Apr 29 21:40:03.394918 np0000171306 devstack@neutron-api.service[104502]: INFO neutron.api.extensions [None req-47d81e0c-bba8-4f49-9136-10098b22c8ca None None] Extension ecmp_routes not supported by any of loaded plugins
Apr 29 21:40:03.394949 np0000171306 devstack@neutron-api.service[104503]: DEBUG neutron_lib.callbacks.manager [None req-23e88923-fa2a-4f47-a1a4-afe95bda31c7 None None] Subscribe: > port after_delete 55550000, False {{(pid=104503) subscribe /opt/stack/data/venv/lib/python3.12/site-packages/neutron_lib/callbacks/manager.py:52}}
Apr 29 21:40:03.395050 np0000171306 devstack@neutron-api.service[104502]: DEBUG neutron.api.extensions [None req-47d81e0c-bba8-4f49-9136-10098b22c8ca None None] Loading extension file: empty_string_filtering.py {{(pid=104502) _load_all_extensions_from_path /opt/stack/neutron/neutron/api/extensions.py:449}}
Apr 29 21:40:03.395115 np0000171306 devstack@neutron-api.service[104503]: DEBUG neutron_lib.callbacks.manager [None req-23e88923-fa2a-4f47-a1a4-afe95bda31c7 None None] Subscribe: > subnet after_create 55550000, False {{(pid=104503) subscribe /opt/stack/data/venv/lib/python3.12/site-packages/neutron_lib/callbacks/manager.py:52}}
Apr 29 21:40:03.395219 np0000171306 devstack@neutron-api.service[104503]: DEBUG neutron_lib.callbacks.manager [None req-23e88923-fa2a-4f47-a1a4-afe95bda31c7 None None] Subscribe: > subnet after_update 55550000, False {{(pid=104503) subscribe /opt/stack/data/venv/lib/python3.12/site-packages/neutron_lib/callbacks/manager.py:52}}
Apr 29 21:40:03.395279 np0000171306 devstack@neutron-api.service[104502]: DEBUG neutron.api.extensions [None req-47d81e0c-bba8-4f49-9136-10098b22c8ca None None] Ext name="Empty String Filtering Extension" alias="empty-string-filtering" description="Allow filtering by attributes with empty string value" updated="2018-05-01T10:00:00-00:00" {{(pid=104502) _check_extension /opt/stack/neutron/neutron/api/extensions.py:415}}
Apr 29 21:40:03.395377 np0000171306 devstack@neutron-api.service[104503]: DEBUG neutron_lib.callbacks.manager [None req-23e88923-fa2a-4f47-a1a4-afe95bda31c7 None None] Subscribe: > subnet after_delete 55550000, False {{(pid=104503) subscribe /opt/stack/data/venv/lib/python3.12/site-packages/neutron_lib/callbacks/manager.py:52}}
Apr 29 21:40:03.395411 np0000171306 devstack@neutron-api.service[104502]: INFO neutron.api.extensions [None req-47d81e0c-bba8-4f49-9136-10098b22c8ca None None] Loaded extension: empty-string-filtering
Apr 29 21:40:03.395504 np0000171306 devstack@neutron-api.service[104503]: DEBUG neutron_lib.callbacks.manager [None req-23e88923-fa2a-4f47-a1a4-afe95bda31c7 None None] Subscribe: > network after_create 55550000, False {{(pid=104503) subscribe /opt/stack/data/venv/lib/python3.12/site-packages/neutron_lib/callbacks/manager.py:52}}
Apr 29 21:40:03.395540 np0000171306 devstack@neutron-api.service[104502]: DEBUG neutron.api.extensions [None req-47d81e0c-bba8-4f49-9136-10098b22c8ca None None] Loading extension file: expose_l3_conntrack_helper.py {{(pid=104502) _load_all_extensions_from_path /opt/stack/neutron/neutron/api/extensions.py:449}}
Apr 29 21:40:03.395661 np0000171306 devstack@neutron-api.service[104503]: DEBUG neutron_lib.callbacks.manager [None req-23e88923-fa2a-4f47-a1a4-afe95bda31c7 None None] Subscribe: > network after_update 55550000, False {{(pid=104503) subscribe /opt/stack/data/venv/lib/python3.12/site-packages/neutron_lib/callbacks/manager.py:52}}
Apr 29 21:40:03.395742 np0000171306 devstack@neutron-api.service[104502]: DEBUG neutron.api.extensions [None req-47d81e0c-bba8-4f49-9136-10098b22c8ca None None] Ext name="Expose CT target rules for conntrack helper" alias="expose-l3-conntrack-helper" description="Expose allow adding CT target rules for conntrack helper" updated="2019-04-04T10:00:00-00:00" {{(pid=104502) _check_extension /opt/stack/neutron/neutron/api/extensions.py:415}}
Apr 29 21:40:03.395800 np0000171306 devstack@neutron-api.service[104503]: DEBUG neutron_lib.callbacks.manager [None req-23e88923-fa2a-4f47-a1a4-afe95bda31c7 None None] Subscribe: > network after_delete 55550000, False {{(pid=104503) subscribe /opt/stack/data/venv/lib/python3.12/site-packages/neutron_lib/callbacks/manager.py:52}}
Apr 29 21:40:03.395909 np0000171306 devstack@neutron-api.service[104502]: INFO neutron.api.extensions [None req-47d81e0c-bba8-4f49-9136-10098b22c8ca None None] Extension expose-l3-conntrack-helper not supported by any of loaded plugins
Apr 29 21:40:03.395938 np0000171306 devstack@neutron-api.service[104503]: DEBUG neutron_lib.callbacks.manager [None req-23e88923-fa2a-4f47-a1a4-afe95bda31c7 None None] Subscribe: > security_group after_create 55550000, False {{(pid=104503) subscribe /opt/stack/data/venv/lib/python3.12/site-packages/neutron_lib/callbacks/manager.py:52}}
Apr 29 21:40:03.396003 np0000171306 devstack@neutron-api.service[104502]: DEBUG neutron.api.extensions [None req-47d81e0c-bba8-4f49-9136-10098b22c8ca None None] Loading extension file: expose_port_forwarding_in_fip.py {{(pid=104502) _load_all_extensions_from_path /opt/stack/neutron/neutron/api/extensions.py:449}}
Apr 29 21:40:03.396074 np0000171306 devstack@neutron-api.service[104503]: DEBUG neutron_lib.callbacks.manager [None req-23e88923-fa2a-4f47-a1a4-afe95bda31c7 None None] Subscribe: > security_group after_update 55550000, False {{(pid=104503) subscribe /opt/stack/data/venv/lib/python3.12/site-packages/neutron_lib/callbacks/manager.py:52}}
Apr 29 21:40:03.396208 np0000171306 devstack@neutron-api.service[104503]: DEBUG neutron_lib.callbacks.manager [None req-23e88923-fa2a-4f47-a1a4-afe95bda31c7 None None] Subscribe: > security_group after_delete 55550000, False {{(pid=104503) subscribe /opt/stack/data/venv/lib/python3.12/site-packages/neutron_lib/callbacks/manager.py:52}}
Apr 29 21:40:03.396239 np0000171306 devstack@neutron-api.service[104502]: DEBUG neutron.api.extensions [None req-47d81e0c-bba8-4f49-9136-10098b22c8ca None None] Ext name="Expose Floating IP port forwardings" alias="expose-port-forwarding-in-fip" description="Expose port forwarding fields in floating IP response" updated="2018-06-28T16:00:00-00:00" {{(pid=104502) _check_extension /opt/stack/neutron/neutron/api/extensions.py:415}}
Apr 29 21:40:03.396454 np0000171306 devstack@neutron-api.service[104503]: DEBUG neutron_lib.callbacks.manager [None req-23e88923-fa2a-4f47-a1a4-afe95bda31c7 None None] Subscribe: > security_group_rule after_create 55550000, False {{(pid=104503) subscribe /opt/stack/data/venv/lib/python3.12/site-packages/neutron_lib/callbacks/manager.py:52}}
Apr 29 21:40:03.396485 np0000171306 devstack@neutron-api.service[104502]: INFO neutron.api.extensions [None req-47d81e0c-bba8-4f49-9136-10098b22c8ca None None] Extension expose-port-forwarding-in-fip not supported by any of loaded plugins
Apr 29 21:40:03.396604 np0000171306 devstack@neutron-api.service[104503]: DEBUG neutron_lib.callbacks.manager [None req-23e88923-fa2a-4f47-a1a4-afe95bda31c7 None None] Subscribe: > security_group_rule after_update 55550000, False {{(pid=104503) subscribe /opt/stack/data/venv/lib/python3.12/site-packages/neutron_lib/callbacks/manager.py:52}}
Apr 29 21:40:03.396637 np0000171306 devstack@neutron-api.service[104502]: DEBUG neutron.api.extensions [None req-47d81e0c-bba8-4f49-9136-10098b22c8ca None None] Loading extension file: external_net.py {{(pid=104502) _load_all_extensions_from_path /opt/stack/neutron/neutron/api/extensions.py:449}}
Apr 29 21:40:03.396723 np0000171306 devstack@neutron-api.service[104503]: DEBUG neutron_lib.callbacks.manager [None req-23e88923-fa2a-4f47-a1a4-afe95bda31c7 None None] Subscribe: > security_group_rule after_delete 55550000, False {{(pid=104503) subscribe /opt/stack/data/venv/lib/python3.12/site-packages/neutron_lib/callbacks/manager.py:52}}
Apr 29 21:40:03.396831 np0000171306 devstack@neutron-api.service[104502]: DEBUG neutron.api.extensions [None req-47d81e0c-bba8-4f49-9136-10098b22c8ca None None] Ext name="Neutron external network" alias="external-net" description="Adds external network attribute to network resource." updated="2013-01-14T10:00:00-00:00" {{(pid=104502) _check_extension /opt/stack/neutron/neutron/api/extensions.py:415}}
Apr 29 21:40:03.396868 np0000171306 devstack@neutron-api.service[104503]: DEBUG neutron_lib.callbacks.manager [None req-23e88923-fa2a-4f47-a1a4-afe95bda31c7 None None] Subscribe: > address_group after_create 55550000, False {{(pid=104503) subscribe /opt/stack/data/venv/lib/python3.12/site-packages/neutron_lib/callbacks/manager.py:52}}
Apr 29 21:40:03.396955 np0000171306 devstack@neutron-api.service[104502]: INFO neutron.api.extensions [None req-47d81e0c-bba8-4f49-9136-10098b22c8ca None None] Loaded extension: external-net
Apr 29 21:40:03.397017 np0000171306 devstack@neutron-api.service[104503]: DEBUG neutron_lib.callbacks.manager [None req-23e88923-fa2a-4f47-a1a4-afe95bda31c7 None None] Subscribe: > address_group after_update 55550000, False {{(pid=104503) subscribe /opt/stack/data/venv/lib/python3.12/site-packages/neutron_lib/callbacks/manager.py:52}}
Apr 29 21:40:03.397056 np0000171306 devstack@neutron-api.service[104502]: DEBUG neutron.api.extensions [None req-47d81e0c-bba8-4f49-9136-10098b22c8ca None None] Loading extension file: extra_dhcp_opt.py {{(pid=104502) _load_all_extensions_from_path /opt/stack/neutron/neutron/api/extensions.py:449}}
Apr 29 21:40:03.397195 np0000171306 devstack@neutron-api.service[104503]: DEBUG neutron_lib.callbacks.manager [None req-23e88923-fa2a-4f47-a1a4-afe95bda31c7 None None] Subscribe: > address_group after_delete 55550000, False {{(pid=104503) subscribe /opt/stack/data/venv/lib/python3.12/site-packages/neutron_lib/callbacks/manager.py:52}}
Apr 29 21:40:03.397236 np0000171306 devstack@neutron-api.service[104503]: DEBUG neutron.plugins.ml2.ovo_rpc [None req-23e88923-fa2a-4f47-a1a4-afe95bda31c7 None None] ML2 OVO RPC backend initialized. {{(pid=104503) __init__ /opt/stack/neutron/neutron/plugins/ml2/ovo_rpc.py:117}}
Apr 29 21:40:03.397304 np0000171306 devstack@neutron-api.service[104502]: DEBUG neutron.api.extensions [None req-47d81e0c-bba8-4f49-9136-10098b22c8ca None None] Ext name="Neutron Extra DHCP options" alias="extra_dhcp_opt" description="Extra options configuration for DHCP. For example PXE boot options to DHCP clients can be specified (e.g. tftp-server, server-ip-address, bootfile-name)" updated="2013-03-17T12:00:00-00:00" {{(pid=104502) _check_extension /opt/stack/neutron/neutron/api/extensions.py:415}}
Apr 29 21:40:03.397449 np0000171306 devstack@neutron-api.service[104502]: INFO neutron.api.extensions [None req-47d81e0c-bba8-4f49-9136-10098b22c8ca None None] Loaded extension: extra_dhcp_opt
Apr 29 21:40:03.397594 np0000171306 devstack@neutron-api.service[104502]: DEBUG neutron.api.extensions [None req-47d81e0c-bba8-4f49-9136-10098b22c8ca None None] Loading extension file: extraroute.py {{(pid=104502) _load_all_extensions_from_path /opt/stack/neutron/neutron/api/extensions.py:449}}
Apr 29 21:40:03.397814 np0000171306 devstack@neutron-api.service[104502]: DEBUG neutron.api.extensions [None req-47d81e0c-bba8-4f49-9136-10098b22c8ca None None] Ext name="Neutron Extra Route" alias="extraroute" description="Extra routes configuration for L3 router" updated="2013-02-01T10:00:00-00:00" {{(pid=104502) _check_extension /opt/stack/neutron/neutron/api/extensions.py:415}}
Apr 29 21:40:03.397956 np0000171306 devstack@neutron-api.service[104502]: INFO neutron.api.extensions [None req-47d81e0c-bba8-4f49-9136-10098b22c8ca None None] Loaded extension: extraroute
Apr 29 21:40:03.398063 np0000171306 devstack@neutron-api.service[104502]: DEBUG neutron.api.extensions [None req-47d81e0c-bba8-4f49-9136-10098b22c8ca None None] Loading extension file: extraroute_atomic.py {{(pid=104502) _load_all_extensions_from_path /opt/stack/neutron/neutron/api/extensions.py:449}}
Apr 29 21:40:03.398257 np0000171306 devstack@neutron-api.service[104503]: INFO neutron.quota [None req-23e88923-fa2a-4f47-a1a4-afe95bda31c7 None None] Loaded quota_driver: .
Apr 29 21:40:03.398413 np0000171306 devstack@neutron-api.service[104502]: DEBUG neutron.api.extensions [None req-47d81e0c-bba8-4f49-9136-10098b22c8ca None None] Ext name="Atomically add/remove extra routes" alias="extraroute-atomic" description="Edit extra routes of a router on server side by atomically adding/removing extra routes" updated="2019-07-10T00:00:00+00:00" {{(pid=104502) _check_extension /opt/stack/neutron/neutron/api/extensions.py:415}}
Apr 29 21:40:03.398473 np0000171306 devstack@neutron-api.service[104503]: INFO neutron.plugins.ml2.plugin [None req-23e88923-fa2a-4f47-a1a4-afe95bda31c7 None None] Modular L2 Plugin initialization complete
Apr 29 21:40:03.398502 np0000171306 devstack@neutron-api.service[104502]: INFO neutron.api.extensions [None req-47d81e0c-bba8-4f49-9136-10098b22c8ca None None] Loaded extension: extraroute-atomic
Apr 29 21:40:03.398530 np0000171306 devstack@neutron-api.service[104503]: DEBUG neutron.manager [None req-23e88923-fa2a-4f47-a1a4-afe95bda31c7 None None] Loading services supported by the core plugin {{(pid=104503) _load_services_from_core_plugin /opt/stack/neutron/neutron/manager.py:170}}
Apr 29 21:40:03.398648 np0000171306 devstack@neutron-api.service[104502]: DEBUG neutron.api.extensions [None req-47d81e0c-bba8-4f49-9136-10098b22c8ca None None] Loading extension file: filter_validation.py {{(pid=104502) _load_all_extensions_from_path /opt/stack/neutron/neutron/api/extensions.py:449}}
Apr 29 21:40:03.398743 np0000171306 devstack@neutron-api.service[104503]: INFO neutron.plugins.ml2.managers [None req-23e88923-fa2a-4f47-a1a4-afe95bda31c7 None None] Got port-security extension from driver 'port_security'
Apr 29 21:40:03.398802 np0000171306 devstack@neutron-api.service[104502]: DEBUG neutron.api.extensions [None req-47d81e0c-bba8-4f49-9136-10098b22c8ca None None] Ext name="Filter parameters validation" alias="filter-validation" description="Provides validation on filter parameters." updated="2018-07-04T10:00:00-00:00" {{(pid=104502) _check_extension /opt/stack/neutron/neutron/api/extensions.py:415}}
Apr 29 21:40:03.398927 np0000171306 devstack@neutron-api.service[104503]: DEBUG neutron.manager [None req-23e88923-fa2a-4f47-a1a4-afe95bda31c7 None None] Loading service plugins: ['ovn-router', 'auto_allocate', 'tag', 'timestamp', 'network_ip_availability', 'flavors', 'revisions'] {{(pid=104503) _load_service_plugins /opt/stack/neutron/neutron/manager.py:195}}
Apr 29 21:40:03.398963 np0000171306 devstack@neutron-api.service[104502]: INFO neutron.api.extensions [None req-47d81e0c-bba8-4f49-9136-10098b22c8ca None None] Loaded extension: filter-validation
Apr 29 21:40:03.399026 np0000171306 devstack@neutron-api.service[104503]: INFO neutron.manager [None req-23e88923-fa2a-4f47-a1a4-afe95bda31c7 None None] Loading Plugin: ovn-router
Apr 29 21:40:03.399056 np0000171306 devstack@neutron-api.service[104502]: DEBUG neutron.api.extensions [None req-47d81e0c-bba8-4f49-9136-10098b22c8ca None None] Loading extension file: fip_pf_description.py {{(pid=104502) _load_all_extensions_from_path /opt/stack/neutron/neutron/api/extensions.py:449}}
Apr 29 21:40:03.399290 np0000171306 devstack@neutron-api.service[104502]: DEBUG neutron.api.extensions [None req-47d81e0c-bba8-4f49-9136-10098b22c8ca None None] Ext name="Floating IP Port Forwarding new attribute description" alias="floating-ip-port-forwarding-description" description="Add a description field to Port Forwarding rules" updated="2019-11-01T10:00:00-00:00" {{(pid=104502) _check_extension /opt/stack/neutron/neutron/api/extensions.py:415}}
Apr 29 21:40:03.399441 np0000171306 devstack@neutron-api.service[104502]: INFO neutron.api.extensions [None req-47d81e0c-bba8-4f49-9136-10098b22c8ca None None] Extension floating-ip-port-forwarding-description not supported by any of loaded plugins
Apr 29 21:40:03.399540 np0000171306 devstack@neutron-api.service[104502]: DEBUG neutron.api.extensions [None req-47d81e0c-bba8-4f49-9136-10098b22c8ca None None] Loading extension file: fip_pf_detail.py {{(pid=104502) _load_all_extensions_from_path /opt/stack/neutron/neutron/api/extensions.py:449}}
Apr 29 21:40:03.399778 np0000171306 devstack@neutron-api.service[104502]: DEBUG neutron.api.extensions [None req-47d81e0c-bba8-4f49-9136-10098b22c8ca None None] Ext name="Floating IP port forwarding detail" alias="floating-ip-port-forwarding-detail" description="Allow list floating ip return more port forwarding data, include'id' and 'internal_port_id'" updated="2022-05-06T10:00:00-00:00" {{(pid=104502) _check_extension /opt/stack/neutron/neutron/api/extensions.py:415}}
Apr 29 21:40:03.399950 np0000171306 devstack@neutron-api.service[104502]: INFO neutron.api.extensions [None req-47d81e0c-bba8-4f49-9136-10098b22c8ca None None] Loaded extension: floating-ip-port-forwarding-detail
Apr 29 21:40:03.400053 np0000171306 devstack@neutron-api.service[104502]: DEBUG neutron.api.extensions [None req-47d81e0c-bba8-4f49-9136-10098b22c8ca None None] Loading extension file: fip_pf_port_range.py {{(pid=104502) _load_all_extensions_from_path /opt/stack/neutron/neutron/api/extensions.py:449}}
Apr 29 21:40:03.400645 np0000171306 devstack@neutron-api.service[104502]: DEBUG neutron.api.extensions [None req-47d81e0c-bba8-4f49-9136-10098b22c8ca None None] Ext name="Floating IP Port Forwarding support port ranges" alias="floating-ip-port-forwarding-port-ranges" description="Add support to port ranges" updated="2020-07-01T10:00:00-00:00" {{(pid=104502) _check_extension /opt/stack/neutron/neutron/api/extensions.py:415}}
Apr 29 21:40:03.400645 np0000171306 devstack@neutron-api.service[104502]: INFO neutron.api.extensions [None req-47d81e0c-bba8-4f49-9136-10098b22c8ca None None] Extension floating-ip-port-forwarding-port-ranges not supported by any of loaded plugins
Apr 29 21:40:03.400645 np0000171306 devstack@neutron-api.service[104502]: DEBUG neutron.api.extensions [None req-47d81e0c-bba8-4f49-9136-10098b22c8ca None None] Loading extension file: fip_port_details.py {{(pid=104502) _load_all_extensions_from_path /opt/stack/neutron/neutron/api/extensions.py:449}}
Apr 29 21:40:03.400731 np0000171306 devstack@neutron-api.service[104500]: DEBUG neutron_lib.callbacks.manager [None req-36243d0a-1b9d-4b88-a92d-3b00212db272 None None] Subscribe: > router before_delete 55550000, False {{(pid=104500) subscribe /opt/stack/data/venv/lib/python3.12/site-packages/neutron_lib/callbacks/manager.py:52}}
Apr 29 21:40:03.400858 np0000171306 devstack@neutron-api.service[104500]: DEBUG neutron_lib.callbacks.manager [None req-36243d0a-1b9d-4b88-a92d-3b00212db272 None None] Subscribe: port after_update 55550000, False {{(pid=104500) subscribe /opt/stack/data/venv/lib/python3.12/site-packages/neutron_lib/callbacks/manager.py:52}}
Apr 29 21:40:03.401027 np0000171306 devstack@neutron-api.service[104502]: DEBUG neutron.api.extensions [None req-47d81e0c-bba8-4f49-9136-10098b22c8ca None None] Ext name="Floating IP Port Details Extension" alias="fip-port-details" description="Add port_details attribute to Floating IP resource" updated="2018-04-09T10:00:00-00:00" {{(pid=104502) _check_extension /opt/stack/neutron/neutron/api/extensions.py:415}}
Apr 29 21:40:03.401175 np0000171306 devstack@neutron-api.service[104500]: DEBUG neutron_lib.callbacks.manager [None req-36243d0a-1b9d-4b88-a92d-3b00212db272 None None] Subscribe: port after_delete 55550000, False {{(pid=104500) subscribe /opt/stack/data/venv/lib/python3.12/site-packages/neutron_lib/callbacks/manager.py:52}}
Apr 29 21:40:03.401329 np0000171306 devstack@neutron-api.service[104502]: INFO neutron.api.extensions [None req-47d81e0c-bba8-4f49-9136-10098b22c8ca None None] Loaded extension: fip-port-details
Apr 29 21:40:03.401416 np0000171306 devstack@neutron-api.service[104500]: DEBUG neutron_lib.callbacks.manager [None req-36243d0a-1b9d-4b88-a92d-3b00212db272 None None] Subscribe: subnet after_update 55550000, False {{(pid=104500) subscribe /opt/stack/data/venv/lib/python3.12/site-packages/neutron_lib/callbacks/manager.py:52}}
Apr 29 21:40:03.401447 np0000171306 devstack@neutron-api.service[104502]: DEBUG neutron.api.extensions [None req-47d81e0c-bba8-4f49-9136-10098b22c8ca None None] Loading extension file: flavors.py {{(pid=104502) _load_all_extensions_from_path /opt/stack/neutron/neutron/api/extensions.py:449}}
Apr 29 21:40:03.401543 np0000171306 devstack@neutron-api.service[104500]: DEBUG neutron_lib.callbacks.manager [None req-36243d0a-1b9d-4b88-a92d-3b00212db272 None None] Subscribe: subnetpool_address_scope after_update 55550000, False {{(pid=104500) subscribe /opt/stack/data/venv/lib/python3.12/site-packages/neutron_lib/callbacks/manager.py:52}}
Apr 29 21:40:03.401543 np0000171306 devstack@neutron-api.service[104500]: DEBUG neutron_lib.callbacks.manager [None req-36243d0a-1b9d-4b88-a92d-3b00212db272 None None] Subscribe: port before_update 55550000, False {{(pid=104500) subscribe /opt/stack/data/venv/lib/python3.12/site-packages/neutron_lib/callbacks/manager.py:52}}
Apr 29 21:40:03.401543 np0000171306 devstack@neutron-api.service[104500]: DEBUG neutron_lib.callbacks.manager [None req-36243d0a-1b9d-4b88-a92d-3b00212db272 None None] Subscribe: port after_update 55550000, False {{(pid=104500) subscribe /opt/stack/data/venv/lib/python3.12/site-packages/neutron_lib/callbacks/manager.py:52}}
Apr 29 21:40:03.401543 np0000171306 devstack@neutron-api.service[104500]: DEBUG neutron_lib.callbacks.manager [None req-36243d0a-1b9d-4b88-a92d-3b00212db272 None None] Subscribe: > port precommit_delete 55550000, False {{(pid=104500) subscribe /opt/stack/data/venv/lib/python3.12/site-packages/neutron_lib/callbacks/manager.py:52}}
Apr 29 21:40:03.401782 np0000171306 devstack@neutron-api.service[104502]: DEBUG neutron.api.extensions [None req-47d81e0c-bba8-4f49-9136-10098b22c8ca None None] Ext name="Neutron Service Flavors" alias="flavors" description="Flavor specification for Neutron advanced services." updated="2015-09-17T10:00:00-00:00" {{(pid=104502) _check_extension /opt/stack/neutron/neutron/api/extensions.py:415}}
Apr 29 21:40:03.401876 np0000171306 devstack@neutron-api.service[104500]: DEBUG neutron_lib.callbacks.manager [None req-36243d0a-1b9d-4b88-a92d-3b00212db272 None None] Subscribe: port before_update 55550000, False {{(pid=104500) subscribe /opt/stack/data/venv/lib/python3.12/site-packages/neutron_lib/callbacks/manager.py:52}}
Apr 29 21:40:03.401876 np0000171306 devstack@neutron-api.service[104500]: DEBUG neutron_lib.callbacks.manager [None req-36243d0a-1b9d-4b88-a92d-3b00212db272 None None] Subscribe: port before_delete 55550000, False {{(pid=104500) subscribe /opt/stack/data/venv/lib/python3.12/site-packages/neutron_lib/callbacks/manager.py:52}}
Apr 29 21:40:03.402073 np0000171306 devstack@neutron-api.service[104502]: INFO neutron.api.extensions [None req-47d81e0c-bba8-4f49-9136-10098b22c8ca None None] Loaded extension: flavors
Apr 29 21:40:03.402139 np0000171306 devstack@neutron-api.service[104500]: DEBUG neutron_lib.callbacks.manager [None req-36243d0a-1b9d-4b88-a92d-3b00212db272 None None] Subscribe: > router precommit_create 55550000, False {{(pid=104500) subscribe /opt/stack/data/venv/lib/python3.12/site-packages/neutron_lib/callbacks/manager.py:52}}
Apr 29 21:40:03.402262 np0000171306 devstack@neutron-api.service[104502]: DEBUG neutron.api.extensions [None req-47d81e0c-bba8-4f49-9136-10098b22c8ca None None] Loading extension file: floating_ip_port_forwarding.py {{(pid=104502) _load_all_extensions_from_path /opt/stack/neutron/neutron/api/extensions.py:449}}
Apr 29 21:40:03.402323 np0000171306 devstack@neutron-api.service[104500]: DEBUG neutron_lib.callbacks.manager [None req-36243d0a-1b9d-4b88-a92d-3b00212db272 None None] Subscribe: > router precommit_create 55550000, False {{(pid=104500) subscribe /opt/stack/data/venv/lib/python3.12/site-packages/neutron_lib/callbacks/manager.py:52}}
Apr 29 21:40:03.402323 np0000171306 devstack@neutron-api.service[104500]: DEBUG neutron_lib.callbacks.manager [None req-36243d0a-1b9d-4b88-a92d-3b00212db272 None None] Subscribe: > router precommit_update 55550000, False {{(pid=104500) subscribe /opt/stack/data/venv/lib/python3.12/site-packages/neutron_lib/callbacks/manager.py:52}}
Apr 29 21:40:03.402323 np0000171306 devstack@neutron-api.service[104500]: DEBUG neutron_lib.callbacks.manager [None req-36243d0a-1b9d-4b88-a92d-3b00212db272 None None] Subscribe: subnet after_update 55550000, False {{(pid=104500) subscribe /opt/stack/data/venv/lib/python3.12/site-packages/neutron_lib/callbacks/manager.py:52}}
Apr 29 21:40:03.402504 np0000171306 devstack@neutron-api.service[104502]: DEBUG neutron.api.extensions [None req-47d81e0c-bba8-4f49-9136-10098b22c8ca None None] Ext name="Floating IP Port Forwarding" alias="floating-ip-port-forwarding" description="Allow port forwarding from floating IP port to an internal port" updated="2018-01-19T10:00:00-00:00" {{(pid=104502) _check_extension /opt/stack/neutron/neutron/api/extensions.py:415}}
Apr 29 21:40:03.402504 np0000171306 devstack@neutron-api.service[104502]: INFO neutron.api.extensions [None req-47d81e0c-bba8-4f49-9136-10098b22c8ca None None] Extension floating-ip-port-forwarding not supported by any of loaded plugins
Apr 29 21:40:03.402504 np0000171306 devstack@neutron-api.service[104502]: DEBUG neutron.api.extensions [None req-47d81e0c-bba8-4f49-9136-10098b22c8ca None None] Loading extension file: floatingip_pools.py {{(pid=104502) _load_all_extensions_from_path /opt/stack/neutron/neutron/api/extensions.py:449}}
Apr 29 21:40:03.402691 np0000171306 devstack@neutron-api.service[104502]: DEBUG neutron.api.extensions [None req-47d81e0c-bba8-4f49-9136-10098b22c8ca None None] Ext name="Floating IP Pools Extension" alias="floatingip-pools" description="Provides a floating IP pools API." updated="2018-03-21T10:00:00-00:00" {{(pid=104502) _check_extension /opt/stack/neutron/neutron/api/extensions.py:415}}
Apr 29 21:40:03.402722 np0000171306 devstack@neutron-api.service[104500]: DEBUG neutron.quota.resource_registry [None req-36243d0a-1b9d-4b88-a92d-3b00212db272 None None] Tracking information for resource: router configured {{(pid=104500) set_tracked_resource /opt/stack/neutron/neutron/quota/resource_registry.py:203}}
Apr 29 21:40:03.402814 np0000171306 devstack@neutron-api.service[104500]: DEBUG neutron.quota.resource_registry [None req-36243d0a-1b9d-4b88-a92d-3b00212db272 None None] Tracking information for resource: floatingip configured {{(pid=104500) set_tracked_resource /opt/stack/neutron/neutron/quota/resource_registry.py:203}}
Apr 29 21:40:03.402844 np0000171306 devstack@neutron-api.service[104502]: INFO neutron.api.extensions [None req-47d81e0c-bba8-4f49-9136-10098b22c8ca None None] Loaded extension: floatingip-pools
Apr 29 21:40:03.402902 np0000171306 devstack@neutron-api.service[104500]: INFO neutron.services.ovn_l3.plugin [None req-36243d0a-1b9d-4b88-a92d-3b00212db272 None None] Starting OVNL3RouterPlugin
Apr 29 21:40:03.402933 np0000171306 devstack@neutron-api.service[104502]: DEBUG neutron.api.extensions [None req-47d81e0c-bba8-4f49-9136-10098b22c8ca None None] Loading extension file: ip_allocation.py {{(pid=104502) _load_all_extensions_from_path /opt/stack/neutron/neutron/api/extensions.py:449}}
Apr 29 21:40:03.403102 np0000171306 devstack@neutron-api.service[104500]: DEBUG neutron_lib.callbacks.manager [None req-36243d0a-1b9d-4b88-a92d-3b00212db272 None None] Subscribe: > port_forwarding_plugin after_init 55550000, False {{(pid=104500) subscribe /opt/stack/data/venv/lib/python3.12/site-packages/neutron_lib/callbacks/manager.py:52}}
Apr 29 21:40:03.403138 np0000171306 devstack@neutron-api.service[104502]: DEBUG neutron.api.extensions [None req-47d81e0c-bba8-4f49-9136-10098b22c8ca None None] Ext name="IP Allocation" alias="ip_allocation" description="IP allocation extension." updated="2016-06-10T23:00:00-00:00" {{(pid=104502) _check_extension /opt/stack/neutron/neutron/api/extensions.py:415}}
Apr 29 21:40:03.403350 np0000171306 devstack@neutron-api.service[104500]: DEBUG neutron_lib.callbacks.manager [None req-36243d0a-1b9d-4b88-a92d-3b00212db272 None None] Subscribe: > router before_create 55550100, False {{(pid=104500) subscribe /opt/stack/data/venv/lib/python3.12/site-packages/neutron_lib/callbacks/manager.py:52}}
Apr 29 21:40:03.403382 np0000171306 devstack@neutron-api.service[104502]: INFO neutron.api.extensions [None req-47d81e0c-bba8-4f49-9136-10098b22c8ca None None] Extension ip_allocation not supported by any of loaded plugins
Apr 29 21:40:03.403382 np0000171306 devstack@neutron-api.service[104502]: DEBUG neutron.api.extensions [None req-47d81e0c-bba8-4f49-9136-10098b22c8ca None None] Loading extension file: ip_substring_port_filtering.py {{(pid=104502) _load_all_extensions_from_path /opt/stack/neutron/neutron/api/extensions.py:449}}
Apr 29 21:40:03.403437 np0000171306 devstack@neutron-api.service[104500]: DEBUG neutron_lib.callbacks.manager [None req-36243d0a-1b9d-4b88-a92d-3b00212db272 None None] Subscribe: > router precommit_delete 55550100, False {{(pid=104500) subscribe /opt/stack/data/venv/lib/python3.12/site-packages/neutron_lib/callbacks/manager.py:52}}
Apr 29 21:40:03.403678 np0000171306 devstack@neutron-api.service[104500]: DEBUG neutron_lib.callbacks.manager [None req-36243d0a-1b9d-4b88-a92d-3b00212db272 None None] Subscribe: > router precommit_create 55550100, False {{(pid=104500) subscribe /opt/stack/data/venv/lib/python3.12/site-packages/neutron_lib/callbacks/manager.py:52}}
Apr 29 21:40:03.403678 np0000171306 devstack@neutron-api.service[104500]: DEBUG neutron_lib.callbacks.manager [None req-36243d0a-1b9d-4b88-a92d-3b00212db272 None None] Subscribe: > router precommit_update 55550100, False {{(pid=104500) subscribe /opt/stack/data/venv/lib/python3.12/site-packages/neutron_lib/callbacks/manager.py:52}}
Apr 29 21:40:03.403970 np0000171306 devstack@neutron-api.service[104502]: DEBUG neutron.api.extensions [None req-47d81e0c-bba8-4f49-9136-10098b22c8ca None None] Ext name="IP address substring filtering" alias="ip-substring-filtering" description="Provides IP address substring filtering when listing ports" updated="2017-11-28T09:00:00-00:00" {{(pid=104502) _check_extension /opt/stack/neutron/neutron/api/extensions.py:415}}
Apr 29 21:40:03.403970 np0000171306 devstack@neutron-api.service[104502]: INFO neutron.api.extensions [None req-47d81e0c-bba8-4f49-9136-10098b22c8ca None None] Extension ip-substring-filtering not supported by any of loaded plugins
Apr 29 21:40:03.403970 np0000171306 devstack@neutron-api.service[104502]: DEBUG neutron.api.extensions [None req-47d81e0c-bba8-4f49-9136-10098b22c8ca None None] Loading extension file: l2_adjacency.py {{(pid=104502) _load_all_extensions_from_path /opt/stack/neutron/neutron/api/extensions.py:449}}
Apr 29 21:40:03.404224 np0000171306 devstack@neutron-api.service[104502]: DEBUG neutron.api.extensions [None req-47d81e0c-bba8-4f49-9136-10098b22c8ca None None] Ext name="L2 Adjacency" alias="l2_adjacency" description="Display L2 Adjacency for Neutron Networks." updated="2016-04-12T16:00:00-00:00" {{(pid=104502) _check_extension /opt/stack/neutron/neutron/api/extensions.py:415}}
Apr 29 21:40:03.404380 np0000171306 devstack@neutron-api.service[104502]: INFO neutron.api.extensions [None req-47d81e0c-bba8-4f49-9136-10098b22c8ca None None] Extension l2_adjacency not supported by any of loaded plugins
Apr 29 21:40:03.404380 np0000171306 devstack@neutron-api.service[104502]: DEBUG neutron.api.extensions [None req-47d81e0c-bba8-4f49-9136-10098b22c8ca None None] Loading extension file: l3.py {{(pid=104502) _load_all_extensions_from_path /opt/stack/neutron/neutron/api/extensions.py:449}}
Apr 29 21:40:03.404846 np0000171306 devstack@neutron-api.service[104502]: DEBUG neutron.api.extensions [None req-47d81e0c-bba8-4f49-9136-10098b22c8ca None None] Ext name="Neutron L3 Router" alias="router" description="Router abstraction for basic L3 forwarding between L2 Neutron networks and access to external networks via a NAT gateway." updated="2012-07-20T10:00:00-00:00" {{(pid=104502) _check_extension /opt/stack/neutron/neutron/api/extensions.py:415}}
Apr 29 21:40:03.405141 np0000171306 devstack@neutron-api.service[104502]: INFO neutron.api.extensions [None req-47d81e0c-bba8-4f49-9136-10098b22c8ca None None] Loaded extension: router
Apr 29 21:40:03.405141 np0000171306 devstack@neutron-api.service[104502]: DEBUG neutron.api.extensions [None req-47d81e0c-bba8-4f49-9136-10098b22c8ca None None] Loading extension file: l3_conntrack_helper.py {{(pid=104502) _load_all_extensions_from_path /opt/stack/neutron/neutron/api/extensions.py:449}}
Apr 29 21:40:03.405796 np0000171306 devstack@neutron-api.service[104502]: DEBUG neutron.api.extensions [None req-47d81e0c-bba8-4f49-9136-10098b22c8ca None None] Ext name="L3 Conntrack helper" alias="l3-conntrack-helper" description="Allow adding CT target rules for conntrack helper" updated="2019-04-04T10:00:00-00:00" {{(pid=104502) _check_extension /opt/stack/neutron/neutron/api/extensions.py:415}}
Apr 29 21:40:03.405940 np0000171306 devstack@neutron-api.service[104502]: INFO neutron.api.extensions [None req-47d81e0c-bba8-4f49-9136-10098b22c8ca None None] Extension l3-conntrack-helper not supported by any of loaded plugins
Apr 29 21:40:03.406033 np0000171306 devstack@neutron-api.service[104502]: DEBUG neutron.api.extensions [None req-47d81e0c-bba8-4f49-9136-10098b22c8ca None None] Loading extension file: l3_enable_default_route_bfd.py {{(pid=104502) _load_all_extensions_from_path /opt/stack/neutron/neutron/api/extensions.py:449}}
Apr 29 21:40:03.406307 np0000171306 devstack@neutron-api.service[104502]: DEBUG neutron.api.extensions [None req-47d81e0c-bba8-4f49-9136-10098b22c8ca None None] Ext name="Enable Default Route BFD" alias="enable-default-route-bfd" description="Enables configurable BFD behavior for default routes" updated="2023-02-27T00:00:00-00:00" {{(pid=104502) _check_extension /opt/stack/neutron/neutron/api/extensions.py:415}}
Apr 29 21:40:03.406462 np0000171306 devstack@neutron-api.service[104502]: INFO neutron.api.extensions [None req-47d81e0c-bba8-4f49-9136-10098b22c8ca None None] Loaded extension: enable-default-route-bfd
Apr 29 21:40:03.406575 np0000171306 devstack@neutron-api.service[104502]: DEBUG neutron.api.extensions [None req-47d81e0c-bba8-4f49-9136-10098b22c8ca None None] Loading extension file: l3_enable_default_route_ecmp.py {{(pid=104502) _load_all_extensions_from_path /opt/stack/neutron/neutron/api/extensions.py:449}}
Apr 29 21:40:03.406811 np0000171306 devstack@neutron-api.service[104502]: DEBUG neutron.api.extensions [None req-47d81e0c-bba8-4f49-9136-10098b22c8ca None None] Ext name="Enable Default Route ECMP" alias="enable-default-route-ecmp" description="Enables configurable ECMP behavior for default routes" updated="2023-02-27T00:00:00-00:00" {{(pid=104502) _check_extension /opt/stack/neutron/neutron/api/extensions.py:415}}
Apr 29 21:40:03.406969 np0000171306 devstack@neutron-api.service[104502]: INFO neutron.api.extensions [None req-47d81e0c-bba8-4f49-9136-10098b22c8ca None None] Loaded extension: enable-default-route-ecmp
Apr 29 21:40:03.407026 np0000171306 devstack@neutron-api.service[104500]: DEBUG neutron.services.provider_configuration [None req-36243d0a-1b9d-4b88-a92d-3b00212db272 None None] Service providers = [] {{(pid=104500) parse_service_provider_opt /opt/stack/neutron/neutron/services/provider_configuration.py:170}}
Apr 29 21:40:03.407058 np0000171306 devstack@neutron-api.service[104502]: DEBUG neutron.api.extensions [None req-47d81e0c-bba8-4f49-9136-10098b22c8ca None None] Loading extension file: l3_ext_gw_mode.py {{(pid=104502) _load_all_extensions_from_path /opt/stack/neutron/neutron/api/extensions.py:449}}
Apr 29 21:40:03.407266 np0000171306 devstack@neutron-api.service[104502]: DEBUG neutron.api.extensions [None req-47d81e0c-bba8-4f49-9136-10098b22c8ca None None] Ext name="Neutron L3 Configurable external gateway mode" alias="ext-gw-mode" description="Extension of the router abstraction for specifying whether SNAT should occur on the external gateway" updated="2013-03-28T10:00:00-00:00" {{(pid=104502) _check_extension /opt/stack/neutron/neutron/api/extensions.py:415}}
Apr 29 21:40:03.407424 np0000171306 devstack@neutron-api.service[104502]: INFO neutron.api.extensions [None req-47d81e0c-bba8-4f49-9136-10098b22c8ca None None] Loaded extension: ext-gw-mode
Apr 29 21:40:03.407543 np0000171306 devstack@neutron-api.service[104502]: DEBUG neutron.api.extensions [None req-47d81e0c-bba8-4f49-9136-10098b22c8ca None None] Loading extension file: l3_ext_ha_mode.py {{(pid=104502) _load_all_extensions_from_path /opt/stack/neutron/neutron/api/extensions.py:449}}
Apr 29 21:40:03.407668 np0000171306 devstack@neutron-api.service[104500]: DEBUG neutron.db.servicetype_db [None req-36243d0a-1b9d-4b88-a92d-3b00212db272 None None] Adding provider configuration for service L3_ROUTER_NAT {{(pid=104500) add_provider_configuration /opt/stack/neutron/neutron/db/servicetype_db.py:42}}
Apr 29 21:40:03.407786 np0000171306 devstack@neutron-api.service[104502]: DEBUG neutron.api.extensions [None req-47d81e0c-bba8-4f49-9136-10098b22c8ca None None] Ext name="HA Router extension" alias="l3-ha" description="Adds HA capability to routers." updated="2014-04-26T00:00:00-00:00" {{(pid=104502) _check_extension /opt/stack/neutron/neutron/api/extensions.py:415}}
Apr 29 21:40:03.407920 np0000171306 devstack@neutron-api.service[104502]: INFO neutron.api.extensions [None req-47d81e0c-bba8-4f49-9136-10098b22c8ca None None] Loaded extension: l3-ha
Apr 29 21:40:03.408020 np0000171306 devstack@neutron-api.service[104502]: DEBUG neutron.api.extensions [None req-47d81e0c-bba8-4f49-9136-10098b22c8ca None None] Loading extension file: l3_ext_ndp_proxy.py {{(pid=104502) _load_all_extensions_from_path /opt/stack/neutron/neutron/api/extensions.py:449}}
Apr 29 21:40:03.408340 np0000171306 devstack@neutron-api.service[104502]: DEBUG neutron.api.extensions [None req-47d81e0c-bba8-4f49-9136-10098b22c8ca None None] Ext name="Router support to enable NDP proxy" alias="l3-ext-ndp-proxy" description="Router extension to enable ndp proxy" updated="2020-08-25T00:00:00-00:00" {{(pid=104502) _check_extension /opt/stack/neutron/neutron/api/extensions.py:415}}
Apr 29 21:40:03.408480 np0000171306 devstack@neutron-api.service[104502]: INFO neutron.api.extensions [None req-47d81e0c-bba8-4f49-9136-10098b22c8ca None None] Extension l3-ext-ndp-proxy not supported by any of loaded plugins
Apr 29 21:40:03.408480 np0000171306 devstack@neutron-api.service[104502]: DEBUG neutron.api.extensions [None req-47d81e0c-bba8-4f49-9136-10098b22c8ca None None] Loading extension file: l3_extra_gws.py {{(pid=104502) _load_all_extensions_from_path /opt/stack/neutron/neutron/api/extensions.py:449}}
Apr 29 21:40:03.408750 np0000171306 devstack@neutron-api.service[104502]: DEBUG neutron.api.extensions [None req-47d81e0c-bba8-4f49-9136-10098b22c8ca None None] Ext name="Neutron L3 External Gateway Multihoming" alias="external-gateway-multihoming" description="Allow multiple external gateway ports per router" updated="2023-01-18T00:00:00-00:00" {{(pid=104502) _check_extension /opt/stack/neutron/neutron/api/extensions.py:415}}
Apr 29 21:40:03.408781 np0000171306 devstack@neutron-api.service[104503]: DEBUG neutron_lib.callbacks.manager [None req-23e88923-fa2a-4f47-a1a4-afe95bda31c7 None None] Subscribe: > router before_delete 55550000, False {{(pid=104503) subscribe /opt/stack/data/venv/lib/python3.12/site-packages/neutron_lib/callbacks/manager.py:52}}
Apr 29 21:40:03.408935 np0000171306 devstack@neutron-api.service[104502]: INFO neutron.api.extensions [None req-47d81e0c-bba8-4f49-9136-10098b22c8ca None None] Loaded extension: external-gateway-multihoming
Apr 29 21:40:03.408967 np0000171306 devstack@neutron-api.service[104503]: DEBUG neutron_lib.callbacks.manager [None req-23e88923-fa2a-4f47-a1a4-afe95bda31c7 None None] Subscribe: port after_update 55550000, False {{(pid=104503) subscribe /opt/stack/data/venv/lib/python3.12/site-packages/neutron_lib/callbacks/manager.py:52}}
Apr 29 21:40:03.409034 np0000171306 devstack@neutron-api.service[104502]: DEBUG neutron.api.extensions [None req-47d81e0c-bba8-4f49-9136-10098b22c8ca None None] Loading extension file: l3_flavors.py {{(pid=104502) _load_all_extensions_from_path /opt/stack/neutron/neutron/api/extensions.py:449}}
Apr 29 21:40:03.409065 np0000171306 devstack@neutron-api.service[104500]: DEBUG neutron_lib.callbacks.manager [None req-36243d0a-1b9d-4b88-a92d-3b00212db272 None None] Subscribe: > router precommit_create 55549900, False {{(pid=104500) subscribe /opt/stack/data/venv/lib/python3.12/site-packages/neutron_lib/callbacks/manager.py:52}}
Apr 29 21:40:03.409132 np0000171306 devstack@neutron-api.service[104503]: DEBUG neutron_lib.callbacks.manager [None req-23e88923-fa2a-4f47-a1a4-afe95bda31c7 None None] Subscribe: port after_delete 55550000, False {{(pid=104503) subscribe /opt/stack/data/venv/lib/python3.12/site-packages/neutron_lib/callbacks/manager.py:52}}
Apr 29 21:40:03.409164 np0000171306 devstack@neutron-api.service[104500]: DEBUG neutron_lib.callbacks.manager [None req-36243d0a-1b9d-4b88-a92d-3b00212db272 None None] Subscribe: > router_interface after_create 55550000, False {{(pid=104500) subscribe /opt/stack/data/venv/lib/python3.12/site-packages/neutron_lib/callbacks/manager.py:52}}
Apr 29 21:40:03.409262 np0000171306 devstack@neutron-api.service[104503]: DEBUG neutron_lib.callbacks.manager [None req-23e88923-fa2a-4f47-a1a4-afe95bda31c7 None None] Subscribe: subnet after_update 55550000, False {{(pid=104503) subscribe /opt/stack/data/venv/lib/python3.12/site-packages/neutron_lib/callbacks/manager.py:52}}
Apr 29 21:40:03.409364 np0000171306 devstack@neutron-api.service[104502]: DEBUG neutron.api.extensions [None req-47d81e0c-bba8-4f49-9136-10098b22c8ca None None] Ext name="Router Flavor Extension" alias="l3-flavors" description="Flavor support for routers." updated="2016-05-17T00:00:00-00:00" {{(pid=104502) _check_extension /opt/stack/neutron/neutron/api/extensions.py:415}}
Apr 29 21:40:03.409465 np0000171306 devstack@neutron-api.service[104500]: DEBUG neutron_lib.callbacks.manager [None req-36243d0a-1b9d-4b88-a92d-3b00212db272 None None] Subscribe: > floatingip after_create 55550000, False {{(pid=104500) subscribe /opt/stack/data/venv/lib/python3.12/site-packages/neutron_lib/callbacks/manager.py:52}}
Apr 29 21:40:03.409574 np0000171306 devstack@neutron-api.service[104503]: DEBUG neutron_lib.callbacks.manager [None req-23e88923-fa2a-4f47-a1a4-afe95bda31c7 None None] Subscribe: subnetpool_address_scope after_update 55550000, False {{(pid=104503) subscribe /opt/stack/data/venv/lib/python3.12/site-packages/neutron_lib/callbacks/manager.py:52}}
Apr 29 21:40:03.409727 np0000171306 devstack@neutron-api.service[104500]: DEBUG neutron_lib.callbacks.manager [None req-36243d0a-1b9d-4b88-a92d-3b00212db272 None None] Subscribe: > floatingip precommit_create 55550000, False {{(pid=104500) subscribe /opt/stack/data/venv/lib/python3.12/site-packages/neutron_lib/callbacks/manager.py:52}}
Apr 29 21:40:03.409810 np0000171306 devstack@neutron-api.service[104503]: DEBUG neutron_lib.callbacks.manager [None req-23e88923-fa2a-4f47-a1a4-afe95bda31c7 None None] Subscribe: port before_update 55550000, False {{(pid=104503) subscribe /opt/stack/data/venv/lib/python3.12/site-packages/neutron_lib/callbacks/manager.py:52}}
Apr 29 21:40:03.410007 np0000171306 devstack@neutron-api.service[104502]: INFO neutron.api.extensions [None req-47d81e0c-bba8-4f49-9136-10098b22c8ca None None] Loaded extension: l3-flavors
Apr 29 21:40:03.410200 np0000171306 devstack@neutron-api.service[104500]: DEBUG neutron_lib.callbacks.manager [None req-36243d0a-1b9d-4b88-a92d-3b00212db272 None None] Subscribe: > floatingip precommit_update 55550000, False {{(pid=104500) subscribe /opt/stack/data/venv/lib/python3.12/site-packages/neutron_lib/callbacks/manager.py:52}}
Apr 29 21:40:03.410368 np0000171306 devstack@neutron-api.service[104503]: DEBUG neutron_lib.callbacks.manager [None req-23e88923-fa2a-4f47-a1a4-afe95bda31c7 None None] Subscribe: port after_update 55550000, False {{(pid=104503) subscribe /opt/stack/data/venv/lib/python3.12/site-packages/neutron_lib/callbacks/manager.py:52}}
Apr 29 21:40:03.410680 np0000171306 devstack@neutron-api.service[104502]: DEBUG neutron.api.extensions [None req-47d81e0c-bba8-4f49-9136-10098b22c8ca None None] Loading extension file: l3_ndp_proxy.py {{(pid=104502) _load_all_extensions_from_path /opt/stack/neutron/neutron/api/extensions.py:449}}
Apr 29 21:40:03.410954 np0000171306 devstack@neutron-api.service[104500]: DEBUG neutron_lib.callbacks.manager [None req-36243d0a-1b9d-4b88-a92d-3b00212db272 None None] Subscribe: > floatingip after_delete 55550000, False {{(pid=104500) subscribe /opt/stack/data/venv/lib/python3.12/site-packages/neutron_lib/callbacks/manager.py:52}}
Apr 29 21:40:03.411155 np0000171306 devstack@neutron-api.service[104503]: DEBUG neutron_lib.callbacks.manager [None req-23e88923-fa2a-4f47-a1a4-afe95bda31c7 None None] Subscribe: > port precommit_delete 55550000, False {{(pid=104503) subscribe /opt/stack/data/venv/lib/python3.12/site-packages/neutron_lib/callbacks/manager.py:52}}
Apr 29 21:40:03.411363 np0000171306 devstack@neutron-api.service[104500]: DEBUG neutron_lib.callbacks.manager [None req-36243d0a-1b9d-4b88-a92d-3b00212db272 None None] Subscribe: > floatingip after_status_update 55550000, False {{(pid=104500) subscribe /opt/stack/data/venv/lib/python3.12/site-packages/neutron_lib/callbacks/manager.py:52}}
Apr 29 21:40:03.411586 np0000171306 devstack@neutron-api.service[104503]: DEBUG neutron_lib.callbacks.manager [None req-23e88923-fa2a-4f47-a1a4-afe95bda31c7 None None] Subscribe: port before_update 55550000, False {{(pid=104503) subscribe /opt/stack/data/venv/lib/python3.12/site-packages/neutron_lib/callbacks/manager.py:52}}
Apr 29 21:40:03.411828 np0000171306 devstack@neutron-api.service[104500]: DEBUG neutron_lib.callbacks.manager [None req-36243d0a-1b9d-4b88-a92d-3b00212db272 None None] Subscribe: > floatingip after_update 55550000, False {{(pid=104500) subscribe /opt/stack/data/venv/lib/python3.12/site-packages/neutron_lib/callbacks/manager.py:52}}
Apr 29 21:40:03.412062 np0000171306 devstack@neutron-api.service[104502]: DEBUG neutron.api.extensions [None req-47d81e0c-bba8-4f49-9136-10098b22c8ca None None] Ext name="name" alias="l3-ndp-proxy" description="description" updated="2021-06-29T10:00:00-00:00" {{(pid=104502) _check_extension /opt/stack/neutron/neutron/api/extensions.py:415}}
Apr 29 21:40:03.412261 np0000171306 devstack@neutron-api.service[104503]: DEBUG neutron_lib.callbacks.manager [None req-23e88923-fa2a-4f47-a1a4-afe95bda31c7 None None] Subscribe: port before_delete 55550000, False {{(pid=104503) subscribe /opt/stack/data/venv/lib/python3.12/site-packages/neutron_lib/callbacks/manager.py:52}}
Apr 29 21:40:03.412450 np0000171306 devstack@neutron-api.service[104500]: DEBUG neutron_lib.callbacks.manager [None req-36243d0a-1b9d-4b88-a92d-3b00212db272 None None] Subscribe: > port_forwarding after_create 55550000, False {{(pid=104500) subscribe /opt/stack/data/venv/lib/python3.12/site-packages/neutron_lib/callbacks/manager.py:52}}
Apr 29 21:40:03.412699 np0000171306 devstack@neutron-api.service[104503]: DEBUG neutron_lib.callbacks.manager [None req-23e88923-fa2a-4f47-a1a4-afe95bda31c7 None None] Subscribe: > router precommit_create 55550000, False {{(pid=104503) subscribe /opt/stack/data/venv/lib/python3.12/site-packages/neutron_lib/callbacks/manager.py:52}}
Apr 29 21:40:03.412858 np0000171306 devstack@neutron-api.service[104502]: INFO neutron.api.extensions [None req-47d81e0c-bba8-4f49-9136-10098b22c8ca None None] Extension l3-ndp-proxy not supported by any of loaded plugins
Apr 29 21:40:03.413081 np0000171306 devstack@neutron-api.service[104500]: DEBUG neutron_lib.callbacks.manager [None req-36243d0a-1b9d-4b88-a92d-3b00212db272 None None] Subscribe: > router_interface after_delete 55550000, False {{(pid=104500) subscribe /opt/stack/data/venv/lib/python3.12/site-packages/neutron_lib/callbacks/manager.py:52}}
Apr 29 21:40:03.413249 np0000171306 devstack@neutron-api.service[104503]: DEBUG neutron_lib.callbacks.manager [None req-23e88923-fa2a-4f47-a1a4-afe95bda31c7 None None] Subscribe: > router precommit_create 55550000, False {{(pid=104503) subscribe /opt/stack/data/venv/lib/python3.12/site-packages/neutron_lib/callbacks/manager.py:52}}
Apr 29 21:40:03.413411 np0000171306 devstack@neutron-api.service[104502]: DEBUG neutron.api.extensions [None req-47d81e0c-bba8-4f49-9136-10098b22c8ca None None] Loading extension file: l3_port_ip_change_not_allowed.py {{(pid=104502) _load_all_extensions_from_path /opt/stack/neutron/neutron/api/extensions.py:449}}
Apr 29 21:40:03.413611 np0000171306 devstack@neutron-api.service[104500]: DEBUG neutron_lib.callbacks.manager [None req-36243d0a-1b9d-4b88-a92d-3b00212db272 None None] Subscribe: > router after_create 55550000, False {{(pid=104500) subscribe /opt/stack/data/venv/lib/python3.12/site-packages/neutron_lib/callbacks/manager.py:52}}
Apr 29 21:40:03.414487 np0000171306 devstack@neutron-api.service[104503]: DEBUG neutron_lib.callbacks.manager [None req-23e88923-fa2a-4f47-a1a4-afe95bda31c7 None None] Subscribe: > router precommit_update 55550000, False {{(pid=104503) subscribe /opt/stack/data/venv/lib/python3.12/site-packages/neutron_lib/callbacks/manager.py:52}}
Apr 29 21:40:03.414875 np0000171306 devstack@neutron-api.service[104500]: DEBUG neutron_lib.callbacks.manager [None req-36243d0a-1b9d-4b88-a92d-3b00212db272 None None] Subscribe: > router precommit_create 55550000, False {{(pid=104500) subscribe /opt/stack/data/venv/lib/python3.12/site-packages/neutron_lib/callbacks/manager.py:52}}
