2026-05-26 17:03:55.970 7 INFO cinder.api.openstack.wsgi [None req-f4641de6-5d1a-41c9-bbd0-539df4a47a6b efa69c7126884c12baa5e869ba5fb684 32ffeea88eef4c13b779c0aeff2e8ace - - default default] DELETE http://cinder-api.openstack.svc.cluster.local:8776/v3/32ffeea88eef4c13b779c0aeff2e8ace/volumes/f46f0ec5-06c7-4ef1-b599-927f4667bdd1
2026-05-26 17:03:55.970 7 INFO cinder.api.v3.volumes [None req-f4641de6-5d1a-41c9-bbd0-539df4a47a6b efa69c7126884c12baa5e869ba5fb684 32ffeea88eef4c13b779c0aeff2e8ace - - default default] Delete volume with id: f46f0ec5-06c7-4ef1-b599-927f4667bdd1 /var/lib/openstack/lib/python3.12/site-packages/oslo_context/context.py:100: DeprecationWarning: Policy enforcement is depending on the value of is_admin. This key is deprecated. Please update your policy file to use the standard policy values. warnings.warn('Policy enforcement is depending on the value of '
2026-05-26 17:03:55.980 7 INFO cinder.volume.api [None req-f4641de6-5d1a-41c9-bbd0-539df4a47a6b efa69c7126884c12baa5e869ba5fb684 32ffeea88eef4c13b779c0aeff2e8ace - - default default] Volume info retrieved successfully.
2026-05-26 17:03:56.011 7 INFO cinder.volume.api [None req-f4641de6-5d1a-41c9-bbd0-539df4a47a6b efa69c7126884c12baa5e869ba5fb684 32ffeea88eef4c13b779c0aeff2e8ace - - default default] Delete volume request issued successfully.
2026-05-26 17:03:56.012 7 INFO cinder.api.openstack.wsgi [None req-f4641de6-5d1a-41c9-bbd0-539df4a47a6b efa69c7126884c12baa5e869ba5fb684 32ffeea88eef4c13b779c0aeff2e8ace - - default default] http://cinder-api.openstack.svc.cluster.local:8776/v3/32ffeea88eef4c13b779c0aeff2e8ace/volumes/f46f0ec5-06c7-4ef1-b599-927f4667bdd1 returned with HTTP 202 [pid: 7|app: 0|req: 360/714] 10.0.0.90 () {32 vars in 777 bytes} [Tue May 26 17:03:55 2026] DELETE /v3/32ffeea88eef4c13b779c0aeff2e8ace/volumes/f46f0ec5-06c7-4ef1-b599-927f4667bdd1 => generated 0 bytes in 51 msecs (HTTP/1.1 202) 6 headers in 233 bytes (1 switches on core 0) /var/lib/openstack/lib/python3.12/site-packages/pycadf/identifier.py:70: UserWarning: Invalid uuid: cinderv3. To ensure interoperability, identifiers should be a valid uuid. warnings.warn(('Invalid uuid: %s. To ensure interoperability, '
2026-05-26 17:03:56.027 8 INFO cinder.api.openstack.wsgi [None req-2ddd4792-be70-4c62-926d-446ffb1fde7a efa69c7126884c12baa5e869ba5fb684 32ffeea88eef4c13b779c0aeff2e8ace - - default default] GET http://cinder-api.openstack.svc.cluster.local:8776/v3/32ffeea88eef4c13b779c0aeff2e8ace/volumes/f46f0ec5-06c7-4ef1-b599-927f4667bdd1 /var/lib/openstack/lib/python3.12/site-packages/oslo_context/context.py:100: DeprecationWarning: Policy enforcement is depending on the value of is_admin. This key is deprecated. Please update your policy file to use the standard policy values. warnings.warn('Policy enforcement is depending on the value of '
2026-05-26 17:03:56.040 8 INFO cinder.volume.api [None req-2ddd4792-be70-4c62-926d-446ffb1fde7a efa69c7126884c12baa5e869ba5fb684 32ffeea88eef4c13b779c0aeff2e8ace - - default default] Volume info retrieved successfully.
2026-05-26 17:03:56.043 8 INFO cinder.api.openstack.wsgi [None req-2ddd4792-be70-4c62-926d-446ffb1fde7a efa69c7126884c12baa5e869ba5fb684 32ffeea88eef4c13b779c0aeff2e8ace - - default default] http://cinder-api.openstack.svc.cluster.local:8776/v3/32ffeea88eef4c13b779c0aeff2e8ace/volumes/f46f0ec5-06c7-4ef1-b599-927f4667bdd1 returned with HTTP 200 [pid: 8|app: 0|req: 355/715] 10.0.0.90 () {32 vars in 774 bytes} [Tue May 26 17:03:56 2026] GET /v3/32ffeea88eef4c13b779c0aeff2e8ace/volumes/f46f0ec5-06c7-4ef1-b599-927f4667bdd1 => generated 971 bytes in 22 msecs (HTTP/1.1 200) 7 headers in 285 bytes (1 switches on core 0) /var/lib/openstack/lib/python3.12/site-packages/pycadf/identifier.py:70: UserWarning: Invalid uuid: cinderv3. To ensure interoperability, identifiers should be a valid uuid. warnings.warn(('Invalid uuid: %s. To ensure interoperability, '
2026-05-26 17:03:57.073 7 INFO cinder.api.openstack.wsgi [None req-1dc18329-f92f-4648-a8f9-295a3ee2f679 efa69c7126884c12baa5e869ba5fb684 32ffeea88eef4c13b779c0aeff2e8ace - - default default] GET http://cinder-api.openstack.svc.cluster.local:8776/v3/32ffeea88eef4c13b779c0aeff2e8ace/volumes/f46f0ec5-06c7-4ef1-b599-927f4667bdd1
2026-05-26 17:03:57.085 7 INFO cinder.api.openstack.wsgi [None req-1dc18329-f92f-4648-a8f9-295a3ee2f679 efa69c7126884c12baa5e869ba5fb684 32ffeea88eef4c13b779c0aeff2e8ace - - default default] http://cinder-api.openstack.svc.cluster.local:8776/v3/32ffeea88eef4c13b779c0aeff2e8ace/volumes/f46f0ec5-06c7-4ef1-b599-927f4667bdd1 returned with HTTP 404 [pid: 7|app: 0|req: 361/716] 10.0.0.90 () {32 vars in 774 bytes} [Tue May 26 17:03:57 2026] GET /v3/32ffeea88eef4c13b779c0aeff2e8ace/volumes/f46f0ec5-06c7-4ef1-b599-927f4667bdd1 => generated 109 bytes in 23 msecs (HTTP/1.1 404) 7 headers in 292 bytes (1 switches on core 0)
2026-05-26 17:04:03.774 8 INFO cinder.api.openstack.wsgi [None req-2ddd4792-be70-4c62-926d-446ffb1fde7a efa69c7126884c12baa5e869ba5fb684 32ffeea88eef4c13b779c0aeff2e8ace - - default default] GET http://cinder-api.openstack.svc.cluster.local:8776/
2026-05-26 17:04:03.775 8 INFO cinder.api.openstack.wsgi [None req-2ddd4792-be70-4c62-926d-446ffb1fde7a efa69c7126884c12baa5e869ba5fb684 32ffeea88eef4c13b779c0aeff2e8ace - - default default] http://cinder-api.openstack.svc.cluster.local:8776/ returned with HTTP 300 [pid: 8|app: 0|req: 356/717] 10.0.0.243 () {28 vars in 376 bytes} [Tue May 26 17:04:03 2026] GET / => generated 411 bytes in 3 msecs (HTTP/1.1 300) 5 headers in 169 bytes (1 switches on core 0)
2026-05-26 17:04:03.790 7 INFO cinder.api.openstack.wsgi [None req-7e1687e9-0703-4a47-954c-98c1739075c1 dd42701e6d6a4a74a02ba8b790303e68 8e5d81960c694c97b22355dcf09730ce - - default default] GET http://cinder-api.openstack.svc.cluster.local:8776/v3/8e5d81960c694c97b22355dcf09730ce/limits?tenant_id=8e5d81960c694c97b22355dcf09730ce
2026-05-26 17:04:03.815 7 INFO cinder.api.openstack.wsgi [None req-7e1687e9-0703-4a47-954c-98c1739075c1 dd42701e6d6a4a74a02ba8b790303e68 8e5d81960c694c97b22355dcf09730ce - - default default] http://cinder-api.openstack.svc.cluster.local:8776/v3/8e5d81960c694c97b22355dcf09730ce/limits?tenant_id=8e5d81960c694c97b22355dcf09730ce returned with HTTP 200 [pid: 7|app: 0|req: 362/718] 10.0.0.243 () {34 vars in 879 bytes} [Tue May 26 17:04:03 2026] GET /v3/8e5d81960c694c97b22355dcf09730ce/limits?tenant_id=8e5d81960c694c97b22355dcf09730ce => generated 302 bytes in 31 msecs (HTTP/1.1 200) 7 headers in 286 bytes (1 switches on core 0)
2026-05-26 17:04:04.773 8 INFO cinder.api.openstack.wsgi [None req-2ddd4792-be70-4c62-926d-446ffb1fde7a efa69c7126884c12baa5e869ba5fb684 32ffeea88eef4c13b779c0aeff2e8ace - - default default] GET http://10.0.0.161:8776/
2026-05-26 17:04:04.774 7 INFO cinder.api.openstack.wsgi [None req-7e1687e9-0703-4a47-954c-98c1739075c1 dd42701e6d6a4a74a02ba8b790303e68 8e5d81960c694c97b22355dcf09730ce - - default default] GET http://10.0.0.161:8776/
2026-05-26 17:04:04.774 8 INFO cinder.api.openstack.wsgi [None req-2ddd4792-be70-4c62-926d-446ffb1fde7a efa69c7126884c12baa5e869ba5fb684 32ffeea88eef4c13b779c0aeff2e8ace - - default default] http://10.0.0.161:8776/ returned with HTTP 300
2026-05-26 17:04:04.775 7 INFO cinder.api.openstack.wsgi [None req-7e1687e9-0703-4a47-954c-98c1739075c1 dd42701e6d6a4a74a02ba8b790303e68 8e5d81960c694c97b22355dcf09730ce - - default default] http://10.0.0.161:8776/ returned with HTTP 300
2026-05-26 17:04:05.415 8 INFO cinder.api.openstack.wsgi [None req-2ddd4792-be70-4c62-926d-446ffb1fde7a efa69c7126884c12baa5e869ba5fb684 32ffeea88eef4c13b779c0aeff2e8ace - - default default] GET http://cinder-api.openstack.svc.cluster.local:8776/
2026-05-26 17:04:05.416 8 INFO cinder.api.openstack.wsgi [None req-2ddd4792-be70-4c62-926d-446ffb1fde7a efa69c7126884c12baa5e869ba5fb684 32ffeea88eef4c13b779c0aeff2e8ace - - default default] http://cinder-api.openstack.svc.cluster.local:8776/ returned with HTTP 300 [pid: 8|app: 0|req: 358/721] 10.0.0.243 () {28 vars in 376 bytes} [Tue May 26 17:04:05 2026] GET / => generated 411 bytes in 2 msecs (HTTP/1.1 300) 5 headers in 169 bytes (1 switches on core 0)
2026-05-26 17:04:05.424 7 INFO cinder.api.openstack.wsgi [None req-7e1687e9-0703-4a47-954c-98c1739075c1 dd42701e6d6a4a74a02ba8b790303e68 8e5d81960c694c97b22355dcf09730ce - - default default] GET http://cinder-api.openstack.svc.cluster.local:8776/
2026-05-26 17:04:05.425 7 INFO cinder.api.openstack.wsgi [None req-7e1687e9-0703-4a47-954c-98c1739075c1 dd42701e6d6a4a74a02ba8b790303e68 8e5d81960c694c97b22355dcf09730ce - - default default] http://cinder-api.openstack.svc.cluster.local:8776/ returned with HTTP 300 [pid: 7|app: 0|req: 364/722] 10.0.0.243 () {28 vars in 376 bytes} [Tue May 26 17:04:05 2026] GET / => generated 411 bytes in 2 msecs (HTTP/1.1 300) 5 headers in 169 bytes (1 switches on core 0)
2026-05-26 17:04:05.843 8 INFO cinder.api.openstack.wsgi [None req-2ddd4792-be70-4c62-926d-446ffb1fde7a efa69c7126884c12baa5e869ba5fb684 32ffeea88eef4c13b779c0aeff2e8ace - - default default] GET http://cinder-api.openstack.svc.cluster.local:8776/
2026-05-26 17:04:05.844 8 INFO cinder.api.openstack.wsgi [None req-2ddd4792-be70-4c62-926d-446ffb1fde7a efa69c7126884c12baa5e869ba5fb684 32ffeea88eef4c13b779c0aeff2e8ace - - default default] http://cinder-api.openstack.svc.cluster.local:8776/ returned with HTTP 300 [pid: 8|app: 0|req: 359/723] 10.0.0.243 () {28 vars in 376 bytes} [Tue May 26 17:04:05 2026] GET / => generated 411 bytes in 1 msecs (HTTP/1.1 300) 5 headers in 169 bytes (1 switches on core 0)
2026-05-26 17:04:05.855 7 INFO cinder.api.openstack.wsgi [None req-e4fec6d9-ab43-455d-8fa1-dee58497e9cc dd42701e6d6a4a74a02ba8b790303e68 8e5d81960c694c97b22355dcf09730ce - - default default] GET http://cinder-api.openstack.svc.cluster.local:8776/v3/8e5d81960c694c97b22355dcf09730ce/limits?tenant_id=8e5d81960c694c97b22355dcf09730ce
2026-05-26 17:04:05.878 7 INFO cinder.api.openstack.wsgi [None req-e4fec6d9-ab43-455d-8fa1-dee58497e9cc dd42701e6d6a4a74a02ba8b790303e68 8e5d81960c694c97b22355dcf09730ce - - default default] http://cinder-api.openstack.svc.cluster.local:8776/v3/8e5d81960c694c97b22355dcf09730ce/limits?tenant_id=8e5d81960c694c97b22355dcf09730ce returned with HTTP 200 [pid: 7|app: 0|req: 365/724] 10.0.0.243 () {34 vars in 879 bytes} [Tue May 26 17:04:05 2026] GET /v3/8e5d81960c694c97b22355dcf09730ce/limits?tenant_id=8e5d81960c694c97b22355dcf09730ce => generated 302 bytes in 30 msecs (HTTP/1.1 200) 7 headers in 286 bytes (1 switches on core 0)
2026-05-26 17:04:07.323 8 INFO cinder.api.openstack.wsgi [None req-2ddd4792-be70-4c62-926d-446ffb1fde7a efa69c7126884c12baa5e869ba5fb684 32ffeea88eef4c13b779c0aeff2e8ace - - default default] GET http://cinder-api.openstack.svc.cluster.local:8776/
2026-05-26 17:04:07.324 8 INFO cinder.api.openstack.wsgi [None req-2ddd4792-be70-4c62-926d-446ffb1fde7a efa69c7126884c12baa5e869ba5fb684 32ffeea88eef4c13b779c0aeff2e8ace - - default default] http://cinder-api.openstack.svc.cluster.local:8776/ returned with HTTP 300 [pid: 8|app: 0|req: 360/725] 10.0.0.243 () {28 vars in 376 bytes} [Tue May 26 17:04:07 2026] GET / => generated 411 bytes in 2 msecs (HTTP/1.1 300) 5 headers in 169 bytes (1 switches on core 0)
2026-05-26 17:04:07.329 7 INFO cinder.api.openstack.wsgi [None req-e4fec6d9-ab43-455d-8fa1-dee58497e9cc dd42701e6d6a4a74a02ba8b790303e68 8e5d81960c694c97b22355dcf09730ce - - default default] GET http://cinder-api.openstack.svc.cluster.local:8776/
2026-05-26 17:04:07.330 7 INFO cinder.api.openstack.wsgi [None req-e4fec6d9-ab43-455d-8fa1-dee58497e9cc dd42701e6d6a4a74a02ba8b790303e68 8e5d81960c694c97b22355dcf09730ce - - default default] http://cinder-api.openstack.svc.cluster.local:8776/ returned with HTTP 300 [pid: 7|app: 0|req: 366/726] 10.0.0.243 () {28 vars in 376 bytes} [Tue May 26 17:04:07 2026] GET / => generated 411 bytes in 2 msecs (HTTP/1.1 300) 5 headers in 169 bytes (1 switches on core 0)
2026-05-26 17:04:14.774 7 INFO cinder.api.openstack.wsgi [None req-e4fec6d9-ab43-455d-8fa1-dee58497e9cc dd42701e6d6a4a74a02ba8b790303e68 8e5d81960c694c97b22355dcf09730ce - - default default] GET http://10.0.0.161:8776/
2026-05-26 17:04:14.774 8 INFO cinder.api.openstack.wsgi [None req-2ddd4792-be70-4c62-926d-446ffb1fde7a efa69c7126884c12baa5e869ba5fb684 32ffeea88eef4c13b779c0aeff2e8ace - - default default] GET http://10.0.0.161:8776/
2026-05-26 17:04:14.775 7 INFO cinder.api.openstack.wsgi [None req-e4fec6d9-ab43-455d-8fa1-dee58497e9cc dd42701e6d6a4a74a02ba8b790303e68 8e5d81960c694c97b22355dcf09730ce - - default default] http://10.0.0.161:8776/ returned with HTTP 300
2026-05-26 17:04:14.775 8 INFO cinder.api.openstack.wsgi [None req-2ddd4792-be70-4c62-926d-446ffb1fde7a efa69c7126884c12baa5e869ba5fb684 32ffeea88eef4c13b779c0aeff2e8ace - - default default] http://10.0.0.161:8776/ returned with HTTP 300
2026-05-26 17:04:24.774 7 INFO cinder.api.openstack.wsgi [None req-e4fec6d9-ab43-455d-8fa1-dee58497e9cc dd42701e6d6a4a74a02ba8b790303e68 8e5d81960c694c97b22355dcf09730ce - - default default] GET http://10.0.0.161:8776/
2026-05-26 17:04:24.774 8 INFO cinder.api.openstack.wsgi [None req-2ddd4792-be70-4c62-926d-446ffb1fde7a efa69c7126884c12baa5e869ba5fb684 32ffeea88eef4c13b779c0aeff2e8ace - - default default] GET http://10.0.0.161:8776/
2026-05-26 17:04:24.775 7 INFO cinder.api.openstack.wsgi [None req-e4fec6d9-ab43-455d-8fa1-dee58497e9cc dd42701e6d6a4a74a02ba8b790303e68 8e5d81960c694c97b22355dcf09730ce - - default default] http://10.0.0.161:8776/ returned with HTTP 300
2026-05-26 17:04:24.775 8 INFO cinder.api.openstack.wsgi [None req-2ddd4792-be70-4c62-926d-446ffb1fde7a efa69c7126884c12baa5e869ba5fb684 32ffeea88eef4c13b779c0aeff2e8ace - - default default] http://10.0.0.161:8776/ returned with HTTP 300
2026-05-26 17:04:34.774 7 INFO cinder.api.openstack.wsgi [None req-e4fec6d9-ab43-455d-8fa1-dee58497e9cc dd42701e6d6a4a74a02ba8b790303e68 8e5d81960c694c97b22355dcf09730ce - - default default] GET http://10.0.0.161:8776/
2026-05-26 17:04:34.775 8 INFO cinder.api.openstack.wsgi [None req-2ddd4792-be70-4c62-926d-446ffb1fde7a efa69c7126884c12baa5e869ba5fb684 32ffeea88eef4c13b779c0aeff2e8ace - - default default] GET http://10.0.0.161:8776/
2026-05-26 17:04:34.776 7 INFO cinder.api.openstack.wsgi [None req-e4fec6d9-ab43-455d-8fa1-dee58497e9cc dd42701e6d6a4a74a02ba8b790303e68 8e5d81960c694c97b22355dcf09730ce - - default default] http://10.0.0.161:8776/ returned with HTTP 300
2026-05-26 17:04:34.776 8 INFO cinder.api.openstack.wsgi [None req-2ddd4792-be70-4c62-926d-446ffb1fde7a efa69c7126884c12baa5e869ba5fb684 32ffeea88eef4c13b779c0aeff2e8ace - - default default] http://10.0.0.161:8776/ returned with HTTP 300 /var/lib/openstack/lib/python3.12/site-packages/pycadf/identifier.py:70: UserWarning: Invalid uuid: cinderv3. To ensure interoperability, identifiers should be a valid uuid. warnings.warn(('Invalid uuid: %s. To ensure interoperability, '
2026-05-26 17:04:35.618 8 INFO cinder.api.openstack.wsgi [None req-853772a2-77f3-461e-aedd-03ca2b7cab4f fe378b066d8c4947846e2b696f524747 11f166f41fc44eb2bde2e2a5761dead5 - - default default] POST http://cinder-api.openstack.svc.cluster.local:8776/v3/11f166f41fc44eb2bde2e2a5761dead5/volumes
2026-05-26 17:04:35.621 8 INFO cinder.api.v3.volumes [None req-853772a2-77f3-461e-aedd-03ca2b7cab4f fe378b066d8c4947846e2b696f524747 11f166f41fc44eb2bde2e2a5761dead5 - - default default] Create volume of 1 GB
2026-05-26 17:04:35.639 8 INFO cinder.volume.api [None req-853772a2-77f3-461e-aedd-03ca2b7cab4f fe378b066d8c4947846e2b696f524747 11f166f41fc44eb2bde2e2a5761dead5 - - default default] Availability Zones retrieved successfully.
2026-05-26 17:04:35.922 8 INFO cinder.volume.api [None req-853772a2-77f3-461e-aedd-03ca2b7cab4f fe378b066d8c4947846e2b696f524747 11f166f41fc44eb2bde2e2a5761dead5 - - default default] Create volume request issued successfully.
2026-05-26 17:04:35.923 8 INFO cinder.api.openstack.wsgi [None req-853772a2-77f3-461e-aedd-03ca2b7cab4f fe378b066d8c4947846e2b696f524747 11f166f41fc44eb2bde2e2a5761dead5 - - default default] http://cinder-api.openstack.svc.cluster.local:8776/v3/11f166f41fc44eb2bde2e2a5761dead5/volumes returned with HTTP 202 [pid: 8|app: 0|req: 364/733] 10.0.0.90 () {34 vars in 722 bytes} [Tue May 26 17:04:35 2026] POST /v3/11f166f41fc44eb2bde2e2a5761dead5/volumes => generated 871 bytes in 498 msecs (HTTP/1.1 202) 7 headers in 291 bytes (1 switches on core 0)
2026-05-26 17:04:35.943 7 INFO cinder.api.openstack.wsgi [None req-2e1cbb44-1a35-4397-b20b-bbbe965657d7 fe378b066d8c4947846e2b696f524747 11f166f41fc44eb2bde2e2a5761dead5 - - default default] GET http://cinder-api.openstack.svc.cluster.local:8776/v3/11f166f41fc44eb2bde2e2a5761dead5/volumes/0f2f24f0-e803-4eef-8656-6148e1062f60 /var/lib/openstack/lib/python3.12/site-packages/oslo_context/context.py:100: DeprecationWarning: Policy enforcement is depending on the value of is_admin. This key is deprecated. Please update your policy file to use the standard policy values. warnings.warn('Policy enforcement is depending on the value of '
2026-05-26 17:04:35.959 7 INFO cinder.volume.api [None req-2e1cbb44-1a35-4397-b20b-bbbe965657d7 fe378b066d8c4947846e2b696f524747 11f166f41fc44eb2bde2e2a5761dead5 - - default default] Volume info retrieved successfully.
2026-05-26 17:04:35.963 7 INFO cinder.api.openstack.wsgi [None req-2e1cbb44-1a35-4397-b20b-bbbe965657d7 fe378b066d8c4947846e2b696f524747 11f166f41fc44eb2bde2e2a5761dead5 - - default default] http://cinder-api.openstack.svc.cluster.local:8776/v3/11f166f41fc44eb2bde2e2a5761dead5/volumes/0f2f24f0-e803-4eef-8656-6148e1062f60 returned with HTTP 200 [pid: 7|app: 0|req: 370/734] 10.0.0.90 () {32 vars in 774 bytes} [Tue May 26 17:04:35 2026] GET /v3/11f166f41fc44eb2bde2e2a5761dead5/volumes/0f2f24f0-e803-4eef-8656-6148e1062f60 => generated 939 bytes in 27 msecs (HTTP/1.1 200) 7 headers in 285 bytes (1 switches on core 0) /var/lib/openstack/lib/python3.12/site-packages/pycadf/identifier.py:70: UserWarning: Invalid uuid: cinderv3. To ensure interoperability, identifiers should be a valid uuid. warnings.warn(('Invalid uuid: %s. To ensure interoperability, '
2026-05-26 17:04:36.990 8 INFO cinder.api.openstack.wsgi [None req-5602fd4c-9d26-423c-bbfa-988322bec6fd fe378b066d8c4947846e2b696f524747 11f166f41fc44eb2bde2e2a5761dead5 - - default default] GET http://cinder-api.openstack.svc.cluster.local:8776/v3/11f166f41fc44eb2bde2e2a5761dead5/volumes/0f2f24f0-e803-4eef-8656-6148e1062f60 /var/lib/openstack/lib/python3.12/site-packages/oslo_context/context.py:100: DeprecationWarning: Policy enforcement is depending on the value of is_admin. This key is deprecated. Please update your policy file to use the standard policy values. warnings.warn('Policy enforcement is depending on the value of '
2026-05-26 17:04:37.013 8 INFO cinder.volume.api [None req-5602fd4c-9d26-423c-bbfa-988322bec6fd fe378b066d8c4947846e2b696f524747 11f166f41fc44eb2bde2e2a5761dead5 - - default default] Volume info retrieved successfully.
2026-05-26 17:04:37.025 8 INFO cinder.api.openstack.wsgi [None req-5602fd4c-9d26-423c-bbfa-988322bec6fd fe378b066d8c4947846e2b696f524747 11f166f41fc44eb2bde2e2a5761dead5 - - default default] http://cinder-api.openstack.svc.cluster.local:8776/v3/11f166f41fc44eb2bde2e2a5761dead5/volumes/0f2f24f0-e803-4eef-8656-6148e1062f60 returned with HTTP 200 [pid: 8|app: 0|req: 365/735] 10.0.0.90 () {32 vars in 774 bytes} [Tue May 26 17:04:36 2026] GET /v3/11f166f41fc44eb2bde2e2a5761dead5/volumes/0f2f24f0-e803-4eef-8656-6148e1062f60 => generated 964 bytes in 43 msecs (HTTP/1.1 200) 7 headers in 285 bytes (1 switches on core 0) /var/lib/openstack/lib/python3.12/site-packages/pycadf/identifier.py:70: UserWarning: Invalid uuid: cinderv3. To ensure interoperability, identifiers should be a valid uuid. warnings.warn(('Invalid uuid: %s. To ensure interoperability, '
2026-05-26 17:04:37.049 7 INFO cinder.api.openstack.wsgi [None req-71f455b4-1cf6-4f3f-baed-43949103d394 fe378b066d8c4947846e2b696f524747 11f166f41fc44eb2bde2e2a5761dead5 - - default default] GET http://cinder-api.openstack.svc.cluster.local:8776/v3/11f166f41fc44eb2bde2e2a5761dead5/volumes/0f2f24f0-e803-4eef-8656-6148e1062f60 /var/lib/openstack/lib/python3.12/site-packages/oslo_context/context.py:100: DeprecationWarning: Policy enforcement is depending on the value of is_admin. This key is deprecated. Please update your policy file to use the standard policy values. warnings.warn('Policy enforcement is depending on the value of '
2026-05-26 17:04:37.065 7 INFO cinder.volume.api [None req-71f455b4-1cf6-4f3f-baed-43949103d394 fe378b066d8c4947846e2b696f524747 11f166f41fc44eb2bde2e2a5761dead5 - - default default] Volume info retrieved successfully.
2026-05-26 17:04:37.069 7 INFO cinder.api.openstack.wsgi [None req-71f455b4-1cf6-4f3f-baed-43949103d394 fe378b066d8c4947846e2b696f524747 11f166f41fc44eb2bde2e2a5761dead5 - - default default] http://cinder-api.openstack.svc.cluster.local:8776/v3/11f166f41fc44eb2bde2e2a5761dead5/volumes/0f2f24f0-e803-4eef-8656-6148e1062f60 returned with HTTP 200 [pid: 7|app: 0|req: 371/736] 10.0.0.90 () {32 vars in 774 bytes} [Tue May 26 17:04:37 2026] GET /v3/11f166f41fc44eb2bde2e2a5761dead5/volumes/0f2f24f0-e803-4eef-8656-6148e1062f60 => generated 964 bytes in 27 msecs (HTTP/1.1 200) 7 headers in 285 bytes (1 switches on core 0) /var/lib/openstack/lib/python3.12/site-packages/pycadf/identifier.py:70: UserWarning: Invalid uuid: cinderv3. To ensure interoperability, identifiers should be a valid uuid. warnings.warn(('Invalid uuid: %s. To ensure interoperability, '
2026-05-26 17:04:37.088 8 INFO cinder.api.openstack.wsgi [None req-04d00e1c-586b-4021-b65b-0758464f5f12 fe378b066d8c4947846e2b696f524747 11f166f41fc44eb2bde2e2a5761dead5 - - default default] PUT http://cinder-api.openstack.svc.cluster.local:8776/v3/11f166f41fc44eb2bde2e2a5761dead5/volumes/0f2f24f0-e803-4eef-8656-6148e1062f60 /var/lib/openstack/lib/python3.12/site-packages/oslo_context/context.py:100: DeprecationWarning: Policy enforcement is depending on the value of is_admin. This key is deprecated. Please update your policy file to use the standard policy values. warnings.warn('Policy enforcement is depending on the value of '
2026-05-26 17:04:37.102 8 INFO cinder.volume.api [None req-04d00e1c-586b-4021-b65b-0758464f5f12 fe378b066d8c4947846e2b696f524747 11f166f41fc44eb2bde2e2a5761dead5 - - default default] Volume info retrieved successfully.
2026-05-26 17:04:37.110 8 INFO cinder.volume.api [None req-04d00e1c-586b-4021-b65b-0758464f5f12 fe378b066d8c4947846e2b696f524747 11f166f41fc44eb2bde2e2a5761dead5 - - default default] Volume updated successfully.
2026-05-26 17:04:37.110 8 INFO cinder.api.openstack.wsgi [None req-04d00e1c-586b-4021-b65b-0758464f5f12 fe378b066d8c4947846e2b696f524747 11f166f41fc44eb2bde2e2a5761dead5 - - default default] http://cinder-api.openstack.svc.cluster.local:8776/v3/11f166f41fc44eb2bde2e2a5761dead5/volumes/0f2f24f0-e803-4eef-8656-6148e1062f60 returned with HTTP 200 [pid: 8|app: 0|req: 366/737] 10.0.0.90 () {34 vars in 794 bytes} [Tue May 26 17:04:37 2026] PUT /v3/11f166f41fc44eb2bde2e2a5761dead5/volumes/0f2f24f0-e803-4eef-8656-6148e1062f60 => generated 896 bytes in 29 msecs (HTTP/1.1 200) 7 headers in 285 bytes (1 switches on core 0) /var/lib/openstack/lib/python3.12/site-packages/pycadf/identifier.py:70: UserWarning: Invalid uuid: cinderv3. To ensure interoperability, identifiers should be a valid uuid. warnings.warn(('Invalid uuid: %s. To ensure interoperability, '
2026-05-26 17:04:37.129 7 INFO cinder.api.openstack.wsgi [None req-42c03d85-0a89-4978-8202-810e33f356ca fe378b066d8c4947846e2b696f524747 11f166f41fc44eb2bde2e2a5761dead5 - - default default] PUT http://cinder-api.openstack.svc.cluster.local:8776/v3/11f166f41fc44eb2bde2e2a5761dead5/volumes/0f2f24f0-e803-4eef-8656-6148e1062f60 /var/lib/openstack/lib/python3.12/site-packages/oslo_context/context.py:100: DeprecationWarning: Policy enforcement is depending on the value of is_admin. This key is deprecated. Please update your policy file to use the standard policy values. warnings.warn('Policy enforcement is depending on the value of '
2026-05-26 17:04:37.145 7 INFO cinder.volume.api [None req-42c03d85-0a89-4978-8202-810e33f356ca fe378b066d8c4947846e2b696f524747 11f166f41fc44eb2bde2e2a5761dead5 - - default default] Volume info retrieved successfully.
2026-05-26 17:04:37.153 7 INFO cinder.volume.api [None req-42c03d85-0a89-4978-8202-810e33f356ca fe378b066d8c4947846e2b696f524747 11f166f41fc44eb2bde2e2a5761dead5 - - default default] Volume updated successfully.
2026-05-26 17:04:37.154 7 INFO cinder.api.openstack.wsgi [None req-42c03d85-0a89-4978-8202-810e33f356ca fe378b066d8c4947846e2b696f524747 11f166f41fc44eb2bde2e2a5761dead5 - - default default] http://cinder-api.openstack.svc.cluster.local:8776/v3/11f166f41fc44eb2bde2e2a5761dead5/volumes/0f2f24f0-e803-4eef-8656-6148e1062f60 returned with HTTP 200 [pid: 7|app: 0|req: 372/738] 10.0.0.90 () {34 vars in 795 bytes} [Tue May 26 17:04:37 2026] PUT /v3/11f166f41fc44eb2bde2e2a5761dead5/volumes/0f2f24f0-e803-4eef-8656-6148e1062f60 => generated 934 bytes in 31 msecs (HTTP/1.1 200) 7 headers in 285 bytes (1 switches on core 0) /var/lib/openstack/lib/python3.12/site-packages/pycadf/identifier.py:70: UserWarning: Invalid uuid: cinderv3. To ensure interoperability, identifiers should be a valid uuid. warnings.warn(('Invalid uuid: %s. To ensure interoperability, '
2026-05-26 17:04:37.172 8 INFO cinder.api.openstack.wsgi [None req-50f6558f-e424-4369-8bd9-e5e131593ef2 fe378b066d8c4947846e2b696f524747 11f166f41fc44eb2bde2e2a5761dead5 - - default default] GET http://cinder-api.openstack.svc.cluster.local:8776/v3/11f166f41fc44eb2bde2e2a5761dead5/volumes/0f2f24f0-e803-4eef-8656-6148e1062f60 /var/lib/openstack/lib/python3.12/site-packages/oslo_context/context.py:100: DeprecationWarning: Policy enforcement is depending on the value of is_admin. This key is deprecated. Please update your policy file to use the standard policy values. warnings.warn('Policy enforcement is depending on the value of '
2026-05-26 17:04:37.184 8 INFO cinder.volume.api [None req-50f6558f-e424-4369-8bd9-e5e131593ef2 fe378b066d8c4947846e2b696f524747 11f166f41fc44eb2bde2e2a5761dead5 - - default default] Volume info retrieved successfully.
2026-05-26 17:04:37.190 8 INFO cinder.api.openstack.wsgi [None req-50f6558f-e424-4369-8bd9-e5e131593ef2 fe378b066d8c4947846e2b696f524747 11f166f41fc44eb2bde2e2a5761dead5 - - default default] http://cinder-api.openstack.svc.cluster.local:8776/v3/11f166f41fc44eb2bde2e2a5761dead5/volumes/0f2f24f0-e803-4eef-8656-6148e1062f60 returned with HTTP 200 [pid: 8|app: 0|req: 367/739] 10.0.0.90 () {32 vars in 774 bytes} [Tue May 26 17:04:37 2026] GET /v3/11f166f41fc44eb2bde2e2a5761dead5/volumes/0f2f24f0-e803-4eef-8656-6148e1062f60 => generated 1002 bytes in 24 msecs (HTTP/1.1 200) 7 headers in 286 bytes (1 switches on core 0) /var/lib/openstack/lib/python3.12/site-packages/pycadf/identifier.py:70: UserWarning: Invalid uuid: cinderv3. To ensure interoperability, identifiers should be a valid uuid. warnings.warn(('Invalid uuid: %s. To ensure interoperability, '
2026-05-26 17:04:37.208 7 INFO cinder.api.openstack.wsgi [None req-560e8af9-1899-47bd-b8b5-76f40a1237ef fe378b066d8c4947846e2b696f524747 11f166f41fc44eb2bde2e2a5761dead5 - - default default] POST http://cinder-api.openstack.svc.cluster.local:8776/v3/11f166f41fc44eb2bde2e2a5761dead5/volumes
2026-05-26 17:04:37.211 7 INFO cinder.api.v3.volumes [None req-560e8af9-1899-47bd-b8b5-76f40a1237ef fe378b066d8c4947846e2b696f524747 11f166f41fc44eb2bde2e2a5761dead5 - - default default] Create volume of 1 GB
2026-05-26 17:04:37.217 7 INFO cinder.volume.api [None req-560e8af9-1899-47bd-b8b5-76f40a1237ef fe378b066d8c4947846e2b696f524747 11f166f41fc44eb2bde2e2a5761dead5 - - default default] Availability Zones retrieved successfully.
2026-05-26 17:04:37.332 7 INFO cinder.volume.api [None req-560e8af9-1899-47bd-b8b5-76f40a1237ef fe378b066d8c4947846e2b696f524747 11f166f41fc44eb2bde2e2a5761dead5 - - default default] Create volume request issued successfully.
2026-05-26 17:04:37.332 7 INFO cinder.api.openstack.wsgi [None req-560e8af9-1899-47bd-b8b5-76f40a1237ef fe378b066d8c4947846e2b696f524747 11f166f41fc44eb2bde2e2a5761dead5 - - default default] http://cinder-api.openstack.svc.cluster.local:8776/v3/11f166f41fc44eb2bde2e2a5761dead5/volumes returned with HTTP 202 [pid: 7|app: 0|req: 373/740] 10.0.0.90 () {34 vars in 722 bytes} [Tue May 26 17:04:37 2026] POST /v3/11f166f41fc44eb2bde2e2a5761dead5/volumes => generated 892 bytes in 129 msecs (HTTP/1.1 202) 7 headers in 291 bytes (1 switches on core 0) /var/lib/openstack/lib/python3.12/site-packages/pycadf/identifier.py:70: UserWarning: Invalid uuid: cinderv3. To ensure interoperability, identifiers should be a valid uuid. warnings.warn(('Invalid uuid: %s. To ensure interoperability, '
2026-05-26 17:04:37.355 8 INFO cinder.api.openstack.wsgi [None req-e977e57b-a410-4389-acaf-c9b8ae38ab0c fe378b066d8c4947846e2b696f524747 11f166f41fc44eb2bde2e2a5761dead5 - - default default] GET http://cinder-api.openstack.svc.cluster.local:8776/v3/11f166f41fc44eb2bde2e2a5761dead5/volumes/1afe2cda-391f-4889-a33e-5cd6593e2089 /var/lib/openstack/lib/python3.12/site-packages/oslo_context/context.py:100: DeprecationWarning: Policy enforcement is depending on the value of is_admin. This key is deprecated. Please update your policy file to use the standard policy values. warnings.warn('Policy enforcement is depending on the value of '
2026-05-26 17:04:37.369 8 INFO cinder.volume.api [None req-e977e57b-a410-4389-acaf-c9b8ae38ab0c fe378b066d8c4947846e2b696f524747 11f166f41fc44eb2bde2e2a5761dead5 - - default default] Volume info retrieved successfully.
2026-05-26 17:04:37.372 8 INFO cinder.api.openstack.wsgi [None req-e977e57b-a410-4389-acaf-c9b8ae38ab0c fe378b066d8c4947846e2b696f524747 11f166f41fc44eb2bde2e2a5761dead5 - - default default] http://cinder-api.openstack.svc.cluster.local:8776/v3/11f166f41fc44eb2bde2e2a5761dead5/volumes/1afe2cda-391f-4889-a33e-5cd6593e2089 returned with HTTP 200 [pid: 8|app: 0|req: 368/741] 10.0.0.90 () {32 vars in 774 bytes} [Tue May 26 17:04:37 2026] GET /v3/11f166f41fc44eb2bde2e2a5761dead5/volumes/1afe2cda-391f-4889-a33e-5cd6593e2089 => generated 960 bytes in 25 msecs (HTTP/1.1 200) 7 headers in 285 bytes (1 switches on core 0) /var/lib/openstack/lib/python3.12/site-packages/pycadf/identifier.py:70: UserWarning: Invalid uuid: cinderv3. To ensure interoperability, identifiers should be a valid uuid. warnings.warn(('Invalid uuid: %s. To ensure interoperability, '
2026-05-26 17:04:38.398 7 INFO cinder.api.openstack.wsgi [None req-a1d1a604-f8f5-4d6a-80b0-352c0109043b fe378b066d8c4947846e2b696f524747 11f166f41fc44eb2bde2e2a5761dead5 - - default default] GET http://cinder-api.openstack.svc.cluster.local:8776/v3/11f166f41fc44eb2bde2e2a5761dead5/volumes/1afe2cda-391f-4889-a33e-5cd6593e2089 /var/lib/openstack/lib/python3.12/site-packages/oslo_context/context.py:100: DeprecationWarning: Policy enforcement is depending on the value of is_admin. This key is deprecated. Please update your policy file to use the standard policy values. warnings.warn('Policy enforcement is depending on the value of '
2026-05-26 17:04:38.419 7 INFO cinder.volume.api [None req-a1d1a604-f8f5-4d6a-80b0-352c0109043b fe378b066d8c4947846e2b696f524747 11f166f41fc44eb2bde2e2a5761dead5 - - default default] Volume info retrieved successfully.
2026-05-26 17:04:38.424 7 INFO cinder.api.openstack.wsgi [None req-a1d1a604-f8f5-4d6a-80b0-352c0109043b fe378b066d8c4947846e2b696f524747 11f166f41fc44eb2bde2e2a5761dead5 - - default default] http://cinder-api.openstack.svc.cluster.local:8776/v3/11f166f41fc44eb2bde2e2a5761dead5/volumes/1afe2cda-391f-4889-a33e-5cd6593e2089 returned with HTTP 200 [pid: 7|app: 0|req: 374/742] 10.0.0.90 () {32 vars in 774 bytes} [Tue May 26 17:04:38 2026] GET /v3/11f166f41fc44eb2bde2e2a5761dead5/volumes/1afe2cda-391f-4889-a33e-5cd6593e2089 => generated 985 bytes in 34 msecs (HTTP/1.1 200) 7 headers in 285 bytes (1 switches on core 0) /var/lib/openstack/lib/python3.12/site-packages/pycadf/identifier.py:70: UserWarning: Invalid uuid: cinderv3. To ensure interoperability, identifiers should be a valid uuid. warnings.warn(('Invalid uuid: %s. To ensure interoperability, '
2026-05-26 17:04:38.448 8 INFO cinder.api.openstack.wsgi [None req-a8f3c0aa-afee-4a7b-a318-f46b56de8b9c fe378b066d8c4947846e2b696f524747 11f166f41fc44eb2bde2e2a5761dead5 - - default default] PUT http://cinder-api.openstack.svc.cluster.local:8776/v3/11f166f41fc44eb2bde2e2a5761dead5/volumes/1afe2cda-391f-4889-a33e-5cd6593e2089 /var/lib/openstack/lib/python3.12/site-packages/oslo_context/context.py:100: DeprecationWarning: Policy enforcement is depending on the value of is_admin. This key is deprecated. Please update your policy file to use the standard policy values. warnings.warn('Policy enforcement is depending on the value of '
2026-05-26 17:04:38.462 8 INFO cinder.volume.api [None req-a8f3c0aa-afee-4a7b-a318-f46b56de8b9c fe378b066d8c4947846e2b696f524747 11f166f41fc44eb2bde2e2a5761dead5 - - default default] Volume info retrieved successfully.
2026-05-26 17:04:38.470 8 INFO cinder.volume.api [None req-a8f3c0aa-afee-4a7b-a318-f46b56de8b9c fe378b066d8c4947846e2b696f524747 11f166f41fc44eb2bde2e2a5761dead5 - - default default] Volume updated successfully.
2026-05-26 17:04:38.470 8 INFO cinder.api.openstack.wsgi [None req-a8f3c0aa-afee-4a7b-a318-f46b56de8b9c fe378b066d8c4947846e2b696f524747 11f166f41fc44eb2bde2e2a5761dead5 - - default default] http://cinder-api.openstack.svc.cluster.local:8776/v3/11f166f41fc44eb2bde2e2a5761dead5/volumes/1afe2cda-391f-4889-a33e-5cd6593e2089 returned with HTTP 200 [pid: 8|app: 0|req: 369/743] 10.0.0.90 () {34 vars in 794 bytes} [Tue May 26 17:04:38 2026] PUT /v3/11f166f41fc44eb2bde2e2a5761dead5/volumes/1afe2cda-391f-4889-a33e-5cd6593e2089 => generated 882 bytes in 27 msecs (HTTP/1.1 200) 7 headers in 285 bytes (1 switches on core 0) /var/lib/openstack/lib/python3.12/site-packages/pycadf/identifier.py:70: UserWarning: Invalid uuid: cinderv3. To ensure interoperability, identifiers should be a valid uuid. warnings.warn(('Invalid uuid: %s. To ensure interoperability, '
2026-05-26 17:04:38.491 7 INFO cinder.api.openstack.wsgi [None req-08c463da-9e21-4d79-ab9b-393e2e640603 fe378b066d8c4947846e2b696f524747 11f166f41fc44eb2bde2e2a5761dead5 - - default default] GET http://cinder-api.openstack.svc.cluster.local:8776/v3/11f166f41fc44eb2bde2e2a5761dead5/volumes/1afe2cda-391f-4889-a33e-5cd6593e2089 /var/lib/openstack/lib/python3.12/site-packages/oslo_context/context.py:100: DeprecationWarning: Policy enforcement is depending on the value of is_admin. This key is deprecated. Please update your policy file to use the standard policy values. warnings.warn('Policy enforcement is depending on the value of '
2026-05-26 17:04:38.505 7 INFO cinder.volume.api [None req-08c463da-9e21-4d79-ab9b-393e2e640603 fe378b066d8c4947846e2b696f524747 11f166f41fc44eb2bde2e2a5761dead5 - - default default] Volume info retrieved successfully.
2026-05-26 17:04:38.509 7 INFO cinder.api.openstack.wsgi [None req-08c463da-9e21-4d79-ab9b-393e2e640603 fe378b066d8c4947846e2b696f524747 11f166f41fc44eb2bde2e2a5761dead5 - - default default] http://cinder-api.openstack.svc.cluster.local:8776/v3/11f166f41fc44eb2bde2e2a5761dead5/volumes/1afe2cda-391f-4889-a33e-5cd6593e2089 returned with HTTP 200 [pid: 7|app: 0|req: 375/744] 10.0.0.90 () {32 vars in 774 bytes} [Tue May 26 17:04:38 2026] GET /v3/11f166f41fc44eb2bde2e2a5761dead5/volumes/1afe2cda-391f-4889-a33e-5cd6593e2089 => generated 950 bytes in 26 msecs (HTTP/1.1 200) 7 headers in 285 bytes (1 switches on core 0) /var/lib/openstack/lib/python3.12/site-packages/pycadf/identifier.py:70: UserWarning: Invalid uuid: cinderv3. To ensure interoperability, identifiers should be a valid uuid. warnings.warn(('Invalid uuid: %s. To ensure interoperability, '
2026-05-26 17:04:38.526 8 INFO cinder.api.openstack.wsgi [None req-bb052e8d-4afd-41ce-ba40-a5ba7a2fb758 fe378b066d8c4947846e2b696f524747 11f166f41fc44eb2bde2e2a5761dead5 - - default default] DELETE http://cinder-api.openstack.svc.cluster.local:8776/v3/11f166f41fc44eb2bde2e2a5761dead5/volumes/1afe2cda-391f-4889-a33e-5cd6593e2089
2026-05-26 17:04:38.526 8 INFO cinder.api.v3.volumes [None req-bb052e8d-4afd-41ce-ba40-a5ba7a2fb758 fe378b066d8c4947846e2b696f524747 11f166f41fc44eb2bde2e2a5761dead5 - - default default] Delete volume with id: 1afe2cda-391f-4889-a33e-5cd6593e2089 /var/lib/openstack/lib/python3.12/site-packages/oslo_context/context.py:100: DeprecationWarning: Policy enforcement is depending on the value of is_admin. This key is deprecated. Please update your policy file to use the standard policy values. warnings.warn('Policy enforcement is depending on the value of '
2026-05-26 17:04:38.537 8 INFO cinder.volume.api [None req-bb052e8d-4afd-41ce-ba40-a5ba7a2fb758 fe378b066d8c4947846e2b696f524747 11f166f41fc44eb2bde2e2a5761dead5 - - default default] Volume info retrieved successfully.
2026-05-26 17:04:38.570 8 INFO cinder.volume.api [None req-bb052e8d-4afd-41ce-ba40-a5ba7a2fb758 fe378b066d8c4947846e2b696f524747 11f166f41fc44eb2bde2e2a5761dead5 - - default default] Delete volume request issued successfully.
2026-05-26 17:04:38.570 8 INFO cinder.api.openstack.wsgi [None req-bb052e8d-4afd-41ce-ba40-a5ba7a2fb758 fe378b066d8c4947846e2b696f524747 11f166f41fc44eb2bde2e2a5761dead5 - - default default] http://cinder-api.openstack.svc.cluster.local:8776/v3/11f166f41fc44eb2bde2e2a5761dead5/volumes/1afe2cda-391f-4889-a33e-5cd6593e2089 returned with HTTP 202 [pid: 8|app: 0|req: 370/745] 10.0.0.90 () {32 vars in 777 bytes} [Tue May 26 17:04:38 2026] DELETE /v3/11f166f41fc44eb2bde2e2a5761dead5/volumes/1afe2cda-391f-4889-a33e-5cd6593e2089 => generated 0 bytes in 50 msecs (HTTP/1.1 202) 6 headers in 233 bytes (1 switches on core 0) /var/lib/openstack/lib/python3.12/site-packages/pycadf/identifier.py:70: UserWarning: Invalid uuid: cinderv3. To ensure interoperability, identifiers should be a valid uuid. warnings.warn(('Invalid uuid: %s. To ensure interoperability, '
2026-05-26 17:04:38.579 7 INFO cinder.api.openstack.wsgi [None req-b2b82eee-b325-4f53-a5a0-76eed46568d5 fe378b066d8c4947846e2b696f524747 11f166f41fc44eb2bde2e2a5761dead5 - - default default] GET http://cinder-api.openstack.svc.cluster.local:8776/v3/11f166f41fc44eb2bde2e2a5761dead5/volumes/1afe2cda-391f-4889-a33e-5cd6593e2089 /var/lib/openstack/lib/python3.12/site-packages/oslo_context/context.py:100: DeprecationWarning: Policy enforcement is depending on the value of is_admin. This key is deprecated. Please update your policy file to use the standard policy values. warnings.warn('Policy enforcement is depending on the value of '
2026-05-26 17:04:38.592 7 INFO cinder.volume.api [None req-b2b82eee-b325-4f53-a5a0-76eed46568d5 fe378b066d8c4947846e2b696f524747 11f166f41fc44eb2bde2e2a5761dead5 - - default default] Volume info retrieved successfully.
2026-05-26 17:04:38.596 7 INFO cinder.api.openstack.wsgi [None req-b2b82eee-b325-4f53-a5a0-76eed46568d5 fe378b066d8c4947846e2b696f524747 11f166f41fc44eb2bde2e2a5761dead5 - - default default] http://cinder-api.openstack.svc.cluster.local:8776/v3/11f166f41fc44eb2bde2e2a5761dead5/volumes/1afe2cda-391f-4889-a33e-5cd6593e2089 returned with HTTP 200 [pid: 7|app: 0|req: 376/746] 10.0.0.90 () {32 vars in 774 bytes} [Tue May 26 17:04:38 2026] GET /v3/11f166f41fc44eb2bde2e2a5761dead5/volumes/1afe2cda-391f-4889-a33e-5cd6593e2089 => generated 949 bytes in 23 msecs (HTTP/1.1 200) 7 headers in 285 bytes (1 switches on core 0) /var/lib/openstack/lib/python3.12/site-packages/pycadf/identifier.py:70: UserWarning: Invalid uuid: cinderv3. To ensure interoperability, identifiers should be a valid uuid. warnings.warn(('Invalid uuid: %s. To ensure interoperability, '
2026-05-26 17:04:39.623 8 INFO cinder.api.openstack.wsgi [None req-a4eeb541-40fb-4d27-8356-b1737ca5f2e7 fe378b066d8c4947846e2b696f524747 11f166f41fc44eb2bde2e2a5761dead5 - - default default] GET http://cinder-api.openstack.svc.cluster.local:8776/v3/11f166f41fc44eb2bde2e2a5761dead5/volumes/1afe2cda-391f-4889-a33e-5cd6593e2089
2026-05-26 17:04:39.631 8 INFO cinder.api.openstack.wsgi [None req-a4eeb541-40fb-4d27-8356-b1737ca5f2e7 fe378b066d8c4947846e2b696f524747 11f166f41fc44eb2bde2e2a5761dead5 - - default default] http://cinder-api.openstack.svc.cluster.local:8776/v3/11f166f41fc44eb2bde2e2a5761dead5/volumes/1afe2cda-391f-4889-a33e-5cd6593e2089 returned with HTTP 404 [pid: 8|app: 0|req: 371/747] 10.0.0.90 () {32 vars in 774 bytes} [Tue May 26 17:04:39 2026] GET /v3/11f166f41fc44eb2bde2e2a5761dead5/volumes/1afe2cda-391f-4889-a33e-5cd6593e2089 => generated 109 bytes in 16 msecs (HTTP/1.1 404) 7 headers in 292 bytes (1 switches on core 0) /var/lib/openstack/lib/python3.12/site-packages/pycadf/identifier.py:70: UserWarning: Invalid uuid: cinderv3. To ensure interoperability, identifiers should be a valid uuid. warnings.warn(('Invalid uuid: %s. To ensure interoperability, '
2026-05-26 17:04:39.642 7 INFO cinder.api.openstack.wsgi [None req-51f889a9-4357-452d-8aa5-4747ff0bf207 fe378b066d8c4947846e2b696f524747 11f166f41fc44eb2bde2e2a5761dead5 - - default default] GET http://cinder-api.openstack.svc.cluster.local:8776/v3/11f166f41fc44eb2bde2e2a5761dead5/volumes/0f2f24f0-e803-4eef-8656-6148e1062f60 /var/lib/openstack/lib/python3.12/site-packages/oslo_context/context.py:100: DeprecationWarning: Policy enforcement is depending on the value of is_admin. This key is deprecated. Please update your policy file to use the standard policy values. warnings.warn('Policy enforcement is depending on the value of '
2026-05-26 17:04:39.653 7 INFO cinder.volume.api [None req-51f889a9-4357-452d-8aa5-4747ff0bf207 fe378b066d8c4947846e2b696f524747 11f166f41fc44eb2bde2e2a5761dead5 - - default default] Volume info retrieved successfully.
2026-05-26 17:04:39.657 7 INFO cinder.api.openstack.wsgi [None req-51f889a9-4357-452d-8aa5-4747ff0bf207 fe378b066d8c4947846e2b696f524747 11f166f41fc44eb2bde2e2a5761dead5 - - default default] http://cinder-api.openstack.svc.cluster.local:8776/v3/11f166f41fc44eb2bde2e2a5761dead5/volumes/0f2f24f0-e803-4eef-8656-6148e1062f60 returned with HTTP 200 [pid: 7|app: 0|req: 377/748] 10.0.0.90 () {32 vars in 774 bytes} [Tue May 26 17:04:39 2026] GET /v3/11f166f41fc44eb2bde2e2a5761dead5/volumes/0f2f24f0-e803-4eef-8656-6148e1062f60 => generated 1002 bytes in 21 msecs (HTTP/1.1 200) 7 headers in 286 bytes (1 switches on core 0)
2026-05-26 17:04:39.676 8 INFO cinder.api.openstack.wsgi [None req-e50a3d34-10f9-479e-9a72-2a476e5d349e fe378b066d8c4947846e2b696f524747 11f166f41fc44eb2bde2e2a5761dead5 - - default default] DELETE http://cinder-api.openstack.svc.cluster.local:8776/v3/11f166f41fc44eb2bde2e2a5761dead5/volumes/0f2f24f0-e803-4eef-8656-6148e1062f60
2026-05-26 17:04:39.677 8 INFO cinder.api.v3.volumes [None req-e50a3d34-10f9-479e-9a72-2a476e5d349e fe378b066d8c4947846e2b696f524747 11f166f41fc44eb2bde2e2a5761dead5 - - default default] Delete volume with id: 0f2f24f0-e803-4eef-8656-6148e1062f60 /var/lib/openstack/lib/python3.12/site-packages/oslo_context/context.py:100: DeprecationWarning: Policy enforcement is depending on the value of is_admin. This key is deprecated. Please update your policy file to use the standard policy values. warnings.warn('Policy enforcement is depending on the value of '
2026-05-26 17:04:39.686 8 INFO cinder.volume.api [None req-e50a3d34-10f9-479e-9a72-2a476e5d349e fe378b066d8c4947846e2b696f524747 11f166f41fc44eb2bde2e2a5761dead5 - - default default] Volume info retrieved successfully.
2026-05-26 17:04:39.714 8 INFO cinder.volume.api [None req-e50a3d34-10f9-479e-9a72-2a476e5d349e fe378b066d8c4947846e2b696f524747 11f166f41fc44eb2bde2e2a5761dead5 - - default default] Delete volume request issued successfully.
2026-05-26 17:04:39.714 8 INFO cinder.api.openstack.wsgi [None req-e50a3d34-10f9-479e-9a72-2a476e5d349e fe378b066d8c4947846e2b696f524747 11f166f41fc44eb2bde2e2a5761dead5 - - default default] http://cinder-api.openstack.svc.cluster.local:8776/v3/11f166f41fc44eb2bde2e2a5761dead5/volumes/0f2f24f0-e803-4eef-8656-6148e1062f60 returned with HTTP 202 [pid: 8|app: 0|req: 372/749] 10.0.0.90 () {32 vars in 777 bytes} [Tue May 26 17:04:39 2026] DELETE /v3/11f166f41fc44eb2bde2e2a5761dead5/volumes/0f2f24f0-e803-4eef-8656-6148e1062f60 => generated 0 bytes in 43 msecs (HTTP/1.1 202) 6 headers in 233 bytes (1 switches on core 0) /var/lib/openstack/lib/python3.12/site-packages/pycadf/identifier.py:70: UserWarning: Invalid uuid: cinderv3. To ensure interoperability, identifiers should be a valid uuid. warnings.warn(('Invalid uuid: %s. To ensure interoperability, '
2026-05-26 17:04:39.725 8 INFO cinder.api.openstack.wsgi [None req-5c64a00d-b838-4db5-9e7c-815c0122c019 fe378b066d8c4947846e2b696f524747 11f166f41fc44eb2bde2e2a5761dead5 - - default default] GET http://cinder-api.openstack.svc.cluster.local:8776/v3/11f166f41fc44eb2bde2e2a5761dead5/volumes/0f2f24f0-e803-4eef-8656-6148e1062f60 /var/lib/openstack/lib/python3.12/site-packages/oslo_context/context.py:100: DeprecationWarning: Policy enforcement is depending on the value of is_admin. This key is deprecated. Please update your policy file to use the standard policy values. warnings.warn('Policy enforcement is depending on the value of '
2026-05-26 17:04:39.737 8 INFO cinder.volume.api [None req-5c64a00d-b838-4db5-9e7c-815c0122c019 fe378b066d8c4947846e2b696f524747 11f166f41fc44eb2bde2e2a5761dead5 - - default default] Volume info retrieved successfully.
2026-05-26 17:04:39.741 8 INFO cinder.api.openstack.wsgi [None req-5c64a00d-b838-4db5-9e7c-815c0122c019 fe378b066d8c4947846e2b696f524747 11f166f41fc44eb2bde2e2a5761dead5 - - default default] http://cinder-api.openstack.svc.cluster.local:8776/v3/11f166f41fc44eb2bde2e2a5761dead5/volumes/0f2f24f0-e803-4eef-8656-6148e1062f60 returned with HTTP 200 [pid: 8|app: 0|req: 373/750] 10.0.0.90 () {32 vars in 774 bytes} [Tue May 26 17:04:39 2026] GET /v3/11f166f41fc44eb2bde2e2a5761dead5/volumes/0f2f24f0-e803-4eef-8656-6148e1062f60 => generated 1001 bytes in 20 msecs (HTTP/1.1 200) 7 headers in 286 bytes (1 switches on core 0) /var/lib/openstack/lib/python3.12/site-packages/pycadf/identifier.py:70: UserWarning: Invalid uuid: cinderv3. To ensure interoperability, identifiers should be a valid uuid. warnings.warn(('Invalid uuid: %s. To ensure interoperability, '
2026-05-26 17:04:39.832 7 INFO cinder.api.openstack.wsgi [None req-d8be57af-baab-4601-bbae-4ae322035090 a72b4f244a5d40fab3d0cf37137d2763 9548d8f5e0ed481bb32361aeafdfa92c - - default default] GET http://cinder-api.openstack.svc.cluster.local:8776/v3/9548d8f5e0ed481bb32361aeafdfa92c/snapshots?all_tenants=true
2026-05-26 17:04:39.839 7 INFO cinder.volume.api [None req-d8be57af-baab-4601-bbae-4ae322035090 a72b4f244a5d40fab3d0cf37137d2763 9548d8f5e0ed481bb32361aeafdfa92c - - default default] Get all snapshots completed successfully.
2026-05-26 17:04:39.840 7 INFO cinder.api.openstack.wsgi [None req-d8be57af-baab-4601-bbae-4ae322035090 a72b4f244a5d40fab3d0cf37137d2763 9548d8f5e0ed481bb32361aeafdfa92c - - default default] http://cinder-api.openstack.svc.cluster.local:8776/v3/9548d8f5e0ed481bb32361aeafdfa92c/snapshots?all_tenants=true returned with HTTP 200 [pid: 7|app: 0|req: 378/751] 10.0.0.250 () {28 vars in 674 bytes} [Tue May 26 17:04:39 2026] GET /v3/9548d8f5e0ed481bb32361aeafdfa92c/snapshots?all_tenants=true => generated 17 bytes in 139 msecs (HTTP/1.1 200) 7 headers in 284 bytes (1 switches on core 0) /var/lib/openstack/lib/python3.12/site-packages/pycadf/identifier.py:70: UserWarning: Invalid uuid: cinderv3. To ensure interoperability, identifiers should be a valid uuid. warnings.warn(('Invalid uuid: %s. To ensure interoperability, '
2026-05-26 17:04:39.854 8 INFO cinder.api.openstack.wsgi [None req-b971f0c1-8445-4f0b-a6d0-a5d4d5148cff a72b4f244a5d40fab3d0cf37137d2763 9548d8f5e0ed481bb32361aeafdfa92c - - default default] GET http://cinder-api.openstack.svc.cluster.local:8776/v3/9548d8f5e0ed481bb32361aeafdfa92c/scheduler-stats/get_pools?detail=true
2026-05-26 17:04:40.358 8 INFO cinder.api.openstack.wsgi [None req-b971f0c1-8445-4f0b-a6d0-a5d4d5148cff a72b4f244a5d40fab3d0cf37137d2763 9548d8f5e0ed481bb32361aeafdfa92c - - default default] http://cinder-api.openstack.svc.cluster.local:8776/v3/9548d8f5e0ed481bb32361aeafdfa92c/scheduler-stats/get_pools?detail=true returned with HTTP 200 [pid: 8|app: 0|req: 374/752] 10.0.0.250 () {28 vars in 696 bytes} [Tue May 26 17:04:39 2026] GET /v3/9548d8f5e0ed481bb32361aeafdfa92c/scheduler-stats/get_pools?detail=true => generated 670 bytes in 514 msecs (HTTP/1.1 200) 7 headers in 285 bytes (1 switches on core 0)
2026-05-26 17:04:40.366 7 INFO cinder.api.openstack.wsgi [None req-51596258-aeca-4959-87d3-3fe8f78f598e a72b4f244a5d40fab3d0cf37137d2763 9548d8f5e0ed481bb32361aeafdfa92c - - default default] GET http://cinder-api.openstack.svc.cluster.local:8776/v3/9548d8f5e0ed481bb32361aeafdfa92c/volumes/detail?all_tenants=true
2026-05-26 17:04:40.372 7 INFO cinder.volume.api [None req-51596258-aeca-4959-87d3-3fe8f78f598e a72b4f244a5d40fab3d0cf37137d2763 9548d8f5e0ed481bb32361aeafdfa92c - - default default] Get all volumes completed successfully.
2026-05-26 17:04:40.374 7 INFO cinder.api.openstack.wsgi [None req-51596258-aeca-4959-87d3-3fe8f78f598e a72b4f244a5d40fab3d0cf37137d2763 9548d8f5e0ed481bb32361aeafdfa92c - - default default] http://cinder-api.openstack.svc.cluster.local:8776/v3/9548d8f5e0ed481bb32361aeafdfa92c/volumes/detail?all_tenants=true returned with HTTP 200 [pid: 7|app: 0|req: 379/753] 10.0.0.250 () {28 vars in 684 bytes} [Tue May 26 17:04:40 2026] GET /v3/9548d8f5e0ed481bb32361aeafdfa92c/volumes/detail?all_tenants=true => generated 15 bytes in 11 msecs (HTTP/1.1 200) 7 headers in 284 bytes (1 switches on core 0)
