2026-05-26 17:03:07.820 8 INFO placement.requestlog [None req-19248bef-50a6-4e17-8b8a-2a31ad462572 e17876cc28f040ae84b3893c39dc575a 9e0b26bc213547eab0e266ad5d01dcc9 - - 7ac834c574dc45b689d2cf1e33543921 7ac834c574dc45b689d2cf1e33543921] 10.0.0.47 "DELETE /resource_providers/63c55664-acec-450d-b59e-69dac11cb580" status: 404 len: 246 microversion: 1.1 [pid: 8|app: 0|req: 326/658] 10.0.0.47 () {34 vars in 814 bytes} [Tue May 26 17:03:07 2026] DELETE /resource_providers/63c55664-acec-450d-b59e-69dac11cb580 => generated 246 bytes in 24 msecs (HTTP/1.1 404) 6 headers in 231 bytes (1 switches on core 0)
2026-05-26 17:03:09.466 7 INFO placement.requestlog [None req-0aaac108-b1b8-417c-b6cc-a1994d78dd76 e17876cc28f040ae84b3893c39dc575a 9e0b26bc213547eab0e266ad5d01dcc9 - - 7ac834c574dc45b689d2cf1e33543921 7ac834c574dc45b689d2cf1e33543921] 10.0.0.47 "GET /resource_providers/dd10f4ce-f362-42b4-9f48-58e2d9353e10/aggregates" status: 404 len: 235 microversion: 1.1 [pid: 7|app: 0|req: 333/659] 10.0.0.47 () {32 vars in 814 bytes} [Tue May 26 17:03:09 2026] GET /resource_providers/dd10f4ce-f362-42b4-9f48-58e2d9353e10/aggregates => generated 235 bytes in 10 msecs (HTTP/1.1 404) 5 headers in 202 bytes (1 switches on core 0)
2026-05-26 17:03:09.468 8 INFO placement.requestlog [None req-f0366fb5-ceed-4a18-9973-eea97bae4337 e17876cc28f040ae84b3893c39dc575a 9e0b26bc213547eab0e266ad5d01dcc9 - - 7ac834c574dc45b689d2cf1e33543921 7ac834c574dc45b689d2cf1e33543921] 10.0.0.47 "GET /resource_providers/dd10f4ce-f362-42b4-9f48-58e2d9353e10/aggregates" status: 404 len: 235 microversion: 1.1 [pid: 8|app: 0|req: 327/660] 10.0.0.47 () {32 vars in 814 bytes} [Tue May 26 17:03:09 2026] GET /resource_providers/dd10f4ce-f362-42b4-9f48-58e2d9353e10/aggregates => generated 235 bytes in 9 msecs (HTTP/1.1 404) 5 headers in 202 bytes (1 switches on core 0)
2026-05-26 17:03:09.490 7 INFO placement.requestlog [None req-f9795a5f-957c-4557-a12e-4a9e94befdbc e17876cc28f040ae84b3893c39dc575a 9e0b26bc213547eab0e266ad5d01dcc9 - - 7ac834c574dc45b689d2cf1e33543921 7ac834c574dc45b689d2cf1e33543921] 10.0.0.47 "DELETE /resource_providers/dd10f4ce-f362-42b4-9f48-58e2d9353e10" status: 404 len: 246 microversion: 1.1 [pid: 7|app: 0|req: 334/661] 10.0.0.47 () {34 vars in 814 bytes} [Tue May 26 17:03:09 2026] DELETE /resource_providers/dd10f4ce-f362-42b4-9f48-58e2d9353e10 => generated 246 bytes in 9 msecs (HTTP/1.1 404) 6 headers in 231 bytes (1 switches on core 0)
2026-05-26 17:03:09.493 8 INFO placement.requestlog [None req-4f90836e-581f-4d30-8728-0580c57d896d e17876cc28f040ae84b3893c39dc575a 9e0b26bc213547eab0e266ad5d01dcc9 - - 7ac834c574dc45b689d2cf1e33543921 7ac834c574dc45b689d2cf1e33543921] 10.0.0.47 "DELETE /resource_providers/dd10f4ce-f362-42b4-9f48-58e2d9353e10" status: 404 len: 246 microversion: 1.1 [pid: 8|app: 0|req: 328/662] 10.0.0.47 () {34 vars in 814 bytes} [Tue May 26 17:03:09 2026] DELETE /resource_providers/dd10f4ce-f362-42b4-9f48-58e2d9353e10 => generated 246 bytes in 9 msecs (HTTP/1.1 404) 6 headers in 231 bytes (1 switches on core 0)
2026-05-26 17:03:09.509 7 INFO placement.requestlog [None req-57a8e6ae-3093-49fc-95ac-68992ae0215b e17876cc28f040ae84b3893c39dc575a 9e0b26bc213547eab0e266ad5d01dcc9 - - 7ac834c574dc45b689d2cf1e33543921 7ac834c574dc45b689d2cf1e33543921] 10.0.0.47 "GET /resource_providers/8123c851-8e31-4bd3-a08b-ce9ae2a6dfe5/aggregates" status: 404 len: 235 microversion: 1.1 [pid: 7|app: 0|req: 335/663] 10.0.0.47 () {32 vars in 814 bytes} [Tue May 26 17:03:09 2026] GET /resource_providers/8123c851-8e31-4bd3-a08b-ce9ae2a6dfe5/aggregates => generated 235 bytes in 8 msecs (HTTP/1.1 404) 5 headers in 202 bytes (1 switches on core 0)
2026-05-26 17:03:09.513 8 INFO placement.requestlog [None req-4e396afd-6bac-4b75-8e4d-b3b1acdf33b7 e17876cc28f040ae84b3893c39dc575a 9e0b26bc213547eab0e266ad5d01dcc9 - - 7ac834c574dc45b689d2cf1e33543921 7ac834c574dc45b689d2cf1e33543921] 10.0.0.47 "GET /resource_providers/8123c851-8e31-4bd3-a08b-ce9ae2a6dfe5/aggregates" status: 404 len: 235 microversion: 1.1 [pid: 8|app: 0|req: 329/664] 10.0.0.47 () {32 vars in 814 bytes} [Tue May 26 17:03:09 2026] GET /resource_providers/8123c851-8e31-4bd3-a08b-ce9ae2a6dfe5/aggregates => generated 235 bytes in 9 msecs (HTTP/1.1 404) 5 headers in 202 bytes (1 switches on core 0)
2026-05-26 17:03:09.524 7 INFO placement.requestlog [None req-24ce0ff0-57b0-4b41-af55-7b426c722fda e17876cc28f040ae84b3893c39dc575a 9e0b26bc213547eab0e266ad5d01dcc9 - - 7ac834c574dc45b689d2cf1e33543921 7ac834c574dc45b689d2cf1e33543921] 10.0.0.47 "DELETE /resource_providers/8123c851-8e31-4bd3-a08b-ce9ae2a6dfe5" status: 404 len: 246 microversion: 1.1 [pid: 7|app: 0|req: 336/665] 10.0.0.47 () {34 vars in 814 bytes} [Tue May 26 17:03:09 2026] DELETE /resource_providers/8123c851-8e31-4bd3-a08b-ce9ae2a6dfe5 => generated 246 bytes in 6 msecs (HTTP/1.1 404) 6 headers in 231 bytes (1 switches on core 0)
2026-05-26 17:03:09.527 8 INFO placement.requestlog [None req-b4f0ef12-6847-46fd-b0b2-50404fc97145 e17876cc28f040ae84b3893c39dc575a 9e0b26bc213547eab0e266ad5d01dcc9 - - 7ac834c574dc45b689d2cf1e33543921 7ac834c574dc45b689d2cf1e33543921] 10.0.0.47 "DELETE /resource_providers/8123c851-8e31-4bd3-a08b-ce9ae2a6dfe5" status: 404 len: 246 microversion: 1.1 [pid: 8|app: 0|req: 330/666] 10.0.0.47 () {34 vars in 814 bytes} [Tue May 26 17:03:09 2026] DELETE /resource_providers/8123c851-8e31-4bd3-a08b-ce9ae2a6dfe5 => generated 246 bytes in 7 msecs (HTTP/1.1 404) 6 headers in 231 bytes (1 switches on core 0)
2026-05-26 17:03:09.540 7 INFO placement.requestlog [None req-d8245c97-5ef9-43c8-95a3-9a55a1072c26 e17876cc28f040ae84b3893c39dc575a 9e0b26bc213547eab0e266ad5d01dcc9 - - 7ac834c574dc45b689d2cf1e33543921 7ac834c574dc45b689d2cf1e33543921] 10.0.0.47 "GET /resource_providers/f626f2d1-2965-436a-b02a-e1b9188ab64a/aggregates" status: 404 len: 235 microversion: 1.1 [pid: 7|app: 0|req: 337/667] 10.0.0.47 () {32 vars in 814 bytes} [Tue May 26 17:03:09 2026] GET /resource_providers/f626f2d1-2965-436a-b02a-e1b9188ab64a/aggregates => generated 235 bytes in 7 msecs (HTTP/1.1 404) 5 headers in 202 bytes (1 switches on core 0)
2026-05-26 17:03:09.540 8 INFO placement.requestlog [None req-2edae059-cfe6-42de-ad11-0a1c009010c8 e17876cc28f040ae84b3893c39dc575a 9e0b26bc213547eab0e266ad5d01dcc9 - - 7ac834c574dc45b689d2cf1e33543921 7ac834c574dc45b689d2cf1e33543921] 10.0.0.47 "GET /resource_providers/f626f2d1-2965-436a-b02a-e1b9188ab64a/aggregates" status: 404 len: 235 microversion: 1.1 [pid: 8|app: 0|req: 331/668] 10.0.0.47 () {32 vars in 814 bytes} [Tue May 26 17:03:09 2026] GET /resource_providers/f626f2d1-2965-436a-b02a-e1b9188ab64a/aggregates => generated 235 bytes in 6 msecs (HTTP/1.1 404) 5 headers in 202 bytes (1 switches on core 0)
2026-05-26 17:03:09.560 7 INFO placement.requestlog [None req-c7b23434-67db-43b9-a846-df1617dff82f e17876cc28f040ae84b3893c39dc575a 9e0b26bc213547eab0e266ad5d01dcc9 - - 7ac834c574dc45b689d2cf1e33543921 7ac834c574dc45b689d2cf1e33543921] 10.0.0.47 "DELETE /resource_providers/f626f2d1-2965-436a-b02a-e1b9188ab64a" status: 404 len: 246 microversion: 1.1 [pid: 7|app: 0|req: 338/669] 10.0.0.47 () {34 vars in 814 bytes} [Tue May 26 17:03:09 2026] DELETE /resource_providers/f626f2d1-2965-436a-b02a-e1b9188ab64a => generated 246 bytes in 11 msecs (HTTP/1.1 404) 6 headers in 231 bytes (1 switches on core 0)
2026-05-26 17:03:09.571 8 INFO placement.requestlog [None req-b3211c2b-dc92-43fb-9710-889e433a16c6 e17876cc28f040ae84b3893c39dc575a 9e0b26bc213547eab0e266ad5d01dcc9 - - 7ac834c574dc45b689d2cf1e33543921 7ac834c574dc45b689d2cf1e33543921] 10.0.0.47 "DELETE /resource_providers/f626f2d1-2965-436a-b02a-e1b9188ab64a" status: 404 len: 246 microversion: 1.1 [pid: 8|app: 0|req: 332/670] 10.0.0.47 () {34 vars in 814 bytes} [Tue May 26 17:03:09 2026] DELETE /resource_providers/f626f2d1-2965-436a-b02a-e1b9188ab64a => generated 246 bytes in 10 msecs (HTTP/1.1 404) 6 headers in 231 bytes (1 switches on core 0)
2026-05-26 17:03:10.412 7 INFO placement.requestlog [req-86fcad69-1e8c-4a71-802e-9c0f97db2821 req-9c96bcb0-3216-46f4-839a-061ec9503d34 fc018ecf9334413da5371eaadcb46e85 9e0b26bc213547eab0e266ad5d01dcc9 - - 7ac834c574dc45b689d2cf1e33543921 7ac834c574dc45b689d2cf1e33543921] 10.0.0.3 "GET /allocation_candidates?limit=1000&resources=DISK_GB%3A1%2CMEMORY_MB%3A512%2CVCPU%3A1&root_required=%21COMPUTE_STATUS_DISABLED" status: 200 len: 2444 microversion: 1.36 [pid: 7|app: 0|req: 339/671] 10.0.0.3 () {34 vars in 1009 bytes} [Tue May 26 17:03:10 2026] GET /allocation_candidates?limit=1000&resources=DISK_GB%3A1%2CMEMORY_MB%3A512%2CVCPU%3A1&root_required=%21COMPUTE_STATUS_DISABLED => generated 2444 bytes in 52 msecs (HTTP/1.1 200) 8 headers in 297 bytes (1 switches on core 0)
2026-05-26 17:03:10.447 8 INFO placement.requestlog [req-86fcad69-1e8c-4a71-802e-9c0f97db2821 req-ff7729eb-1685-4447-910a-ddf6f41baf98 fc018ecf9334413da5371eaadcb46e85 9e0b26bc213547eab0e266ad5d01dcc9 - - 7ac834c574dc45b689d2cf1e33543921 7ac834c574dc45b689d2cf1e33543921] 10.0.0.3 "GET /allocations/ab127c84-9626-40b5-8376-0df82e4bdbad" status: 200 len: 19 microversion: 1.28 [pid: 8|app: 0|req: 333/672] 10.0.0.3 () {34 vars in 858 bytes} [Tue May 26 17:03:10 2026] GET /allocations/ab127c84-9626-40b5-8376-0df82e4bdbad => generated 19 bytes in 17 msecs (HTTP/1.1 200) 8 headers in 295 bytes (1 switches on core 0)
2026-05-26 17:03:10.551 7 INFO placement.requestlog [req-86fcad69-1e8c-4a71-802e-9c0f97db2821 req-ab0e07c0-8b97-4696-a825-2719949d7a26 fc018ecf9334413da5371eaadcb46e85 9e0b26bc213547eab0e266ad5d01dcc9 - - 7ac834c574dc45b689d2cf1e33543921 7ac834c574dc45b689d2cf1e33543921] 10.0.0.3 "PUT /allocations/ab127c84-9626-40b5-8376-0df82e4bdbad" status: 204 len: 0 microversion: 1.36 [pid: 7|app: 0|req: 340/673] 10.0.0.3 () {38 vars in 911 bytes} [Tue May 26 17:03:10 2026] PUT /allocations/ab127c84-9626-40b5-8376-0df82e4bdbad => generated 0 bytes in 96 msecs (HTTP/1.1 204) 5 headers in 199 bytes (1 switches on core 0)
2026-05-26 17:03:11.000 8 INFO placement.requestlog [None req-44d94c4c-e1be-4471-bebf-4bd36b147cbf - - - - - -] 10.0.0.121 "GET /" status: 200 len: 136 microversion: 1.0
2026-05-26 17:03:11.000 7 INFO placement.requestlog [None req-a2a47c7d-8668-48aa-929e-37e5444ff61c - - - - - -] 10.0.0.121 "GET /" status: 200 len: 136 microversion: 1.0
2026-05-26 17:03:11.373 7 INFO placement.requestlog [None req-78d8dce3-3dd6-4ee4-b147-8495eed945c3 e17876cc28f040ae84b3893c39dc575a 9e0b26bc213547eab0e266ad5d01dcc9 - - 7ac834c574dc45b689d2cf1e33543921 7ac834c574dc45b689d2cf1e33543921] 10.0.0.47 "GET /resource_providers/dce4d67e-5dee-4faa-95c5-de384d7db351/aggregates" status: 404 len: 235 microversion: 1.1 [pid: 7|app: 0|req: 342/676] 10.0.0.47 () {32 vars in 814 bytes} [Tue May 26 17:03:11 2026] GET /resource_providers/dce4d67e-5dee-4faa-95c5-de384d7db351/aggregates => generated 235 bytes in 8 msecs (HTTP/1.1 404) 5 headers in 202 bytes (1 switches on core 0)
2026-05-26 17:03:11.376 8 INFO placement.requestlog [None req-ebb1dfbc-4184-45cd-9b08-724be58f90f8 e17876cc28f040ae84b3893c39dc575a 9e0b26bc213547eab0e266ad5d01dcc9 - - 7ac834c574dc45b689d2cf1e33543921 7ac834c574dc45b689d2cf1e33543921] 10.0.0.47 "GET /resource_providers/dce4d67e-5dee-4faa-95c5-de384d7db351/aggregates" status: 404 len: 235 microversion: 1.1 [pid: 8|app: 0|req: 335/677] 10.0.0.47 () {32 vars in 814 bytes} [Tue May 26 17:03:11 2026] GET /resource_providers/dce4d67e-5dee-4faa-95c5-de384d7db351/aggregates => generated 235 bytes in 13 msecs (HTTP/1.1 404) 5 headers in 202 bytes (1 switches on core 0)
2026-05-26 17:03:11.394 8 INFO placement.requestlog [None req-407dab9c-c57d-4598-bb2d-cdc1a5096ad3 e17876cc28f040ae84b3893c39dc575a 9e0b26bc213547eab0e266ad5d01dcc9 - - 7ac834c574dc45b689d2cf1e33543921 7ac834c574dc45b689d2cf1e33543921] 10.0.0.47 "DELETE /resource_providers/dce4d67e-5dee-4faa-95c5-de384d7db351" status: 404 len: 246 microversion: 1.1 [pid: 8|app: 0|req: 336/678] 10.0.0.47 () {34 vars in 814 bytes} [Tue May 26 17:03:11 2026] DELETE /resource_providers/dce4d67e-5dee-4faa-95c5-de384d7db351 => generated 246 bytes in 7 msecs (HTTP/1.1 404) 6 headers in 231 bytes (1 switches on core 0)
2026-05-26 17:03:11.396 7 INFO placement.requestlog [None req-30fe4ac1-d96e-4f0f-b203-dc78fcd2f2c4 e17876cc28f040ae84b3893c39dc575a 9e0b26bc213547eab0e266ad5d01dcc9 - - 7ac834c574dc45b689d2cf1e33543921 7ac834c574dc45b689d2cf1e33543921] 10.0.0.47 "DELETE /resource_providers/dce4d67e-5dee-4faa-95c5-de384d7db351" status: 404 len: 246 microversion: 1.1 [pid: 7|app: 0|req: 343/679] 10.0.0.47 () {34 vars in 814 bytes} [Tue May 26 17:03:11 2026] DELETE /resource_providers/dce4d67e-5dee-4faa-95c5-de384d7db351 => generated 246 bytes in 10 msecs (HTTP/1.1 404) 6 headers in 231 bytes (1 switches on core 0)
2026-05-26 17:03:12.173 8 INFO placement.requestlog [req-86fcad69-1e8c-4a71-802e-9c0f97db2821 req-787cd009-b66d-4343-8037-ea6536e73218 fc018ecf9334413da5371eaadcb46e85 9e0b26bc213547eab0e266ad5d01dcc9 - - 7ac834c574dc45b689d2cf1e33543921 7ac834c574dc45b689d2cf1e33543921] 199.19.213.225 "GET /allocations/ab127c84-9626-40b5-8376-0df82e4bdbad" status: 200 len: 257 microversion: 1.28 [pid: 8|app: 0|req: 337/680] 199.19.213.225 () {34 vars in 862 bytes} [Tue May 26 17:03:12 2026] GET /allocations/ab127c84-9626-40b5-8376-0df82e4bdbad => generated 257 bytes in 24 msecs (HTTP/1.1 200) 8 headers in 296 bytes (1 switches on core 0)
2026-05-26 17:03:13.212 7 INFO placement.requestlog [req-86fcad69-1e8c-4a71-802e-9c0f97db2821 req-024b562f-adc1-409b-80eb-e581e5ca4545 fc018ecf9334413da5371eaadcb46e85 9e0b26bc213547eab0e266ad5d01dcc9 - - 7ac834c574dc45b689d2cf1e33543921 7ac834c574dc45b689d2cf1e33543921] 199.19.213.225 "GET /resource_providers/c730d301-048e-4ba3-af54-d6c136d02ae3/allocations" status: 200 len: 252 microversion: 1.0 [pid: 7|app: 0|req: 344/681] 199.19.213.225 () {32 vars in 856 bytes} [Tue May 26 17:03:13 2026] GET /resource_providers/c730d301-048e-4ba3-af54-d6c136d02ae3/allocations => generated 252 bytes in 16 msecs (HTTP/1.1 200) 6 headers in 224 bytes (1 switches on core 0)
2026-05-26 17:03:13.229 8 INFO placement.requestlog [req-86fcad69-1e8c-4a71-802e-9c0f97db2821 req-f3924d02-978d-4623-844a-b95ea3631308 fc018ecf9334413da5371eaadcb46e85 9e0b26bc213547eab0e266ad5d01dcc9 - - 7ac834c574dc45b689d2cf1e33543921 7ac834c574dc45b689d2cf1e33543921] 199.19.213.225 "GET /allocations/a24c0108-5da8-4285-9097-b552ddbd0e0f" status: 200 len: 257 microversion: 1.28 [pid: 8|app: 0|req: 338/682] 199.19.213.225 () {34 vars in 862 bytes} [Tue May 26 17:03:13 2026] GET /allocations/a24c0108-5da8-4285-9097-b552ddbd0e0f => generated 257 bytes in 12 msecs (HTTP/1.1 200) 8 headers in 296 bytes (1 switches on core 0)
2026-05-26 17:03:13.246 7 INFO placement.requestlog [req-86fcad69-1e8c-4a71-802e-9c0f97db2821 req-9a0be88c-f123-426e-aab8-215477d84b07 fc018ecf9334413da5371eaadcb46e85 9e0b26bc213547eab0e266ad5d01dcc9 - - 7ac834c574dc45b689d2cf1e33543921 7ac834c574dc45b689d2cf1e33543921] 199.19.213.225 "GET /allocations/ab127c84-9626-40b5-8376-0df82e4bdbad" status: 200 len: 257 microversion: 1.28 [pid: 7|app: 0|req: 345/683] 199.19.213.225 () {34 vars in 862 bytes} [Tue May 26 17:03:13 2026] GET /allocations/ab127c84-9626-40b5-8376-0df82e4bdbad => generated 257 bytes in 12 msecs (HTTP/1.1 200) 8 headers in 296 bytes (1 switches on core 0)
2026-05-26 17:03:13.424 8 INFO placement.requestlog [None req-d1556bdb-30d9-41d3-83ec-719742637202 e17876cc28f040ae84b3893c39dc575a 9e0b26bc213547eab0e266ad5d01dcc9 - - 7ac834c574dc45b689d2cf1e33543921 7ac834c574dc45b689d2cf1e33543921] 10.0.0.47 "GET /resource_providers/a0d95ad2-89d8-41a4-907d-649f0eb27328/aggregates" status: 404 len: 235 microversion: 1.1 [pid: 8|app: 0|req: 339/684] 10.0.0.47 () {32 vars in 814 bytes} [Tue May 26 17:03:13 2026] GET /resource_providers/a0d95ad2-89d8-41a4-907d-649f0eb27328/aggregates => generated 235 bytes in 16 msecs (HTTP/1.1 404) 5 headers in 202 bytes (1 switches on core 0)
2026-05-26 17:03:13.427 7 INFO placement.requestlog [None req-ae9e968b-349e-487c-b761-984094625c37 e17876cc28f040ae84b3893c39dc575a 9e0b26bc213547eab0e266ad5d01dcc9 - - 7ac834c574dc45b689d2cf1e33543921 7ac834c574dc45b689d2cf1e33543921] 10.0.0.47 "GET /resource_providers/a0d95ad2-89d8-41a4-907d-649f0eb27328/aggregates" status: 404 len: 235 microversion: 1.1 [pid: 7|app: 0|req: 346/685] 10.0.0.47 () {32 vars in 814 bytes} [Tue May 26 17:03:13 2026] GET /resource_providers/a0d95ad2-89d8-41a4-907d-649f0eb27328/aggregates => generated 235 bytes in 11 msecs (HTTP/1.1 404) 5 headers in 202 bytes (1 switches on core 0)
2026-05-26 17:03:13.447 7 INFO placement.requestlog [None req-2f7e2f0a-3cb5-401f-9689-09629c8d99b8 e17876cc28f040ae84b3893c39dc575a 9e0b26bc213547eab0e266ad5d01dcc9 - - 7ac834c574dc45b689d2cf1e33543921 7ac834c574dc45b689d2cf1e33543921] 10.0.0.47 "DELETE /resource_providers/a0d95ad2-89d8-41a4-907d-649f0eb27328" status: 404 len: 246 microversion: 1.1 [pid: 7|app: 0|req: 347/686] 10.0.0.47 () {34 vars in 814 bytes} [Tue May 26 17:03:13 2026] DELETE /resource_providers/a0d95ad2-89d8-41a4-907d-649f0eb27328 => generated 246 bytes in 8 msecs (HTTP/1.1 404) 6 headers in 231 bytes (1 switches on core 0)
2026-05-26 17:03:13.450 8 INFO placement.requestlog [None req-9ef9e529-8590-4a1a-b38b-be2aadbb036a e17876cc28f040ae84b3893c39dc575a 9e0b26bc213547eab0e266ad5d01dcc9 - - 7ac834c574dc45b689d2cf1e33543921 7ac834c574dc45b689d2cf1e33543921] 10.0.0.47 "DELETE /resource_providers/a0d95ad2-89d8-41a4-907d-649f0eb27328" status: 404 len: 246 microversion: 1.1 [pid: 8|app: 0|req: 340/687] 10.0.0.47 () {34 vars in 814 bytes} [Tue May 26 17:03:13 2026] DELETE /resource_providers/a0d95ad2-89d8-41a4-907d-649f0eb27328 => generated 246 bytes in 12 msecs (HTTP/1.1 404) 6 headers in 231 bytes (1 switches on core 0)
2026-05-26 17:03:14.421 7 INFO placement.requestlog [None req-88394c08-5405-4e30-9eca-93ac960003ff e17876cc28f040ae84b3893c39dc575a 9e0b26bc213547eab0e266ad5d01dcc9 - - 7ac834c574dc45b689d2cf1e33543921 7ac834c574dc45b689d2cf1e33543921] 10.0.0.47 "GET /resource_providers/8b137ac0-98be-4f74-b15a-a5409c145b7a/aggregates" status: 404 len: 235 microversion: 1.1 [pid: 7|app: 0|req: 348/688] 10.0.0.47 () {32 vars in 814 bytes} [Tue May 26 17:03:14 2026] GET /resource_providers/8b137ac0-98be-4f74-b15a-a5409c145b7a/aggregates => generated 235 bytes in 10 msecs (HTTP/1.1 404) 5 headers in 202 bytes (1 switches on core 0)
2026-05-26 17:03:14.428 8 INFO placement.requestlog [None req-e9e83bf5-68ff-4abf-8564-bee80c3a9a4a e17876cc28f040ae84b3893c39dc575a 9e0b26bc213547eab0e266ad5d01dcc9 - - 7ac834c574dc45b689d2cf1e33543921 7ac834c574dc45b689d2cf1e33543921] 10.0.0.47 "GET /resource_providers/8b137ac0-98be-4f74-b15a-a5409c145b7a/aggregates" status: 404 len: 235 microversion: 1.1 [pid: 8|app: 0|req: 341/689] 10.0.0.47 () {32 vars in 814 bytes} [Tue May 26 17:03:14 2026] GET /resource_providers/8b137ac0-98be-4f74-b15a-a5409c145b7a/aggregates => generated 235 bytes in 12 msecs (HTTP/1.1 404) 5 headers in 202 bytes (1 switches on core 0)
2026-05-26 17:03:14.444 7 INFO placement.requestlog [None req-4416f374-2e87-4828-8d54-0ee7d50e9f41 e17876cc28f040ae84b3893c39dc575a 9e0b26bc213547eab0e266ad5d01dcc9 - - 7ac834c574dc45b689d2cf1e33543921 7ac834c574dc45b689d2cf1e33543921] 10.0.0.47 "DELETE /resource_providers/8b137ac0-98be-4f74-b15a-a5409c145b7a" status: 404 len: 246 microversion: 1.1 [pid: 7|app: 0|req: 349/690] 10.0.0.47 () {34 vars in 814 bytes} [Tue May 26 17:03:14 2026] DELETE /resource_providers/8b137ac0-98be-4f74-b15a-a5409c145b7a => generated 246 bytes in 9 msecs (HTTP/1.1 404) 6 headers in 231 bytes (1 switches on core 0)
2026-05-26 17:03:14.452 8 INFO placement.requestlog [None req-770b6543-4c99-43b6-8305-306d69c51c7a e17876cc28f040ae84b3893c39dc575a 9e0b26bc213547eab0e266ad5d01dcc9 - - 7ac834c574dc45b689d2cf1e33543921 7ac834c574dc45b689d2cf1e33543921] 10.0.0.47 "DELETE /resource_providers/8b137ac0-98be-4f74-b15a-a5409c145b7a" status: 404 len: 246 microversion: 1.1 [pid: 8|app: 0|req: 342/691] 10.0.0.47 () {34 vars in 814 bytes} [Tue May 26 17:03:14 2026] DELETE /resource_providers/8b137ac0-98be-4f74-b15a-a5409c145b7a => generated 246 bytes in 10 msecs (HTTP/1.1 404) 6 headers in 231 bytes (1 switches on core 0)
2026-05-26 17:03:15.469 7 INFO placement.requestlog [None req-82d0c0cb-ca07-4c48-94d3-5f8820936765 e17876cc28f040ae84b3893c39dc575a 9e0b26bc213547eab0e266ad5d01dcc9 - - 7ac834c574dc45b689d2cf1e33543921 7ac834c574dc45b689d2cf1e33543921] 10.0.0.47 "GET /resource_providers/d0196810-384a-4c22-9309-1c268a59ddae/aggregates" status: 404 len: 235 microversion: 1.1 [pid: 7|app: 0|req: 350/692] 10.0.0.47 () {32 vars in 814 bytes} [Tue May 26 17:03:15 2026] GET /resource_providers/d0196810-384a-4c22-9309-1c268a59ddae/aggregates => generated 235 bytes in 11 msecs (HTTP/1.1 404) 5 headers in 202 bytes (1 switches on core 0)
2026-05-26 17:03:15.472 8 INFO placement.requestlog [None req-c6ce3b8c-ba99-45a0-853e-790b2176a38e e17876cc28f040ae84b3893c39dc575a 9e0b26bc213547eab0e266ad5d01dcc9 - - 7ac834c574dc45b689d2cf1e33543921 7ac834c574dc45b689d2cf1e33543921] 10.0.0.47 "GET /resource_providers/d0196810-384a-4c22-9309-1c268a59ddae/aggregates" status: 404 len: 235 microversion: 1.1 [pid: 8|app: 0|req: 343/693] 10.0.0.47 () {32 vars in 814 bytes} [Tue May 26 17:03:15 2026] GET /resource_providers/d0196810-384a-4c22-9309-1c268a59ddae/aggregates => generated 235 bytes in 10 msecs (HTTP/1.1 404) 5 headers in 202 bytes (1 switches on core 0)
2026-05-26 17:03:15.498 8 INFO placement.requestlog [None req-1aa53fc7-ed5e-43eb-b863-18f40c6c7c3d e17876cc28f040ae84b3893c39dc575a 9e0b26bc213547eab0e266ad5d01dcc9 - - 7ac834c574dc45b689d2cf1e33543921 7ac834c574dc45b689d2cf1e33543921] 10.0.0.47 "DELETE /resource_providers/d0196810-384a-4c22-9309-1c268a59ddae" status: 404 len: 246 microversion: 1.1 [pid: 8|app: 0|req: 344/694] 10.0.0.47 () {34 vars in 814 bytes} [Tue May 26 17:03:15 2026] DELETE /resource_providers/d0196810-384a-4c22-9309-1c268a59ddae => generated 246 bytes in 7 msecs (HTTP/1.1 404) 6 headers in 231 bytes (1 switches on core 0)
2026-05-26 17:03:15.501 7 INFO placement.requestlog [None req-b044df73-bbe9-49c0-8031-60b7ad0c5000 e17876cc28f040ae84b3893c39dc575a 9e0b26bc213547eab0e266ad5d01dcc9 - - 7ac834c574dc45b689d2cf1e33543921 7ac834c574dc45b689d2cf1e33543921] 10.0.0.47 "DELETE /resource_providers/d0196810-384a-4c22-9309-1c268a59ddae" status: 404 len: 246 microversion: 1.1 [pid: 7|app: 0|req: 351/695] 10.0.0.47 () {34 vars in 814 bytes} [Tue May 26 17:03:15 2026] DELETE /resource_providers/d0196810-384a-4c22-9309-1c268a59ddae => generated 246 bytes in 12 msecs (HTTP/1.1 404) 6 headers in 231 bytes (1 switches on core 0)
2026-05-26 17:03:15.522 8 INFO placement.requestlog [None req-d49eed26-41d8-4713-8599-ad48fd4eecc0 e17876cc28f040ae84b3893c39dc575a 9e0b26bc213547eab0e266ad5d01dcc9 - - 7ac834c574dc45b689d2cf1e33543921 7ac834c574dc45b689d2cf1e33543921] 10.0.0.47 "GET /resource_providers/605e1458-3306-4c88-937d-92f7811e5de1/aggregates" status: 404 len: 235 microversion: 1.1 [pid: 8|app: 0|req: 345/696] 10.0.0.47 () {32 vars in 814 bytes} [Tue May 26 17:03:15 2026] GET /resource_providers/605e1458-3306-4c88-937d-92f7811e5de1/aggregates => generated 235 bytes in 10 msecs (HTTP/1.1 404) 5 headers in 202 bytes (1 switches on core 0)
2026-05-26 17:03:15.524 7 INFO placement.requestlog [None req-e67c1973-e4d8-4b5e-bd78-4a69f276adad e17876cc28f040ae84b3893c39dc575a 9e0b26bc213547eab0e266ad5d01dcc9 - - 7ac834c574dc45b689d2cf1e33543921 7ac834c574dc45b689d2cf1e33543921] 10.0.0.47 "GET /resource_providers/605e1458-3306-4c88-937d-92f7811e5de1/aggregates" status: 404 len: 235 microversion: 1.1 [pid: 7|app: 0|req: 352/697] 10.0.0.47 () {32 vars in 814 bytes} [Tue May 26 17:03:15 2026] GET /resource_providers/605e1458-3306-4c88-937d-92f7811e5de1/aggregates => generated 235 bytes in 11 msecs (HTTP/1.1 404) 5 headers in 202 bytes (1 switches on core 0)
2026-05-26 17:03:15.543 8 INFO placement.requestlog [None req-5086ed39-b506-4ecc-9cda-9489e1573688 e17876cc28f040ae84b3893c39dc575a 9e0b26bc213547eab0e266ad5d01dcc9 - - 7ac834c574dc45b689d2cf1e33543921 7ac834c574dc45b689d2cf1e33543921] 10.0.0.47 "DELETE /resource_providers/605e1458-3306-4c88-937d-92f7811e5de1" status: 404 len: 246 microversion: 1.1 [pid: 8|app: 0|req: 346/698] 10.0.0.47 () {34 vars in 814 bytes} [Tue May 26 17:03:15 2026] DELETE /resource_providers/605e1458-3306-4c88-937d-92f7811e5de1 => generated 246 bytes in 8 msecs (HTTP/1.1 404) 6 headers in 231 bytes (1 switches on core 0)
2026-05-26 17:03:15.552 7 INFO placement.requestlog [None req-777e28b8-5634-4321-a2ad-c87217f07f02 e17876cc28f040ae84b3893c39dc575a 9e0b26bc213547eab0e266ad5d01dcc9 - - 7ac834c574dc45b689d2cf1e33543921 7ac834c574dc45b689d2cf1e33543921] 10.0.0.47 "DELETE /resource_providers/605e1458-3306-4c88-937d-92f7811e5de1" status: 404 len: 246 microversion: 1.1 [pid: 7|app: 0|req: 353/699] 10.0.0.47 () {34 vars in 814 bytes} [Tue May 26 17:03:15 2026] DELETE /resource_providers/605e1458-3306-4c88-937d-92f7811e5de1 => generated 246 bytes in 11 msecs (HTTP/1.1 404) 6 headers in 231 bytes (1 switches on core 0)
2026-05-26 17:03:16.467 8 INFO placement.requestlog [None req-c1d42f52-3f23-41ac-b62a-a83e9b9937a3 e17876cc28f040ae84b3893c39dc575a 9e0b26bc213547eab0e266ad5d01dcc9 - - 7ac834c574dc45b689d2cf1e33543921 7ac834c574dc45b689d2cf1e33543921] 10.0.0.47 "GET /resource_providers/c8ef0a29-5853-4959-92c7-6cc675f61068/aggregates" status: 404 len: 235 microversion: 1.1 [pid: 8|app: 0|req: 347/700] 10.0.0.47 () {32 vars in 814 bytes} [Tue May 26 17:03:16 2026] GET /resource_providers/c8ef0a29-5853-4959-92c7-6cc675f61068/aggregates => generated 235 bytes in 8 msecs (HTTP/1.1 404) 5 headers in 202 bytes (1 switches on core 0)
2026-05-26 17:03:16.471 7 INFO placement.requestlog [None req-b355da9e-052b-40fa-b0d7-72965f8d5a81 e17876cc28f040ae84b3893c39dc575a 9e0b26bc213547eab0e266ad5d01dcc9 - - 7ac834c574dc45b689d2cf1e33543921 7ac834c574dc45b689d2cf1e33543921] 10.0.0.47 "GET /resource_providers/c8ef0a29-5853-4959-92c7-6cc675f61068/aggregates" status: 404 len: 235 microversion: 1.1 [pid: 7|app: 0|req: 354/701] 10.0.0.47 () {32 vars in 814 bytes} [Tue May 26 17:03:16 2026] GET /resource_providers/c8ef0a29-5853-4959-92c7-6cc675f61068/aggregates => generated 235 bytes in 9 msecs (HTTP/1.1 404) 5 headers in 202 bytes (1 switches on core 0)
2026-05-26 17:03:16.499 7 INFO placement.requestlog [None req-edbb87cc-763b-482f-8e92-5f21f259c72e e17876cc28f040ae84b3893c39dc575a 9e0b26bc213547eab0e266ad5d01dcc9 - - 7ac834c574dc45b689d2cf1e33543921 7ac834c574dc45b689d2cf1e33543921] 10.0.0.47 "DELETE /resource_providers/c8ef0a29-5853-4959-92c7-6cc675f61068" status: 404 len: 246 microversion: 1.1 [pid: 7|app: 0|req: 355/702] 10.0.0.47 () {34 vars in 814 bytes} [Tue May 26 17:03:16 2026] DELETE /resource_providers/c8ef0a29-5853-4959-92c7-6cc675f61068 => generated 246 bytes in 10 msecs (HTTP/1.1 404) 6 headers in 231 bytes (1 switches on core 0)
2026-05-26 17:03:16.501 8 INFO placement.requestlog [None req-cfbb4b72-5651-4bdb-a2e6-149c35e07642 e17876cc28f040ae84b3893c39dc575a 9e0b26bc213547eab0e266ad5d01dcc9 - - 7ac834c574dc45b689d2cf1e33543921 7ac834c574dc45b689d2cf1e33543921] 10.0.0.47 "DELETE /resource_providers/c8ef0a29-5853-4959-92c7-6cc675f61068" status: 404 len: 246 microversion: 1.1 [pid: 8|app: 0|req: 348/703] 10.0.0.47 () {34 vars in 814 bytes} [Tue May 26 17:03:16 2026] DELETE /resource_providers/c8ef0a29-5853-4959-92c7-6cc675f61068 => generated 246 bytes in 11 msecs (HTTP/1.1 404) 6 headers in 231 bytes (1 switches on core 0)
2026-05-26 17:03:20.998 7 INFO placement.requestlog [None req-7a6cc185-4b48-42e4-a2a0-9e4f88ea4adc - - - - - -] 10.0.0.121 "GET /" status: 200 len: 136 microversion: 1.0
2026-05-26 17:03:20.998 8 INFO placement.requestlog [None req-d218a18e-6e5b-4211-95fd-fd8216802dab - - - - - -] 10.0.0.121 "GET /" status: 200 len: 136 microversion: 1.0
2026-05-26 17:03:27.916 7 INFO placement.requestlog [req-998f571c-ec0c-4aa7-8a68-6789ff39afe0 req-88f15421-af16-4c90-9150-eef5b9443a93 fc018ecf9334413da5371eaadcb46e85 9e0b26bc213547eab0e266ad5d01dcc9 - - 7ac834c574dc45b689d2cf1e33543921 7ac834c574dc45b689d2cf1e33543921] 199.19.213.225 "GET /resource_providers/c730d301-048e-4ba3-af54-d6c136d02ae3/allocations" status: 200 len: 252 microversion: 1.0 [pid: 7|app: 0|req: 357/706] 199.19.213.225 () {32 vars in 856 bytes} [Tue May 26 17:03:27 2026] GET /resource_providers/c730d301-048e-4ba3-af54-d6c136d02ae3/allocations => generated 252 bytes in 15 msecs (HTTP/1.1 200) 6 headers in 224 bytes (1 switches on core 0)
2026-05-26 17:03:27.932 8 INFO placement.requestlog [req-998f571c-ec0c-4aa7-8a68-6789ff39afe0 req-83867278-1e4b-49b9-9d8f-5209e1b304b5 fc018ecf9334413da5371eaadcb46e85 9e0b26bc213547eab0e266ad5d01dcc9 - - 7ac834c574dc45b689d2cf1e33543921 7ac834c574dc45b689d2cf1e33543921] 199.19.213.225 "GET /allocations/a24c0108-5da8-4285-9097-b552ddbd0e0f" status: 200 len: 257 microversion: 1.28 [pid: 8|app: 0|req: 350/707] 199.19.213.225 () {34 vars in 862 bytes} [Tue May 26 17:03:27 2026] GET /allocations/a24c0108-5da8-4285-9097-b552ddbd0e0f => generated 257 bytes in 11 msecs (HTTP/1.1 200) 8 headers in 296 bytes (1 switches on core 0)
2026-05-26 17:03:27.951 7 INFO placement.requestlog [req-998f571c-ec0c-4aa7-8a68-6789ff39afe0 req-c4862d8e-acbc-4800-9830-da5d85a26b3b fc018ecf9334413da5371eaadcb46e85 9e0b26bc213547eab0e266ad5d01dcc9 - - 7ac834c574dc45b689d2cf1e33543921 7ac834c574dc45b689d2cf1e33543921] 199.19.213.225 "GET /allocations/ab127c84-9626-40b5-8376-0df82e4bdbad" status: 200 len: 257 microversion: 1.28 [pid: 7|app: 0|req: 358/708] 199.19.213.225 () {34 vars in 862 bytes} [Tue May 26 17:03:27 2026] GET /allocations/ab127c84-9626-40b5-8376-0df82e4bdbad => generated 257 bytes in 12 msecs (HTTP/1.1 200) 8 headers in 296 bytes (1 switches on core 0)
2026-05-26 17:03:28.997 8 INFO placement.requestlog [req-998f571c-ec0c-4aa7-8a68-6789ff39afe0 req-02bf4671-5c33-4cc2-a686-3d935f69a9b4 fc018ecf9334413da5371eaadcb46e85 9e0b26bc213547eab0e266ad5d01dcc9 - - 7ac834c574dc45b689d2cf1e33543921 7ac834c574dc45b689d2cf1e33543921] 199.19.213.225 "DELETE /allocations/a24c0108-5da8-4285-9097-b552ddbd0e0f" status: 204 len: 0 microversion: 1.0 [pid: 8|app: 0|req: 351/709] 199.19.213.225 () {34 vars in 840 bytes} [Tue May 26 17:03:28 2026] DELETE /allocations/a24c0108-5da8-4285-9097-b552ddbd0e0f => generated 0 bytes in 22 msecs (HTTP/1.1 204) 5 headers in 198 bytes (1 switches on core 0)
2026-05-26 17:03:30.998 8 INFO placement.requestlog [None req-3e4513e9-ae8e-4564-aee6-854c3bd396e7 - - - - - -] 10.0.0.121 "GET /" status: 200 len: 136 microversion: 1.0
2026-05-26 17:03:30.998 7 INFO placement.requestlog [None req-fbd40471-937a-407e-b902-063f125b8050 - - - - - -] 10.0.0.121 "GET /" status: 200 len: 136 microversion: 1.0
2026-05-26 17:03:32.787 8 INFO placement.requestlog [None req-8bf08c2b-2f8a-4cb4-a254-6129f5787240 e17876cc28f040ae84b3893c39dc575a 9e0b26bc213547eab0e266ad5d01dcc9 - - 7ac834c574dc45b689d2cf1e33543921 7ac834c574dc45b689d2cf1e33543921] 10.0.0.47 "GET /resource_providers/38977e18-8a4e-43ab-94e1-3aba473a86c2/aggregates" status: 404 len: 235 microversion: 1.1 [pid: 8|app: 0|req: 353/712] 10.0.0.47 () {32 vars in 814 bytes} [Tue May 26 17:03:32 2026] GET /resource_providers/38977e18-8a4e-43ab-94e1-3aba473a86c2/aggregates => generated 235 bytes in 8 msecs (HTTP/1.1 404) 5 headers in 202 bytes (1 switches on core 0)
2026-05-26 17:03:32.790 7 INFO placement.requestlog [None req-fc2f3d12-b61a-401a-aeac-4b9c1f11622d e17876cc28f040ae84b3893c39dc575a 9e0b26bc213547eab0e266ad5d01dcc9 - - 7ac834c574dc45b689d2cf1e33543921 7ac834c574dc45b689d2cf1e33543921] 10.0.0.47 "GET /resource_providers/38977e18-8a4e-43ab-94e1-3aba473a86c2/aggregates" status: 404 len: 235 microversion: 1.1 [pid: 7|app: 0|req: 360/713] 10.0.0.47 () {32 vars in 814 bytes} [Tue May 26 17:03:32 2026] GET /resource_providers/38977e18-8a4e-43ab-94e1-3aba473a86c2/aggregates => generated 235 bytes in 8 msecs (HTTP/1.1 404) 5 headers in 202 bytes (1 switches on core 0)
2026-05-26 17:03:32.807 8 INFO placement.requestlog [None req-ee90a721-1daf-4479-a6c6-d4f6eb0bfdf2 e17876cc28f040ae84b3893c39dc575a 9e0b26bc213547eab0e266ad5d01dcc9 - - 7ac834c574dc45b689d2cf1e33543921 7ac834c574dc45b689d2cf1e33543921] 10.0.0.47 "DELETE /resource_providers/38977e18-8a4e-43ab-94e1-3aba473a86c2" status: 404 len: 246 microversion: 1.1 [pid: 8|app: 0|req: 354/714] 10.0.0.47 () {34 vars in 814 bytes} [Tue May 26 17:03:32 2026] DELETE /resource_providers/38977e18-8a4e-43ab-94e1-3aba473a86c2 => generated 246 bytes in 7 msecs (HTTP/1.1 404) 6 headers in 231 bytes (1 switches on core 0)
2026-05-26 17:03:32.811 7 INFO placement.requestlog [None req-5d4daf44-a2de-478a-840c-538c286d2a70 e17876cc28f040ae84b3893c39dc575a 9e0b26bc213547eab0e266ad5d01dcc9 - - 7ac834c574dc45b689d2cf1e33543921 7ac834c574dc45b689d2cf1e33543921] 10.0.0.47 "DELETE /resource_providers/38977e18-8a4e-43ab-94e1-3aba473a86c2" status: 404 len: 246 microversion: 1.1 [pid: 7|app: 0|req: 361/715] 10.0.0.47 () {34 vars in 814 bytes} [Tue May 26 17:03:32 2026] DELETE /resource_providers/38977e18-8a4e-43ab-94e1-3aba473a86c2 => generated 246 bytes in 5 msecs (HTTP/1.1 404) 6 headers in 231 bytes (1 switches on core 0)
2026-05-26 17:03:33.247 8 INFO placement.requestlog [None req-50918480-04c1-43f8-ac33-db538cec15cc e17876cc28f040ae84b3893c39dc575a 9e0b26bc213547eab0e266ad5d01dcc9 - - 7ac834c574dc45b689d2cf1e33543921 7ac834c574dc45b689d2cf1e33543921] 10.0.0.47 "GET /resource_providers/bf8718cc-d184-4218-8bdb-ca5721d326bf/aggregates" status: 404 len: 235 microversion: 1.1
2026-05-26 17:03:33.247 7 INFO placement.requestlog [None req-21fbb2a8-f9dc-4a52-aaea-d6cbc437a8ad e17876cc28f040ae84b3893c39dc575a 9e0b26bc213547eab0e266ad5d01dcc9 - - 7ac834c574dc45b689d2cf1e33543921 7ac834c574dc45b689d2cf1e33543921] 10.0.0.47 "GET /resource_providers/bf8718cc-d184-4218-8bdb-ca5721d326bf/aggregates" status: 404 len: 235 microversion: 1.1 [pid: 8|app: 0|req: 355/716] 10.0.0.47 () {32 vars in 814 bytes} [Tue May 26 17:03:33 2026] GET /resource_providers/bf8718cc-d184-4218-8bdb-ca5721d326bf/aggregates => generated 235 bytes in 11 msecs (HTTP/1.1 404) 5 headers in 202 bytes (1 switches on core 0) [pid: 7|app: 0|req: 362/717] 10.0.0.47 () {32 vars in 814 bytes} [Tue May 26 17:03:33 2026] GET /resource_providers/bf8718cc-d184-4218-8bdb-ca5721d326bf/aggregates => generated 235 bytes in 9 msecs (HTTP/1.1 404) 5 headers in 202 bytes (1 switches on core 0)
2026-05-26 17:03:33.264 8 INFO placement.requestlog [None req-30c4bbaa-493f-4c0e-bd20-a865ab00c272 e17876cc28f040ae84b3893c39dc575a 9e0b26bc213547eab0e266ad5d01dcc9 - - 7ac834c574dc45b689d2cf1e33543921 7ac834c574dc45b689d2cf1e33543921] 10.0.0.47 "DELETE /resource_providers/bf8718cc-d184-4218-8bdb-ca5721d326bf" status: 404 len: 246 microversion: 1.1 [pid: 8|app: 0|req: 356/718] 10.0.0.47 () {34 vars in 814 bytes} [Tue May 26 17:03:33 2026] DELETE /resource_providers/bf8718cc-d184-4218-8bdb-ca5721d326bf => generated 246 bytes in 7 msecs (HTTP/1.1 404) 6 headers in 231 bytes (1 switches on core 0)
2026-05-26 17:03:33.267 7 INFO placement.requestlog [None req-2c7c69f8-e0f1-401d-b9fc-21581bfb0991 e17876cc28f040ae84b3893c39dc575a 9e0b26bc213547eab0e266ad5d01dcc9 - - 7ac834c574dc45b689d2cf1e33543921 7ac834c574dc45b689d2cf1e33543921] 10.0.0.47 "DELETE /resource_providers/bf8718cc-d184-4218-8bdb-ca5721d326bf" status: 404 len: 246 microversion: 1.1 [pid: 7|app: 0|req: 363/719] 10.0.0.47 () {34 vars in 814 bytes} [Tue May 26 17:03:33 2026] DELETE /resource_providers/bf8718cc-d184-4218-8bdb-ca5721d326bf => generated 246 bytes in 9 msecs (HTTP/1.1 404) 6 headers in 231 bytes (1 switches on core 0)
2026-05-26 17:03:34.500 8 INFO placement.requestlog [req-089abd52-e651-46f3-9dbc-c02a20f3bc3f req-ce54fe1a-6df3-4b28-a94a-5e9632ce2561 fc018ecf9334413da5371eaadcb46e85 9e0b26bc213547eab0e266ad5d01dcc9 - - 7ac834c574dc45b689d2cf1e33543921 7ac834c574dc45b689d2cf1e33543921] 10.0.0.3 "GET /allocation_candidates?limit=1000&resources=DISK_GB%3A1%2CMEMORY_MB%3A512%2CVCPU%3A1&root_required=%21COMPUTE_STATUS_DISABLED" status: 200 len: 2444 microversion: 1.36 [pid: 8|app: 0|req: 357/720] 10.0.0.3 () {34 vars in 1009 bytes} [Tue May 26 17:03:34 2026] GET /allocation_candidates?limit=1000&resources=DISK_GB%3A1%2CMEMORY_MB%3A512%2CVCPU%3A1&root_required=%21COMPUTE_STATUS_DISABLED => generated 2444 bytes in 44 msecs (HTTP/1.1 200) 8 headers in 297 bytes (1 switches on core 0)
2026-05-26 17:03:34.520 7 INFO placement.requestlog [req-089abd52-e651-46f3-9dbc-c02a20f3bc3f req-10992873-4b9f-4af6-a523-87a8a1f50660 fc018ecf9334413da5371eaadcb46e85 9e0b26bc213547eab0e266ad5d01dcc9 - - 7ac834c574dc45b689d2cf1e33543921 7ac834c574dc45b689d2cf1e33543921] 10.0.0.3 "GET /allocations/4317c0b6-9bcb-4634-b5c7-3d2ff106a489" status: 200 len: 19 microversion: 1.28 [pid: 7|app: 0|req: 364/721] 10.0.0.3 () {34 vars in 858 bytes} [Tue May 26 17:03:34 2026] GET /allocations/4317c0b6-9bcb-4634-b5c7-3d2ff106a489 => generated 19 bytes in 9 msecs (HTTP/1.1 200) 8 headers in 295 bytes (1 switches on core 0)
2026-05-26 17:03:34.598 8 INFO placement.requestlog [req-089abd52-e651-46f3-9dbc-c02a20f3bc3f req-8807ab48-cf59-4a40-a21d-ab6fb7e64604 fc018ecf9334413da5371eaadcb46e85 9e0b26bc213547eab0e266ad5d01dcc9 - - 7ac834c574dc45b689d2cf1e33543921 7ac834c574dc45b689d2cf1e33543921] 10.0.0.3 "PUT /allocations/4317c0b6-9bcb-4634-b5c7-3d2ff106a489" status: 204 len: 0 microversion: 1.36 [pid: 8|app: 0|req: 358/722] 10.0.0.3 () {38 vars in 911 bytes} [Tue May 26 17:03:34 2026] PUT /allocations/4317c0b6-9bcb-4634-b5c7-3d2ff106a489 => generated 0 bytes in 75 msecs (HTTP/1.1 204) 5 headers in 199 bytes (1 switches on core 0)
2026-05-26 17:03:36.126 7 INFO placement.requestlog [req-089abd52-e651-46f3-9dbc-c02a20f3bc3f req-7da73d40-d994-473e-b8c8-deec6be09c57 fc018ecf9334413da5371eaadcb46e85 9e0b26bc213547eab0e266ad5d01dcc9 - - 7ac834c574dc45b689d2cf1e33543921 7ac834c574dc45b689d2cf1e33543921] 199.19.213.225 "GET /allocations/4317c0b6-9bcb-4634-b5c7-3d2ff106a489" status: 200 len: 257 microversion: 1.28 [pid: 7|app: 0|req: 365/723] 199.19.213.225 () {34 vars in 862 bytes} [Tue May 26 17:03:36 2026] GET /allocations/4317c0b6-9bcb-4634-b5c7-3d2ff106a489 => generated 257 bytes in 15 msecs (HTTP/1.1 200) 8 headers in 296 bytes (1 switches on core 0)
2026-05-26 17:03:37.177 8 INFO placement.requestlog [req-089abd52-e651-46f3-9dbc-c02a20f3bc3f req-4b4153fe-f839-4938-add0-7d7f815cd932 fc018ecf9334413da5371eaadcb46e85 9e0b26bc213547eab0e266ad5d01dcc9 - - 7ac834c574dc45b689d2cf1e33543921 7ac834c574dc45b689d2cf1e33543921] 199.19.213.225 "GET /resource_providers/c730d301-048e-4ba3-af54-d6c136d02ae3/allocations" status: 200 len: 252 microversion: 1.0 [pid: 8|app: 0|req: 359/724] 199.19.213.225 () {32 vars in 856 bytes} [Tue May 26 17:03:37 2026] GET /resource_providers/c730d301-048e-4ba3-af54-d6c136d02ae3/allocations => generated 252 bytes in 22 msecs (HTTP/1.1 200) 6 headers in 224 bytes (1 switches on core 0)
2026-05-26 17:03:37.197 7 INFO placement.requestlog [req-089abd52-e651-46f3-9dbc-c02a20f3bc3f req-0c8ef70b-abca-4956-832c-30fdec49a56e fc018ecf9334413da5371eaadcb46e85 9e0b26bc213547eab0e266ad5d01dcc9 - - 7ac834c574dc45b689d2cf1e33543921 7ac834c574dc45b689d2cf1e33543921] 199.19.213.225 "GET /allocations/4317c0b6-9bcb-4634-b5c7-3d2ff106a489" status: 200 len: 257 microversion: 1.28 [pid: 7|app: 0|req: 366/725] 199.19.213.225 () {34 vars in 862 bytes} [Tue May 26 17:03:37 2026] GET /allocations/4317c0b6-9bcb-4634-b5c7-3d2ff106a489 => generated 257 bytes in 12 msecs (HTTP/1.1 200) 8 headers in 296 bytes (1 switches on core 0)
2026-05-26 17:03:37.217 8 INFO placement.requestlog [req-089abd52-e651-46f3-9dbc-c02a20f3bc3f req-3b7e9e89-65d5-4fa0-b269-223582f9faee fc018ecf9334413da5371eaadcb46e85 9e0b26bc213547eab0e266ad5d01dcc9 - - 7ac834c574dc45b689d2cf1e33543921 7ac834c574dc45b689d2cf1e33543921] 199.19.213.225 "GET /allocations/ab127c84-9626-40b5-8376-0df82e4bdbad" status: 200 len: 257 microversion: 1.28 [pid: 8|app: 0|req: 360/726] 199.19.213.225 () {34 vars in 862 bytes} [Tue May 26 17:03:37 2026] GET /allocations/ab127c84-9626-40b5-8376-0df82e4bdbad => generated 257 bytes in 12 msecs (HTTP/1.1 200) 8 headers in 296 bytes (1 switches on core 0)
2026-05-26 17:03:40.998 8 INFO placement.requestlog [None req-0c49b839-32d3-4744-8cad-34b25536755c - - - - - -] 10.0.0.121 "GET /" status: 200 len: 136 microversion: 1.0
2026-05-26 17:03:40.998 7 INFO placement.requestlog [None req-5432002a-734d-4974-ae10-26d00e4d4b38 - - - - - -] 10.0.0.121 "GET /" status: 200 len: 136 microversion: 1.0
2026-05-26 17:03:41.382 7 INFO placement.requestlog [req-ed8a14e3-c2b8-4b2a-aff2-d5e08670bd3b req-ae7d3d09-0a64-47cf-8d76-05e2d4da0e84 fc018ecf9334413da5371eaadcb46e85 9e0b26bc213547eab0e266ad5d01dcc9 - - 7ac834c574dc45b689d2cf1e33543921 7ac834c574dc45b689d2cf1e33543921] 10.0.0.3 "GET /allocation_candidates?limit=1000&resources=DISK_GB%3A1%2CMEMORY_MB%3A512%2CVCPU%3A1&root_required=%21COMPUTE_STATUS_DISABLED" status: 200 len: 2445 microversion: 1.36 [pid: 7|app: 0|req: 368/729] 10.0.0.3 () {34 vars in 1009 bytes} [Tue May 26 17:03:41 2026] GET /allocation_candidates?limit=1000&resources=DISK_GB%3A1%2CMEMORY_MB%3A512%2CVCPU%3A1&root_required=%21COMPUTE_STATUS_DISABLED => generated 2445 bytes in 41 msecs (HTTP/1.1 200) 8 headers in 297 bytes (1 switches on core 0)
2026-05-26 17:03:41.410 8 INFO placement.requestlog [req-ed8a14e3-c2b8-4b2a-aff2-d5e08670bd3b req-abe9f929-c970-410f-8e03-d715b208bd4f fc018ecf9334413da5371eaadcb46e85 9e0b26bc213547eab0e266ad5d01dcc9 - - 7ac834c574dc45b689d2cf1e33543921 7ac834c574dc45b689d2cf1e33543921] 10.0.0.3 "GET /allocations/df071655-cc3f-4002-bd5d-16b7d0d92fe0" status: 200 len: 19 microversion: 1.28 [pid: 8|app: 0|req: 362/730] 10.0.0.3 () {34 vars in 858 bytes} [Tue May 26 17:03:41 2026] GET /allocations/df071655-cc3f-4002-bd5d-16b7d0d92fe0 => generated 19 bytes in 11 msecs (HTTP/1.1 200) 8 headers in 295 bytes (1 switches on core 0)
2026-05-26 17:03:41.480 7 INFO placement.requestlog [req-ed8a14e3-c2b8-4b2a-aff2-d5e08670bd3b req-0bc24dd5-fe89-4188-b425-deb7b5c2f539 fc018ecf9334413da5371eaadcb46e85 9e0b26bc213547eab0e266ad5d01dcc9 - - 7ac834c574dc45b689d2cf1e33543921 7ac834c574dc45b689d2cf1e33543921] 10.0.0.3 "PUT /allocations/df071655-cc3f-4002-bd5d-16b7d0d92fe0" status: 204 len: 0 microversion: 1.36 [pid: 7|app: 0|req: 369/731] 10.0.0.3 () {38 vars in 911 bytes} [Tue May 26 17:03:41 2026] PUT /allocations/df071655-cc3f-4002-bd5d-16b7d0d92fe0 => generated 0 bytes in 66 msecs (HTTP/1.1 204) 5 headers in 199 bytes (1 switches on core 0)
2026-05-26 17:03:43.020 8 INFO placement.requestlog [req-ed8a14e3-c2b8-4b2a-aff2-d5e08670bd3b req-60c16c14-a8de-4285-9ead-c8ecae7fcd10 fc018ecf9334413da5371eaadcb46e85 9e0b26bc213547eab0e266ad5d01dcc9 - - 7ac834c574dc45b689d2cf1e33543921 7ac834c574dc45b689d2cf1e33543921] 199.19.213.225 "GET /allocations/df071655-cc3f-4002-bd5d-16b7d0d92fe0" status: 200 len: 257 microversion: 1.28 [pid: 8|app: 0|req: 363/732] 199.19.213.225 () {34 vars in 862 bytes} [Tue May 26 17:03:42 2026] GET /allocations/df071655-cc3f-4002-bd5d-16b7d0d92fe0 => generated 257 bytes in 23 msecs (HTTP/1.1 200) 8 headers in 296 bytes (1 switches on core 0)
2026-05-26 17:03:44.055 7 INFO placement.requestlog [req-ed8a14e3-c2b8-4b2a-aff2-d5e08670bd3b req-960eac1b-fea5-4ab0-813e-a2a7a3550065 fc018ecf9334413da5371eaadcb46e85 9e0b26bc213547eab0e266ad5d01dcc9 - - 7ac834c574dc45b689d2cf1e33543921 7ac834c574dc45b689d2cf1e33543921] 199.19.213.225 "GET /resource_providers/c730d301-048e-4ba3-af54-d6c136d02ae3/allocations" status: 200 len: 352 microversion: 1.0 [pid: 7|app: 0|req: 370/733] 199.19.213.225 () {32 vars in 856 bytes} [Tue May 26 17:03:44 2026] GET /resource_providers/c730d301-048e-4ba3-af54-d6c136d02ae3/allocations => generated 352 bytes in 16 msecs (HTTP/1.1 200) 6 headers in 224 bytes (1 switches on core 0)
2026-05-26 17:03:44.074 8 INFO placement.requestlog [req-ed8a14e3-c2b8-4b2a-aff2-d5e08670bd3b req-a59c2466-434f-43a2-a50f-754c95d564f8 fc018ecf9334413da5371eaadcb46e85 9e0b26bc213547eab0e266ad5d01dcc9 - - 7ac834c574dc45b689d2cf1e33543921 7ac834c574dc45b689d2cf1e33543921] 199.19.213.225 "GET /allocations/4317c0b6-9bcb-4634-b5c7-3d2ff106a489" status: 200 len: 257 microversion: 1.28 [pid: 8|app: 0|req: 364/734] 199.19.213.225 () {34 vars in 862 bytes} [Tue May 26 17:03:44 2026] GET /allocations/4317c0b6-9bcb-4634-b5c7-3d2ff106a489 => generated 257 bytes in 13 msecs (HTTP/1.1 200) 8 headers in 296 bytes (1 switches on core 0)
2026-05-26 17:03:44.091 7 INFO placement.requestlog [req-ed8a14e3-c2b8-4b2a-aff2-d5e08670bd3b req-92d5fdd7-80a0-490d-b20c-f8ea14245310 fc018ecf9334413da5371eaadcb46e85 9e0b26bc213547eab0e266ad5d01dcc9 - - 7ac834c574dc45b689d2cf1e33543921 7ac834c574dc45b689d2cf1e33543921] 199.19.213.225 "GET /allocations/df071655-cc3f-4002-bd5d-16b7d0d92fe0" status: 200 len: 257 microversion: 1.28 [pid: 7|app: 0|req: 371/735] 199.19.213.225 () {34 vars in 862 bytes} [Tue May 26 17:03:44 2026] GET /allocations/df071655-cc3f-4002-bd5d-16b7d0d92fe0 => generated 257 bytes in 11 msecs (HTTP/1.1 200) 8 headers in 296 bytes (1 switches on core 0)
2026-05-26 17:03:44.109 8 INFO placement.requestlog [req-ed8a14e3-c2b8-4b2a-aff2-d5e08670bd3b req-5680a0f0-d3d8-40bb-a76a-85d85267cdcd fc018ecf9334413da5371eaadcb46e85 9e0b26bc213547eab0e266ad5d01dcc9 - - 7ac834c574dc45b689d2cf1e33543921 7ac834c574dc45b689d2cf1e33543921] 199.19.213.225 "GET /allocations/ab127c84-9626-40b5-8376-0df82e4bdbad" status: 200 len: 257 microversion: 1.28 [pid: 8|app: 0|req: 365/736] 199.19.213.225 () {34 vars in 862 bytes} [Tue May 26 17:03:44 2026] GET /allocations/ab127c84-9626-40b5-8376-0df82e4bdbad => generated 257 bytes in 12 msecs (HTTP/1.1 200) 8 headers in 296 bytes (1 switches on core 0)
2026-05-26 17:03:50.997 7 INFO placement.requestlog [None req-5257b8e5-aad7-4b76-872f-748bec6d3927 - - - - - -] 10.0.0.121 "GET /" status: 200 len: 136 microversion: 1.0
2026-05-26 17:03:50.998 8 INFO placement.requestlog [None req-d61190c8-df5f-4323-bb7d-1f4781e6e44a - - - - - -] 10.0.0.121 "GET /" status: 200 len: 136 microversion: 1.0
2026-05-26 17:03:53.414 7 INFO placement.requestlog [req-a5c290a2-be44-420a-afe5-5c5c077996a8 req-5c516b3e-4f8e-4cf5-920e-2ccc15eb9961 fc018ecf9334413da5371eaadcb46e85 9e0b26bc213547eab0e266ad5d01dcc9 - - 7ac834c574dc45b689d2cf1e33543921 7ac834c574dc45b689d2cf1e33543921] 199.19.213.225 "GET /resource_providers/c730d301-048e-4ba3-af54-d6c136d02ae3/allocations" status: 200 len: 352 microversion: 1.0 [pid: 7|app: 0|req: 373/739] 199.19.213.225 () {32 vars in 856 bytes} [Tue May 26 17:03:53 2026] GET /resource_providers/c730d301-048e-4ba3-af54-d6c136d02ae3/allocations => generated 352 bytes in 15 msecs (HTTP/1.1 200) 6 headers in 224 bytes (1 switches on core 0)
2026-05-26 17:03:53.441 8 INFO placement.requestlog [req-a5c290a2-be44-420a-afe5-5c5c077996a8 req-230e4666-f728-433b-9455-4015ac9caf9a fc018ecf9334413da5371eaadcb46e85 9e0b26bc213547eab0e266ad5d01dcc9 - - 7ac834c574dc45b689d2cf1e33543921 7ac834c574dc45b689d2cf1e33543921] 199.19.213.225 "GET /allocations/4317c0b6-9bcb-4634-b5c7-3d2ff106a489" status: 200 len: 257 microversion: 1.28 [pid: 8|app: 0|req: 367/740] 199.19.213.225 () {34 vars in 862 bytes} [Tue May 26 17:03:53 2026] GET /allocations/4317c0b6-9bcb-4634-b5c7-3d2ff106a489 => generated 257 bytes in 20 msecs (HTTP/1.1 200) 8 headers in 296 bytes (1 switches on core 0)
2026-05-26 17:03:53.463 7 INFO placement.requestlog [req-a5c290a2-be44-420a-afe5-5c5c077996a8 req-9d74676a-c5ea-4e56-9d72-00f0312195a0 fc018ecf9334413da5371eaadcb46e85 9e0b26bc213547eab0e266ad5d01dcc9 - - 7ac834c574dc45b689d2cf1e33543921 7ac834c574dc45b689d2cf1e33543921] 199.19.213.225 "GET /allocations/df071655-cc3f-4002-bd5d-16b7d0d92fe0" status: 200 len: 257 microversion: 1.28 [pid: 7|app: 0|req: 374/741] 199.19.213.225 () {34 vars in 862 bytes} [Tue May 26 17:03:53 2026] GET /allocations/df071655-cc3f-4002-bd5d-16b7d0d92fe0 => generated 257 bytes in 14 msecs (HTTP/1.1 200) 8 headers in 296 bytes (1 switches on core 0)
2026-05-26 17:03:53.480 8 INFO placement.requestlog [req-a5c290a2-be44-420a-afe5-5c5c077996a8 req-27f4a306-efca-42a6-9464-1426a25ca20a fc018ecf9334413da5371eaadcb46e85 9e0b26bc213547eab0e266ad5d01dcc9 - - 7ac834c574dc45b689d2cf1e33543921 7ac834c574dc45b689d2cf1e33543921] 199.19.213.225 "GET /allocations/ab127c84-9626-40b5-8376-0df82e4bdbad" status: 200 len: 257 microversion: 1.28 [pid: 8|app: 0|req: 368/742] 199.19.213.225 () {34 vars in 862 bytes} [Tue May 26 17:03:53 2026] GET /allocations/ab127c84-9626-40b5-8376-0df82e4bdbad => generated 257 bytes in 12 msecs (HTTP/1.1 200) 8 headers in 296 bytes (1 switches on core 0)
2026-05-26 17:03:54.503 7 INFO placement.requestlog [None req-69b18114-ef52-4eaf-8b41-cfc22d849f64 e17876cc28f040ae84b3893c39dc575a 9e0b26bc213547eab0e266ad5d01dcc9 - - 7ac834c574dc45b689d2cf1e33543921 7ac834c574dc45b689d2cf1e33543921] 10.0.0.47 "GET /resource_providers/77067ede-122b-4fee-8f3d-cea6be066469/aggregates" status: 404 len: 235 microversion: 1.1 [pid: 7|app: 0|req: 375/743] 10.0.0.47 () {32 vars in 814 bytes} [Tue May 26 17:03:54 2026] GET /resource_providers/77067ede-122b-4fee-8f3d-cea6be066469/aggregates => generated 235 bytes in 13 msecs (HTTP/1.1 404) 5 headers in 202 bytes (1 switches on core 0)
2026-05-26 17:03:54.506 8 INFO placement.requestlog [None req-01746369-1de3-4a10-baef-749afab0e157 e17876cc28f040ae84b3893c39dc575a 9e0b26bc213547eab0e266ad5d01dcc9 - - 7ac834c574dc45b689d2cf1e33543921 7ac834c574dc45b689d2cf1e33543921] 10.0.0.47 "GET /resource_providers/77067ede-122b-4fee-8f3d-cea6be066469/aggregates" status: 404 len: 235 microversion: 1.1 [pid: 8|app: 0|req: 369/744] 10.0.0.47 () {32 vars in 814 bytes} [Tue May 26 17:03:54 2026] GET /resource_providers/77067ede-122b-4fee-8f3d-cea6be066469/aggregates => generated 235 bytes in 8 msecs (HTTP/1.1 404) 5 headers in 202 bytes (1 switches on core 0)
