2026-07-14 18:49:19.166 7 INFO neutron_taas.services.taas.taas_plugin [None req-a194c495-58f5-4f89-95ef-f4bd2d9cd528 8ab5561a772a4a7a8eeaf5280e218533 7fd4a9937cc0457f8113c25bc74d665e - - default default] TaaS: Handle Delete Port: c00cab0a-6e76-4666-aeef-979f6f654c7f
2026-07-14 18:49:19.170 7 INFO neutron_taas.services.taas.tap_mirror_plugin [None req-a194c495-58f5-4f89-95ef-f4bd2d9cd528 8ab5561a772a4a7a8eeaf5280e218533 7fd4a9937cc0457f8113c25bc74d665e - - default default] Tap Mirror: Handle Delete Port: c00cab0a-6e76-4666-aeef-979f6f654c7f
2026-07-14 18:49:19.178 8 INFO neutron.db.ovn_revision_numbers_db [None req-28c68fbf-2a20-4551-92f4-33d85479f74c - - - - - -] Successfully bumped revision number for resource 1a4c2153-4f58-480d-a39f-21f992892e72 (type: subnets) to 0
2026-07-14 18:49:19.215 8 WARNING neutron.scheduler.dhcp_agent_scheduler [None req-a93d42b3-fcff-4517-abc0-18a734ba9a69 795a203ddd4744948ef16586d4572912 58b48ad8a48642d2bc987469b8e44711 - - default default] No more DHCP agents
2026-07-14 18:49:19.216 8 WARNING neutron.api.rpc.agentnotifiers.dhcp_rpc_agent_api [None req-a93d42b3-fcff-4517-abc0-18a734ba9a69 795a203ddd4744948ef16586d4572912 58b48ad8a48642d2bc987469b8e44711 - - default default] Unable to schedule network 199dc977-1be2-4328-86cf-b046dfd5df76: no agents available; will retry on subsequent port and subnet creation events.
2026-07-14 18:49:19.665 8 INFO neutron.db.ovn_revision_numbers_db [None req-bbdfb938-a72a-41f2-aa56-817a64e67143 - - - - - -] Successfully bumped revision number for resource 08ee77aa-17ba-4ccb-87b9-1daf9fdb86dc (type: ports) to 2
2026-07-14 18:49:19.704 8 INFO neutron.db.ovn_revision_numbers_db [None req-bbdfb938-a72a-41f2-aa56-817a64e67143 - - - - - -] Successfully bumped revision number for resource 9bf38a7b-8175-4064-bee3-c13a78290cf7 (type: subnets) to 0 [pid: 8|app: 0|req: 675/1399] 10.0.0.229 () {34 vars in 669 bytes} [Tue Jul 14 18:49:18 2026] POST /v2.0/subnets => generated 1273 bytes in 1402 msecs (HTTP/1.1 201) 4 headers in 163 bytes (1 switches on core 0) [pid: 8|app: 0|req: 676/1400] 199.204.45.53 () {34 vars in 1079 bytes} [Tue Jul 14 18:49:19 2026] GET /v2.0/ports?tenant_id=31361fba0c9e4e4bb57145ee8be2d46a&device_id=f08b8f0e-1ea8-45aa-a004-7519b50d7981 => generated 1207 bytes in 34 msecs (HTTP/1.1 200) 4 headers in 158 bytes (1 switches on core 0) [pid: 8|app: 0|req: 677/1401] 10.0.0.184 () {34 vars in 990 bytes} [Tue Jul 14 18:49:19 2026] GET /v2.0/ports?device_id=f08b8f0e-1ea8-45aa-a004-7519b50d7981 => generated 969 bytes in 42 msecs (HTTP/1.1 200) 4 headers in 157 bytes (1 switches on core 0) [pid: 7|app: 0|req: 725/1402] 10.0.0.229 () {34 vars in 789 bytes} [Tue Jul 14 18:49:18 2026] PUT /v2.0/routers/54842979-35ce-4365-8f28-2217948da724/remove_router_interface => generated 309 bytes in 986 msecs (HTTP/1.1 200) 4 headers in 157 bytes (1 switches on core 0) /var/lib/openstack/lib/python3.12/site-packages/pycadf/identifier.py:70: UserWarning: Invalid uuid: neutron. To ensure interoperability, identifiers should be a valid uuid. warnings.warn(('Invalid uuid: %s. To ensure interoperability, ' [pid: 7|app: 0|req: 726/1403] 199.204.45.53 () {34 vars in 1057 bytes} [Tue Jul 14 18:49:19 2026] GET /v2.0/floatingips?fixed_ip_address=10.100.0.3&port_id=ec559ed4-a397-41c1-bffc-96550d051b1a => generated 19 bytes in 23 msecs (HTTP/1.1 200) 4 headers in 156 bytes (1 switches on core 0) [pid: 8|app: 0|req: 678/1404] 10.0.0.229 () {32 vars in 647 bytes} [Tue Jul 14 18:49:19 2026] GET /v2.0/subnets => generated 1909 bytes in 52 msecs (HTTP/1.1 200) 4 headers in 158 bytes (1 switches on core 0) [pid: 7|app: 0|req: 727/1405] 10.0.0.184 () {34 vars in 1040 bytes} [Tue Jul 14 18:49:19 2026] GET /v2.0/security-groups?id=e78ef1b9-a997-4b71-94c7-a5d104ec9bb4&fields=id&fields=name => generated 113 bytes in 29 msecs (HTTP/1.1 200) 4 headers in 157 bytes (1 switches on core 0) [pid: 7|app: 0|req: 728/1406] 199.204.45.53 () {34 vars in 983 bytes} [Tue Jul 14 18:49:19 2026] GET /v2.0/subnets?id=1f249db0-ac16-4b9e-a6c5-9e5d25566ce0 => generated 697 bytes in 30 msecs (HTTP/1.1 200) 4 headers in 157 bytes (1 switches on core 0) [pid: 7|app: 0|req: 729/1407] 10.0.0.229 () {32 vars in 724 bytes} [Tue Jul 14 18:49:19 2026] DELETE /v2.0/subnets/1a4c2153-4f58-480d-a39f-21f992892e72 => generated 0 bytes in 217 msecs (HTTP/1.1 204) 3 headers in 131 bytes (1 switches on core 0) [pid: 7|app: 0|req: 730/1408] 199.204.45.53 () {34 vars in 1051 bytes} [Tue Jul 14 18:49:20 2026] GET /v2.0/ports?network_id=3895eb9a-fe98-4001-a9c1-545f7e905c75&device_owner=network%3Adhcp => generated 12 bytes in 16 msecs (HTTP/1.1 200) 4 headers in 156 bytes (1 switches on core 0)
2026-07-14 18:49:20.206 8 INFO neutron_taas.services.taas.taas_plugin [None req-2d58c8a8-636e-443d-ac31-7bb08cf0866d 8ab5561a772a4a7a8eeaf5280e218533 7fd4a9937cc0457f8113c25bc74d665e - - default default] TaaS: Handle Delete Port: 579c7370-6de8-4ba8-ac91-a8c7b66e4a37
2026-07-14 18:49:20.210 8 INFO neutron_taas.services.taas.tap_mirror_plugin [None req-2d58c8a8-636e-443d-ac31-7bb08cf0866d 8ab5561a772a4a7a8eeaf5280e218533 7fd4a9937cc0457f8113c25bc74d665e - - default default] Tap Mirror: Handle Delete Port: 579c7370-6de8-4ba8-ac91-a8c7b66e4a37 [pid: 7|app: 0|req: 731/1409] 10.0.0.229 () {32 vars in 724 bytes} [Tue Jul 14 18:49:20 2026] DELETE /v2.0/subnets/9bf38a7b-8175-4064-bee3-c13a78290cf7 => generated 0 bytes in 131 msecs (HTTP/1.1 204) 3 headers in 131 bytes (1 switches on core 0) [pid: 7|app: 0|req: 732/1410] 199.204.45.53 () {34 vars in 1011 bytes} [Tue Jul 14 18:49:20 2026] GET /v2.0/networks/3895eb9a-fe98-4001-a9c1-545f7e905c75?fields=segments => generated 14 bytes in 31 msecs (HTTP/1.1 200) 4 headers in 156 bytes (1 switches on core 0) [pid: 7|app: 0|req: 733/1411] 10.0.0.229 () {32 vars in 647 bytes} [Tue Jul 14 18:49:20 2026] GET /v2.0/subnets => generated 649 bytes in 24 msecs (HTTP/1.1 200) 4 headers in 157 bytes (1 switches on core 0) [pid: 7|app: 0|req: 734/1412] 199.204.45.53 () {34 vars in 1111 bytes} [Tue Jul 14 18:49:20 2026] GET /v2.0/networks/3895eb9a-fe98-4001-a9c1-545f7e905c75?fields=provider%3Aphysical_network&fields=provider%3Anetwork_type => generated 79 bytes in 43 msecs (HTTP/1.1 200) 4 headers in 156 bytes (1 switches on core 0)
2026-07-14 18:49:20.497 7 INFO neutron_taas.services.taas.taas_plugin [None req-59af6b7e-67bf-4901-81a5-4e006dee1caf 795a203ddd4744948ef16586d4572912 58b48ad8a48642d2bc987469b8e44711 - - default default] TaaS: Handle Delete Port: 08ee77aa-17ba-4ccb-87b9-1daf9fdb86dc
2026-07-14 18:49:20.500 7 INFO neutron_taas.services.taas.tap_mirror_plugin [None req-59af6b7e-67bf-4901-81a5-4e006dee1caf 795a203ddd4744948ef16586d4572912 58b48ad8a48642d2bc987469b8e44711 - - default default] Tap Mirror: Handle Delete Port: 08ee77aa-17ba-4ccb-87b9-1daf9fdb86dc [pid: 8|app: 0|req: 679/1413] 10.0.0.229 () {32 vars in 724 bytes} [Tue Jul 14 18:49:19 2026] DELETE /v2.0/routers/54842979-35ce-4365-8f28-2217948da724 => generated 0 bytes in 802 msecs (HTTP/1.1 204) 2 headers in 112 bytes (1 switches on core 0)
2026-07-14 18:49:20.709 7 INFO neutron.services.segments.plugin [-] Segment ab2c8e1e-f5d6-4142-84a2-5867a5272119 resource provider aggregate not found
2026-07-14 18:49:20.714 7 INFO neutron.services.segments.plugin [-] Segment ab2c8e1e-f5d6-4142-84a2-5867a5272119 resource provider aggregate not found
2026-07-14 18:49:20.731 7 INFO neutron.services.segments.plugin [-] Segment ab2c8e1e-f5d6-4142-84a2-5867a5272119 resource provider not found; error: Placement Client Error (4xx): {"errors": [{"status": 404, "title": "Not Found", "detail": "The resource could not be found.\n\n No resource provider with uuid ab2c8e1e-f5d6-4142-84a2-5867a5272119 found for delete ", "request_id": "req-003c6582-096a-4886-a530-9916c6192cd5"}]}
2026-07-14 18:49:20.735 7 INFO neutron.services.segments.plugin [-] Segment ab2c8e1e-f5d6-4142-84a2-5867a5272119 resource provider not found; error: Placement Client Error (4xx): {"errors": [{"status": 404, "title": "Not Found", "detail": "The resource could not be found.\n\n No resource provider with uuid ab2c8e1e-f5d6-4142-84a2-5867a5272119 found for delete ", "request_id": "req-e608e864-458d-425f-a5be-1d27c98140f0"}]} [pid: 7|app: 0|req: 735/1414] 10.0.0.229 () {32 vars in 726 bytes} [Tue Jul 14 18:49:20 2026] DELETE /v2.0/networks/199dc977-1be2-4328-86cf-b046dfd5df76 => generated 0 bytes in 387 msecs (HTTP/1.1 204) 3 headers in 131 bytes (1 switches on core 0)
2026-07-14 18:49:20.860 8 INFO neutron.db.ovn_revision_numbers_db [None req-d35af33c-1ab4-40d7-8551-a2b8148e1f71 8ab5561a772a4a7a8eeaf5280e218533 7fd4a9937cc0457f8113c25bc74d665e - - default default] Successfully bumped revision number for resource a7b2416f-acdc-43a6-a7c8-5adb6872ee83 (type: security_groups) to 1
2026-07-14 18:49:20.872 8 INFO neutron.db.ovn_revision_numbers_db [None req-d35af33c-1ab4-40d7-8551-a2b8148e1f71 8ab5561a772a4a7a8eeaf5280e218533 7fd4a9937cc0457f8113c25bc74d665e - - default default] Successfully bumped revision number for resource 305e947e-968b-4d0d-9ce2-dac798f6f995 (type: security_group_rules) to 0
2026-07-14 18:49:20.882 8 INFO neutron.db.ovn_revision_numbers_db [None req-d35af33c-1ab4-40d7-8551-a2b8148e1f71 8ab5561a772a4a7a8eeaf5280e218533 7fd4a9937cc0457f8113c25bc74d665e - - default default] Successfully bumped revision number for resource 5ddf7f59-75a8-41ef-bc06-1545cd485efd (type: security_group_rules) to 0
2026-07-14 18:49:20.893 8 INFO neutron.db.ovn_revision_numbers_db [None req-d35af33c-1ab4-40d7-8551-a2b8148e1f71 8ab5561a772a4a7a8eeaf5280e218533 7fd4a9937cc0457f8113c25bc74d665e - - default default] Successfully bumped revision number for resource b049ed70-9fdf-4148-83cd-875fedc1e04a (type: security_group_rules) to 0
2026-07-14 18:49:20.904 8 INFO neutron.db.ovn_revision_numbers_db [None req-d35af33c-1ab4-40d7-8551-a2b8148e1f71 8ab5561a772a4a7a8eeaf5280e218533 7fd4a9937cc0457f8113c25bc74d665e - - default default] Successfully bumped revision number for resource e0e0bfa6-69ae-4390-a19d-cb17eea4c694 (type: security_group_rules) to 0 [pid: 7|app: 0|req: 736/1415] 10.0.0.229 () {32 vars in 724 bytes} [Tue Jul 14 18:49:20 2026] DELETE /v2.0/subnets/7daef63c-cb1b-4a1d-9f17-91a3ff45d8b3 => generated 0 bytes in 171 msecs (HTTP/1.1 204) 3 headers in 131 bytes (1 switches on core 0) [pid: 8|app: 0|req: 680/1416] 10.0.0.229 () {32 vars in 774 bytes} [Tue Jul 14 18:49:20 2026] GET /v2.0/security-groups?tenant_id=9320a02b1fa54c6d8b3356a08f584a13&name=default => generated 2925 bytes in 285 msecs (HTTP/1.1 200) 4 headers in 158 bytes (1 switches on core 0)
2026-07-14 18:49:21.067 8 INFO neutron_taas.services.taas.taas_plugin [None req-7f0d553a-5e87-4ff3-87fe-b36308e95e8f 8ab5561a772a4a7a8eeaf5280e218533 7fd4a9937cc0457f8113c25bc74d665e - - default default] TaaS: Handle Delete Port: d60de8b5-3df0-4a73-8c3b-c7951e1df8f2
2026-07-14 18:49:21.070 8 INFO neutron_taas.services.taas.tap_mirror_plugin [None req-7f0d553a-5e87-4ff3-87fe-b36308e95e8f 8ab5561a772a4a7a8eeaf5280e218533 7fd4a9937cc0457f8113c25bc74d665e - - default default] Tap Mirror: Handle Delete Port: d60de8b5-3df0-4a73-8c3b-c7951e1df8f2
2026-07-14 18:49:21.070 7 INFO neutron_taas.services.taas.taas_plugin [None req-9652689e-7f17-47d9-aa10-fbb8208f0401 795a203ddd4744948ef16586d4572912 58b48ad8a48642d2bc987469b8e44711 - - default default] TaaS: Handle Delete Port: 2dfd17f1-9a75-4fdd-88a7-8fe249d2a41c
2026-07-14 18:49:21.073 7 INFO neutron_taas.services.taas.tap_mirror_plugin [None req-9652689e-7f17-47d9-aa10-fbb8208f0401 795a203ddd4744948ef16586d4572912 58b48ad8a48642d2bc987469b8e44711 - - default default] Tap Mirror: Handle Delete Port: 2dfd17f1-9a75-4fdd-88a7-8fe249d2a41c
2026-07-14 18:49:21.256 8 INFO neutron.services.segments.plugin [-] Segment ed22747a-0775-4a27-8190-46eea416871a resource provider aggregate not found
2026-07-14 18:49:21.263 8 INFO neutron.services.segments.plugin [-] Segment ed22747a-0775-4a27-8190-46eea416871a resource provider aggregate not found
2026-07-14 18:49:21.280 8 INFO neutron.services.segments.plugin [-] Segment ed22747a-0775-4a27-8190-46eea416871a resource provider not found; error: Placement Client Error (4xx): {"errors": [{"status": 404, "title": "Not Found", "detail": "The resource could not be found.\n\n No resource provider with uuid ed22747a-0775-4a27-8190-46eea416871a found for delete ", "request_id": "req-003e6413-9110-4abd-a1ca-eacff6618e78"}]}
2026-07-14 18:49:21.283 8 INFO neutron.services.segments.plugin [-] Segment ed22747a-0775-4a27-8190-46eea416871a resource provider not found; error: Placement Client Error (4xx): {"errors": [{"status": 404, "title": "Not Found", "detail": "The resource could not be found.\n\n No resource provider with uuid ed22747a-0775-4a27-8190-46eea416871a found for delete ", "request_id": "req-d5369116-086f-4719-834d-e3305f6983cc"}]} [pid: 7|app: 0|req: 737/1417] 10.0.0.229 () {32 vars in 726 bytes} [Tue Jul 14 18:49:20 2026] DELETE /v2.0/networks/15dc9921-2a19-405b-a6d6-3b012c29b79e => generated 0 bytes in 368 msecs (HTTP/1.1 204) 3 headers in 131 bytes (1 switches on core 0) [pid: 8|app: 0|req: 681/1418] 10.0.0.229 () {32 vars in 726 bytes} [Tue Jul 14 18:49:20 2026] DELETE /v2.0/networks/b971c415-f18f-4919-974a-f8ed58fe5d78 => generated 0 bytes in 372 msecs (HTTP/1.1 204) 3 headers in 131 bytes (1 switches on core 0) [pid: 7|app: 0|req: 738/1419] 10.0.0.184 () {34 vars in 990 bytes} [Tue Jul 14 18:49:21 2026] GET /v2.0/ports?device_id=f08b8f0e-1ea8-45aa-a004-7519b50d7981 => generated 969 bytes in 86 msecs (HTTP/1.1 200) 4 headers in 157 bytes (1 switches on core 0)
2026-07-14 18:49:21.529 7 INFO neutron_taas.services.taas.taas_plugin [None req-9ffde1fe-c790-4496-95f3-d8a7c9d4dc62 795a203ddd4744948ef16586d4572912 58b48ad8a48642d2bc987469b8e44711 - - default default] TaaS: Handle Delete Port: 9ae5ed95-5238-4baa-8318-4c23b203bcdf
2026-07-14 18:49:21.532 7 INFO neutron_taas.services.taas.tap_mirror_plugin [None req-9ffde1fe-c790-4496-95f3-d8a7c9d4dc62 795a203ddd4744948ef16586d4572912 58b48ad8a48642d2bc987469b8e44711 - - default default] Tap Mirror: Handle Delete Port: 9ae5ed95-5238-4baa-8318-4c23b203bcdf [pid: 8|app: 0|req: 682/1420] 10.0.0.229 () {32 vars in 740 bytes} [Tue Jul 14 18:49:21 2026] DELETE /v2.0/security-groups/a7b2416f-acdc-43a6-a7c8-5adb6872ee83 => generated 0 bytes in 216 msecs (HTTP/1.1 204) 2 headers in 112 bytes (1 switches on core 0) [pid: 8|app: 0|req: 683/1421] 10.0.0.184 () {34 vars in 1040 bytes} [Tue Jul 14 18:49:21 2026] GET /v2.0/security-groups?id=e78ef1b9-a997-4b71-94c7-a5d104ec9bb4&fields=id&fields=name => generated 113 bytes in 33 msecs (HTTP/1.1 200) 4 headers in 157 bytes (1 switches on core 0) [pid: 8|app: 0|req: 684/1422] 10.0.0.229 () {32 vars in 774 bytes} [Tue Jul 14 18:49:21 2026] GET /v2.0/security-groups?tenant_id=196a2261e43849f79869580d887fc4d2&name=default => generated 2925 bytes in 34 msecs (HTTP/1.1 200) 4 headers in 158 bytes (1 switches on core 0) [pid: 7|app: 0|req: 739/1423] 10.0.0.229 () {32 vars in 726 bytes} [Tue Jul 14 18:49:21 2026] DELETE /v2.0/networks/5467e0d2-3382-4f39-bfc7-a0c61d4a0508 => generated 0 bytes in 427 msecs (HTTP/1.1 204) 3 headers in 131 bytes (1 switches on core 0) [pid: 8|app: 0|req: 685/1424] 10.0.0.229 () {32 vars in 740 bytes} [Tue Jul 14 18:49:21 2026] DELETE /v2.0/security-groups/91346475-5c83-48d0-837d-1ae7b4d057c9 => generated 0 bytes in 281 msecs (HTTP/1.1 204) 2 headers in 112 bytes (1 switches on core 0)
2026-07-14 18:49:21.974 7 INFO neutron_taas.services.taas.taas_plugin [None req-2feb7198-0929-46d4-b333-2e2fdb3dfd28 795a203ddd4744948ef16586d4572912 58b48ad8a48642d2bc987469b8e44711 - - default default] TaaS: Handle Delete Port: c6e406cf-9a02-4106-9fee-04dbf124599d
2026-07-14 18:49:21.977 7 INFO neutron_taas.services.taas.tap_mirror_plugin [None req-2feb7198-0929-46d4-b333-2e2fdb3dfd28 795a203ddd4744948ef16586d4572912 58b48ad8a48642d2bc987469b8e44711 - - default default] Tap Mirror: Handle Delete Port: c6e406cf-9a02-4106-9fee-04dbf124599d [pid: 7|app: 0|req: 740/1427] 10.0.0.229 () {32 vars in 726 bytes} [Tue Jul 14 18:49:21 2026] DELETE /v2.0/networks/6ed2ced8-c752-49ca-b596-b449942ac9b5 => generated 0 bytes in 443 msecs (HTTP/1.1 204) 3 headers in 131 bytes (1 switches on core 0) [pid: 8|app: 0|req: 688/1428] 10.0.0.184 () {34 vars in 990 bytes} [Tue Jul 14 18:49:22 2026] GET /v2.0/ports?device_id=f08b8f0e-1ea8-45aa-a004-7519b50d7981 => generated 969 bytes in 76 msecs (HTTP/1.1 200) 4 headers in 157 bytes (1 switches on core 0)
2026-07-14 18:49:22.747 7 INFO neutron.services.segments.plugin [-] Segment 41aaa86d-f5f8-4635-aaf8-48fdb72596aa resource provider aggregate not found
2026-07-14 18:49:22.751 7 INFO neutron.services.segments.plugin [-] Segment 41aaa86d-f5f8-4635-aaf8-48fdb72596aa resource provider aggregate not found [pid: 8|app: 0|req: 689/1429] 10.0.0.184 () {34 vars in 1040 bytes} [Tue Jul 14 18:49:22 2026] GET /v2.0/security-groups?id=e78ef1b9-a997-4b71-94c7-a5d104ec9bb4&fields=id&fields=name => generated 113 bytes in 31 msecs (HTTP/1.1 200) 4 headers in 157 bytes (1 switches on core 0)
2026-07-14 18:49:22.764 7 INFO neutron.services.segments.plugin [-] Segment 41aaa86d-f5f8-4635-aaf8-48fdb72596aa resource provider not found; error: Placement Client Error (4xx): {"errors": [{"status": 404, "title": "Not Found", "detail": "The resource could not be found.\n\n No resource provider with uuid 41aaa86d-f5f8-4635-aaf8-48fdb72596aa found for delete ", "request_id": "req-85e170a3-946d-4f8f-a9c9-2bda0731a371"}]}
2026-07-14 18:49:22.768 7 INFO neutron.services.segments.plugin [-] Segment 41aaa86d-f5f8-4635-aaf8-48fdb72596aa resource provider not found; error: Placement Client Error (4xx): {"errors": [{"status": 404, "title": "Not Found", "detail": "The resource could not be found.\n\n No resource provider with uuid 41aaa86d-f5f8-4635-aaf8-48fdb72596aa found for delete ", "request_id": "req-404502a7-9c8a-4756-bb2a-cd6ef41e889b"}]}
2026-07-14 18:49:22.783 7 INFO neutron.services.segments.plugin [-] Segment 2c55fa5a-0e0f-4c42-9de9-59b4eac203fb resource provider aggregate not found
2026-07-14 18:49:22.788 7 INFO neutron.services.segments.plugin [-] Segment 2c55fa5a-0e0f-4c42-9de9-59b4eac203fb resource provider aggregate not found
2026-07-14 18:49:22.800 7 INFO neutron.services.segments.plugin [-] Segment 2c55fa5a-0e0f-4c42-9de9-59b4eac203fb resource provider not found; error: Placement Client Error (4xx): {"errors": [{"status": 404, "title": "Not Found", "detail": "The resource could not be found.\n\n No resource provider with uuid 2c55fa5a-0e0f-4c42-9de9-59b4eac203fb found for delete ", "request_id": "req-ed34cfe6-909d-4a41-b5d8-c9fa2b949c7b"}]}
2026-07-14 18:49:22.806 7 INFO neutron.services.segments.plugin [-] Segment 2c55fa5a-0e0f-4c42-9de9-59b4eac203fb resource provider not found; error: Placement Client Error (4xx): {"errors": [{"status": 404, "title": "Not Found", "detail": "The resource could not be found.\n\n No resource provider with uuid 2c55fa5a-0e0f-4c42-9de9-59b4eac203fb found for delete ", "request_id": "req-6da0ba80-9c4e-4a8b-bc3a-249f9746dc6b"}]}
2026-07-14 18:49:22.826 7 INFO neutron.services.segments.plugin [-] Segment 4baa5611-bf56-4d98-8258-494b6d9ff07c resource provider aggregate not found
2026-07-14 18:49:22.836 7 INFO neutron.services.segments.plugin [-] Segment 4baa5611-bf56-4d98-8258-494b6d9ff07c resource provider aggregate not found
2026-07-14 18:49:22.852 7 INFO neutron.services.segments.plugin [-] Segment 4baa5611-bf56-4d98-8258-494b6d9ff07c resource provider not found; error: Placement Client Error (4xx): {"errors": [{"status": 404, "title": "Not Found", "detail": "The resource could not be found.\n\n No resource provider with uuid 4baa5611-bf56-4d98-8258-494b6d9ff07c found for delete ", "request_id": "req-c370fd58-e138-4013-b52e-53fc886dbe09"}]}
2026-07-14 18:49:22.859 7 INFO neutron.services.segments.plugin [-] Segment 4baa5611-bf56-4d98-8258-494b6d9ff07c resource provider not found; error: Placement Client Error (4xx): {"errors": [{"status": 404, "title": "Not Found", "detail": "The resource could not be found.\n\n No resource provider with uuid 4baa5611-bf56-4d98-8258-494b6d9ff07c found for delete ", "request_id": "req-58940ce4-3051-4a62-91ac-48940120c703"}]} [pid: 7|app: 0|req: 741/1430] 10.0.0.229 () {32 vars in 774 bytes} [Tue Jul 14 18:49:22 2026] GET /v2.0/security-groups?tenant_id=58b48ad8a48642d2bc987469b8e44711&name=default => generated 2925 bytes in 147 msecs (HTTP/1.1 200) 4 headers in 158 bytes (1 switches on core 0) [pid: 8|app: 0|req: 690/1431] 10.0.0.229 () {32 vars in 740 bytes} [Tue Jul 14 18:49:22 2026] DELETE /v2.0/security-groups/3b839d12-bc31-4caf-855b-18cb4692f4dc => generated 0 bytes in 279 msecs (HTTP/1.1 204) 2 headers in 112 bytes (1 switches on core 0)
2026-07-14 18:49:23.698 7 INFO neutron.db.ovn_revision_numbers_db [None req-e5da86d9-513d-40a9-895f-090a305dad8b 8ab5561a772a4a7a8eeaf5280e218533 7fd4a9937cc0457f8113c25bc74d665e - - default default] Successfully bumped revision number for resource 82cb20c6-2dae-4366-8241-e0aab65da387 (type: security_groups) to 1
2026-07-14 18:49:23.713 7 INFO neutron.db.ovn_revision_numbers_db [None req-e5da86d9-513d-40a9-895f-090a305dad8b 8ab5561a772a4a7a8eeaf5280e218533 7fd4a9937cc0457f8113c25bc74d665e - - default default] Successfully bumped revision number for resource 33a596d9-6155-40e1-86f9-8c71291aaddc (type: security_group_rules) to 0
2026-07-14 18:49:23.726 7 INFO neutron.db.ovn_revision_numbers_db [None req-e5da86d9-513d-40a9-895f-090a305dad8b 8ab5561a772a4a7a8eeaf5280e218533 7fd4a9937cc0457f8113c25bc74d665e - - default default] Successfully bumped revision number for resource bcd17654-0bf9-4186-bba5-c97d74bb3b14 (type: security_group_rules) to 0
2026-07-14 18:49:23.737 7 INFO neutron.db.ovn_revision_numbers_db [None req-e5da86d9-513d-40a9-895f-090a305dad8b 8ab5561a772a4a7a8eeaf5280e218533 7fd4a9937cc0457f8113c25bc74d665e - - default default] Successfully bumped revision number for resource c41921f3-aa36-4fe2-83fc-e82ddd41d4b4 (type: security_group_rules) to 0
2026-07-14 18:49:23.750 7 INFO neutron.db.ovn_revision_numbers_db [None req-e5da86d9-513d-40a9-895f-090a305dad8b 8ab5561a772a4a7a8eeaf5280e218533 7fd4a9937cc0457f8113c25bc74d665e - - default default] Successfully bumped revision number for resource e5a0ffac-32e5-4f27-b44a-a1cfe05adcc2 (type: security_group_rules) to 0
2026-07-14 18:49:23.842 7 INFO neutron.db.segments_db [None req-e5da86d9-513d-40a9-895f-090a305dad8b 8ab5561a772a4a7a8eeaf5280e218533 7fd4a9937cc0457f8113c25bc74d665e - - default default] Added segment ed326c41-fd31-494d-a06c-313233467227 of type geneve for network 99918ec4-b57c-4373-9037-b6996559ff0f [pid: 8|app: 0|req: 691/1432] 10.0.0.184 () {34 vars in 990 bytes} [Tue Jul 14 18:49:23 2026] GET /v2.0/ports?device_id=f08b8f0e-1ea8-45aa-a004-7519b50d7981 => generated 969 bytes in 33 msecs (HTTP/1.1 200) 4 headers in 157 bytes (1 switches on core 0) [pid: 8|app: 0|req: 692/1433] 10.0.0.184 () {34 vars in 1040 bytes} [Tue Jul 14 18:49:23 2026] GET /v2.0/security-groups?id=e78ef1b9-a997-4b71-94c7-a5d104ec9bb4&fields=id&fields=name => generated 113 bytes in 26 msecs (HTTP/1.1 200) 4 headers in 157 bytes (1 switches on core 0)
2026-07-14 18:49:23.969 7 INFO neutron.db.ovn_revision_numbers_db [None req-e5da86d9-513d-40a9-895f-090a305dad8b 8ab5561a772a4a7a8eeaf5280e218533 7fd4a9937cc0457f8113c25bc74d665e - - default default] Successfully bumped revision number for resource 99918ec4-b57c-4373-9037-b6996559ff0f (type: networks) to 1
2026-07-14 18:49:24.147 7 INFO neutron.plugins.ml2.drivers.ovn.mech_driver.mech_driver [None req-02808c0a-bb5c-4af2-bf9e-211909352d96 - - - - - -] OVN reports status up for port: ec559ed4-a397-41c1-bffc-96550d051b1a
2026-07-14 18:49:24.181 7 INFO neutron.plugins.ml2.plugin [None req-02808c0a-bb5c-4af2-bf9e-211909352d96 - - - - - -] Attempt 1 to provision port ec559ed4-a397-41c1-bffc-96550d051b1a
2026-07-14 18:49:24.273 7 WARNING neutron.scheduler.dhcp_agent_scheduler [None req-e5da86d9-513d-40a9-895f-090a305dad8b 8ab5561a772a4a7a8eeaf5280e218533 7fd4a9937cc0457f8113c25bc74d665e - - default default] No more DHCP agents
2026-07-14 18:49:24.275 7 WARNING neutron.api.rpc.agentnotifiers.dhcp_rpc_agent_api [None req-e5da86d9-513d-40a9-895f-090a305dad8b 8ab5561a772a4a7a8eeaf5280e218533 7fd4a9937cc0457f8113c25bc74d665e - - default default] Unable to schedule network 99918ec4-b57c-4373-9037-b6996559ff0f: no agents available; will retry on subsequent port and subnet creation events.
2026-07-14 18:49:24.410 7 INFO neutron.notifiers.nova [-] Nova event matching ['req-b1639f7a-71ac-46d5-bfe6-ff03dcc10709'] response: {'server_uuid': 'f08b8f0e-1ea8-45aa-a004-7519b50d7981', 'name': 'network-vif-plugged', 'status': 'completed', 'tag': 'ec559ed4-a397-41c1-bffc-96550d051b1a', 'code': 200}
2026-07-14 18:49:24.470 7 INFO neutron.db.ovn_revision_numbers_db [None req-e5da86d9-513d-40a9-895f-090a305dad8b 8ab5561a772a4a7a8eeaf5280e218533 7fd4a9937cc0457f8113c25bc74d665e - - default default] Successfully bumped revision number for resource d7b227d8-69f6-4521-a3e7-dc2207a728f6 (type: ports) to 1 [pid: 7|app: 0|req: 742/1434] 10.0.0.229 () {34 vars in 671 bytes} [Tue Jul 14 18:49:23 2026] POST /v2.0/networks => generated 763 bytes in 1074 msecs (HTTP/1.1 201) 4 headers in 162 bytes (1 switches on core 0)
2026-07-14 18:49:24.590 7 INFO neutron.db.ovn_revision_numbers_db [None req-02808c0a-bb5c-4af2-bf9e-211909352d96 - - - - - -] Successfully bumped revision number for resource ec559ed4-a397-41c1-bffc-96550d051b1a (type: ports) to 5
2026-07-14 18:49:24.669 7 INFO neutron.plugins.ml2.drivers.ovn.mech_driver.mech_driver [None req-4e4bb255-34d1-4a99-94ee-979cb8275834 - - - - - -] OVN reports status down for port: d7b227d8-69f6-4521-a3e7-dc2207a728f6
2026-07-14 18:49:24.688 8 WARNING neutron.scheduler.dhcp_agent_scheduler [None req-19da49b8-22dc-4bc0-ac94-fb76f62f9944 8ab5561a772a4a7a8eeaf5280e218533 7fd4a9937cc0457f8113c25bc74d665e - - default default] No more DHCP agents
2026-07-14 18:49:24.691 8 WARNING neutron.api.rpc.agentnotifiers.dhcp_rpc_agent_api [None req-19da49b8-22dc-4bc0-ac94-fb76f62f9944 8ab5561a772a4a7a8eeaf5280e218533 7fd4a9937cc0457f8113c25bc74d665e - - default default] Unable to schedule network 99918ec4-b57c-4373-9037-b6996559ff0f: no agents available; will retry on subsequent port and subnet creation events. /var/lib/openstack/lib/python3.12/site-packages/pycadf/identifier.py:70: UserWarning: Invalid uuid: neutron. To ensure interoperability, identifiers should be a valid uuid. warnings.warn(('Invalid uuid: %s. To ensure interoperability, ' [pid: 7|app: 0|req: 743/1435] 10.0.0.184 () {34 vars in 990 bytes} [Tue Jul 14 18:49:24 2026] GET /v2.0/ports?device_id=f08b8f0e-1ea8-45aa-a004-7519b50d7981 => generated 971 bytes in 58 msecs (HTTP/1.1 200) 4 headers in 157 bytes (1 switches on core 0)
2026-07-14 18:49:25.200 8 INFO neutron.db.ovn_revision_numbers_db [None req-63fdb39c-c2a3-4628-b178-114d7a76c311 - - - - - -] Successfully bumped revision number for resource d7b227d8-69f6-4521-a3e7-dc2207a728f6 (type: ports) to 2
2026-07-14 18:49:25.237 8 INFO neutron.db.ovn_revision_numbers_db [None req-63fdb39c-c2a3-4628-b178-114d7a76c311 - - - - - -] Successfully bumped revision number for resource 81948c03-6317-4d76-ba90-93479014e285 (type: subnets) to 0 [pid: 8|app: 0|req: 693/1436] 10.0.0.229 () {34 vars in 669 bytes} [Tue Jul 14 18:49:24 2026] POST /v2.0/subnets => generated 688 bytes in 741 msecs (HTTP/1.1 201) 4 headers in 162 bytes (1 switches on core 0)
2026-07-14 18:49:25.412 7 INFO neutron.db.ovn_revision_numbers_db [None req-60d3ebb8-8d98-4d03-b914-7a2cf065b459 8ab5561a772a4a7a8eeaf5280e218533 7fd4a9937cc0457f8113c25bc74d665e - - default default] Successfully bumped revision number for resource c7ac3260-3f74-4006-9f34-25129dab0223 (type: security_groups) to 1
2026-07-14 18:49:25.428 7 INFO neutron.db.ovn_revision_numbers_db [None req-60d3ebb8-8d98-4d03-b914-7a2cf065b459 8ab5561a772a4a7a8eeaf5280e218533 7fd4a9937cc0457f8113c25bc74d665e - - default default] Successfully bumped revision number for resource 79f89a03-e4a0-4c30-bdb1-209da95d3ad4 (type: security_group_rules) to 0
2026-07-14 18:49:25.442 7 INFO neutron.db.ovn_revision_numbers_db [None req-60d3ebb8-8d98-4d03-b914-7a2cf065b459 8ab5561a772a4a7a8eeaf5280e218533 7fd4a9937cc0457f8113c25bc74d665e - - default default] Successfully bumped revision number for resource 809d7156-f4ff-42d5-820f-80e86a4ef79b (type: security_group_rules) to 0
2026-07-14 18:49:25.455 7 INFO neutron.db.ovn_revision_numbers_db [None req-60d3ebb8-8d98-4d03-b914-7a2cf065b459 8ab5561a772a4a7a8eeaf5280e218533 7fd4a9937cc0457f8113c25bc74d665e - - default default] Successfully bumped revision number for resource b7bb7f5d-8784-437b-b301-153c7955353e (type: security_group_rules) to 0
2026-07-14 18:49:25.472 7 INFO neutron.db.ovn_revision_numbers_db [None req-60d3ebb8-8d98-4d03-b914-7a2cf065b459 8ab5561a772a4a7a8eeaf5280e218533 7fd4a9937cc0457f8113c25bc74d665e - - default default] Successfully bumped revision number for resource f03cfc40-bb7b-4f0a-b55a-06273a32a88c (type: security_group_rules) to 0
2026-07-14 18:49:25.494 8 INFO neutron.db.ovn_revision_numbers_db [None req-c2c84724-767b-4149-ad89-8eb19155d7c3 1e72f3ee4edd40ad8fc226577c913509 589d3e20d00c4876a13befa70b194497 - - default default] Successfully bumped revision number for resource 63945ab9-0ac3-43c9-bb53-91264caabaeb (type: security_groups) to 1
2026-07-14 18:49:25.510 8 INFO neutron.db.ovn_revision_numbers_db [None req-c2c84724-767b-4149-ad89-8eb19155d7c3 1e72f3ee4edd40ad8fc226577c913509 589d3e20d00c4876a13befa70b194497 - - default default] Successfully bumped revision number for resource 07fb7dd6-b3f4-4425-956a-0f8db4063efe (type: security_group_rules) to 0 [pid: 7|app: 0|req: 744/1437] 10.0.0.229 () {32 vars in 774 bytes} [Tue Jul 14 18:49:25 2026] GET /v2.0/security-groups?tenant_id=5992d3bc906c47dea7d45d61cc3ccfbc&name=default => generated 2925 bytes in 483 msecs (HTTP/1.1 200) 4 headers in 158 bytes (1 switches on core 0)
2026-07-14 18:49:25.527 8 INFO neutron.db.ovn_revision_numbers_db [None req-c2c84724-767b-4149-ad89-8eb19155d7c3 1e72f3ee4edd40ad8fc226577c913509 589d3e20d00c4876a13befa70b194497 - - default default] Successfully bumped revision number for resource 1bac9d60-3510-4cb3-bb84-7a8b0cfdf99c (type: security_group_rules) to 0
2026-07-14 18:49:25.542 8 INFO neutron.db.ovn_revision_numbers_db [None req-c2c84724-767b-4149-ad89-8eb19155d7c3 1e72f3ee4edd40ad8fc226577c913509 589d3e20d00c4876a13befa70b194497 - - default default] Successfully bumped revision number for resource f108b9ac-3807-4672-a6ec-78907a531b89 (type: security_group_rules) to 0 [pid: 7|app: 0|req: 745/1438] 10.0.0.184 () {34 vars in 1040 bytes} [Tue Jul 14 18:49:25 2026] GET /v2.0/security-groups?id=e78ef1b9-a997-4b71-94c7-a5d104ec9bb4&fields=id&fields=name => generated 113 bytes in 36 msecs (HTTP/1.1 200) 4 headers in 157 bytes (1 switches on core 0)
2026-07-14 18:49:25.566 8 INFO neutron.db.ovn_revision_numbers_db [None req-c2c84724-767b-4149-ad89-8eb19155d7c3 1e72f3ee4edd40ad8fc226577c913509 589d3e20d00c4876a13befa70b194497 - - default default] Successfully bumped revision number for resource fb8f4aaa-1816-46fe-854a-cf3f15f784fb (type: security_group_rules) to 0
2026-07-14 18:49:25.669 8 INFO neutron.db.segments_db [None req-c2c84724-767b-4149-ad89-8eb19155d7c3 1e72f3ee4edd40ad8fc226577c913509 589d3e20d00c4876a13befa70b194497 - - default default] Added segment bd0a4b3f-9e9f-46ec-90c5-cab4379ce9bc of type geneve for network 6a23c519-3f2c-45bf-9a10-dab714a998a1
2026-07-14 18:49:25.810 8 INFO neutron.db.ovn_revision_numbers_db [None req-c2c84724-767b-4149-ad89-8eb19155d7c3 1e72f3ee4edd40ad8fc226577c913509 589d3e20d00c4876a13befa70b194497 - - default default] Successfully bumped revision number for resource 6a23c519-3f2c-45bf-9a10-dab714a998a1 (type: networks) to 1
2026-07-14 18:49:25.968 7 WARNING neutron.scheduler.dhcp_agent_scheduler [None req-55191fdd-04a2-4951-9cfd-c440298f14eb 8ab5561a772a4a7a8eeaf5280e218533 7fd4a9937cc0457f8113c25bc74d665e - - default default] No more DHCP agents
2026-07-14 18:49:25.969 7 WARNING neutron.api.rpc.agentnotifiers.dhcp_rpc_agent_api [None req-55191fdd-04a2-4951-9cfd-c440298f14eb 8ab5561a772a4a7a8eeaf5280e218533 7fd4a9937cc0457f8113c25bc74d665e - - default default] Unable to schedule network 8042f489-01a1-42d8-8a02-6c628ae0192a: no agents available; will retry on subsequent port and subnet creation events.
2026-07-14 18:49:26.018 8 WARNING neutron.scheduler.dhcp_agent_scheduler [None req-c2c84724-767b-4149-ad89-8eb19155d7c3 1e72f3ee4edd40ad8fc226577c913509 589d3e20d00c4876a13befa70b194497 - - default default] No more DHCP agents
2026-07-14 18:49:26.021 8 WARNING neutron.api.rpc.agentnotifiers.dhcp_rpc_agent_api [None req-c2c84724-767b-4149-ad89-8eb19155d7c3 1e72f3ee4edd40ad8fc226577c913509 589d3e20d00c4876a13befa70b194497 - - default default] Unable to schedule network 6a23c519-3f2c-45bf-9a10-dab714a998a1: no agents available; will retry on subsequent port and subnet creation events.
2026-07-14 18:49:26.070 8 INFO neutron.plugins.ml2.drivers.ovn.mech_driver.mech_driver [None req-c6ade82f-20df-447b-93d4-05cd17ef89e6 - - - - - -] OVN reports status down for port: f0a7a223-43a2-4ead-bf8d-f07b95725bb2
2026-07-14 18:49:26.124 7 INFO neutron.plugins.ml2.drivers.ovn.mech_driver.mech_driver [None req-4e4bb255-34d1-4a99-94ee-979cb8275834 - - - - - -] OVN reports status down for port: 642885bd-0aed-4670-beda-c2f3f3108752
2026-07-14 18:49:26.160 8 INFO neutron.db.ovn_revision_numbers_db [None req-c2c84724-767b-4149-ad89-8eb19155d7c3 1e72f3ee4edd40ad8fc226577c913509 589d3e20d00c4876a13befa70b194497 - - default default] Successfully bumped revision number for resource f0a7a223-43a2-4ead-bf8d-f07b95725bb2 (type: ports) to 1
2026-07-14 18:49:26.207 7 INFO neutron.db.ovn_revision_numbers_db [None req-55191fdd-04a2-4951-9cfd-c440298f14eb 8ab5561a772a4a7a8eeaf5280e218533 7fd4a9937cc0457f8113c25bc74d665e - - default default] Successfully bumped revision number for resource 642885bd-0aed-4670-beda-c2f3f3108752 (type: ports) to 1 [pid: 8|app: 0|req: 694/1439] 10.0.0.229 () {34 vars in 670 bytes} [Tue Jul 14 18:49:25 2026] POST /v2.0/networks => generated 666 bytes in 967 msecs (HTTP/1.1 201) 4 headers in 162 bytes (1 switches on core 0)
2026-07-14 18:49:26.455 7 INFO neutron.notifiers.nova [-] Nova event matching ['req-a7267cf7-c85f-494c-88a0-df00163622af'] response: {'server_uuid': 'f08b8f0e-1ea8-45aa-a004-7519b50d7981', 'name': 'network-vif-plugged', 'status': 'completed', 'tag': 'ec559ed4-a397-41c1-bffc-96550d051b1a', 'code': 200} [pid: 8|app: 0|req: 695/1440] 10.0.0.229 () {32 vars in 740 bytes} [Tue Jul 14 18:49:26 2026] DELETE /v2.0/security-groups/c7ac3260-3f74-4006-9f34-25129dab0223 => generated 0 bytes in 229 msecs (HTTP/1.1 204) 2 headers in 112 bytes (1 switches on core 0)
2026-07-14 18:49:26.660 8 WARNING neutron.scheduler.dhcp_agent_scheduler [None req-03dcd7ca-45e8-4da4-8aa3-4a19e47f94ce 1e72f3ee4edd40ad8fc226577c913509 589d3e20d00c4876a13befa70b194497 - - default default] No more DHCP agents
2026-07-14 18:49:26.661 8 WARNING neutron.api.rpc.agentnotifiers.dhcp_rpc_agent_api [None req-03dcd7ca-45e8-4da4-8aa3-4a19e47f94ce 1e72f3ee4edd40ad8fc226577c913509 589d3e20d00c4876a13befa70b194497 - - default default] Unable to schedule network 6a23c519-3f2c-45bf-9a10-dab714a998a1: no agents available; will retry on subsequent port and subnet creation events.
2026-07-14 18:49:26.744 7 INFO neutron.plugins.ml2.drivers.ovn.mech_driver.mech_driver [None req-4e4bb255-34d1-4a99-94ee-979cb8275834 - - - - - -] OVN reports status down for port: c0f1d66e-59ed-4635-9346-1e7a2193182b
2026-07-14 18:49:26.750 8 INFO neutron.db.ovn_revision_numbers_db [None req-03dcd7ca-45e8-4da4-8aa3-4a19e47f94ce 1e72f3ee4edd40ad8fc226577c913509 589d3e20d00c4876a13befa70b194497 - - default default] Successfully bumped revision number for resource c0f1d66e-59ed-4635-9346-1e7a2193182b (type: ports) to 1 [pid: 8|app: 0|req: 696/1441] 10.0.0.229 () {34 vars in 665 bytes} [Tue Jul 14 18:49:26 2026] POST /v2.0/ports => generated 779 bytes in 341 msecs (HTTP/1.1 201) 4 headers in 162 bytes (1 switches on core 0) /var/lib/openstack/lib/python3.12/site-packages/pycadf/identifier.py:70: UserWarning: Invalid uuid: neutron. To ensure interoperability, identifiers should be a valid uuid. warnings.warn(('Invalid uuid: %s. To ensure interoperability, '
2026-07-14 18:49:26.812 7 INFO neutron.plugins.ml2.drivers.ovn.mech_driver.ovsdb.commands [None req-a246d773-51f7-4109-a8ea-6baf763d26e8 - - - - - -] Schedule LRP lrp-642885bd-0aed-4670-beda-c2f3f3108752 on gateway 5b91401e-9c50-4512-a809-2b2461640473 with priority 1 [pid: 8|app: 0|req: 697/1442] 10.0.0.184 () {34 vars in 990 bytes} [Tue Jul 14 18:49:26 2026] GET /v2.0/ports?device_id=f08b8f0e-1ea8-45aa-a004-7519b50d7981 => generated 971 bytes in 68 msecs (HTTP/1.1 200) 4 headers in 157 bytes (1 switches on core 0)
2026-07-14 18:49:26.884 7 INFO neutron.plugins.ml2.drivers.ovn.mech_driver.mech_driver [None req-4e4bb255-34d1-4a99-94ee-979cb8275834 - - - - - -] OVN reports status up for port: 642885bd-0aed-4670-beda-c2f3f3108752
2026-07-14 18:49:26.900 8 INFO neutron.plugins.ml2.drivers.ovn.mech_driver.ovsdb.ovsdb_monitor [None req-6227a029-5e99-487a-8031-f4897198ce8f - - - - - -] Router 49190bd5-420b-4497-81c6-d233eb3adc3d is bound to host instance
2026-07-14 18:49:26.913 7 INFO neutron.plugins.ml2.plugin [None req-4e4bb255-34d1-4a99-94ee-979cb8275834 - - - - - -] Attempt 1 to provision port 642885bd-0aed-4670-beda-c2f3f3108752
2026-07-14 18:49:26.917 7 INFO neutron.db.ovn_revision_numbers_db [None req-55191fdd-04a2-4951-9cfd-c440298f14eb 8ab5561a772a4a7a8eeaf5280e218533 7fd4a9937cc0457f8113c25bc74d665e - - default default] Successfully bumped revision number for resource 642885bd-0aed-4670-beda-c2f3f3108752 (type: router_ports) to 1
2026-07-14 18:49:27.069 7 INFO neutron.db.ovn_revision_numbers_db [None req-55191fdd-04a2-4951-9cfd-c440298f14eb 8ab5561a772a4a7a8eeaf5280e218533 7fd4a9937cc0457f8113c25bc74d665e - - default default] Successfully bumped revision number for resource 49190bd5-420b-4497-81c6-d233eb3adc3d (type: routers) to 2 [pid: 7|app: 0|req: 746/1443] 10.0.0.229 () {34 vars in 669 bytes} [Tue Jul 14 18:49:25 2026] POST /v2.0/routers => generated 966 bytes in 1541 msecs (HTTP/1.1 201) 4 headers in 162 bytes (1 switches on core 0) [pid: 7|app: 0|req: 747/1444] 10.0.0.184 () {34 vars in 1040 bytes} [Tue Jul 14 18:49:27 2026] GET /v2.0/security-groups?id=e78ef1b9-a997-4b71-94c7-a5d104ec9bb4&fields=id&fields=name => generated 113 bytes in 31 msecs (HTTP/1.1 200) 4 headers in 157 bytes (1 switches on core 0)
2026-07-14 18:49:27.436 8 INFO neutron.db.segments_db [None req-173b70a1-a7fd-45b6-b50f-ea3f46fd6152 1e72f3ee4edd40ad8fc226577c913509 589d3e20d00c4876a13befa70b194497 - - default default] Added segment 63e01c52-7575-418f-8ec6-e10870dc9eee of type geneve for network f4aff02a-17a6-4606-afa6-463df0bf44ce
2026-07-14 18:49:27.552 7 WARNING neutron.scheduler.dhcp_agent_scheduler [None req-f3752d0c-52a6-4370-8fbf-ff64486fc65e 8ab5561a772a4a7a8eeaf5280e218533 7fd4a9937cc0457f8113c25bc74d665e - - default default] No more DHCP agents
2026-07-14 18:49:27.553 7 WARNING neutron.api.rpc.agentnotifiers.dhcp_rpc_agent_api [None req-f3752d0c-52a6-4370-8fbf-ff64486fc65e 8ab5561a772a4a7a8eeaf5280e218533 7fd4a9937cc0457f8113c25bc74d665e - - default default] Unable to schedule network 99918ec4-b57c-4373-9037-b6996559ff0f: no agents available; will retry on subsequent port and subnet creation events.
2026-07-14 18:49:27.712 7 INFO neutron.db.ovn_revision_numbers_db [None req-f3752d0c-52a6-4370-8fbf-ff64486fc65e 8ab5561a772a4a7a8eeaf5280e218533 7fd4a9937cc0457f8113c25bc74d665e - - default default] Successfully bumped revision number for resource df4f8f37-86aa-4c71-a003-ec1e1a64477c (type: ports) to 1
2026-07-14 18:49:27.728 8 INFO neutron.db.ovn_revision_numbers_db [None req-173b70a1-a7fd-45b6-b50f-ea3f46fd6152 1e72f3ee4edd40ad8fc226577c913509 589d3e20d00c4876a13befa70b194497 - - default default] Successfully bumped revision number for resource f4aff02a-17a6-4606-afa6-463df0bf44ce (type: networks) to 1
2026-07-14 18:49:28.018 8 WARNING neutron.scheduler.dhcp_agent_scheduler [None req-173b70a1-a7fd-45b6-b50f-ea3f46fd6152 1e72f3ee4edd40ad8fc226577c913509 589d3e20d00c4876a13befa70b194497 - - default default] No more DHCP agents
2026-07-14 18:49:28.021 8 WARNING neutron.api.rpc.agentnotifiers.dhcp_rpc_agent_api [None req-173b70a1-a7fd-45b6-b50f-ea3f46fd6152 1e72f3ee4edd40ad8fc226577c913509 589d3e20d00c4876a13befa70b194497 - - default default] Unable to schedule network f4aff02a-17a6-4606-afa6-463df0bf44ce: no agents available; will retry on subsequent port and subnet creation events.
2026-07-14 18:49:28.170 8 INFO neutron.db.ovn_revision_numbers_db [None req-173b70a1-a7fd-45b6-b50f-ea3f46fd6152 1e72f3ee4edd40ad8fc226577c913509 589d3e20d00c4876a13befa70b194497 - - default default] Successfully bumped revision number for resource f927f190-8301-49a1-b6b0-d2dd014399a0 (type: ports) to 1 [pid: 8|app: 0|req: 698/1445] 10.0.0.229 () {34 vars in 670 bytes} [Tue Jul 14 18:49:26 2026] POST /v2.0/networks => generated 654 bytes in 1366 msecs (HTTP/1.1 201) 4 headers in 162 bytes (1 switches on core 0) [pid: 8|app: 0|req: 699/1446] 10.0.0.184 () {34 vars in 990 bytes} [Tue Jul 14 18:49:28 2026] GET /v2.0/ports?device_id=f08b8f0e-1ea8-45aa-a004-7519b50d7981 => generated 971 bytes in 143 msecs (HTTP/1.1 200) 4 headers in 157 bytes (1 switches on core 0)
2026-07-14 18:49:28.409 7 WARNING neutron.scheduler.dhcp_agent_scheduler [None req-f3752d0c-52a6-4370-8fbf-ff64486fc65e 8ab5561a772a4a7a8eeaf5280e218533 7fd4a9937cc0457f8113c25bc74d665e - - default default] No more DHCP agents
2026-07-14 18:49:28.411 7 WARNING neutron.api.rpc.agentnotifiers.dhcp_rpc_agent_api [None req-f3752d0c-52a6-4370-8fbf-ff64486fc65e 8ab5561a772a4a7a8eeaf5280e218533 7fd4a9937cc0457f8113c25bc74d665e - - default default] Unable to schedule network 99918ec4-b57c-4373-9037-b6996559ff0f: no agents available; will retry on subsequent port and subnet creation events.
2026-07-14 18:49:28.755 8 WARNING neutron.scheduler.dhcp_agent_scheduler [None req-0b2bd3ab-7590-4e7d-a11d-76e687bc5d15 1e72f3ee4edd40ad8fc226577c913509 589d3e20d00c4876a13befa70b194497 - - default default] No more DHCP agents
2026-07-14 18:49:28.759 8 WARNING neutron.api.rpc.agentnotifiers.dhcp_rpc_agent_api [None req-0b2bd3ab-7590-4e7d-a11d-76e687bc5d15 1e72f3ee4edd40ad8fc226577c913509 589d3e20d00c4876a13befa70b194497 - - default default] Unable to schedule network f4aff02a-17a6-4606-afa6-463df0bf44ce: no agents available; will retry on subsequent port and subnet creation events.
2026-07-14 18:49:28.836 8 INFO neutron.db.ovn_revision_numbers_db [None req-0b2bd3ab-7590-4e7d-a11d-76e687bc5d15 1e72f3ee4edd40ad8fc226577c913509 589d3e20d00c4876a13befa70b194497 - - default default] Successfully bumped revision number for resource c5d3811d-ffe8-4e67-9805-801e0d30177e (type: subnets) to 0 [pid: 8|app: 0|req: 700/1447] 10.0.0.229 () {34 vars in 669 bytes} [Tue Jul 14 18:49:28 2026] POST /v2.0/subnets => generated 646 bytes in 546 msecs (HTTP/1.1 201) 4 headers in 162 bytes (1 switches on core 0)
2026-07-14 18:49:28.933 7 INFO neutron.db.ovn_revision_numbers_db [None req-f3752d0c-52a6-4370-8fbf-ff64486fc65e 8ab5561a772a4a7a8eeaf5280e218533 7fd4a9937cc0457f8113c25bc74d665e - - default default] Successfully bumped revision number for resource df4f8f37-86aa-4c71-a003-ec1e1a64477c (type: router_ports) to 1 [pid: 7|app: 0|req: 748/1448] 10.0.0.229 () {34 vars in 783 bytes} [Tue Jul 14 18:49:27 2026] PUT /v2.0/routers/49190bd5-420b-4497-81c6-d233eb3adc3d/add_router_interface => generated 309 bytes in 1819 msecs (HTTP/1.1 200) 4 headers in 157 bytes (1 switches on core 0)
2026-07-14 18:49:29.063 8 INFO neutron.db.ovn_revision_numbers_db [None req-4c34b7c3-1e04-4ce3-972c-f71d9c165819 - - - - - -] Successfully bumped revision number for resource 642885bd-0aed-4670-beda-c2f3f3108752 (type: ports) to 4
2026-07-14 18:49:29.337 7 WARNING neutron.scheduler.dhcp_agent_scheduler [None req-8cc7855b-ecaa-4ca5-a8f8-519570e18727 1e72f3ee4edd40ad8fc226577c913509 589d3e20d00c4876a13befa70b194497 - - default default] No more DHCP agents
2026-07-14 18:49:29.339 7 WARNING neutron.api.rpc.agentnotifiers.dhcp_rpc_agent_api [None req-8cc7855b-ecaa-4ca5-a8f8-519570e18727 1e72f3ee4edd40ad8fc226577c913509 589d3e20d00c4876a13befa70b194497 - - default default] Unable to schedule network f4aff02a-17a6-4606-afa6-463df0bf44ce: no agents available; will retry on subsequent port and subnet creation events.
2026-07-14 18:49:29.497 7 INFO neutron.db.ovn_revision_numbers_db [None req-8cc7855b-ecaa-4ca5-a8f8-519570e18727 1e72f3ee4edd40ad8fc226577c913509 589d3e20d00c4876a13befa70b194497 - - default default] Successfully bumped revision number for resource b370759b-1b61-44bb-b6ec-cd0762850184 (type: ports) to 1 [pid: 7|app: 0|req: 749/1449] 10.0.0.229 () {34 vars in 665 bytes} [Tue Jul 14 18:49:28 2026] POST /v2.0/ports => generated 962 bytes in 628 msecs (HTTP/1.1 201) 4 headers in 162 bytes (1 switches on core 0) /var/lib/openstack/lib/python3.12/site-packages/pycadf/identifier.py:70: UserWarning: Invalid uuid: neutron. To ensure interoperability, identifiers should be a valid uuid. warnings.warn(('Invalid uuid: %s. To ensure interoperability, '
2026-07-14 18:49:29.697 7 INFO neutron_taas.services.taas.taas_plugin [None req-092f5bc0-2d5e-4948-a710-5c1469adc69e 1e72f3ee4edd40ad8fc226577c913509 589d3e20d00c4876a13befa70b194497 - - default default] TaaS: Handle Delete Port: b370759b-1b61-44bb-b6ec-cd0762850184
2026-07-14 18:49:29.705 7 INFO neutron_taas.services.taas.tap_mirror_plugin [None req-092f5bc0-2d5e-4948-a710-5c1469adc69e 1e72f3ee4edd40ad8fc226577c913509 589d3e20d00c4876a13befa70b194497 - - default default] Tap Mirror: Handle Delete Port: b370759b-1b61-44bb-b6ec-cd0762850184
2026-07-14 18:49:29.772 8 INFO neutron.db.ovn_revision_numbers_db [None req-4c34b7c3-1e04-4ce3-972c-f71d9c165819 - - - - - -] Successfully bumped revision number for resource 642885bd-0aed-4670-beda-c2f3f3108752 (type: ports) to 5 [pid: 7|app: 0|req: 750/1450] 10.0.0.229 () {32 vars in 720 bytes} [Tue Jul 14 18:49:29 2026] DELETE /v2.0/ports/b370759b-1b61-44bb-b6ec-cd0762850184 => generated 0 bytes in 259 msecs (HTTP/1.1 204) 3 headers in 131 bytes (1 switches on core 0)
2026-07-14 18:49:29.854 7 INFO neutron.pecan_wsgi.hooks.translation [None req-040b9b13-44d1-4ba1-b2ca-5f1a0397f788 1e72f3ee4edd40ad8fc226577c913509 589d3e20d00c4876a13befa70b194497 - - default default] DELETE failed (client error): The resource could not be found. [pid: 7|app: 0|req: 751/1451] 10.0.0.229 () {32 vars in 720 bytes} [Tue Jul 14 18:49:29 2026] DELETE /v2.0/ports/b370759b-1b61-44bb-b6ec-cd0762850184 => generated 132 bytes in 17 msecs (HTTP/1.1 404) 4 headers in 164 bytes (1 switches on core 0)
2026-07-14 18:49:29.933 7 INFO neutron.pecan_wsgi.hooks.translation [None req-f18fc72c-9b79-4105-bb19-d8458aebd810 1e72f3ee4edd40ad8fc226577c913509 589d3e20d00c4876a13befa70b194497 - - default default] GET failed (client error): The resource could not be found. [pid: 7|app: 0|req: 752/1452] 10.0.0.229 () {32 vars in 717 bytes} [Tue Jul 14 18:49:29 2026] GET /v2.0/ports/b370759b-1b61-44bb-b6ec-cd0762850184 => generated 132 bytes in 77 msecs (HTTP/1.1 404) 4 headers in 164 bytes (1 switches on core 0)
2026-07-14 18:49:29.956 8 INFO neutron.db.ovn_revision_numbers_db [None req-c10beb8f-8138-4df8-b50e-a71ae84142c6 1cce9ad5c91d4d77811f9bd31572811d 31361fba0c9e4e4bb57145ee8be2d46a - - default default] Successfully bumped revision number for resource d9f3af4c-b3c7-4b1c-81dc-9ba21888af0c (type: floatingips) to 1
2026-07-14 18:49:29.966 7 INFO neutron.plugins.ml2.drivers.ovn.mech_driver.mech_driver [None req-4e4bb255-34d1-4a99-94ee-979cb8275834 - - - - - -] OVN reports status down for port: df4f8f37-86aa-4c71-a003-ec1e1a64477c
2026-07-14 18:49:30.101 8 INFO neutron.db.ovn_revision_numbers_db [None req-c10beb8f-8138-4df8-b50e-a71ae84142c6 1cce9ad5c91d4d77811f9bd31572811d 31361fba0c9e4e4bb57145ee8be2d46a - - default default] Successfully bumped revision number for resource d9f3af4c-b3c7-4b1c-81dc-9ba21888af0c (type: floatingips) to 2
2026-07-14 18:49:30.101 8 INFO neutron.db.l3_db [None req-c10beb8f-8138-4df8-b50e-a71ae84142c6 1cce9ad5c91d4d77811f9bd31572811d 31361fba0c9e4e4bb57145ee8be2d46a - - default default] Floating IP d9f3af4c-b3c7-4b1c-81dc-9ba21888af0c associated. External IP: 10.96.250.203, port: ec559ed4-a397-41c1-bffc-96550d051b1a.
2026-07-14 18:49:30.112 7 WARNING neutron.plugins.ml2.drivers.ovn.mech_driver.ovsdb.ovn_client [None req-4e4bb255-34d1-4a99-94ee-979cb8275834 - - - - - -] Logical_Switch_Port %s host information not removed, the port state is up
2026-07-14 18:49:30.113 7 INFO neutron.plugins.ml2.drivers.ovn.mech_driver.mech_driver [None req-4e4bb255-34d1-4a99-94ee-979cb8275834 - - - - - -] OVN reports status down for port: f927f190-8301-49a1-b6b0-d2dd014399a0 [pid: 8|app: 0|req: 701/1453] 10.0.0.229 () {34 vars in 749 bytes} [Tue Jul 14 18:49:28 2026] PUT /v2.0/floatingips/d9f3af4c-b3c7-4b1c-81dc-9ba21888af0c => generated 855 bytes in 1206 msecs (HTTP/1.1 200) 4 headers in 157 bytes (1 switches on core 0)
2026-07-14 18:49:30.161 8 INFO neutron.notifiers.nova [-] Nova event matching ['req-dd974891-3ed8-4ef2-918a-78d2c3ba8c6b'] response: {'name': 'network-changed', 'server_uuid': 'f08b8f0e-1ea8-45aa-a004-7519b50d7981', 'tag': 'ec559ed4-a397-41c1-bffc-96550d051b1a', 'status': 'completed', 'code': 200} [pid: 7|app: 0|req: 753/1454] 10.0.0.229 () {32 vars in 724 bytes} [Tue Jul 14 18:49:29 2026] DELETE /v2.0/subnets/c5d3811d-ffe8-4e67-9805-801e0d30177e => generated 0 bytes in 266 msecs (HTTP/1.1 204) 3 headers in 131 bytes (1 switches on core 0)
2026-07-14 18:49:30.220 7 INFO neutron.plugins.ml2.drivers.ovn.mech_driver.mech_driver [None req-4e4bb255-34d1-4a99-94ee-979cb8275834 - - - - - -] OVN reports status up for port: df4f8f37-86aa-4c71-a003-ec1e1a64477c
