2026-07-14 18:50:27.180 8 INFO neutron.db.ovn_revision_numbers_db [None req-68e1559d-e27e-45af-b0d5-479a54bc1ab0 - - - - - -] Successfully bumped revision number for resource 40eacaf7-1438-4157-9b86-f480a0ef1f61 (type: subnets) to 0 [pid: 8|app: 0|req: 924/1858] 10.0.0.229 () {34 vars in 669 bytes} [Tue Jul 14 18:50:26 2026] POST /v2.0/subnets => generated 626 bytes in 1174 msecs (HTTP/1.1 201) 4 headers in 162 bytes (1 switches on core 0) [pid: 7|app: 0|req: 935/1859] 10.0.0.229 () {32 vars in 724 bytes} [Tue Jul 14 18:50:27 2026] DELETE /v2.0/subnets/81948c03-6317-4d76-ba90-93479014e285 => generated 0 bytes in 168 msecs (HTTP/1.1 204) 3 headers in 131 bytes (1 switches on core 0)
2026-07-14 18:50:27.298 7 INFO neutron.api.v2.resource [None req-6e679b03-fefb-4830-addb-ad907a2d48af 2ad4246544af46449dd5d5bd5a1c88e0 b13680e28c994cdf9304c24cef8a4528 - - default default] show failed (client error): The resource could not be found. [pid: 7|app: 0|req: 936/1860] 10.0.0.229 () {32 vars in 737 bytes} [Tue Jul 14 18:50:27 2026] GET /v2.0/security-groups/d7b8832e-e86f-4f2f-919b-0fd012235e73 => generated 146 bytes in 8 msecs (HTTP/1.1 404) 4 headers in 164 bytes (1 switches on core 0)
2026-07-14 18:50:27.332 8 INFO neutron.db.ovn_revision_numbers_db [None req-8cb240a0-9fc8-49f7-998a-bc74e17009bb 8ab5561a772a4a7a8eeaf5280e218533 7fd4a9937cc0457f8113c25bc74d665e - - default default] Successfully bumped revision number for resource 3e7c7a56-3eb0-4634-9745-a3799c83adbb (type: security_groups) to 1
2026-07-14 18:50:27.345 8 INFO neutron.db.ovn_revision_numbers_db [None req-8cb240a0-9fc8-49f7-998a-bc74e17009bb 8ab5561a772a4a7a8eeaf5280e218533 7fd4a9937cc0457f8113c25bc74d665e - - default default] Successfully bumped revision number for resource 039425db-72bd-460b-8d4d-53a0872994fc (type: security_group_rules) to 0
2026-07-14 18:50:27.355 8 INFO neutron.db.ovn_revision_numbers_db [None req-8cb240a0-9fc8-49f7-998a-bc74e17009bb 8ab5561a772a4a7a8eeaf5280e218533 7fd4a9937cc0457f8113c25bc74d665e - - default default] Successfully bumped revision number for resource 4deb5d39-3596-47bd-a361-c5646d9b2b9d (type: security_group_rules) to 0
2026-07-14 18:50:27.370 8 INFO neutron.db.ovn_revision_numbers_db [None req-8cb240a0-9fc8-49f7-998a-bc74e17009bb 8ab5561a772a4a7a8eeaf5280e218533 7fd4a9937cc0457f8113c25bc74d665e - - default default] Successfully bumped revision number for resource b40d334f-5304-41f1-8c03-579107e8fec9 (type: security_group_rules) to 0
2026-07-14 18:50:27.381 8 INFO neutron.db.ovn_revision_numbers_db [None req-8cb240a0-9fc8-49f7-998a-bc74e17009bb 8ab5561a772a4a7a8eeaf5280e218533 7fd4a9937cc0457f8113c25bc74d665e - - default default] Successfully bumped revision number for resource f91fabaf-0adf-42dd-abe7-4b3cae8278c6 (type: security_group_rules) to 0 [pid: 8|app: 0|req: 925/1861] 10.0.0.229 () {32 vars in 774 bytes} [Tue Jul 14 18:50:27 2026] GET /v2.0/security-groups?tenant_id=b142d5b16cae40c2a784313cff1179ca&name=default => generated 2925 bytes in 220 msecs (HTTP/1.1 200) 4 headers in 158 bytes (1 switches on core 0)
2026-07-14 18:50:27.530 8 INFO neutron_taas.services.taas.taas_plugin [None req-bbfaf446-5bd1-4384-9d3f-1f2b8f3c5e3c 8ab5561a772a4a7a8eeaf5280e218533 7fd4a9937cc0457f8113c25bc74d665e - - default default] TaaS: Handle Delete Port: d7b227d8-69f6-4521-a3e7-dc2207a728f6
2026-07-14 18:50:27.533 8 INFO neutron_taas.services.taas.tap_mirror_plugin [None req-bbfaf446-5bd1-4384-9d3f-1f2b8f3c5e3c 8ab5561a772a4a7a8eeaf5280e218533 7fd4a9937cc0457f8113c25bc74d665e - - default default] Tap Mirror: Handle Delete Port: d7b227d8-69f6-4521-a3e7-dc2207a728f6
2026-07-14 18:50:27.560 7 WARNING neutron.scheduler.dhcp_agent_scheduler [None req-fc0bf4af-3e19-4b75-9961-124d3a706756 41f79544bc664a26b359e6a5d9aea1f9 0b9ae8f88e1c44318a1a5c56f7866684 - - default default] No more DHCP agents
2026-07-14 18:50:27.561 7 WARNING neutron.api.rpc.agentnotifiers.dhcp_rpc_agent_api [None req-fc0bf4af-3e19-4b75-9961-124d3a706756 41f79544bc664a26b359e6a5d9aea1f9 0b9ae8f88e1c44318a1a5c56f7866684 - - default default] Unable to schedule network 9470398b-a515-4c08-823d-6bb2e8a85041: no agents available; will retry on subsequent port and subnet creation events.
2026-07-14 18:50:27.696 7 INFO neutron.plugins.ml2.drivers.ovn.mech_driver.mech_driver [None req-b0849758-a9f7-4aeb-9186-c499b8b35f1a - - - - - -] OVN reports status down for port: f7c6d1ae-9b78-4559-920c-d822bf62643a
2026-07-14 18:50:27.717 8 INFO neutron.services.segments.plugin [-] Segment ed326c41-fd31-494d-a06c-313233467227 resource provider aggregate not found
2026-07-14 18:50:27.722 8 INFO neutron.services.segments.plugin [-] Segment ed326c41-fd31-494d-a06c-313233467227 resource provider aggregate not found
2026-07-14 18:50:27.743 8 INFO neutron.services.segments.plugin [-] Segment ed326c41-fd31-494d-a06c-313233467227 resource provider not found; error: Placement Client Error (4xx): {"errors": [{"status": 404, "title": "Not Found", "detail": "The resource could not be found.\n\n No resource provider with uuid ed326c41-fd31-494d-a06c-313233467227 found for delete ", "request_id": "req-df156082-e371-499e-8581-378b5428ff7e"}]}
2026-07-14 18:50:27.744 8 INFO neutron.services.segments.plugin [-] Segment ed326c41-fd31-494d-a06c-313233467227 resource provider not found; error: Placement Client Error (4xx): {"errors": [{"status": 404, "title": "Not Found", "detail": "The resource could not be found.\n\n No resource provider with uuid ed326c41-fd31-494d-a06c-313233467227 found for delete ", "request_id": "req-9cde0da8-b7f0-4710-b1d3-c797e9b2ed7c"}]} [pid: 8|app: 0|req: 926/1862] 10.0.0.229 () {32 vars in 726 bytes} [Tue Jul 14 18:50:27 2026] DELETE /v2.0/networks/99918ec4-b57c-4373-9037-b6996559ff0f => generated 0 bytes in 337 msecs (HTTP/1.1 204) 3 headers in 131 bytes (1 switches on core 0)
2026-07-14 18:50:27.778 7 INFO neutron.db.ovn_revision_numbers_db [None req-fc0bf4af-3e19-4b75-9961-124d3a706756 41f79544bc664a26b359e6a5d9aea1f9 0b9ae8f88e1c44318a1a5c56f7866684 - - default default] Successfully bumped revision number for resource f7c6d1ae-9b78-4559-920c-d822bf62643a (type: ports) to 1
2026-07-14 18:50:27.868 8 INFO neutron_taas.services.taas.taas_plugin [None req-1a7c7892-7b72-4900-a51d-f709b0c10a9f 2ad4246544af46449dd5d5bd5a1c88e0 b13680e28c994cdf9304c24cef8a4528 - - default default] TaaS: Handle Delete Port: 1cb0a637-df07-47e9-8e86-2c362c6fe16b
2026-07-14 18:50:27.870 8 INFO neutron_taas.services.taas.tap_mirror_plugin [None req-1a7c7892-7b72-4900-a51d-f709b0c10a9f 2ad4246544af46449dd5d5bd5a1c88e0 b13680e28c994cdf9304c24cef8a4528 - - default default] Tap Mirror: Handle Delete Port: 1cb0a637-df07-47e9-8e86-2c362c6fe16b [pid: 7|app: 0|req: 937/1863] 10.0.0.229 () {34 vars in 665 bytes} [Tue Jul 14 18:50:27 2026] POST /v2.0/ports => generated 911 bytes in 575 msecs (HTTP/1.1 201) 4 headers in 162 bytes (1 switches on core 0) [pid: 8|app: 0|req: 927/1864] 10.0.0.229 () {32 vars in 732 bytes} [Tue Jul 14 18:50:27 2026] DELETE /v2.0/floatingips/6ea671a7-5ce3-47e8-9f41-04b670f24bfb => generated 0 bytes in 280 msecs (HTTP/1.1 204) 2 headers in 112 bytes (1 switches on core 0) [pid: 7|app: 0|req: 938/1865] 10.0.0.229 () {32 vars in 740 bytes} [Tue Jul 14 18:50:27 2026] DELETE /v2.0/security-groups/3e7c7a56-3eb0-4634-9745-a3799c83adbb => generated 0 bytes in 234 msecs (HTTP/1.1 204) 2 headers in 112 bytes (1 switches on core 0)
2026-07-14 18:50:28.222 7 INFO neutron_taas.services.taas.taas_plugin [None req-2beef801-52e3-4951-a6ca-23c5b1625f28 41f79544bc664a26b359e6a5d9aea1f9 0b9ae8f88e1c44318a1a5c56f7866684 - - default default] TaaS: Handle Delete Port: f7c6d1ae-9b78-4559-920c-d822bf62643a
2026-07-14 18:50:28.225 7 INFO neutron_taas.services.taas.tap_mirror_plugin [None req-2beef801-52e3-4951-a6ca-23c5b1625f28 41f79544bc664a26b359e6a5d9aea1f9 0b9ae8f88e1c44318a1a5c56f7866684 - - default default] Tap Mirror: Handle Delete Port: f7c6d1ae-9b78-4559-920c-d822bf62643a
2026-07-14 18:50:28.286 8 INFO neutron_taas.services.taas.taas_plugin [None req-feaa3ffa-dad6-4502-b490-b7d665886113 8ab5561a772a4a7a8eeaf5280e218533 7fd4a9937cc0457f8113c25bc74d665e - - default default] TaaS: Handle Delete Port: 78973047-a61e-4896-81c9-61ba6ab1a566
2026-07-14 18:50:28.288 8 INFO neutron_taas.services.taas.tap_mirror_plugin [None req-feaa3ffa-dad6-4502-b490-b7d665886113 8ab5561a772a4a7a8eeaf5280e218533 7fd4a9937cc0457f8113c25bc74d665e - - default default] Tap Mirror: Handle Delete Port: 78973047-a61e-4896-81c9-61ba6ab1a566 [pid: 7|app: 0|req: 939/1866] 10.0.0.229 () {32 vars in 720 bytes} [Tue Jul 14 18:50:28 2026] DELETE /v2.0/ports/f7c6d1ae-9b78-4559-920c-d822bf62643a => generated 0 bytes in 336 msecs (HTTP/1.1 204) 3 headers in 131 bytes (1 switches on core 0)
2026-07-14 18:50:28.779 7 INFO neutron_taas.services.taas.taas_plugin [None req-7e2d22a8-a417-447d-9cb4-efddebf1bdd5 8ab5561a772a4a7a8eeaf5280e218533 7fd4a9937cc0457f8113c25bc74d665e - - default default] TaaS: Handle Delete Port: 79a499a2-1138-4ccf-8416-a2a20c859be9
2026-07-14 18:50:28.781 7 INFO neutron_taas.services.taas.tap_mirror_plugin [None req-7e2d22a8-a417-447d-9cb4-efddebf1bdd5 8ab5561a772a4a7a8eeaf5280e218533 7fd4a9937cc0457f8113c25bc74d665e - - default default] Tap Mirror: Handle Delete Port: 79a499a2-1138-4ccf-8416-a2a20c859be9 [pid: 8|app: 0|req: 928/1867] 10.0.0.229 () {34 vars in 789 bytes} [Tue Jul 14 18:50:28 2026] PUT /v2.0/routers/ad22c80e-c696-4a1a-ba79-eef298eeebd3/remove_router_interface => generated 309 bytes in 891 msecs (HTTP/1.1 200) 4 headers in 157 bytes (1 switches on core 0) /var/lib/openstack/lib/python3.12/site-packages/pycadf/identifier.py:70: UserWarning: Invalid uuid: neutron. To ensure interoperability, identifiers should be a valid uuid. warnings.warn(('Invalid uuid: %s. To ensure interoperability, '
2026-07-14 18:50:28.972 8 INFO neutron.pecan_wsgi.hooks.translation [None req-a325b1ac-5d66-4d04-9bdd-679df582ea81 41f79544bc664a26b359e6a5d9aea1f9 0b9ae8f88e1c44318a1a5c56f7866684 - - default default] GET failed (client error): The resource could not be found. [pid: 8|app: 0|req: 929/1868] 10.0.0.229 () {32 vars in 717 bytes} [Tue Jul 14 18:50:28 2026] GET /v2.0/ports/f7c6d1ae-9b78-4559-920c-d822bf62643a => generated 132 bytes in 43 msecs (HTTP/1.1 404) 4 headers in 164 bytes (1 switches on core 0)
2026-07-14 18:50:29.326 8 INFO neutron_taas.services.taas.taas_plugin [None req-d9e7f62f-a463-4974-9f3a-30d21442ee60 8ab5561a772a4a7a8eeaf5280e218533 7fd4a9937cc0457f8113c25bc74d665e - - default default] TaaS: Handle Delete Port: 3e757762-bd37-4500-9662-c8b65cbafd24
2026-07-14 18:50:29.329 8 INFO neutron_taas.services.taas.tap_mirror_plugin [None req-d9e7f62f-a463-4974-9f3a-30d21442ee60 8ab5561a772a4a7a8eeaf5280e218533 7fd4a9937cc0457f8113c25bc74d665e - - default default] Tap Mirror: Handle Delete Port: 3e757762-bd37-4500-9662-c8b65cbafd24 [pid: 7|app: 0|req: 940/1869] 10.0.0.229 () {34 vars in 789 bytes} [Tue Jul 14 18:50:28 2026] PUT /v2.0/routers/9ee8a038-d5d9-41bd-9fc7-902d4bdad35a/remove_router_interface => generated 309 bytes in 1000 msecs (HTTP/1.1 200) 4 headers in 157 bytes (1 switches on core 0) /var/lib/openstack/lib/python3.12/site-packages/pycadf/identifier.py:70: UserWarning: Invalid uuid: neutron. To ensure interoperability, identifiers should be a valid uuid. warnings.warn(('Invalid uuid: %s. To ensure interoperability, ' [pid: 7|app: 0|req: 941/1870] 10.0.0.229 () {32 vars in 724 bytes} [Tue Jul 14 18:50:29 2026] DELETE /v2.0/subnets/40eacaf7-1438-4157-9b86-f480a0ef1f61 => generated 0 bytes in 199 msecs (HTTP/1.1 204) 3 headers in 131 bytes (1 switches on core 0) [pid: 8|app: 0|req: 930/1871] 10.0.0.229 () {32 vars in 724 bytes} [Tue Jul 14 18:50:28 2026] DELETE /v2.0/routers/ad22c80e-c696-4a1a-ba79-eef298eeebd3 => generated 0 bytes in 778 msecs (HTTP/1.1 204) 2 headers in 112 bytes (1 switches on core 0)
2026-07-14 18:50:29.887 8 INFO neutron_taas.services.taas.taas_plugin [None req-2c9dbbc0-edf1-4faf-9a87-512c097a22b0 41f79544bc664a26b359e6a5d9aea1f9 0b9ae8f88e1c44318a1a5c56f7866684 - - default default] TaaS: Handle Delete Port: 486cfc68-3ef9-4e84-87a1-7a908722609e
2026-07-14 18:50:29.892 8 INFO neutron_taas.services.taas.tap_mirror_plugin [None req-2c9dbbc0-edf1-4faf-9a87-512c097a22b0 41f79544bc664a26b359e6a5d9aea1f9 0b9ae8f88e1c44318a1a5c56f7866684 - - default default] Tap Mirror: Handle Delete Port: 486cfc68-3ef9-4e84-87a1-7a908722609e
2026-07-14 18:50:30.016 7 INFO neutron_taas.services.taas.taas_plugin [None req-39c2a2d8-07ad-4abc-ac32-9f0a7551b8c9 8ab5561a772a4a7a8eeaf5280e218533 7fd4a9937cc0457f8113c25bc74d665e - - default default] TaaS: Handle Delete Port: 662c685a-b5e2-4523-806d-789d87250fc6
2026-07-14 18:50:30.021 7 INFO neutron_taas.services.taas.tap_mirror_plugin [None req-39c2a2d8-07ad-4abc-ac32-9f0a7551b8c9 8ab5561a772a4a7a8eeaf5280e218533 7fd4a9937cc0457f8113c25bc74d665e - - default default] Tap Mirror: Handle Delete Port: 662c685a-b5e2-4523-806d-789d87250fc6
2026-07-14 18:50:30.106 8 INFO neutron.services.segments.plugin [-] Segment 49dd99e1-cc80-4697-af3f-0c62fae2e73a resource provider aggregate not found
2026-07-14 18:50:30.111 8 INFO neutron.services.segments.plugin [-] Segment 49dd99e1-cc80-4697-af3f-0c62fae2e73a resource provider aggregate not found
2026-07-14 18:50:30.123 8 INFO neutron.services.segments.plugin [-] Segment 49dd99e1-cc80-4697-af3f-0c62fae2e73a resource provider not found; error: Placement Client Error (4xx): {"errors": [{"status": 404, "title": "Not Found", "detail": "The resource could not be found.\n\n No resource provider with uuid 49dd99e1-cc80-4697-af3f-0c62fae2e73a found for delete ", "request_id": "req-dd695a46-7061-4326-a7b9-b51cda0f9f70"}]}
2026-07-14 18:50:30.136 8 INFO neutron.services.segments.plugin [-] Segment 49dd99e1-cc80-4697-af3f-0c62fae2e73a resource provider not found; error: Placement Client Error (4xx): {"errors": [{"status": 404, "title": "Not Found", "detail": "The resource could not be found.\n\n No resource provider with uuid 49dd99e1-cc80-4697-af3f-0c62fae2e73a found for delete ", "request_id": "req-ee8b5f83-68ba-4043-b413-2e7e174de354"}]} [pid: 8|app: 0|req: 931/1872] 10.0.0.229 () {32 vars in 726 bytes} [Tue Jul 14 18:50:29 2026] DELETE /v2.0/networks/9470398b-a515-4c08-823d-6bb2e8a85041 => generated 0 bytes in 399 msecs (HTTP/1.1 204) 3 headers in 131 bytes (1 switches on core 0) [pid: 8|app: 0|req: 932/1873] 10.0.0.229 () {32 vars in 724 bytes} [Tue Jul 14 18:50:30 2026] DELETE /v2.0/subnets/833daadf-715e-444a-9146-be141ff075b6 => generated 0 bytes in 153 msecs (HTTP/1.1 204) 3 headers in 131 bytes (1 switches on core 0) [pid: 7|app: 0|req: 942/1874] 10.0.0.229 () {32 vars in 724 bytes} [Tue Jul 14 18:50:29 2026] DELETE /v2.0/routers/9ee8a038-d5d9-41bd-9fc7-902d4bdad35a => generated 0 bytes in 806 msecs (HTTP/1.1 204) 2 headers in 112 bytes (1 switches on core 0)
2026-07-14 18:50:30.494 8 WARNING neutron.scheduler.dhcp_agent_scheduler [None req-1201b119-a33f-46cd-88c0-a2ca4c1396eb 41f79544bc664a26b359e6a5d9aea1f9 0b9ae8f88e1c44318a1a5c56f7866684 - - default default] No more DHCP agents
2026-07-14 18:50:30.495 8 WARNING neutron.api.rpc.agentnotifiers.dhcp_rpc_agent_api [None req-1201b119-a33f-46cd-88c0-a2ca4c1396eb 41f79544bc664a26b359e6a5d9aea1f9 0b9ae8f88e1c44318a1a5c56f7866684 - - default default] Unable to schedule network 332ead8f-3e2e-4a15-a1e6-ccb6613a442e: no agents available; will retry on subsequent port and subnet creation events.
2026-07-14 18:50:30.565 8 INFO neutron.db.ovn_revision_numbers_db [None req-1201b119-a33f-46cd-88c0-a2ca4c1396eb 41f79544bc664a26b359e6a5d9aea1f9 0b9ae8f88e1c44318a1a5c56f7866684 - - default default] Successfully bumped revision number for resource d6b2649e-6b5d-4b26-9ed4-93589742ba18 (type: ports) to 1
2026-07-14 18:50:30.570 7 INFO neutron.plugins.ml2.drivers.ovn.mech_driver.mech_driver [None req-b0849758-a9f7-4aeb-9186-c499b8b35f1a - - - - - -] OVN reports status down for port: d6b2649e-6b5d-4b26-9ed4-93589742ba18
2026-07-14 18:50:30.597 7 INFO neutron_taas.services.taas.taas_plugin [None req-555b2917-a0d3-46d6-8d66-ccd65f6668b3 8ab5561a772a4a7a8eeaf5280e218533 7fd4a9937cc0457f8113c25bc74d665e - - default default] TaaS: Handle Delete Port: c34607a0-7d59-46df-9a2a-b06df5a25504
2026-07-14 18:50:30.609 7 INFO neutron_taas.services.taas.tap_mirror_plugin [None req-555b2917-a0d3-46d6-8d66-ccd65f6668b3 8ab5561a772a4a7a8eeaf5280e218533 7fd4a9937cc0457f8113c25bc74d665e - - default default] Tap Mirror: Handle Delete Port: c34607a0-7d59-46df-9a2a-b06df5a25504 [pid: 8|app: 0|req: 933/1875] 10.0.0.229 () {34 vars in 665 bytes} [Tue Jul 14 18:50:30 2026] POST /v2.0/ports => generated 774 bytes in 304 msecs (HTTP/1.1 201) 4 headers in 162 bytes (1 switches on core 0) /var/lib/openstack/lib/python3.12/site-packages/pycadf/identifier.py:70: UserWarning: Invalid uuid: neutron. To ensure interoperability, identifiers should be a valid uuid. warnings.warn(('Invalid uuid: %s. To ensure interoperability, '
2026-07-14 18:50:30.827 7 INFO neutron.services.segments.plugin [-] Segment 34c94a36-8ef1-4199-9d4c-86ee5aca69d4 resource provider aggregate not found
2026-07-14 18:50:30.831 7 INFO neutron.services.segments.plugin [-] Segment 34c94a36-8ef1-4199-9d4c-86ee5aca69d4 resource provider aggregate not found
2026-07-14 18:50:30.848 7 INFO neutron.services.segments.plugin [-] Segment 34c94a36-8ef1-4199-9d4c-86ee5aca69d4 resource provider not found; error: Placement Client Error (4xx): {"errors": [{"status": 404, "title": "Not Found", "detail": "The resource could not be found.\n\n No resource provider with uuid 34c94a36-8ef1-4199-9d4c-86ee5aca69d4 found for delete ", "request_id": "req-aa21c9be-0ace-4e7e-9351-3cfe1e96031a"}]}
2026-07-14 18:50:30.851 7 INFO neutron.services.segments.plugin [-] Segment 34c94a36-8ef1-4199-9d4c-86ee5aca69d4 resource provider not found; error: Placement Client Error (4xx): {"errors": [{"status": 404, "title": "Not Found", "detail": "The resource could not be found.\n\n No resource provider with uuid 34c94a36-8ef1-4199-9d4c-86ee5aca69d4 found for delete ", "request_id": "req-8ca4996d-7feb-49be-8693-c814d737bdb2"}]} [pid: 7|app: 0|req: 943/1876] 10.0.0.229 () {32 vars in 726 bytes} [Tue Jul 14 18:50:30 2026] DELETE /v2.0/networks/689241e5-2aba-4723-9f6c-6d32b357e935 => generated 0 bytes in 433 msecs (HTTP/1.1 204) 3 headers in 131 bytes (1 switches on core 0)
2026-07-14 18:50:30.888 8 INFO neutron.db.ovn_revision_numbers_db [None req-54da9ebf-9e2f-4a98-98eb-c8903741c14a 8ab5561a772a4a7a8eeaf5280e218533 7fd4a9937cc0457f8113c25bc74d665e - - default default] Successfully bumped revision number for resource d5fed227-eb4f-41a5-8917-99b79fd7a4b6 (type: security_groups) to 1
2026-07-14 18:50:30.899 8 INFO neutron.db.ovn_revision_numbers_db [None req-54da9ebf-9e2f-4a98-98eb-c8903741c14a 8ab5561a772a4a7a8eeaf5280e218533 7fd4a9937cc0457f8113c25bc74d665e - - default default] Successfully bumped revision number for resource 00b05541-7d1d-40d7-9908-9511574e5b6e (type: security_group_rules) to 0
2026-07-14 18:50:30.911 8 INFO neutron.db.ovn_revision_numbers_db [None req-54da9ebf-9e2f-4a98-98eb-c8903741c14a 8ab5561a772a4a7a8eeaf5280e218533 7fd4a9937cc0457f8113c25bc74d665e - - default default] Successfully bumped revision number for resource 6c415cee-7a20-4d1f-826c-0fefc3e7bce7 (type: security_group_rules) to 0
2026-07-14 18:50:30.922 8 INFO neutron.db.ovn_revision_numbers_db [None req-54da9ebf-9e2f-4a98-98eb-c8903741c14a 8ab5561a772a4a7a8eeaf5280e218533 7fd4a9937cc0457f8113c25bc74d665e - - default default] Successfully bumped revision number for resource 71a6037c-ac20-4e4f-a2e7-64f5f70ef73d (type: security_group_rules) to 0
2026-07-14 18:50:30.933 8 INFO neutron.db.ovn_revision_numbers_db [None req-54da9ebf-9e2f-4a98-98eb-c8903741c14a 8ab5561a772a4a7a8eeaf5280e218533 7fd4a9937cc0457f8113c25bc74d665e - - default default] Successfully bumped revision number for resource cab58694-b401-45b3-aa89-864d7b0fcdf5 (type: security_group_rules) to 0 [pid: 8|app: 0|req: 934/1877] 10.0.0.229 () {32 vars in 774 bytes} [Tue Jul 14 18:50:30 2026] GET /v2.0/security-groups?tenant_id=79762db9b9e14efcba49c2bfa176dcea&name=default => generated 2925 bytes in 363 msecs (HTTP/1.1 200) 4 headers in 158 bytes (1 switches on core 0) [pid: 7|app: 0|req: 944/1878] 10.0.0.229 () {32 vars in 724 bytes} [Tue Jul 14 18:50:30 2026] DELETE /v2.0/subnets/9a60da44-3933-4b61-ac4a-d6536b0d234f => generated 0 bytes in 200 msecs (HTTP/1.1 204) 3 headers in 131 bytes (1 switches on core 0)
2026-07-14 18:50:31.261 8 INFO neutron.db.ovn_revision_numbers_db [None req-f06c1dfc-ab1b-4cb2-8dbe-e9f2f6b98220 41f79544bc664a26b359e6a5d9aea1f9 0b9ae8f88e1c44318a1a5c56f7866684 - - default default] Successfully bumped revision number for resource d6b2649e-6b5d-4b26-9ed4-93589742ba18 (type: ports) to 2 [pid: 8|app: 0|req: 935/1879] 10.0.0.229 () {34 vars in 737 bytes} [Tue Jul 14 18:50:30 2026] PUT /v2.0/ports/d6b2649e-6b5d-4b26-9ed4-93589742ba18 => generated 752 bytes in 307 msecs (HTTP/1.1 200) 4 headers in 157 bytes (1 switches on core 0) /var/lib/openstack/lib/python3.12/site-packages/pycadf/identifier.py:70: UserWarning: Invalid uuid: neutron. To ensure interoperability, identifiers should be a valid uuid. warnings.warn(('Invalid uuid: %s. To ensure interoperability, '
2026-07-14 18:50:31.370 8 INFO neutron_taas.services.taas.taas_plugin [None req-17d4ee26-c63a-4d02-8039-e771e4ee1703 8ab5561a772a4a7a8eeaf5280e218533 7fd4a9937cc0457f8113c25bc74d665e - - default default] TaaS: Handle Delete Port: 6c5743a0-b8b7-4910-b1cc-55cc547b98a0
2026-07-14 18:50:31.372 8 INFO neutron_taas.services.taas.tap_mirror_plugin [None req-17d4ee26-c63a-4d02-8039-e771e4ee1703 8ab5561a772a4a7a8eeaf5280e218533 7fd4a9937cc0457f8113c25bc74d665e - - default default] Tap Mirror: Handle Delete Port: 6c5743a0-b8b7-4910-b1cc-55cc547b98a0 [pid: 8|app: 0|req: 936/1880] 10.0.0.229 () {32 vars in 726 bytes} [Tue Jul 14 18:50:31 2026] DELETE /v2.0/networks/899386d0-9c5f-4c29-8f33-3e7ae9bb0b57 => generated 0 bytes in 271 msecs (HTTP/1.1 204) 3 headers in 131 bytes (1 switches on core 0)
2026-07-14 18:50:31.577 7 INFO neutron.plugins.ml2.drivers.ovn.mech_driver.mech_driver [None req-b0849758-a9f7-4aeb-9186-c499b8b35f1a - - - - - -] OVN reports status down for port: d6b2649e-6b5d-4b26-9ed4-93589742ba18 [pid: 8|app: 0|req: 937/1881] 10.0.0.229 () {32 vars in 774 bytes} [Tue Jul 14 18:50:31 2026] GET /v2.0/security-groups?tenant_id=3a5282542c0546e787df76f3a186732a&name=default => generated 2925 bytes in 22 msecs (HTTP/1.1 200) 4 headers in 158 bytes (1 switches on core 0)
2026-07-14 18:50:31.662 8 INFO neutron_taas.services.taas.taas_plugin [None req-467b126f-a050-4f52-88d5-b0076254e0bd 41f79544bc664a26b359e6a5d9aea1f9 0b9ae8f88e1c44318a1a5c56f7866684 - - default default] TaaS: Handle Delete Port: d6b2649e-6b5d-4b26-9ed4-93589742ba18
2026-07-14 18:50:31.664 8 INFO neutron_taas.services.taas.tap_mirror_plugin [None req-467b126f-a050-4f52-88d5-b0076254e0bd 41f79544bc664a26b359e6a5d9aea1f9 0b9ae8f88e1c44318a1a5c56f7866684 - - default default] Tap Mirror: Handle Delete Port: d6b2649e-6b5d-4b26-9ed4-93589742ba18 [pid: 8|app: 0|req: 938/1882] 10.0.0.229 () {32 vars in 720 bytes} [Tue Jul 14 18:50:31 2026] DELETE /v2.0/ports/d6b2649e-6b5d-4b26-9ed4-93589742ba18 => generated 0 bytes in 176 msecs (HTTP/1.1 204) 3 headers in 131 bytes (1 switches on core 0) [pid: 7|app: 0|req: 945/1883] 10.0.0.229 () {32 vars in 740 bytes} [Tue Jul 14 18:50:31 2026] DELETE /v2.0/security-groups/d5fed227-eb4f-41a5-8917-99b79fd7a4b6 => generated 0 bytes in 764 msecs (HTTP/1.1 204) 2 headers in 112 bytes (1 switches on core 0) [pid: 7|app: 0|req: 946/1884] 10.0.0.229 () {32 vars in 774 bytes} [Tue Jul 14 18:50:31 2026] GET /v2.0/security-groups?tenant_id=b13680e28c994cdf9304c24cef8a4528&name=default => generated 2925 bytes in 31 msecs (HTTP/1.1 200) 4 headers in 158 bytes (1 switches on core 0) [pid: 8|app: 0|req: 939/1885] 10.0.0.229 () {32 vars in 740 bytes} [Tue Jul 14 18:50:31 2026] DELETE /v2.0/security-groups/152a2509-a748-4c3c-a0bb-8978c38105cc => generated 0 bytes in 202 msecs (HTTP/1.1 204) 2 headers in 112 bytes (1 switches on core 0) [pid: 7|app: 0|req: 947/1886] 10.0.0.229 () {32 vars in 643 bytes} [Tue Jul 14 18:50:31 2026] GET /v2.0/ports => generated 1533 bytes in 78 msecs (HTTP/1.1 200) 4 headers in 158 bytes (1 switches on core 0)
2026-07-14 18:50:31.985 7 INFO neutron.pecan_wsgi.hooks.translation [None req-9bd1819b-0fda-462c-9ba7-5e3c7912f5da 41f79544bc664a26b359e6a5d9aea1f9 0b9ae8f88e1c44318a1a5c56f7866684 - - default default] GET failed (client error): The resource could not be found. [pid: 7|app: 0|req: 948/1887] 10.0.0.229 () {32 vars in 717 bytes} [Tue Jul 14 18:50:31 2026] GET /v2.0/ports/d6b2649e-6b5d-4b26-9ed4-93589742ba18 => generated 132 bytes in 20 msecs (HTTP/1.1 404) 4 headers in 164 bytes (1 switches on core 0) [pid: 7|app: 0|req: 949/1888] 10.0.0.229 () {32 vars in 643 bytes} [Tue Jul 14 18:50:32 2026] GET /v2.0/ports => generated 1533 bytes in 36 msecs (HTTP/1.1 200) 4 headers in 158 bytes (1 switches on core 0) [pid: 7|app: 0|req: 950/1889] 10.0.0.229 () {32 vars in 717 bytes} [Tue Jul 14 18:50:32 2026] GET /v2.0/ports/a5940ce5-9199-4f79-8d9a-2cc93eed8466 => generated 774 bytes in 36 msecs (HTTP/1.1 200) 4 headers in 157 bytes (1 switches on core 0)
2026-07-14 18:50:32.112 7 INFO neutron.pecan_wsgi.hooks.translation [None req-482cabbe-3e20-425f-ae4c-49f3ae89692b 41f79544bc664a26b359e6a5d9aea1f9 0b9ae8f88e1c44318a1a5c56f7866684 - - default default] DELETE failed (client error): The resource could not be found. [pid: 7|app: 0|req: 951/1890] 10.0.0.229 () {32 vars in 720 bytes} [Tue Jul 14 18:50:32 2026] DELETE /v2.0/ports/f7c6d1ae-9b78-4559-920c-d822bf62643a => generated 132 bytes in 23 msecs (HTTP/1.1 404) 4 headers in 164 bytes (1 switches on core 0)
2026-07-14 18:50:32.131 7 INFO neutron.pecan_wsgi.hooks.translation [None req-dbb109b8-3b29-474a-83ae-6410e127069e 41f79544bc664a26b359e6a5d9aea1f9 0b9ae8f88e1c44318a1a5c56f7866684 - - default default] DELETE failed (client error): The resource could not be found. [pid: 7|app: 0|req: 952/1891] 10.0.0.229 () {32 vars in 724 bytes} [Tue Jul 14 18:50:32 2026] DELETE /v2.0/subnets/40eacaf7-1438-4157-9b86-f480a0ef1f61 => generated 136 bytes in 13 msecs (HTTP/1.1 404) 4 headers in 164 bytes (1 switches on core 0)
2026-07-14 18:50:32.143 8 INFO neutron.services.segments.plugin [-] Segment 6adc0ed6-cdd8-49cb-ab25-c6e282a5ce44 resource provider aggregate not found
2026-07-14 18:50:32.156 7 INFO neutron.pecan_wsgi.hooks.translation [None req-bc779a27-6ae0-4ba4-b83f-f320824a93b4 41f79544bc664a26b359e6a5d9aea1f9 0b9ae8f88e1c44318a1a5c56f7866684 - - default default] DELETE failed (client error): The resource could not be found.
2026-07-14 18:50:32.160 8 INFO neutron.services.segments.plugin [-] Segment 6adc0ed6-cdd8-49cb-ab25-c6e282a5ce44 resource provider not found; error: Placement Client Error (4xx): {"errors": [{"status": 404, "title": "Not Found", "detail": "The resource could not be found.\n\n No resource provider with uuid 6adc0ed6-cdd8-49cb-ab25-c6e282a5ce44 found for delete ", "request_id": "req-7337f4bd-8b05-44ca-9d10-ec32707d4039"}]} [pid: 7|app: 0|req: 953/1892] 10.0.0.229 () {32 vars in 724 bytes} [Tue Jul 14 18:50:32 2026] DELETE /v2.0/subnets/2c1916f8-112b-4cf9-9054-11b71dd48b9e => generated 136 bytes in 23 msecs (HTTP/1.1 404) 4 headers in 164 bytes (1 switches on core 0)
2026-07-14 18:50:32.161 8 INFO neutron.services.segments.plugin [-] Segment 6adc0ed6-cdd8-49cb-ab25-c6e282a5ce44 resource provider aggregate not found
2026-07-14 18:50:32.179 8 INFO neutron.services.segments.plugin [-] Segment 6adc0ed6-cdd8-49cb-ab25-c6e282a5ce44 resource provider not found; error: Placement Client Error (4xx): {"errors": [{"status": 404, "title": "Not Found", "detail": "The resource could not be found.\n\n No resource provider with uuid 6adc0ed6-cdd8-49cb-ab25-c6e282a5ce44 found for delete ", "request_id": "req-2bfab1f3-6517-48b6-9f88-d20106aa9856"}]} [pid: 7|app: 0|req: 954/1893] 10.0.0.229 () {32 vars in 774 bytes} [Tue Jul 14 18:50:32 2026] GET /v2.0/security-groups?tenant_id=a17a6034c0ea43c3acd3298e52562d9a&name=default => generated 2925 bytes in 32 msecs (HTTP/1.1 200) 4 headers in 158 bytes (1 switches on core 0) [pid: 8|app: 0|req: 940/1894] 10.0.0.229 () {32 vars in 740 bytes} [Tue Jul 14 18:50:31 2026] DELETE /v2.0/security-groups/18fc5189-541d-48a9-b840-92db9bdcd526 => generated 0 bytes in 261 msecs (HTTP/1.1 204) 2 headers in 112 bytes (1 switches on core 0)
2026-07-14 18:50:32.298 7 INFO neutron_taas.services.taas.taas_plugin [None req-5dcda5e1-149f-4de4-bcca-8c93ab645db7 41f79544bc664a26b359e6a5d9aea1f9 0b9ae8f88e1c44318a1a5c56f7866684 - - default default] TaaS: Handle Delete Port: a5940ce5-9199-4f79-8d9a-2cc93eed8466
2026-07-14 18:50:32.301 7 INFO neutron_taas.services.taas.tap_mirror_plugin [None req-5dcda5e1-149f-4de4-bcca-8c93ab645db7 41f79544bc664a26b359e6a5d9aea1f9 0b9ae8f88e1c44318a1a5c56f7866684 - - default default] Tap Mirror: Handle Delete Port: a5940ce5-9199-4f79-8d9a-2cc93eed8466 [pid: 7|app: 0|req: 955/1895] 10.0.0.229 () {32 vars in 720 bytes} [Tue Jul 14 18:50:32 2026] DELETE /v2.0/ports/a5940ce5-9199-4f79-8d9a-2cc93eed8466 => generated 0 bytes in 225 msecs (HTTP/1.1 204) 3 headers in 131 bytes (1 switches on core 0) [pid: 8|app: 0|req: 941/1896] 10.0.0.229 () {32 vars in 740 bytes} [Tue Jul 14 18:50:32 2026] DELETE /v2.0/security-groups/82cb20c6-2dae-4366-8241-e0aab65da387 => generated 0 bytes in 256 msecs (HTTP/1.1 204) 2 headers in 112 bytes (1 switches on core 0)
2026-07-14 18:50:32.534 7 INFO neutron_taas.services.taas.taas_plugin [None req-d7b5cadc-f753-4f68-a885-91903502b807 41f79544bc664a26b359e6a5d9aea1f9 0b9ae8f88e1c44318a1a5c56f7866684 - - default default] TaaS: Handle Delete Port: 18842114-622c-4bf7-b3da-f9400958cc21
2026-07-14 18:50:32.536 7 INFO neutron_taas.services.taas.tap_mirror_plugin [None req-d7b5cadc-f753-4f68-a885-91903502b807 41f79544bc664a26b359e6a5d9aea1f9 0b9ae8f88e1c44318a1a5c56f7866684 - - default default] Tap Mirror: Handle Delete Port: 18842114-622c-4bf7-b3da-f9400958cc21 [pid: 7|app: 0|req: 956/1897] 10.0.0.229 () {32 vars in 726 bytes} [Tue Jul 14 18:50:32 2026] DELETE /v2.0/networks/332ead8f-3e2e-4a15-a1e6-ccb6613a442e => generated 0 bytes in 295 msecs (HTTP/1.1 204) 3 headers in 131 bytes (1 switches on core 0)
2026-07-14 18:50:32.865 7 INFO neutron.services.segments.plugin [-] Segment 16ab6c7c-8120-456f-8e75-1944df5f1222 resource provider aggregate not found
2026-07-14 18:50:32.870 7 INFO neutron.services.segments.plugin [-] Segment 16ab6c7c-8120-456f-8e75-1944df5f1222 resource provider aggregate not found
2026-07-14 18:50:32.882 7 INFO neutron.services.segments.plugin [-] Segment 16ab6c7c-8120-456f-8e75-1944df5f1222 resource provider not found; error: Placement Client Error (4xx): {"errors": [{"status": 404, "title": "Not Found", "detail": "The resource could not be found.\n\n No resource provider with uuid 16ab6c7c-8120-456f-8e75-1944df5f1222 found for delete ", "request_id": "req-b7692b0e-c484-41d9-8bfe-d1b3dc6942bf"}]}
2026-07-14 18:50:32.885 7 INFO neutron.services.segments.plugin [-] Segment 16ab6c7c-8120-456f-8e75-1944df5f1222 resource provider not found; error: Placement Client Error (4xx): {"errors": [{"status": 404, "title": "Not Found", "detail": "The resource could not be found.\n\n No resource provider with uuid 16ab6c7c-8120-456f-8e75-1944df5f1222 found for delete ", "request_id": "req-45ec2845-9d89-4071-b07b-451283d5245e"}]} [pid: 8|app: 0|req: 942/1898] 10.0.0.229 () {32 vars in 774 bytes} [Tue Jul 14 18:50:33 2026] GET /v2.0/security-groups?tenant_id=0b9ae8f88e1c44318a1a5c56f7866684&name=default => generated 2925 bytes in 150 msecs (HTTP/1.1 200) 4 headers in 158 bytes (1 switches on core 0) [pid: 7|app: 0|req: 957/1899] 10.0.0.229 () {32 vars in 740 bytes} [Tue Jul 14 18:50:33 2026] DELETE /v2.0/security-groups/d4b31481-8ed2-4897-b122-613cac899c42 => generated 0 bytes in 267 msecs (HTTP/1.1 204) 2 headers in 112 bytes (1 switches on core 0) [pid: 8|app: 0|req: 943/1900] 10.0.0.251 () {32 vars in 802 bytes} [Tue Jul 14 18:50:35 2026] GET /v2.0/extensions => generated 20541 bytes in 156 msecs (HTTP/1.1 200) 4 headers in 159 bytes (1 switches on core 0) [pid: 7|app: 0|req: 958/1901] 10.0.0.229 () {32 vars in 623 bytes} [Tue Jul 14 18:50:35 2026] GET / => generated 151 bytes in 3 msecs (HTTP/1.1 200) 3 headers in 91 bytes (1 switches on core 0) [pid: 8|app: 0|req: 944/1902] 10.0.0.229 () {32 vars in 633 bytes} [Tue Jul 14 18:50:35 2026] GET /v2.0/ => generated 632 bytes in 35 msecs (HTTP/1.1 200) 4 headers in 157 bytes (1 switches on core 0) [pid: 7|app: 0|req: 959/1903] 10.0.0.251 () {30 vars in 724 bytes} [Tue Jul 14 18:50:35 2026] GET /v2.0/quotas/e965e038c9864abe985ca3866b08d7eb/details => generated 847 bytes in 104 msecs (HTTP/1.1 200) 4 headers in 157 bytes (1 switches on core 0)
2026-07-14 18:50:36.223 8 INFO neutron.db.ovn_revision_numbers_db [None req-f5cfeb85-13e4-4473-9c29-1b83c9b225ed 8ab5561a772a4a7a8eeaf5280e218533 7fd4a9937cc0457f8113c25bc74d665e - - default default] Successfully bumped revision number for resource 2a03e743-2d79-42f4-b0a8-ce327bf69076 (type: security_groups) to 1
2026-07-14 18:50:36.235 8 INFO neutron.db.ovn_revision_numbers_db [None req-f5cfeb85-13e4-4473-9c29-1b83c9b225ed 8ab5561a772a4a7a8eeaf5280e218533 7fd4a9937cc0457f8113c25bc74d665e - - default default] Successfully bumped revision number for resource 58683f25-b3d8-4acc-bd11-65587f01b46b (type: security_group_rules) to 0
2026-07-14 18:50:36.247 8 INFO neutron.db.ovn_revision_numbers_db [None req-f5cfeb85-13e4-4473-9c29-1b83c9b225ed 8ab5561a772a4a7a8eeaf5280e218533 7fd4a9937cc0457f8113c25bc74d665e - - default default] Successfully bumped revision number for resource c69df032-1232-4635-986a-99259e6e6b2c (type: security_group_rules) to 0
2026-07-14 18:50:36.259 8 INFO neutron.db.ovn_revision_numbers_db [None req-f5cfeb85-13e4-4473-9c29-1b83c9b225ed 8ab5561a772a4a7a8eeaf5280e218533 7fd4a9937cc0457f8113c25bc74d665e - - default default] Successfully bumped revision number for resource ce24d1df-d892-4e77-883c-d52d2132c38b (type: security_group_rules) to 0
2026-07-14 18:50:36.271 8 INFO neutron.db.ovn_revision_numbers_db [None req-f5cfeb85-13e4-4473-9c29-1b83c9b225ed 8ab5561a772a4a7a8eeaf5280e218533 7fd4a9937cc0457f8113c25bc74d665e - - default default] Successfully bumped revision number for resource cf3d3f9e-4f93-4488-b1cb-ef46c1ba05d1 (type: security_group_rules) to 0 [pid: 8|app: 0|req: 945/1904] 10.0.0.229 () {32 vars in 774 bytes} [Tue Jul 14 18:50:35 2026] GET /v2.0/security-groups?tenant_id=d49a2af47dfa49648f2713dae07dc705&name=default => generated 2925 bytes in 440 msecs (HTTP/1.1 200) 4 headers in 158 bytes (1 switches on core 0) [pid: 7|app: 0|req: 960/1905] 10.0.0.229 () {32 vars in 740 bytes} [Tue Jul 14 18:50:36 2026] DELETE /v2.0/security-groups/2a03e743-2d79-42f4-b0a8-ce327bf69076 => generated 0 bytes in 255 msecs (HTTP/1.1 204) 2 headers in 112 bytes (1 switches on core 0)
2026-07-14 18:50:37.159 8 INFO neutron.db.ovn_revision_numbers_db [None req-5e15e142-3967-4c17-b3c8-b316f96973d6 466391fa6d6d4fc389d1260e730050b3 d211dc76f9a3458e8a19e333d67c8270 - - default default] Successfully bumped revision number for resource 7bf8a9a6-a584-4512-a06a-abee140518ad (type: security_groups) to 1
2026-07-14 18:50:37.168 8 INFO neutron.db.ovn_revision_numbers_db [None req-5e15e142-3967-4c17-b3c8-b316f96973d6 466391fa6d6d4fc389d1260e730050b3 d211dc76f9a3458e8a19e333d67c8270 - - default default] Successfully bumped revision number for resource 09917482-562e-466d-a330-004afc504f2e (type: security_group_rules) to 0
2026-07-14 18:50:37.182 8 INFO neutron.db.ovn_revision_numbers_db [None req-5e15e142-3967-4c17-b3c8-b316f96973d6 466391fa6d6d4fc389d1260e730050b3 d211dc76f9a3458e8a19e333d67c8270 - - default default] Successfully bumped revision number for resource 1d60c490-99a5-4439-a7e0-db4af8325adc (type: security_group_rules) to 0
2026-07-14 18:50:37.192 8 INFO neutron.db.ovn_revision_numbers_db [None req-5e15e142-3967-4c17-b3c8-b316f96973d6 466391fa6d6d4fc389d1260e730050b3 d211dc76f9a3458e8a19e333d67c8270 - - default default] Successfully bumped revision number for resource 54592784-d8fd-4cd8-8c37-470a0474227a (type: security_group_rules) to 0
2026-07-14 18:50:37.200 8 INFO neutron.db.ovn_revision_numbers_db [None req-5e15e142-3967-4c17-b3c8-b316f96973d6 466391fa6d6d4fc389d1260e730050b3 d211dc76f9a3458e8a19e333d67c8270 - - default default] Successfully bumped revision number for resource e1d7df9a-e10d-4908-afca-48aedc64ceca (type: security_group_rules) to 0
2026-07-14 18:50:37.277 8 INFO neutron.db.segments_db [None req-5e15e142-3967-4c17-b3c8-b316f96973d6 466391fa6d6d4fc389d1260e730050b3 d211dc76f9a3458e8a19e333d67c8270 - - default default] Added segment 2b1ed688-7c5a-4b74-8b4d-dd4360ddcdee of type geneve for network e2496403-b4a7-4a7d-a2a3-bea63ec06455
2026-07-14 18:50:37.392 8 INFO neutron.db.ovn_revision_numbers_db [None req-5e15e142-3967-4c17-b3c8-b316f96973d6 466391fa6d6d4fc389d1260e730050b3 d211dc76f9a3458e8a19e333d67c8270 - - default default] Successfully bumped revision number for resource e2496403-b4a7-4a7d-a2a3-bea63ec06455 (type: networks) to 1
2026-07-14 18:50:37.568 8 WARNING neutron.scheduler.dhcp_agent_scheduler [None req-5e15e142-3967-4c17-b3c8-b316f96973d6 466391fa6d6d4fc389d1260e730050b3 d211dc76f9a3458e8a19e333d67c8270 - - default default] No more DHCP agents
2026-07-14 18:50:37.570 8 WARNING neutron.api.rpc.agentnotifiers.dhcp_rpc_agent_api [None req-5e15e142-3967-4c17-b3c8-b316f96973d6 466391fa6d6d4fc389d1260e730050b3 d211dc76f9a3458e8a19e333d67c8270 - - default default] Unable to schedule network e2496403-b4a7-4a7d-a2a3-bea63ec06455: no agents available; will retry on subsequent port and subnet creation events.
2026-07-14 18:50:37.618 8 INFO neutron.plugins.ml2.drivers.ovn.mech_driver.mech_driver [None req-8d333ea9-fd07-401c-9bfe-8b257072e16e - - - - - -] OVN reports status down for port: f92b8c07-3673-4a28-b8a1-1b4ad41a2f2b
2026-07-14 18:50:37.671 8 INFO neutron.db.ovn_revision_numbers_db [None req-5e15e142-3967-4c17-b3c8-b316f96973d6 466391fa6d6d4fc389d1260e730050b3 d211dc76f9a3458e8a19e333d67c8270 - - default default] Successfully bumped revision number for resource f92b8c07-3673-4a28-b8a1-1b4ad41a2f2b (type: ports) to 1 [pid: 8|app: 0|req: 946/1908] 10.0.0.229 () {34 vars in 670 bytes} [Tue Jul 14 18:50:36 2026] POST /v2.0/networks => generated 651 bytes in 875 msecs (HTTP/1.1 201) 4 headers in 162 bytes (1 switches on core 0)
2026-07-14 18:50:37.985 7 WARNING neutron.scheduler.dhcp_agent_scheduler [None req-16345867-adc3-4475-bf25-2238f1e623a1 466391fa6d6d4fc389d1260e730050b3 d211dc76f9a3458e8a19e333d67c8270 - - default default] No more DHCP agents
2026-07-14 18:50:37.986 7 WARNING neutron.api.rpc.agentnotifiers.dhcp_rpc_agent_api [None req-16345867-adc3-4475-bf25-2238f1e623a1 466391fa6d6d4fc389d1260e730050b3 d211dc76f9a3458e8a19e333d67c8270 - - default default] Unable to schedule network e2496403-b4a7-4a7d-a2a3-bea63ec06455: no agents available; will retry on subsequent port and subnet creation events.
2026-07-14 18:50:38.043 7 INFO neutron.plugins.ml2.drivers.ovn.mech_driver.mech_driver [None req-b0849758-a9f7-4aeb-9186-c499b8b35f1a - - - - - -] OVN reports status down for port: 9c0a1cc3-1e44-43f0-ade0-0cea01ec2097
2026-07-14 18:50:38.116 7 INFO neutron.db.ovn_revision_numbers_db [None req-16345867-adc3-4475-bf25-2238f1e623a1 466391fa6d6d4fc389d1260e730050b3 d211dc76f9a3458e8a19e333d67c8270 - - default default] Successfully bumped revision number for resource 9c0a1cc3-1e44-43f0-ade0-0cea01ec2097 (type: ports) to 1 [pid: 7|app: 0|req: 963/1909] 10.0.0.229 () {34 vars in 664 bytes} [Tue Jul 14 18:50:37 2026] POST /v2.0/ports => generated 743 bytes in 469 msecs (HTTP/1.1 201) 4 headers in 162 bytes (1 switches on core 0) /var/lib/openstack/lib/python3.12/site-packages/pycadf/identifier.py:70: UserWarning: Invalid uuid: neutron. To ensure interoperability, identifiers should be a valid uuid. warnings.warn(('Invalid uuid: %s. To ensure interoperability, '
2026-07-14 18:50:38.311 7 INFO neutron.db.segments_db [None req-e5caa45e-2d53-489d-8667-5759da5272bf 466391fa6d6d4fc389d1260e730050b3 d211dc76f9a3458e8a19e333d67c8270 - - default default] Added segment 0c481faf-f46a-42cd-b4e2-5f4dc6e86205 of type geneve for network 31f28f73-f4b9-4117-be06-12b33cdc9fb6
2026-07-14 18:50:38.450 7 INFO neutron.db.ovn_revision_numbers_db [None req-e5caa45e-2d53-489d-8667-5759da5272bf 466391fa6d6d4fc389d1260e730050b3 d211dc76f9a3458e8a19e333d67c8270 - - default default] Successfully bumped revision number for resource 31f28f73-f4b9-4117-be06-12b33cdc9fb6 (type: networks) to 1 [pid: 8|app: 0|req: 947/1910] 10.0.0.62 () {28 vars in 590 bytes} [Tue Jul 14 18:50:38 2026] GET /v2.0/floatingips => generated 19 bytes in 298 msecs (HTTP/1.1 200) 4 headers in 156 bytes (1 switches on core 0) [pid: 8|app: 0|req: 948/1911] 10.0.0.62 () {28 vars in 584 bytes} [Tue Jul 14 18:50:38 2026] GET /v2.0/networks => generated 3778 bytes in 62 msecs (HTTP/1.1 200) 4 headers in 158 bytes (1 switches on core 0) [pid: 8|app: 0|req: 949/1912] 10.0.0.62 () {28 vars in 598 bytes} [Tue Jul 14 18:50:38 2026] GET /v2.0/security-groups => generated 20305 bytes in 31 msecs (HTTP/1.1 200) 4 headers in 159 bytes (1 switches on core 0) [pid: 8|app: 0|req: 950/1913] 10.0.0.62 () {28 vars in 582 bytes} [Tue Jul 14 18:50:38 2026] GET /v2.0/routers => generated 15 bytes in 14 msecs (HTTP/1.1 200) 4 headers in 156 bytes (1 switches on core 0)
2026-07-14 18:50:38.627 7 WARNING neutron.scheduler.dhcp_agent_scheduler [None req-e5caa45e-2d53-489d-8667-5759da5272bf 466391fa6d6d4fc389d1260e730050b3 d211dc76f9a3458e8a19e333d67c8270 - - default default] No more DHCP agents
2026-07-14 18:50:38.628 7 WARNING neutron.api.rpc.agentnotifiers.dhcp_rpc_agent_api [None req-e5caa45e-2d53-489d-8667-5759da5272bf 466391fa6d6d4fc389d1260e730050b3 d211dc76f9a3458e8a19e333d67c8270 - - default default] Unable to schedule network 31f28f73-f4b9-4117-be06-12b33cdc9fb6: no agents available; will retry on subsequent port and subnet creation events. [pid: 8|app: 0|req: 951/1914] 10.0.0.62 () {28 vars in 623 bytes} [Tue Jul 14 18:50:38 2026] GET /v2.0/agents?binary=ovn-controller => generated 416 bytes in 13 msecs (HTTP/1.1 200) 4 headers in 157 bytes (1 switches on core 0) [pid: 8|app: 0|req: 952/1915] 10.0.0.62 () {28 vars in 618 bytes} [Tue Jul 14 18:50:38 2026] GET /v2.0/network-ip-availabilities => generated 1640 bytes in 16 msecs (HTTP/1.1 200) 4 headers in 158 bytes (1 switches on core 0) [pid: 8|app: 0|req: 953/1916] 10.0.0.62 () {28 vars in 582 bytes} [Tue Jul 14 18:50:38 2026] GET /v2.0/subnets => generated 1308 bytes in 45 msecs (HTTP/1.1 200) 4 headers in 158 bytes (1 switches on core 0)
2026-07-14 18:50:38.732 8 INFO neutron.plugins.ml2.drivers.ovn.mech_driver.mech_driver [None req-8d333ea9-fd07-401c-9bfe-8b257072e16e - - - - - -] OVN reports status down for port: 33f8981e-8a7c-4118-83c7-a9d1d9aa2875 [pid: 8|app: 0|req: 954/1917] 10.0.0.62 () {28 vars in 590 bytes} [Tue Jul 14 18:50:38 2026] GET /v2.0/subnetpools => generated 19 bytes in 29 msecs (HTTP/1.1 200) 4 headers in 156 bytes (1 switches on core 0)
2026-07-14 18:50:38.761 7 INFO neutron.db.ovn_revision_numbers_db [None req-e5caa45e-2d53-489d-8667-5759da5272bf 466391fa6d6d4fc389d1260e730050b3 d211dc76f9a3458e8a19e333d67c8270 - - default default] Successfully bumped revision number for resource 33f8981e-8a7c-4118-83c7-a9d1d9aa2875 (type: ports) to 1 [pid: 7|app: 0|req: 964/1918] 10.0.0.229 () {34 vars in 670 bytes} [Tue Jul 14 18:50:38 2026] POST /v2.0/networks => generated 651 bytes in 595 msecs (HTTP/1.1 201) 4 headers in 162 bytes (1 switches on core 0) [pid: 8|app: 0|req: 955/1919] 10.0.0.62 () {28 vars in 582 bytes} [Tue Jul 14 18:50:38 2026] GET /v2.0/subnets => generated 1308 bytes in 57 msecs (HTTP/1.1 200) 4 headers in 158 bytes (1 switches on core 0) [pid: 8|app: 0|req: 956/1920] 10.0.0.62 () {28 vars in 578 bytes} [Tue Jul 14 18:50:38 2026] GET /v2.0/ports => generated 7782 bytes in 77 msecs (HTTP/1.1 200) 4 headers in 158 bytes (1 switches on core 0)
2026-07-14 18:50:39.016 7 WARNING neutron.scheduler.dhcp_agent_scheduler [None req-f10cee91-d99b-4097-9677-e3bcce03b9f3 466391fa6d6d4fc389d1260e730050b3 d211dc76f9a3458e8a19e333d67c8270 - - default default] No more DHCP agents
2026-07-14 18:50:39.017 7 WARNING neutron.api.rpc.agentnotifiers.dhcp_rpc_agent_api [None req-f10cee91-d99b-4097-9677-e3bcce03b9f3 466391fa6d6d4fc389d1260e730050b3 d211dc76f9a3458e8a19e333d67c8270 - - default default] Unable to schedule network 31f28f73-f4b9-4117-be06-12b33cdc9fb6: no agents available; will retry on subsequent port and subnet creation events.
2026-07-14 18:50:39.083 7 INFO neutron.plugins.ml2.drivers.ovn.mech_driver.mech_driver [None req-b0849758-a9f7-4aeb-9186-c499b8b35f1a - - - - - -] OVN reports status down for port: 531eb4f3-237d-470f-abd6-2af870891c24
2026-07-14 18:50:39.165 7 INFO neutron.db.ovn_revision_numbers_db [None req-f10cee91-d99b-4097-9677-e3bcce03b9f3 466391fa6d6d4fc389d1260e730050b3 d211dc76f9a3458e8a19e333d67c8270 - - default default] Successfully bumped revision number for resource 531eb4f3-237d-470f-abd6-2af870891c24 (type: ports) to 1
2026-07-14 18:50:39.223 8 INFO neutron.db.ovn_revision_numbers_db [None req-5d77d154-01f8-44e5-8b40-e80e995b45f8 8ab5561a772a4a7a8eeaf5280e218533 7fd4a9937cc0457f8113c25bc74d665e - - default default] Successfully bumped revision number for resource 8d58eaf6-ca7a-4c74-a439-d693fed01b16 (type: security_groups) to 1
2026-07-14 18:50:39.234 8 INFO neutron.db.ovn_revision_numbers_db [None req-5d77d154-01f8-44e5-8b40-e80e995b45f8 8ab5561a772a4a7a8eeaf5280e218533 7fd4a9937cc0457f8113c25bc74d665e - - default default] Successfully bumped revision number for resource 0c93de66-a21d-4b13-a2de-3dee2f6e2625 (type: security_group_rules) to 0
2026-07-14 18:50:39.247 8 INFO neutron.db.ovn_revision_numbers_db [None req-5d77d154-01f8-44e5-8b40-e80e995b45f8 8ab5561a772a4a7a8eeaf5280e218533 7fd4a9937cc0457f8113c25bc74d665e - - default default] Successfully bumped revision number for resource 252e3e62-18ea-479a-af34-d6707d7bc201 (type: security_group_rules) to 0 [pid: 7|app: 0|req: 965/1921] 10.0.0.229 () {34 vars in 664 bytes} [Tue Jul 14 18:50:38 2026] POST /v2.0/ports => generated 743 bytes in 455 msecs (HTTP/1.1 201) 4 headers in 162 bytes (1 switches on core 0) /var/lib/openstack/lib/python3.12/site-packages/pycadf/identifier.py:70: UserWarning: Invalid uuid: neutron. To ensure interoperability, identifiers should be a valid uuid. warnings.warn(('Invalid uuid: %s. To ensure interoperability, '
2026-07-14 18:50:39.263 8 INFO neutron.db.ovn_revision_numbers_db [None req-5d77d154-01f8-44e5-8b40-e80e995b45f8 8ab5561a772a4a7a8eeaf5280e218533 7fd4a9937cc0457f8113c25bc74d665e - - default default] Successfully bumped revision number for resource 42c35a90-b871-4e70-b341-703f821e467f (type: security_group_rules) to 0 [pid: 7|app: 0|req: 966/1922] 10.0.0.62 () {28 vars in 580 bytes} [Tue Jul 14 18:50:39 2026] GET /v2.0/agents => generated 1214 bytes in 13 msecs (HTTP/1.1 200) 4 headers in 158 bytes (1 switches on core 0)
2026-07-14 18:50:39.274 8 INFO neutron.db.ovn_revision_numbers_db [None req-5d77d154-01f8-44e5-8b40-e80e995b45f8 8ab5561a772a4a7a8eeaf5280e218533 7fd4a9937cc0457f8113c25bc74d665e - - default default] Successfully bumped revision number for resource d8a02656-33b2-48cc-88c1-f6eb906207c9 (type: security_group_rules) to 0 [pid: 7|app: 0|req: 967/1923] 10.0.0.251 () {32 vars in 802 bytes} [Tue Jul 14 18:50:39 2026] GET /v2.0/extensions => generated 20541 bytes in 6 msecs (HTTP/1.1 200) 4 headers in 159 bytes (1 switches on core 0) [pid: 8|app: 0|req: 957/1924] 10.0.0.229 () {32 vars in 774 bytes} [Tue Jul 14 18:50:38 2026] GET /v2.0/security-groups?tenant_id=8288a4640df54f9786afecb56d4d917e&name=default => generated 2925 bytes in 421 msecs (HTTP/1.1 200) 4 headers in 158 bytes (1 switches on core 0)
2026-07-14 18:50:39.382 7 INFO neutron.db.segments_db [None req-cbdc1879-a62d-49fb-b656-236c373c6c5d 466391fa6d6d4fc389d1260e730050b3 d211dc76f9a3458e8a19e333d67c8270 - - default default] Added segment f75e1b9e-0052-419b-a3cb-05da3712bbc4 of type geneve for network e3a008c2-8bca-498f-8800-ab8df01a3799
2026-07-14 18:50:39.511 7 INFO neutron.db.ovn_revision_numbers_db [None req-cbdc1879-a62d-49fb-b656-236c373c6c5d 466391fa6d6d4fc389d1260e730050b3 d211dc76f9a3458e8a19e333d67c8270 - - default default] Successfully bumped revision number for resource e3a008c2-8bca-498f-8800-ab8df01a3799 (type: networks) to 1 [pid: 8|app: 0|req: 958/1925] 10.0.0.229 () {32 vars in 740 bytes} [Tue Jul 14 18:50:39 2026] DELETE /v2.0/security-groups/8d58eaf6-ca7a-4c74-a439-d693fed01b16 => generated 0 bytes in 271 msecs (HTTP/1.1 204) 2 headers in 112 bytes (1 switches on core 0) [pid: 8|app: 0|req: 959/1926] 10.0.0.251 () {30 vars in 724 bytes} [Tue Jul 14 18:50:39 2026] GET /v2.0/quotas/e965e038c9864abe985ca3866b08d7eb/details => generated 847 bytes in 100 msecs (HTTP/1.1 200) 4 headers in 157 bytes (1 switches on core 0)
2026-07-14 18:50:39.742 7 WARNING neutron.scheduler.dhcp_agent_scheduler [None req-cbdc1879-a62d-49fb-b656-236c373c6c5d 466391fa6d6d4fc389d1260e730050b3 d211dc76f9a3458e8a19e333d67c8270 - - default default] No more DHCP agents
2026-07-14 18:50:39.743 7 WARNING neutron.api.rpc.agentnotifiers.dhcp_rpc_agent_api [None req-cbdc1879-a62d-49fb-b656-236c373c6c5d 466391fa6d6d4fc389d1260e730050b3 d211dc76f9a3458e8a19e333d67c8270 - - default default] Unable to schedule network e3a008c2-8bca-498f-8800-ab8df01a3799: no agents available; will retry on subsequent port and subnet creation events.
2026-07-14 18:50:39.791 7 INFO neutron.plugins.ml2.drivers.ovn.mech_driver.mech_driver [None req-b0849758-a9f7-4aeb-9186-c499b8b35f1a - - - - - -] OVN reports status down for port: af56e206-8e6b-4737-a157-bbe91688e9d4
