2026-07-14 18:51:48.417 8 INFO neutron.db.ovn_revision_numbers_db [None req-17a4f50b-5fa8-4262-a782-cb847126007f 49b7dbeeb7f244f78cc4165a432332cc fd5b21a4172a40f6a0ad9b127b220606 - - default default] Successfully bumped revision number for resource 0102b91a-e61a-41ce-86c9-ab0eb8d65827 (type: ports) to 1 [pid: 8|app: 0|req: 1262/2524] 10.0.0.229 () {34 vars in 670 bytes} [Tue Jul 14 18:51:47 2026] POST /v2.0/networks => generated 650 bytes in 848 msecs (HTTP/1.1 201) 4 headers in 162 bytes (1 switches on core 0)
2026-07-14 18:51:48.661 7 WARNING neutron.scheduler.dhcp_agent_scheduler [None req-d750a42c-9cb7-4879-b4b3-49734640573d 49b7dbeeb7f244f78cc4165a432332cc fd5b21a4172a40f6a0ad9b127b220606 - - default default] No more DHCP agents
2026-07-14 18:51:48.663 7 WARNING neutron.api.rpc.agentnotifiers.dhcp_rpc_agent_api [None req-d750a42c-9cb7-4879-b4b3-49734640573d 49b7dbeeb7f244f78cc4165a432332cc fd5b21a4172a40f6a0ad9b127b220606 - - default default] Unable to schedule network 5578b6b4-5ded-44b7-b9d0-5a5a8f4edc9a: no agents available; will retry on subsequent port and subnet creation events.
2026-07-14 18:51:48.719 7 INFO neutron.plugins.ml2.drivers.ovn.mech_driver.mech_driver [None req-6330eb51-f975-4108-9426-0de97df1553d - - - - - -] OVN reports status down for port: b491ad0f-0fac-4f7f-85d8-6048f26f193a
2026-07-14 18:51:48.786 7 INFO neutron.db.ovn_revision_numbers_db [None req-d750a42c-9cb7-4879-b4b3-49734640573d 49b7dbeeb7f244f78cc4165a432332cc fd5b21a4172a40f6a0ad9b127b220606 - - default default] Successfully bumped revision number for resource b491ad0f-0fac-4f7f-85d8-6048f26f193a (type: ports) to 1 [pid: 7|app: 0|req: 1263/2525] 10.0.0.229 () {34 vars in 664 bytes} [Tue Jul 14 18:51:48 2026] POST /v2.0/ports => generated 743 bytes in 406 msecs (HTTP/1.1 201) 4 headers in 162 bytes (1 switches on core 0) [pid: 8|app: 0|req: 1263/2526] 10.0.0.229 () {34 vars in 666 bytes} [Tue Jul 14 18:51:48 2026] POST /v2.0/trunks => generated 409 bytes in 151 msecs (HTTP/1.1 201) 4 headers in 162 bytes (1 switches on core 0) /var/lib/openstack/lib/python3.12/site-packages/pycadf/identifier.py:70: UserWarning: Invalid uuid: neutron. To ensure interoperability, identifiers should be a valid uuid. warnings.warn(('Invalid uuid: %s. To ensure interoperability, ' [pid: 7|app: 0|req: 1264/2527] 10.0.0.229 () {34 vars in 749 bytes} [Tue Jul 14 18:51:49 2026] PUT /v2.0/trunks/90deca87-4b04-47bc-b8ad-cf42bb2d314d/tags => generated 25 bytes in 42 msecs (HTTP/1.1 200) 4 headers in 156 bytes (1 switches on core 0) [pid: 8|app: 0|req: 1264/2528] 10.0.0.229 () {32 vars in 729 bytes} [Tue Jul 14 18:51:49 2026] GET /v2.0/trunks/90deca87-4b04-47bc-b8ad-cf42bb2d314d/tags => generated 25 bytes in 23 msecs (HTTP/1.1 200) 4 headers in 156 bytes (1 switches on core 0) [pid: 7|app: 0|req: 1265/2529] 10.0.0.229 () {34 vars in 760 bytes} [Tue Jul 14 18:51:49 2026] PUT /v2.0/trunks/90deca87-4b04-47bc-b8ad-cf42bb2d314d/tags/green => generated 4 bytes in 41 msecs (HTTP/1.1 201) 4 headers in 160 bytes (1 switches on core 0) [pid: 8|app: 0|req: 1265/2530] 10.0.0.229 () {32 vars in 729 bytes} [Tue Jul 14 18:51:49 2026] GET /v2.0/trunks/90deca87-4b04-47bc-b8ad-cf42bb2d314d/tags => generated 34 bytes in 27 msecs (HTTP/1.1 200) 4 headers in 156 bytes (1 switches on core 0) [pid: 7|app: 0|req: 1266/2531] 10.0.0.229 () {34 vars in 756 bytes} [Tue Jul 14 18:51:49 2026] PUT /v2.0/trunks/90deca87-4b04-47bc-b8ad-cf42bb2d314d/tags/red => generated 4 bytes in 24 msecs (HTTP/1.1 201) 4 headers in 160 bytes (1 switches on core 0) [pid: 8|app: 0|req: 1266/2532] 10.0.0.229 () {32 vars in 729 bytes} [Tue Jul 14 18:51:49 2026] GET /v2.0/trunks/90deca87-4b04-47bc-b8ad-cf42bb2d314d/tags => generated 34 bytes in 22 msecs (HTTP/1.1 200) 4 headers in 156 bytes (1 switches on core 0) [pid: 7|app: 0|req: 1267/2533] 10.0.0.229 () {34 vars in 778 bytes} [Tue Jul 14 18:51:49 2026] PUT /v2.0/trunks/90deca87-4b04-47bc-b8ad-cf42bb2d314d/tags/black.or.white => generated 4 bytes in 34 msecs (HTTP/1.1 201) 4 headers in 160 bytes (1 switches on core 0) [pid: 8|app: 0|req: 1267/2534] 10.0.0.229 () {32 vars in 729 bytes} [Tue Jul 14 18:51:49 2026] GET /v2.0/trunks/90deca87-4b04-47bc-b8ad-cf42bb2d314d/tags => generated 52 bytes in 24 msecs (HTTP/1.1 200) 4 headers in 156 bytes (1 switches on core 0) [pid: 7|app: 0|req: 1268/2535] 10.0.0.229 () {34 vars in 749 bytes} [Tue Jul 14 18:51:49 2026] PUT /v2.0/trunks/90deca87-4b04-47bc-b8ad-cf42bb2d314d/tags => generated 37 bytes in 30 msecs (HTTP/1.1 200) 4 headers in 156 bytes (1 switches on core 0) [pid: 8|app: 0|req: 1268/2536] 10.0.0.229 () {32 vars in 729 bytes} [Tue Jul 14 18:51:49 2026] GET /v2.0/trunks/90deca87-4b04-47bc-b8ad-cf42bb2d314d/tags => generated 37 bytes in 40 msecs (HTTP/1.1 200) 4 headers in 156 bytes (1 switches on core 0) [pid: 7|app: 0|req: 1269/2537] 10.0.0.229 () {32 vars in 737 bytes} [Tue Jul 14 18:51:49 2026] GET /v2.0/trunks/90deca87-4b04-47bc-b8ad-cf42bb2d314d/tags/red => generated 0 bytes in 20 msecs (HTTP/1.1 204) 2 headers in 112 bytes (1 switches on core 0)
2026-07-14 18:51:49.426 8 INFO neutron.api.v2.resource [None req-5d5679b5-2388-4e77-8c09-c47a65595757 49b7dbeeb7f244f78cc4165a432332cc fd5b21a4172a40f6a0ad9b127b220606 - - default default] show failed (client error): The resource could not be found. [pid: 8|app: 0|req: 1269/2538] 10.0.0.229 () {32 vars in 741 bytes} [Tue Jul 14 18:51:49 2026] GET /v2.0/trunks/90deca87-4b04-47bc-b8ad-cf42bb2d314d/tags/green => generated 99 bytes in 21 msecs (HTTP/1.1 404) 4 headers in 163 bytes (1 switches on core 0) [pid: 7|app: 0|req: 1270/2539] 10.0.0.229 () {32 vars in 740 bytes} [Tue Jul 14 18:51:49 2026] DELETE /v2.0/trunks/90deca87-4b04-47bc-b8ad-cf42bb2d314d/tags/red => generated 0 bytes in 31 msecs (HTTP/1.1 204) 2 headers in 112 bytes (1 switches on core 0) [pid: 8|app: 0|req: 1270/2540] 10.0.0.229 () {32 vars in 729 bytes} [Tue Jul 14 18:51:49 2026] GET /v2.0/trunks/90deca87-4b04-47bc-b8ad-cf42bb2d314d/tags => generated 30 bytes in 34 msecs (HTTP/1.1 200) 4 headers in 156 bytes (1 switches on core 0)
2026-07-14 18:51:49.551 7 INFO neutron.api.v2.resource [None req-b6656d7e-7f17-41f7-be39-a96e9284ba92 49b7dbeeb7f244f78cc4165a432332cc fd5b21a4172a40f6a0ad9b127b220606 - - default default] delete failed (client error): The resource could not be found. [pid: 7|app: 0|req: 1271/2541] 10.0.0.229 () {32 vars in 744 bytes} [Tue Jul 14 18:51:49 2026] DELETE /v2.0/trunks/90deca87-4b04-47bc-b8ad-cf42bb2d314d/tags/green => generated 99 bytes in 46 msecs (HTTP/1.1 404) 4 headers in 163 bytes (1 switches on core 0) [pid: 8|app: 0|req: 1271/2542] 10.0.0.229 () {32 vars in 732 bytes} [Tue Jul 14 18:51:49 2026] DELETE /v2.0/trunks/90deca87-4b04-47bc-b8ad-cf42bb2d314d/tags => generated 0 bytes in 37 msecs (HTTP/1.1 204) 2 headers in 112 bytes (1 switches on core 0) [pid: 7|app: 0|req: 1272/2543] 10.0.0.229 () {32 vars in 729 bytes} [Tue Jul 14 18:51:49 2026] GET /v2.0/trunks/90deca87-4b04-47bc-b8ad-cf42bb2d314d/tags => generated 12 bytes in 35 msecs (HTTP/1.1 200) 4 headers in 156 bytes (1 switches on core 0) [pid: 8|app: 0|req: 1272/2544] 10.0.0.229 () {32 vars in 719 bytes} [Tue Jul 14 18:51:49 2026] GET /v2.0/trunks/90deca87-4b04-47bc-b8ad-cf42bb2d314d => generated 409 bytes in 17 msecs (HTTP/1.1 200) 4 headers in 157 bytes (1 switches on core 0) [pid: 7|app: 0|req: 1273/2545] 10.0.0.229 () {32 vars in 717 bytes} [Tue Jul 14 18:51:49 2026] GET /v2.0/ports/b491ad0f-0fac-4f7f-85d8-6048f26f193a => generated 826 bytes in 45 msecs (HTTP/1.1 200) 4 headers in 157 bytes (1 switches on core 0) [pid: 8|app: 0|req: 1273/2546] 10.0.0.229 () {32 vars in 722 bytes} [Tue Jul 14 18:51:49 2026] DELETE /v2.0/trunks/90deca87-4b04-47bc-b8ad-cf42bb2d314d => generated 0 bytes in 76 msecs (HTTP/1.1 204) 2 headers in 112 bytes (1 switches on core 0)
2026-07-14 18:51:49.921 7 INFO neutron_taas.services.taas.taas_plugin [None req-047d8f4b-8582-4fd9-bc06-cbd9e359cc4b 49b7dbeeb7f244f78cc4165a432332cc fd5b21a4172a40f6a0ad9b127b220606 - - default default] TaaS: Handle Delete Port: b491ad0f-0fac-4f7f-85d8-6048f26f193a
2026-07-14 18:51:49.925 7 INFO neutron_taas.services.taas.tap_mirror_plugin [None req-047d8f4b-8582-4fd9-bc06-cbd9e359cc4b 49b7dbeeb7f244f78cc4165a432332cc fd5b21a4172a40f6a0ad9b127b220606 - - default default] Tap Mirror: Handle Delete Port: b491ad0f-0fac-4f7f-85d8-6048f26f193a [pid: 7|app: 0|req: 1274/2547] 10.0.0.229 () {32 vars in 720 bytes} [Tue Jul 14 18:51:49 2026] DELETE /v2.0/ports/b491ad0f-0fac-4f7f-85d8-6048f26f193a => generated 0 bytes in 249 msecs (HTTP/1.1 204) 3 headers in 131 bytes (1 switches on core 0)
2026-07-14 18:51:50.184 8 INFO neutron_taas.services.taas.taas_plugin [None req-7088135e-aac0-4f8b-aa1d-20a429542179 49b7dbeeb7f244f78cc4165a432332cc fd5b21a4172a40f6a0ad9b127b220606 - - default default] TaaS: Handle Delete Port: 0102b91a-e61a-41ce-86c9-ab0eb8d65827
2026-07-14 18:51:50.187 8 INFO neutron_taas.services.taas.tap_mirror_plugin [None req-7088135e-aac0-4f8b-aa1d-20a429542179 49b7dbeeb7f244f78cc4165a432332cc fd5b21a4172a40f6a0ad9b127b220606 - - default default] Tap Mirror: Handle Delete Port: 0102b91a-e61a-41ce-86c9-ab0eb8d65827
2026-07-14 18:51:50.358 8 INFO neutron.services.segments.plugin [-] Segment c0ec565c-929d-4dff-aa13-6db2e07ed0b1 resource provider aggregate not found
2026-07-14 18:51:50.365 8 INFO neutron.services.segments.plugin [-] Segment c0ec565c-929d-4dff-aa13-6db2e07ed0b1 resource provider aggregate not found
2026-07-14 18:51:50.376 8 INFO neutron.services.segments.plugin [-] Segment c0ec565c-929d-4dff-aa13-6db2e07ed0b1 resource provider not found; error: Placement Client Error (4xx): {"errors": [{"status": 404, "title": "Not Found", "detail": "The resource could not be found.\n\n No resource provider with uuid c0ec565c-929d-4dff-aa13-6db2e07ed0b1 found for delete ", "request_id": "req-cf0ccd7f-1acd-49a9-9645-23feaceb79b2"}]}
2026-07-14 18:51:50.385 8 INFO neutron.services.segments.plugin [-] Segment c0ec565c-929d-4dff-aa13-6db2e07ed0b1 resource provider not found; error: Placement Client Error (4xx): {"errors": [{"status": 404, "title": "Not Found", "detail": "The resource could not be found.\n\n No resource provider with uuid c0ec565c-929d-4dff-aa13-6db2e07ed0b1 found for delete ", "request_id": "req-599d01fc-ad95-40be-9ae9-af2d7c6cb09f"}]} [pid: 8|app: 0|req: 1274/2548] 10.0.0.229 () {32 vars in 726 bytes} [Tue Jul 14 18:51:50 2026] DELETE /v2.0/networks/5578b6b4-5ded-44b7-b9d0-5a5a8f4edc9a => generated 0 bytes in 346 msecs (HTTP/1.1 204) 3 headers in 131 bytes (1 switches on core 0) [pid: 7|app: 0|req: 1275/2549] 10.0.0.229 () {32 vars in 774 bytes} [Tue Jul 14 18:51:51 2026] GET /v2.0/security-groups?tenant_id=fd5b21a4172a40f6a0ad9b127b220606&name=default => generated 2929 bytes in 174 msecs (HTTP/1.1 200) 4 headers in 158 bytes (1 switches on core 0) [pid: 8|app: 0|req: 1275/2550] 10.0.0.229 () {32 vars in 740 bytes} [Tue Jul 14 18:51:51 2026] DELETE /v2.0/security-groups/1cb5622a-1568-4dad-8334-8a6d468b3e96 => generated 0 bytes in 209 msecs (HTTP/1.1 204) 2 headers in 112 bytes (1 switches on core 0)
2026-07-14 18:51:51.686 7 INFO neutron.db.ovn_revision_numbers_db [None req-9366af0e-25f2-4c40-be8d-3f385e2b2cec 8ab5561a772a4a7a8eeaf5280e218533 7fd4a9937cc0457f8113c25bc74d665e - - default default] Successfully bumped revision number for resource 04089af6-6875-47f8-98ef-53db8e044d3c (type: security_groups) to 1
2026-07-14 18:51:51.696 7 INFO neutron.db.ovn_revision_numbers_db [None req-9366af0e-25f2-4c40-be8d-3f385e2b2cec 8ab5561a772a4a7a8eeaf5280e218533 7fd4a9937cc0457f8113c25bc74d665e - - default default] Successfully bumped revision number for resource 9badcdf1-f730-4dfb-bb37-a94722b7abfe (type: security_group_rules) to 0
2026-07-14 18:51:51.704 7 INFO neutron.db.ovn_revision_numbers_db [None req-9366af0e-25f2-4c40-be8d-3f385e2b2cec 8ab5561a772a4a7a8eeaf5280e218533 7fd4a9937cc0457f8113c25bc74d665e - - default default] Successfully bumped revision number for resource bcf8f8d4-7362-46d2-981d-8261a2512005 (type: security_group_rules) to 0
2026-07-14 18:51:51.716 7 INFO neutron.db.ovn_revision_numbers_db [None req-9366af0e-25f2-4c40-be8d-3f385e2b2cec 8ab5561a772a4a7a8eeaf5280e218533 7fd4a9937cc0457f8113c25bc74d665e - - default default] Successfully bumped revision number for resource cba57b5a-9194-4667-ad75-0a8b0b1a6bb3 (type: security_group_rules) to 0
2026-07-14 18:51:51.732 7 INFO neutron.db.ovn_revision_numbers_db [None req-9366af0e-25f2-4c40-be8d-3f385e2b2cec 8ab5561a772a4a7a8eeaf5280e218533 7fd4a9937cc0457f8113c25bc74d665e - - default default] Successfully bumped revision number for resource e36a6e8a-cfc0-46e4-97d1-65ddc3422df0 (type: security_group_rules) to 0 [pid: 7|app: 0|req: 1276/2551] 10.0.0.229 () {32 vars in 774 bytes} [Tue Jul 14 18:51:51 2026] GET /v2.0/security-groups?tenant_id=97d3515c91864f8897a6b7e42e6a8e63&name=default => generated 2929 bytes in 199 msecs (HTTP/1.1 200) 4 headers in 158 bytes (1 switches on core 0) [pid: 8|app: 0|req: 1276/2552] 10.0.0.229 () {32 vars in 740 bytes} [Tue Jul 14 18:51:51 2026] DELETE /v2.0/security-groups/04089af6-6875-47f8-98ef-53db8e044d3c => generated 0 bytes in 250 msecs (HTTP/1.1 204) 2 headers in 112 bytes (1 switches on core 0)
2026-07-14 18:51:54.404 8 INFO neutron.db.ovn_revision_numbers_db [None req-2fa2a976-dc9d-426c-82f4-b86837164118 f680c87519374386a5a52a1508b78504 99ce0098da1347f58a5681abc620082f - - default default] Successfully bumped revision number for resource 4d79f8ca-b079-4a1c-aa51-b813b87721e5 (type: security_groups) to 1
2026-07-14 18:51:54.420 8 INFO neutron.db.ovn_revision_numbers_db [None req-2fa2a976-dc9d-426c-82f4-b86837164118 f680c87519374386a5a52a1508b78504 99ce0098da1347f58a5681abc620082f - - default default] Successfully bumped revision number for resource 5c2fdd1f-3844-4a78-9498-bc419936e1e8 (type: security_group_rules) to 0
2026-07-14 18:51:54.432 8 INFO neutron.db.ovn_revision_numbers_db [None req-2fa2a976-dc9d-426c-82f4-b86837164118 f680c87519374386a5a52a1508b78504 99ce0098da1347f58a5681abc620082f - - default default] Successfully bumped revision number for resource 7f524fc7-5d05-41e8-9638-81b1027b0988 (type: security_group_rules) to 0
2026-07-14 18:51:54.445 8 INFO neutron.db.ovn_revision_numbers_db [None req-2fa2a976-dc9d-426c-82f4-b86837164118 f680c87519374386a5a52a1508b78504 99ce0098da1347f58a5681abc620082f - - default default] Successfully bumped revision number for resource e4ef6e47-2c59-4251-9b66-0fa166ca04d0 (type: security_group_rules) to 0
2026-07-14 18:51:54.458 8 INFO neutron.db.ovn_revision_numbers_db [None req-2fa2a976-dc9d-426c-82f4-b86837164118 f680c87519374386a5a52a1508b78504 99ce0098da1347f58a5681abc620082f - - default default] Successfully bumped revision number for resource f7e0c6d9-feb0-4938-8c23-b10ba0e2490c (type: security_group_rules) to 0
2026-07-14 18:51:54.534 8 INFO neutron.db.segments_db [None req-2fa2a976-dc9d-426c-82f4-b86837164118 f680c87519374386a5a52a1508b78504 99ce0098da1347f58a5681abc620082f - - default default] Added segment f4103967-e5bb-4c02-9d2b-d36a80309356 of type geneve for network 2f1b7093-943c-42e7-b015-4b95db803f82
2026-07-14 18:51:54.641 8 INFO neutron.db.ovn_revision_numbers_db [None req-2fa2a976-dc9d-426c-82f4-b86837164118 f680c87519374386a5a52a1508b78504 99ce0098da1347f58a5681abc620082f - - default default] Successfully bumped revision number for resource 2f1b7093-943c-42e7-b015-4b95db803f82 (type: networks) to 1
2026-07-14 18:51:54.796 8 WARNING neutron.scheduler.dhcp_agent_scheduler [None req-2fa2a976-dc9d-426c-82f4-b86837164118 f680c87519374386a5a52a1508b78504 99ce0098da1347f58a5681abc620082f - - default default] No more DHCP agents
2026-07-14 18:51:54.798 8 WARNING neutron.api.rpc.agentnotifiers.dhcp_rpc_agent_api [None req-2fa2a976-dc9d-426c-82f4-b86837164118 f680c87519374386a5a52a1508b78504 99ce0098da1347f58a5681abc620082f - - default default] Unable to schedule network 2f1b7093-943c-42e7-b015-4b95db803f82: no agents available; will retry on subsequent port and subnet creation events.
2026-07-14 18:51:54.843 7 INFO neutron.plugins.ml2.drivers.ovn.mech_driver.mech_driver [None req-6330eb51-f975-4108-9426-0de97df1553d - - - - - -] OVN reports status down for port: 6ae1089a-aa83-4677-854f-e791423e4cc6
2026-07-14 18:51:54.878 8 INFO neutron.db.ovn_revision_numbers_db [None req-2fa2a976-dc9d-426c-82f4-b86837164118 f680c87519374386a5a52a1508b78504 99ce0098da1347f58a5681abc620082f - - default default] Successfully bumped revision number for resource 6ae1089a-aa83-4677-854f-e791423e4cc6 (type: ports) to 1 [pid: 8|app: 0|req: 1278/2555] 10.0.0.229 () {34 vars in 670 bytes} [Tue Jul 14 18:51:54 2026] POST /v2.0/networks => generated 658 bytes in 790 msecs (HTTP/1.1 201) 4 headers in 162 bytes (1 switches on core 0)
2026-07-14 18:51:55.127 7 WARNING neutron.scheduler.dhcp_agent_scheduler [None req-7bbfc3e3-d498-4181-9f02-27fbc1e0b3bb f680c87519374386a5a52a1508b78504 99ce0098da1347f58a5681abc620082f - - default default] No more DHCP agents
2026-07-14 18:51:55.128 7 WARNING neutron.api.rpc.agentnotifiers.dhcp_rpc_agent_api [None req-7bbfc3e3-d498-4181-9f02-27fbc1e0b3bb f680c87519374386a5a52a1508b78504 99ce0098da1347f58a5681abc620082f - - default default] Unable to schedule network 2f1b7093-943c-42e7-b015-4b95db803f82: no agents available; will retry on subsequent port and subnet creation events.
2026-07-14 18:51:55.542 7 INFO neutron.db.ovn_revision_numbers_db [None req-9f3e76f2-8c44-4997-b663-bc39f9be7ce4 - - - - - -] Successfully bumped revision number for resource 6ae1089a-aa83-4677-854f-e791423e4cc6 (type: ports) to 2
2026-07-14 18:51:55.574 7 INFO neutron.db.ovn_revision_numbers_db [None req-9f3e76f2-8c44-4997-b663-bc39f9be7ce4 - - - - - -] Successfully bumped revision number for resource 29fc3cca-303b-479b-935d-1753cc01ed05 (type: subnets) to 0 [pid: 7|app: 0|req: 1278/2556] 10.0.0.229 () {34 vars in 669 bytes} [Tue Jul 14 18:51:54 2026] POST /v2.0/subnets => generated 658 bytes in 681 msecs (HTTP/1.1 201) 4 headers in 162 bytes (1 switches on core 0) [pid: 8|app: 0|req: 1279/2557] 10.0.0.229 () {32 vars in 722 bytes} [Tue Jul 14 18:51:55 2026] GET /v2.0/subnetpools?name=shared-default-subnetpool-v6 => generated 19 bytes in 43 msecs (HTTP/1.1 200) 4 headers in 156 bytes (1 switches on core 0)
2026-07-14 18:51:55.833 7 WARNING neutron.scheduler.dhcp_agent_scheduler [None req-f91f8538-1b52-4718-9fcf-768d24e032fc f680c87519374386a5a52a1508b78504 99ce0098da1347f58a5681abc620082f - - default default] No more DHCP agents
2026-07-14 18:51:55.834 7 WARNING neutron.api.rpc.agentnotifiers.dhcp_rpc_agent_api [None req-f91f8538-1b52-4718-9fcf-768d24e032fc f680c87519374386a5a52a1508b78504 99ce0098da1347f58a5681abc620082f - - default default] Unable to schedule network 2f1b7093-943c-42e7-b015-4b95db803f82: no agents available; will retry on subsequent port and subnet creation events.
2026-07-14 18:51:55.862 7 INFO neutron.db.ovn_revision_numbers_db [None req-f91f8538-1b52-4718-9fcf-768d24e032fc f680c87519374386a5a52a1508b78504 99ce0098da1347f58a5681abc620082f - - default default] Successfully bumped revision number for resource e063a0b9-9324-483d-a1fb-8815f0c78c76 (type: subnets) to 0 [pid: 7|app: 0|req: 1279/2558] 10.0.0.229 () {34 vars in 669 bytes} [Tue Jul 14 18:51:55 2026] POST /v2.0/subnets => generated 732 bytes in 241 msecs (HTTP/1.1 201) 4 headers in 162 bytes (1 switches on core 0)
2026-07-14 18:51:55.992 8 INFO neutron.db.segments_db [None req-cdcf97e8-4356-4ce5-81e5-3f8a6605af0f f680c87519374386a5a52a1508b78504 99ce0098da1347f58a5681abc620082f - - default default] Added segment fabde403-7dd7-40cd-8ceb-7741d3646a29 of type geneve for network 0d7417ce-3475-48c1-90dc-934c4865ca87
2026-07-14 18:51:56.109 8 INFO neutron.db.ovn_revision_numbers_db [None req-cdcf97e8-4356-4ce5-81e5-3f8a6605af0f f680c87519374386a5a52a1508b78504 99ce0098da1347f58a5681abc620082f - - default default] Successfully bumped revision number for resource 0d7417ce-3475-48c1-90dc-934c4865ca87 (type: networks) to 1
2026-07-14 18:51:56.251 8 WARNING neutron.scheduler.dhcp_agent_scheduler [None req-cdcf97e8-4356-4ce5-81e5-3f8a6605af0f f680c87519374386a5a52a1508b78504 99ce0098da1347f58a5681abc620082f - - default default] No more DHCP agents
2026-07-14 18:51:56.252 8 WARNING neutron.api.rpc.agentnotifiers.dhcp_rpc_agent_api [None req-cdcf97e8-4356-4ce5-81e5-3f8a6605af0f f680c87519374386a5a52a1508b78504 99ce0098da1347f58a5681abc620082f - - default default] Unable to schedule network 0d7417ce-3475-48c1-90dc-934c4865ca87: no agents available; will retry on subsequent port and subnet creation events.
2026-07-14 18:51:56.297 7 INFO neutron.plugins.ml2.drivers.ovn.mech_driver.mech_driver [None req-6330eb51-f975-4108-9426-0de97df1553d - - - - - -] OVN reports status down for port: 89ee729f-b506-49fc-96ca-bae295bb9193
2026-07-14 18:51:56.330 8 INFO neutron.db.ovn_revision_numbers_db [None req-cdcf97e8-4356-4ce5-81e5-3f8a6605af0f f680c87519374386a5a52a1508b78504 99ce0098da1347f58a5681abc620082f - - default default] Successfully bumped revision number for resource 89ee729f-b506-49fc-96ca-bae295bb9193 (type: ports) to 1 [pid: 8|app: 0|req: 1280/2559] 10.0.0.229 () {34 vars in 670 bytes} [Tue Jul 14 18:51:55 2026] POST /v2.0/networks => generated 657 bytes in 467 msecs (HTTP/1.1 201) 4 headers in 162 bytes (1 switches on core 0)
2026-07-14 18:51:56.545 7 WARNING neutron.scheduler.dhcp_agent_scheduler [None req-780913e8-67fe-41a9-aa08-a57a509ba01f f680c87519374386a5a52a1508b78504 99ce0098da1347f58a5681abc620082f - - default default] No more DHCP agents
2026-07-14 18:51:56.546 7 WARNING neutron.api.rpc.agentnotifiers.dhcp_rpc_agent_api [None req-780913e8-67fe-41a9-aa08-a57a509ba01f f680c87519374386a5a52a1508b78504 99ce0098da1347f58a5681abc620082f - - default default] Unable to schedule network 0d7417ce-3475-48c1-90dc-934c4865ca87: no agents available; will retry on subsequent port and subnet creation events.
2026-07-14 18:51:56.915 7 INFO neutron.db.ovn_revision_numbers_db [None req-47c88ddf-9fe8-4e1f-b86a-608c021d5d68 - - - - - -] Successfully bumped revision number for resource 89ee729f-b506-49fc-96ca-bae295bb9193 (type: ports) to 2
2026-07-14 18:51:56.953 7 INFO neutron.db.ovn_revision_numbers_db [None req-47c88ddf-9fe8-4e1f-b86a-608c021d5d68 - - - - - -] Successfully bumped revision number for resource 9e43a43f-4fb8-4c44-a4b8-8a964da7c41e (type: subnets) to 0 [pid: 7|app: 0|req: 1280/2560] 10.0.0.229 () {34 vars in 669 bytes} [Tue Jul 14 18:51:56 2026] POST /v2.0/subnets => generated 656 bytes in 609 msecs (HTTP/1.1 201) 4 headers in 162 bytes (1 switches on core 0)
2026-07-14 18:51:57.242 8 WARNING neutron.scheduler.dhcp_agent_scheduler [None req-1d1903db-90cd-489e-af48-a97263423d36 f680c87519374386a5a52a1508b78504 99ce0098da1347f58a5681abc620082f - - default default] No more DHCP agents
2026-07-14 18:51:57.243 8 WARNING neutron.api.rpc.agentnotifiers.dhcp_rpc_agent_api [None req-1d1903db-90cd-489e-af48-a97263423d36 f680c87519374386a5a52a1508b78504 99ce0098da1347f58a5681abc620082f - - default default] Unable to schedule network 0d7417ce-3475-48c1-90dc-934c4865ca87: no agents available; will retry on subsequent port and subnet creation events.
2026-07-14 18:51:57.266 8 INFO neutron.db.ovn_revision_numbers_db [None req-1d1903db-90cd-489e-af48-a97263423d36 f680c87519374386a5a52a1508b78504 99ce0098da1347f58a5681abc620082f - - default default] Successfully bumped revision number for resource fe6b5d28-01c7-47af-a326-3cb9962735b0 (type: subnets) to 0 [pid: 8|app: 0|req: 1281/2561] 10.0.0.229 () {34 vars in 669 bytes} [Tue Jul 14 18:51:56 2026] POST /v2.0/subnets => generated 725 bytes in 302 msecs (HTTP/1.1 201) 4 headers in 162 bytes (1 switches on core 0)
2026-07-14 18:51:57.384 8 INFO neutron.db.segments_db [None req-3d37f0c6-63d1-4a02-ad00-770d838524bd f680c87519374386a5a52a1508b78504 99ce0098da1347f58a5681abc620082f - - default default] Added segment 059763db-158c-4c86-b5c9-1caec010d78f of type geneve for network 6348e2b6-311d-42d6-a16f-d98ade706232
2026-07-14 18:51:57.474 7 INFO neutron.db.ovn_revision_numbers_db [None req-b47d10f8-cf1b-43d7-ae87-c2ee40d61875 8ab5561a772a4a7a8eeaf5280e218533 7fd4a9937cc0457f8113c25bc74d665e - - default default] Successfully bumped revision number for resource f8cbd852-55d7-44f7-9bd8-e0d6aba327c6 (type: security_groups) to 1
2026-07-14 18:51:57.489 8 INFO neutron.db.ovn_revision_numbers_db [None req-3d37f0c6-63d1-4a02-ad00-770d838524bd f680c87519374386a5a52a1508b78504 99ce0098da1347f58a5681abc620082f - - default default] Successfully bumped revision number for resource 6348e2b6-311d-42d6-a16f-d98ade706232 (type: networks) to 1
2026-07-14 18:51:57.494 7 INFO neutron.db.ovn_revision_numbers_db [None req-b47d10f8-cf1b-43d7-ae87-c2ee40d61875 8ab5561a772a4a7a8eeaf5280e218533 7fd4a9937cc0457f8113c25bc74d665e - - default default] Successfully bumped revision number for resource 01f57e1b-8f8c-4afe-913e-138359346abb (type: security_group_rules) to 0
2026-07-14 18:51:57.507 7 INFO neutron.db.ovn_revision_numbers_db [None req-b47d10f8-cf1b-43d7-ae87-c2ee40d61875 8ab5561a772a4a7a8eeaf5280e218533 7fd4a9937cc0457f8113c25bc74d665e - - default default] Successfully bumped revision number for resource 2517ba6c-8d25-4b4b-8eb4-a86b04f9c8cd (type: security_group_rules) to 0
2026-07-14 18:51:57.518 7 INFO neutron.db.ovn_revision_numbers_db [None req-b47d10f8-cf1b-43d7-ae87-c2ee40d61875 8ab5561a772a4a7a8eeaf5280e218533 7fd4a9937cc0457f8113c25bc74d665e - - default default] Successfully bumped revision number for resource aed3d71f-7a07-4c72-b3d3-1e026cae4c5f (type: security_group_rules) to 0
2026-07-14 18:51:57.529 7 INFO neutron.db.ovn_revision_numbers_db [None req-b47d10f8-cf1b-43d7-ae87-c2ee40d61875 8ab5561a772a4a7a8eeaf5280e218533 7fd4a9937cc0457f8113c25bc74d665e - - default default] Successfully bumped revision number for resource c9e94aad-ed94-4f23-bb03-fe0db25c381a (type: security_group_rules) to 0 [pid: 7|app: 0|req: 1281/2562] 10.0.0.229 () {32 vars in 774 bytes} [Tue Jul 14 18:51:57 2026] GET /v2.0/security-groups?tenant_id=acd5153ee4f64c159d5e0e4c6b6c37f7&name=default => generated 2929 bytes in 303 msecs (HTTP/1.1 200) 4 headers in 158 bytes (1 switches on core 0)
2026-07-14 18:51:57.644 8 WARNING neutron.scheduler.dhcp_agent_scheduler [None req-3d37f0c6-63d1-4a02-ad00-770d838524bd f680c87519374386a5a52a1508b78504 99ce0098da1347f58a5681abc620082f - - default default] No more DHCP agents
2026-07-14 18:51:57.646 8 WARNING neutron.api.rpc.agentnotifiers.dhcp_rpc_agent_api [None req-3d37f0c6-63d1-4a02-ad00-770d838524bd f680c87519374386a5a52a1508b78504 99ce0098da1347f58a5681abc620082f - - default default] Unable to schedule network 6348e2b6-311d-42d6-a16f-d98ade706232: no agents available; will retry on subsequent port and subnet creation events.
2026-07-14 18:51:57.684 8 INFO neutron.plugins.ml2.drivers.ovn.mech_driver.mech_driver [None req-3f722c35-adf5-466c-965b-54409dc0e010 - - - - - -] OVN reports status down for port: b13a3102-1abc-4f79-939e-871b3600739e
2026-07-14 18:51:57.745 8 INFO neutron.db.ovn_revision_numbers_db [None req-3d37f0c6-63d1-4a02-ad00-770d838524bd f680c87519374386a5a52a1508b78504 99ce0098da1347f58a5681abc620082f - - default default] Successfully bumped revision number for resource b13a3102-1abc-4f79-939e-871b3600739e (type: ports) to 1 [pid: 8|app: 0|req: 1282/2563] 10.0.0.229 () {34 vars in 670 bytes} [Tue Jul 14 18:51:57 2026] POST /v2.0/networks => generated 656 bytes in 501 msecs (HTTP/1.1 201) 4 headers in 162 bytes (1 switches on core 0) [pid: 7|app: 0|req: 1282/2564] 10.0.0.229 () {32 vars in 740 bytes} [Tue Jul 14 18:51:57 2026] DELETE /v2.0/security-groups/f8cbd852-55d7-44f7-9bd8-e0d6aba327c6 => generated 0 bytes in 215 msecs (HTTP/1.1 204) 2 headers in 112 bytes (1 switches on core 0)
2026-07-14 18:51:57.991 8 WARNING neutron.scheduler.dhcp_agent_scheduler [None req-2fba99c0-2600-4f4e-98eb-58329f1ea743 f680c87519374386a5a52a1508b78504 99ce0098da1347f58a5681abc620082f - - default default] No more DHCP agents
2026-07-14 18:51:57.993 8 WARNING neutron.api.rpc.agentnotifiers.dhcp_rpc_agent_api [None req-2fba99c0-2600-4f4e-98eb-58329f1ea743 f680c87519374386a5a52a1508b78504 99ce0098da1347f58a5681abc620082f - - default default] Unable to schedule network 6348e2b6-311d-42d6-a16f-d98ade706232: no agents available; will retry on subsequent port and subnet creation events.
2026-07-14 18:51:58.425 8 INFO neutron.db.ovn_revision_numbers_db [None req-77e0163e-eda5-4312-bd54-314f864da0c1 - - - - - -] Successfully bumped revision number for resource b13a3102-1abc-4f79-939e-871b3600739e (type: ports) to 2
2026-07-14 18:51:58.461 8 INFO neutron.db.ovn_revision_numbers_db [None req-77e0163e-eda5-4312-bd54-314f864da0c1 - - - - - -] Successfully bumped revision number for resource 5be030ba-dd03-458b-9745-1d16aa15ffae (type: subnets) to 0 [pid: 8|app: 0|req: 1283/2565] 10.0.0.229 () {34 vars in 669 bytes} [Tue Jul 14 18:51:57 2026] POST /v2.0/subnets => generated 656 bytes in 690 msecs (HTTP/1.1 201) 4 headers in 162 bytes (1 switches on core 0)
2026-07-14 18:51:58.654 7 WARNING neutron.scheduler.dhcp_agent_scheduler [None req-e2e217f8-8d3e-4342-8f6d-a3b80a7414a9 f680c87519374386a5a52a1508b78504 99ce0098da1347f58a5681abc620082f - - default default] No more DHCP agents
2026-07-14 18:51:58.655 7 WARNING neutron.api.rpc.agentnotifiers.dhcp_rpc_agent_api [None req-e2e217f8-8d3e-4342-8f6d-a3b80a7414a9 f680c87519374386a5a52a1508b78504 99ce0098da1347f58a5681abc620082f - - default default] Unable to schedule network 6348e2b6-311d-42d6-a16f-d98ade706232: no agents available; will retry on subsequent port and subnet creation events.
2026-07-14 18:51:58.681 7 INFO neutron.db.ovn_revision_numbers_db [None req-e2e217f8-8d3e-4342-8f6d-a3b80a7414a9 f680c87519374386a5a52a1508b78504 99ce0098da1347f58a5681abc620082f - - default default] Successfully bumped revision number for resource aa6073a0-29f4-47f3-a139-b1b852418ff4 (type: subnets) to 0 [pid: 7|app: 0|req: 1283/2566] 10.0.0.229 () {34 vars in 669 bytes} [Tue Jul 14 18:51:58 2026] POST /v2.0/subnets => generated 730 bytes in 212 msecs (HTTP/1.1 201) 4 headers in 162 bytes (1 switches on core 0)
2026-07-14 18:51:59.108 8 WARNING neutron.scheduler.dhcp_agent_scheduler [None req-9b0b7c68-b17d-448c-b647-07a846b62e39 f680c87519374386a5a52a1508b78504 99ce0098da1347f58a5681abc620082f - - default default] No more DHCP agents
2026-07-14 18:51:59.109 8 WARNING neutron.api.rpc.agentnotifiers.dhcp_rpc_agent_api [None req-9b0b7c68-b17d-448c-b647-07a846b62e39 f680c87519374386a5a52a1508b78504 99ce0098da1347f58a5681abc620082f - - default default] Unable to schedule network 8042f489-01a1-42d8-8a02-6c628ae0192a: no agents available; will retry on subsequent port and subnet creation events.
2026-07-14 18:51:59.203 7 INFO neutron.plugins.ml2.drivers.ovn.mech_driver.mech_driver [None req-6330eb51-f975-4108-9426-0de97df1553d - - - - - -] OVN reports status down for port: 8986efa3-14c9-4859-a763-c1e0713cd266
2026-07-14 18:51:59.228 8 INFO neutron.db.ovn_revision_numbers_db [None req-9b0b7c68-b17d-448c-b647-07a846b62e39 f680c87519374386a5a52a1508b78504 99ce0098da1347f58a5681abc620082f - - default default] Successfully bumped revision number for resource 8986efa3-14c9-4859-a763-c1e0713cd266 (type: ports) to 1
2026-07-14 18:51:59.789 8 INFO neutron.plugins.ml2.drivers.ovn.mech_driver.ovsdb.commands [None req-4005526b-10ff-4c62-9885-17aef83e9d82 - - - - - -] Schedule LRP lrp-8986efa3-14c9-4859-a763-c1e0713cd266 on gateway 5b91401e-9c50-4512-a809-2b2461640473 with priority 1
2026-07-14 18:51:59.808 7 INFO neutron.plugins.ml2.drivers.ovn.mech_driver.mech_driver [None req-6330eb51-f975-4108-9426-0de97df1553d - - - - - -] OVN reports status up for port: 8986efa3-14c9-4859-a763-c1e0713cd266
2026-07-14 18:51:59.818 7 INFO neutron.plugins.ml2.drivers.ovn.mech_driver.ovsdb.ovsdb_monitor [None req-90c1fbcb-eeb8-4925-9562-4637246321a9 - - - - - -] Router c5f033f5-a6c3-4603-9751-48a683d5121d is bound to host instance
2026-07-14 18:51:59.827 7 INFO neutron.plugins.ml2.plugin [None req-6330eb51-f975-4108-9426-0de97df1553d - - - - - -] Attempt 1 to provision port 8986efa3-14c9-4859-a763-c1e0713cd266
2026-07-14 18:51:59.846 8 INFO neutron.db.ovn_revision_numbers_db [None req-9b0b7c68-b17d-448c-b647-07a846b62e39 f680c87519374386a5a52a1508b78504 99ce0098da1347f58a5681abc620082f - - default default] Successfully bumped revision number for resource 8986efa3-14c9-4859-a763-c1e0713cd266 (type: router_ports) to 1
2026-07-14 18:51:59.937 8 INFO neutron.db.ovn_revision_numbers_db [None req-9b0b7c68-b17d-448c-b647-07a846b62e39 f680c87519374386a5a52a1508b78504 99ce0098da1347f58a5681abc620082f - - default default] Successfully bumped revision number for resource c5f033f5-a6c3-4603-9751-48a683d5121d (type: routers) to 2 [pid: 8|app: 0|req: 1284/2567] 10.0.0.229 () {34 vars in 669 bytes} [Tue Jul 14 18:51:58 2026] POST /v2.0/routers => generated 944 bytes in 1252 msecs (HTTP/1.1 201) 4 headers in 162 bytes (1 switches on core 0)
2026-07-14 18:52:00.803 8 INFO neutron.db.ovn_revision_numbers_db [None req-77d404d8-fe59-4b17-b1f1-a6cbd9ae90fe 97079d012f8d43539bd12a2fa72cbf66 d9aae13768144b1185866d27490c5c82 - - default default] Successfully bumped revision number for resource ed690e36-d600-432b-b0e5-097a6b67680f (type: security_groups) to 1
2026-07-14 18:52:00.813 8 INFO neutron.db.ovn_revision_numbers_db [None req-77d404d8-fe59-4b17-b1f1-a6cbd9ae90fe 97079d012f8d43539bd12a2fa72cbf66 d9aae13768144b1185866d27490c5c82 - - default default] Successfully bumped revision number for resource 04437d2a-68e5-4351-9ca3-dabfaaf1c65d (type: security_group_rules) to 0
2026-07-14 18:52:00.823 8 INFO neutron.db.ovn_revision_numbers_db [None req-77d404d8-fe59-4b17-b1f1-a6cbd9ae90fe 97079d012f8d43539bd12a2fa72cbf66 d9aae13768144b1185866d27490c5c82 - - default default] Successfully bumped revision number for resource 5054ca0d-69bd-4639-91ca-9a700f06f8b7 (type: security_group_rules) to 0
2026-07-14 18:52:00.836 8 INFO neutron.db.ovn_revision_numbers_db [None req-77d404d8-fe59-4b17-b1f1-a6cbd9ae90fe 97079d012f8d43539bd12a2fa72cbf66 d9aae13768144b1185866d27490c5c82 - - default default] Successfully bumped revision number for resource 9d10a5bb-0753-4320-b2f0-ff8b8bee3ff2 (type: security_group_rules) to 0
2026-07-14 18:52:00.846 8 INFO neutron.db.ovn_revision_numbers_db [None req-77d404d8-fe59-4b17-b1f1-a6cbd9ae90fe 97079d012f8d43539bd12a2fa72cbf66 d9aae13768144b1185866d27490c5c82 - - default default] Successfully bumped revision number for resource b7c5df70-b474-4ea1-b199-b8f80e13b5d8 (type: security_group_rules) to 0
2026-07-14 18:52:00.897 7 WARNING neutron.scheduler.dhcp_agent_scheduler [None req-a3dc0b13-7aac-4f02-acf2-ac2fface0c3d f680c87519374386a5a52a1508b78504 99ce0098da1347f58a5681abc620082f - - default default] No more DHCP agents
2026-07-14 18:52:00.900 7 WARNING neutron.api.rpc.agentnotifiers.dhcp_rpc_agent_api [None req-a3dc0b13-7aac-4f02-acf2-ac2fface0c3d f680c87519374386a5a52a1508b78504 99ce0098da1347f58a5681abc620082f - - default default] Unable to schedule network 2f1b7093-943c-42e7-b015-4b95db803f82: no agents available; will retry on subsequent port and subnet creation events.
2026-07-14 18:52:00.915 8 INFO neutron.db.segments_db [None req-77d404d8-fe59-4b17-b1f1-a6cbd9ae90fe 97079d012f8d43539bd12a2fa72cbf66 d9aae13768144b1185866d27490c5c82 - - default default] Added segment f012d874-e4bb-4f6f-84ec-39d59db690e6 of type geneve for network 776fa276-531c-4f82-a9af-ebd20144cb4a
2026-07-14 18:52:01.036 8 INFO neutron.db.ovn_revision_numbers_db [None req-77d404d8-fe59-4b17-b1f1-a6cbd9ae90fe 97079d012f8d43539bd12a2fa72cbf66 d9aae13768144b1185866d27490c5c82 - - default default] Successfully bumped revision number for resource 776fa276-531c-4f82-a9af-ebd20144cb4a (type: networks) to 1
2026-07-14 18:52:01.186 7 INFO neutron.db.ovn_revision_numbers_db [None req-a3dc0b13-7aac-4f02-acf2-ac2fface0c3d f680c87519374386a5a52a1508b78504 99ce0098da1347f58a5681abc620082f - - default default] Successfully bumped revision number for resource c5bb167b-d307-473f-8378-0455d2a4d2f9 (type: ports) to 1
2026-07-14 18:52:01.210 8 WARNING neutron.scheduler.dhcp_agent_scheduler [None req-77d404d8-fe59-4b17-b1f1-a6cbd9ae90fe 97079d012f8d43539bd12a2fa72cbf66 d9aae13768144b1185866d27490c5c82 - - default default] No more DHCP agents
2026-07-14 18:52:01.211 8 WARNING neutron.api.rpc.agentnotifiers.dhcp_rpc_agent_api [None req-77d404d8-fe59-4b17-b1f1-a6cbd9ae90fe 97079d012f8d43539bd12a2fa72cbf66 d9aae13768144b1185866d27490c5c82 - - default default] Unable to schedule network 776fa276-531c-4f82-a9af-ebd20144cb4a: no agents available; will retry on subsequent port and subnet creation events.
2026-07-14 18:52:01.279 8 INFO neutron.db.ovn_revision_numbers_db [None req-77d404d8-fe59-4b17-b1f1-a6cbd9ae90fe 97079d012f8d43539bd12a2fa72cbf66 d9aae13768144b1185866d27490c5c82 - - default default] Successfully bumped revision number for resource f34f2822-e782-487a-8d1f-8b8e3db77882 (type: ports) to 1 [pid: 8|app: 0|req: 1285/2568] 10.0.0.229 () {34 vars in 671 bytes} [Tue Jul 14 18:52:00 2026] POST /v2.0/networks => generated 652 bytes in 823 msecs (HTTP/1.1 201) 4 headers in 162 bytes (1 switches on core 0)
2026-07-14 18:52:01.360 7 INFO neutron.db.ovn_revision_numbers_db [None req-d5e8a802-5c82-4ed8-9025-b3cc7c187aa6 - - - - - -] Successfully bumped revision number for resource 8986efa3-14c9-4859-a763-c1e0713cd266 (type: ports) to 4
2026-07-14 18:52:01.688 8 WARNING neutron.scheduler.dhcp_agent_scheduler [None req-993b897d-a090-4272-9478-4fd85a476c46 97079d012f8d43539bd12a2fa72cbf66 d9aae13768144b1185866d27490c5c82 - - default default] No more DHCP agents
2026-07-14 18:52:01.690 8 WARNING neutron.api.rpc.agentnotifiers.dhcp_rpc_agent_api [None req-993b897d-a090-4272-9478-4fd85a476c46 97079d012f8d43539bd12a2fa72cbf66 d9aae13768144b1185866d27490c5c82 - - default default] Unable to schedule network 8042f489-01a1-42d8-8a02-6c628ae0192a: no agents available; will retry on subsequent port and subnet creation events.
2026-07-14 18:52:01.790 8 INFO neutron.plugins.ml2.drivers.ovn.mech_driver.mech_driver [None req-3f722c35-adf5-466c-965b-54409dc0e010 - - - - - -] OVN reports status down for port: 44836ba1-1bd0-4cd1-a1d4-78d79d791fa6
2026-07-14 18:52:01.844 8 INFO neutron.db.ovn_revision_numbers_db [None req-993b897d-a090-4272-9478-4fd85a476c46 97079d012f8d43539bd12a2fa72cbf66 d9aae13768144b1185866d27490c5c82 - - default default] Successfully bumped revision number for resource 44836ba1-1bd0-4cd1-a1d4-78d79d791fa6 (type: ports) to 1
2026-07-14 18:52:02.471 8 INFO neutron.plugins.ml2.drivers.ovn.mech_driver.ovsdb.commands [None req-4005526b-10ff-4c62-9885-17aef83e9d82 - - - - - -] Schedule LRP lrp-44836ba1-1bd0-4cd1-a1d4-78d79d791fa6 on gateway 5b91401e-9c50-4512-a809-2b2461640473 with priority 1
2026-07-14 18:52:02.509 8 INFO neutron.plugins.ml2.drivers.ovn.mech_driver.mech_driver [None req-3f722c35-adf5-466c-965b-54409dc0e010 - - - - - -] OVN reports status up for port: 44836ba1-1bd0-4cd1-a1d4-78d79d791fa6
2026-07-14 18:52:02.532 8 INFO neutron.plugins.ml2.plugin [None req-3f722c35-adf5-466c-965b-54409dc0e010 - - - - - -] Attempt 1 to provision port 44836ba1-1bd0-4cd1-a1d4-78d79d791fa6
2026-07-14 18:52:02.549 8 INFO neutron.db.ovn_revision_numbers_db [None req-993b897d-a090-4272-9478-4fd85a476c46 97079d012f8d43539bd12a2fa72cbf66 d9aae13768144b1185866d27490c5c82 - - default default] Successfully bumped revision number for resource 44836ba1-1bd0-4cd1-a1d4-78d79d791fa6 (type: router_ports) to 1
2026-07-14 18:52:02.622 7 INFO neutron.db.ovn_revision_numbers_db [None req-d5e8a802-5c82-4ed8-9025-b3cc7c187aa6 - - - - - -] Successfully bumped revision number for resource 8986efa3-14c9-4859-a763-c1e0713cd266 (type: ports) to 5
2026-07-14 18:52:02.650 8 INFO neutron.db.ovn_revision_numbers_db [None req-993b897d-a090-4272-9478-4fd85a476c46 97079d012f8d43539bd12a2fa72cbf66 d9aae13768144b1185866d27490c5c82 - - default default] Successfully bumped revision number for resource 78987257-6590-46a5-8279-ac6ecb2346e6 (type: routers) to 2 [pid: 8|app: 0|req: 1286/2569] 10.0.0.229 () {34 vars in 669 bytes} [Tue Jul 14 18:52:01 2026] POST /v2.0/routers => generated 954 bytes in 1361 msecs (HTTP/1.1 201) 4 headers in 162 bytes (1 switches on core 0) [pid: 8|app: 0|req: 1287/2570] 10.0.0.229 () {32 vars in 776 bytes} [Tue Jul 14 18:52:02 2026] GET /v2.0/subnets?project_id=d9aae13768144b1185866d27490c5c82&cidr=10.100.0.0%2F28 => generated 14 bytes in 54 msecs (HTTP/1.1 200) 4 headers in 156 bytes (1 switches on core 0)
2026-07-14 18:52:02.776 7 INFO neutron.plugins.ml2.drivers.ovn.mech_driver.mech_driver [None req-6330eb51-f975-4108-9426-0de97df1553d - - - - - -] OVN reports status down for port: c5bb167b-d307-473f-8378-0455d2a4d2f9 [pid: 8|app: 0|req: 1288/2571] 10.0.0.229 () {32 vars in 694 bytes} [Tue Jul 14 18:52:02 2026] GET /v2.0/networks?router%3Aexternal=True => generated 791 bytes in 42 msecs (HTTP/1.1 200) 4 headers in 157 bytes (1 switches on core 0) [pid: 8|app: 0|req: 1289/2572] 10.0.0.229 () {32 vars in 784 bytes} [Tue Jul 14 18:52:02 2026] GET /v2.0/subnets?network_id=8042f489-01a1-42d8-8a02-6c628ae0192a&cidr=10.100.0.0%2F28 => generated 14 bytes in 19 msecs (HTTP/1.1 200) 4 headers in 156 bytes (1 switches on core 0)
2026-07-14 18:52:02.839 7 INFO neutron.plugins.ml2.drivers.ovn.mech_driver.ovsdb.ovsdb_monitor [None req-d5e8a802-5c82-4ed8-9025-b3cc7c187aa6 - - - - - -] Router 78987257-6590-46a5-8279-ac6ecb2346e6 is bound to host instance
2026-07-14 18:52:02.954 7 WARNING neutron.plugins.ml2.drivers.ovn.mech_driver.ovsdb.ovn_client [None req-6330eb51-f975-4108-9426-0de97df1553d - - - - - -] Logical_Switch_Port %s host information not removed, the port state is up
2026-07-14 18:52:02.956 7 INFO neutron.plugins.ml2.drivers.ovn.mech_driver.mech_driver [None req-6330eb51-f975-4108-9426-0de97df1553d - - - - - -] OVN reports status down for port: f34f2822-e782-487a-8d1f-8b8e3db77882
2026-07-14 18:52:03.005 8 WARNING neutron.scheduler.dhcp_agent_scheduler [None req-cf5e095e-a6a1-434a-a44b-4b1cbd57d56c 97079d012f8d43539bd12a2fa72cbf66 d9aae13768144b1185866d27490c5c82 - - default default] No more DHCP agents
2026-07-14 18:52:03.006 8 WARNING neutron.api.rpc.agentnotifiers.dhcp_rpc_agent_api [None req-cf5e095e-a6a1-434a-a44b-4b1cbd57d56c 97079d012f8d43539bd12a2fa72cbf66 d9aae13768144b1185866d27490c5c82 - - default default] Unable to schedule network 776fa276-531c-4f82-a9af-ebd20144cb4a: no agents available; will retry on subsequent port and subnet creation events.
2026-07-14 18:52:03.090 7 WARNING neutron.scheduler.dhcp_agent_scheduler [None req-a3dc0b13-7aac-4f02-acf2-ac2fface0c3d f680c87519374386a5a52a1508b78504 99ce0098da1347f58a5681abc620082f - - default default] No more DHCP agents
2026-07-14 18:52:03.095 7 WARNING neutron.api.rpc.agentnotifiers.dhcp_rpc_agent_api [None req-a3dc0b13-7aac-4f02-acf2-ac2fface0c3d f680c87519374386a5a52a1508b78504 99ce0098da1347f58a5681abc620082f - - default default] Unable to schedule network 2f1b7093-943c-42e7-b015-4b95db803f82: no agents available; will retry on subsequent port and subnet creation events.
2026-07-14 18:52:03.183 7 INFO neutron.plugins.ml2.drivers.ovn.mech_driver.mech_driver [None req-6330eb51-f975-4108-9426-0de97df1553d - - - - - -] OVN reports status up for port: c5bb167b-d307-473f-8378-0455d2a4d2f9
2026-07-14 18:52:03.210 7 INFO neutron.plugins.ml2.plugin [None req-6330eb51-f975-4108-9426-0de97df1553d - - - - - -] Attempt 1 to provision port c5bb167b-d307-473f-8378-0455d2a4d2f9
2026-07-14 18:52:03.446 8 INFO neutron.db.ovn_revision_numbers_db [None req-bae5ad09-123c-41ce-974c-a46acf9f7e16 - - - - - -] Successfully bumped revision number for resource f34f2822-e782-487a-8d1f-8b8e3db77882 (type: ports) to 2
2026-07-14 18:52:03.476 8 INFO neutron.db.ovn_revision_numbers_db [None req-bae5ad09-123c-41ce-974c-a46acf9f7e16 - - - - - -] Successfully bumped revision number for resource ce8b8524-0f11-4af2-ac1d-0af63df01817 (type: subnets) to 0 [pid: 8|app: 0|req: 1290/2573] 10.0.0.229 () {34 vars in 669 bytes} [Tue Jul 14 18:52:02 2026] POST /v2.0/subnets => generated 656 bytes in 682 msecs (HTTP/1.1 201) 4 headers in 162 bytes (1 switches on core 0)
2026-07-14 18:52:03.993 8 WARNING neutron.scheduler.dhcp_agent_scheduler [None req-37dd5a58-8a27-488e-a6b9-31440e368767 97079d012f8d43539bd12a2fa72cbf66 d9aae13768144b1185866d27490c5c82 - - default default] No more DHCP agents
2026-07-14 18:52:03.998 8 WARNING neutron.api.rpc.agentnotifiers.dhcp_rpc_agent_api [None req-37dd5a58-8a27-488e-a6b9-31440e368767 97079d012f8d43539bd12a2fa72cbf66 d9aae13768144b1185866d27490c5c82 - - default default] Unable to schedule network 776fa276-531c-4f82-a9af-ebd20144cb4a: no agents available; will retry on subsequent port and subnet creation events.
2026-07-14 18:52:04.183 8 INFO neutron.db.ovn_revision_numbers_db [None req-37dd5a58-8a27-488e-a6b9-31440e368767 97079d012f8d43539bd12a2fa72cbf66 d9aae13768144b1185866d27490c5c82 - - default default] Successfully bumped revision number for resource b5a0d55c-03bf-46c7-99b7-6bf4b77ef197 (type: ports) to 1
2026-07-14 18:52:04.240 7 INFO neutron.db.ovn_revision_numbers_db [None req-a3dc0b13-7aac-4f02-acf2-ac2fface0c3d f680c87519374386a5a52a1508b78504 99ce0098da1347f58a5681abc620082f - - default default] Successfully bumped revision number for resource c5bb167b-d307-473f-8378-0455d2a4d2f9 (type: router_ports) to 1 [pid: 7|app: 0|req: 1284/2574] 10.0.0.229 () {34 vars in 783 bytes} [Tue Jul 14 18:51:59 2026] PUT /v2.0/routers/c5f033f5-a6c3-4603-9751-48a683d5121d/add_router_interface => generated 309 bytes in 4296 msecs (HTTP/1.1 200) 4 headers in 157 bytes (1 switches on core 0)
2026-07-14 18:52:04.485 7 INFO neutron.db.ovn_revision_numbers_db [None req-6330eb51-f975-4108-9426-0de97df1553d - - - - - -] Successfully bumped revision number for resource c5bb167b-d307-473f-8378-0455d2a4d2f9 (type: ports) to 2
2026-07-14 18:52:04.946 8 INFO neutron.plugins.ml2.drivers.ovn.mech_driver.mech_driver [None req-3f722c35-adf5-466c-965b-54409dc0e010 - - - - - -] OVN reports status down for port: b5a0d55c-03bf-46c7-99b7-6bf4b77ef197
2026-07-14 18:52:04.973 8 WARNING neutron.scheduler.dhcp_agent_scheduler [None req-37dd5a58-8a27-488e-a6b9-31440e368767 97079d012f8d43539bd12a2fa72cbf66 d9aae13768144b1185866d27490c5c82 - - default default] No more DHCP agents
2026-07-14 18:52:04.975 8 WARNING neutron.api.rpc.agentnotifiers.dhcp_rpc_agent_api [None req-37dd5a58-8a27-488e-a6b9-31440e368767 97079d012f8d43539bd12a2fa72cbf66 d9aae13768144b1185866d27490c5c82 - - default default] Unable to schedule network 776fa276-531c-4f82-a9af-ebd20144cb4a: no agents available; will retry on subsequent port and subnet creation events.
2026-07-14 18:52:05.064 8 WARNING neutron.plugins.ml2.drivers.ovn.mech_driver.ovsdb.ovn_client [None req-3f722c35-adf5-466c-965b-54409dc0e010 - - - - - -] Logical_Switch_Port %s host information not removed, the port state is up
2026-07-14 18:52:05.064 8 INFO neutron.plugins.ml2.drivers.ovn.mech_driver.mech_driver [None req-3f722c35-adf5-466c-965b-54409dc0e010 - - - - - -] OVN reports status up for port: b5a0d55c-03bf-46c7-99b7-6bf4b77ef197
2026-07-14 18:52:05.107 8 INFO neutron.plugins.ml2.plugin [None req-3f722c35-adf5-466c-965b-54409dc0e010 - - - - - -] Attempt 1 to provision port b5a0d55c-03bf-46c7-99b7-6bf4b77ef197
2026-07-14 18:52:05.173 7 INFO neutron.db.ovn_revision_numbers_db [None req-0adf7ea0-68d4-4b7d-a1f1-9d3598daab5b - - - - - -] Successfully bumped revision number for resource 44836ba1-1bd0-4cd1-a1d4-78d79d791fa6 (type: ports) to 4
2026-07-14 18:52:05.391 7 WARNING neutron.scheduler.dhcp_agent_scheduler [None req-f790fe28-65e9-4d04-90fc-f2fec39ca78d f680c87519374386a5a52a1508b78504 99ce0098da1347f58a5681abc620082f - - default default] No more DHCP agents
2026-07-14 18:52:05.393 7 WARNING neutron.api.rpc.agentnotifiers.dhcp_rpc_agent_api [None req-f790fe28-65e9-4d04-90fc-f2fec39ca78d f680c87519374386a5a52a1508b78504 99ce0098da1347f58a5681abc620082f - - default default] Unable to schedule network 0d7417ce-3475-48c1-90dc-934c4865ca87: no agents available; will retry on subsequent port and subnet creation events.
2026-07-14 18:52:05.629 7 INFO neutron.db.ovn_revision_numbers_db [None req-f790fe28-65e9-4d04-90fc-f2fec39ca78d f680c87519374386a5a52a1508b78504 99ce0098da1347f58a5681abc620082f - - default default] Successfully bumped revision number for resource 0caa0322-18e6-498b-bd6f-8b4b6d942612 (type: ports) to 1
2026-07-14 18:52:05.716 8 INFO neutron.db.ovn_revision_numbers_db [None req-37dd5a58-8a27-488e-a6b9-31440e368767 97079d012f8d43539bd12a2fa72cbf66 d9aae13768144b1185866d27490c5c82 - - default default] Successfully bumped revision number for resource b5a0d55c-03bf-46c7-99b7-6bf4b77ef197 (type: router_ports) to 1 [pid: 8|app: 0|req: 1291/2575] 10.0.0.229 () {34 vars in 783 bytes} [Tue Jul 14 18:52:03 2026] PUT /v2.0/routers/78987257-6590-46a5-8279-ac6ecb2346e6/add_router_interface => generated 309 bytes in 2220 msecs (HTTP/1.1 200) 4 headers in 157 bytes (1 switches on core 0)
2026-07-14 18:52:05.822 7 INFO neutron.db.ovn_revision_numbers_db [None req-0adf7ea0-68d4-4b7d-a1f1-9d3598daab5b - - - - - -] Successfully bumped revision number for resource 44836ba1-1bd0-4cd1-a1d4-78d79d791fa6 (type: ports) to 5 [pid: 8|app: 0|req: 1292/2576] 10.0.0.229 () {32 vars in 649 bytes} [Tue Jul 14 18:52:05 2026] GET /v2.0/networks => generated 5555 bytes in 150 msecs (HTTP/1.1 200) 4 headers in 158 bytes (1 switches on core 0) [pid: 8|app: 0|req: 1293/2577] 10.0.0.229 () {32 vars in 647 bytes} [Tue Jul 14 18:52:05 2026] GET /v2.0/subnets => generated 6177 bytes in 83 msecs (HTTP/1.1 200) 4 headers in 158 bytes (1 switches on core 0)
