2026-07-14 18:08:58.304 8 INFO neutron.api.extensions [None req-e60ed653-f5ce-4707-839b-38d3f19cc3d7 - - - - - -] Loaded extension: enable-default-route-bfd
2026-07-14 18:08:58.305 8 INFO neutron.api.extensions [None req-e60ed653-f5ce-4707-839b-38d3f19cc3d7 - - - - - -] Loaded extension: enable-default-route-ecmp
2026-07-14 18:08:58.305 8 INFO neutron.api.extensions [None req-e60ed653-f5ce-4707-839b-38d3f19cc3d7 - - - - - -] Loaded extension: ext-gw-mode
2026-07-14 18:08:58.306 8 INFO neutron.api.extensions [None req-e60ed653-f5ce-4707-839b-38d3f19cc3d7 - - - - - -] Loaded extension: l3-ha
2026-07-14 18:08:58.306 8 INFO neutron.api.extensions [None req-e60ed653-f5ce-4707-839b-38d3f19cc3d7 - - - - - -] Extension l3-ext-ndp-proxy not supported by any of loaded plugins
2026-07-14 18:08:58.307 8 INFO neutron.api.extensions [None req-e60ed653-f5ce-4707-839b-38d3f19cc3d7 - - - - - -] Loaded extension: external-gateway-multihoming
2026-07-14 18:08:58.307 8 INFO neutron.api.extensions [None req-e60ed653-f5ce-4707-839b-38d3f19cc3d7 - - - - - -] Loaded extension: l3-flavors
2026-07-14 18:08:58.307 7 INFO neutron.quota.resource_registry [None req-f9e7eba8-d212-4c22-84b0-0ee0403fece4 - - - - - -] Creating instance of CountableResource for resource:rbac_policy
2026-07-14 18:08:58.308 7 INFO neutron.quota.resource_registry [None req-f9e7eba8-d212-4c22-84b0-0ee0403fece4 - - - - - -] Creating instance of TrackedResource for resource:security_group
2026-07-14 18:08:58.308 8 INFO neutron.api.extensions [None req-e60ed653-f5ce-4707-839b-38d3f19cc3d7 - - - - - -] Extension l3-ndp-proxy not supported by any of loaded plugins
2026-07-14 18:08:58.308 7 INFO neutron.quota.resource_registry [None req-f9e7eba8-d212-4c22-84b0-0ee0403fece4 - - - - - -] Creating instance of TrackedResource for resource:security_group_rule
2026-07-14 18:08:58.309 8 INFO neutron.api.extensions [None req-e60ed653-f5ce-4707-839b-38d3f19cc3d7 - - - - - -] Extension l3-port-ip-change-not-allowed not supported by any of loaded plugins
2026-07-14 18:08:58.309 7 INFO neutron.quota.resource_registry [None req-f9e7eba8-d212-4c22-84b0-0ee0403fece4 - - - - - -] Creating instance of TrackedResource for resource:subnetpool
2026-07-14 18:08:58.310 7 WARNING neutron.quota.resource_registry [None req-f9e7eba8-d212-4c22-84b0-0ee0403fece4 - - - - - -] subnetpool is already registered
2026-07-14 18:08:58.310 7 INFO neutron.quota.resource_registry [None req-f9e7eba8-d212-4c22-84b0-0ee0403fece4 - - - - - -] Creating instance of CountableResource for resource:trunk
2026-07-14 18:08:58.310 7 INFO neutron.quota.resource_registry [None req-f9e7eba8-d212-4c22-84b0-0ee0403fece4 - - - - - -] Creating instance of CountableResource for resource:ikepolicy
2026-07-14 18:08:58.311 7 INFO neutron.quota.resource_registry [None req-f9e7eba8-d212-4c22-84b0-0ee0403fece4 - - - - - -] Creating instance of CountableResource for resource:ipsecpolicy
2026-07-14 18:08:58.311 7 INFO neutron.quota.resource_registry [None req-f9e7eba8-d212-4c22-84b0-0ee0403fece4 - - - - - -] Creating instance of CountableResource for resource:endpoint_group
2026-07-14 18:08:58.311 8 INFO neutron.api.extensions [None req-e60ed653-f5ce-4707-839b-38d3f19cc3d7 - - - - - -] Extension l3_agent_scheduler not supported by any of loaded plugins
2026-07-14 18:08:58.312 7 INFO neutron.quota.resource_registry [None req-f9e7eba8-d212-4c22-84b0-0ee0403fece4 - - - - - -] Creating instance of CountableResource for resource:vpnservice
2026-07-14 18:08:58.312 7 INFO neutron.quota.resource_registry [None req-f9e7eba8-d212-4c22-84b0-0ee0403fece4 - - - - - -] Creating instance of CountableResource for resource:ipsec_site_connection
2026-07-14 18:08:58.313 7 INFO neutron.quota.resource_registry [None req-f9e7eba8-d212-4c22-84b0-0ee0403fece4 - - - - - -] Creating instance of CountableResource for resource:ipsecpolicy
2026-07-14 18:08:58.313 8 INFO neutron.api.extensions [None req-e60ed653-f5ce-4707-839b-38d3f19cc3d7 - - - - - -] Extension local_ip not supported by any of loaded plugins
2026-07-14 18:08:58.313 7 WARNING neutron.quota.resource_registry [None req-f9e7eba8-d212-4c22-84b0-0ee0403fece4 - - - - - -] ipsecpolicy is already registered
2026-07-14 18:08:58.313 7 INFO neutron.quota.resource_registry [None req-f9e7eba8-d212-4c22-84b0-0ee0403fece4 - - - - - -] Creating instance of CountableResource for resource:ikepolicy
2026-07-14 18:08:58.313 7 WARNING neutron.quota.resource_registry [None req-f9e7eba8-d212-4c22-84b0-0ee0403fece4 - - - - - -] ikepolicy is already registered
2026-07-14 18:08:58.314 8 INFO neutron.api.extensions [None req-e60ed653-f5ce-4707-839b-38d3f19cc3d7 - - - - - -] Loaded extension: logging
2026-07-14 18:08:58.315 8 INFO neutron.api.extensions [None req-e60ed653-f5ce-4707-839b-38d3f19cc3d7 - - - - - -] Extension metering not supported by any of loaded plugins
2026-07-14 18:08:58.316 8 INFO neutron.api.extensions [None req-e60ed653-f5ce-4707-839b-38d3f19cc3d7 - - - - - -] Extension metering_source_and_destination_fields not supported by any of loaded plugins
2026-07-14 18:08:58.316 8 INFO neutron.api.extensions [None req-e60ed653-f5ce-4707-839b-38d3f19cc3d7 - - - - - -] Loaded extension: multi-provider
2026-07-14 18:08:58.317 8 INFO neutron.api.extensions [None req-e60ed653-f5ce-4707-839b-38d3f19cc3d7 - - - - - -] Loaded extension: net-mtu
2026-07-14 18:08:58.317 8 INFO neutron.api.extensions [None req-e60ed653-f5ce-4707-839b-38d3f19cc3d7 - - - - - -] Loaded extension: net-mtu-writable
2026-07-14 18:08:58.318 7 INFO neutron.quota.resource_registry [None req-f9e7eba8-d212-4c22-84b0-0ee0403fece4 - - - - - -] Creating instance of TrackedResource for resource:router
2026-07-14 18:08:58.318 7 WARNING neutron.quota.resource_registry [None req-f9e7eba8-d212-4c22-84b0-0ee0403fece4 - - - - - -] router is already registered
2026-07-14 18:08:58.318 8 INFO neutron.api.extensions [None req-e60ed653-f5ce-4707-839b-38d3f19cc3d7 - - - - - -] Loaded extension: network_availability_zone
2026-07-14 18:08:58.318 7 INFO neutron.quota.resource_registry [None req-f9e7eba8-d212-4c22-84b0-0ee0403fece4 - - - - - -] Creating instance of TrackedResource for resource:floatingip
2026-07-14 18:08:58.318 7 WARNING neutron.quota.resource_registry [None req-f9e7eba8-d212-4c22-84b0-0ee0403fece4 - - - - - -] floatingip is already registered
2026-07-14 18:08:58.319 8 INFO neutron.api.extensions [None req-e60ed653-f5ce-4707-839b-38d3f19cc3d7 - - - - - -] Extension network_ha not supported by any of loaded plugins
2026-07-14 18:08:58.319 8 INFO neutron.api.extensions [None req-e60ed653-f5ce-4707-839b-38d3f19cc3d7 - - - - - -] Loaded extension: network-ip-availability
2026-07-14 18:08:58.320 8 INFO neutron.api.extensions [None req-e60ed653-f5ce-4707-839b-38d3f19cc3d7 - - - - - -] Extension network-segment-range not supported by any of loaded plugins
2026-07-14 18:08:58.321 8 INFO neutron.api.extensions [None req-e60ed653-f5ce-4707-839b-38d3f19cc3d7 - - - - - -] Loaded extension: pagination
2026-07-14 18:08:58.321 8 INFO neutron.api.extensions [None req-e60ed653-f5ce-4707-839b-38d3f19cc3d7 - - - - - -] Loaded extension: port-device-profile
2026-07-14 18:08:58.322 8 INFO neutron.api.extensions [None req-e60ed653-f5ce-4707-839b-38d3f19cc3d7 - - - - - -] Extension port-hardware-offload-type not supported by any of loaded plugins
2026-07-14 18:08:58.322 8 INFO neutron.api.extensions [None req-e60ed653-f5ce-4707-839b-38d3f19cc3d7 - - - - - -] Extension port-hint-ovs-tx-steering not supported by any of loaded plugins
2026-07-14 18:08:58.322 7 INFO neutron.quota.resource_registry [None req-f9e7eba8-d212-4c22-84b0-0ee0403fece4 - - - - - -] Creating instance of CountableResource for resource:rbac_policy
2026-07-14 18:08:58.323 7 WARNING neutron.quota.resource_registry [None req-f9e7eba8-d212-4c22-84b0-0ee0403fece4 - - - - - -] rbac_policy is already registered
2026-07-14 18:08:58.323 8 INFO neutron.api.extensions [None req-e60ed653-f5ce-4707-839b-38d3f19cc3d7 - - - - - -] Extension port-hints not supported by any of loaded plugins
2026-07-14 18:08:58.323 8 INFO neutron.api.extensions [None req-e60ed653-f5ce-4707-839b-38d3f19cc3d7 - - - - - -] Extension port-mac-override not supported by any of loaded plugins
2026-07-14 18:08:58.323 7 INFO neutron.quota.resource_registry [None req-f9e7eba8-d212-4c22-84b0-0ee0403fece4 - - - - - -] Creating instance of TrackedResource for resource:security_group
2026-07-14 18:08:58.323 7 WARNING neutron.quota.resource_registry [None req-f9e7eba8-d212-4c22-84b0-0ee0403fece4 - - - - - -] security_group is already registered
2026-07-14 18:08:58.324 8 INFO neutron.api.extensions [None req-e60ed653-f5ce-4707-839b-38d3f19cc3d7 - - - - - -] Loaded extension: port-mac-address-regenerate
2026-07-14 18:08:58.324 7 INFO neutron.quota.resource_registry [None req-f9e7eba8-d212-4c22-84b0-0ee0403fece4 - - - - - -] Creating instance of TrackedResource for resource:security_group_rule
2026-07-14 18:08:58.324 7 WARNING neutron.quota.resource_registry [None req-f9e7eba8-d212-4c22-84b0-0ee0403fece4 - - - - - -] security_group_rule is already registered
2026-07-14 18:08:58.324 8 INFO neutron.api.extensions [None req-e60ed653-f5ce-4707-839b-38d3f19cc3d7 - - - - - -] Loaded extension: port-numa-affinity-policy
2026-07-14 18:08:58.325 8 INFO neutron.api.extensions [None req-e60ed653-f5ce-4707-839b-38d3f19cc3d7 - - - - - -] Loaded extension: port-numa-affinity-policy-socket
2026-07-14 18:08:58.326 8 INFO neutron.api.extensions [None req-e60ed653-f5ce-4707-839b-38d3f19cc3d7 - - - - - -] Loaded extension: port-resource-request
2026-07-14 18:08:58.326 7 INFO neutron.quota.resource_registry [None req-f9e7eba8-d212-4c22-84b0-0ee0403fece4 - - - - - -] Creating instance of TrackedResource for resource:subnetpool
2026-07-14 18:08:58.326 7 WARNING neutron.quota.resource_registry [None req-f9e7eba8-d212-4c22-84b0-0ee0403fece4 - - - - - -] subnetpool is already registered
2026-07-14 18:08:58.326 8 INFO neutron.api.extensions [None req-e60ed653-f5ce-4707-839b-38d3f19cc3d7 - - - - - -] Loaded extension: port-resource-request-groups
2026-07-14 18:08:58.326 7 INFO neutron.quota.resource_registry [None req-f9e7eba8-d212-4c22-84b0-0ee0403fece4 - - - - - -] Creating instance of CountableResource for resource:trunk
2026-07-14 18:08:58.327 7 WARNING neutron.quota.resource_registry [None req-f9e7eba8-d212-4c22-84b0-0ee0403fece4 - - - - - -] trunk is already registered
2026-07-14 18:08:58.327 8 INFO neutron.api.extensions [None req-e60ed653-f5ce-4707-839b-38d3f19cc3d7 - - - - - -] Extension port-trusted-vif not supported by any of loaded plugins
2026-07-14 18:08:58.327 7 INFO neutron.quota.resource_registry [None req-f9e7eba8-d212-4c22-84b0-0ee0403fece4 - - - - - -] Creating instance of CountableResource for resource:ikepolicy
2026-07-14 18:08:58.327 7 WARNING neutron.quota.resource_registry [None req-f9e7eba8-d212-4c22-84b0-0ee0403fece4 - - - - - -] ikepolicy is already registered
2026-07-14 18:08:58.327 8 INFO neutron.api.extensions [None req-e60ed653-f5ce-4707-839b-38d3f19cc3d7 - - - - - -] Loaded extension: binding
2026-07-14 18:08:58.327 7 INFO neutron.quota.resource_registry [None req-f9e7eba8-d212-4c22-84b0-0ee0403fece4 - - - - - -] Creating instance of CountableResource for resource:ipsecpolicy
2026-07-14 18:08:58.328 7 WARNING neutron.quota.resource_registry [None req-f9e7eba8-d212-4c22-84b0-0ee0403fece4 - - - - - -] ipsecpolicy is already registered
2026-07-14 18:08:58.328 7 INFO neutron.quota.resource_registry [None req-f9e7eba8-d212-4c22-84b0-0ee0403fece4 - - - - - -] Creating instance of CountableResource for resource:endpoint_group
2026-07-14 18:08:58.328 8 INFO neutron.api.extensions [None req-e60ed653-f5ce-4707-839b-38d3f19cc3d7 - - - - - -] Loaded extension: binding-extended
2026-07-14 18:08:58.328 7 WARNING neutron.quota.resource_registry [None req-f9e7eba8-d212-4c22-84b0-0ee0403fece4 - - - - - -] endpoint_group is already registered
2026-07-14 18:08:58.328 7 INFO neutron.quota.resource_registry [None req-f9e7eba8-d212-4c22-84b0-0ee0403fece4 - - - - - -] Creating instance of CountableResource for resource:vpnservice
2026-07-14 18:08:58.328 8 INFO neutron.api.extensions [None req-e60ed653-f5ce-4707-839b-38d3f19cc3d7 - - - - - -] Loaded extension: port-security
2026-07-14 18:08:58.329 7 WARNING neutron.quota.resource_registry [None req-f9e7eba8-d212-4c22-84b0-0ee0403fece4 - - - - - -] vpnservice is already registered
2026-07-14 18:08:58.329 7 INFO neutron.quota.resource_registry [None req-f9e7eba8-d212-4c22-84b0-0ee0403fece4 - - - - - -] Creating instance of CountableResource for resource:ipsec_site_connection
2026-07-14 18:08:58.329 8 INFO neutron.api.extensions [None req-e60ed653-f5ce-4707-839b-38d3f19cc3d7 - - - - - -] Loaded extension: project-id
2026-07-14 18:08:58.329 7 WARNING neutron.quota.resource_registry [None req-f9e7eba8-d212-4c22-84b0-0ee0403fece4 - - - - - -] ipsec_site_connection is already registered
2026-07-14 18:08:58.329 7 INFO neutron.quota.resource_registry [None req-f9e7eba8-d212-4c22-84b0-0ee0403fece4 - - - - - -] Creating instance of CountableResource for resource:ipsecpolicy
2026-07-14 18:08:58.330 7 WARNING neutron.quota.resource_registry [None req-f9e7eba8-d212-4c22-84b0-0ee0403fece4 - - - - - -] ipsecpolicy is already registered
2026-07-14 18:08:58.330 8 INFO neutron.api.extensions [None req-e60ed653-f5ce-4707-839b-38d3f19cc3d7 - - - - - -] Loaded extension: provider
2026-07-14 18:08:58.330 7 INFO neutron.quota.resource_registry [None req-f9e7eba8-d212-4c22-84b0-0ee0403fece4 - - - - - -] Creating instance of CountableResource for resource:ikepolicy
2026-07-14 18:08:58.330 7 WARNING neutron.quota.resource_registry [None req-f9e7eba8-d212-4c22-84b0-0ee0403fece4 - - - - - -] ikepolicy is already registered
2026-07-14 18:08:58.330 8 INFO neutron.api.extensions [None req-e60ed653-f5ce-4707-839b-38d3f19cc3d7 - - - - - -] Loaded extension: qinq
2026-07-14 18:08:58.332 8 INFO neutron.api.extensions [None req-e60ed653-f5ce-4707-839b-38d3f19cc3d7 - - - - - -] Loaded extension: qos
2026-07-14 18:08:58.333 8 INFO neutron.api.extensions [None req-e60ed653-f5ce-4707-839b-38d3f19cc3d7 - - - - - -] Loaded extension: qos-bw-limit-direction
2026-07-14 18:08:58.334 8 INFO neutron.api.extensions [None req-e60ed653-f5ce-4707-839b-38d3f19cc3d7 - - - - - -] Loaded extension: qos-bw-minimum-ingress
2026-07-14 18:08:58.334 8 INFO neutron.api.extensions [None req-e60ed653-f5ce-4707-839b-38d3f19cc3d7 - - - - - -] Loaded extension: qos-default
2026-07-14 18:08:58.335 8 INFO neutron.api.extensions [None req-e60ed653-f5ce-4707-839b-38d3f19cc3d7 - - - - - -] Loaded extension: qos-fip
2026-07-14 18:08:58.335 8 INFO neutron.api.extensions [None req-e60ed653-f5ce-4707-839b-38d3f19cc3d7 - - - - - -] Extension qos-fip-network-policy not supported by any of loaded plugins
2026-07-14 18:08:58.336 8 INFO neutron.api.extensions [None req-e60ed653-f5ce-4707-839b-38d3f19cc3d7 - - - - - -] Loaded extension: qos-gateway-ip
2026-07-14 18:08:58.336 8 INFO neutron.api.extensions [None req-e60ed653-f5ce-4707-839b-38d3f19cc3d7 - - - - - -] Loaded extension: qos-port-network-policy
2026-07-14 18:08:58.337 8 INFO neutron.api.extensions [None req-e60ed653-f5ce-4707-839b-38d3f19cc3d7 - - - - - -] Loaded extension: qos-pps-minimum
2026-07-14 18:08:58.338 8 INFO neutron.api.extensions [None req-e60ed653-f5ce-4707-839b-38d3f19cc3d7 - - - - - -] Loaded extension: qos-pps-minimum-rule-alias
2026-07-14 18:08:58.338 8 INFO neutron.api.extensions [None req-e60ed653-f5ce-4707-839b-38d3f19cc3d7 - - - - - -] Loaded extension: qos-pps
2026-07-14 18:08:58.339 8 INFO neutron.api.extensions [None req-e60ed653-f5ce-4707-839b-38d3f19cc3d7 - - - - - -] Loaded extension: qos-rule-type-details
2026-07-14 18:08:58.339 8 INFO neutron.api.extensions [None req-e60ed653-f5ce-4707-839b-38d3f19cc3d7 - - - - - -] Loaded extension: qos-rule-type-filter
2026-07-14 18:08:58.340 8 INFO neutron.api.extensions [None req-e60ed653-f5ce-4707-839b-38d3f19cc3d7 - - - - - -] Loaded extension: qos-rules-alias
2026-07-14 18:08:58.341 8 INFO neutron.api.extensions [None req-e60ed653-f5ce-4707-839b-38d3f19cc3d7 - - - - - -] Loaded extension: quota-check-limit
2026-07-14 18:08:58.341 8 INFO neutron.api.extensions [None req-e60ed653-f5ce-4707-839b-38d3f19cc3d7 - - - - - -] Loaded extension: quota-check-limit-default
2026-07-14 18:08:58.343 8 INFO neutron.api.extensions [None req-e60ed653-f5ce-4707-839b-38d3f19cc3d7 - - - - - -] Loaded extension: quotas
2026-07-14 18:08:58.345 8 INFO neutron.api.extensions [None req-e60ed653-f5ce-4707-839b-38d3f19cc3d7 - - - - - -] Loaded extension: quota_details
2026-07-14 18:08:58.346 8 INFO neutron.api.extensions [None req-e60ed653-f5ce-4707-839b-38d3f19cc3d7 - - - - - -] Loaded extension: rbac-policies
2026-07-14 18:08:58.347 8 INFO neutron.api.extensions [None req-e60ed653-f5ce-4707-839b-38d3f19cc3d7 - - - - - -] Extension rbac-address-group not supported by any of loaded plugins
2026-07-14 18:08:58.348 8 INFO neutron.api.extensions [None req-e60ed653-f5ce-4707-839b-38d3f19cc3d7 - - - - - -] Loaded extension: rbac-address-scope
2026-07-14 18:08:58.348 8 INFO neutron.api.extensions [None req-e60ed653-f5ce-4707-839b-38d3f19cc3d7 - - - - - -] Loaded extension: rbac-security-groups
2026-07-14 18:08:58.349 8 INFO neutron.api.extensions [None req-e60ed653-f5ce-4707-839b-38d3f19cc3d7 - - - - - -] Extension rbac-subnetpool not supported by any of loaded plugins
2026-07-14 18:08:58.350 8 INFO neutron.api.extensions [None req-e60ed653-f5ce-4707-839b-38d3f19cc3d7 - - - - - -] Loaded extension: revision-if-match
2026-07-14 18:08:58.350 8 INFO neutron.api.extensions [None req-e60ed653-f5ce-4707-839b-38d3f19cc3d7 - - - - - -] Loaded extension: standard-attr-revisions
2026-07-14 18:08:58.351 8 INFO neutron.api.extensions [None req-e60ed653-f5ce-4707-839b-38d3f19cc3d7 - - - - - -] Loaded extension: router_availability_zone
2026-07-14 18:08:58.351 8 INFO neutron.api.extensions [None req-e60ed653-f5ce-4707-839b-38d3f19cc3d7 - - - - - -] Extension router-service-type not supported by any of loaded plugins
2026-07-14 18:08:58.353 8 INFO neutron.api.extensions [None req-e60ed653-f5ce-4707-839b-38d3f19cc3d7 - - - - - -] Loaded extension: security-groups-default-rules
2026-07-14 18:08:58.354 8 INFO neutron.api.extensions [None req-e60ed653-f5ce-4707-839b-38d3f19cc3d7 - - - - - -] Loaded extension: security-groups-normalized-cidr
2026-07-14 18:08:58.354 8 INFO neutron.api.extensions [None req-e60ed653-f5ce-4707-839b-38d3f19cc3d7 - - - - - -] Extension port-security-groups-filtering not supported by any of loaded plugins
2026-07-14 18:08:58.355 8 INFO neutron.api.extensions [None req-e60ed653-f5ce-4707-839b-38d3f19cc3d7 - - - - - -] Loaded extension: security-groups-remote-address-group
2026-07-14 18:08:58.355 8 INFO neutron.api.extensions [None req-e60ed653-f5ce-4707-839b-38d3f19cc3d7 - - - - - -] Loaded extension: security-groups-rules-belongs-to-default-sg
2026-07-14 18:08:58.357 8 INFO neutron.api.extensions [None req-e60ed653-f5ce-4707-839b-38d3f19cc3d7 - - - - - -] Loaded extension: security-groups-shared-filtering
2026-07-14 18:08:58.362 8 INFO neutron.api.extensions [None req-e60ed653-f5ce-4707-839b-38d3f19cc3d7 - - - - - -] Loaded extension: security-group
2026-07-14 18:08:58.363 8 INFO neutron.api.extensions [None req-e60ed653-f5ce-4707-839b-38d3f19cc3d7 - - - - - -] Loaded extension: segment
2026-07-14 18:08:58.363 8 INFO neutron.api.extensions [None req-e60ed653-f5ce-4707-839b-38d3f19cc3d7 - - - - - -] Loaded extension: segments-peer-subnet-host-routes
2026-07-14 18:08:58.364 8 INFO neutron.api.extensions [None req-e60ed653-f5ce-4707-839b-38d3f19cc3d7 - - - - - -] Loaded extension: service-type
2026-07-14 18:08:58.365 8 INFO neutron.api.extensions [None req-e60ed653-f5ce-4707-839b-38d3f19cc3d7 - - - - - -] Loaded extension: sorting
2026-07-14 18:08:58.366 8 INFO neutron.api.extensions [None req-e60ed653-f5ce-4707-839b-38d3f19cc3d7 - - - - - -] Loaded extension: standard-attr-segment
2026-07-14 18:08:58.366 8 INFO neutron.api.extensions [None req-e60ed653-f5ce-4707-839b-38d3f19cc3d7 - - - - - -] Loaded extension: standard-attr-description
2026-07-14 18:08:58.367 8 INFO neutron.api.extensions [None req-e60ed653-f5ce-4707-839b-38d3f19cc3d7 - - - - - -] Loaded extension: stateful-security-group
2026-07-14 18:08:58.367 8 WARNING neutron.api.extensions [None req-e60ed653-f5ce-4707-839b-38d3f19cc3d7 - - - - - -] Did not find expected name "Stdattrs_common" in /var/lib/openstack/lib/python3.12/site-packages/neutron/extensions/stdattrs_common.py
2026-07-14 18:08:58.368 8 INFO neutron.api.extensions [None req-e60ed653-f5ce-4707-839b-38d3f19cc3d7 - - - - - -] Loaded extension: subnet-dns-publish-fixed-ip
2026-07-14 18:08:58.368 8 INFO neutron.api.extensions [None req-e60ed653-f5ce-4707-839b-38d3f19cc3d7 - - - - - -] Loaded extension: subnet-external-network
2026-07-14 18:08:58.369 8 INFO neutron.api.extensions [None req-e60ed653-f5ce-4707-839b-38d3f19cc3d7 - - - - - -] Extension subnet_onboard not supported by any of loaded plugins
2026-07-14 18:08:58.370 8 INFO neutron.api.extensions [None req-e60ed653-f5ce-4707-839b-38d3f19cc3d7 - - - - - -] Loaded extension: subnet-segmentid-writable
2026-07-14 18:08:58.370 8 INFO neutron.api.extensions [None req-e60ed653-f5ce-4707-839b-38d3f19cc3d7 - - - - - -] Loaded extension: subnet-service-types
2026-07-14 18:08:58.371 8 INFO neutron.api.extensions [None req-e60ed653-f5ce-4707-839b-38d3f19cc3d7 - - - - - -] Loaded extension: subnet_allocation
2026-07-14 18:08:58.371 8 INFO neutron.api.extensions [None req-e60ed653-f5ce-4707-839b-38d3f19cc3d7 - - - - - -] Loaded extension: subnetpool-prefix-ops
2026-07-14 18:08:58.372 8 INFO neutron.api.extensions [None req-e60ed653-f5ce-4707-839b-38d3f19cc3d7 - - - - - -] Loaded extension: tag-creation
2026-07-14 18:08:58.373 8 INFO neutron.api.extensions [None req-e60ed653-f5ce-4707-839b-38d3f19cc3d7 - - - - - -] Extension tag-ports-during-bulk-creation not supported by any of loaded plugins
2026-07-14 18:08:58.377 8 INFO neutron.api.extensions [None req-e60ed653-f5ce-4707-839b-38d3f19cc3d7 - - - - - -] Loaded extension: standard-attr-tag
2026-07-14 18:08:58.377 8 INFO neutron.api.extensions [None req-e60ed653-f5ce-4707-839b-38d3f19cc3d7 - - - - - -] Loaded extension: standard-attr-timestamp
2026-07-14 18:08:58.378 8 INFO neutron.api.extensions [None req-e60ed653-f5ce-4707-839b-38d3f19cc3d7 - - - - - -] Loaded extension: trunk
2026-07-14 18:08:58.379 8 INFO neutron.api.extensions [None req-e60ed653-f5ce-4707-839b-38d3f19cc3d7 - - - - - -] Loaded extension: trunk-details
2026-07-14 18:08:58.379 8 INFO neutron.api.extensions [None req-e60ed653-f5ce-4707-839b-38d3f19cc3d7 - - - - - -] Extension uplink-status-propagation not supported by any of loaded plugins
2026-07-14 18:08:58.380 8 INFO neutron.api.extensions [None req-e60ed653-f5ce-4707-839b-38d3f19cc3d7 - - - - - -] Extension uplink-status-propagation-updatable not supported by any of loaded plugins
2026-07-14 18:08:58.381 8 INFO neutron.api.extensions [None req-e60ed653-f5ce-4707-839b-38d3f19cc3d7 - - - - - -] Loaded extension: vlan-transparent
2026-07-14 18:08:58.381 8 INFO neutron.api.extensions [None req-e60ed653-f5ce-4707-839b-38d3f19cc3d7 - - - - - -] Loaded extension: vpn-aes-ctr
2026-07-14 18:08:58.382 7 WARNING keystonemiddleware._common.config [None req-f9e7eba8-d212-4c22-84b0-0ee0403fece4 - - - - - -] The option "audit_map_file" is not known to keystonemiddleware
2026-07-14 18:08:58.383 8 INFO neutron.api.extensions [None req-e60ed653-f5ce-4707-839b-38d3f19cc3d7 - - - - - -] Loaded extension: vpn-agent-scheduler
2026-07-14 18:08:58.384 8 INFO neutron.api.extensions [None req-e60ed653-f5ce-4707-839b-38d3f19cc3d7 - - - - - -] Loaded extension: vpn-endpoint-groups
2026-07-14 18:08:58.385 8 INFO neutron.api.extensions [None req-e60ed653-f5ce-4707-839b-38d3f19cc3d7 - - - - - -] Loaded extension: vpn-flavors
2026-07-14 18:08:58.387 8 INFO neutron.api.extensions [None req-e60ed653-f5ce-4707-839b-38d3f19cc3d7 - - - - - -] Loaded extension: vpnaas
2026-07-14 18:08:58.390 8 INFO neutron.api.extensions [None req-e60ed653-f5ce-4707-839b-38d3f19cc3d7 - - - - - -] Loaded extension: taas
2026-07-14 18:08:58.390 7 WARNING oslo_config.cfg [None req-f9e7eba8-d212-4c22-84b0-0ee0403fece4 - - - - - -] Deprecated: Option "auth_uri" from group "keystone_authtoken" is deprecated. Use option "www_authenticate_uri" from group "keystone_authtoken".
2026-07-14 18:08:58.392 8 INFO neutron.api.extensions [None req-e60ed653-f5ce-4707-839b-38d3f19cc3d7 - - - - - -] Loaded extension: tap-mirror
2026-07-14 18:08:58.392 8 INFO neutron.api.extensions [None req-e60ed653-f5ce-4707-839b-38d3f19cc3d7 - - - - - -] Loaded extension: taas-vlan-filter
2026-07-14 18:08:58.399 8 INFO neutron.quota.resource_registry [None req-e60ed653-f5ce-4707-839b-38d3f19cc3d7 - - - - - -] Creating instance of TrackedResource for resource:network
2026-07-14 18:08:58.400 8 INFO neutron.quota.resource_registry [None req-e60ed653-f5ce-4707-839b-38d3f19cc3d7 - - - - - -] Creating instance of TrackedResource for resource:subnet
2026-07-14 18:08:58.400 8 INFO neutron.quota.resource_registry [None req-e60ed653-f5ce-4707-839b-38d3f19cc3d7 - - - - - -] Creating instance of TrackedResource for resource:subnetpool
2026-07-14 18:08:58.400 8 INFO neutron.quota.resource_registry [None req-e60ed653-f5ce-4707-839b-38d3f19cc3d7 - - - - - -] Creating instance of TrackedResource for resource:port
2026-07-14 18:08:58.405 8 INFO neutron.quota.resource_registry [None req-e60ed653-f5ce-4707-839b-38d3f19cc3d7 - - - - - -] Creating instance of TrackedResource for resource:router
2026-07-14 18:08:58.406 8 INFO neutron.quota.resource_registry [None req-e60ed653-f5ce-4707-839b-38d3f19cc3d7 - - - - - -] Creating instance of TrackedResource for resource:floatingip
2026-07-14 18:08:58.413 8 INFO neutron.quota.resource_registry [None req-e60ed653-f5ce-4707-839b-38d3f19cc3d7 - - - - - -] Creating instance of CountableResource for resource:rbac_policy
2026-07-14 18:08:58.414 8 INFO neutron.quota.resource_registry [None req-e60ed653-f5ce-4707-839b-38d3f19cc3d7 - - - - - -] Creating instance of TrackedResource for resource:security_group
2026-07-14 18:08:58.415 8 INFO neutron.quota.resource_registry [None req-e60ed653-f5ce-4707-839b-38d3f19cc3d7 - - - - - -] Creating instance of TrackedResource for resource:security_group_rule
2026-07-14 18:08:58.416 8 INFO neutron.quota.resource_registry [None req-e60ed653-f5ce-4707-839b-38d3f19cc3d7 - - - - - -] Creating instance of TrackedResource for resource:subnetpool
2026-07-14 18:08:58.416 8 WARNING neutron.quota.resource_registry [None req-e60ed653-f5ce-4707-839b-38d3f19cc3d7 - - - - - -] subnetpool is already registered
2026-07-14 18:08:58.417 8 INFO neutron.quota.resource_registry [None req-e60ed653-f5ce-4707-839b-38d3f19cc3d7 - - - - - -] Creating instance of CountableResource for resource:trunk
2026-07-14 18:08:58.417 8 INFO neutron.quota.resource_registry [None req-e60ed653-f5ce-4707-839b-38d3f19cc3d7 - - - - - -] Creating instance of CountableResource for resource:ikepolicy
2026-07-14 18:08:58.418 8 INFO neutron.quota.resource_registry [None req-e60ed653-f5ce-4707-839b-38d3f19cc3d7 - - - - - -] Creating instance of CountableResource for resource:ipsecpolicy
2026-07-14 18:08:58.418 8 INFO neutron.quota.resource_registry [None req-e60ed653-f5ce-4707-839b-38d3f19cc3d7 - - - - - -] Creating instance of CountableResource for resource:endpoint_group
2026-07-14 18:08:58.419 8 INFO neutron.quota.resource_registry [None req-e60ed653-f5ce-4707-839b-38d3f19cc3d7 - - - - - -] Creating instance of CountableResource for resource:vpnservice
2026-07-14 18:08:58.419 8 INFO neutron.quota.resource_registry [None req-e60ed653-f5ce-4707-839b-38d3f19cc3d7 - - - - - -] Creating instance of CountableResource for resource:ipsec_site_connection
2026-07-14 18:08:58.420 8 INFO neutron.quota.resource_registry [None req-e60ed653-f5ce-4707-839b-38d3f19cc3d7 - - - - - -] Creating instance of CountableResource for resource:ipsecpolicy
2026-07-14 18:08:58.420 8 WARNING neutron.quota.resource_registry [None req-e60ed653-f5ce-4707-839b-38d3f19cc3d7 - - - - - -] ipsecpolicy is already registered
2026-07-14 18:08:58.421 8 INFO neutron.quota.resource_registry [None req-e60ed653-f5ce-4707-839b-38d3f19cc3d7 - - - - - -] Creating instance of CountableResource for resource:ikepolicy
2026-07-14 18:08:58.421 8 WARNING neutron.quota.resource_registry [None req-e60ed653-f5ce-4707-839b-38d3f19cc3d7 - - - - - -] ikepolicy is already registered
2026-07-14 18:08:58.421 7 WARNING neutron.plugins.ml2.drivers.ovn.mech_driver.mech_driver [None req-f9e7eba8-d212-4c22-84b0-0ee0403fece4 - - - - - -] uWSGI must provide a start time using the configuration parameter "start-time %t" in the configuration file
2026-07-14 18:08:58.427 8 INFO neutron.quota.resource_registry [None req-e60ed653-f5ce-4707-839b-38d3f19cc3d7 - - - - - -] Creating instance of TrackedResource for resource:router
2026-07-14 18:08:58.428 8 WARNING neutron.quota.resource_registry [None req-e60ed653-f5ce-4707-839b-38d3f19cc3d7 - - - - - -] router is already registered
2026-07-14 18:08:58.428 8 INFO neutron.quota.resource_registry [None req-e60ed653-f5ce-4707-839b-38d3f19cc3d7 - - - - - -] Creating instance of TrackedResource for resource:floatingip
2026-07-14 18:08:58.428 8 WARNING neutron.quota.resource_registry [None req-e60ed653-f5ce-4707-839b-38d3f19cc3d7 - - - - - -] floatingip is already registered
2026-07-14 18:08:58.437 8 INFO neutron.quota.resource_registry [None req-e60ed653-f5ce-4707-839b-38d3f19cc3d7 - - - - - -] Creating instance of CountableResource for resource:rbac_policy
2026-07-14 18:08:58.437 8 WARNING neutron.quota.resource_registry [None req-e60ed653-f5ce-4707-839b-38d3f19cc3d7 - - - - - -] rbac_policy is already registered
2026-07-14 18:08:58.438 7 INFO neutron.db.ovn_hash_ring_db [None req-f9e7eba8-d212-4c22-84b0-0ee0403fece4 - - - - - -] Nodes from host "neutron-server-685bbdcc96-kghqf" and group "mechanism_driver" removed from the Hash Ring created at
2026-07-14 18:08:58+00:00
2026-07-14 18:08:58.438 8 INFO neutron.quota.resource_registry [None req-e60ed653-f5ce-4707-839b-38d3f19cc3d7 - - - - - -] Creating instance of TrackedResource for resource:security_group
2026-07-14 18:08:58.439 8 WARNING neutron.quota.resource_registry [None req-e60ed653-f5ce-4707-839b-38d3f19cc3d7 - - - - - -] security_group is already registered
2026-07-14 18:08:58.439 8 INFO neutron.quota.resource_registry [None req-e60ed653-f5ce-4707-839b-38d3f19cc3d7 - - - - - -] Creating instance of TrackedResource for resource:security_group_rule
2026-07-14 18:08:58.439 8 WARNING neutron.quota.resource_registry [None req-e60ed653-f5ce-4707-839b-38d3f19cc3d7 - - - - - -] security_group_rule is already registered
2026-07-14 18:08:58.440 8 INFO neutron.quota.resource_registry [None req-e60ed653-f5ce-4707-839b-38d3f19cc3d7 - - - - - -] Creating instance of TrackedResource for resource:subnetpool
2026-07-14 18:08:58.441 7 INFO neutron.db.ovn_hash_ring_db [None req-f9e7eba8-d212-4c22-84b0-0ee0403fece4 - - - - - -] Node 5081efbf7f675e59ae9e265b816012eb from host "neutron-server-685bbdcc96-kghqf" and group "mechanism_driver" added to the Hash Ring
2026-07-14 18:08:58.441 8 WARNING neutron.quota.resource_registry [None req-e60ed653-f5ce-4707-839b-38d3f19cc3d7 - - - - - -] subnetpool is already registered
2026-07-14 18:08:58.441 8 INFO neutron.quota.resource_registry [None req-e60ed653-f5ce-4707-839b-38d3f19cc3d7 - - - - - -] Creating instance of CountableResource for resource:trunk
2026-07-14 18:08:58.441 8 WARNING neutron.quota.resource_registry [None req-e60ed653-f5ce-4707-839b-38d3f19cc3d7 - - - - - -] trunk is already registered
2026-07-14 18:08:58.442 8 INFO neutron.quota.resource_registry [None req-e60ed653-f5ce-4707-839b-38d3f19cc3d7 - - - - - -] Creating instance of CountableResource for resource:ikepolicy
2026-07-14 18:08:58.442 8 WARNING neutron.quota.resource_registry [None req-e60ed653-f5ce-4707-839b-38d3f19cc3d7 - - - - - -] ikepolicy is already registered
2026-07-14 18:08:58.442 8 INFO neutron.quota.resource_registry [None req-e60ed653-f5ce-4707-839b-38d3f19cc3d7 - - - - - -] Creating instance of CountableResource for resource:ipsecpolicy
2026-07-14 18:08:58.442 8 WARNING neutron.quota.resource_registry [None req-e60ed653-f5ce-4707-839b-38d3f19cc3d7 - - - - - -] ipsecpolicy is already registered
2026-07-14 18:08:58.443 8 INFO neutron.quota.resource_registry [None req-e60ed653-f5ce-4707-839b-38d3f19cc3d7 - - - - - -] Creating instance of CountableResource for resource:endpoint_group
2026-07-14 18:08:58.443 8 WARNING neutron.quota.resource_registry [None req-e60ed653-f5ce-4707-839b-38d3f19cc3d7 - - - - - -] endpoint_group is already registered
2026-07-14 18:08:58.443 8 INFO neutron.quota.resource_registry [None req-e60ed653-f5ce-4707-839b-38d3f19cc3d7 - - - - - -] Creating instance of CountableResource for resource:vpnservice
2026-07-14 18:08:58.443 8 WARNING neutron.quota.resource_registry [None req-e60ed653-f5ce-4707-839b-38d3f19cc3d7 - - - - - -] vpnservice is already registered
2026-07-14 18:08:58.444 8 INFO neutron.quota.resource_registry [None req-e60ed653-f5ce-4707-839b-38d3f19cc3d7 - - - - - -] Creating instance of CountableResource for resource:ipsec_site_connection
2026-07-14 18:08:58.444 8 WARNING neutron.quota.resource_registry [None req-e60ed653-f5ce-4707-839b-38d3f19cc3d7 - - - - - -] ipsec_site_connection is already registered
2026-07-14 18:08:58.444 8 INFO neutron.quota.resource_registry [None req-e60ed653-f5ce-4707-839b-38d3f19cc3d7 - - - - - -] Creating instance of CountableResource for resource:ipsecpolicy
2026-07-14 18:08:58.444 8 WARNING neutron.quota.resource_registry [None req-e60ed653-f5ce-4707-839b-38d3f19cc3d7 - - - - - -] ipsecpolicy is already registered
2026-07-14 18:08:58.445 8 INFO neutron.quota.resource_registry [None req-e60ed653-f5ce-4707-839b-38d3f19cc3d7 - - - - - -] Creating instance of CountableResource for resource:ikepolicy
2026-07-14 18:08:58.445 8 WARNING neutron.quota.resource_registry [None req-e60ed653-f5ce-4707-839b-38d3f19cc3d7 - - - - - -] ikepolicy is already registered
2026-07-14 18:08:58.451 7 INFO neutron.plugins.ml2.drivers.ovn.mech_driver.mech_driver [None req-f9e7eba8-d212-4c22-84b0-0ee0403fece4 - - - - - -] Hash Ring probing thread for node 5081efbf7f675e59ae9e265b816012eb has started
2026-07-14 18:08:58.452 7 INFO neutron.plugins.ml2.drivers.ovn.mech_driver.ovsdb.impl_idl_ovn [None req-f9e7eba8-d212-4c22-84b0-0ee0403fece4 - - - - - -] Getting OvsdbNbOvnIdl for WorkerService with retry
2026-07-14 18:08:58.485 7 INFO ovsdbapp.backend.ovs_idl.vlog [None req-f9e7eba8-d212-4c22-84b0-0ee0403fece4 - - - - - -] tcp:10.108.216.78:6641: connecting...
2026-07-14 18:08:58.485 7 INFO ovsdbapp.backend.ovs_idl.vlog [None req-f9e7eba8-d212-4c22-84b0-0ee0403fece4 - - - - - -] tcp:10.108.216.78:6641: connected
2026-07-14 18:08:58.486 8 WARNING keystonemiddleware._common.config [None req-e60ed653-f5ce-4707-839b-38d3f19cc3d7 - - - - - -] The option "audit_map_file" is not known to keystonemiddleware
2026-07-14 18:08:58.494 8 WARNING oslo_config.cfg [None req-e60ed653-f5ce-4707-839b-38d3f19cc3d7 - - - - - -] Deprecated: Option "auth_uri" from group "keystone_authtoken" is deprecated. Use option "www_authenticate_uri" from group "keystone_authtoken".
2026-07-14 18:08:58.514 8 WARNING neutron.plugins.ml2.drivers.ovn.mech_driver.mech_driver [None req-e60ed653-f5ce-4707-839b-38d3f19cc3d7 - - - - - -] uWSGI must provide a start time using the configuration parameter "start-time %t" in the configuration file
2026-07-14 18:08:58.532 8 INFO neutron.db.ovn_hash_ring_db [None req-e60ed653-f5ce-4707-839b-38d3f19cc3d7 - - - - - -] Nodes from host "neutron-server-685bbdcc96-kghqf" and group "mechanism_driver" removed from the Hash Ring created at
2026-07-14 18:08:58+00:00
2026-07-14 18:08:58.535 8 INFO neutron.db.ovn_hash_ring_db [None req-e60ed653-f5ce-4707-839b-38d3f19cc3d7 - - - - - -] Node 35b6e590622f5795951af0eb3b664d38 from host "neutron-server-685bbdcc96-kghqf" and group "mechanism_driver" added to the Hash Ring
2026-07-14 18:08:58.543 8 INFO neutron.plugins.ml2.drivers.ovn.mech_driver.mech_driver [None req-e60ed653-f5ce-4707-839b-38d3f19cc3d7 - - - - - -] Hash Ring probing thread for node 35b6e590622f5795951af0eb3b664d38 has started
2026-07-14 18:08:58.543 7 INFO neutron.plugins.ml2.drivers.ovn.mech_driver.ovsdb.impl_idl_ovn [None req-f9e7eba8-d212-4c22-84b0-0ee0403fece4 - - - - - -] Getting OvsdbSbOvnIdl for WorkerService with retry
2026-07-14 18:08:58.544 8 INFO neutron.plugins.ml2.drivers.ovn.mech_driver.ovsdb.impl_idl_ovn [None req-e60ed653-f5ce-4707-839b-38d3f19cc3d7 - - - - - -] Getting OvsdbNbOvnIdl for WorkerService with retry
2026-07-14 18:08:58.564 7 INFO ovsdbapp.backend.ovs_idl.vlog [None req-f9e7eba8-d212-4c22-84b0-0ee0403fece4 - - - - - -] tcp:10.98.239.158:6642: connecting...
2026-07-14 18:08:58.564 7 INFO ovsdbapp.backend.ovs_idl.vlog [None req-f9e7eba8-d212-4c22-84b0-0ee0403fece4 - - - - - -] tcp:10.98.239.158:6642: connected
2026-07-14 18:08:58.577 8 INFO ovsdbapp.backend.ovs_idl.vlog [None req-e60ed653-f5ce-4707-839b-38d3f19cc3d7 - - - - - -] tcp:10.108.216.78:6641: connecting...
2026-07-14 18:08:58.577 8 INFO ovsdbapp.backend.ovs_idl.vlog [None req-e60ed653-f5ce-4707-839b-38d3f19cc3d7 - - - - - -] tcp:10.108.216.78:6641: connected
2026-07-14 18:08:58.596 7 INFO neutron.plugins.ml2.drivers.ovn.mech_driver.mech_driver [None req-f9e7eba8-d212-4c22-84b0-0ee0403fece4 - - - - - -] WorkerService process has finished the post initialization
2026-07-14 18:08:58.597 7 INFO neutron.plugins.ml2.drivers.ovn.mech_driver.ovsdb.extensions.qos [-] Starting OVNClientQosExtension
2026-07-14 18:08:58.598 7 INFO neutron.plugins.ml2.drivers.ovn.mech_driver.ovsdb.extensions.placement [-] Starting OVNClientPlacementExtension
2026-07-14 18:08:58.617 8 INFO neutron.plugins.ml2.drivers.ovn.mech_driver.ovsdb.impl_idl_ovn [None req-e60ed653-f5ce-4707-839b-38d3f19cc3d7 - - - - - -] Getting OvsdbSbOvnIdl for WorkerService with retry
2026-07-14 18:08:58.637 7 INFO ovsdbapp.backend.ovs_idl.vlog [None req-f9e7eba8-d212-4c22-84b0-0ee0403fece4 - - - - - -] tcp:10.108.216.78:6641: connecting...
2026-07-14 18:08:58.637 7 INFO ovsdbapp.backend.ovs_idl.vlog [None req-f9e7eba8-d212-4c22-84b0-0ee0403fece4 - - - - - -] tcp:10.108.216.78:6641: connected
2026-07-14 18:08:58.646 8 INFO ovsdbapp.backend.ovs_idl.vlog [None req-e60ed653-f5ce-4707-839b-38d3f19cc3d7 - - - - - -] tcp:10.98.239.158:6642: connecting...
2026-07-14 18:08:58.647 8 INFO ovsdbapp.backend.ovs_idl.vlog [None req-e60ed653-f5ce-4707-839b-38d3f19cc3d7 - - - - - -] tcp:10.98.239.158:6642: connected
2026-07-14 18:08:58.689 8 INFO neutron.plugins.ml2.drivers.ovn.mech_driver.mech_driver [None req-e60ed653-f5ce-4707-839b-38d3f19cc3d7 - - - - - -] WorkerService process has finished the post initialization
2026-07-14 18:08:58.714 8 INFO ovsdbapp.backend.ovs_idl.vlog [None req-e60ed653-f5ce-4707-839b-38d3f19cc3d7 - - - - - -] tcp:10.108.216.78:6641: connecting...
2026-07-14 18:08:58.715 8 INFO ovsdbapp.backend.ovs_idl.vlog [None req-e60ed653-f5ce-4707-839b-38d3f19cc3d7 - - - - - -] tcp:10.108.216.78:6641: connected
2026-07-14 18:08:58.754 8 INFO ovsdbapp.backend.ovs_idl.vlog [None req-e60ed653-f5ce-4707-839b-38d3f19cc3d7 - - - - - -] tcp:10.108.216.78:6641: connecting...
2026-07-14 18:08:58.754 8 INFO ovsdbapp.backend.ovs_idl.vlog [None req-e60ed653-f5ce-4707-839b-38d3f19cc3d7 - - - - - -] tcp:10.108.216.78:6641: connected WSGI app 0 (mountpoint='') ready in 10 seconds on interpreter 0x7f05120ff668 pid: 8 (default app)
2026-07-14 18:08:59.020 7 INFO ovsdbapp.backend.ovs_idl.vlog [None req-f9e7eba8-d212-4c22-84b0-0ee0403fece4 - - - - - -] tcp:10.108.216.78:6641: connecting...
2026-07-14 18:08:59.020 7 INFO ovsdbapp.backend.ovs_idl.vlog [None req-f9e7eba8-d212-4c22-84b0-0ee0403fece4 - - - - - -] tcp:10.108.216.78:6641: connected WSGI app 0 (mountpoint='') ready in 11 seconds on interpreter 0x7f05120ff668 pid: 7 (default app) /var/lib/openstack/lib/python3.12/site-packages/pycadf/identifier.py:70: UserWarning: Invalid uuid: unknown. To ensure interoperability, identifiers should be a valid uuid. warnings.warn(('Invalid uuid: %s. To ensure interoperability, '
2026-07-14 18:09:06.579 8 INFO neutron.pecan_wsgi.hooks.translation [None req-d60b7197-e311-4c00-a968-a3ebd614c4dc 8ab5561a772a4a7a8eeaf5280e218533 7fd4a9937cc0457f8113c25bc74d665e - - default default] GET failed (client error): The resource could not be found. [pid: 8|app: 0|req: 3/3] 199.204.45.53 () {44 vars in 923 bytes} [Tue Jul 14 18:09:05 2026] GET /v2.0/networks/public => generated 108 bytes in 1094 msecs (HTTP/1.1 404) 4 headers in 164 bytes (1 switches on core 0) /var/lib/openstack/lib/python3.12/site-packages/pycadf/identifier.py:70: UserWarning: Invalid uuid: unknown. To ensure interoperability, identifiers should be a valid uuid. warnings.warn(('Invalid uuid: %s. To ensure interoperability, ' [pid: 7|app: 0|req: 1/4] 199.204.45.53 () {44 vars in 945 bytes} [Tue Jul 14 18:09:06 2026] GET /v2.0/networks?name=public => generated 15 bytes in 250 msecs (HTTP/1.1 200) 4 headers in 156 bytes (1 switches on core 0)
2026-07-14 18:09:07.295 8 INFO neutron.plugins.ml2.drivers.ovn.mech_driver.ovsdb.extensions.qos [None req-4d87c285-dd81-4304-baf5-9e30c99ca20d 8ab5561a772a4a7a8eeaf5280e218533 7fd4a9937cc0457f8113c25bc74d665e - - default default] Starting OVNClientQosExtension
2026-07-14 18:09:07.296 8 INFO neutron.plugins.ml2.drivers.ovn.mech_driver.ovsdb.extensions.placement [None req-4d87c285-dd81-4304-baf5-9e30c99ca20d 8ab5561a772a4a7a8eeaf5280e218533 7fd4a9937cc0457f8113c25bc74d665e - - default default] Starting OVNClientPlacementExtension
2026-07-14 18:09:07.342 8 INFO neutron.db.ovn_revision_numbers_db [None req-4d87c285-dd81-4304-baf5-9e30c99ca20d 8ab5561a772a4a7a8eeaf5280e218533 7fd4a9937cc0457f8113c25bc74d665e - - default default] Successfully bumped revision number for resource 49db322e-1082-4862-8249-6cbef7029108 (type: security_groups) to 1
2026-07-14 18:09:07.367 8 INFO neutron.db.ovn_revision_numbers_db [None req-4d87c285-dd81-4304-baf5-9e30c99ca20d 8ab5561a772a4a7a8eeaf5280e218533 7fd4a9937cc0457f8113c25bc74d665e - - default default] Successfully bumped revision number for resource 128d6d91-1c72-4c62-a9df-3e232ffb3492 (type: security_group_rules) to 0
2026-07-14 18:09:07.382 8 INFO neutron.db.ovn_revision_numbers_db [None req-4d87c285-dd81-4304-baf5-9e30c99ca20d 8ab5561a772a4a7a8eeaf5280e218533 7fd4a9937cc0457f8113c25bc74d665e - - default default] Successfully bumped revision number for resource 3764dea4-90ad-4924-bffd-53a26cc5f4c5 (type: security_group_rules) to 0
2026-07-14 18:09:07.396 8 INFO neutron.db.ovn_revision_numbers_db [None req-4d87c285-dd81-4304-baf5-9e30c99ca20d 8ab5561a772a4a7a8eeaf5280e218533 7fd4a9937cc0457f8113c25bc74d665e - - default default] Successfully bumped revision number for resource b8ae7cec-5b99-4190-86be-f99feb25cb41 (type: security_group_rules) to 0
2026-07-14 18:09:07.412 8 INFO neutron.db.ovn_revision_numbers_db [None req-4d87c285-dd81-4304-baf5-9e30c99ca20d 8ab5561a772a4a7a8eeaf5280e218533 7fd4a9937cc0457f8113c25bc74d665e - - default default] Successfully bumped revision number for resource d9762f3f-70ad-4189-899e-4c63387eb08f (type: security_group_rules) to 0
2026-07-14 18:09:07.518 8 WARNING neutron.services.revisions.revision_plugin [None req-4d87c285-dd81-4304-baf5-9e30c99ca20d 8ab5561a772a4a7a8eeaf5280e218533 7fd4a9937cc0457f8113c25bc74d665e - - default default] Could not find related network for resource to bump revision.
2026-07-14 18:09:07.549 8 INFO neutron.db.segments_db [None req-4d87c285-dd81-4304-baf5-9e30c99ca20d 8ab5561a772a4a7a8eeaf5280e218533 7fd4a9937cc0457f8113c25bc74d665e - - default default] Added segment 84d969a2-9c39-45cf-af17-56575a237f16 of type flat for network 8042f489-01a1-42d8-8a02-6c628ae0192a
2026-07-14 18:09:07.702 7 INFO neutron.plugins.ml2.drivers.ovn.mech_driver.mech_driver [-] OVN reports status down for port: provnet-84d969a2-9c39-45cf-af17-56575a237f16
2026-07-14 18:09:07.706 8 INFO neutron.plugins.ml2.drivers.ovn.mech_driver.mech_driver [-] OVN reports status down for port: provnet-84d969a2-9c39-45cf-af17-56575a237f16
2026-07-14 18:09:07.768 8 INFO neutron.db.ovn_revision_numbers_db [None req-4d87c285-dd81-4304-baf5-9e30c99ca20d 8ab5561a772a4a7a8eeaf5280e218533 7fd4a9937cc0457f8113c25bc74d665e - - default default] Successfully bumped revision number for resource 8042f489-01a1-42d8-8a02-6c628ae0192a (type: networks) to 1
2026-07-14 18:09:08.281 8 WARNING neutron.scheduler.dhcp_agent_scheduler [None req-4d87c285-dd81-4304-baf5-9e30c99ca20d 8ab5561a772a4a7a8eeaf5280e218533 7fd4a9937cc0457f8113c25bc74d665e - - default default] No more DHCP agents
2026-07-14 18:09:08.283 8 WARNING neutron.api.rpc.agentnotifiers.dhcp_rpc_agent_api [None req-4d87c285-dd81-4304-baf5-9e30c99ca20d 8ab5561a772a4a7a8eeaf5280e218533 7fd4a9937cc0457f8113c25bc74d665e - - default default] Unable to schedule network 8042f489-01a1-42d8-8a02-6c628ae0192a: no agents available; will retry on subsequent port and subnet creation events.
2026-07-14 18:09:08.350 7 INFO neutron.plugins.ml2.drivers.ovn.mech_driver.mech_driver [None req-2d5cec21-1cd0-4c2c-ba1e-9c5c8e30afa8 - - - - - -] OVN reports status down for port: 26b62134-34e6-4a1b-a608-58650331f1f4
2026-07-14 18:09:08.393 8 INFO neutron.db.ovn_revision_numbers_db [None req-4d87c285-dd81-4304-baf5-9e30c99ca20d 8ab5561a772a4a7a8eeaf5280e218533 7fd4a9937cc0457f8113c25bc74d665e - - default default] Successfully bumped revision number for resource 26b62134-34e6-4a1b-a608-58650331f1f4 (type: ports) to 1 [pid: 8|app: 0|req: 4/6] 199.204.45.53 () {48 vars in 963 bytes} [Tue Jul 14 18:09:06 2026] POST /v2.0/networks => generated 744 bytes in 1586 msecs (HTTP/1.1 201) 4 headers in 162 bytes (1 switches on core 0)
2026-07-14 18:09:10.085 7 INFO neutron.pecan_wsgi.hooks.translation [None req-072a9402-12de-4f7c-8b79-8e1529b3df2c 8ab5561a772a4a7a8eeaf5280e218533 7fd4a9937cc0457f8113c25bc74d665e - - default default] GET failed (client error): The resource could not be found. [pid: 7|app: 0|req: 3/7] 199.204.45.53 () {44 vars in 923 bytes} [Tue Jul 14 18:09:09 2026] GET /v2.0/networks/public => generated 108 bytes in 441 msecs (HTTP/1.1 404) 4 headers in 164 bytes (1 switches on core 0) [pid: 8|app: 0|req: 5/8] 199.204.45.53 () {44 vars in 945 bytes} [Tue Jul 14 18:09:10 2026] GET /v2.0/networks?name=public => generated 753 bytes in 46 msecs (HTTP/1.1 200) 4 headers in 157 bytes (1 switches on core 0)
2026-07-14 18:09:10.172 7 INFO neutron.pecan_wsgi.hooks.translation [None req-76256b02-1f35-4b23-8efd-db93e133e19e 8ab5561a772a4a7a8eeaf5280e218533 7fd4a9937cc0457f8113c25bc74d665e - - default default] GET failed (client error): The resource could not be found. [pid: 7|app: 0|req: 4/9] 199.204.45.53 () {44 vars in 1030 bytes} [Tue Jul 14 18:09:10 2026] GET /v2.0/subnets/public-subnet?network_id=8042f489-01a1-42d8-8a02-6c628ae0192a => generated 113 bytes in 30 msecs (HTTP/1.1 404) 4 headers in 164 bytes (1 switches on core 0) [pid: 8|app: 0|req: 6/10] 199.204.45.53 () {44 vars in 1053 bytes} [Tue Jul 14 18:09:10 2026] GET /v2.0/subnets?name=public-subnet&network_id=8042f489-01a1-42d8-8a02-6c628ae0192a => generated 14 bytes in 24 msecs (HTTP/1.1 200) 4 headers in 156 bytes (1 switches on core 0)
2026-07-14 18:09:10.663 7 WARNING neutron.scheduler.dhcp_agent_scheduler [None req-f2e9cf6b-fd41-4547-8151-9443e2183a53 8ab5561a772a4a7a8eeaf5280e218533 7fd4a9937cc0457f8113c25bc74d665e - - default default] No more DHCP agents
2026-07-14 18:09:10.664 7 WARNING neutron.api.rpc.agentnotifiers.dhcp_rpc_agent_api [None req-f2e9cf6b-fd41-4547-8151-9443e2183a53 8ab5561a772a4a7a8eeaf5280e218533 7fd4a9937cc0457f8113c25bc74d665e - - default default] Unable to schedule network 8042f489-01a1-42d8-8a02-6c628ae0192a: no agents available; will retry on subsequent port and subnet creation events.
2026-07-14 18:09:11.550 7 INFO neutron.db.ovn_revision_numbers_db [None req-76a2ff4f-0cff-4d01-a639-05fc87a0f6c2 - - - - - -] Successfully bumped revision number for resource 26b62134-34e6-4a1b-a608-58650331f1f4 (type: ports) to 2
2026-07-14 18:09:11.600 7 INFO neutron.db.ovn_revision_numbers_db [None req-76a2ff4f-0cff-4d01-a639-05fc87a0f6c2 - - - - - -] Successfully bumped revision number for resource 1544b67d-78b5-44cb-9697-4ee16f049975 (type: subnets) to 0 [pid: 7|app: 0|req: 5/11] 199.204.45.53 () {48 vars in 961 bytes} [Tue Jul 14 18:09:10 2026] POST /v2.0/subnets => generated 664 bytes in 1418 msecs (HTTP/1.1 201) 4 headers in 162 bytes (1 switches on core 0)
2026-07-14 18:14:11.263 7 INFO neutron.pecan_wsgi.hooks.translation [None req-59ab8b1f-4926-4feb-9a10-c90ed713f17a 8ab5561a772a4a7a8eeaf5280e218533 7fd4a9937cc0457f8113c25bc74d665e - - default default] GET failed (client error): The resource could not be found. [pid: 7|app: 0|req: 25/50] 199.204.45.53 () {44 vars in 933 bytes} [Tue Jul 14 18:14:11 2026] GET /v2.0/networks/lb-mgmt-net => generated 113 bytes in 128 msecs (HTTP/1.1 404) 4 headers in 164 bytes (1 switches on core 0) [pid: 8|app: 0|req: 26/51] 199.204.45.53 () {44 vars in 955 bytes} [Tue Jul 14 18:14:11 2026] GET /v2.0/networks?name=lb-mgmt-net => generated 15 bytes in 20 msecs (HTTP/1.1 200) 4 headers in 156 bytes (1 switches on core 0)
2026-07-14 18:14:11.398 7 INFO neutron.db.segments_db [None req-3c3f1bbf-25a1-4460-bdb0-e3cf930c71ba 8ab5561a772a4a7a8eeaf5280e218533 7fd4a9937cc0457f8113c25bc74d665e - - default default] Added segment ab666888-397a-4ef3-9884-f0bae16c0533 of type geneve for network ce90ae03-b511-4edb-a9ea-4d460459b7fb
2026-07-14 18:14:11.556 7 INFO neutron.db.ovn_revision_numbers_db [None req-3c3f1bbf-25a1-4460-bdb0-e3cf930c71ba 8ab5561a772a4a7a8eeaf5280e218533 7fd4a9937cc0457f8113c25bc74d665e - - default default] Successfully bumped revision number for resource ce90ae03-b511-4edb-a9ea-4d460459b7fb (type: networks) to 1
