2026-07-14 18:50:56.262 7 INFO neutron.db.ovn_revision_numbers_db [None req-fc1030ec-6040-4d45-9edf-e973972f88b2 8ab5561a772a4a7a8eeaf5280e218533 7fd4a9937cc0457f8113c25bc74d665e - - default default] Successfully bumped revision number for resource 65c428b4-4d47-41d4-8443-59e378f252c4 (type: security_group_rules) to 0
2026-07-14 18:50:56.273 7 INFO neutron.db.ovn_revision_numbers_db [None req-fc1030ec-6040-4d45-9edf-e973972f88b2 8ab5561a772a4a7a8eeaf5280e218533 7fd4a9937cc0457f8113c25bc74d665e - - default default] Successfully bumped revision number for resource aa9b4f28-746f-436d-8bbe-bf30adc732e4 (type: security_group_rules) to 0
2026-07-14 18:50:56.284 7 INFO neutron.db.ovn_revision_numbers_db [None req-fc1030ec-6040-4d45-9edf-e973972f88b2 8ab5561a772a4a7a8eeaf5280e218533 7fd4a9937cc0457f8113c25bc74d665e - - default default] Successfully bumped revision number for resource c3edf43d-822c-4291-9cd5-9df677e256ff (type: security_group_rules) to 0 [pid: 7|app: 0|req: 1010/2026] 10.0.0.229 () {32 vars in 774 bytes} [Tue Jul 14 18:50:56 2026] GET /v2.0/security-groups?tenant_id=234cdca44cea40ba9f65c3d2bd10f7d4&name=default => generated 2925 bytes in 234 msecs (HTTP/1.1 200) 4 headers in 158 bytes (1 switches on core 0)
2026-07-14 18:50:56.369 8 WARNING neutron.scheduler.dhcp_agent_scheduler [None req-3582e45e-b32b-4e72-a307-3d5a3b269163 8da08d7b1fdc4279a3e822165e580f85 3e26fd0898fa458195a490618b237088 - - default default] No more DHCP agents
2026-07-14 18:50:56.370 8 WARNING neutron.api.rpc.agentnotifiers.dhcp_rpc_agent_api [None req-3582e45e-b32b-4e72-a307-3d5a3b269163 8da08d7b1fdc4279a3e822165e580f85 3e26fd0898fa458195a490618b237088 - - default default] Unable to schedule network e3547925-69de-4fa1-974e-63431c9aad77: no agents available; will retry on subsequent port and subnet creation events. [pid: 7|app: 0|req: 1011/2027] 10.0.0.229 () {32 vars in 740 bytes} [Tue Jul 14 18:50:56 2026] DELETE /v2.0/security-groups/2c35b70f-54fc-4a3c-a1f6-0373646f116e => generated 0 bytes in 97 msecs (HTTP/1.1 204) 2 headers in 112 bytes (1 switches on core 0) [pid: 7|app: 0|req: 1012/2028] 10.0.0.229 () {32 vars in 740 bytes} [Tue Jul 14 18:50:56 2026] DELETE /v2.0/security-groups/91c98729-a03d-4f28-b773-e83d13d44d0a => generated 0 bytes in 195 msecs (HTTP/1.1 204) 2 headers in 112 bytes (1 switches on core 0)
2026-07-14 18:50:56.773 8 INFO neutron.db.ovn_revision_numbers_db [None req-b173a956-6fbe-4a9c-bfa8-17d512023e6a - - - - - -] Successfully bumped revision number for resource 03de329f-7f8a-4188-80fb-7301f1c35347 (type: ports) to 2
2026-07-14 18:50:56.804 8 INFO neutron.db.ovn_revision_numbers_db [None req-b173a956-6fbe-4a9c-bfa8-17d512023e6a - - - - - -] Successfully bumped revision number for resource 2284ceb8-17cf-474b-8d42-c98ac6eadd26 (type: subnets) to 0 [pid: 7|app: 0|req: 1013/2029] 10.0.0.229 () {32 vars in 740 bytes} [Tue Jul 14 18:50:56 2026] DELETE /v2.0/security-groups/729a86d9-a152-4dcb-9738-596d4c832d07 => generated 0 bytes in 196 msecs (HTTP/1.1 204) 2 headers in 112 bytes (1 switches on core 0) [pid: 8|app: 0|req: 1017/2030] 10.0.0.229 () {34 vars in 669 bytes} [Tue Jul 14 18:50:56 2026] POST /v2.0/subnets => generated 629 bytes in 615 msecs (HTTP/1.1 201) 4 headers in 162 bytes (1 switches on core 0) [pid: 7|app: 0|req: 1014/2031] 10.0.0.229 () {32 vars in 740 bytes} [Tue Jul 14 18:50:56 2026] DELETE /v2.0/security-groups/0d63983c-e884-474a-b037-37e693087638 => generated 0 bytes in 104 msecs (HTTP/1.1 204) 2 headers in 112 bytes (1 switches on core 0)
2026-07-14 18:50:56.921 8 INFO neutron.db.ovn_revision_numbers_db [None req-b8a00eb1-0ecb-4b4c-97a9-5dd4ef727628 8ab5561a772a4a7a8eeaf5280e218533 7fd4a9937cc0457f8113c25bc74d665e - - default default] Successfully bumped revision number for resource de1e05d0-0593-4789-a8b3-47532fb1a8f0 (type: security_groups) to 1
2026-07-14 18:50:56.936 8 INFO neutron.db.ovn_revision_numbers_db [None req-b8a00eb1-0ecb-4b4c-97a9-5dd4ef727628 8ab5561a772a4a7a8eeaf5280e218533 7fd4a9937cc0457f8113c25bc74d665e - - default default] Successfully bumped revision number for resource 0b21dcfd-04bc-4fbc-9b9c-10897f6ea3fc (type: security_group_rules) to 0
2026-07-14 18:50:56.949 8 INFO neutron.db.ovn_revision_numbers_db [None req-b8a00eb1-0ecb-4b4c-97a9-5dd4ef727628 8ab5561a772a4a7a8eeaf5280e218533 7fd4a9937cc0457f8113c25bc74d665e - - default default] Successfully bumped revision number for resource 50677f58-ec3b-46bc-8c83-e4baca92b4de (type: security_group_rules) to 0
2026-07-14 18:50:56.963 8 INFO neutron.db.ovn_revision_numbers_db [None req-b8a00eb1-0ecb-4b4c-97a9-5dd4ef727628 8ab5561a772a4a7a8eeaf5280e218533 7fd4a9937cc0457f8113c25bc74d665e - - default default] Successfully bumped revision number for resource 902cfd9d-037e-48eb-af02-93f5c1872f03 (type: security_group_rules) to 0
2026-07-14 18:50:56.977 8 INFO neutron.db.ovn_revision_numbers_db [None req-b8a00eb1-0ecb-4b4c-97a9-5dd4ef727628 8ab5561a772a4a7a8eeaf5280e218533 7fd4a9937cc0457f8113c25bc74d665e - - default default] Successfully bumped revision number for resource ea6c5bcd-566d-4a2d-930a-6af5ff920f4a (type: security_group_rules) to 0
2026-07-14 18:50:57.001 7 INFO neutron.db.segments_db [None req-8a1c5861-5e55-4984-b9d4-3341175710eb 8da08d7b1fdc4279a3e822165e580f85 3e26fd0898fa458195a490618b237088 - - default default] Added segment f17af051-bf32-4154-9e02-96195b9f7f3a of type geneve for network a18ff8a8-024e-48c8-b4d1-de4f36a42564 [pid: 8|app: 0|req: 1018/2032] 10.0.0.229 () {32 vars in 774 bytes} [Tue Jul 14 18:50:56 2026] GET /v2.0/security-groups?tenant_id=48d2829439ca48689b3ce79f921d41ec&name=default => generated 2925 bytes in 202 msecs (HTTP/1.1 200) 4 headers in 158 bytes (1 switches on core 0) [pid: 8|app: 0|req: 1019/2033] 10.0.0.229 () {32 vars in 774 bytes} [Tue Jul 14 18:50:57 2026] GET /v2.0/security-groups?tenant_id=4752984719a647d79ff138a19284de6b&name=default => generated 2925 bytes in 30 msecs (HTTP/1.1 200) 4 headers in 158 bytes (1 switches on core 0)
2026-07-14 18:50:57.129 7 INFO neutron.db.ovn_revision_numbers_db [None req-8a1c5861-5e55-4984-b9d4-3341175710eb 8da08d7b1fdc4279a3e822165e580f85 3e26fd0898fa458195a490618b237088 - - default default] Successfully bumped revision number for resource a18ff8a8-024e-48c8-b4d1-de4f36a42564 (type: networks) to 1 [pid: 8|app: 0|req: 1020/2034] 10.0.0.229 () {32 vars in 740 bytes} [Tue Jul 14 18:50:57 2026] DELETE /v2.0/security-groups/de1e05d0-0593-4789-a8b3-47532fb1a8f0 => generated 0 bytes in 214 msecs (HTTP/1.1 204) 2 headers in 112 bytes (1 switches on core 0)
2026-07-14 18:50:57.302 7 WARNING neutron.scheduler.dhcp_agent_scheduler [None req-8a1c5861-5e55-4984-b9d4-3341175710eb 8da08d7b1fdc4279a3e822165e580f85 3e26fd0898fa458195a490618b237088 - - default default] No more DHCP agents
2026-07-14 18:50:57.304 7 WARNING neutron.api.rpc.agentnotifiers.dhcp_rpc_agent_api [None req-8a1c5861-5e55-4984-b9d4-3341175710eb 8da08d7b1fdc4279a3e822165e580f85 3e26fd0898fa458195a490618b237088 - - default default] Unable to schedule network a18ff8a8-024e-48c8-b4d1-de4f36a42564: no agents available; will retry on subsequent port and subnet creation events.
2026-07-14 18:50:57.341 8 INFO neutron.plugins.ml2.drivers.ovn.mech_driver.mech_driver [None req-8d333ea9-fd07-401c-9bfe-8b257072e16e - - - - - -] OVN reports status down for port: 796e0574-ecb7-41ac-8664-f48a34fa124a
2026-07-14 18:50:57.372 7 INFO neutron.db.ovn_revision_numbers_db [None req-8a1c5861-5e55-4984-b9d4-3341175710eb 8da08d7b1fdc4279a3e822165e580f85 3e26fd0898fa458195a490618b237088 - - default default] Successfully bumped revision number for resource 796e0574-ecb7-41ac-8664-f48a34fa124a (type: ports) to 1 [pid: 7|app: 0|req: 1015/2035] 10.0.0.229 () {34 vars in 670 bytes} [Tue Jul 14 18:50:56 2026] POST /v2.0/networks => generated 650 bytes in 478 msecs (HTTP/1.1 201) 4 headers in 162 bytes (1 switches on core 0) [pid: 8|app: 0|req: 1021/2036] 10.0.0.229 () {32 vars in 740 bytes} [Tue Jul 14 18:50:57 2026] DELETE /v2.0/security-groups/f7106f27-04bf-4016-8adf-ea35ecc04dd6 => generated 0 bytes in 284 msecs (HTTP/1.1 204) 2 headers in 112 bytes (1 switches on core 0)
2026-07-14 18:50:57.595 7 WARNING neutron.scheduler.dhcp_agent_scheduler [None req-e2683b01-0e44-44ed-a7f8-9e8a33b80d11 8da08d7b1fdc4279a3e822165e580f85 3e26fd0898fa458195a490618b237088 - - default default] No more DHCP agents
2026-07-14 18:50:57.596 7 WARNING neutron.api.rpc.agentnotifiers.dhcp_rpc_agent_api [None req-e2683b01-0e44-44ed-a7f8-9e8a33b80d11 8da08d7b1fdc4279a3e822165e580f85 3e26fd0898fa458195a490618b237088 - - default default] Unable to schedule network a18ff8a8-024e-48c8-b4d1-de4f36a42564: no agents available; will retry on subsequent port and subnet creation events.
2026-07-14 18:50:57.956 8 INFO neutron.db.ovn_revision_numbers_db [None req-0a0fcce7-7c3b-40e3-800d-3f6e90e8cde4 8ab5561a772a4a7a8eeaf5280e218533 7fd4a9937cc0457f8113c25bc74d665e - - default default] Successfully bumped revision number for resource 99d6d850-cfa7-4f0b-a69c-4cb2555a5ca0 (type: security_groups) to 1
2026-07-14 18:50:57.968 8 INFO neutron.db.ovn_revision_numbers_db [None req-0a0fcce7-7c3b-40e3-800d-3f6e90e8cde4 8ab5561a772a4a7a8eeaf5280e218533 7fd4a9937cc0457f8113c25bc74d665e - - default default] Successfully bumped revision number for resource 61e45aff-a264-4b14-bd47-31811ba37c67 (type: security_group_rules) to 0
2026-07-14 18:50:57.994 8 INFO neutron.db.ovn_revision_numbers_db [None req-0a0fcce7-7c3b-40e3-800d-3f6e90e8cde4 8ab5561a772a4a7a8eeaf5280e218533 7fd4a9937cc0457f8113c25bc74d665e - - default default] Successfully bumped revision number for resource 73a4aa86-c174-4a99-8df3-e9c167a949d8 (type: security_group_rules) to 0
2026-07-14 18:50:58.007 8 INFO neutron.db.ovn_revision_numbers_db [None req-0a0fcce7-7c3b-40e3-800d-3f6e90e8cde4 8ab5561a772a4a7a8eeaf5280e218533 7fd4a9937cc0457f8113c25bc74d665e - - default default] Successfully bumped revision number for resource 85eb4f6f-e919-4cba-bd19-43bff3487bcc (type: security_group_rules) to 0
2026-07-14 18:50:58.015 7 INFO neutron.db.ovn_revision_numbers_db [None req-e23baafd-756f-4b0c-a838-de45a8d9d4b8 - - - - - -] Successfully bumped revision number for resource 796e0574-ecb7-41ac-8664-f48a34fa124a (type: ports) to 2
2026-07-14 18:50:58.017 8 INFO neutron.db.ovn_revision_numbers_db [None req-0a0fcce7-7c3b-40e3-800d-3f6e90e8cde4 8ab5561a772a4a7a8eeaf5280e218533 7fd4a9937cc0457f8113c25bc74d665e - - default default] Successfully bumped revision number for resource bbd787d3-848d-4127-91e2-a647a80bffb4 (type: security_group_rules) to 0
2026-07-14 18:50:58.054 7 INFO neutron.db.ovn_revision_numbers_db [None req-e23baafd-756f-4b0c-a838-de45a8d9d4b8 - - - - - -] Successfully bumped revision number for resource d6c12462-d0ff-4ce8-8297-222de4c18a77 (type: subnets) to 0 [pid: 8|app: 0|req: 1022/2037] 10.0.0.229 () {32 vars in 774 bytes} [Tue Jul 14 18:50:57 2026] GET /v2.0/security-groups?tenant_id=58add154d4254931b10d6c91db6c2d7b&name=default => generated 2925 bytes in 403 msecs (HTTP/1.1 200) 4 headers in 158 bytes (1 switches on core 0) [pid: 7|app: 0|req: 1016/2038] 10.0.0.229 () {34 vars in 669 bytes} [Tue Jul 14 18:50:57 2026] POST /v2.0/subnets => generated 629 bytes in 673 msecs (HTTP/1.1 201) 4 headers in 162 bytes (1 switches on core 0)
2026-07-14 18:50:58.184 8 INFO neutron.db.ovn_revision_numbers_db [None req-44965b3a-9fe4-43c0-b241-9ea55ab10086 8ab5561a772a4a7a8eeaf5280e218533 7fd4a9937cc0457f8113c25bc74d665e - - default default] Successfully bumped revision number for resource 71cb4355-3d69-4b65-9eb4-4cd17e11f6a7 (type: security_groups) to 1
2026-07-14 18:50:58.194 8 INFO neutron.db.ovn_revision_numbers_db [None req-44965b3a-9fe4-43c0-b241-9ea55ab10086 8ab5561a772a4a7a8eeaf5280e218533 7fd4a9937cc0457f8113c25bc74d665e - - default default] Successfully bumped revision number for resource 4c0fa4e5-163a-48fc-9b0c-41bfc4b60256 (type: security_group_rules) to 0
2026-07-14 18:50:58.205 8 INFO neutron.db.ovn_revision_numbers_db [None req-44965b3a-9fe4-43c0-b241-9ea55ab10086 8ab5561a772a4a7a8eeaf5280e218533 7fd4a9937cc0457f8113c25bc74d665e - - default default] Successfully bumped revision number for resource 4fade4a7-1835-4867-8724-27e339517315 (type: security_group_rules) to 0
2026-07-14 18:50:58.225 8 INFO neutron.db.ovn_revision_numbers_db [None req-44965b3a-9fe4-43c0-b241-9ea55ab10086 8ab5561a772a4a7a8eeaf5280e218533 7fd4a9937cc0457f8113c25bc74d665e - - default default] Successfully bumped revision number for resource a4de6aeb-ff6f-4948-bee8-0b1de5561260 (type: security_group_rules) to 0
2026-07-14 18:50:58.241 8 INFO neutron.db.ovn_revision_numbers_db [None req-44965b3a-9fe4-43c0-b241-9ea55ab10086 8ab5561a772a4a7a8eeaf5280e218533 7fd4a9937cc0457f8113c25bc74d665e - - default default] Successfully bumped revision number for resource e0710f6f-eff0-4aa6-86c2-0b161cbc69d0 (type: security_group_rules) to 0 [pid: 7|app: 0|req: 1017/2039] 10.0.0.229 () {32 vars in 740 bytes} [Tue Jul 14 18:50:58 2026] DELETE /v2.0/security-groups/99d6d850-cfa7-4f0b-a69c-4cb2555a5ca0 => generated 0 bytes in 197 msecs (HTTP/1.1 204) 2 headers in 112 bytes (1 switches on core 0) [pid: 8|app: 0|req: 1023/2040] 10.0.0.229 () {32 vars in 774 bytes} [Tue Jul 14 18:50:58 2026] GET /v2.0/security-groups?tenant_id=b0444c3f6dcf463e83f06f569f5f61ef&name=default => generated 2925 bytes in 217 msecs (HTTP/1.1 200) 4 headers in 158 bytes (1 switches on core 0) [pid: 7|app: 0|req: 1018/2041] 10.0.0.229 () {34 vars in 751 bytes} [Tue Jul 14 18:50:58 2026] PUT /v2.0/subnets/d1fe7ede-7c2a-4821-952d-1bb56acadab3/tags => generated 17 bytes in 78 msecs (HTTP/1.1 200) 4 headers in 156 bytes (1 switches on core 0) [pid: 7|app: 0|req: 1019/2042] 10.0.0.229 () {34 vars in 751 bytes} [Tue Jul 14 18:50:58 2026] PUT /v2.0/subnets/87f87c5b-c68c-400d-a705-aac3fb3f0d2e/tags => generated 25 bytes in 62 msecs (HTTP/1.1 200) 4 headers in 156 bytes (1 switches on core 0) [pid: 8|app: 0|req: 1024/2043] 10.0.0.229 () {32 vars in 740 bytes} [Tue Jul 14 18:50:58 2026] DELETE /v2.0/security-groups/71cb4355-3d69-4b65-9eb4-4cd17e11f6a7 => generated 0 bytes in 225 msecs (HTTP/1.1 204) 2 headers in 112 bytes (1 switches on core 0)
2026-07-14 18:50:58.540 7 INFO neutron.db.ovn_revision_numbers_db [None req-1382f270-a329-4a4c-ac96-1a78d3e9db7f 8ab5561a772a4a7a8eeaf5280e218533 7fd4a9937cc0457f8113c25bc74d665e - - default default] Successfully bumped revision number for resource 36495b1d-a42a-4b75-9a5f-652cc2d25815 (type: security_groups) to 1
2026-07-14 18:50:58.552 7 INFO neutron.db.ovn_revision_numbers_db [None req-1382f270-a329-4a4c-ac96-1a78d3e9db7f 8ab5561a772a4a7a8eeaf5280e218533 7fd4a9937cc0457f8113c25bc74d665e - - default default] Successfully bumped revision number for resource 72922af1-e60d-44c1-8ed8-2a9214bd868e (type: security_group_rules) to 0
2026-07-14 18:50:58.563 7 INFO neutron.db.ovn_revision_numbers_db [None req-1382f270-a329-4a4c-ac96-1a78d3e9db7f 8ab5561a772a4a7a8eeaf5280e218533 7fd4a9937cc0457f8113c25bc74d665e - - default default] Successfully bumped revision number for resource 7f79dcb6-c4c6-4b01-9158-1e2d34d6514b (type: security_group_rules) to 0 [pid: 8|app: 0|req: 1025/2044] 10.0.0.229 () {34 vars in 751 bytes} [Tue Jul 14 18:50:58 2026] PUT /v2.0/subnets/5a0fe035-d5e1-45e8-9be6-a6cdd8668004/tags => generated 34 bytes in 63 msecs (HTTP/1.1 200) 4 headers in 156 bytes (1 switches on core 0)
2026-07-14 18:50:58.575 7 INFO neutron.db.ovn_revision_numbers_db [None req-1382f270-a329-4a4c-ac96-1a78d3e9db7f 8ab5561a772a4a7a8eeaf5280e218533 7fd4a9937cc0457f8113c25bc74d665e - - default default] Successfully bumped revision number for resource 8a19713e-2c35-44b2-b409-fea8cc5fe1ea (type: security_group_rules) to 0
2026-07-14 18:50:58.586 7 INFO neutron.db.ovn_revision_numbers_db [None req-1382f270-a329-4a4c-ac96-1a78d3e9db7f 8ab5561a772a4a7a8eeaf5280e218533 7fd4a9937cc0457f8113c25bc74d665e - - default default] Successfully bumped revision number for resource dc2ecb54-7b6c-4071-b791-314224cef4c8 (type: security_group_rules) to 0 [pid: 8|app: 0|req: 1026/2045] 10.0.0.229 () {34 vars in 751 bytes} [Tue Jul 14 18:50:58 2026] PUT /v2.0/subnets/2284ceb8-17cf-474b-8d42-c98ac6eadd26/tags => generated 19 bytes in 45 msecs (HTTP/1.1 200) 4 headers in 156 bytes (1 switches on core 0) [pid: 7|app: 0|req: 1020/2046] 10.0.0.229 () {32 vars in 774 bytes} [Tue Jul 14 18:50:58 2026] GET /v2.0/security-groups?tenant_id=da87c154c53842eab8c9e638c3bf94c7&name=default => generated 2925 bytes in 209 msecs (HTTP/1.1 200) 4 headers in 158 bytes (1 switches on core 0) [pid: 8|app: 0|req: 1027/2047] 10.0.0.229 () {32 vars in 664 bytes} [Tue Jul 14 18:50:58 2026] GET /v2.0/subnets?tags=red => generated 1904 bytes in 41 msecs (HTTP/1.1 200) 4 headers in 158 bytes (1 switches on core 0) [pid: 8|app: 0|req: 1028/2048] 10.0.0.229 () {32 vars in 678 bytes} [Tue Jul 14 18:50:58 2026] GET /v2.0/subnets?tags=red%2Cblue => generated 1283 bytes in 40 msecs (HTTP/1.1 200) 4 headers in 158 bytes (1 switches on core 0) [pid: 8|app: 0|req: 1029/2049] 10.0.0.229 () {32 vars in 674 bytes} [Tue Jul 14 18:50:58 2026] GET /v2.0/subnets?tags-any=blue => generated 1283 bytes in 40 msecs (HTTP/1.1 200) 4 headers in 158 bytes (1 switches on core 0) [pid: 8|app: 0|req: 1030/2050] 10.0.0.229 () {32 vars in 686 bytes} [Tue Jul 14 18:50:58 2026] GET /v2.0/subnets?tags-any=red%2Cblue => generated 1904 bytes in 42 msecs (HTTP/1.1 200) 4 headers in 158 bytes (1 switches on core 0) [pid: 8|app: 0|req: 1031/2051] 10.0.0.229 () {32 vars in 672 bytes} [Tue Jul 14 18:50:58 2026] GET /v2.0/subnets?not-tags=red => generated 1894 bytes in 43 msecs (HTTP/1.1 200) 4 headers in 158 bytes (1 switches on core 0) [pid: 7|app: 0|req: 1021/2052] 10.0.0.229 () {32 vars in 740 bytes} [Tue Jul 14 18:50:58 2026] DELETE /v2.0/security-groups/36495b1d-a42a-4b75-9a5f-652cc2d25815 => generated 0 bytes in 238 msecs (HTTP/1.1 204) 2 headers in 112 bytes (1 switches on core 0) [pid: 8|app: 0|req: 1032/2053] 10.0.0.229 () {32 vars in 686 bytes} [Tue Jul 14 18:50:58 2026] GET /v2.0/subnets?not-tags=red%2Cblue => generated 2515 bytes in 50 msecs (HTTP/1.1 200) 4 headers in 158 bytes (1 switches on core 0) [pid: 7|app: 0|req: 1022/2054] 10.0.0.229 () {32 vars in 682 bytes} [Tue Jul 14 18:50:58 2026] GET /v2.0/subnets?not-tags-any=blue => generated 2515 bytes in 48 msecs (HTTP/1.1 200) 4 headers in 158 bytes (1 switches on core 0) [pid: 8|app: 0|req: 1033/2055] 10.0.0.229 () {32 vars in 694 bytes} [Tue Jul 14 18:50:58 2026] GET /v2.0/subnets?not-tags-any=red%2Cblue => generated 1894 bytes in 56 msecs (HTTP/1.1 200) 4 headers in 158 bytes (1 switches on core 0) [pid: 7|app: 0|req: 1023/2056] 10.0.0.229 () {32 vars in 774 bytes} [Tue Jul 14 18:50:59 2026] GET /v2.0/security-groups?tenant_id=e5ef8926e33c40b9a4ea8a86641a1c91&name=default => generated 2925 bytes in 31 msecs (HTTP/1.1 200) 4 headers in 158 bytes (1 switches on core 0) [pid: 8|app: 0|req: 1034/2057] 10.0.0.229 () {32 vars in 724 bytes} [Tue Jul 14 18:50:59 2026] DELETE /v2.0/subnets/d1fe7ede-7c2a-4821-952d-1bb56acadab3 => generated 0 bytes in 175 msecs (HTTP/1.1 204) 3 headers in 131 bytes (1 switches on core 0) [pid: 7|app: 0|req: 1024/2058] 10.0.0.229 () {32 vars in 740 bytes} [Tue Jul 14 18:50:59 2026] DELETE /v2.0/security-groups/fd8bacad-a435-4da4-ac12-dbc2e9f49dc7 => generated 0 bytes in 214 msecs (HTTP/1.1 204) 2 headers in 112 bytes (1 switches on core 0) [pid: 8|app: 0|req: 1035/2059] 10.0.0.229 () {32 vars in 724 bytes} [Tue Jul 14 18:50:59 2026] DELETE /v2.0/subnets/87f87c5b-c68c-400d-a705-aac3fb3f0d2e => generated 0 bytes in 145 msecs (HTTP/1.1 204) 3 headers in 131 bytes (1 switches on core 0) [pid: 7|app: 0|req: 1025/2060] 10.0.0.229 () {32 vars in 724 bytes} [Tue Jul 14 18:50:59 2026] DELETE /v2.0/subnets/5a0fe035-d5e1-45e8-9be6-a6cdd8668004 => generated 0 bytes in 178 msecs (HTTP/1.1 204) 3 headers in 131 bytes (1 switches on core 0) [pid: 8|app: 0|req: 1036/2061] 10.0.0.229 () {32 vars in 724 bytes} [Tue Jul 14 18:50:59 2026] DELETE /v2.0/subnets/2284ceb8-17cf-474b-8d42-c98ac6eadd26 => generated 0 bytes in 146 msecs (HTTP/1.1 204) 3 headers in 131 bytes (1 switches on core 0)
2026-07-14 18:50:59.860 7 INFO neutron.db.ovn_revision_numbers_db [None req-408dc4b9-6ec8-4cdd-b5b4-fc4dad3a9168 8ab5561a772a4a7a8eeaf5280e218533 7fd4a9937cc0457f8113c25bc74d665e - - default default] Successfully bumped revision number for resource 166a8936-0468-4d6a-970a-5ff823f58062 (type: security_groups) to 1 [pid: 8|app: 0|req: 1037/2062] 10.0.0.229 () {32 vars in 724 bytes} [Tue Jul 14 18:50:59 2026] DELETE /v2.0/subnets/d6c12462-d0ff-4ce8-8297-222de4c18a77 => generated 0 bytes in 164 msecs (HTTP/1.1 204) 3 headers in 131 bytes (1 switches on core 0)
2026-07-14 18:50:59.874 7 INFO neutron.db.ovn_revision_numbers_db [None req-408dc4b9-6ec8-4cdd-b5b4-fc4dad3a9168 8ab5561a772a4a7a8eeaf5280e218533 7fd4a9937cc0457f8113c25bc74d665e - - default default] Successfully bumped revision number for resource 16283712-4b6d-40ea-862c-c02ed24ee4c8 (type: security_group_rules) to 0
2026-07-14 18:50:59.884 7 INFO neutron.db.ovn_revision_numbers_db [None req-408dc4b9-6ec8-4cdd-b5b4-fc4dad3a9168 8ab5561a772a4a7a8eeaf5280e218533 7fd4a9937cc0457f8113c25bc74d665e - - default default] Successfully bumped revision number for resource 3ad3d788-8267-4b86-b9fa-2b33c63b0470 (type: security_group_rules) to 0
2026-07-14 18:50:59.894 7 INFO neutron.db.ovn_revision_numbers_db [None req-408dc4b9-6ec8-4cdd-b5b4-fc4dad3a9168 8ab5561a772a4a7a8eeaf5280e218533 7fd4a9937cc0457f8113c25bc74d665e - - default default] Successfully bumped revision number for resource eb79d868-2e2f-401d-9778-186f0a17d3dd (type: security_group_rules) to 0
2026-07-14 18:50:59.905 7 INFO neutron.db.ovn_revision_numbers_db [None req-408dc4b9-6ec8-4cdd-b5b4-fc4dad3a9168 8ab5561a772a4a7a8eeaf5280e218533 7fd4a9937cc0457f8113c25bc74d665e - - default default] Successfully bumped revision number for resource f5a082d1-9600-4dd0-9478-5fa11bfd48dd (type: security_group_rules) to 0 [pid: 7|app: 0|req: 1026/2063] 10.0.0.229 () {32 vars in 774 bytes} [Tue Jul 14 18:50:59 2026] GET /v2.0/security-groups?tenant_id=f4de75870f1e42c0a23101975f53909d&name=default => generated 2925 bytes in 271 msecs (HTTP/1.1 200) 4 headers in 158 bytes (1 switches on core 0)
2026-07-14 18:51:00.003 8 INFO neutron_taas.services.taas.taas_plugin [None req-59835c13-faea-4ad9-b137-710f28aab743 8da08d7b1fdc4279a3e822165e580f85 3e26fd0898fa458195a490618b237088 - - default default] TaaS: Handle Delete Port: 7d5a6020-98e2-4848-8696-1c8a942c9d8f
2026-07-14 18:51:00.005 8 INFO neutron_taas.services.taas.tap_mirror_plugin [None req-59835c13-faea-4ad9-b137-710f28aab743 8da08d7b1fdc4279a3e822165e580f85 3e26fd0898fa458195a490618b237088 - - default default] Tap Mirror: Handle Delete Port: 7d5a6020-98e2-4848-8696-1c8a942c9d8f [pid: 7|app: 0|req: 1027/2064] 10.0.0.229 () {32 vars in 740 bytes} [Tue Jul 14 18:50:59 2026] DELETE /v2.0/security-groups/166a8936-0468-4d6a-970a-5ff823f58062 => generated 0 bytes in 238 msecs (HTTP/1.1 204) 2 headers in 112 bytes (1 switches on core 0)
2026-07-14 18:51:00.211 8 INFO neutron.services.segments.plugin [-] Segment 54293189-65e2-414b-b6cb-a8d3d04c9b77 resource provider aggregate not found
2026-07-14 18:51:00.217 8 INFO neutron.services.segments.plugin [-] Segment 54293189-65e2-414b-b6cb-a8d3d04c9b77 resource provider aggregate not found
2026-07-14 18:51:00.236 8 INFO neutron.services.segments.plugin [-] Segment 54293189-65e2-414b-b6cb-a8d3d04c9b77 resource provider not found; error: Placement Client Error (4xx): {"errors": [{"status": 404, "title": "Not Found", "detail": "The resource could not be found.\n\n No resource provider with uuid 54293189-65e2-414b-b6cb-a8d3d04c9b77 found for delete ", "request_id": "req-3d42c560-5534-4ed2-bfae-dbfc3af0e443"}]}
2026-07-14 18:51:00.238 8 INFO neutron.services.segments.plugin [-] Segment 54293189-65e2-414b-b6cb-a8d3d04c9b77 resource provider not found; error: Placement Client Error (4xx): {"errors": [{"status": 404, "title": "Not Found", "detail": "The resource could not be found.\n\n No resource provider with uuid 54293189-65e2-414b-b6cb-a8d3d04c9b77 found for delete ", "request_id": "req-e80536e3-8b6e-484c-af53-11954701daac"}]} [pid: 8|app: 0|req: 1038/2065] 10.0.0.229 () {32 vars in 726 bytes} [Tue Jul 14 18:50:59 2026] DELETE /v2.0/networks/7c764665-4ff0-40f9-a5db-1412a07fb2e2 => generated 0 bytes in 384 msecs (HTTP/1.1 204) 3 headers in 131 bytes (1 switches on core 0)
2026-07-14 18:51:00.350 7 INFO neutron_taas.services.taas.taas_plugin [None req-e17953b3-6598-4f9d-a9d2-c4ddcff7a96f 8da08d7b1fdc4279a3e822165e580f85 3e26fd0898fa458195a490618b237088 - - default default] TaaS: Handle Delete Port: 597aea74-8f35-42cb-9c85-0ebbbae3a82d
2026-07-14 18:51:00.353 7 INFO neutron_taas.services.taas.tap_mirror_plugin [None req-e17953b3-6598-4f9d-a9d2-c4ddcff7a96f 8da08d7b1fdc4279a3e822165e580f85 3e26fd0898fa458195a490618b237088 - - default default] Tap Mirror: Handle Delete Port: 597aea74-8f35-42cb-9c85-0ebbbae3a82d
2026-07-14 18:51:00.536 7 INFO neutron.services.segments.plugin [-] Segment b1fb128a-b617-45a5-bd8e-7cd6d0b33a3b resource provider aggregate not found
2026-07-14 18:51:00.540 7 INFO neutron.services.segments.plugin [-] Segment b1fb128a-b617-45a5-bd8e-7cd6d0b33a3b resource provider aggregate not found
2026-07-14 18:51:00.552 7 INFO neutron.services.segments.plugin [-] Segment b1fb128a-b617-45a5-bd8e-7cd6d0b33a3b resource provider not found; error: Placement Client Error (4xx): {"errors": [{"status": 404, "title": "Not Found", "detail": "The resource could not be found.\n\n No resource provider with uuid b1fb128a-b617-45a5-bd8e-7cd6d0b33a3b found for delete ", "request_id": "req-63f0a048-4d00-4767-a543-a576e56e8826"}]}
2026-07-14 18:51:00.556 7 INFO neutron.services.segments.plugin [-] Segment b1fb128a-b617-45a5-bd8e-7cd6d0b33a3b resource provider not found; error: Placement Client Error (4xx): {"errors": [{"status": 404, "title": "Not Found", "detail": "The resource could not be found.\n\n No resource provider with uuid b1fb128a-b617-45a5-bd8e-7cd6d0b33a3b found for delete ", "request_id": "req-05938239-d4e7-4ddc-b956-78d5f4d54a83"}]} [pid: 7|app: 0|req: 1028/2066] 10.0.0.229 () {32 vars in 726 bytes} [Tue Jul 14 18:51:00 2026] DELETE /v2.0/networks/ce3339fd-2e27-4b1b-978c-cd683379075a => generated 0 bytes in 325 msecs (HTTP/1.1 204) 3 headers in 131 bytes (1 switches on core 0)
2026-07-14 18:51:00.729 8 INFO neutron_taas.services.taas.taas_plugin [None req-4c060fb4-b7e1-46d9-9105-3e6c5191b4dc 8da08d7b1fdc4279a3e822165e580f85 3e26fd0898fa458195a490618b237088 - - default default] TaaS: Handle Delete Port: 4ffd7245-608f-4fc3-aed1-34304f661aed
2026-07-14 18:51:00.731 8 INFO neutron_taas.services.taas.tap_mirror_plugin [None req-4c060fb4-b7e1-46d9-9105-3e6c5191b4dc 8da08d7b1fdc4279a3e822165e580f85 3e26fd0898fa458195a490618b237088 - - default default] Tap Mirror: Handle Delete Port: 4ffd7245-608f-4fc3-aed1-34304f661aed [pid: 8|app: 0|req: 1039/2067] 10.0.0.229 () {32 vars in 726 bytes} [Tue Jul 14 18:51:00 2026] DELETE /v2.0/networks/259c60f3-0d3e-42de-b4b8-d49b547ac59e => generated 0 bytes in 331 msecs (HTTP/1.1 204) 3 headers in 131 bytes (1 switches on core 0)
2026-07-14 18:51:01.072 7 INFO neutron_taas.services.taas.taas_plugin [None req-d1aee596-a20b-49a3-a7d2-1db9c2356016 8da08d7b1fdc4279a3e822165e580f85 3e26fd0898fa458195a490618b237088 - - default default] TaaS: Handle Delete Port: 03de329f-7f8a-4188-80fb-7301f1c35347
2026-07-14 18:51:01.075 7 INFO neutron_taas.services.taas.tap_mirror_plugin [None req-d1aee596-a20b-49a3-a7d2-1db9c2356016 8da08d7b1fdc4279a3e822165e580f85 3e26fd0898fa458195a490618b237088 - - default default] Tap Mirror: Handle Delete Port: 03de329f-7f8a-4188-80fb-7301f1c35347 [pid: 7|app: 0|req: 1029/2068] 10.0.0.229 () {32 vars in 726 bytes} [Tue Jul 14 18:51:00 2026] DELETE /v2.0/networks/e3547925-69de-4fa1-974e-63431c9aad77 => generated 0 bytes in 376 msecs (HTTP/1.1 204) 3 headers in 131 bytes (1 switches on core 0)
2026-07-14 18:51:01.438 8 INFO neutron_taas.services.taas.taas_plugin [None req-03fa51a4-6c2f-406a-997d-d4adbec7d5fc 8da08d7b1fdc4279a3e822165e580f85 3e26fd0898fa458195a490618b237088 - - default default] TaaS: Handle Delete Port: 796e0574-ecb7-41ac-8664-f48a34fa124a
2026-07-14 18:51:01.440 8 INFO neutron_taas.services.taas.tap_mirror_plugin [None req-03fa51a4-6c2f-406a-997d-d4adbec7d5fc 8da08d7b1fdc4279a3e822165e580f85 3e26fd0898fa458195a490618b237088 - - default default] Tap Mirror: Handle Delete Port: 796e0574-ecb7-41ac-8664-f48a34fa124a [pid: 8|app: 0|req: 1040/2069] 10.0.0.229 () {32 vars in 726 bytes} [Tue Jul 14 18:51:01 2026] DELETE /v2.0/networks/a18ff8a8-024e-48c8-b4d1-de4f36a42564 => generated 0 bytes in 353 msecs (HTTP/1.1 204) 3 headers in 131 bytes (1 switches on core 0)
2026-07-14 18:51:02.257 8 INFO neutron.services.segments.plugin [-] Segment f13c2cec-061a-47a4-8576-48e6dfe970d1 resource provider aggregate not found
2026-07-14 18:51:02.257 8 INFO neutron.services.segments.plugin [-] Segment f13c2cec-061a-47a4-8576-48e6dfe970d1 resource provider aggregate not found
2026-07-14 18:51:02.271 8 INFO neutron.services.segments.plugin [-] Segment f13c2cec-061a-47a4-8576-48e6dfe970d1 resource provider not found; error: Placement Client Error (4xx): {"errors": [{"status": 404, "title": "Not Found", "detail": "The resource could not be found.\n\n No resource provider with uuid f13c2cec-061a-47a4-8576-48e6dfe970d1 found for delete ", "request_id": "req-19b6646a-8292-4630-8970-d9a4bd1655d0"}]}
2026-07-14 18:51:02.275 8 INFO neutron.services.segments.plugin [-] Segment f13c2cec-061a-47a4-8576-48e6dfe970d1 resource provider not found; error: Placement Client Error (4xx): {"errors": [{"status": 404, "title": "Not Found", "detail": "The resource could not be found.\n\n No resource provider with uuid f13c2cec-061a-47a4-8576-48e6dfe970d1 found for delete ", "request_id": "req-2970c4c5-154e-4587-b254-442a5dbbae20"}]}
2026-07-14 18:51:02.287 8 INFO neutron.services.segments.plugin [-] Segment f17af051-bf32-4154-9e02-96195b9f7f3a resource provider aggregate not found
2026-07-14 18:51:02.291 8 INFO neutron.services.segments.plugin [-] Segment f17af051-bf32-4154-9e02-96195b9f7f3a resource provider aggregate not found
2026-07-14 18:51:02.302 8 INFO neutron.services.segments.plugin [-] Segment f17af051-bf32-4154-9e02-96195b9f7f3a resource provider not found; error: Placement Client Error (4xx): {"errors": [{"status": 404, "title": "Not Found", "detail": "The resource could not be found.\n\n No resource provider with uuid f17af051-bf32-4154-9e02-96195b9f7f3a found for delete ", "request_id": "req-b2805db5-26fa-47d8-a3b4-fdc4ac1ee430"}]}
2026-07-14 18:51:02.304 8 INFO neutron.services.segments.plugin [-] Segment f17af051-bf32-4154-9e02-96195b9f7f3a resource provider not found; error: Placement Client Error (4xx): {"errors": [{"status": 404, "title": "Not Found", "detail": "The resource could not be found.\n\n No resource provider with uuid f17af051-bf32-4154-9e02-96195b9f7f3a found for delete ", "request_id": "req-56443c38-c718-4333-bfb7-6756ccd4c619"}]}
2026-07-14 18:51:02.372 7 INFO neutron.db.ovn_revision_numbers_db [None req-971eebf7-c4b0-434e-9994-5d5d53437429 2bf73bdc52ec42f4a9630c453b28ea0c 14c29615906048e880c6cb2970cd4be7 - - default default] Successfully bumped revision number for resource 4a4636ec-2322-4981-ad9f-fb291b3a84b1 (type: security_groups) to 1
2026-07-14 18:51:02.382 7 INFO neutron.db.ovn_revision_numbers_db [None req-971eebf7-c4b0-434e-9994-5d5d53437429 2bf73bdc52ec42f4a9630c453b28ea0c 14c29615906048e880c6cb2970cd4be7 - - default default] Successfully bumped revision number for resource 28dd3893-ff32-41a8-ba85-4e3e8234a17b (type: security_group_rules) to 0
2026-07-14 18:51:02.393 7 INFO neutron.db.ovn_revision_numbers_db [None req-971eebf7-c4b0-434e-9994-5d5d53437429 2bf73bdc52ec42f4a9630c453b28ea0c 14c29615906048e880c6cb2970cd4be7 - - default default] Successfully bumped revision number for resource 6a1f4704-9ced-480a-9010-958012c9d444 (type: security_group_rules) to 0
2026-07-14 18:51:02.405 7 INFO neutron.db.ovn_revision_numbers_db [None req-971eebf7-c4b0-434e-9994-5d5d53437429 2bf73bdc52ec42f4a9630c453b28ea0c 14c29615906048e880c6cb2970cd4be7 - - default default] Successfully bumped revision number for resource ced0afe6-8dac-4798-85c3-54d0faa76a7a (type: security_group_rules) to 0
2026-07-14 18:51:02.416 7 INFO neutron.db.ovn_revision_numbers_db [None req-971eebf7-c4b0-434e-9994-5d5d53437429 2bf73bdc52ec42f4a9630c453b28ea0c 14c29615906048e880c6cb2970cd4be7 - - default default] Successfully bumped revision number for resource dad4f91e-aa38-47c1-8997-bf3a57b4bb01 (type: security_group_rules) to 0 [pid: 8|app: 0|req: 1041/2070] 10.0.0.229 () {32 vars in 774 bytes} [Tue Jul 14 18:51:02 2026] GET /v2.0/security-groups?tenant_id=3e26fd0898fa458195a490618b237088&name=default => generated 2925 bytes in 53 msecs (HTTP/1.1 200) 4 headers in 158 bytes (1 switches on core 0)
2026-07-14 18:51:02.528 7 INFO neutron.db.ovn_revision_numbers_db [None req-971eebf7-c4b0-434e-9994-5d5d53437429 2bf73bdc52ec42f4a9630c453b28ea0c 14c29615906048e880c6cb2970cd4be7 - - default default] Successfully bumped revision number for resource 6c659cff-9607-4297-b650-7a6fd45f33b2 (type: security_groups) to 1
2026-07-14 18:51:02.539 7 INFO neutron.db.ovn_revision_numbers_db [None req-971eebf7-c4b0-434e-9994-5d5d53437429 2bf73bdc52ec42f4a9630c453b28ea0c 14c29615906048e880c6cb2970cd4be7 - - default default] Successfully bumped revision number for resource 278dea6c-da14-4142-85d0-59731353da65 (type: security_group_rules) to 0
2026-07-14 18:51:02.550 7 INFO neutron.db.ovn_revision_numbers_db [None req-971eebf7-c4b0-434e-9994-5d5d53437429 2bf73bdc52ec42f4a9630c453b28ea0c 14c29615906048e880c6cb2970cd4be7 - - default default] Successfully bumped revision number for resource c1a23a9d-67dd-4529-b7b6-6dfc1afebfe0 (type: security_group_rules) to 0
2026-07-14 18:51:02.584 7 INFO neutron.services.segments.plugin [-] Segment fd670554-ac1b-4ba5-8975-96ac19bd1382 resource provider aggregate not found
2026-07-14 18:51:02.596 7 INFO neutron.services.segments.plugin [-] Segment fd670554-ac1b-4ba5-8975-96ac19bd1382 resource provider aggregate not found
2026-07-14 18:51:02.614 7 INFO neutron.services.segments.plugin [-] Segment fd670554-ac1b-4ba5-8975-96ac19bd1382 resource provider not found; error: Placement Client Error (4xx): {"errors": [{"status": 404, "title": "Not Found", "detail": "The resource could not be found.\n\n No resource provider with uuid fd670554-ac1b-4ba5-8975-96ac19bd1382 found for delete ", "request_id": "req-b26f9ba8-1583-487b-b53a-fd8380160450"}]}
2026-07-14 18:51:02.623 7 INFO neutron.services.segments.plugin [-] Segment fd670554-ac1b-4ba5-8975-96ac19bd1382 resource provider not found; error: Placement Client Error (4xx): {"errors": [{"status": 404, "title": "Not Found", "detail": "The resource could not be found.\n\n No resource provider with uuid fd670554-ac1b-4ba5-8975-96ac19bd1382 found for delete ", "request_id": "req-b3384db9-4d9a-4718-b33e-a8eb40542c59"}]} [pid: 7|app: 0|req: 1030/2071] 10.0.0.229 () {34 vars in 684 bytes} [Tue Jul 14 18:51:02 2026] POST /v2.0/security-groups => generated 1625 bytes in 616 msecs (HTTP/1.1 201) 4 headers in 163 bytes (1 switches on core 0) [pid: 7|app: 0|req: 1031/2072] 10.0.0.229 () {32 vars in 663 bytes} [Tue Jul 14 18:51:02 2026] GET /v2.0/security-groups => generated 4530 bytes in 45 msecs (HTTP/1.1 200) 4 headers in 158 bytes (1 switches on core 0) [pid: 8|app: 0|req: 1042/2073] 10.0.0.229 () {32 vars in 740 bytes} [Tue Jul 14 18:51:02 2026] DELETE /v2.0/security-groups/8fcce22d-512b-41ed-be60-ad581bab554e => generated 0 bytes in 231 msecs (HTTP/1.1 204) 2 headers in 112 bytes (1 switches on core 0)
2026-07-14 18:51:02.763 7 INFO neutron.db.ovn_revision_numbers_db [None req-abc85f1c-af3d-44f8-958a-8a07a274159e 2bf73bdc52ec42f4a9630c453b28ea0c 14c29615906048e880c6cb2970cd4be7 - - default default] Successfully bumped revision number for resource 6c659cff-9607-4297-b650-7a6fd45f33b2 (type: security_groups) to 2 [pid: 7|app: 0|req: 1032/2074] 10.0.0.229 () {34 vars in 758 bytes} [Tue Jul 14 18:51:02 2026] PUT /v2.0/security-groups/6c659cff-9607-4297-b650-7a6fd45f33b2 => generated 1662 bytes in 92 msecs (HTTP/1.1 200) 4 headers in 158 bytes (1 switches on core 0) [pid: 7|app: 0|req: 1033/2075] 10.0.0.229 () {32 vars in 737 bytes} [Tue Jul 14 18:51:02 2026] GET /v2.0/security-groups/6c659cff-9607-4297-b650-7a6fd45f33b2 => generated 1662 bytes in 23 msecs (HTTP/1.1 200) 4 headers in 158 bytes (1 switches on core 0)
2026-07-14 18:51:02.937 7 INFO neutron.db.ovn_revision_numbers_db [None req-1f2b4759-0ed5-4bd8-b955-2d32f6fc0cc3 8ab5561a772a4a7a8eeaf5280e218533 7fd4a9937cc0457f8113c25bc74d665e - - default default] Successfully bumped revision number for resource 4a7f440f-f7bc-4a3e-b93d-3cec3b3deef2 (type: security_groups) to 1
2026-07-14 18:51:02.948 7 INFO neutron.db.ovn_revision_numbers_db [None req-1f2b4759-0ed5-4bd8-b955-2d32f6fc0cc3 8ab5561a772a4a7a8eeaf5280e218533 7fd4a9937cc0457f8113c25bc74d665e - - default default] Successfully bumped revision number for resource 21fbc054-bc23-4c96-9c92-500cf7f1bb8f (type: security_group_rules) to 0
2026-07-14 18:51:02.960 7 INFO neutron.db.ovn_revision_numbers_db [None req-1f2b4759-0ed5-4bd8-b955-2d32f6fc0cc3 8ab5561a772a4a7a8eeaf5280e218533 7fd4a9937cc0457f8113c25bc74d665e - - default default] Successfully bumped revision number for resource 4249823f-2940-42a2-89e0-57de5a8f1d62 (type: security_group_rules) to 0
2026-07-14 18:51:02.973 7 INFO neutron.db.ovn_revision_numbers_db [None req-1f2b4759-0ed5-4bd8-b955-2d32f6fc0cc3 8ab5561a772a4a7a8eeaf5280e218533 7fd4a9937cc0457f8113c25bc74d665e - - default default] Successfully bumped revision number for resource 77c3e5e2-7e17-4137-be72-2c5722f0adae (type: security_group_rules) to 0
2026-07-14 18:51:02.985 7 INFO neutron.db.ovn_revision_numbers_db [None req-1f2b4759-0ed5-4bd8-b955-2d32f6fc0cc3 8ab5561a772a4a7a8eeaf5280e218533 7fd4a9937cc0457f8113c25bc74d665e - - default default] Successfully bumped revision number for resource d32134c1-1457-4eaf-8cc6-9ce02f1629e9 (type: security_group_rules) to 0 [pid: 7|app: 0|req: 1034/2076] 10.0.0.229 () {32 vars in 774 bytes} [Tue Jul 14 18:51:02 2026] GET /v2.0/security-groups?tenant_id=5416a79b7cc543cb95977ef6df473807&name=default => generated 2925 bytes in 208 msecs (HTTP/1.1 200) 4 headers in 158 bytes (1 switches on core 0)
2026-07-14 18:51:03.105 8 INFO neutron.db.ovn_revision_numbers_db [None req-907349c6-52e0-4c62-a27c-c6c4bd3d0b58 28b4efe6edae40089f9d346aa6277fff 0f2ca8333c7949ba9d4e98623c2943d6 - - default default] Successfully bumped revision number for resource 9bdcdaef-28a7-4d75-a7e1-3892edf6b95c (type: security_groups) to 1
2026-07-14 18:51:03.121 8 INFO neutron.db.ovn_revision_numbers_db [None req-907349c6-52e0-4c62-a27c-c6c4bd3d0b58 28b4efe6edae40089f9d346aa6277fff 0f2ca8333c7949ba9d4e98623c2943d6 - - default default] Successfully bumped revision number for resource 12efae50-8d0b-477a-8756-3b4d33dbeec4 (type: security_group_rules) to 0
2026-07-14 18:51:03.134 8 INFO neutron.db.ovn_revision_numbers_db [None req-907349c6-52e0-4c62-a27c-c6c4bd3d0b58 28b4efe6edae40089f9d346aa6277fff 0f2ca8333c7949ba9d4e98623c2943d6 - - default default] Successfully bumped revision number for resource 5e62c37b-447e-4be1-9292-6da71b6c7cb5 (type: security_group_rules) to 0
2026-07-14 18:51:03.145 8 INFO neutron.db.ovn_revision_numbers_db [None req-907349c6-52e0-4c62-a27c-c6c4bd3d0b58 28b4efe6edae40089f9d346aa6277fff 0f2ca8333c7949ba9d4e98623c2943d6 - - default default] Successfully bumped revision number for resource 6782b523-84f5-4b8a-ad24-4e13a59c0e90 (type: security_group_rules) to 0 [pid: 7|app: 0|req: 1035/2077] 10.0.0.229 () {32 vars in 740 bytes} [Tue Jul 14 18:51:03 2026] DELETE /v2.0/security-groups/6c659cff-9607-4297-b650-7a6fd45f33b2 => generated 0 bytes in 122 msecs (HTTP/1.1 204) 2 headers in 112 bytes (1 switches on core 0)
2026-07-14 18:51:03.156 8 INFO neutron.db.ovn_revision_numbers_db [None req-907349c6-52e0-4c62-a27c-c6c4bd3d0b58 28b4efe6edae40089f9d346aa6277fff 0f2ca8333c7949ba9d4e98623c2943d6 - - default default] Successfully bumped revision number for resource 9d8929cd-2884-4dfb-987c-6c1ebf1bae58 (type: security_group_rules) to 0
2026-07-14 18:51:03.224 8 INFO neutron.db.segments_db [None req-907349c6-52e0-4c62-a27c-c6c4bd3d0b58 28b4efe6edae40089f9d346aa6277fff 0f2ca8333c7949ba9d4e98623c2943d6 - - default default] Added segment e345218d-b522-426d-b7b7-aab0a77b5003 of type geneve for network 75e997c2-8e3c-422b-87b2-acdb9ea17a69
2026-07-14 18:51:03.341 8 INFO neutron.db.ovn_revision_numbers_db [None req-907349c6-52e0-4c62-a27c-c6c4bd3d0b58 28b4efe6edae40089f9d346aa6277fff 0f2ca8333c7949ba9d4e98623c2943d6 - - default default] Successfully bumped revision number for resource 75e997c2-8e3c-422b-87b2-acdb9ea17a69 (type: networks) to 1 [pid: 7|app: 0|req: 1036/2078] 10.0.0.229 () {32 vars in 740 bytes} [Tue Jul 14 18:51:03 2026] DELETE /v2.0/security-groups/4a7f440f-f7bc-4a3e-b93d-3cec3b3deef2 => generated 0 bytes in 200 msecs (HTTP/1.1 204) 2 headers in 112 bytes (1 switches on core 0) [pid: 7|app: 0|req: 1037/2079] 10.0.0.229 () {32 vars in 663 bytes} [Tue Jul 14 18:51:03 2026] GET /v2.0/security-groups => generated 2925 bytes in 25 msecs (HTTP/1.1 200) 4 headers in 158 bytes (1 switches on core 0) [pid: 7|app: 0|req: 1038/2080] 10.0.0.229 () {34 vars in 676 bytes} [Tue Jul 14 18:51:03 2026] POST /v2.0/subnetpools => generated 516 bytes in 92 msecs (HTTP/1.1 201) 4 headers in 162 bytes (1 switches on core 0)
2026-07-14 18:51:03.478 7 INFO neutron.api.v2.resource [None req-0358ea65-3945-4555-9438-c38a774c3985 2bf73bdc52ec42f4a9630c453b28ea0c 14c29615906048e880c6cb2970cd4be7 - - default default] delete failed (client error): The resource could not be found. [pid: 7|app: 0|req: 1039/2081] 10.0.0.229 () {32 vars in 740 bytes} [Tue Jul 14 18:51:03 2026] DELETE /v2.0/security-groups/6c659cff-9607-4297-b650-7a6fd45f33b2 => generated 146 bytes in 10 msecs (HTTP/1.1 404) 4 headers in 164 bytes (1 switches on core 0)
2026-07-14 18:51:03.492 8 WARNING neutron.scheduler.dhcp_agent_scheduler [None req-907349c6-52e0-4c62-a27c-c6c4bd3d0b58 28b4efe6edae40089f9d346aa6277fff 0f2ca8333c7949ba9d4e98623c2943d6 - - default default] No more DHCP agents
2026-07-14 18:51:03.494 8 WARNING neutron.api.rpc.agentnotifiers.dhcp_rpc_agent_api [None req-907349c6-52e0-4c62-a27c-c6c4bd3d0b58 28b4efe6edae40089f9d346aa6277fff 0f2ca8333c7949ba9d4e98623c2943d6 - - default default] Unable to schedule network 75e997c2-8e3c-422b-87b2-acdb9ea17a69: no agents available; will retry on subsequent port and subnet creation events.
2026-07-14 18:51:03.552 8 INFO neutron.plugins.ml2.drivers.ovn.mech_driver.mech_driver [None req-8d333ea9-fd07-401c-9bfe-8b257072e16e - - - - - -] OVN reports status down for port: fde7e48c-7466-4053-a5c7-c196f2c8e136
2026-07-14 18:51:03.613 8 INFO neutron.db.ovn_revision_numbers_db [None req-907349c6-52e0-4c62-a27c-c6c4bd3d0b58 28b4efe6edae40089f9d346aa6277fff 0f2ca8333c7949ba9d4e98623c2943d6 - - default default] Successfully bumped revision number for resource fde7e48c-7466-4053-a5c7-c196f2c8e136 (type: ports) to 1
2026-07-14 18:51:03.634 7 INFO neutron.db.ovn_revision_numbers_db [None req-828dfb58-5c76-43f9-8e48-296e5e38fe60 8ab5561a772a4a7a8eeaf5280e218533 7fd4a9937cc0457f8113c25bc74d665e - - default default] Successfully bumped revision number for resource acb1013e-1dc0-4733-87a9-0cfc93366283 (type: security_groups) to 1
2026-07-14 18:51:03.644 7 INFO neutron.db.ovn_revision_numbers_db [None req-828dfb58-5c76-43f9-8e48-296e5e38fe60 8ab5561a772a4a7a8eeaf5280e218533 7fd4a9937cc0457f8113c25bc74d665e - - default default] Successfully bumped revision number for resource 1351fdda-6773-4b87-8b9f-ebeb576af1e4 (type: security_group_rules) to 0 [pid: 8|app: 0|req: 1043/2082] 10.0.0.229 () {34 vars in 670 bytes} [Tue Jul 14 18:51:02 2026] POST /v2.0/networks => generated 650 bytes in 899 msecs (HTTP/1.1 201) 4 headers in 162 bytes (1 switches on core 0)
2026-07-14 18:51:03.655 7 INFO neutron.db.ovn_revision_numbers_db [None req-828dfb58-5c76-43f9-8e48-296e5e38fe60 8ab5561a772a4a7a8eeaf5280e218533 7fd4a9937cc0457f8113c25bc74d665e - - default default] Successfully bumped revision number for resource 4cb5d671-b434-4876-92ba-d85bd950b6c5 (type: security_group_rules) to 0
2026-07-14 18:51:03.666 7 INFO neutron.db.ovn_revision_numbers_db [None req-828dfb58-5c76-43f9-8e48-296e5e38fe60 8ab5561a772a4a7a8eeaf5280e218533 7fd4a9937cc0457f8113c25bc74d665e - - default default] Successfully bumped revision number for resource 7904ad3b-7073-41c1-b8c3-6075d2760deb (type: security_group_rules) to 0
2026-07-14 18:51:03.677 7 INFO neutron.db.ovn_revision_numbers_db [None req-828dfb58-5c76-43f9-8e48-296e5e38fe60 8ab5561a772a4a7a8eeaf5280e218533 7fd4a9937cc0457f8113c25bc74d665e - - default default] Successfully bumped revision number for resource eb76e065-377d-48f4-abd1-109a139f6b6f (type: security_group_rules) to 0 [pid: 8|app: 0|req: 1044/2083] 10.0.0.229 () {34 vars in 676 bytes} [Tue Jul 14 18:51:03 2026] POST /v2.0/subnetpools => generated 516 bytes in 66 msecs (HTTP/1.1 201) 4 headers in 162 bytes (1 switches on core 0) [pid: 7|app: 0|req: 1040/2084] 10.0.0.229 () {32 vars in 774 bytes} [Tue Jul 14 18:51:03 2026] GET /v2.0/security-groups?tenant_id=c9e64c1f276e4fe48087d4742aa8b71d&name=default => generated 2925 bytes in 240 msecs (HTTP/1.1 200) 4 headers in 158 bytes (1 switches on core 0)
2026-07-14 18:51:03.819 7 INFO neutron.db.segments_db [None req-7e4b7b50-bec1-4377-98c2-0b2dba4c5525 28b4efe6edae40089f9d346aa6277fff 0f2ca8333c7949ba9d4e98623c2943d6 - - default default] Added segment e93e2e17-6149-4415-8c2b-48c849e1957d of type geneve for network 5e29fdc6-b230-4227-b26f-53605f0ba11d
2026-07-14 18:51:03.828 8 INFO neutron.db.ovn_revision_numbers_db [None req-55adc3a3-4a18-4c6b-bb19-99e6f3dd2066 2bf73bdc52ec42f4a9630c453b28ea0c 14c29615906048e880c6cb2970cd4be7 - - default default] Successfully bumped revision number for resource 54363370-ed9c-4637-a536-d8e04de6bd0c (type: security_groups) to 1
2026-07-14 18:51:03.843 8 INFO neutron.db.ovn_revision_numbers_db [None req-55adc3a3-4a18-4c6b-bb19-99e6f3dd2066 2bf73bdc52ec42f4a9630c453b28ea0c 14c29615906048e880c6cb2970cd4be7 - - default default] Successfully bumped revision number for resource d64dd8db-239e-48c1-992b-e8362781554a (type: security_group_rules) to 0
2026-07-14 18:51:03.854 8 INFO neutron.db.ovn_revision_numbers_db [None req-55adc3a3-4a18-4c6b-bb19-99e6f3dd2066 2bf73bdc52ec42f4a9630c453b28ea0c 14c29615906048e880c6cb2970cd4be7 - - default default] Successfully bumped revision number for resource e6f0e4e9-f54d-4386-a837-50d561e3bcc9 (type: security_group_rules) to 0 [pid: 8|app: 0|req: 1045/2085] 10.0.0.229 () {34 vars in 684 bytes} [Tue Jul 14 18:51:03 2026] POST /v2.0/security-groups => generated 1625 bytes in 177 msecs (HTTP/1.1 201) 4 headers in 163 bytes (1 switches on core 0)
2026-07-14 18:51:03.936 7 INFO neutron.db.ovn_revision_numbers_db [None req-7e4b7b50-bec1-4377-98c2-0b2dba4c5525 28b4efe6edae40089f9d346aa6277fff 0f2ca8333c7949ba9d4e98623c2943d6 - - default default] Successfully bumped revision number for resource 5e29fdc6-b230-4227-b26f-53605f0ba11d (type: networks) to 1 [pid: 8|app: 0|req: 1046/2086] 10.0.0.229 () {34 vars in 676 bytes} [Tue Jul 14 18:51:03 2026] POST /v2.0/subnetpools => generated 516 bytes in 58 msecs (HTTP/1.1 201) 4 headers in 162 bytes (1 switches on core 0)
2026-07-14 18:51:04.103 7 WARNING neutron.scheduler.dhcp_agent_scheduler [None req-7e4b7b50-bec1-4377-98c2-0b2dba4c5525 28b4efe6edae40089f9d346aa6277fff 0f2ca8333c7949ba9d4e98623c2943d6 - - default default] No more DHCP agents
2026-07-14 18:51:04.106 7 WARNING neutron.api.rpc.agentnotifiers.dhcp_rpc_agent_api [None req-7e4b7b50-bec1-4377-98c2-0b2dba4c5525 28b4efe6edae40089f9d346aa6277fff 0f2ca8333c7949ba9d4e98623c2943d6 - - default default] Unable to schedule network 5e29fdc6-b230-4227-b26f-53605f0ba11d: no agents available; will retry on subsequent port and subnet creation events.
2026-07-14 18:51:04.154 8 INFO neutron.plugins.ml2.drivers.ovn.mech_driver.mech_driver [None req-8d333ea9-fd07-401c-9bfe-8b257072e16e - - - - - -] OVN reports status down for port: eeda7752-2ec0-4ecf-af3e-33377e555e8c
2026-07-14 18:51:04.185 7 INFO neutron.db.ovn_revision_numbers_db [None req-7e4b7b50-bec1-4377-98c2-0b2dba4c5525 28b4efe6edae40089f9d346aa6277fff 0f2ca8333c7949ba9d4e98623c2943d6 - - default default] Successfully bumped revision number for resource eeda7752-2ec0-4ecf-af3e-33377e555e8c (type: ports) to 1 [pid: 8|app: 0|req: 1047/2087] 10.0.0.229 () {32 vars in 740 bytes} [Tue Jul 14 18:51:03 2026] DELETE /v2.0/security-groups/acb1013e-1dc0-4733-87a9-0cfc93366283 => generated 0 bytes in 253 msecs (HTTP/1.1 204) 2 headers in 112 bytes (1 switches on core 0) [pid: 7|app: 0|req: 1041/2088] 10.0.0.229 () {34 vars in 670 bytes} [Tue Jul 14 18:51:03 2026] POST /v2.0/networks => generated 650 bytes in 483 msecs (HTTP/1.1 201) 4 headers in 162 bytes (1 switches on core 0) [pid: 7|app: 0|req: 1042/2089] 10.0.0.229 () {34 vars in 676 bytes} [Tue Jul 14 18:51:04 2026] POST /v2.0/subnetpools => generated 516 bytes in 53 msecs (HTTP/1.1 201) 4 headers in 162 bytes (1 switches on core 0)
2026-07-14 18:51:04.344 8 INFO neutron.db.ovn_revision_numbers_db [None req-966591da-6bca-42b6-bb3b-f16b4f9b94e6 2bf73bdc52ec42f4a9630c453b28ea0c 14c29615906048e880c6cb2970cd4be7 - - default default] Successfully bumped revision number for resource 4090e547-4bc0-46fb-8271-478732b5efb1 (type: security_group_rules) to 0
