2026-03-05 08:15:22.348 8 INFO placement.requestlog [None req-a490e2f8-eed8-48ff-a36f-ab9964057951 ee259c0fdba441deab18f3106ed31dc6 c4b110ec19cb4858b0b737337363c63b - - 2c160497c5fe45fb9036c98cafc63f01 2c160497c5fe45fb9036c98cafc63f01] 10.0.0.8 "GET /resource_providers/dede4adb-3db2-44e6-bd2a-5518b06d1bc7/aggregates" status: 404 len: 235 microversion: 1.1 [pid: 8|app: 0|req: 376/752] 10.0.0.8 () {32 vars in 811 bytes} [Thu Mar 5 08:15:22 2026] GET /resource_providers/dede4adb-3db2-44e6-bd2a-5518b06d1bc7/aggregates => generated 235 bytes in 6 msecs (HTTP/1.1 404) 5 headers in 202 bytes (1 switches on core 0)
2026-03-05 08:15:22.350 7 INFO placement.requestlog [None req-1f46ab88-ff19-424c-9669-7e6c2b2d393f ee259c0fdba441deab18f3106ed31dc6 c4b110ec19cb4858b0b737337363c63b - - 2c160497c5fe45fb9036c98cafc63f01 2c160497c5fe45fb9036c98cafc63f01] 10.0.0.8 "GET /resource_providers/dede4adb-3db2-44e6-bd2a-5518b06d1bc7/aggregates" status: 404 len: 235 microversion: 1.1 [pid: 7|app: 0|req: 377/753] 10.0.0.8 () {32 vars in 811 bytes} [Thu Mar 5 08:15:22 2026] GET /resource_providers/dede4adb-3db2-44e6-bd2a-5518b06d1bc7/aggregates => generated 235 bytes in 9 msecs (HTTP/1.1 404) 5 headers in 202 bytes (1 switches on core 0)
2026-03-05 08:15:22.375 8 INFO placement.requestlog [None req-9ab2254b-7441-476d-bad4-b5cdc239ee0e ee259c0fdba441deab18f3106ed31dc6 c4b110ec19cb4858b0b737337363c63b - - 2c160497c5fe45fb9036c98cafc63f01 2c160497c5fe45fb9036c98cafc63f01] 10.0.0.8 "DELETE /resource_providers/dede4adb-3db2-44e6-bd2a-5518b06d1bc7" status: 404 len: 246 microversion: 1.1 [pid: 8|app: 0|req: 377/754] 10.0.0.8 () {34 vars in 811 bytes} [Thu Mar 5 08:15:22 2026] DELETE /resource_providers/dede4adb-3db2-44e6-bd2a-5518b06d1bc7 => generated 246 bytes in 8 msecs (HTTP/1.1 404) 6 headers in 231 bytes (1 switches on core 0)
2026-03-05 08:15:22.377 7 INFO placement.requestlog [None req-3bc65702-bf59-45de-96f2-188140a26403 ee259c0fdba441deab18f3106ed31dc6 c4b110ec19cb4858b0b737337363c63b - - 2c160497c5fe45fb9036c98cafc63f01 2c160497c5fe45fb9036c98cafc63f01] 10.0.0.8 "DELETE /resource_providers/dede4adb-3db2-44e6-bd2a-5518b06d1bc7" status: 404 len: 246 microversion: 1.1 [pid: 7|app: 0|req: 378/755] 10.0.0.8 () {34 vars in 811 bytes} [Thu Mar 5 08:15:22 2026] DELETE /resource_providers/dede4adb-3db2-44e6-bd2a-5518b06d1bc7 => generated 246 bytes in 10 msecs (HTTP/1.1 404) 6 headers in 231 bytes (1 switches on core 0)
2026-03-05 08:15:28.214 8 INFO placement.requestlog [None req-df42cd32-9743-4612-8128-2752a65dcbb8 - - - - - -] 10.0.0.225 "GET /" status: 200 len: 136 microversion: 1.0
2026-03-05 08:15:28.215 7 INFO placement.requestlog [None req-8c166589-feda-403d-950f-8ed5965b89fc - - - - - -] 10.0.0.225 "GET /" status: 200 len: 136 microversion: 1.0
2026-03-05 08:15:34.642 8 INFO placement.requestlog [None req-bf8564de-b21a-4d7c-8933-1971df0eb25f ee259c0fdba441deab18f3106ed31dc6 c4b110ec19cb4858b0b737337363c63b - - 2c160497c5fe45fb9036c98cafc63f01 2c160497c5fe45fb9036c98cafc63f01] 10.0.0.8 "GET /resource_providers/c91caea9-08b2-4f7f-a5b2-fb17a7e1888e/aggregates" status: 404 len: 235 microversion: 1.1 [pid: 8|app: 0|req: 379/758] 10.0.0.8 () {32 vars in 811 bytes} [Thu Mar 5 08:15:34 2026] GET /resource_providers/c91caea9-08b2-4f7f-a5b2-fb17a7e1888e/aggregates => generated 235 bytes in 10 msecs (HTTP/1.1 404) 5 headers in 202 bytes (1 switches on core 0)
2026-03-05 08:15:34.644 7 INFO placement.requestlog [None req-ca9bb07a-8159-420d-a752-181f9cf728ad ee259c0fdba441deab18f3106ed31dc6 c4b110ec19cb4858b0b737337363c63b - - 2c160497c5fe45fb9036c98cafc63f01 2c160497c5fe45fb9036c98cafc63f01] 10.0.0.8 "GET /resource_providers/c91caea9-08b2-4f7f-a5b2-fb17a7e1888e/aggregates" status: 404 len: 235 microversion: 1.1 [pid: 7|app: 0|req: 380/759] 10.0.0.8 () {32 vars in 811 bytes} [Thu Mar 5 08:15:34 2026] GET /resource_providers/c91caea9-08b2-4f7f-a5b2-fb17a7e1888e/aggregates => generated 235 bytes in 9 msecs (HTTP/1.1 404) 5 headers in 202 bytes (1 switches on core 0)
2026-03-05 08:15:34.665 7 INFO placement.requestlog [None req-b08fa25c-8627-40a5-8a03-d46e80c1f39b ee259c0fdba441deab18f3106ed31dc6 c4b110ec19cb4858b0b737337363c63b - - 2c160497c5fe45fb9036c98cafc63f01 2c160497c5fe45fb9036c98cafc63f01] 10.0.0.8 "DELETE /resource_providers/c91caea9-08b2-4f7f-a5b2-fb17a7e1888e" status: 404 len: 246 microversion: 1.1 [pid: 7|app: 0|req: 381/760] 10.0.0.8 () {34 vars in 811 bytes} [Thu Mar 5 08:15:34 2026] DELETE /resource_providers/c91caea9-08b2-4f7f-a5b2-fb17a7e1888e => generated 246 bytes in 7 msecs (HTTP/1.1 404) 6 headers in 231 bytes (1 switches on core 0)
2026-03-05 08:15:34.667 8 INFO placement.requestlog [None req-82aa58b1-b915-43fb-b586-0bd21c91e847 ee259c0fdba441deab18f3106ed31dc6 c4b110ec19cb4858b0b737337363c63b - - 2c160497c5fe45fb9036c98cafc63f01 2c160497c5fe45fb9036c98cafc63f01] 10.0.0.8 "DELETE /resource_providers/c91caea9-08b2-4f7f-a5b2-fb17a7e1888e" status: 404 len: 246 microversion: 1.1 [pid: 8|app: 0|req: 380/761] 10.0.0.8 () {34 vars in 811 bytes} [Thu Mar 5 08:15:34 2026] DELETE /resource_providers/c91caea9-08b2-4f7f-a5b2-fb17a7e1888e => generated 246 bytes in 10 msecs (HTTP/1.1 404) 6 headers in 231 bytes (1 switches on core 0)
2026-03-05 08:15:37.530 7 INFO placement.requestlog [req-4b276611-2040-41e5-854a-d6124d8db3af req-19c458c9-b7cf-4f92-b867-7ad0a7c7e143 8d2ae24500a34892846f6575a5d24ef6 c4b110ec19cb4858b0b737337363c63b - - 2c160497c5fe45fb9036c98cafc63f01 2c160497c5fe45fb9036c98cafc63f01] 199.204.45.227 "GET /resource_providers/0bb19b60-a15e-4fd7-a460-6b1507c1472e/allocations" status: 200 len: 252 microversion: 1.0 [pid: 7|app: 0|req: 382/762] 199.204.45.227 () {32 vars in 854 bytes} [Thu Mar 5 08:15:37 2026] GET /resource_providers/0bb19b60-a15e-4fd7-a460-6b1507c1472e/allocations => generated 252 bytes in 16 msecs (HTTP/1.1 200) 6 headers in 224 bytes (1 switches on core 0)
2026-03-05 08:15:37.556 8 INFO placement.requestlog [req-4b276611-2040-41e5-854a-d6124d8db3af req-615d07ec-dae4-4f85-be0c-22ac8177e74e 8d2ae24500a34892846f6575a5d24ef6 c4b110ec19cb4858b0b737337363c63b - - 2c160497c5fe45fb9036c98cafc63f01 2c160497c5fe45fb9036c98cafc63f01] 199.204.45.227 "GET /allocations/7ee65631-3150-4e2d-92a5-73efdb4b3eb8" status: 200 len: 257 microversion: 1.28 [pid: 8|app: 0|req: 381/763] 199.204.45.227 () {34 vars in 860 bytes} [Thu Mar 5 08:15:37 2026] GET /allocations/7ee65631-3150-4e2d-92a5-73efdb4b3eb8 => generated 257 bytes in 18 msecs (HTTP/1.1 200) 8 headers in 296 bytes (1 switches on core 0)
2026-03-05 08:15:37.573 7 INFO placement.requestlog [req-4b276611-2040-41e5-854a-d6124d8db3af req-9684465c-e9e1-4869-aafb-984ef1c7e3bd 8d2ae24500a34892846f6575a5d24ef6 c4b110ec19cb4858b0b737337363c63b - - 2c160497c5fe45fb9036c98cafc63f01 2c160497c5fe45fb9036c98cafc63f01] 199.204.45.227 "GET /allocations/7df2116f-19aa-4533-ab97-6eded189e1d8" status: 200 len: 257 microversion: 1.28 [pid: 7|app: 0|req: 383/764] 199.204.45.227 () {34 vars in 860 bytes} [Thu Mar 5 08:15:37 2026] GET /allocations/7df2116f-19aa-4533-ab97-6eded189e1d8 => generated 257 bytes in 13 msecs (HTTP/1.1 200) 8 headers in 296 bytes (1 switches on core 0)
2026-03-05 08:15:38.214 7 INFO placement.requestlog [None req-5f56cf34-4cc7-4f80-b3ea-d8c64d9c39e9 - - - - - -] 10.0.0.225 "GET /" status: 200 len: 136 microversion: 1.0
2026-03-05 08:15:38.215 8 INFO placement.requestlog [None req-0c563db4-0c53-4b2a-bcf5-7c0b9c7048e0 - - - - - -] 10.0.0.225 "GET /" status: 200 len: 136 microversion: 1.0
2026-03-05 08:15:38.619 7 INFO placement.requestlog [req-4b276611-2040-41e5-854a-d6124d8db3af req-bf237258-0aa4-4676-8fda-6e77d136f057 8d2ae24500a34892846f6575a5d24ef6 c4b110ec19cb4858b0b737337363c63b - - 2c160497c5fe45fb9036c98cafc63f01 2c160497c5fe45fb9036c98cafc63f01] 199.204.45.227 "DELETE /allocations/7df2116f-19aa-4533-ab97-6eded189e1d8" status: 204 len: 0 microversion: 1.0 [pid: 7|app: 0|req: 385/767] 199.204.45.227 () {34 vars in 838 bytes} [Thu Mar 5 08:15:38 2026] DELETE /allocations/7df2116f-19aa-4533-ab97-6eded189e1d8 => generated 0 bytes in 22 msecs (HTTP/1.1 204) 5 headers in 198 bytes (1 switches on core 0)
2026-03-05 08:15:41.112 8 INFO placement.requestlog [None req-226948ca-f08d-47a5-a67e-dc98335a34cc ee259c0fdba441deab18f3106ed31dc6 c4b110ec19cb4858b0b737337363c63b - - 2c160497c5fe45fb9036c98cafc63f01 2c160497c5fe45fb9036c98cafc63f01] 10.0.0.8 "GET /resource_providers/7bdd33e9-44bc-4e58-a3b6-8c3d7d03b120/aggregates" status: 404 len: 235 microversion: 1.1 [pid: 8|app: 0|req: 383/768] 10.0.0.8 () {32 vars in 811 bytes} [Thu Mar 5 08:15:41 2026] GET /resource_providers/7bdd33e9-44bc-4e58-a3b6-8c3d7d03b120/aggregates => generated 235 bytes in 11 msecs (HTTP/1.1 404) 5 headers in 202 bytes (1 switches on core 0)
2026-03-05 08:15:41.113 7 INFO placement.requestlog [None req-ae1a95e7-06da-425f-8d8e-d900ecce17e8 ee259c0fdba441deab18f3106ed31dc6 c4b110ec19cb4858b0b737337363c63b - - 2c160497c5fe45fb9036c98cafc63f01 2c160497c5fe45fb9036c98cafc63f01] 10.0.0.8 "GET /resource_providers/7bdd33e9-44bc-4e58-a3b6-8c3d7d03b120/aggregates" status: 404 len: 235 microversion: 1.1 [pid: 7|app: 0|req: 386/769] 10.0.0.8 () {32 vars in 811 bytes} [Thu Mar 5 08:15:41 2026] GET /resource_providers/7bdd33e9-44bc-4e58-a3b6-8c3d7d03b120/aggregates => generated 235 bytes in 11 msecs (HTTP/1.1 404) 5 headers in 202 bytes (1 switches on core 0)
2026-03-05 08:15:41.132 8 INFO placement.requestlog [None req-57f47107-bf4e-4cdb-97fb-efb8efcfd17f ee259c0fdba441deab18f3106ed31dc6 c4b110ec19cb4858b0b737337363c63b - - 2c160497c5fe45fb9036c98cafc63f01 2c160497c5fe45fb9036c98cafc63f01] 10.0.0.8 "DELETE /resource_providers/7bdd33e9-44bc-4e58-a3b6-8c3d7d03b120" status: 404 len: 246 microversion: 1.1 [pid: 8|app: 0|req: 384/770] 10.0.0.8 () {34 vars in 811 bytes} [Thu Mar 5 08:15:41 2026] DELETE /resource_providers/7bdd33e9-44bc-4e58-a3b6-8c3d7d03b120 => generated 246 bytes in 8 msecs (HTTP/1.1 404) 6 headers in 231 bytes (1 switches on core 0)
2026-03-05 08:15:41.135 7 INFO placement.requestlog [None req-158a37f2-b4df-4cd2-ae32-54eeb5aeb955 ee259c0fdba441deab18f3106ed31dc6 c4b110ec19cb4858b0b737337363c63b - - 2c160497c5fe45fb9036c98cafc63f01 2c160497c5fe45fb9036c98cafc63f01] 10.0.0.8 "DELETE /resource_providers/7bdd33e9-44bc-4e58-a3b6-8c3d7d03b120" status: 404 len: 246 microversion: 1.1 [pid: 7|app: 0|req: 387/771] 10.0.0.8 () {34 vars in 811 bytes} [Thu Mar 5 08:15:41 2026] DELETE /resource_providers/7bdd33e9-44bc-4e58-a3b6-8c3d7d03b120 => generated 246 bytes in 10 msecs (HTTP/1.1 404) 6 headers in 231 bytes (1 switches on core 0)
2026-03-05 08:15:43.157 7 INFO placement.requestlog [None req-274e0a9f-ecc2-435c-bcb4-2a41215497ee ee259c0fdba441deab18f3106ed31dc6 c4b110ec19cb4858b0b737337363c63b - - 2c160497c5fe45fb9036c98cafc63f01 2c160497c5fe45fb9036c98cafc63f01] 10.0.0.8 "GET /resource_providers/df34ec05-dc81-4729-830f-6d85d6316249/aggregates" status: 404 len: 235 microversion: 1.1 [pid: 7|app: 0|req: 388/772] 10.0.0.8 () {32 vars in 811 bytes} [Thu Mar 5 08:15:43 2026] GET /resource_providers/df34ec05-dc81-4729-830f-6d85d6316249/aggregates => generated 235 bytes in 9 msecs (HTTP/1.1 404) 5 headers in 202 bytes (1 switches on core 0)
2026-03-05 08:15:43.158 8 INFO placement.requestlog [None req-6396d9c0-b0e9-4120-b54b-ff15f4492dba ee259c0fdba441deab18f3106ed31dc6 c4b110ec19cb4858b0b737337363c63b - - 2c160497c5fe45fb9036c98cafc63f01 2c160497c5fe45fb9036c98cafc63f01] 10.0.0.8 "GET /resource_providers/df34ec05-dc81-4729-830f-6d85d6316249/aggregates" status: 404 len: 235 microversion: 1.1 [pid: 8|app: 0|req: 385/773] 10.0.0.8 () {32 vars in 811 bytes} [Thu Mar 5 08:15:43 2026] GET /resource_providers/df34ec05-dc81-4729-830f-6d85d6316249/aggregates => generated 235 bytes in 13 msecs (HTTP/1.1 404) 5 headers in 202 bytes (1 switches on core 0)
2026-03-05 08:15:43.178 7 INFO placement.requestlog [None req-e8507067-b968-404b-bea5-9d094454bc61 ee259c0fdba441deab18f3106ed31dc6 c4b110ec19cb4858b0b737337363c63b - - 2c160497c5fe45fb9036c98cafc63f01 2c160497c5fe45fb9036c98cafc63f01] 10.0.0.8 "DELETE /resource_providers/df34ec05-dc81-4729-830f-6d85d6316249" status: 404 len: 246 microversion: 1.1 [pid: 7|app: 0|req: 389/774] 10.0.0.8 () {34 vars in 811 bytes} [Thu Mar 5 08:15:43 2026] DELETE /resource_providers/df34ec05-dc81-4729-830f-6d85d6316249 => generated 246 bytes in 11 msecs (HTTP/1.1 404) 6 headers in 231 bytes (1 switches on core 0)
2026-03-05 08:15:43.185 8 INFO placement.requestlog [None req-88da8a69-c2a9-43e5-acf7-d126e2d69a6a ee259c0fdba441deab18f3106ed31dc6 c4b110ec19cb4858b0b737337363c63b - - 2c160497c5fe45fb9036c98cafc63f01 2c160497c5fe45fb9036c98cafc63f01] 10.0.0.8 "DELETE /resource_providers/df34ec05-dc81-4729-830f-6d85d6316249" status: 404 len: 246 microversion: 1.1 [pid: 8|app: 0|req: 386/775] 10.0.0.8 () {34 vars in 811 bytes} [Thu Mar 5 08:15:43 2026] DELETE /resource_providers/df34ec05-dc81-4729-830f-6d85d6316249 => generated 246 bytes in 6 msecs (HTTP/1.1 404) 6 headers in 231 bytes (1 switches on core 0)
2026-03-05 08:15:43.871 7 INFO placement.requestlog [None req-8ecf1658-559b-4bc5-88f0-05cafc905f70 ee259c0fdba441deab18f3106ed31dc6 c4b110ec19cb4858b0b737337363c63b - - 2c160497c5fe45fb9036c98cafc63f01 2c160497c5fe45fb9036c98cafc63f01] 10.0.0.8 "GET /resource_providers/707564dc-e3ac-4a55-b096-9f317a6404f2/aggregates" status: 404 len: 235 microversion: 1.1 [pid: 7|app: 0|req: 390/776] 10.0.0.8 () {32 vars in 811 bytes} [Thu Mar 5 08:15:43 2026] GET /resource_providers/707564dc-e3ac-4a55-b096-9f317a6404f2/aggregates => generated 235 bytes in 9 msecs (HTTP/1.1 404) 5 headers in 202 bytes (1 switches on core 0)
2026-03-05 08:15:43.872 8 INFO placement.requestlog [None req-6caec247-0775-490d-9d5a-4a7c8f167c4e ee259c0fdba441deab18f3106ed31dc6 c4b110ec19cb4858b0b737337363c63b - - 2c160497c5fe45fb9036c98cafc63f01 2c160497c5fe45fb9036c98cafc63f01] 10.0.0.8 "GET /resource_providers/707564dc-e3ac-4a55-b096-9f317a6404f2/aggregates" status: 404 len: 235 microversion: 1.1 [pid: 8|app: 0|req: 387/777] 10.0.0.8 () {32 vars in 811 bytes} [Thu Mar 5 08:15:43 2026] GET /resource_providers/707564dc-e3ac-4a55-b096-9f317a6404f2/aggregates => generated 235 bytes in 10 msecs (HTTP/1.1 404) 5 headers in 202 bytes (1 switches on core 0)
2026-03-05 08:15:43.894 7 INFO placement.requestlog [None req-a98679b6-3a78-41b4-8381-05845339b5b7 ee259c0fdba441deab18f3106ed31dc6 c4b110ec19cb4858b0b737337363c63b - - 2c160497c5fe45fb9036c98cafc63f01 2c160497c5fe45fb9036c98cafc63f01] 10.0.0.8 "DELETE /resource_providers/707564dc-e3ac-4a55-b096-9f317a6404f2" status: 404 len: 246 microversion: 1.1 [pid: 7|app: 0|req: 391/778] 10.0.0.8 () {34 vars in 811 bytes} [Thu Mar 5 08:15:43 2026] DELETE /resource_providers/707564dc-e3ac-4a55-b096-9f317a6404f2 => generated 246 bytes in 9 msecs (HTTP/1.1 404) 6 headers in 231 bytes (1 switches on core 0)
2026-03-05 08:15:43.901 8 INFO placement.requestlog [None req-3f1bdb08-ae97-45bb-9a0c-884e89708048 ee259c0fdba441deab18f3106ed31dc6 c4b110ec19cb4858b0b737337363c63b - - 2c160497c5fe45fb9036c98cafc63f01 2c160497c5fe45fb9036c98cafc63f01] 10.0.0.8 "DELETE /resource_providers/707564dc-e3ac-4a55-b096-9f317a6404f2" status: 404 len: 246 microversion: 1.1 [pid: 8|app: 0|req: 388/779] 10.0.0.8 () {34 vars in 811 bytes} [Thu Mar 5 08:15:43 2026] DELETE /resource_providers/707564dc-e3ac-4a55-b096-9f317a6404f2 => generated 246 bytes in 10 msecs (HTTP/1.1 404) 6 headers in 231 bytes (1 switches on core 0)
2026-03-05 08:15:44.064 7 INFO placement.requestlog [req-2378dfc6-82c5-4959-8574-881a8deda9fe req-521822c5-582f-4d36-8515-8b2071e062f7 8d2ae24500a34892846f6575a5d24ef6 c4b110ec19cb4858b0b737337363c63b - - 2c160497c5fe45fb9036c98cafc63f01 2c160497c5fe45fb9036c98cafc63f01] 199.204.45.227 "GET /resource_providers/0bb19b60-a15e-4fd7-a460-6b1507c1472e/allocations" status: 200 len: 152 microversion: 1.0 [pid: 7|app: 0|req: 392/780] 199.204.45.227 () {32 vars in 854 bytes} [Thu Mar 5 08:15:44 2026] GET /resource_providers/0bb19b60-a15e-4fd7-a460-6b1507c1472e/allocations => generated 152 bytes in 10 msecs (HTTP/1.1 200) 6 headers in 224 bytes (1 switches on core 0)
2026-03-05 08:15:44.085 8 INFO placement.requestlog [req-2378dfc6-82c5-4959-8574-881a8deda9fe req-e6d76d5a-ce1a-48f6-8c06-ee3053990a4b 8d2ae24500a34892846f6575a5d24ef6 c4b110ec19cb4858b0b737337363c63b - - 2c160497c5fe45fb9036c98cafc63f01 2c160497c5fe45fb9036c98cafc63f01] 199.204.45.227 "GET /resource_providers/0bb19b60-a15e-4fd7-a460-6b1507c1472e/allocations" status: 200 len: 152 microversion: 1.0 [pid: 8|app: 0|req: 389/781] 199.204.45.227 () {32 vars in 854 bytes} [Thu Mar 5 08:15:44 2026] GET /resource_providers/0bb19b60-a15e-4fd7-a460-6b1507c1472e/allocations => generated 152 bytes in 16 msecs (HTTP/1.1 200) 6 headers in 224 bytes (1 switches on core 0)
2026-03-05 08:15:44.098 7 INFO placement.requestlog [req-2378dfc6-82c5-4959-8574-881a8deda9fe req-7fd7a6d6-eb22-4614-a764-3ad2bc77a060 8d2ae24500a34892846f6575a5d24ef6 c4b110ec19cb4858b0b737337363c63b - - 2c160497c5fe45fb9036c98cafc63f01 2c160497c5fe45fb9036c98cafc63f01] 199.204.45.227 "GET /allocations/7ee65631-3150-4e2d-92a5-73efdb4b3eb8" status: 200 len: 257 microversion: 1.28 [pid: 7|app: 0|req: 393/782] 199.204.45.227 () {34 vars in 860 bytes} [Thu Mar 5 08:15:44 2026] GET /allocations/7ee65631-3150-4e2d-92a5-73efdb4b3eb8 => generated 257 bytes in 7 msecs (HTTP/1.1 200) 8 headers in 296 bytes (1 switches on core 0)
2026-03-05 08:15:45.920 7 INFO placement.requestlog [None req-797bc44a-99cb-45f7-a5c1-edf6daddfa0d ee259c0fdba441deab18f3106ed31dc6 c4b110ec19cb4858b0b737337363c63b - - 2c160497c5fe45fb9036c98cafc63f01 2c160497c5fe45fb9036c98cafc63f01] 10.0.0.8 "GET /resource_providers/0cad158d-fe5d-4fbc-8854-8ebfc7d0118c/aggregates" status: 404 len: 235 microversion: 1.1 [pid: 7|app: 0|req: 394/783] 10.0.0.8 () {32 vars in 811 bytes} [Thu Mar 5 08:15:45 2026] GET /resource_providers/0cad158d-fe5d-4fbc-8854-8ebfc7d0118c/aggregates => generated 235 bytes in 10 msecs (HTTP/1.1 404) 5 headers in 202 bytes (1 switches on core 0)
2026-03-05 08:15:45.920 8 INFO placement.requestlog [None req-4bf21a0f-2334-4b4c-89e4-24aa765e6440 ee259c0fdba441deab18f3106ed31dc6 c4b110ec19cb4858b0b737337363c63b - - 2c160497c5fe45fb9036c98cafc63f01 2c160497c5fe45fb9036c98cafc63f01] 10.0.0.8 "GET /resource_providers/0cad158d-fe5d-4fbc-8854-8ebfc7d0118c/aggregates" status: 404 len: 235 microversion: 1.1 [pid: 8|app: 0|req: 390/784] 10.0.0.8 () {32 vars in 811 bytes} [Thu Mar 5 08:15:45 2026] GET /resource_providers/0cad158d-fe5d-4fbc-8854-8ebfc7d0118c/aggregates => generated 235 bytes in 13 msecs (HTTP/1.1 404) 5 headers in 202 bytes (1 switches on core 0)
2026-03-05 08:15:45.941 7 INFO placement.requestlog [None req-a6eb92bd-544a-4a30-b8a8-bc68ebb41dac ee259c0fdba441deab18f3106ed31dc6 c4b110ec19cb4858b0b737337363c63b - - 2c160497c5fe45fb9036c98cafc63f01 2c160497c5fe45fb9036c98cafc63f01] 10.0.0.8 "DELETE /resource_providers/0cad158d-fe5d-4fbc-8854-8ebfc7d0118c" status: 404 len: 246 microversion: 1.1 [pid: 7|app: 0|req: 395/785] 10.0.0.8 () {34 vars in 811 bytes} [Thu Mar 5 08:15:45 2026] DELETE /resource_providers/0cad158d-fe5d-4fbc-8854-8ebfc7d0118c => generated 246 bytes in 9 msecs (HTTP/1.1 404) 6 headers in 231 bytes (1 switches on core 0)
2026-03-05 08:15:45.952 8 INFO placement.requestlog [None req-6c10e65d-4c19-42b1-bbeb-69fb3b7ddd94 ee259c0fdba441deab18f3106ed31dc6 c4b110ec19cb4858b0b737337363c63b - - 2c160497c5fe45fb9036c98cafc63f01 2c160497c5fe45fb9036c98cafc63f01] 10.0.0.8 "DELETE /resource_providers/0cad158d-fe5d-4fbc-8854-8ebfc7d0118c" status: 404 len: 246 microversion: 1.1 [pid: 8|app: 0|req: 391/786] 10.0.0.8 () {34 vars in 811 bytes} [Thu Mar 5 08:15:45 2026] DELETE /resource_providers/0cad158d-fe5d-4fbc-8854-8ebfc7d0118c => generated 246 bytes in 9 msecs (HTTP/1.1 404) 6 headers in 231 bytes (1 switches on core 0)
2026-03-05 08:15:45.958 7 INFO placement.requestlog [None req-ca98f79c-f1ca-4958-b9d7-a4e661bd5393 ee259c0fdba441deab18f3106ed31dc6 c4b110ec19cb4858b0b737337363c63b - - 2c160497c5fe45fb9036c98cafc63f01 2c160497c5fe45fb9036c98cafc63f01] 10.0.0.8 "GET /resource_providers/8d4f8b81-c332-42e2-a337-4fb965cbf0fe/aggregates" status: 404 len: 235 microversion: 1.1 [pid: 7|app: 0|req: 396/787] 10.0.0.8 () {32 vars in 811 bytes} [Thu Mar 5 08:15:45 2026] GET /resource_providers/8d4f8b81-c332-42e2-a337-4fb965cbf0fe/aggregates => generated 235 bytes in 9 msecs (HTTP/1.1 404) 5 headers in 202 bytes (1 switches on core 0)
2026-03-05 08:15:45.972 8 INFO placement.requestlog [None req-b5886b0f-4d0f-472c-8ae1-d8f73695bcd0 ee259c0fdba441deab18f3106ed31dc6 c4b110ec19cb4858b0b737337363c63b - - 2c160497c5fe45fb9036c98cafc63f01 2c160497c5fe45fb9036c98cafc63f01] 10.0.0.8 "GET /resource_providers/8d4f8b81-c332-42e2-a337-4fb965cbf0fe/aggregates" status: 404 len: 235 microversion: 1.1 [pid: 8|app: 0|req: 392/788] 10.0.0.8 () {32 vars in 811 bytes} [Thu Mar 5 08:15:45 2026] GET /resource_providers/8d4f8b81-c332-42e2-a337-4fb965cbf0fe/aggregates => generated 235 bytes in 8 msecs (HTTP/1.1 404) 5 headers in 202 bytes (1 switches on core 0)
2026-03-05 08:15:45.976 7 INFO placement.requestlog [None req-1915e2f1-4824-4de3-8abb-afaef52b55a2 ee259c0fdba441deab18f3106ed31dc6 c4b110ec19cb4858b0b737337363c63b - - 2c160497c5fe45fb9036c98cafc63f01 2c160497c5fe45fb9036c98cafc63f01] 10.0.0.8 "DELETE /resource_providers/8d4f8b81-c332-42e2-a337-4fb965cbf0fe" status: 404 len: 246 microversion: 1.1 [pid: 7|app: 0|req: 397/789] 10.0.0.8 () {34 vars in 811 bytes} [Thu Mar 5 08:15:45 2026] DELETE /resource_providers/8d4f8b81-c332-42e2-a337-4fb965cbf0fe => generated 246 bytes in 9 msecs (HTTP/1.1 404) 6 headers in 231 bytes (1 switches on core 0)
2026-03-05 08:15:45.989 8 INFO placement.requestlog [None req-a7e6bbb7-abfe-4406-a7d0-9dd0e6162c11 ee259c0fdba441deab18f3106ed31dc6 c4b110ec19cb4858b0b737337363c63b - - 2c160497c5fe45fb9036c98cafc63f01 2c160497c5fe45fb9036c98cafc63f01] 10.0.0.8 "DELETE /resource_providers/8d4f8b81-c332-42e2-a337-4fb965cbf0fe" status: 404 len: 246 microversion: 1.1 [pid: 8|app: 0|req: 393/790] 10.0.0.8 () {34 vars in 811 bytes} [Thu Mar 5 08:15:45 2026] DELETE /resource_providers/8d4f8b81-c332-42e2-a337-4fb965cbf0fe => generated 246 bytes in 6 msecs (HTTP/1.1 404) 6 headers in 231 bytes (1 switches on core 0)
2026-03-05 08:15:48.214 7 INFO placement.requestlog [None req-0fab0eb6-2c22-4e08-9b26-11268f3d98a2 - - - - - -] 10.0.0.225 "GET /" status: 200 len: 136 microversion: 1.0
2026-03-05 08:15:48.215 8 INFO placement.requestlog [None req-f2ee0f64-6dd1-4780-b78f-462aff7e2e7c - - - - - -] 10.0.0.225 "GET /" status: 200 len: 136 microversion: 1.0
2026-03-05 08:15:52.784 7 INFO placement.requestlog [req-73883011-984c-4680-806a-853a859e8fd9 req-1d2e923b-bb70-4474-a310-4b9f712ec6df 8d2ae24500a34892846f6575a5d24ef6 c4b110ec19cb4858b0b737337363c63b - - 2c160497c5fe45fb9036c98cafc63f01 2c160497c5fe45fb9036c98cafc63f01] 10.0.0.126 "GET /allocation_candidates?limit=1000&resources=DISK_GB%3A1%2CMEMORY_MB%3A512%2CVCPU%3A1&root_required=%21COMPUTE_STATUS_DISABLED" status: 200 len: 2783 microversion: 1.36 [pid: 7|app: 0|req: 399/793] 10.0.0.126 () {34 vars in 1009 bytes} [Thu Mar 5 08:15:52 2026] GET /allocation_candidates?limit=1000&resources=DISK_GB%3A1%2CMEMORY_MB%3A512%2CVCPU%3A1&root_required=%21COMPUTE_STATUS_DISABLED => generated 2783 bytes in 40 msecs (HTTP/1.1 200) 8 headers in 297 bytes (1 switches on core 0)
2026-03-05 08:15:52.812 8 INFO placement.requestlog [req-73883011-984c-4680-806a-853a859e8fd9 req-9716d43d-f74f-4d04-9ece-7ff7536233db 8d2ae24500a34892846f6575a5d24ef6 c4b110ec19cb4858b0b737337363c63b - - 2c160497c5fe45fb9036c98cafc63f01 2c160497c5fe45fb9036c98cafc63f01] 10.0.0.126 "GET /allocations/c69e7424-82f5-4747-b709-8527b71b1660" status: 200 len: 19 microversion: 1.28 [pid: 8|app: 0|req: 395/794] 10.0.0.126 () {34 vars in 858 bytes} [Thu Mar 5 08:15:52 2026] GET /allocations/c69e7424-82f5-4747-b709-8527b71b1660 => generated 19 bytes in 9 msecs (HTTP/1.1 200) 8 headers in 295 bytes (1 switches on core 0)
2026-03-05 08:15:52.868 7 INFO placement.requestlog [req-73883011-984c-4680-806a-853a859e8fd9 req-1da15a87-b4de-494f-ad6f-e6e701fced48 8d2ae24500a34892846f6575a5d24ef6 c4b110ec19cb4858b0b737337363c63b - - 2c160497c5fe45fb9036c98cafc63f01 2c160497c5fe45fb9036c98cafc63f01] 10.0.0.126 "PUT /allocations/c69e7424-82f5-4747-b709-8527b71b1660" status: 204 len: 0 microversion: 1.36 [pid: 7|app: 0|req: 400/795] 10.0.0.126 () {38 vars in 911 bytes} [Thu Mar 5 08:15:52 2026] PUT /allocations/c69e7424-82f5-4747-b709-8527b71b1660 => generated 0 bytes in 51 msecs (HTTP/1.1 204) 5 headers in 199 bytes (1 switches on core 0)
2026-03-05 08:15:52.897 7 INFO placement.requestlog [None req-918cb98f-8209-4524-8250-d8ad8eada2bd ee259c0fdba441deab18f3106ed31dc6 c4b110ec19cb4858b0b737337363c63b - - 2c160497c5fe45fb9036c98cafc63f01 2c160497c5fe45fb9036c98cafc63f01] 10.0.0.8 "GET /resource_providers/10590e9e-58db-4d8d-b8db-3fcf82db6b0f/aggregates" status: 404 len: 235 microversion: 1.1 [pid: 7|app: 0|req: 401/796] 10.0.0.8 () {32 vars in 811 bytes} [Thu Mar 5 08:15:52 2026] GET /resource_providers/10590e9e-58db-4d8d-b8db-3fcf82db6b0f/aggregates => generated 235 bytes in 5 msecs (HTTP/1.1 404) 5 headers in 202 bytes (1 switches on core 0)
2026-03-05 08:15:52.902 8 INFO placement.requestlog [None req-096b37a6-0714-4eca-8f0b-88c29ef3ce6e ee259c0fdba441deab18f3106ed31dc6 c4b110ec19cb4858b0b737337363c63b - - 2c160497c5fe45fb9036c98cafc63f01 2c160497c5fe45fb9036c98cafc63f01] 10.0.0.8 "GET /resource_providers/10590e9e-58db-4d8d-b8db-3fcf82db6b0f/aggregates" status: 404 len: 235 microversion: 1.1 [pid: 8|app: 0|req: 396/797] 10.0.0.8 () {32 vars in 811 bytes} [Thu Mar 5 08:15:52 2026] GET /resource_providers/10590e9e-58db-4d8d-b8db-3fcf82db6b0f/aggregates => generated 235 bytes in 10 msecs (HTTP/1.1 404) 5 headers in 202 bytes (1 switches on core 0)
2026-03-05 08:15:52.917 8 INFO placement.requestlog [None req-672d6b23-c258-4a06-bbff-b68539fdf9ab ee259c0fdba441deab18f3106ed31dc6 c4b110ec19cb4858b0b737337363c63b - - 2c160497c5fe45fb9036c98cafc63f01 2c160497c5fe45fb9036c98cafc63f01] 10.0.0.8 "DELETE /resource_providers/10590e9e-58db-4d8d-b8db-3fcf82db6b0f" status: 404 len: 246 microversion: 1.1 [pid: 8|app: 0|req: 397/798] 10.0.0.8 () {34 vars in 811 bytes} [Thu Mar 5 08:15:52 2026] DELETE /resource_providers/10590e9e-58db-4d8d-b8db-3fcf82db6b0f => generated 246 bytes in 6 msecs (HTTP/1.1 404) 6 headers in 231 bytes (1 switches on core 0)
2026-03-05 08:15:52.920 7 INFO placement.requestlog [None req-7c5e8609-c194-4de6-adb8-6fb5e0d42661 ee259c0fdba441deab18f3106ed31dc6 c4b110ec19cb4858b0b737337363c63b - - 2c160497c5fe45fb9036c98cafc63f01 2c160497c5fe45fb9036c98cafc63f01] 10.0.0.8 "DELETE /resource_providers/10590e9e-58db-4d8d-b8db-3fcf82db6b0f" status: 404 len: 246 microversion: 1.1 [pid: 7|app: 0|req: 402/799] 10.0.0.8 () {34 vars in 811 bytes} [Thu Mar 5 08:15:52 2026] DELETE /resource_providers/10590e9e-58db-4d8d-b8db-3fcf82db6b0f => generated 246 bytes in 11 msecs (HTTP/1.1 404) 6 headers in 231 bytes (1 switches on core 0)
2026-03-05 08:15:54.369 8 INFO placement.requestlog [req-73883011-984c-4680-806a-853a859e8fd9 req-18822a90-dcd5-44f6-8daa-2f67c0390e30 8d2ae24500a34892846f6575a5d24ef6 c4b110ec19cb4858b0b737337363c63b - - 2c160497c5fe45fb9036c98cafc63f01 2c160497c5fe45fb9036c98cafc63f01] 199.204.45.227 "GET /allocations/c69e7424-82f5-4747-b709-8527b71b1660" status: 200 len: 257 microversion: 1.28 [pid: 8|app: 0|req: 398/800] 199.204.45.227 () {34 vars in 860 bytes} [Thu Mar 5 08:15:54 2026] GET /allocations/c69e7424-82f5-4747-b709-8527b71b1660 => generated 257 bytes in 12 msecs (HTTP/1.1 200) 8 headers in 296 bytes (1 switches on core 0)
2026-03-05 08:15:55.401 7 INFO placement.requestlog [req-73883011-984c-4680-806a-853a859e8fd9 req-9b95ff4b-ba88-46e1-a047-63343a049bc7 8d2ae24500a34892846f6575a5d24ef6 c4b110ec19cb4858b0b737337363c63b - - 2c160497c5fe45fb9036c98cafc63f01 2c160497c5fe45fb9036c98cafc63f01] 199.204.45.227 "GET /resource_providers/0bb19b60-a15e-4fd7-a460-6b1507c1472e/allocations" status: 200 len: 252 microversion: 1.0 [pid: 7|app: 0|req: 403/801] 199.204.45.227 () {32 vars in 854 bytes} [Thu Mar 5 08:15:55 2026] GET /resource_providers/0bb19b60-a15e-4fd7-a460-6b1507c1472e/allocations => generated 252 bytes in 11 msecs (HTTP/1.1 200) 6 headers in 224 bytes (1 switches on core 0)
2026-03-05 08:15:55.426 8 INFO placement.requestlog [req-73883011-984c-4680-806a-853a859e8fd9 req-d6648123-c69c-4c80-8f26-3ae37503a173 8d2ae24500a34892846f6575a5d24ef6 c4b110ec19cb4858b0b737337363c63b - - 2c160497c5fe45fb9036c98cafc63f01 2c160497c5fe45fb9036c98cafc63f01] 199.204.45.227 "GET /allocations/c69e7424-82f5-4747-b709-8527b71b1660" status: 200 len: 257 microversion: 1.28 [pid: 8|app: 0|req: 399/802] 199.204.45.227 () {34 vars in 860 bytes} [Thu Mar 5 08:15:55 2026] GET /allocations/c69e7424-82f5-4747-b709-8527b71b1660 => generated 257 bytes in 19 msecs (HTTP/1.1 200) 8 headers in 296 bytes (1 switches on core 0)
2026-03-05 08:15:55.448 7 INFO placement.requestlog [req-73883011-984c-4680-806a-853a859e8fd9 req-1ea709de-2449-4323-ab23-e4040a2ffa30 8d2ae24500a34892846f6575a5d24ef6 c4b110ec19cb4858b0b737337363c63b - - 2c160497c5fe45fb9036c98cafc63f01 2c160497c5fe45fb9036c98cafc63f01] 199.204.45.227 "GET /allocations/7ee65631-3150-4e2d-92a5-73efdb4b3eb8" status: 200 len: 257 microversion: 1.28 [pid: 7|app: 0|req: 404/803] 199.204.45.227 () {34 vars in 860 bytes} [Thu Mar 5 08:15:55 2026] GET /allocations/7ee65631-3150-4e2d-92a5-73efdb4b3eb8 => generated 257 bytes in 14 msecs (HTTP/1.1 200) 8 headers in 296 bytes (1 switches on core 0)
2026-03-05 08:15:55.528 8 INFO placement.requestlog [None req-32e1b50c-ac57-47cc-ab93-41559129fd5b ee259c0fdba441deab18f3106ed31dc6 c4b110ec19cb4858b0b737337363c63b - - 2c160497c5fe45fb9036c98cafc63f01 2c160497c5fe45fb9036c98cafc63f01] 10.0.0.8 "GET /resource_providers/17a060b9-4706-4907-b3c2-54544d708ac3/aggregates" status: 404 len: 235 microversion: 1.1 [pid: 8|app: 0|req: 400/804] 10.0.0.8 () {32 vars in 811 bytes} [Thu Mar 5 08:15:55 2026] GET /resource_providers/17a060b9-4706-4907-b3c2-54544d708ac3/aggregates => generated 235 bytes in 10 msecs (HTTP/1.1 404) 5 headers in 202 bytes (1 switches on core 0)
2026-03-05 08:15:55.529 7 INFO placement.requestlog [None req-fc75ea12-319c-4adc-8a00-6af72242ff31 ee259c0fdba441deab18f3106ed31dc6 c4b110ec19cb4858b0b737337363c63b - - 2c160497c5fe45fb9036c98cafc63f01 2c160497c5fe45fb9036c98cafc63f01] 10.0.0.8 "GET /resource_providers/17a060b9-4706-4907-b3c2-54544d708ac3/aggregates" status: 404 len: 235 microversion: 1.1 [pid: 7|app: 0|req: 405/805] 10.0.0.8 () {32 vars in 811 bytes} [Thu Mar 5 08:15:55 2026] GET /resource_providers/17a060b9-4706-4907-b3c2-54544d708ac3/aggregates => generated 235 bytes in 8 msecs (HTTP/1.1 404) 5 headers in 202 bytes (1 switches on core 0)
2026-03-05 08:15:55.546 8 INFO placement.requestlog [None req-e21af434-cc82-41f2-8048-f7b70e9c3469 ee259c0fdba441deab18f3106ed31dc6 c4b110ec19cb4858b0b737337363c63b - - 2c160497c5fe45fb9036c98cafc63f01 2c160497c5fe45fb9036c98cafc63f01] 10.0.0.8 "DELETE /resource_providers/17a060b9-4706-4907-b3c2-54544d708ac3" status: 404 len: 246 microversion: 1.1 [pid: 8|app: 0|req: 401/806] 10.0.0.8 () {34 vars in 811 bytes} [Thu Mar 5 08:15:55 2026] DELETE /resource_providers/17a060b9-4706-4907-b3c2-54544d708ac3 => generated 246 bytes in 8 msecs (HTTP/1.1 404) 6 headers in 231 bytes (1 switches on core 0)
2026-03-05 08:15:55.548 7 INFO placement.requestlog [None req-9fc20ae3-6158-4bb8-8b1d-1a35afd2e58c ee259c0fdba441deab18f3106ed31dc6 c4b110ec19cb4858b0b737337363c63b - - 2c160497c5fe45fb9036c98cafc63f01 2c160497c5fe45fb9036c98cafc63f01] 10.0.0.8 "DELETE /resource_providers/17a060b9-4706-4907-b3c2-54544d708ac3" status: 404 len: 246 microversion: 1.1 [pid: 7|app: 0|req: 406/807] 10.0.0.8 () {34 vars in 811 bytes} [Thu Mar 5 08:15:55 2026] DELETE /resource_providers/17a060b9-4706-4907-b3c2-54544d708ac3 => generated 246 bytes in 9 msecs (HTTP/1.1 404) 6 headers in 231 bytes (1 switches on core 0)
2026-03-05 08:15:56.357 8 INFO placement.requestlog [req-d0f19837-bf3c-4a0e-80e9-c8371816b777 req-97a1acbc-01de-4f1f-a3e0-2cc708733425 8d2ae24500a34892846f6575a5d24ef6 c4b110ec19cb4858b0b737337363c63b - - 2c160497c5fe45fb9036c98cafc63f01 2c160497c5fe45fb9036c98cafc63f01] 10.0.0.126 "GET /allocation_candidates?limit=1000&resources=DISK_GB%3A1%2CMEMORY_MB%3A512%2CVCPU%3A1&root_required=%21COMPUTE_STATUS_DISABLED" status: 200 len: 2784 microversion: 1.36 [pid: 8|app: 0|req: 402/808] 10.0.0.126 () {34 vars in 1009 bytes} [Thu Mar 5 08:15:56 2026] GET /allocation_candidates?limit=1000&resources=DISK_GB%3A1%2CMEMORY_MB%3A512%2CVCPU%3A1&root_required=%21COMPUTE_STATUS_DISABLED => generated 2784 bytes in 44 msecs (HTTP/1.1 200) 8 headers in 297 bytes (1 switches on core 0)
2026-03-05 08:15:56.389 7 INFO placement.requestlog [req-d0f19837-bf3c-4a0e-80e9-c8371816b777 req-c339ca36-a593-4bd0-bc1a-544756ec0983 8d2ae24500a34892846f6575a5d24ef6 c4b110ec19cb4858b0b737337363c63b - - 2c160497c5fe45fb9036c98cafc63f01 2c160497c5fe45fb9036c98cafc63f01] 10.0.0.126 "GET /allocations/1c6c6faf-27ea-4b37-be47-b34b06c08137" status: 200 len: 19 microversion: 1.28 [pid: 7|app: 0|req: 407/809] 10.0.0.126 () {34 vars in 858 bytes} [Thu Mar 5 08:15:56 2026] GET /allocations/1c6c6faf-27ea-4b37-be47-b34b06c08137 => generated 19 bytes in 11 msecs (HTTP/1.1 200) 8 headers in 295 bytes (1 switches on core 0)
2026-03-05 08:15:56.458 8 INFO placement.requestlog [req-d0f19837-bf3c-4a0e-80e9-c8371816b777 req-72a5922f-2ae3-4847-9ea2-7501d3ea7646 8d2ae24500a34892846f6575a5d24ef6 c4b110ec19cb4858b0b737337363c63b - - 2c160497c5fe45fb9036c98cafc63f01 2c160497c5fe45fb9036c98cafc63f01] 10.0.0.126 "PUT /allocations/1c6c6faf-27ea-4b37-be47-b34b06c08137" status: 204 len: 0 microversion: 1.36 [pid: 8|app: 0|req: 403/810] 10.0.0.126 () {38 vars in 911 bytes} [Thu Mar 5 08:15:56 2026] PUT /allocations/1c6c6faf-27ea-4b37-be47-b34b06c08137 => generated 0 bytes in 62 msecs (HTTP/1.1 204) 5 headers in 199 bytes (1 switches on core 0)
2026-03-05 08:15:57.571 7 INFO placement.requestlog [None req-eaefdaeb-4f66-4e6a-bfc4-ba71c8ddb47f ee259c0fdba441deab18f3106ed31dc6 c4b110ec19cb4858b0b737337363c63b - - 2c160497c5fe45fb9036c98cafc63f01 2c160497c5fe45fb9036c98cafc63f01] 10.0.0.8 "GET /resource_providers/5681f2fc-64b8-4d36-95c1-30287474eec6/aggregates" status: 404 len: 235 microversion: 1.1 [pid: 7|app: 0|req: 408/811] 10.0.0.8 () {32 vars in 811 bytes} [Thu Mar 5 08:15:57 2026] GET /resource_providers/5681f2fc-64b8-4d36-95c1-30287474eec6/aggregates => generated 235 bytes in 9 msecs (HTTP/1.1 404) 5 headers in 202 bytes (1 switches on core 0)
2026-03-05 08:15:57.576 8 INFO placement.requestlog [None req-4e1b2854-dea6-4312-8e78-0c525a913928 ee259c0fdba441deab18f3106ed31dc6 c4b110ec19cb4858b0b737337363c63b - - 2c160497c5fe45fb9036c98cafc63f01 2c160497c5fe45fb9036c98cafc63f01] 10.0.0.8 "GET /resource_providers/5681f2fc-64b8-4d36-95c1-30287474eec6/aggregates" status: 404 len: 235 microversion: 1.1 [pid: 8|app: 0|req: 404/812] 10.0.0.8 () {32 vars in 811 bytes} [Thu Mar 5 08:15:57 2026] GET /resource_providers/5681f2fc-64b8-4d36-95c1-30287474eec6/aggregates => generated 235 bytes in 12 msecs (HTTP/1.1 404) 5 headers in 202 bytes (1 switches on core 0)
2026-03-05 08:15:57.594 7 INFO placement.requestlog [None req-49be4ea0-095e-4b20-9c9e-7af4f7edfe02 ee259c0fdba441deab18f3106ed31dc6 c4b110ec19cb4858b0b737337363c63b - - 2c160497c5fe45fb9036c98cafc63f01 2c160497c5fe45fb9036c98cafc63f01] 10.0.0.8 "DELETE /resource_providers/5681f2fc-64b8-4d36-95c1-30287474eec6" status: 404 len: 246 microversion: 1.1 [pid: 7|app: 0|req: 409/813] 10.0.0.8 () {34 vars in 811 bytes} [Thu Mar 5 08:15:57 2026] DELETE /resource_providers/5681f2fc-64b8-4d36-95c1-30287474eec6 => generated 246 bytes in 9 msecs (HTTP/1.1 404) 6 headers in 231 bytes (1 switches on core 0)
2026-03-05 08:15:57.597 8 INFO placement.requestlog [None req-9ddb860f-5b0d-4981-b0cb-6da1cc085ddc ee259c0fdba441deab18f3106ed31dc6 c4b110ec19cb4858b0b737337363c63b - - 2c160497c5fe45fb9036c98cafc63f01 2c160497c5fe45fb9036c98cafc63f01] 10.0.0.8 "DELETE /resource_providers/5681f2fc-64b8-4d36-95c1-30287474eec6" status: 404 len: 246 microversion: 1.1 [pid: 8|app: 0|req: 405/814] 10.0.0.8 () {34 vars in 811 bytes} [Thu Mar 5 08:15:57 2026] DELETE /resource_providers/5681f2fc-64b8-4d36-95c1-30287474eec6 => generated 246 bytes in 9 msecs (HTTP/1.1 404) 6 headers in 231 bytes (1 switches on core 0)
2026-03-05 08:15:57.953 7 INFO placement.requestlog [req-d0f19837-bf3c-4a0e-80e9-c8371816b777 req-5730eddb-71df-4d65-b69a-630d39f57f71 8d2ae24500a34892846f6575a5d24ef6 c4b110ec19cb4858b0b737337363c63b - - 2c160497c5fe45fb9036c98cafc63f01 2c160497c5fe45fb9036c98cafc63f01] 199.204.45.227 "GET /allocations/1c6c6faf-27ea-4b37-be47-b34b06c08137" status: 200 len: 257 microversion: 1.28 [pid: 7|app: 0|req: 410/815] 199.204.45.227 () {34 vars in 860 bytes} [Thu Mar 5 08:15:57 2026] GET /allocations/1c6c6faf-27ea-4b37-be47-b34b06c08137 => generated 257 bytes in 13 msecs (HTTP/1.1 200) 8 headers in 296 bytes (1 switches on core 0)
2026-03-05 08:15:58.215 8 INFO placement.requestlog [None req-679a5eec-ae5d-4a0f-9c08-5cec11f4ef08 - - - - - -] 10.0.0.225 "GET /" status: 200 len: 136 microversion: 1.0
2026-03-05 08:15:58.216 7 INFO placement.requestlog [None req-3747d819-6745-4e1b-8dd1-31154aaf7be6 - - - - - -] 10.0.0.225 "GET /" status: 200 len: 136 microversion: 1.0
2026-03-05 08:15:58.998 8 INFO placement.requestlog [req-d0f19837-bf3c-4a0e-80e9-c8371816b777 req-01347f7b-9714-4d04-add3-825a47a8879e 8d2ae24500a34892846f6575a5d24ef6 c4b110ec19cb4858b0b737337363c63b - - 2c160497c5fe45fb9036c98cafc63f01 2c160497c5fe45fb9036c98cafc63f01] 199.204.45.227 "GET /resource_providers/0bb19b60-a15e-4fd7-a460-6b1507c1472e/allocations" status: 200 len: 352 microversion: 1.0 [pid: 8|app: 0|req: 407/818] 199.204.45.227 () {32 vars in 854 bytes} [Thu Mar 5 08:15:58 2026] GET /resource_providers/0bb19b60-a15e-4fd7-a460-6b1507c1472e/allocations => generated 352 bytes in 22 msecs (HTTP/1.1 200) 6 headers in 224 bytes (1 switches on core 0)
2026-03-05 08:15:59.015 7 INFO placement.requestlog [req-d0f19837-bf3c-4a0e-80e9-c8371816b777 req-e58272e4-61b8-4a83-bf2c-378743397d90 8d2ae24500a34892846f6575a5d24ef6 c4b110ec19cb4858b0b737337363c63b - - 2c160497c5fe45fb9036c98cafc63f01 2c160497c5fe45fb9036c98cafc63f01] 199.204.45.227 "GET /allocations/c69e7424-82f5-4747-b709-8527b71b1660" status: 200 len: 257 microversion: 1.28 [pid: 7|app: 0|req: 412/819] 199.204.45.227 () {34 vars in 860 bytes} [Thu Mar 5 08:15:59 2026] GET /allocations/c69e7424-82f5-4747-b709-8527b71b1660 => generated 257 bytes in 15 msecs (HTTP/1.1 200) 8 headers in 296 bytes (1 switches on core 0)
2026-03-05 08:15:59.043 8 INFO placement.requestlog [req-d0f19837-bf3c-4a0e-80e9-c8371816b777 req-eaf7bd28-9a4a-4767-9bd8-e7a4bf7490d7 8d2ae24500a34892846f6575a5d24ef6 c4b110ec19cb4858b0b737337363c63b - - 2c160497c5fe45fb9036c98cafc63f01 2c160497c5fe45fb9036c98cafc63f01] 199.204.45.227 "GET /allocations/1c6c6faf-27ea-4b37-be47-b34b06c08137" status: 200 len: 257 microversion: 1.28 [pid: 8|app: 0|req: 408/820] 199.204.45.227 () {34 vars in 860 bytes} [Thu Mar 5 08:15:59 2026] GET /allocations/1c6c6faf-27ea-4b37-be47-b34b06c08137 => generated 257 bytes in 11 msecs (HTTP/1.1 200) 8 headers in 296 bytes (1 switches on core 0)
2026-03-05 08:15:59.063 7 INFO placement.requestlog [req-d0f19837-bf3c-4a0e-80e9-c8371816b777 req-95c28040-0c04-49c4-9378-57482edeb98e 8d2ae24500a34892846f6575a5d24ef6 c4b110ec19cb4858b0b737337363c63b - - 2c160497c5fe45fb9036c98cafc63f01 2c160497c5fe45fb9036c98cafc63f01] 199.204.45.227 "GET /allocations/7ee65631-3150-4e2d-92a5-73efdb4b3eb8" status: 200 len: 257 microversion: 1.28 [pid: 7|app: 0|req: 413/821] 199.204.45.227 () {34 vars in 860 bytes} [Thu Mar 5 08:15:59 2026] GET /allocations/7ee65631-3150-4e2d-92a5-73efdb4b3eb8 => generated 257 bytes in 14 msecs (HTTP/1.1 200) 8 headers in 296 bytes (1 switches on core 0)
2026-03-05 08:15:59.619 7 INFO placement.requestlog [None req-9f9614f4-1c5b-4d5c-9384-a9060a309b0a ee259c0fdba441deab18f3106ed31dc6 c4b110ec19cb4858b0b737337363c63b - - 2c160497c5fe45fb9036c98cafc63f01 2c160497c5fe45fb9036c98cafc63f01] 10.0.0.8 "GET /resource_providers/60035225-2653-4456-a245-71d60aad1d47/aggregates" status: 404 len: 235 microversion: 1.1 [pid: 7|app: 0|req: 414/822] 10.0.0.8 () {32 vars in 811 bytes} [Thu Mar 5 08:15:59 2026] GET /resource_providers/60035225-2653-4456-a245-71d60aad1d47/aggregates => generated 235 bytes in 12 msecs (HTTP/1.1 404) 5 headers in 202 bytes (1 switches on core 0)
2026-03-05 08:15:59.621 8 INFO placement.requestlog [None req-5d42a476-fc1a-4c9b-8ccc-27716fee6cfe ee259c0fdba441deab18f3106ed31dc6 c4b110ec19cb4858b0b737337363c63b - - 2c160497c5fe45fb9036c98cafc63f01 2c160497c5fe45fb9036c98cafc63f01] 10.0.0.8 "GET /resource_providers/60035225-2653-4456-a245-71d60aad1d47/aggregates" status: 404 len: 235 microversion: 1.1 [pid: 8|app: 0|req: 409/823] 10.0.0.8 () {32 vars in 811 bytes} [Thu Mar 5 08:15:59 2026] GET /resource_providers/60035225-2653-4456-a245-71d60aad1d47/aggregates => generated 235 bytes in 13 msecs (HTTP/1.1 404) 5 headers in 202 bytes (1 switches on core 0)
2026-03-05 08:15:59.642 7 INFO placement.requestlog [None req-cf3985a8-4c01-4327-839b-90e9e32f9864 ee259c0fdba441deab18f3106ed31dc6 c4b110ec19cb4858b0b737337363c63b - - 2c160497c5fe45fb9036c98cafc63f01 2c160497c5fe45fb9036c98cafc63f01] 10.0.0.8 "DELETE /resource_providers/60035225-2653-4456-a245-71d60aad1d47" status: 404 len: 246 microversion: 1.1
2026-03-05 08:15:59.642 8 INFO placement.requestlog [None req-7419ff77-470c-4165-b672-2dc112e53205 ee259c0fdba441deab18f3106ed31dc6 c4b110ec19cb4858b0b737337363c63b - - 2c160497c5fe45fb9036c98cafc63f01 2c160497c5fe45fb9036c98cafc63f01] 10.0.0.8 "DELETE /resource_providers/60035225-2653-4456-a245-71d60aad1d47" status: 404 len: 246 microversion: 1.1 [pid: 7|app: 0|req: 415/824] 10.0.0.8 () {34 vars in 811 bytes} [Thu Mar 5 08:15:59 2026] DELETE /resource_providers/60035225-2653-4456-a245-71d60aad1d47 => generated 246 bytes in 11 msecs (HTTP/1.1 404) 6 headers in 231 bytes (1 switches on core 0) [pid: 8|app: 0|req: 410/825] 10.0.0.8 () {34 vars in 811 bytes} [Thu Mar 5 08:15:59 2026] DELETE /resource_providers/60035225-2653-4456-a245-71d60aad1d47 => generated 246 bytes in 8 msecs (HTTP/1.1 404) 6 headers in 231 bytes (1 switches on core 0)
2026-03-05 08:16:03.364 7 INFO placement.requestlog [None req-ba627641-da85-45f7-8fce-fc44278afc64 ee259c0fdba441deab18f3106ed31dc6 c4b110ec19cb4858b0b737337363c63b - - 2c160497c5fe45fb9036c98cafc63f01 2c160497c5fe45fb9036c98cafc63f01] 10.0.0.8 "GET /resource_providers/456aba1d-3e65-4c3b-825f-11b6553a41c0/aggregates" status: 404 len: 235 microversion: 1.1 [pid: 7|app: 0|req: 416/826] 10.0.0.8 () {32 vars in 811 bytes} [Thu Mar 5 08:16:03 2026] GET /resource_providers/456aba1d-3e65-4c3b-825f-11b6553a41c0/aggregates => generated 235 bytes in 10 msecs (HTTP/1.1 404) 5 headers in 202 bytes (1 switches on core 0)
2026-03-05 08:16:03.370 8 INFO placement.requestlog [None req-3307cc04-3cc7-4539-ad26-1927bb36cf4d ee259c0fdba441deab18f3106ed31dc6 c4b110ec19cb4858b0b737337363c63b - - 2c160497c5fe45fb9036c98cafc63f01 2c160497c5fe45fb9036c98cafc63f01] 10.0.0.8 "GET /resource_providers/456aba1d-3e65-4c3b-825f-11b6553a41c0/aggregates" status: 404 len: 235 microversion: 1.1 [pid: 8|app: 0|req: 411/827] 10.0.0.8 () {32 vars in 811 bytes} [Thu Mar 5 08:16:03 2026] GET /resource_providers/456aba1d-3e65-4c3b-825f-11b6553a41c0/aggregates => generated 235 bytes in 12 msecs (HTTP/1.1 404) 5 headers in 202 bytes (1 switches on core 0)
2026-03-05 08:16:03.382 7 INFO placement.requestlog [None req-d42221de-7be2-4f54-975c-d6ac6bc1f9d9 ee259c0fdba441deab18f3106ed31dc6 c4b110ec19cb4858b0b737337363c63b - - 2c160497c5fe45fb9036c98cafc63f01 2c160497c5fe45fb9036c98cafc63f01] 10.0.0.8 "DELETE /resource_providers/456aba1d-3e65-4c3b-825f-11b6553a41c0" status: 404 len: 246 microversion: 1.1 [pid: 7|app: 0|req: 417/828] 10.0.0.8 () {34 vars in 811 bytes} [Thu Mar 5 08:16:03 2026] DELETE /resource_providers/456aba1d-3e65-4c3b-825f-11b6553a41c0 => generated 246 bytes in 6 msecs (HTTP/1.1 404) 6 headers in 231 bytes (1 switches on core 0)
2026-03-05 08:16:03.390 8 INFO placement.requestlog [None req-afef1ef3-1cb8-4ebe-b98e-3ee196e5abe7 ee259c0fdba441deab18f3106ed31dc6 c4b110ec19cb4858b0b737337363c63b - - 2c160497c5fe45fb9036c98cafc63f01 2c160497c5fe45fb9036c98cafc63f01] 10.0.0.8 "DELETE /resource_providers/456aba1d-3e65-4c3b-825f-11b6553a41c0" status: 404 len: 246 microversion: 1.1 [pid: 8|app: 0|req: 412/829] 10.0.0.8 () {34 vars in 811 bytes} [Thu Mar 5 08:16:03 2026] DELETE /resource_providers/456aba1d-3e65-4c3b-825f-11b6553a41c0 => generated 246 bytes in 11 msecs (HTTP/1.1 404) 6 headers in 231 bytes (1 switches on core 0)
2026-03-05 08:16:08.214 7 INFO placement.requestlog [None req-6f0fc75c-59ca-4bf1-af2c-17da99d075fd - - - - - -] 10.0.0.225 "GET /" status: 200 len: 136 microversion: 1.0
2026-03-05 08:16:08.218 8 INFO placement.requestlog [None req-e632e0d2-c652-44d3-8d99-16b273fab490 - - - - - -] 10.0.0.225 "GET /" status: 200 len: 136 microversion: 1.0
2026-03-05 08:16:14.623 7 INFO placement.requestlog [None req-c22e0792-63d0-42f3-9535-d7e0553788b9 e5a804126e3a4b32a6abd165d87a1a7f 4d6de00590a24571889e1a517539d54d - - default default] 10.0.0.63 "GET /resource_providers" status: 200 len: 405 microversion: 1.0 [pid: 7|app: 0|req: 419/832] 10.0.0.63 () {28 vars in 589 bytes} [Thu Mar 5 08:16:14 2026] GET /resource_providers => generated 405 bytes in 189 msecs (HTTP/1.1 200) 6 headers in 224 bytes (1 switches on core 0)
2026-03-05 08:16:14.649 8 INFO placement.requestlog [None req-388603d5-afef-403f-a19c-132835bd512d e5a804126e3a4b32a6abd165d87a1a7f 4d6de00590a24571889e1a517539d54d - - default default] 10.0.0.63 "GET /resource_providers/0bb19b60-a15e-4fd7-a460-6b1507c1472e/inventories" status: 200 len: 400 microversion: 1.0 [pid: 8|app: 0|req: 414/833] 10.0.0.63 () {28 vars in 687 bytes} [Thu Mar 5 08:16:14 2026] GET /resource_providers/0bb19b60-a15e-4fd7-a460-6b1507c1472e/inventories => generated 400 bytes in 21 msecs (HTTP/1.1 200) 6 headers in 224 bytes (1 switches on core 0)
2026-03-05 08:16:14.666 7 INFO placement.requestlog [None req-fa53c2a5-d41e-483b-9e0e-d21b0b12ecc5 e5a804126e3a4b32a6abd165d87a1a7f 4d6de00590a24571889e1a517539d54d - - default default] 10.0.0.63 "GET /resource_providers/0bb19b60-a15e-4fd7-a460-6b1507c1472e/usages" status: 200 len: 91 microversion: 1.0 [pid: 7|app: 0|req: 420/834] 10.0.0.63 () {28 vars in 677 bytes} [Thu Mar 5 08:16:14 2026] GET /resource_providers/0bb19b60-a15e-4fd7-a460-6b1507c1472e/usages => generated 91 bytes in 12 msecs (HTTP/1.1 200) 6 headers in 223 bytes (1 switches on core 0)
2026-03-05 08:16:16.866 8 INFO placement.requestlog [req-7f30efb4-eecc-40c4-a301-799c5d1010f6 req-b6edc229-28cb-41a0-a590-4c4965e10a58 8d2ae24500a34892846f6575a5d24ef6 c4b110ec19cb4858b0b737337363c63b - - 2c160497c5fe45fb9036c98cafc63f01 2c160497c5fe45fb9036c98cafc63f01] 199.204.45.227 "GET /resource_providers/0bb19b60-a15e-4fd7-a460-6b1507c1472e/allocations" status: 200 len: 352 microversion: 1.0 [pid: 8|app: 0|req: 415/835] 199.204.45.227 () {32 vars in 854 bytes} [Thu Mar 5 08:16:16 2026] GET /resource_providers/0bb19b60-a15e-4fd7-a460-6b1507c1472e/allocations => generated 352 bytes in 23 msecs (HTTP/1.1 200) 6 headers in 224 bytes (1 switches on core 0)
2026-03-05 08:16:16.890 7 INFO placement.requestlog [req-7f30efb4-eecc-40c4-a301-799c5d1010f6 req-b85d7b0e-d3a0-43d1-b6e1-e6d867491cda 8d2ae24500a34892846f6575a5d24ef6 c4b110ec19cb4858b0b737337363c63b - - 2c160497c5fe45fb9036c98cafc63f01 2c160497c5fe45fb9036c98cafc63f01] 199.204.45.227 "GET /allocations/c69e7424-82f5-4747-b709-8527b71b1660" status: 200 len: 257 microversion: 1.28 [pid: 7|app: 0|req: 421/836] 199.204.45.227 () {34 vars in 860 bytes} [Thu Mar 5 08:16:16 2026] GET /allocations/c69e7424-82f5-4747-b709-8527b71b1660 => generated 257 bytes in 14 msecs (HTTP/1.1 200) 8 headers in 296 bytes (1 switches on core 0)
2026-03-05 08:16:16.909 8 INFO placement.requestlog [req-7f30efb4-eecc-40c4-a301-799c5d1010f6 req-64edfc5f-4a15-4aa8-a825-e3495679c53b 8d2ae24500a34892846f6575a5d24ef6 c4b110ec19cb4858b0b737337363c63b - - 2c160497c5fe45fb9036c98cafc63f01 2c160497c5fe45fb9036c98cafc63f01] 199.204.45.227 "GET /allocations/1c6c6faf-27ea-4b37-be47-b34b06c08137" status: 200 len: 257 microversion: 1.28 [pid: 8|app: 0|req: 416/837] 199.204.45.227 () {34 vars in 860 bytes} [Thu Mar 5 08:16:16 2026] GET /allocations/1c6c6faf-27ea-4b37-be47-b34b06c08137 => generated 257 bytes in 13 msecs (HTTP/1.1 200) 8 headers in 296 bytes (1 switches on core 0)
2026-03-05 08:16:16.929 7 INFO placement.requestlog [req-7f30efb4-eecc-40c4-a301-799c5d1010f6 req-257313da-7b59-4566-930d-035e0c5ad7dd 8d2ae24500a34892846f6575a5d24ef6 c4b110ec19cb4858b0b737337363c63b - - 2c160497c5fe45fb9036c98cafc63f01 2c160497c5fe45fb9036c98cafc63f01] 199.204.45.227 "GET /allocations/7ee65631-3150-4e2d-92a5-73efdb4b3eb8" status: 200 len: 257 microversion: 1.28 [pid: 7|app: 0|req: 422/838] 199.204.45.227 () {34 vars in 860 bytes} [Thu Mar 5 08:16:16 2026] GET /allocations/7ee65631-3150-4e2d-92a5-73efdb4b3eb8 => generated 257 bytes in 16 msecs (HTTP/1.1 200) 8 headers in 296 bytes (1 switches on core 0)
2026-03-05 08:16:17.973 8 INFO placement.requestlog [req-7f30efb4-eecc-40c4-a301-799c5d1010f6 req-16961952-8907-44b2-bb82-3aab59048175 8d2ae24500a34892846f6575a5d24ef6 c4b110ec19cb4858b0b737337363c63b - - 2c160497c5fe45fb9036c98cafc63f01 2c160497c5fe45fb9036c98cafc63f01] 199.204.45.227 "DELETE /allocations/1c6c6faf-27ea-4b37-be47-b34b06c08137" status: 204 len: 0 microversion: 1.0 [pid: 8|app: 0|req: 417/839] 199.204.45.227 () {34 vars in 838 bytes} [Thu Mar 5 08:16:17 2026] DELETE /allocations/1c6c6faf-27ea-4b37-be47-b34b06c08137 => generated 0 bytes in 19 msecs (HTTP/1.1 204) 5 headers in 198 bytes (1 switches on core 0)
