Apr 02 05:49:37.922541 np0000162736 systemd[1]: Starting devstack@n-api-meta.service - Devstack devstack@n-api-meta.service...
Apr 02 05:49:37.932129 np0000162736 devstack@n-api-meta.service[107238]: [uWSGI] getting INI configuration from /etc/nova/nova-metadata-uwsgi.ini
Apr 02 05:49:37.932679 np0000162736 devstack@n-api-meta.service[107238]: open("./http_plugin.so"): No such file or directory [core/utils.c line 3709]
Apr 02 05:49:37.932679 np0000162736 devstack@n-api-meta.service[107238]: !!! UNABLE to load uWSGI plugin: ./http_plugin.so: cannot open shared object file: No such file or directory !!!
Apr 02 05:49:37.932679 np0000162736 devstack@n-api-meta.service[107238]: open("./python3_plugin.so"): No such file or directory [core/utils.c line 3709]
Apr 02 05:49:37.932679 np0000162736 devstack@n-api-meta.service[107238]: !!! UNABLE to load uWSGI plugin: ./python3_plugin.so: cannot open shared object file: No such file or directory !!!
Apr 02 05:49:37.932679 np0000162736 devstack@n-api-meta.service[107238]: *** Starting uWSGI 2.0.31 (64bit) on [Thu Apr 2 05:49:37 2026] ***
Apr 02 05:49:37.932679 np0000162736 devstack@n-api-meta.service[107238]: compiled with version: 13.3.0 on 02 April 2026 05:39:33
Apr 02 05:49:37.932679 np0000162736 devstack@n-api-meta.service[107238]: os: Linux-6.8.0-107-generic #107-Ubuntu SMP PREEMPT_DYNAMIC Fri Mar 13 19:51:50 UTC 2026
Apr 02 05:49:37.932679 np0000162736 devstack@n-api-meta.service[107238]: nodename: np0000162736
Apr 02 05:49:37.932679 np0000162736 devstack@n-api-meta.service[107238]: machine: x86_64
Apr 02 05:49:37.932679 np0000162736 devstack@n-api-meta.service[107238]: clock source: unix
Apr 02 05:49:37.932679 np0000162736 devstack@n-api-meta.service[107238]: pcre jit disabled
Apr 02 05:49:37.932679 np0000162736 devstack@n-api-meta.service[107238]: detected number of CPU cores: 16
Apr 02 05:49:37.932679 np0000162736 devstack@n-api-meta.service[107238]: current working directory: /
Apr 02 05:49:37.932679 np0000162736 devstack@n-api-meta.service[107238]: detected binary path: /opt/stack/data/venv/bin/uwsgi
Apr 02 05:49:37.932679 np0000162736 devstack@n-api-meta.service[107238]: your processes number limit is 256917
Apr 02 05:49:37.932679 np0000162736 devstack@n-api-meta.service[107238]: your memory page size is 4096 bytes
Apr 02 05:49:37.932679 np0000162736 devstack@n-api-meta.service[107238]: detected max file descriptor number: 2048
Apr 02 05:49:37.932679 np0000162736 devstack@n-api-meta.service[107238]: lock engine: pthread robust mutexes
Apr 02 05:49:37.932679 np0000162736 devstack@n-api-meta.service[107238]: thunder lock: enabled
Apr 02 05:49:37.933643 np0000162736 devstack@n-api-meta.service[107238]: uWSGI http bound on 0.0.0.0:8775 fd 5
Apr 02 05:49:37.933643 np0000162736 devstack@n-api-meta.service[107238]: uwsgi socket 0 bound to TCP address 127.0.0.1:40455 (port auto-assigned) fd 4
Apr 02 05:49:37.933643 np0000162736 devstack@n-api-meta.service[107238]: Python version: 3.12.3 (main, Mar 3 2026, 12:15:18) [GCC 13.3.0]
Apr 02 05:49:37.933643 np0000162736 devstack@n-api-meta.service[107238]: PEP 405 virtualenv detected: /opt/stack/data/venv
Apr 02 05:49:37.933643 np0000162736 devstack@n-api-meta.service[107238]: Set PythonHome to /opt/stack/data/venv
Apr 02 05:49:37.971913 np0000162736 devstack@n-api-meta.service[107238]: Python main interpreter initialized at 0x735a996a3668
Apr 02 05:49:37.971913 np0000162736 devstack@n-api-meta.service[107238]: python threads support enabled
Apr 02 05:49:37.971913 np0000162736 devstack@n-api-meta.service[107238]: your server socket listen backlog is limited to 100 connections
Apr 02 05:49:37.971913 np0000162736 devstack@n-api-meta.service[107238]: your mercy for graceful operations on workers is 80 seconds
Apr 02 05:49:37.972512 np0000162736 devstack@n-api-meta.service[107238]: mapped 671795 bytes (656 KB) for 4 cores
Apr 02 05:49:37.972661 np0000162736 devstack@n-api-meta.service[107238]: *** Operational MODE: preforking ***
Apr 02 05:49:37.972878 np0000162736 devstack@n-api-meta.service[107238]: *** uWSGI is running in multiple interpreter mode ***
Apr 02 05:49:37.972878 np0000162736 devstack@n-api-meta.service[107238]: spawned uWSGI master process (pid: 107238)
Apr 02 05:49:37.973098 np0000162736 systemd[1]: Started devstack@n-api-meta.service - Devstack devstack@n-api-meta.service.
Apr 02 05:49:37.973616 np0000162736 devstack@n-api-meta.service[107238]: spawned uWSGI worker 1 (pid: 107239, cores: 1)
Apr 02 05:49:37.974220 np0000162736 devstack@n-api-meta.service[107238]: spawned uWSGI worker 2 (pid: 107240, cores: 1)
Apr 02 05:49:37.975154 np0000162736 devstack@n-api-meta.service[107238]: spawned uWSGI worker 3 (pid: 107241, cores: 1)
Apr 02 05:49:37.975664 np0000162736 devstack@n-api-meta.service[107238]: spawned uWSGI worker 4 (pid: 107242, cores: 1)
Apr 02 05:49:37.976211 np0000162736 devstack@n-api-meta.service[107238]: spawned uWSGI http 1 (pid: 107243)
Apr 02 05:49:37.976211 np0000162736 devstack@n-api-meta.service[107238]: running "unix_signal:15 gracefully_kill_them_all" (master-start)...
Apr 02 05:49:38.319034 np0000162736 devstack@n-api-meta.service[107240]: Service is starting with native threading. This is currently experimental. Do not use it in production without first testing it in pre-production.
Apr 02 05:49:38.319584 np0000162736 devstack@n-api-meta.service[107242]: Service is starting with native threading. This is currently experimental. Do not use it in production without first testing it in pre-production.
Apr 02 05:49:38.335782 np0000162736 devstack@n-api-meta.service[107239]: Service is starting with native threading. This is currently experimental. Do not use it in production without first testing it in pre-production.
Apr 02 05:49:38.343694 np0000162736 devstack@n-api-meta.service[107241]: Service is starting with native threading. This is currently experimental. Do not use it in production without first testing it in pre-production.
Apr 02 05:49:39.697108 np0000162736 devstack@n-api-meta.service[107239]: INFO dbcounter [None req-6e03bf7f-e9ce-414a-832d-a1e54f7045e3 None None] Registered counter for database nova_api
Apr 02 05:49:39.710937 np0000162736 devstack@n-api-meta.service[107239]: DEBUG oslo_db.sqlalchemy.engines [None req-6e03bf7f-e9ce-414a-832d-a1e54f7045e3 None None] MySQL server mode set to STRICT_TRANS_TABLES,STRICT_ALL_TABLES,NO_ZERO_IN_DATE,NO_ZERO_DATE,ERROR_FOR_DIVISION_BY_ZERO,TRADITIONAL,NO_ENGINE_SUBSTITUTION {{(pid=107239) _check_effective_sql_mode /opt/stack/data/venv/lib/python3.12/site-packages/oslo_db/sqlalchemy/engines.py:325}}
Apr 02 05:49:39.744264 np0000162736 devstack@n-api-meta.service[107239]: DEBUG dbcounter [-] [107239] Writer thread running {{(pid=107239) stat_writer /opt/stack/data/venv/lib/python3.12/site-packages/dbcounter.py:102}}
Apr 02 05:49:39.746280 np0000162736 devstack@n-api-meta.service[107239]: DEBUG nova.context [None req-6e03bf7f-e9ce-414a-832d-a1e54f7045e3 None None] Found 2 cells: 00000000-0000-0000-0000-000000000000(cell0),b18dc9c0-d8eb-40d1-87fb-454e99002c80(cell1) {{(pid=107239) load_cells /opt/stack/nova/nova/context.py:509}}
Apr 02 05:49:39.746509 np0000162736 devstack@n-api-meta.service[107239]: INFO nova.utils [None req-6e03bf7f-e9ce-414a-832d-a1e54f7045e3 None None] The cell worker thread pool MainProcess.cell_worker is initialized
Apr 02 05:49:39.746734 np0000162736 devstack@n-api-meta.service[107242]: INFO dbcounter [None req-53bdc4e3-ec21-42f4-85b6-8bd3571198ae None None] Registered counter for database nova_api
Apr 02 05:49:39.748269 np0000162736 devstack@n-api-meta.service[107239]: DEBUG oslo_concurrency.lockutils [None req-6e03bf7f-e9ce-414a-832d-a1e54f7045e3 None None] Acquiring lock "00000000-0000-0000-0000-000000000000" by "nova.context.set_target_cell..get_or_set_cached_cell_and_set_connections" {{(pid=107239) inner /opt/stack/data/venv/lib/python3.12/site-packages/oslo_concurrency/lockutils.py:506}}
Apr 02 05:49:39.748433 np0000162736 devstack@n-api-meta.service[107239]: DEBUG oslo_concurrency.lockutils [None req-6e03bf7f-e9ce-414a-832d-a1e54f7045e3 None None] Lock "00000000-0000-0000-0000-000000000000" acquired by "nova.context.set_target_cell..get_or_set_cached_cell_and_set_connections" :: waited 0.000s {{(pid=107239) inner /opt/stack/data/venv/lib/python3.12/site-packages/oslo_concurrency/lockutils.py:519}}
Apr 02 05:49:39.748784 np0000162736 devstack@n-api-meta.service[107239]: DEBUG oslo_concurrency.lockutils [None req-6e03bf7f-e9ce-414a-832d-a1e54f7045e3 None None] Lock "00000000-0000-0000-0000-000000000000" "released" by "nova.context.set_target_cell..get_or_set_cached_cell_and_set_connections" :: held 0.000s {{(pid=107239) inner /opt/stack/data/venv/lib/python3.12/site-packages/oslo_concurrency/lockutils.py:538}}
Apr 02 05:49:39.749503 np0000162736 devstack@n-api-meta.service[107239]: DEBUG oslo_concurrency.lockutils [None req-6e03bf7f-e9ce-414a-832d-a1e54f7045e3 None None] Acquiring lock "b18dc9c0-d8eb-40d1-87fb-454e99002c80" by "nova.context.set_target_cell..get_or_set_cached_cell_and_set_connections" {{(pid=107239) inner /opt/stack/data/venv/lib/python3.12/site-packages/oslo_concurrency/lockutils.py:506}}
Apr 02 05:49:39.749664 np0000162736 devstack@n-api-meta.service[107239]: DEBUG oslo_concurrency.lockutils [None req-6e03bf7f-e9ce-414a-832d-a1e54f7045e3 None None] Lock "b18dc9c0-d8eb-40d1-87fb-454e99002c80" acquired by "nova.context.set_target_cell..get_or_set_cached_cell_and_set_connections" :: waited 0.000s {{(pid=107239) inner /opt/stack/data/venv/lib/python3.12/site-packages/oslo_concurrency/lockutils.py:519}}
Apr 02 05:49:39.750495 np0000162736 devstack@n-api-meta.service[107239]: DEBUG oslo_concurrency.lockutils [None req-6e03bf7f-e9ce-414a-832d-a1e54f7045e3 None None] Lock "b18dc9c0-d8eb-40d1-87fb-454e99002c80" "released" by "nova.context.set_target_cell..get_or_set_cached_cell_and_set_connections" :: held 0.001s {{(pid=107239) inner /opt/stack/data/venv/lib/python3.12/site-packages/oslo_concurrency/lockutils.py:538}}
Apr 02 05:49:39.753077 np0000162736 devstack@n-api-meta.service[107239]: INFO dbcounter [None req-6e03bf7f-e9ce-414a-832d-a1e54f7045e3 None None] Registered counter for database nova_cell0
Apr 02 05:49:39.754518 np0000162736 devstack@n-api-meta.service[107240]: INFO dbcounter [None req-67c0b568-935c-49be-9808-0db13b148a63 None None] Registered counter for database nova_api
Apr 02 05:49:39.760136 np0000162736 devstack@n-api-meta.service[107239]: INFO dbcounter [None req-6e03bf7f-e9ce-414a-832d-a1e54f7045e3 None None] Registered counter for database nova_cell1
Apr 02 05:49:39.761149 np0000162736 devstack@n-api-meta.service[107242]: DEBUG oslo_db.sqlalchemy.engines [None req-53bdc4e3-ec21-42f4-85b6-8bd3571198ae None None] MySQL server mode set to STRICT_TRANS_TABLES,STRICT_ALL_TABLES,NO_ZERO_IN_DATE,NO_ZERO_DATE,ERROR_FOR_DIVISION_BY_ZERO,TRADITIONAL,NO_ENGINE_SUBSTITUTION {{(pid=107242) _check_effective_sql_mode /opt/stack/data/venv/lib/python3.12/site-packages/oslo_db/sqlalchemy/engines.py:325}}
Apr 02 05:49:39.767619 np0000162736 devstack@n-api-meta.service[107241]: INFO dbcounter [None req-1791497a-e171-493c-9a1f-ddf5b0b706cd None None] Registered counter for database nova_api
Apr 02 05:49:39.773198 np0000162736 devstack@n-api-meta.service[107239]: DEBUG oslo_db.sqlalchemy.engines [None req-6e03bf7f-e9ce-414a-832d-a1e54f7045e3 None None] MySQL server mode set to STRICT_TRANS_TABLES,STRICT_ALL_TABLES,NO_ZERO_IN_DATE,NO_ZERO_DATE,ERROR_FOR_DIVISION_BY_ZERO,TRADITIONAL,NO_ENGINE_SUBSTITUTION {{(pid=107239) _check_effective_sql_mode /opt/stack/data/venv/lib/python3.12/site-packages/oslo_db/sqlalchemy/engines.py:325}}
Apr 02 05:49:39.775094 np0000162736 devstack@n-api-meta.service[107240]: DEBUG oslo_db.sqlalchemy.engines [None req-67c0b568-935c-49be-9808-0db13b148a63 None None] MySQL server mode set to STRICT_TRANS_TABLES,STRICT_ALL_TABLES,NO_ZERO_IN_DATE,NO_ZERO_DATE,ERROR_FOR_DIVISION_BY_ZERO,TRADITIONAL,NO_ENGINE_SUBSTITUTION {{(pid=107240) _check_effective_sql_mode /opt/stack/data/venv/lib/python3.12/site-packages/oslo_db/sqlalchemy/engines.py:325}}
Apr 02 05:49:39.786221 np0000162736 devstack@n-api-meta.service[107239]: DEBUG oslo_db.sqlalchemy.engines [None req-6e03bf7f-e9ce-414a-832d-a1e54f7045e3 None None] MySQL server mode set to STRICT_TRANS_TABLES,STRICT_ALL_TABLES,NO_ZERO_IN_DATE,NO_ZERO_DATE,ERROR_FOR_DIVISION_BY_ZERO,TRADITIONAL,NO_ENGINE_SUBSTITUTION {{(pid=107239) _check_effective_sql_mode /opt/stack/data/venv/lib/python3.12/site-packages/oslo_db/sqlalchemy/engines.py:325}}
Apr 02 05:49:39.787442 np0000162736 devstack@n-api-meta.service[107241]: DEBUG oslo_db.sqlalchemy.engines [None req-1791497a-e171-493c-9a1f-ddf5b0b706cd None None] MySQL server mode set to STRICT_TRANS_TABLES,STRICT_ALL_TABLES,NO_ZERO_IN_DATE,NO_ZERO_DATE,ERROR_FOR_DIVISION_BY_ZERO,TRADITIONAL,NO_ENGINE_SUBSTITUTION {{(pid=107241) _check_effective_sql_mode /opt/stack/data/venv/lib/python3.12/site-packages/oslo_db/sqlalchemy/engines.py:325}}
Apr 02 05:49:39.793019 np0000162736 devstack@n-api-meta.service[107242]: DEBUG dbcounter [-] [107242] Writer thread running {{(pid=107242) stat_writer /opt/stack/data/venv/lib/python3.12/site-packages/dbcounter.py:102}}
Apr 02 05:49:39.795062 np0000162736 devstack@n-api-meta.service[107242]: DEBUG nova.context [None req-53bdc4e3-ec21-42f4-85b6-8bd3571198ae None None] Found 2 cells: 00000000-0000-0000-0000-000000000000(cell0),b18dc9c0-d8eb-40d1-87fb-454e99002c80(cell1) {{(pid=107242) load_cells /opt/stack/nova/nova/context.py:509}}
Apr 02 05:49:39.795270 np0000162736 devstack@n-api-meta.service[107242]: INFO nova.utils [None req-53bdc4e3-ec21-42f4-85b6-8bd3571198ae None None] The cell worker thread pool MainProcess.cell_worker is initialized
Apr 02 05:49:39.796952 np0000162736 devstack@n-api-meta.service[107242]: DEBUG oslo_concurrency.lockutils [None req-53bdc4e3-ec21-42f4-85b6-8bd3571198ae None None] Acquiring lock "00000000-0000-0000-0000-000000000000" by "nova.context.set_target_cell..get_or_set_cached_cell_and_set_connections" {{(pid=107242) inner /opt/stack/data/venv/lib/python3.12/site-packages/oslo_concurrency/lockutils.py:506}}
Apr 02 05:49:39.797098 np0000162736 devstack@n-api-meta.service[107242]: DEBUG oslo_concurrency.lockutils [None req-53bdc4e3-ec21-42f4-85b6-8bd3571198ae None None] Lock "00000000-0000-0000-0000-000000000000" acquired by "nova.context.set_target_cell..get_or_set_cached_cell_and_set_connections" :: waited 0.000s {{(pid=107242) inner /opt/stack/data/venv/lib/python3.12/site-packages/oslo_concurrency/lockutils.py:519}}
Apr 02 05:49:39.797465 np0000162736 devstack@n-api-meta.service[107242]: DEBUG oslo_concurrency.lockutils [None req-53bdc4e3-ec21-42f4-85b6-8bd3571198ae None None] Lock "00000000-0000-0000-0000-000000000000" "released" by "nova.context.set_target_cell..get_or_set_cached_cell_and_set_connections" :: held 0.000s {{(pid=107242) inner /opt/stack/data/venv/lib/python3.12/site-packages/oslo_concurrency/lockutils.py:538}}
Apr 02 05:49:39.798206 np0000162736 devstack@n-api-meta.service[107242]: DEBUG oslo_concurrency.lockutils [None req-53bdc4e3-ec21-42f4-85b6-8bd3571198ae None None] Acquiring lock "b18dc9c0-d8eb-40d1-87fb-454e99002c80" by "nova.context.set_target_cell..get_or_set_cached_cell_and_set_connections" {{(pid=107242) inner /opt/stack/data/venv/lib/python3.12/site-packages/oslo_concurrency/lockutils.py:506}}
Apr 02 05:49:39.798334 np0000162736 devstack@n-api-meta.service[107242]: DEBUG oslo_concurrency.lockutils [None req-53bdc4e3-ec21-42f4-85b6-8bd3571198ae None None] Lock "b18dc9c0-d8eb-40d1-87fb-454e99002c80" acquired by "nova.context.set_target_cell..get_or_set_cached_cell_and_set_connections" :: waited 0.000s {{(pid=107242) inner /opt/stack/data/venv/lib/python3.12/site-packages/oslo_concurrency/lockutils.py:519}}
Apr 02 05:49:39.799160 np0000162736 devstack@n-api-meta.service[107242]: DEBUG oslo_concurrency.lockutils [None req-53bdc4e3-ec21-42f4-85b6-8bd3571198ae None None] Lock "b18dc9c0-d8eb-40d1-87fb-454e99002c80" "released" by "nova.context.set_target_cell..get_or_set_cached_cell_and_set_connections" :: held 0.001s {{(pid=107242) inner /opt/stack/data/venv/lib/python3.12/site-packages/oslo_concurrency/lockutils.py:538}}
Apr 02 05:49:39.802165 np0000162736 devstack@n-api-meta.service[107242]: INFO dbcounter [None req-53bdc4e3-ec21-42f4-85b6-8bd3571198ae None None] Registered counter for database nova_cell0
Apr 02 05:49:39.808615 np0000162736 devstack@n-api-meta.service[107242]: INFO dbcounter [None req-53bdc4e3-ec21-42f4-85b6-8bd3571198ae None None] Registered counter for database nova_cell1
Apr 02 05:49:39.809924 np0000162736 devstack@n-api-meta.service[107240]: DEBUG dbcounter [-] [107240] Writer thread running {{(pid=107240) stat_writer /opt/stack/data/venv/lib/python3.12/site-packages/dbcounter.py:102}}
Apr 02 05:49:39.812998 np0000162736 devstack@n-api-meta.service[107240]: DEBUG nova.context [None req-67c0b568-935c-49be-9808-0db13b148a63 None None] Found 2 cells: 00000000-0000-0000-0000-000000000000(cell0),b18dc9c0-d8eb-40d1-87fb-454e99002c80(cell1) {{(pid=107240) load_cells /opt/stack/nova/nova/context.py:509}}
Apr 02 05:49:39.812998 np0000162736 devstack@n-api-meta.service[107240]: INFO nova.utils [None req-67c0b568-935c-49be-9808-0db13b148a63 None None] The cell worker thread pool MainProcess.cell_worker is initialized
Apr 02 05:49:39.814815 np0000162736 devstack@n-api-meta.service[107240]: DEBUG oslo_concurrency.lockutils [None req-67c0b568-935c-49be-9808-0db13b148a63 None None] Acquiring lock "00000000-0000-0000-0000-000000000000" by "nova.context.set_target_cell..get_or_set_cached_cell_and_set_connections" {{(pid=107240) inner /opt/stack/data/venv/lib/python3.12/site-packages/oslo_concurrency/lockutils.py:506}}
Apr 02 05:49:39.815007 np0000162736 devstack@n-api-meta.service[107240]: DEBUG oslo_concurrency.lockutils [None req-67c0b568-935c-49be-9808-0db13b148a63 None None] Lock "00000000-0000-0000-0000-000000000000" acquired by "nova.context.set_target_cell..get_or_set_cached_cell_and_set_connections" :: waited 0.000s {{(pid=107240) inner /opt/stack/data/venv/lib/python3.12/site-packages/oslo_concurrency/lockutils.py:519}}
Apr 02 05:49:39.815383 np0000162736 devstack@n-api-meta.service[107240]: DEBUG oslo_concurrency.lockutils [None req-67c0b568-935c-49be-9808-0db13b148a63 None None] Lock "00000000-0000-0000-0000-000000000000" "released" by "nova.context.set_target_cell..get_or_set_cached_cell_and_set_connections" :: held 0.000s {{(pid=107240) inner /opt/stack/data/venv/lib/python3.12/site-packages/oslo_concurrency/lockutils.py:538}}
Apr 02 05:49:39.816233 np0000162736 devstack@n-api-meta.service[107240]: DEBUG oslo_concurrency.lockutils [None req-67c0b568-935c-49be-9808-0db13b148a63 None None] Acquiring lock "b18dc9c0-d8eb-40d1-87fb-454e99002c80" by "nova.context.set_target_cell..get_or_set_cached_cell_and_set_connections" {{(pid=107240) inner /opt/stack/data/venv/lib/python3.12/site-packages/oslo_concurrency/lockutils.py:506}}
Apr 02 05:49:39.816377 np0000162736 devstack@n-api-meta.service[107240]: DEBUG oslo_concurrency.lockutils [None req-67c0b568-935c-49be-9808-0db13b148a63 None None] Lock "b18dc9c0-d8eb-40d1-87fb-454e99002c80" acquired by "nova.context.set_target_cell..get_or_set_cached_cell_and_set_connections" :: waited 0.000s {{(pid=107240) inner /opt/stack/data/venv/lib/python3.12/site-packages/oslo_concurrency/lockutils.py:519}}
Apr 02 05:49:39.817267 np0000162736 devstack@n-api-meta.service[107240]: DEBUG oslo_concurrency.lockutils [None req-67c0b568-935c-49be-9808-0db13b148a63 None None] Lock "b18dc9c0-d8eb-40d1-87fb-454e99002c80" "released" by "nova.context.set_target_cell..get_or_set_cached_cell_and_set_connections" :: held 0.001s {{(pid=107240) inner /opt/stack/data/venv/lib/python3.12/site-packages/oslo_concurrency/lockutils.py:538}}
Apr 02 05:49:39.820496 np0000162736 devstack@n-api-meta.service[107242]: DEBUG oslo_db.sqlalchemy.engines [None req-53bdc4e3-ec21-42f4-85b6-8bd3571198ae None None] MySQL server mode set to STRICT_TRANS_TABLES,STRICT_ALL_TABLES,NO_ZERO_IN_DATE,NO_ZERO_DATE,ERROR_FOR_DIVISION_BY_ZERO,TRADITIONAL,NO_ENGINE_SUBSTITUTION {{(pid=107242) _check_effective_sql_mode /opt/stack/data/venv/lib/python3.12/site-packages/oslo_db/sqlalchemy/engines.py:325}}
Apr 02 05:49:39.821698 np0000162736 devstack@n-api-meta.service[107240]: INFO dbcounter [None req-67c0b568-935c-49be-9808-0db13b148a63 None None] Registered counter for database nova_cell0
Apr 02 05:49:39.824812 np0000162736 devstack@n-api-meta.service[107241]: DEBUG dbcounter [-] [107241] Writer thread running {{(pid=107241) stat_writer /opt/stack/data/venv/lib/python3.12/site-packages/dbcounter.py:102}}
Apr 02 05:49:39.826898 np0000162736 devstack@n-api-meta.service[107241]: DEBUG nova.context [None req-1791497a-e171-493c-9a1f-ddf5b0b706cd None None] Found 2 cells: 00000000-0000-0000-0000-000000000000(cell0),b18dc9c0-d8eb-40d1-87fb-454e99002c80(cell1) {{(pid=107241) load_cells /opt/stack/nova/nova/context.py:509}}
Apr 02 05:49:39.827183 np0000162736 devstack@n-api-meta.service[107241]: INFO nova.utils [None req-1791497a-e171-493c-9a1f-ddf5b0b706cd None None] The cell worker thread pool MainProcess.cell_worker is initialized
Apr 02 05:49:39.828270 np0000162736 devstack@n-api-meta.service[107240]: INFO dbcounter [None req-67c0b568-935c-49be-9808-0db13b148a63 None None] Registered counter for database nova_cell1
Apr 02 05:49:39.828325 np0000162736 devstack@n-api-meta.service[107242]: DEBUG oslo_db.sqlalchemy.engines [None req-53bdc4e3-ec21-42f4-85b6-8bd3571198ae None None] MySQL server mode set to STRICT_TRANS_TABLES,STRICT_ALL_TABLES,NO_ZERO_IN_DATE,NO_ZERO_DATE,ERROR_FOR_DIVISION_BY_ZERO,TRADITIONAL,NO_ENGINE_SUBSTITUTION {{(pid=107242) _check_effective_sql_mode /opt/stack/data/venv/lib/python3.12/site-packages/oslo_db/sqlalchemy/engines.py:325}}
Apr 02 05:49:39.828991 np0000162736 devstack@n-api-meta.service[107241]: DEBUG oslo_concurrency.lockutils [None req-1791497a-e171-493c-9a1f-ddf5b0b706cd None None] Acquiring lock "00000000-0000-0000-0000-000000000000" by "nova.context.set_target_cell..get_or_set_cached_cell_and_set_connections" {{(pid=107241) inner /opt/stack/data/venv/lib/python3.12/site-packages/oslo_concurrency/lockutils.py:506}}
Apr 02 05:49:39.829154 np0000162736 devstack@n-api-meta.service[107241]: DEBUG oslo_concurrency.lockutils [None req-1791497a-e171-493c-9a1f-ddf5b0b706cd None None] Lock "00000000-0000-0000-0000-000000000000" acquired by "nova.context.set_target_cell..get_or_set_cached_cell_and_set_connections" :: waited 0.000s {{(pid=107241) inner /opt/stack/data/venv/lib/python3.12/site-packages/oslo_concurrency/lockutils.py:519}}
Apr 02 05:49:39.829523 np0000162736 devstack@n-api-meta.service[107241]: DEBUG oslo_concurrency.lockutils [None req-1791497a-e171-493c-9a1f-ddf5b0b706cd None None] Lock "00000000-0000-0000-0000-000000000000" "released" by "nova.context.set_target_cell..get_or_set_cached_cell_and_set_connections" :: held 0.000s {{(pid=107241) inner /opt/stack/data/venv/lib/python3.12/site-packages/oslo_concurrency/lockutils.py:538}}
Apr 02 05:49:39.830257 np0000162736 devstack@n-api-meta.service[107241]: DEBUG oslo_concurrency.lockutils [None req-1791497a-e171-493c-9a1f-ddf5b0b706cd None None] Acquiring lock "b18dc9c0-d8eb-40d1-87fb-454e99002c80" by "nova.context.set_target_cell..get_or_set_cached_cell_and_set_connections" {{(pid=107241) inner /opt/stack/data/venv/lib/python3.12/site-packages/oslo_concurrency/lockutils.py:506}}
Apr 02 05:49:39.830404 np0000162736 devstack@n-api-meta.service[107241]: DEBUG oslo_concurrency.lockutils [None req-1791497a-e171-493c-9a1f-ddf5b0b706cd None None] Lock "b18dc9c0-d8eb-40d1-87fb-454e99002c80" acquired by "nova.context.set_target_cell..get_or_set_cached_cell_and_set_connections" :: waited 0.000s {{(pid=107241) inner /opt/stack/data/venv/lib/python3.12/site-packages/oslo_concurrency/lockutils.py:519}}
Apr 02 05:49:39.831293 np0000162736 devstack@n-api-meta.service[107241]: DEBUG oslo_concurrency.lockutils [None req-1791497a-e171-493c-9a1f-ddf5b0b706cd None None] Lock "b18dc9c0-d8eb-40d1-87fb-454e99002c80" "released" by "nova.context.set_target_cell..get_or_set_cached_cell_and_set_connections" :: held 0.001s {{(pid=107241) inner /opt/stack/data/venv/lib/python3.12/site-packages/oslo_concurrency/lockutils.py:538}}
Apr 02 05:49:39.834394 np0000162736 devstack@n-api-meta.service[107241]: INFO dbcounter [None req-1791497a-e171-493c-9a1f-ddf5b0b706cd None None] Registered counter for database nova_cell0
Apr 02 05:49:39.837393 np0000162736 devstack@n-api-meta.service[107240]: DEBUG oslo_db.sqlalchemy.engines [None req-67c0b568-935c-49be-9808-0db13b148a63 None None] MySQL server mode set to STRICT_TRANS_TABLES,STRICT_ALL_TABLES,NO_ZERO_IN_DATE,NO_ZERO_DATE,ERROR_FOR_DIVISION_BY_ZERO,TRADITIONAL,NO_ENGINE_SUBSTITUTION {{(pid=107240) _check_effective_sql_mode /opt/stack/data/venv/lib/python3.12/site-packages/oslo_db/sqlalchemy/engines.py:325}}
Apr 02 05:49:39.840261 np0000162736 devstack@n-api-meta.service[107241]: INFO dbcounter [None req-1791497a-e171-493c-9a1f-ddf5b0b706cd None None] Registered counter for database nova_cell1
Apr 02 05:49:39.850000 np0000162736 devstack@n-api-meta.service[107241]: DEBUG oslo_db.sqlalchemy.engines [None req-1791497a-e171-493c-9a1f-ddf5b0b706cd None None] MySQL server mode set to STRICT_TRANS_TABLES,STRICT_ALL_TABLES,NO_ZERO_IN_DATE,NO_ZERO_DATE,ERROR_FOR_DIVISION_BY_ZERO,TRADITIONAL,NO_ENGINE_SUBSTITUTION {{(pid=107241) _check_effective_sql_mode /opt/stack/data/venv/lib/python3.12/site-packages/oslo_db/sqlalchemy/engines.py:325}}
Apr 02 05:49:39.856398 np0000162736 devstack@n-api-meta.service[107241]: DEBUG oslo_db.sqlalchemy.engines [None req-1791497a-e171-493c-9a1f-ddf5b0b706cd None None] MySQL server mode set to STRICT_TRANS_TABLES,STRICT_ALL_TABLES,NO_ZERO_IN_DATE,NO_ZERO_DATE,ERROR_FOR_DIVISION_BY_ZERO,TRADITIONAL,NO_ENGINE_SUBSTITUTION {{(pid=107241) _check_effective_sql_mode /opt/stack/data/venv/lib/python3.12/site-packages/oslo_db/sqlalchemy/engines.py:325}}
Apr 02 05:49:39.865655 np0000162736 devstack@n-api-meta.service[107240]: DEBUG oslo_db.sqlalchemy.engines [None req-67c0b568-935c-49be-9808-0db13b148a63 None None] MySQL server mode set to STRICT_TRANS_TABLES,STRICT_ALL_TABLES,NO_ZERO_IN_DATE,NO_ZERO_DATE,ERROR_FOR_DIVISION_BY_ZERO,TRADITIONAL,NO_ENGINE_SUBSTITUTION {{(pid=107240) _check_effective_sql_mode /opt/stack/data/venv/lib/python3.12/site-packages/oslo_db/sqlalchemy/engines.py:325}}
Apr 02 05:49:39.865800 np0000162736 devstack@n-api-meta.service[107239]: DEBUG dbcounter [-] [107239] Writer thread running {{(pid=107239) stat_writer /opt/stack/data/venv/lib/python3.12/site-packages/dbcounter.py:102}}
Apr 02 05:49:39.873888 np0000162736 devstack@n-api-meta.service[107239]: DEBUG dbcounter [-] [107239] Writer thread running {{(pid=107239) stat_writer /opt/stack/data/venv/lib/python3.12/site-packages/dbcounter.py:102}}
Apr 02 05:49:39.880306 np0000162736 devstack@n-api-meta.service[107239]: INFO dbcounter [None req-6e03bf7f-e9ce-414a-832d-a1e54f7045e3 None None] Registered counter for database nova_cell0
Apr 02 05:49:39.889831 np0000162736 devstack@n-api-meta.service[107239]: DEBUG oslo_db.sqlalchemy.engines [None req-6e03bf7f-e9ce-414a-832d-a1e54f7045e3 None None] MySQL server mode set to STRICT_TRANS_TABLES,STRICT_ALL_TABLES,NO_ZERO_IN_DATE,NO_ZERO_DATE,ERROR_FOR_DIVISION_BY_ZERO,TRADITIONAL,NO_ENGINE_SUBSTITUTION {{(pid=107239) _check_effective_sql_mode /opt/stack/data/venv/lib/python3.12/site-packages/oslo_db/sqlalchemy/engines.py:325}}
Apr 02 05:49:39.895839 np0000162736 devstack@n-api-meta.service[107239]: DEBUG dbcounter [-] [107239] Writer thread running {{(pid=107239) stat_writer /opt/stack/data/venv/lib/python3.12/site-packages/dbcounter.py:102}}
Apr 02 05:49:39.928475 np0000162736 devstack@n-api-meta.service[107242]: DEBUG dbcounter [-] [107242] Writer thread running {{(pid=107242) stat_writer /opt/stack/data/venv/lib/python3.12/site-packages/dbcounter.py:102}}
Apr 02 05:49:39.929037 np0000162736 devstack@n-api-meta.service[107242]: DEBUG dbcounter [-] [107242] Writer thread running {{(pid=107242) stat_writer /opt/stack/data/venv/lib/python3.12/site-packages/dbcounter.py:102}}
Apr 02 05:49:39.932738 np0000162736 devstack@n-api-meta.service[107240]: DEBUG dbcounter [-] [107240] Writer thread running {{(pid=107240) stat_writer /opt/stack/data/venv/lib/python3.12/site-packages/dbcounter.py:102}}
Apr 02 05:49:39.936667 np0000162736 devstack@n-api-meta.service[107242]: INFO dbcounter [None req-53bdc4e3-ec21-42f4-85b6-8bd3571198ae None None] Registered counter for database nova_cell0
Apr 02 05:49:39.939754 np0000162736 devstack@n-api-meta.service[107240]: DEBUG dbcounter [-] [107240] Writer thread running {{(pid=107240) stat_writer /opt/stack/data/venv/lib/python3.12/site-packages/dbcounter.py:102}}
Apr 02 05:49:39.945269 np0000162736 devstack@n-api-meta.service[107239]: WARNING nova.api.metadata.handler [None req-6e03bf7f-e9ce-414a-832d-a1e54f7045e3 None None] metadata_proxy_shared_secret is not configured, the metadata information returned by the proxy cannot be trusted
Apr 02 05:49:39.945630 np0000162736 devstack@n-api-meta.service[107240]: INFO dbcounter [None req-67c0b568-935c-49be-9808-0db13b148a63 None None] Registered counter for database nova_cell0
Apr 02 05:49:39.947509 np0000162736 devstack@n-api-meta.service[107239]: DEBUG nova.api.openstack.wsgi_app [None req-6e03bf7f-e9ce-414a-832d-a1e54f7045e3 None None] ******************************************************************************** {{(pid=107239) log_opt_values /opt/stack/data/venv/lib/python3.12/site-packages/oslo_config/cfg.py:2979}}
Apr 02 05:49:39.947625 np0000162736 devstack@n-api-meta.service[107239]: DEBUG nova.api.openstack.wsgi_app [None req-6e03bf7f-e9ce-414a-832d-a1e54f7045e3 None None] Configuration options gathered from: {{(pid=107239) log_opt_values /opt/stack/data/venv/lib/python3.12/site-packages/oslo_config/cfg.py:2980}}
Apr 02 05:49:39.947740 np0000162736 devstack@n-api-meta.service[107239]: DEBUG nova.api.openstack.wsgi_app [None req-6e03bf7f-e9ce-414a-832d-a1e54f7045e3 None None] command line args: [] {{(pid=107239) log_opt_values /opt/stack/data/venv/lib/python3.12/site-packages/oslo_config/cfg.py:2981}}
Apr 02 05:49:39.947848 np0000162736 devstack@n-api-meta.service[107242]: DEBUG oslo_db.sqlalchemy.engines [None req-53bdc4e3-ec21-42f4-85b6-8bd3571198ae None None] MySQL server mode set to STRICT_TRANS_TABLES,STRICT_ALL_TABLES,NO_ZERO_IN_DATE,NO_ZERO_DATE,ERROR_FOR_DIVISION_BY_ZERO,TRADITIONAL,NO_ENGINE_SUBSTITUTION {{(pid=107242) _check_effective_sql_mode /opt/stack/data/venv/lib/python3.12/site-packages/oslo_db/sqlalchemy/engines.py:325}}
Apr 02 05:49:39.947918 np0000162736 devstack@n-api-meta.service[107239]: DEBUG nova.api.openstack.wsgi_app [None req-6e03bf7f-e9ce-414a-832d-a1e54f7045e3 None None] config files: ['/etc/nova/api-paste.ini', '/etc/nova/nova.conf'] {{(pid=107239) log_opt_values /opt/stack/data/venv/lib/python3.12/site-packages/oslo_config/cfg.py:2982}}
Apr 02 05:49:39.948010 np0000162736 devstack@n-api-meta.service[107239]: DEBUG nova.api.openstack.wsgi_app [None req-6e03bf7f-e9ce-414a-832d-a1e54f7045e3 None None] ================================================================================ {{(pid=107239) log_opt_values /opt/stack/data/venv/lib/python3.12/site-packages/oslo_config/cfg.py:2987}}
Apr 02 05:49:39.948176 np0000162736 devstack@n-api-meta.service[107239]: DEBUG nova.api.openstack.wsgi_app [None req-6e03bf7f-e9ce-414a-832d-a1e54f7045e3 None None] allow_resize_to_same_host = True {{(pid=107239) log_opt_values /opt/stack/data/venv/lib/python3.12/site-packages/oslo_config/cfg.py:2995}}
Apr 02 05:49:39.948308 np0000162736 devstack@n-api-meta.service[107239]: DEBUG nova.api.openstack.wsgi_app [None req-6e03bf7f-e9ce-414a-832d-a1e54f7045e3 None None] arq_binding_timeout = 300 {{(pid=107239) log_opt_values /opt/stack/data/venv/lib/python3.12/site-packages/oslo_config/cfg.py:2995}}
Apr 02 05:49:39.948372 np0000162736 devstack@n-api-meta.service[107241]: DEBUG dbcounter [-] [107241] Writer thread running {{(pid=107241) stat_writer /opt/stack/data/venv/lib/python3.12/site-packages/dbcounter.py:102}}
Apr 02 05:49:39.948430 np0000162736 devstack@n-api-meta.service[107239]: DEBUG nova.api.openstack.wsgi_app [None req-6e03bf7f-e9ce-414a-832d-a1e54f7045e3 None None] block_device_allocate_retries = 60 {{(pid=107239) log_opt_values /opt/stack/data/venv/lib/python3.12/site-packages/oslo_config/cfg.py:2995}}
Apr 02 05:49:39.948553 np0000162736 devstack@n-api-meta.service[107239]: DEBUG nova.api.openstack.wsgi_app [None req-6e03bf7f-e9ce-414a-832d-a1e54f7045e3 None None] block_device_allocate_retries_interval = 3 {{(pid=107239) log_opt_values /opt/stack/data/venv/lib/python3.12/site-packages/oslo_config/cfg.py:2995}}
Apr 02 05:49:39.948699 np0000162736 devstack@n-api-meta.service[107239]: DEBUG nova.api.openstack.wsgi_app [None req-6e03bf7f-e9ce-414a-832d-a1e54f7045e3 None None] cell_worker_thread_pool_size = 5 {{(pid=107239) log_opt_values /opt/stack/data/venv/lib/python3.12/site-packages/oslo_config/cfg.py:2995}}
Apr 02 05:49:39.948822 np0000162736 devstack@n-api-meta.service[107239]: DEBUG nova.api.openstack.wsgi_app [None req-6e03bf7f-e9ce-414a-832d-a1e54f7045e3 None None] cert = self.pem {{(pid=107239) log_opt_values /opt/stack/data/venv/lib/python3.12/site-packages/oslo_config/cfg.py:2995}}
Apr 02 05:49:39.949225 np0000162736 devstack@n-api-meta.service[107239]: DEBUG nova.api.openstack.wsgi_app [None req-6e03bf7f-e9ce-414a-832d-a1e54f7045e3 None None] compute_driver = libvirt.LibvirtDriver {{(pid=107239) log_opt_values /opt/stack/data/venv/lib/python3.12/site-packages/oslo_config/cfg.py:2995}}
Apr 02 05:49:39.949225 np0000162736 devstack@n-api-meta.service[107239]: DEBUG nova.api.openstack.wsgi_app [None req-6e03bf7f-e9ce-414a-832d-a1e54f7045e3 None None] compute_monitors = [] {{(pid=107239) log_opt_values /opt/stack/data/venv/lib/python3.12/site-packages/oslo_config/cfg.py:2995}}
Apr 02 05:49:39.949225 np0000162736 devstack@n-api-meta.service[107239]: DEBUG nova.api.openstack.wsgi_app [None req-6e03bf7f-e9ce-414a-832d-a1e54f7045e3 None None] config_dir = [] {{(pid=107239) log_opt_values /opt/stack/data/venv/lib/python3.12/site-packages/oslo_config/cfg.py:2995}}
Apr 02 05:49:39.949406 np0000162736 devstack@n-api-meta.service[107239]: DEBUG nova.api.openstack.wsgi_app [None req-6e03bf7f-e9ce-414a-832d-a1e54f7045e3 None None] config_drive_format = iso9660 {{(pid=107239) log_opt_values /opt/stack/data/venv/lib/python3.12/site-packages/oslo_config/cfg.py:2995}}
Apr 02 05:49:39.949466 np0000162736 devstack@n-api-meta.service[107239]: DEBUG nova.api.openstack.wsgi_app [None req-6e03bf7f-e9ce-414a-832d-a1e54f7045e3 None None] config_file = ['/etc/nova/api-paste.ini', '/etc/nova/nova.conf'] {{(pid=107239) log_opt_values /opt/stack/data/venv/lib/python3.12/site-packages/oslo_config/cfg.py:2995}}
Apr 02 05:49:39.949608 np0000162736 devstack@n-api-meta.service[107239]: DEBUG nova.api.openstack.wsgi_app [None req-6e03bf7f-e9ce-414a-832d-a1e54f7045e3 None None] config_source = [] {{(pid=107239) log_opt_values /opt/stack/data/venv/lib/python3.12/site-packages/oslo_config/cfg.py:2995}}
Apr 02 05:49:39.949735 np0000162736 devstack@n-api-meta.service[107239]: DEBUG nova.api.openstack.wsgi_app [None req-6e03bf7f-e9ce-414a-832d-a1e54f7045e3 None None] console_host = np0000162736 {{(pid=107239) log_opt_values /opt/stack/data/venv/lib/python3.12/site-packages/oslo_config/cfg.py:2995}}
Apr 02 05:49:39.949864 np0000162736 devstack@n-api-meta.service[107239]: DEBUG nova.api.openstack.wsgi_app [None req-6e03bf7f-e9ce-414a-832d-a1e54f7045e3 None None] control_exchange = nova {{(pid=107239) log_opt_values /opt/stack/data/venv/lib/python3.12/site-packages/oslo_config/cfg.py:2995}}
Apr 02 05:49:39.950029 np0000162736 devstack@n-api-meta.service[107239]: DEBUG nova.api.openstack.wsgi_app [None req-6e03bf7f-e9ce-414a-832d-a1e54f7045e3 None None] cpu_allocation_ratio = None {{(pid=107239) log_opt_values /opt/stack/data/venv/lib/python3.12/site-packages/oslo_config/cfg.py:2995}}
Apr 02 05:49:39.950133 np0000162736 devstack@n-api-meta.service[107239]: DEBUG nova.api.openstack.wsgi_app [None req-6e03bf7f-e9ce-414a-832d-a1e54f7045e3 None None] daemon = False {{(pid=107239) log_opt_values /opt/stack/data/venv/lib/python3.12/site-packages/oslo_config/cfg.py:2995}}
Apr 02 05:49:39.950264 np0000162736 devstack@n-api-meta.service[107239]: DEBUG nova.api.openstack.wsgi_app [None req-6e03bf7f-e9ce-414a-832d-a1e54f7045e3 None None] debug = True {{(pid=107239) log_opt_values /opt/stack/data/venv/lib/python3.12/site-packages/oslo_config/cfg.py:2995}}
Apr 02 05:49:39.950401 np0000162736 devstack@n-api-meta.service[107239]: DEBUG nova.api.openstack.wsgi_app [None req-6e03bf7f-e9ce-414a-832d-a1e54f7045e3 None None] default_access_ip_network_name = None {{(pid=107239) log_opt_values /opt/stack/data/venv/lib/python3.12/site-packages/oslo_config/cfg.py:2995}}
Apr 02 05:49:39.950535 np0000162736 devstack@n-api-meta.service[107239]: DEBUG nova.api.openstack.wsgi_app [None req-6e03bf7f-e9ce-414a-832d-a1e54f7045e3 None None] default_availability_zone = nova {{(pid=107239) log_opt_values /opt/stack/data/venv/lib/python3.12/site-packages/oslo_config/cfg.py:2995}}
Apr 02 05:49:39.950665 np0000162736 devstack@n-api-meta.service[107239]: DEBUG nova.api.openstack.wsgi_app [None req-6e03bf7f-e9ce-414a-832d-a1e54f7045e3 None None] default_ephemeral_format = ext4 {{(pid=107239) log_opt_values /opt/stack/data/venv/lib/python3.12/site-packages/oslo_config/cfg.py:2995}}
Apr 02 05:49:39.950791 np0000162736 devstack@n-api-meta.service[107239]: DEBUG nova.api.openstack.wsgi_app [None req-6e03bf7f-e9ce-414a-832d-a1e54f7045e3 None None] default_green_pool_size = 1000 {{(pid=107239) log_opt_values /opt/stack/data/venv/lib/python3.12/site-packages/oslo_config/cfg.py:2995}}
Apr 02 05:49:39.951017 np0000162736 devstack@n-api-meta.service[107239]: DEBUG nova.api.openstack.wsgi_app [None req-6e03bf7f-e9ce-414a-832d-a1e54f7045e3 None None] default_log_levels = ['amqp=WARN', 'boto=WARN', 'sqlalchemy=WARN', 'suds=INFO', 'oslo.messaging=INFO', 'oslo_messaging=INFO', 'iso8601=WARN', 'requests.packages.urllib3.connectionpool=WARN', 'urllib3.connectionpool=WARN', 'websocket=WARN', 'requests.packages.urllib3.util.retry=WARN', 'urllib3.util.retry=WARN', 'keystonemiddleware=WARN', 'routes.middleware=WARN', 'stevedore=WARN', 'taskflow=WARN', 'keystoneauth=WARN', 'oslo.cache=INFO', 'oslo_policy=INFO', 'dogpile.core.dogpile=INFO', 'glanceclient=WARN', 'oslo.privsep.daemon=INFO'] {{(pid=107239) log_opt_values /opt/stack/data/venv/lib/python3.12/site-packages/oslo_config/cfg.py:2995}}
Apr 02 05:49:39.951132 np0000162736 devstack@n-api-meta.service[107239]: DEBUG nova.api.openstack.wsgi_app [None req-6e03bf7f-e9ce-414a-832d-a1e54f7045e3 None None] default_schedule_zone = None {{(pid=107239) log_opt_values /opt/stack/data/venv/lib/python3.12/site-packages/oslo_config/cfg.py:2995}}
Apr 02 05:49:39.951258 np0000162736 devstack@n-api-meta.service[107239]: DEBUG nova.api.openstack.wsgi_app [None req-6e03bf7f-e9ce-414a-832d-a1e54f7045e3 None None] default_thread_pool_size = 10 {{(pid=107239) log_opt_values /opt/stack/data/venv/lib/python3.12/site-packages/oslo_config/cfg.py:2995}}
Apr 02 05:49:39.951380 np0000162736 devstack@n-api-meta.service[107239]: DEBUG nova.api.openstack.wsgi_app [None req-6e03bf7f-e9ce-414a-832d-a1e54f7045e3 None None] disk_allocation_ratio = None {{(pid=107239) log_opt_values /opt/stack/data/venv/lib/python3.12/site-packages/oslo_config/cfg.py:2995}}
Apr 02 05:49:39.951505 np0000162736 devstack@n-api-meta.service[107239]: DEBUG nova.api.openstack.wsgi_app [None req-6e03bf7f-e9ce-414a-832d-a1e54f7045e3 None None] enable_new_services = True {{(pid=107239) log_opt_values /opt/stack/data/venv/lib/python3.12/site-packages/oslo_config/cfg.py:2995}}
Apr 02 05:49:39.951630 np0000162736 devstack@n-api-meta.service[107239]: DEBUG nova.api.openstack.wsgi_app [None req-6e03bf7f-e9ce-414a-832d-a1e54f7045e3 None None] flat_injected = False {{(pid=107239) log_opt_values /opt/stack/data/venv/lib/python3.12/site-packages/oslo_config/cfg.py:2995}}
Apr 02 05:49:39.951755 np0000162736 devstack@n-api-meta.service[107239]: DEBUG nova.api.openstack.wsgi_app [None req-6e03bf7f-e9ce-414a-832d-a1e54f7045e3 None None] force_config_drive = False {{(pid=107239) log_opt_values /opt/stack/data/venv/lib/python3.12/site-packages/oslo_config/cfg.py:2995}}
Apr 02 05:49:39.951878 np0000162736 devstack@n-api-meta.service[107239]: DEBUG nova.api.openstack.wsgi_app [None req-6e03bf7f-e9ce-414a-832d-a1e54f7045e3 None None] force_raw_images = True {{(pid=107239) log_opt_values /opt/stack/data/venv/lib/python3.12/site-packages/oslo_config/cfg.py:2995}}
Apr 02 05:49:39.952028 np0000162736 devstack@n-api-meta.service[107239]: DEBUG nova.api.openstack.wsgi_app [None req-6e03bf7f-e9ce-414a-832d-a1e54f7045e3 None None] graceful_shutdown_timeout = 5 {{(pid=107239) log_opt_values /opt/stack/data/venv/lib/python3.12/site-packages/oslo_config/cfg.py:2995}}
Apr 02 05:49:39.952157 np0000162736 devstack@n-api-meta.service[107239]: DEBUG nova.api.openstack.wsgi_app [None req-6e03bf7f-e9ce-414a-832d-a1e54f7045e3 None None] heal_instance_info_cache_interval = -1 {{(pid=107239) log_opt_values /opt/stack/data/venv/lib/python3.12/site-packages/oslo_config/cfg.py:2995}}
Apr 02 05:49:39.952328 np0000162736 devstack@n-api-meta.service[107239]: DEBUG nova.api.openstack.wsgi_app [None req-6e03bf7f-e9ce-414a-832d-a1e54f7045e3 None None] host = np0000162736 {{(pid=107239) log_opt_values /opt/stack/data/venv/lib/python3.12/site-packages/oslo_config/cfg.py:2995}}
Apr 02 05:49:39.952466 np0000162736 devstack@n-api-meta.service[107239]: DEBUG nova.api.openstack.wsgi_app [None req-6e03bf7f-e9ce-414a-832d-a1e54f7045e3 None None] initial_cpu_allocation_ratio = 4.0 {{(pid=107239) log_opt_values /opt/stack/data/venv/lib/python3.12/site-packages/oslo_config/cfg.py:2995}}
Apr 02 05:49:39.952594 np0000162736 devstack@n-api-meta.service[107239]: DEBUG nova.api.openstack.wsgi_app [None req-6e03bf7f-e9ce-414a-832d-a1e54f7045e3 None None] initial_disk_allocation_ratio = 1.0 {{(pid=107239) log_opt_values /opt/stack/data/venv/lib/python3.12/site-packages/oslo_config/cfg.py:2995}}
Apr 02 05:49:39.952719 np0000162736 devstack@n-api-meta.service[107239]: DEBUG nova.api.openstack.wsgi_app [None req-6e03bf7f-e9ce-414a-832d-a1e54f7045e3 None None] initial_ram_allocation_ratio = 1.0 {{(pid=107239) log_opt_values /opt/stack/data/venv/lib/python3.12/site-packages/oslo_config/cfg.py:2995}}
Apr 02 05:49:39.952887 np0000162736 devstack@n-api-meta.service[107239]: DEBUG nova.api.openstack.wsgi_app [None req-6e03bf7f-e9ce-414a-832d-a1e54f7045e3 None None] injected_network_template = /opt/stack/nova/nova/virt/interfaces.template {{(pid=107239) log_opt_values /opt/stack/data/venv/lib/python3.12/site-packages/oslo_config/cfg.py:2995}}
Apr 02 05:49:39.953031 np0000162736 devstack@n-api-meta.service[107239]: DEBUG nova.api.openstack.wsgi_app [None req-6e03bf7f-e9ce-414a-832d-a1e54f7045e3 None None] instance_build_timeout = 0 {{(pid=107239) log_opt_values /opt/stack/data/venv/lib/python3.12/site-packages/oslo_config/cfg.py:2995}}
Apr 02 05:49:39.953159 np0000162736 devstack@n-api-meta.service[107239]: DEBUG nova.api.openstack.wsgi_app [None req-6e03bf7f-e9ce-414a-832d-a1e54f7045e3 None None] instance_delete_interval = 300 {{(pid=107239) log_opt_values /opt/stack/data/venv/lib/python3.12/site-packages/oslo_config/cfg.py:2995}}
Apr 02 05:49:39.953289 np0000162736 devstack@n-api-meta.service[107239]: DEBUG nova.api.openstack.wsgi_app [None req-6e03bf7f-e9ce-414a-832d-a1e54f7045e3 None None] instance_format = [instance: %(uuid)s] {{(pid=107239) log_opt_values /opt/stack/data/venv/lib/python3.12/site-packages/oslo_config/cfg.py:2995}}
Apr 02 05:49:39.953335 np0000162736 devstack@n-api-meta.service[107240]: DEBUG oslo_db.sqlalchemy.engines [None req-67c0b568-935c-49be-9808-0db13b148a63 None None] MySQL server mode set to STRICT_TRANS_TABLES,STRICT_ALL_TABLES,NO_ZERO_IN_DATE,NO_ZERO_DATE,ERROR_FOR_DIVISION_BY_ZERO,TRADITIONAL,NO_ENGINE_SUBSTITUTION {{(pid=107240) _check_effective_sql_mode /opt/stack/data/venv/lib/python3.12/site-packages/oslo_db/sqlalchemy/engines.py:325}}
Apr 02 05:49:39.953420 np0000162736 devstack@n-api-meta.service[107239]: DEBUG nova.api.openstack.wsgi_app [None req-6e03bf7f-e9ce-414a-832d-a1e54f7045e3 None None] instance_name_template = instance-%08x {{(pid=107239) log_opt_values /opt/stack/data/venv/lib/python3.12/site-packages/oslo_config/cfg.py:2995}}
Apr 02 05:49:39.953548 np0000162736 devstack@n-api-meta.service[107239]: DEBUG nova.api.openstack.wsgi_app [None req-6e03bf7f-e9ce-414a-832d-a1e54f7045e3 None None] instance_usage_audit = False {{(pid=107239) log_opt_values /opt/stack/data/venv/lib/python3.12/site-packages/oslo_config/cfg.py:2995}}
Apr 02 05:49:39.953680 np0000162736 devstack@n-api-meta.service[107239]: DEBUG nova.api.openstack.wsgi_app [None req-6e03bf7f-e9ce-414a-832d-a1e54f7045e3 None None] instance_usage_audit_period = month {{(pid=107239) log_opt_values /opt/stack/data/venv/lib/python3.12/site-packages/oslo_config/cfg.py:2995}}
Apr 02 05:49:39.953809 np0000162736 devstack@n-api-meta.service[107239]: DEBUG nova.api.openstack.wsgi_app [None req-6e03bf7f-e9ce-414a-832d-a1e54f7045e3 None None] instance_uuid_format = [instance: %(uuid)s] {{(pid=107239) log_opt_values /opt/stack/data/venv/lib/python3.12/site-packages/oslo_config/cfg.py:2995}}
Apr 02 05:49:39.953938 np0000162736 devstack@n-api-meta.service[107239]: DEBUG nova.api.openstack.wsgi_app [None req-6e03bf7f-e9ce-414a-832d-a1e54f7045e3 None None] instances_path = /opt/stack/data/nova/instances {{(pid=107239) log_opt_values /opt/stack/data/venv/lib/python3.12/site-packages/oslo_config/cfg.py:2995}}
Apr 02 05:49:39.954080 np0000162736 devstack@n-api-meta.service[107239]: DEBUG nova.api.openstack.wsgi_app [None req-6e03bf7f-e9ce-414a-832d-a1e54f7045e3 None None] internal_service_availability_zone = internal {{(pid=107239) log_opt_values /opt/stack/data/venv/lib/python3.12/site-packages/oslo_config/cfg.py:2995}}
Apr 02 05:49:39.954204 np0000162736 devstack@n-api-meta.service[107239]: DEBUG nova.api.openstack.wsgi_app [None req-6e03bf7f-e9ce-414a-832d-a1e54f7045e3 None None] key = None {{(pid=107239) log_opt_values /opt/stack/data/venv/lib/python3.12/site-packages/oslo_config/cfg.py:2995}}
Apr 02 05:49:39.954362 np0000162736 devstack@n-api-meta.service[107239]: DEBUG nova.api.openstack.wsgi_app [None req-6e03bf7f-e9ce-414a-832d-a1e54f7045e3 None None] live_migration_retry_count = 30 {{(pid=107239) log_opt_values /opt/stack/data/venv/lib/python3.12/site-packages/oslo_config/cfg.py:2995}}
Apr 02 05:49:39.954495 np0000162736 devstack@n-api-meta.service[107239]: DEBUG nova.api.openstack.wsgi_app [None req-6e03bf7f-e9ce-414a-832d-a1e54f7045e3 None None] log_color = False {{(pid=107239) log_opt_values /opt/stack/data/venv/lib/python3.12/site-packages/oslo_config/cfg.py:2995}}
Apr 02 05:49:39.954685 np0000162736 devstack@n-api-meta.service[107239]: DEBUG nova.api.openstack.wsgi_app [None req-6e03bf7f-e9ce-414a-832d-a1e54f7045e3 None None] log_config_append = None {{(pid=107239) log_opt_values /opt/stack/data/venv/lib/python3.12/site-packages/oslo_config/cfg.py:2995}}
Apr 02 05:49:39.954752 np0000162736 devstack@n-api-meta.service[107239]: DEBUG nova.api.openstack.wsgi_app [None req-6e03bf7f-e9ce-414a-832d-a1e54f7045e3 None None] log_date_format = %Y-%m-%d %H:%M:%S {{(pid=107239) log_opt_values /opt/stack/data/venv/lib/python3.12/site-packages/oslo_config/cfg.py:2995}}
Apr 02 05:49:39.954876 np0000162736 devstack@n-api-meta.service[107239]: DEBUG nova.api.openstack.wsgi_app [None req-6e03bf7f-e9ce-414a-832d-a1e54f7045e3 None None] log_dir = None {{(pid=107239) log_opt_values /opt/stack/data/venv/lib/python3.12/site-packages/oslo_config/cfg.py:2995}}
Apr 02 05:49:39.955019 np0000162736 devstack@n-api-meta.service[107239]: DEBUG nova.api.openstack.wsgi_app [None req-6e03bf7f-e9ce-414a-832d-a1e54f7045e3 None None] log_file = None {{(pid=107239) log_opt_values /opt/stack/data/venv/lib/python3.12/site-packages/oslo_config/cfg.py:2995}}
Apr 02 05:49:39.955121 np0000162736 devstack@n-api-meta.service[107239]: DEBUG nova.api.openstack.wsgi_app [None req-6e03bf7f-e9ce-414a-832d-a1e54f7045e3 None None] log_options = True {{(pid=107239) log_opt_values /opt/stack/data/venv/lib/python3.12/site-packages/oslo_config/cfg.py:2995}}
Apr 02 05:49:39.955248 np0000162736 devstack@n-api-meta.service[107239]: DEBUG nova.api.openstack.wsgi_app [None req-6e03bf7f-e9ce-414a-832d-a1e54f7045e3 None None] log_rotate_interval = 1 {{(pid=107239) log_opt_values /opt/stack/data/venv/lib/python3.12/site-packages/oslo_config/cfg.py:2995}}
Apr 02 05:49:39.955379 np0000162736 devstack@n-api-meta.service[107239]: DEBUG nova.api.openstack.wsgi_app [None req-6e03bf7f-e9ce-414a-832d-a1e54f7045e3 None None] log_rotate_interval_type = days {{(pid=107239) log_opt_values /opt/stack/data/venv/lib/python3.12/site-packages/oslo_config/cfg.py:2995}}
Apr 02 05:49:39.955509 np0000162736 devstack@n-api-meta.service[107239]: DEBUG nova.api.openstack.wsgi_app [None req-6e03bf7f-e9ce-414a-832d-a1e54f7045e3 None None] log_rotation_type = none {{(pid=107239) log_opt_values /opt/stack/data/venv/lib/python3.12/site-packages/oslo_config/cfg.py:2995}}
Apr 02 05:49:39.955610 np0000162736 devstack@n-api-meta.service[107239]: DEBUG nova.api.openstack.wsgi_app [None req-6e03bf7f-e9ce-414a-832d-a1e54f7045e3 None None] logging_context_format_string = %(color)s%(levelname)s %(name)s [%(global_request_id)s %(request_id)s %(project_name)s %(user_name)s%(color)s] %(instance)s%(color)s%(message)s {{(pid=107239) log_opt_values /opt/stack/data/venv/lib/python3.12/site-packages/oslo_config/cfg.py:2995}}
