2026-05-09 14:09:52.706 8 INFO cinder.api.openstack.wsgi [None req-94450b3b-edf8-41c4-8c79-1cb2452903a3 f874ffd50c8a49568636f2981c75199c 1f70c1b4d7954339a7508acbbc7bda4a - - default default] http://10.0.0.40:8776/ returned with HTTP 300
2026-05-09 14:09:54.901 7 INFO cinder.api.openstack.wsgi [None req-a53e9c35-0375-408d-9f99-e6d2d2164402 f874ffd50c8a49568636f2981c75199c 1f70c1b4d7954339a7508acbbc7bda4a - - default default] POST http://cinder-api.openstack.svc.cluster.local:8776/v3/1f70c1b4d7954339a7508acbbc7bda4a/volumes
2026-05-09 14:09:55.035 7 INFO cinder.api.v3.volumes [None req-a53e9c35-0375-408d-9f99-e6d2d2164402 f874ffd50c8a49568636f2981c75199c 1f70c1b4d7954339a7508acbbc7bda4a - - default default] Create volume of 16 GB
2026-05-09 14:09:55.046 7 INFO cinder.volume.api [None req-a53e9c35-0375-408d-9f99-e6d2d2164402 f874ffd50c8a49568636f2981c75199c 1f70c1b4d7954339a7508acbbc7bda4a - - default default] Availability Zones retrieved successfully.
2026-05-09 14:09:55.332 7 INFO cinder.volume.api [None req-a53e9c35-0375-408d-9f99-e6d2d2164402 f874ffd50c8a49568636f2981c75199c 1f70c1b4d7954339a7508acbbc7bda4a - - default default] Create volume request issued successfully.
2026-05-09 14:09:55.333 7 INFO cinder.api.openstack.wsgi [None req-a53e9c35-0375-408d-9f99-e6d2d2164402 f874ffd50c8a49568636f2981c75199c 1f70c1b4d7954339a7508acbbc7bda4a - - default default] http://cinder-api.openstack.svc.cluster.local:8776/v3/1f70c1b4d7954339a7508acbbc7bda4a/volumes returned with HTTP 202 [pid: 7|app: 0|req: 459/918] 199.19.213.81 () {34 vars in 732 bytes} [Sat May 9 14:09:54 2026] POST /v3/1f70c1b4d7954339a7508acbbc7bda4a/volumes => generated 846 bytes in 522 msecs (HTTP/1.1 202) 7 headers in 291 bytes (1 switches on core 0)
2026-05-09 14:09:55.359 8 INFO cinder.api.openstack.wsgi [req-a53e9c35-0375-408d-9f99-e6d2d2164402 req-e911703e-f684-430b-afcb-21a47c2742cc f874ffd50c8a49568636f2981c75199c 1f70c1b4d7954339a7508acbbc7bda4a - - default default] GET http://cinder-api.openstack.svc.cluster.local:8776/v3/1f70c1b4d7954339a7508acbbc7bda4a/volumes/3b1cf8d1-f5c8-4aeb-947e-26fbc5c0bc52 /var/lib/openstack/lib/python3.10/site-packages/oslo_context/context.py:100: DeprecationWarning: Policy enforcement is depending on the value of is_admin. This key is deprecated. Please update your policy file to use the standard policy values. warnings.warn('Policy enforcement is depending on the value of '
2026-05-09 14:09:55.397 8 INFO cinder.volume.api [req-a53e9c35-0375-408d-9f99-e6d2d2164402 req-e911703e-f684-430b-afcb-21a47c2742cc f874ffd50c8a49568636f2981c75199c 1f70c1b4d7954339a7508acbbc7bda4a - - default default] Volume info retrieved successfully.
2026-05-09 14:09:55.405 8 INFO cinder.api.openstack.wsgi [req-a53e9c35-0375-408d-9f99-e6d2d2164402 req-e911703e-f684-430b-afcb-21a47c2742cc f874ffd50c8a49568636f2981c75199c 1f70c1b4d7954339a7508acbbc7bda4a - - default default] http://cinder-api.openstack.svc.cluster.local:8776/v3/1f70c1b4d7954339a7508acbbc7bda4a/volumes/3b1cf8d1-f5c8-4aeb-947e-26fbc5c0bc52 returned with HTTP 200 [pid: 8|app: 0|req: 460/919] 199.19.213.81 () {32 vars in 823 bytes} [Sat May 9 14:09:55 2026] GET /v3/1f70c1b4d7954339a7508acbbc7bda4a/volumes/3b1cf8d1-f5c8-4aeb-947e-26fbc5c0bc52 => generated 1025 bytes in 58 msecs (HTTP/1.1 200) 7 headers in 286 bytes (1 switches on core 0) /var/lib/openstack/lib/python3.10/site-packages/pycadf/identifier.py:71: UserWarning: Invalid uuid: cinderv3. To ensure interoperability, identifiers should be a valid uuid. warnings.warn(('Invalid uuid: %s. To ensure interoperability, '
2026-05-09 14:10:00.428 7 INFO cinder.api.openstack.wsgi [req-a53e9c35-0375-408d-9f99-e6d2d2164402 req-5f704036-2d14-44e5-9852-5af257b10dd1 f874ffd50c8a49568636f2981c75199c 1f70c1b4d7954339a7508acbbc7bda4a - - default default] GET http://cinder-api.openstack.svc.cluster.local:8776/v3/1f70c1b4d7954339a7508acbbc7bda4a/volumes/3b1cf8d1-f5c8-4aeb-947e-26fbc5c0bc52 /var/lib/openstack/lib/python3.10/site-packages/oslo_context/context.py:100: DeprecationWarning: Policy enforcement is depending on the value of is_admin. This key is deprecated. Please update your policy file to use the standard policy values. warnings.warn('Policy enforcement is depending on the value of '
2026-05-09 14:10:00.456 7 INFO cinder.volume.api [req-a53e9c35-0375-408d-9f99-e6d2d2164402 req-5f704036-2d14-44e5-9852-5af257b10dd1 f874ffd50c8a49568636f2981c75199c 1f70c1b4d7954339a7508acbbc7bda4a - - default default] Volume info retrieved successfully.
2026-05-09 14:10:00.462 7 INFO cinder.api.openstack.wsgi [req-a53e9c35-0375-408d-9f99-e6d2d2164402 req-5f704036-2d14-44e5-9852-5af257b10dd1 f874ffd50c8a49568636f2981c75199c 1f70c1b4d7954339a7508acbbc7bda4a - - default default] http://cinder-api.openstack.svc.cluster.local:8776/v3/1f70c1b4d7954339a7508acbbc7bda4a/volumes/3b1cf8d1-f5c8-4aeb-947e-26fbc5c0bc52 returned with HTTP 200 [pid: 7|app: 0|req: 460/920] 199.19.213.81 () {32 vars in 823 bytes} [Sat May 9 14:10:00 2026] GET /v3/1f70c1b4d7954339a7508acbbc7bda4a/volumes/3b1cf8d1-f5c8-4aeb-947e-26fbc5c0bc52 => generated 1489 bytes in 43 msecs (HTTP/1.1 200) 7 headers in 286 bytes (1 switches on core 0) /var/lib/openstack/lib/python3.10/site-packages/pycadf/identifier.py:71: UserWarning: Invalid uuid: cinderv3. To ensure interoperability, identifiers should be a valid uuid. warnings.warn(('Invalid uuid: %s. To ensure interoperability, '
2026-05-09 14:10:00.945 8 INFO cinder.api.openstack.wsgi [req-d3d270ca-2f5f-4668-9e7c-543533d31368 req-08d293f2-bbfd-4368-9b4a-c951e55a10f3 f874ffd50c8a49568636f2981c75199c 1f70c1b4d7954339a7508acbbc7bda4a - - default default] GET http://cinder-api.openstack.svc.cluster.local:8776/v3/1f70c1b4d7954339a7508acbbc7bda4a/volumes/3b1cf8d1-f5c8-4aeb-947e-26fbc5c0bc52 /var/lib/openstack/lib/python3.10/site-packages/oslo_context/context.py:100: DeprecationWarning: Policy enforcement is depending on the value of is_admin. This key is deprecated. Please update your policy file to use the standard policy values. warnings.warn('Policy enforcement is depending on the value of '
2026-05-09 14:10:00.968 8 INFO cinder.volume.api [req-d3d270ca-2f5f-4668-9e7c-543533d31368 req-08d293f2-bbfd-4368-9b4a-c951e55a10f3 f874ffd50c8a49568636f2981c75199c 1f70c1b4d7954339a7508acbbc7bda4a - - default default] Volume info retrieved successfully.
2026-05-09 14:10:00.974 8 INFO cinder.api.openstack.wsgi [req-d3d270ca-2f5f-4668-9e7c-543533d31368 req-08d293f2-bbfd-4368-9b4a-c951e55a10f3 f874ffd50c8a49568636f2981c75199c 1f70c1b4d7954339a7508acbbc7bda4a - - default default] http://cinder-api.openstack.svc.cluster.local:8776/v3/1f70c1b4d7954339a7508acbbc7bda4a/volumes/3b1cf8d1-f5c8-4aeb-947e-26fbc5c0bc52 returned with HTTP 200 [pid: 8|app: 0|req: 461/921] 10.0.0.25 () {34 vars in 1026 bytes} [Sat May 9 14:10:00 2026] GET /v3/1f70c1b4d7954339a7508acbbc7bda4a/volumes/3b1cf8d1-f5c8-4aeb-947e-26fbc5c0bc52 => generated 1489 bytes in 42 msecs (HTTP/1.1 200) 7 headers in 286 bytes (1 switches on core 0) /var/lib/openstack/lib/python3.10/site-packages/pycadf/identifier.py:71: UserWarning: Invalid uuid: cinderv3. To ensure interoperability, identifiers should be a valid uuid. warnings.warn(('Invalid uuid: %s. To ensure interoperability, '
2026-05-09 14:10:01.563 7 INFO cinder.api.openstack.wsgi [req-d3d270ca-2f5f-4668-9e7c-543533d31368 req-e3d98c1c-57d4-4c59-8f8c-51582c455298 f874ffd50c8a49568636f2981c75199c 1f70c1b4d7954339a7508acbbc7bda4a - - default default] GET http://cinder-api.openstack.svc.cluster.local:8776/v3/1f70c1b4d7954339a7508acbbc7bda4a/volumes/3b1cf8d1-f5c8-4aeb-947e-26fbc5c0bc52 /var/lib/openstack/lib/python3.10/site-packages/oslo_context/context.py:100: DeprecationWarning: Policy enforcement is depending on the value of is_admin. This key is deprecated. Please update your policy file to use the standard policy values. warnings.warn('Policy enforcement is depending on the value of '
2026-05-09 14:10:01.577 7 INFO cinder.volume.api [req-d3d270ca-2f5f-4668-9e7c-543533d31368 req-e3d98c1c-57d4-4c59-8f8c-51582c455298 f874ffd50c8a49568636f2981c75199c 1f70c1b4d7954339a7508acbbc7bda4a - - default default] Volume info retrieved successfully.
2026-05-09 14:10:01.584 7 INFO cinder.api.openstack.wsgi [req-d3d270ca-2f5f-4668-9e7c-543533d31368 req-e3d98c1c-57d4-4c59-8f8c-51582c455298 f874ffd50c8a49568636f2981c75199c 1f70c1b4d7954339a7508acbbc7bda4a - - default default] http://cinder-api.openstack.svc.cluster.local:8776/v3/1f70c1b4d7954339a7508acbbc7bda4a/volumes/3b1cf8d1-f5c8-4aeb-947e-26fbc5c0bc52 returned with HTTP 200 [pid: 7|app: 0|req: 461/922] 10.0.0.25 () {34 vars in 1026 bytes} [Sat May 9 14:10:01 2026] GET /v3/1f70c1b4d7954339a7508acbbc7bda4a/volumes/3b1cf8d1-f5c8-4aeb-947e-26fbc5c0bc52 => generated 1489 bytes in 27 msecs (HTTP/1.1 200) 7 headers in 286 bytes (1 switches on core 0)
2026-05-09 14:10:01.596 8 INFO cinder.api.openstack.wsgi [req-d3d270ca-2f5f-4668-9e7c-543533d31368 req-08d293f2-bbfd-4368-9b4a-c951e55a10f3 f874ffd50c8a49568636f2981c75199c 1f70c1b4d7954339a7508acbbc7bda4a - - default default] GET http://cinder-api.openstack.svc.cluster.local:8776/
2026-05-09 14:10:01.597 8 INFO cinder.api.openstack.wsgi [req-d3d270ca-2f5f-4668-9e7c-543533d31368 req-08d293f2-bbfd-4368-9b4a-c951e55a10f3 f874ffd50c8a49568636f2981c75199c 1f70c1b4d7954339a7508acbbc7bda4a - - default default] http://cinder-api.openstack.svc.cluster.local:8776/ returned with HTTP 300 [pid: 8|app: 0|req: 462/923] 10.0.0.25 () {32 vars in 827 bytes} [Sat May 9 14:10:01 2026] GET / => generated 411 bytes in 3 msecs (HTTP/1.1 300) 5 headers in 169 bytes (1 switches on core 0) /var/lib/openstack/lib/python3.10/site-packages/pycadf/identifier.py:71: UserWarning: Invalid uuid: cinderv3. To ensure interoperability, identifiers should be a valid uuid. warnings.warn(('Invalid uuid: %s. To ensure interoperability, '
2026-05-09 14:10:01.611 7 INFO cinder.api.openstack.wsgi [req-d3d270ca-2f5f-4668-9e7c-543533d31368 req-8be37cc1-891b-4fe5-b5b4-731464ed2a4f f874ffd50c8a49568636f2981c75199c 1f70c1b4d7954339a7508acbbc7bda4a - - default default] POST http://cinder-api.openstack.svc.cluster.local:8776/v3/1f70c1b4d7954339a7508acbbc7bda4a/attachments /var/lib/openstack/lib/python3.10/site-packages/oslo_context/context.py:100: DeprecationWarning: Policy enforcement is depending on the value of is_admin. This key is deprecated. Please update your policy file to use the standard policy values. warnings.warn('Policy enforcement is depending on the value of '
2026-05-09 14:10:01.688 7 INFO cinder.api.openstack.wsgi [req-d3d270ca-2f5f-4668-9e7c-543533d31368 req-8be37cc1-891b-4fe5-b5b4-731464ed2a4f f874ffd50c8a49568636f2981c75199c 1f70c1b4d7954339a7508acbbc7bda4a - - default default] http://cinder-api.openstack.svc.cluster.local:8776/v3/1f70c1b4d7954339a7508acbbc7bda4a/attachments returned with HTTP 200 [pid: 7|app: 0|req: 462/924] 10.0.0.25 () {40 vars in 1055 bytes} [Sat May 9 14:10:01 2026] POST /v3/1f70c1b4d7954339a7508acbbc7bda4a/attachments => generated 273 bytes in 86 msecs (HTTP/1.1 200) 7 headers in 286 bytes (1 switches on core 0)
2026-05-09 14:10:02.668 8 INFO cinder.api.openstack.wsgi [req-d3d270ca-2f5f-4668-9e7c-543533d31368 req-08d293f2-bbfd-4368-9b4a-c951e55a10f3 f874ffd50c8a49568636f2981c75199c 1f70c1b4d7954339a7508acbbc7bda4a - - default default] GET http://cinder-api.openstack.svc.cluster.local:8776/
2026-05-09 14:10:02.669 8 INFO cinder.api.openstack.wsgi [req-d3d270ca-2f5f-4668-9e7c-543533d31368 req-08d293f2-bbfd-4368-9b4a-c951e55a10f3 f874ffd50c8a49568636f2981c75199c 1f70c1b4d7954339a7508acbbc7bda4a - - default default] http://cinder-api.openstack.svc.cluster.local:8776/ returned with HTTP 300 [pid: 8|app: 0|req: 463/925] 199.19.213.81 () {32 vars in 838 bytes} [Sat May 9 14:10:02 2026] GET / => generated 411 bytes in 3 msecs (HTTP/1.1 300) 5 headers in 169 bytes (1 switches on core 0) /var/lib/openstack/lib/python3.10/site-packages/pycadf/identifier.py:71: UserWarning: Invalid uuid: cinderv3. To ensure interoperability, identifiers should be a valid uuid. warnings.warn(('Invalid uuid: %s. To ensure interoperability, '
2026-05-09 14:10:02.684 7 INFO cinder.api.openstack.wsgi [req-d3d270ca-2f5f-4668-9e7c-543533d31368 req-0e6f940c-e000-4982-b811-435e70b4d2b9 f874ffd50c8a49568636f2981c75199c 1f70c1b4d7954339a7508acbbc7bda4a - - default default] GET http://cinder-api.openstack.svc.cluster.local:8776/v3/1f70c1b4d7954339a7508acbbc7bda4a/volumes/3b1cf8d1-f5c8-4aeb-947e-26fbc5c0bc52
2026-05-09 14:10:02.700 8 INFO cinder.api.openstack.wsgi [req-d3d270ca-2f5f-4668-9e7c-543533d31368 req-08d293f2-bbfd-4368-9b4a-c951e55a10f3 f874ffd50c8a49568636f2981c75199c 1f70c1b4d7954339a7508acbbc7bda4a - - default default] GET http://10.0.0.40:8776/ /var/lib/openstack/lib/python3.10/site-packages/oslo_context/context.py:100: DeprecationWarning: Policy enforcement is depending on the value of is_admin. This key is deprecated. Please update your policy file to use the standard policy values. warnings.warn('Policy enforcement is depending on the value of '
2026-05-09 14:10:02.701 8 INFO cinder.api.openstack.wsgi [req-d3d270ca-2f5f-4668-9e7c-543533d31368 req-08d293f2-bbfd-4368-9b4a-c951e55a10f3 f874ffd50c8a49568636f2981c75199c 1f70c1b4d7954339a7508acbbc7bda4a - - default default] http://10.0.0.40:8776/ returned with HTTP 300
2026-05-09 14:10:02.703 8 INFO cinder.api.openstack.wsgi [req-d3d270ca-2f5f-4668-9e7c-543533d31368 req-08d293f2-bbfd-4368-9b4a-c951e55a10f3 f874ffd50c8a49568636f2981c75199c 1f70c1b4d7954339a7508acbbc7bda4a - - default default] GET http://10.0.0.40:8776/
2026-05-09 14:10:02.704 8 INFO cinder.api.openstack.wsgi [req-d3d270ca-2f5f-4668-9e7c-543533d31368 req-08d293f2-bbfd-4368-9b4a-c951e55a10f3 f874ffd50c8a49568636f2981c75199c 1f70c1b4d7954339a7508acbbc7bda4a - - default default] http://10.0.0.40:8776/ returned with HTTP 300
2026-05-09 14:10:02.705 7 INFO cinder.volume.api [req-d3d270ca-2f5f-4668-9e7c-543533d31368 req-0e6f940c-e000-4982-b811-435e70b4d2b9 f874ffd50c8a49568636f2981c75199c 1f70c1b4d7954339a7508acbbc7bda4a - - default default] Volume info retrieved successfully.
2026-05-09 14:10:02.710 7 INFO cinder.api.openstack.wsgi [req-d3d270ca-2f5f-4668-9e7c-543533d31368 req-0e6f940c-e000-4982-b811-435e70b4d2b9 f874ffd50c8a49568636f2981c75199c 1f70c1b4d7954339a7508acbbc7bda4a - - default default] http://cinder-api.openstack.svc.cluster.local:8776/v3/1f70c1b4d7954339a7508acbbc7bda4a/volumes/3b1cf8d1-f5c8-4aeb-947e-26fbc5c0bc52 returned with HTTP 200 [pid: 7|app: 0|req: 463/928] 199.19.213.81 () {36 vars in 1071 bytes} [Sat May 9 14:10:02 2026] GET /v3/1f70c1b4d7954339a7508acbbc7bda4a/volumes/3b1cf8d1-f5c8-4aeb-947e-26fbc5c0bc52 => generated 1608 bytes in 34 msecs (HTTP/1.1 200) 7 headers in 287 bytes (1 switches on core 0) /var/lib/openstack/lib/python3.10/site-packages/pycadf/identifier.py:71: UserWarning: Invalid uuid: cinderv3. To ensure interoperability, identifiers should be a valid uuid. warnings.warn(('Invalid uuid: %s. To ensure interoperability, '
2026-05-09 14:10:02.812 8 INFO cinder.api.openstack.wsgi [req-d3d270ca-2f5f-4668-9e7c-543533d31368 req-8c4802cc-7182-4b81-895a-4dd43b2024b0 f874ffd50c8a49568636f2981c75199c 1f70c1b4d7954339a7508acbbc7bda4a - - default default] PUT http://cinder-api.openstack.svc.cluster.local:8776/v3/1f70c1b4d7954339a7508acbbc7bda4a/attachments/6da928c9-d7ae-4085-9942-a19c00d94623 /var/lib/openstack/lib/python3.10/site-packages/oslo_context/context.py:100: DeprecationWarning: Policy enforcement is depending on the value of is_admin. This key is deprecated. Please update your policy file to use the standard policy values. warnings.warn('Policy enforcement is depending on the value of ' /var/lib/openstack/lib/python3.10/site-packages/pycadf/identifier.py:71: UserWarning: Invalid uuid: cinderv3. To ensure interoperability, identifiers should be a valid uuid. warnings.warn(('Invalid uuid: %s. To ensure interoperability, '
2026-05-09 14:10:03.167 7 INFO cinder.api.openstack.wsgi [None req-279354b2-7bd7-482c-999f-d6c04d1c2bc7 f874ffd50c8a49568636f2981c75199c 1f70c1b4d7954339a7508acbbc7bda4a - - default default] GET http://cinder-api.openstack.svc.cluster.local:8776/v3/1f70c1b4d7954339a7508acbbc7bda4a/volumes/detail?all_tenants=true
2026-05-09 14:10:03.195 7 INFO cinder.volume.api [None req-279354b2-7bd7-482c-999f-d6c04d1c2bc7 f874ffd50c8a49568636f2981c75199c 1f70c1b4d7954339a7508acbbc7bda4a - - default default] Get all volumes completed successfully. /var/lib/openstack/lib/python3.10/site-packages/oslo_context/context.py:100: DeprecationWarning: Policy enforcement is depending on the value of is_admin. This key is deprecated. Please update your policy file to use the standard policy values. warnings.warn('Policy enforcement is depending on the value of '
2026-05-09 14:10:03.202 7 INFO cinder.api.openstack.wsgi [None req-279354b2-7bd7-482c-999f-d6c04d1c2bc7 f874ffd50c8a49568636f2981c75199c 1f70c1b4d7954339a7508acbbc7bda4a - - default default] http://cinder-api.openstack.svc.cluster.local:8776/v3/1f70c1b4d7954339a7508acbbc7bda4a/volumes/detail?all_tenants=true returned with HTTP 200 [pid: 7|app: 0|req: 464/929] 10.0.0.247 () {28 vars in 683 bytes} [Sat May 9 14:10:03 2026] GET /v3/1f70c1b4d7954339a7508acbbc7bda4a/volumes/detail?all_tenants=true => generated 1491 bytes in 171 msecs (HTTP/1.1 200) 7 headers in 286 bytes (1 switches on core 0) /var/lib/openstack/lib/python3.10/site-packages/pycadf/identifier.py:71: UserWarning: Invalid uuid: cinderv3. To ensure interoperability, identifiers should be a valid uuid. warnings.warn(('Invalid uuid: %s. To ensure interoperability, '
2026-05-09 14:10:03.210 7 INFO cinder.api.openstack.wsgi [None req-4af9a691-748e-4ec2-81ad-f42b2f463eb0 f874ffd50c8a49568636f2981c75199c 1f70c1b4d7954339a7508acbbc7bda4a - - default default] GET http://cinder-api.openstack.svc.cluster.local:8776/v3/1f70c1b4d7954339a7508acbbc7bda4a/volumes/detail?all_tenants=true
2026-05-09 14:10:03.226 7 INFO cinder.volume.api [None req-4af9a691-748e-4ec2-81ad-f42b2f463eb0 f874ffd50c8a49568636f2981c75199c 1f70c1b4d7954339a7508acbbc7bda4a - - default default] Get all volumes completed successfully. /var/lib/openstack/lib/python3.10/site-packages/oslo_context/context.py:100: DeprecationWarning: Policy enforcement is depending on the value of is_admin. This key is deprecated. Please update your policy file to use the standard policy values. warnings.warn('Policy enforcement is depending on the value of '
2026-05-09 14:10:03.232 7 INFO cinder.api.openstack.wsgi [None req-4af9a691-748e-4ec2-81ad-f42b2f463eb0 f874ffd50c8a49568636f2981c75199c 1f70c1b4d7954339a7508acbbc7bda4a - - default default] http://cinder-api.openstack.svc.cluster.local:8776/v3/1f70c1b4d7954339a7508acbbc7bda4a/volumes/detail?all_tenants=true returned with HTTP 200 [pid: 7|app: 0|req: 465/930] 10.0.0.247 () {28 vars in 683 bytes} [Sat May 9 14:10:03 2026] GET /v3/1f70c1b4d7954339a7508acbbc7bda4a/volumes/detail?all_tenants=true => generated 1491 bytes in 26 msecs (HTTP/1.1 200) 7 headers in 286 bytes (1 switches on core 0) /var/lib/openstack/lib/python3.10/site-packages/pycadf/identifier.py:71: UserWarning: Invalid uuid: cinderv3. To ensure interoperability, identifiers should be a valid uuid. warnings.warn(('Invalid uuid: %s. To ensure interoperability, '
2026-05-09 14:10:03.248 7 INFO cinder.api.openstack.wsgi [None req-7c6dda9f-8940-4ce9-85e5-f14a33ef1d27 f874ffd50c8a49568636f2981c75199c 1f70c1b4d7954339a7508acbbc7bda4a - - default default] GET http://cinder-api.openstack.svc.cluster.local:8776/v3/1f70c1b4d7954339a7508acbbc7bda4a/snapshots?all_tenants=true
2026-05-09 14:10:03.267 7 INFO cinder.volume.api [None req-7c6dda9f-8940-4ce9-85e5-f14a33ef1d27 f874ffd50c8a49568636f2981c75199c 1f70c1b4d7954339a7508acbbc7bda4a - - default default] Get all snapshots completed successfully.
2026-05-09 14:10:03.268 7 INFO cinder.api.openstack.wsgi [None req-7c6dda9f-8940-4ce9-85e5-f14a33ef1d27 f874ffd50c8a49568636f2981c75199c 1f70c1b4d7954339a7508acbbc7bda4a - - default default] http://cinder-api.openstack.svc.cluster.local:8776/v3/1f70c1b4d7954339a7508acbbc7bda4a/snapshots?all_tenants=true returned with HTTP 200 [pid: 7|app: 0|req: 466/931] 10.0.0.247 () {28 vars in 673 bytes} [Sat May 9 14:10:03 2026] GET /v3/1f70c1b4d7954339a7508acbbc7bda4a/snapshots?all_tenants=true => generated 17 bytes in 27 msecs (HTTP/1.1 200) 7 headers in 284 bytes (1 switches on core 0)
2026-05-09 14:10:03.280 7 INFO cinder.api.openstack.wsgi [None req-14871e1d-9162-4a95-830b-2985465d3f4e f874ffd50c8a49568636f2981c75199c 1f70c1b4d7954339a7508acbbc7bda4a - - default default] GET http://cinder-api.openstack.svc.cluster.local:8776/v3/1f70c1b4d7954339a7508acbbc7bda4a/os-services
2026-05-09 14:10:03.286 7 INFO cinder.api.openstack.wsgi [None req-14871e1d-9162-4a95-830b-2985465d3f4e f874ffd50c8a49568636f2981c75199c 1f70c1b4d7954339a7508acbbc7bda4a - - default default] http://cinder-api.openstack.svc.cluster.local:8776/v3/1f70c1b4d7954339a7508acbbc7bda4a/os-services returned with HTTP 200 [pid: 7|app: 0|req: 467/932] 10.0.0.247 () {28 vars in 644 bytes} [Sat May 9 14:10:03 2026] GET /v3/1f70c1b4d7954339a7508acbbc7bda4a/os-services => generated 646 bytes in 14 msecs (HTTP/1.1 200) 7 headers in 285 bytes (1 switches on core 0)
2026-05-09 14:10:03.340 7 INFO cinder.api.openstack.wsgi [None req-aac9d381-4d97-4557-82a6-1fbcd41ef732 f874ffd50c8a49568636f2981c75199c 1f70c1b4d7954339a7508acbbc7bda4a - - default default] GET http://cinder-api.openstack.svc.cluster.local:8776/v3/1f70c1b4d7954339a7508acbbc7bda4a/os-quota-sets/1f70c1b4d7954339a7508acbbc7bda4a?usage=true
2026-05-09 14:10:03.371 7 INFO cinder.api.openstack.wsgi [None req-aac9d381-4d97-4557-82a6-1fbcd41ef732 f874ffd50c8a49568636f2981c75199c 1f70c1b4d7954339a7508acbbc7bda4a - - default default] http://cinder-api.openstack.svc.cluster.local:8776/v3/1f70c1b4d7954339a7508acbbc7bda4a/os-quota-sets/1f70c1b4d7954339a7508acbbc7bda4a?usage=true returned with HTTP 200 [pid: 7|app: 0|req: 468/933] 10.0.0.247 () {28 vars in 735 bytes} [Sat May 9 14:10:03 2026] GET /v3/1f70c1b4d7954339a7508acbbc7bda4a/os-quota-sets/1f70c1b4d7954339a7508acbbc7bda4a?usage=true => generated 847 bytes in 38 msecs (HTTP/1.1 200) 7 headers in 285 bytes (1 switches on core 0)
2026-05-09 14:10:03.381 7 INFO cinder.api.openstack.wsgi [None req-3ac12ace-d67c-4314-9182-4ed61ef42544 f874ffd50c8a49568636f2981c75199c 1f70c1b4d7954339a7508acbbc7bda4a - - default default] GET http://cinder-api.openstack.svc.cluster.local:8776/v3/1f70c1b4d7954339a7508acbbc7bda4a/os-quota-sets/1ff48079f4f44d8f8aeac788305882d0?usage=true
2026-05-09 14:10:03.411 7 INFO cinder.api.openstack.wsgi [None req-3ac12ace-d67c-4314-9182-4ed61ef42544 f874ffd50c8a49568636f2981c75199c 1f70c1b4d7954339a7508acbbc7bda4a - - default default] http://cinder-api.openstack.svc.cluster.local:8776/v3/1f70c1b4d7954339a7508acbbc7bda4a/os-quota-sets/1ff48079f4f44d8f8aeac788305882d0?usage=true returned with HTTP 200 [pid: 7|app: 0|req: 469/934] 10.0.0.247 () {28 vars in 735 bytes} [Sat May 9 14:10:03 2026] GET /v3/1f70c1b4d7954339a7508acbbc7bda4a/os-quota-sets/1ff48079f4f44d8f8aeac788305882d0?usage=true => generated 847 bytes in 37 msecs (HTTP/1.1 200) 7 headers in 285 bytes (1 switches on core 0)
2026-05-09 14:10:03.423 7 INFO cinder.api.openstack.wsgi [None req-ff1731e2-eadc-4cca-89dd-1d6189c6ec06 f874ffd50c8a49568636f2981c75199c 1f70c1b4d7954339a7508acbbc7bda4a - - default default] GET http://cinder-api.openstack.svc.cluster.local:8776/v3/1f70c1b4d7954339a7508acbbc7bda4a/os-quota-sets/3db60f14f0fe404890d5014b6cbeda13?usage=true
2026-05-09 14:10:03.435 8 INFO cinder.api.openstack.wsgi [req-d3d270ca-2f5f-4668-9e7c-543533d31368 req-8c4802cc-7182-4b81-895a-4dd43b2024b0 f874ffd50c8a49568636f2981c75199c 1f70c1b4d7954339a7508acbbc7bda4a - - default default] http://cinder-api.openstack.svc.cluster.local:8776/v3/1f70c1b4d7954339a7508acbbc7bda4a/attachments/6da928c9-d7ae-4085-9942-a19c00d94623 returned with HTTP 200 [pid: 8|app: 0|req: 466/935] 199.19.213.81 () {40 vars in 1132 bytes} [Sat May 9 14:10:02 2026] PUT /v3/1f70c1b4d7954339a7508acbbc7bda4a/attachments/6da928c9-d7ae-4085-9942-a19c00d94623 => generated 775 bytes in 634 msecs (HTTP/1.1 200) 7 headers in 286 bytes (1 switches on core 0)
2026-05-09 14:10:03.446 7 INFO cinder.api.openstack.wsgi [None req-ff1731e2-eadc-4cca-89dd-1d6189c6ec06 f874ffd50c8a49568636f2981c75199c 1f70c1b4d7954339a7508acbbc7bda4a - - default default] http://cinder-api.openstack.svc.cluster.local:8776/v3/1f70c1b4d7954339a7508acbbc7bda4a/os-quota-sets/3db60f14f0fe404890d5014b6cbeda13?usage=true returned with HTTP 200 [pid: 7|app: 0|req: 470/936] 10.0.0.247 () {28 vars in 735 bytes} [Sat May 9 14:10:03 2026] GET /v3/1f70c1b4d7954339a7508acbbc7bda4a/os-quota-sets/3db60f14f0fe404890d5014b6cbeda13?usage=true => generated 847 bytes in 31 msecs (HTTP/1.1 200) 7 headers in 285 bytes (1 switches on core 0) /var/lib/openstack/lib/python3.10/site-packages/pycadf/identifier.py:71: UserWarning: Invalid uuid: cinderv3. To ensure interoperability, identifiers should be a valid uuid. warnings.warn(('Invalid uuid: %s. To ensure interoperability, '
2026-05-09 14:10:03.462 8 INFO cinder.api.openstack.wsgi [None req-18ae2b86-2ff1-48b4-b1ae-20d253417d94 f874ffd50c8a49568636f2981c75199c 1f70c1b4d7954339a7508acbbc7bda4a - - default default] GET http://cinder-api.openstack.svc.cluster.local:8776/v3/1f70c1b4d7954339a7508acbbc7bda4a/os-quota-sets/5d64d88e16224a788c34ae7679b6a252?usage=true /var/lib/openstack/lib/python3.10/site-packages/oslo_context/context.py:100: DeprecationWarning: Policy enforcement is depending on the value of is_admin. This key is deprecated. Please update your policy file to use the standard policy values. warnings.warn('Policy enforcement is depending on the value of '
2026-05-09 14:10:03.485 7 INFO cinder.api.openstack.wsgi [req-d3d270ca-2f5f-4668-9e7c-543533d31368 req-6e5a776c-0813-4260-8632-c10f31cfa130 f874ffd50c8a49568636f2981c75199c 1f70c1b4d7954339a7508acbbc7bda4a - - default default] POST http://cinder-api.openstack.svc.cluster.local:8776/v3/1f70c1b4d7954339a7508acbbc7bda4a/attachments/6da928c9-d7ae-4085-9942-a19c00d94623/action
2026-05-09 14:10:03.491 8 INFO cinder.api.openstack.wsgi [None req-18ae2b86-2ff1-48b4-b1ae-20d253417d94 f874ffd50c8a49568636f2981c75199c 1f70c1b4d7954339a7508acbbc7bda4a - - default default] http://cinder-api.openstack.svc.cluster.local:8776/v3/1f70c1b4d7954339a7508acbbc7bda4a/os-quota-sets/5d64d88e16224a788c34ae7679b6a252?usage=true returned with HTTP 200 [pid: 8|app: 0|req: 467/937] 10.0.0.247 () {28 vars in 735 bytes} [Sat May 9 14:10:03 2026] GET /v3/1f70c1b4d7954339a7508acbbc7bda4a/os-quota-sets/5d64d88e16224a788c34ae7679b6a252?usage=true => generated 847 bytes in 42 msecs (HTTP/1.1 200) 7 headers in 285 bytes (1 switches on core 0)
2026-05-09 14:10:03.506 8 INFO cinder.api.openstack.wsgi [None req-f7b526c9-6564-43d8-9d1d-7703ab4864a4 f874ffd50c8a49568636f2981c75199c 1f70c1b4d7954339a7508acbbc7bda4a - - default default] GET http://cinder-api.openstack.svc.cluster.local:8776/v3/1f70c1b4d7954339a7508acbbc7bda4a/os-quota-sets/6450ee224dc04d76a88d638844fa3717?usage=true /var/lib/openstack/lib/python3.10/site-packages/oslo_context/context.py:100: DeprecationWarning: Policy enforcement is depending on the value of is_admin. This key is deprecated. Please update your policy file to use the standard policy values. warnings.warn('Policy enforcement is depending on the value of '
2026-05-09 14:10:03.527 7 INFO cinder.api.openstack.wsgi [req-d3d270ca-2f5f-4668-9e7c-543533d31368 req-6e5a776c-0813-4260-8632-c10f31cfa130 f874ffd50c8a49568636f2981c75199c 1f70c1b4d7954339a7508acbbc7bda4a - - default default] http://cinder-api.openstack.svc.cluster.local:8776/v3/1f70c1b4d7954339a7508acbbc7bda4a/attachments/6da928c9-d7ae-4085-9942-a19c00d94623/action returned with HTTP 204 [pid: 7|app: 0|req: 471/938] 199.19.213.81 () {40 vars in 1146 bytes} [Sat May 9 14:10:03 2026] POST /v3/1f70c1b4d7954339a7508acbbc7bda4a/attachments/6da928c9-d7ae-4085-9942-a19c00d94623/action => generated 0 bytes in 55 msecs (HTTP/1.1 204) 7 headers in 292 bytes (1 switches on core 0)
2026-05-09 14:10:03.548 8 INFO cinder.api.openstack.wsgi [None req-f7b526c9-6564-43d8-9d1d-7703ab4864a4 f874ffd50c8a49568636f2981c75199c 1f70c1b4d7954339a7508acbbc7bda4a - - default default] http://cinder-api.openstack.svc.cluster.local:8776/v3/1f70c1b4d7954339a7508acbbc7bda4a/os-quota-sets/6450ee224dc04d76a88d638844fa3717?usage=true returned with HTTP 200 [pid: 8|app: 0|req: 468/939] 10.0.0.247 () {28 vars in 735 bytes} [Sat May 9 14:10:03 2026] GET /v3/1f70c1b4d7954339a7508acbbc7bda4a/os-quota-sets/6450ee224dc04d76a88d638844fa3717?usage=true => generated 847 bytes in 50 msecs (HTTP/1.1 200) 7 headers in 285 bytes (1 switches on core 0) /var/lib/openstack/lib/python3.10/site-packages/pycadf/identifier.py:71: UserWarning: Invalid uuid: cinderv3. To ensure interoperability, identifiers should be a valid uuid. warnings.warn(('Invalid uuid: %s. To ensure interoperability, '
2026-05-09 14:10:03.562 7 INFO cinder.api.openstack.wsgi [None req-e9f8875d-9818-4d9d-8b88-b7c083363235 f874ffd50c8a49568636f2981c75199c 1f70c1b4d7954339a7508acbbc7bda4a - - default default] GET http://cinder-api.openstack.svc.cluster.local:8776/v3/1f70c1b4d7954339a7508acbbc7bda4a/os-quota-sets/6aa0c757e8cc4d9b911eeddfa8a038ac?usage=true
2026-05-09 14:10:03.587 7 INFO cinder.api.openstack.wsgi [None req-e9f8875d-9818-4d9d-8b88-b7c083363235 f874ffd50c8a49568636f2981c75199c 1f70c1b4d7954339a7508acbbc7bda4a - - default default] http://cinder-api.openstack.svc.cluster.local:8776/v3/1f70c1b4d7954339a7508acbbc7bda4a/os-quota-sets/6aa0c757e8cc4d9b911eeddfa8a038ac?usage=true returned with HTTP 200 [pid: 7|app: 0|req: 472/940] 10.0.0.247 () {28 vars in 735 bytes} [Sat May 9 14:10:03 2026] GET /v3/1f70c1b4d7954339a7508acbbc7bda4a/os-quota-sets/6aa0c757e8cc4d9b911eeddfa8a038ac?usage=true => generated 847 bytes in 34 msecs (HTTP/1.1 200) 7 headers in 285 bytes (1 switches on core 0)
2026-05-09 14:10:03.601 8 INFO cinder.api.openstack.wsgi [None req-ebeac64d-bca1-4dd7-9997-f7807ff73a5c f874ffd50c8a49568636f2981c75199c 1f70c1b4d7954339a7508acbbc7bda4a - - default default] GET http://cinder-api.openstack.svc.cluster.local:8776/v3/1f70c1b4d7954339a7508acbbc7bda4a/os-quota-sets/732d8d7750454bf497aac0824d2ce59a?usage=true
2026-05-09 14:10:03.622 8 INFO cinder.api.openstack.wsgi [None req-ebeac64d-bca1-4dd7-9997-f7807ff73a5c f874ffd50c8a49568636f2981c75199c 1f70c1b4d7954339a7508acbbc7bda4a - - default default] http://cinder-api.openstack.svc.cluster.local:8776/v3/1f70c1b4d7954339a7508acbbc7bda4a/os-quota-sets/732d8d7750454bf497aac0824d2ce59a?usage=true returned with HTTP 200 [pid: 8|app: 0|req: 469/941] 10.0.0.247 () {28 vars in 735 bytes} [Sat May 9 14:10:03 2026] GET /v3/1f70c1b4d7954339a7508acbbc7bda4a/os-quota-sets/732d8d7750454bf497aac0824d2ce59a?usage=true => generated 847 bytes in 31 msecs (HTTP/1.1 200) 7 headers in 285 bytes (1 switches on core 0)
2026-05-09 14:10:03.635 7 INFO cinder.api.openstack.wsgi [None req-390a119f-73e5-4784-b61a-e759506b7763 f874ffd50c8a49568636f2981c75199c 1f70c1b4d7954339a7508acbbc7bda4a - - default default] GET http://cinder-api.openstack.svc.cluster.local:8776/v3/1f70c1b4d7954339a7508acbbc7bda4a/os-quota-sets/9439644c104d413c86e0929f8e576e8e?usage=true
2026-05-09 14:10:03.661 7 INFO cinder.api.openstack.wsgi [None req-390a119f-73e5-4784-b61a-e759506b7763 f874ffd50c8a49568636f2981c75199c 1f70c1b4d7954339a7508acbbc7bda4a - - default default] http://cinder-api.openstack.svc.cluster.local:8776/v3/1f70c1b4d7954339a7508acbbc7bda4a/os-quota-sets/9439644c104d413c86e0929f8e576e8e?usage=true returned with HTTP 200 [pid: 7|app: 0|req: 473/942] 10.0.0.247 () {28 vars in 735 bytes} [Sat May 9 14:10:03 2026] GET /v3/1f70c1b4d7954339a7508acbbc7bda4a/os-quota-sets/9439644c104d413c86e0929f8e576e8e?usage=true => generated 847 bytes in 36 msecs (HTTP/1.1 200) 7 headers in 285 bytes (1 switches on core 0)
2026-05-09 14:10:03.674 8 INFO cinder.api.openstack.wsgi [None req-be202fd2-9c9f-49bb-bb6a-22dcff82f065 f874ffd50c8a49568636f2981c75199c 1f70c1b4d7954339a7508acbbc7bda4a - - default default] GET http://cinder-api.openstack.svc.cluster.local:8776/v3/1f70c1b4d7954339a7508acbbc7bda4a/os-quota-sets/ae65562a8be547cf8760a558163dc790?usage=true
2026-05-09 14:10:03.695 8 INFO cinder.api.openstack.wsgi [None req-be202fd2-9c9f-49bb-bb6a-22dcff82f065 f874ffd50c8a49568636f2981c75199c 1f70c1b4d7954339a7508acbbc7bda4a - - default default] http://cinder-api.openstack.svc.cluster.local:8776/v3/1f70c1b4d7954339a7508acbbc7bda4a/os-quota-sets/ae65562a8be547cf8760a558163dc790?usage=true returned with HTTP 200 [pid: 8|app: 0|req: 470/943] 10.0.0.247 () {28 vars in 735 bytes} [Sat May 9 14:10:03 2026] GET /v3/1f70c1b4d7954339a7508acbbc7bda4a/os-quota-sets/ae65562a8be547cf8760a558163dc790?usage=true => generated 847 bytes in 29 msecs (HTTP/1.1 200) 7 headers in 285 bytes (1 switches on core 0)
2026-05-09 14:10:03.709 7 INFO cinder.api.openstack.wsgi [None req-d23b9bd1-caf2-4d99-bd1c-c99958ba28d9 f874ffd50c8a49568636f2981c75199c 1f70c1b4d7954339a7508acbbc7bda4a - - default default] GET http://cinder-api.openstack.svc.cluster.local:8776/v3/1f70c1b4d7954339a7508acbbc7bda4a/os-quota-sets/b7951ba21d4a4348b14ee1e24611a08f?usage=true
2026-05-09 14:10:03.741 7 INFO cinder.api.openstack.wsgi [None req-d23b9bd1-caf2-4d99-bd1c-c99958ba28d9 f874ffd50c8a49568636f2981c75199c 1f70c1b4d7954339a7508acbbc7bda4a - - default default] http://cinder-api.openstack.svc.cluster.local:8776/v3/1f70c1b4d7954339a7508acbbc7bda4a/os-quota-sets/b7951ba21d4a4348b14ee1e24611a08f?usage=true returned with HTTP 200 [pid: 7|app: 0|req: 474/944] 10.0.0.247 () {28 vars in 735 bytes} [Sat May 9 14:10:03 2026] GET /v3/1f70c1b4d7954339a7508acbbc7bda4a/os-quota-sets/b7951ba21d4a4348b14ee1e24611a08f?usage=true => generated 845 bytes in 43 msecs (HTTP/1.1 200) 7 headers in 285 bytes (1 switches on core 0)
2026-05-09 14:10:03.759 8 INFO cinder.api.openstack.wsgi [None req-3ba5cdcd-07ce-4034-b98c-92a1dc06f697 f874ffd50c8a49568636f2981c75199c 1f70c1b4d7954339a7508acbbc7bda4a - - default default] GET http://cinder-api.openstack.svc.cluster.local:8776/v3/1f70c1b4d7954339a7508acbbc7bda4a/os-quota-sets/b831d763bcee4b5f9bc45d027e57335b?usage=true
2026-05-09 14:10:03.790 8 INFO cinder.api.openstack.wsgi [None req-3ba5cdcd-07ce-4034-b98c-92a1dc06f697 f874ffd50c8a49568636f2981c75199c 1f70c1b4d7954339a7508acbbc7bda4a - - default default] http://cinder-api.openstack.svc.cluster.local:8776/v3/1f70c1b4d7954339a7508acbbc7bda4a/os-quota-sets/b831d763bcee4b5f9bc45d027e57335b?usage=true returned with HTTP 200 [pid: 8|app: 0|req: 471/945] 10.0.0.247 () {28 vars in 735 bytes} [Sat May 9 14:10:03 2026] GET /v3/1f70c1b4d7954339a7508acbbc7bda4a/os-quota-sets/b831d763bcee4b5f9bc45d027e57335b?usage=true => generated 847 bytes in 44 msecs (HTTP/1.1 200) 7 headers in 285 bytes (1 switches on core 0)
2026-05-09 14:10:03.805 7 INFO cinder.api.openstack.wsgi [None req-56bd32d9-0f68-4bf3-92ab-5f0d8e86e0fb f874ffd50c8a49568636f2981c75199c 1f70c1b4d7954339a7508acbbc7bda4a - - default default] GET http://cinder-api.openstack.svc.cluster.local:8776/v3/1f70c1b4d7954339a7508acbbc7bda4a/os-quota-sets/e3215353b213420586f5c79e9faa4b74?usage=true
2026-05-09 14:10:03.843 7 INFO cinder.api.openstack.wsgi [None req-56bd32d9-0f68-4bf3-92ab-5f0d8e86e0fb f874ffd50c8a49568636f2981c75199c 1f70c1b4d7954339a7508acbbc7bda4a - - default default] http://cinder-api.openstack.svc.cluster.local:8776/v3/1f70c1b4d7954339a7508acbbc7bda4a/os-quota-sets/e3215353b213420586f5c79e9faa4b74?usage=true returned with HTTP 200 [pid: 7|app: 0|req: 475/946] 10.0.0.247 () {28 vars in 735 bytes} [Sat May 9 14:10:03 2026] GET /v3/1f70c1b4d7954339a7508acbbc7bda4a/os-quota-sets/e3215353b213420586f5c79e9faa4b74?usage=true => generated 847 bytes in 48 msecs (HTTP/1.1 200) 7 headers in 285 bytes (1 switches on core 0)
2026-05-09 14:10:03.857 8 INFO cinder.api.openstack.wsgi [None req-bdc204db-21d9-4b68-a5b6-140ee73b8f32 f874ffd50c8a49568636f2981c75199c 1f70c1b4d7954339a7508acbbc7bda4a - - default default] GET http://cinder-api.openstack.svc.cluster.local:8776/v3/1f70c1b4d7954339a7508acbbc7bda4a/os-quota-sets/eec6dfb38158402190403705ae9fce5f?usage=true
2026-05-09 14:10:03.882 8 INFO cinder.api.openstack.wsgi [None req-bdc204db-21d9-4b68-a5b6-140ee73b8f32 f874ffd50c8a49568636f2981c75199c 1f70c1b4d7954339a7508acbbc7bda4a - - default default] http://cinder-api.openstack.svc.cluster.local:8776/v3/1f70c1b4d7954339a7508acbbc7bda4a/os-quota-sets/eec6dfb38158402190403705ae9fce5f?usage=true returned with HTTP 200 [pid: 8|app: 0|req: 472/947] 10.0.0.247 () {28 vars in 735 bytes} [Sat May 9 14:10:03 2026] GET /v3/1f70c1b4d7954339a7508acbbc7bda4a/os-quota-sets/eec6dfb38158402190403705ae9fce5f?usage=true => generated 847 bytes in 35 msecs (HTTP/1.1 200) 7 headers in 285 bytes (1 switches on core 0)
2026-05-09 14:10:03.899 7 INFO cinder.api.openstack.wsgi [None req-2c9c4733-dd69-491e-890a-78273cf80789 f874ffd50c8a49568636f2981c75199c 1f70c1b4d7954339a7508acbbc7bda4a - - default default] GET http://cinder-api.openstack.svc.cluster.local:8776/v3/1f70c1b4d7954339a7508acbbc7bda4a/scheduler-stats/get_pools?detail=true
2026-05-09 14:10:03.914 7 INFO cinder.api.openstack.wsgi [None req-2c9c4733-dd69-491e-890a-78273cf80789 f874ffd50c8a49568636f2981c75199c 1f70c1b4d7954339a7508acbbc7bda4a - - default default] http://cinder-api.openstack.svc.cluster.local:8776/v3/1f70c1b4d7954339a7508acbbc7bda4a/scheduler-stats/get_pools?detail=true returned with HTTP 200 [pid: 7|app: 0|req: 476/948] 10.0.0.247 () {28 vars in 695 bytes} [Sat May 9 14:10:03 2026] GET /v3/1f70c1b4d7954339a7508acbbc7bda4a/scheduler-stats/get_pools?detail=true => generated 671 bytes in 27 msecs (HTTP/1.1 200) 7 headers in 285 bytes (1 switches on core 0)
2026-05-09 14:10:04.496 8 INFO cinder.api.openstack.wsgi [req-a53e9c35-0375-408d-9f99-e6d2d2164402 req-21211e10-753e-4e1f-820e-cb61c82052a5 f874ffd50c8a49568636f2981c75199c 1f70c1b4d7954339a7508acbbc7bda4a - - default default] GET http://cinder-api.openstack.svc.cluster.local:8776/v3/1f70c1b4d7954339a7508acbbc7bda4a/volumes/3b1cf8d1-f5c8-4aeb-947e-26fbc5c0bc52 /var/lib/openstack/lib/python3.10/site-packages/oslo_context/context.py:100: DeprecationWarning: Policy enforcement is depending on the value of is_admin. This key is deprecated. Please update your policy file to use the standard policy values. warnings.warn('Policy enforcement is depending on the value of '
2026-05-09 14:10:04.528 8 INFO cinder.volume.api [req-a53e9c35-0375-408d-9f99-e6d2d2164402 req-21211e10-753e-4e1f-820e-cb61c82052a5 f874ffd50c8a49568636f2981c75199c 1f70c1b4d7954339a7508acbbc7bda4a - - default default] Volume info retrieved successfully.
2026-05-09 14:10:04.544 8 INFO cinder.api.openstack.wsgi [req-a53e9c35-0375-408d-9f99-e6d2d2164402 req-21211e10-753e-4e1f-820e-cb61c82052a5 f874ffd50c8a49568636f2981c75199c 1f70c1b4d7954339a7508acbbc7bda4a - - default default] http://cinder-api.openstack.svc.cluster.local:8776/v3/1f70c1b4d7954339a7508acbbc7bda4a/volumes/3b1cf8d1-f5c8-4aeb-947e-26fbc5c0bc52 returned with HTTP 200 [pid: 8|app: 0|req: 473/949] 199.19.213.81 () {32 vars in 823 bytes} [Sat May 9 14:10:04 2026] GET /v3/1f70c1b4d7954339a7508acbbc7bda4a/volumes/3b1cf8d1-f5c8-4aeb-947e-26fbc5c0bc52 => generated 1787 bytes in 56 msecs (HTTP/1.1 200) 7 headers in 286 bytes (1 switches on core 0)
2026-05-09 14:10:06.986 7 INFO cinder.api.openstack.wsgi [req-a53e9c35-0375-408d-9f99-e6d2d2164402 req-023c47a4-fd7f-4585-b46a-ffa8f11d6623 f874ffd50c8a49568636f2981c75199c 1f70c1b4d7954339a7508acbbc7bda4a - - default default] GET http://cinder-api.openstack.svc.cluster.local:8776/v3/1f70c1b4d7954339a7508acbbc7bda4a/volumes/3b1cf8d1-f5c8-4aeb-947e-26fbc5c0bc52 /var/lib/openstack/lib/python3.10/site-packages/oslo_context/context.py:100: DeprecationWarning: Policy enforcement is depending on the value of is_admin. This key is deprecated. Please update your policy file to use the standard policy values. warnings.warn('Policy enforcement is depending on the value of '
2026-05-09 14:10:07.004 7 INFO cinder.volume.api [req-a53e9c35-0375-408d-9f99-e6d2d2164402 req-023c47a4-fd7f-4585-b46a-ffa8f11d6623 f874ffd50c8a49568636f2981c75199c 1f70c1b4d7954339a7508acbbc7bda4a - - default default] Volume info retrieved successfully.
2026-05-09 14:10:07.013 7 INFO cinder.api.openstack.wsgi [req-a53e9c35-0375-408d-9f99-e6d2d2164402 req-023c47a4-fd7f-4585-b46a-ffa8f11d6623 f874ffd50c8a49568636f2981c75199c 1f70c1b4d7954339a7508acbbc7bda4a - - default default] http://cinder-api.openstack.svc.cluster.local:8776/v3/1f70c1b4d7954339a7508acbbc7bda4a/volumes/3b1cf8d1-f5c8-4aeb-947e-26fbc5c0bc52 returned with HTTP 200 [pid: 7|app: 0|req: 477/950] 199.19.213.81 () {32 vars in 823 bytes} [Sat May 9 14:10:06 2026] GET /v3/1f70c1b4d7954339a7508acbbc7bda4a/volumes/3b1cf8d1-f5c8-4aeb-947e-26fbc5c0bc52 => generated 1787 bytes in 32 msecs (HTTP/1.1 200) 7 headers in 286 bytes (1 switches on core 0) /var/lib/openstack/lib/python3.10/site-packages/pycadf/identifier.py:71: UserWarning: Invalid uuid: cinderv3. To ensure interoperability, identifiers should be a valid uuid. warnings.warn(('Invalid uuid: %s. To ensure interoperability, '
2026-05-09 14:10:09.459 8 INFO cinder.api.openstack.wsgi [req-a53e9c35-0375-408d-9f99-e6d2d2164402 req-a787426d-b77c-4ad5-9862-51d5118d97cd f874ffd50c8a49568636f2981c75199c 1f70c1b4d7954339a7508acbbc7bda4a - - default default] GET http://cinder-api.openstack.svc.cluster.local:8776/v3/1f70c1b4d7954339a7508acbbc7bda4a/volumes/3b1cf8d1-f5c8-4aeb-947e-26fbc5c0bc52 /var/lib/openstack/lib/python3.10/site-packages/oslo_context/context.py:100: DeprecationWarning: Policy enforcement is depending on the value of is_admin. This key is deprecated. Please update your policy file to use the standard policy values. warnings.warn('Policy enforcement is depending on the value of '
2026-05-09 14:10:09.479 8 INFO cinder.volume.api [req-a53e9c35-0375-408d-9f99-e6d2d2164402 req-a787426d-b77c-4ad5-9862-51d5118d97cd f874ffd50c8a49568636f2981c75199c 1f70c1b4d7954339a7508acbbc7bda4a - - default default] Volume info retrieved successfully.
2026-05-09 14:10:09.486 8 INFO cinder.api.openstack.wsgi [req-a53e9c35-0375-408d-9f99-e6d2d2164402 req-a787426d-b77c-4ad5-9862-51d5118d97cd f874ffd50c8a49568636f2981c75199c 1f70c1b4d7954339a7508acbbc7bda4a - - default default] http://cinder-api.openstack.svc.cluster.local:8776/v3/1f70c1b4d7954339a7508acbbc7bda4a/volumes/3b1cf8d1-f5c8-4aeb-947e-26fbc5c0bc52 returned with HTTP 200 [pid: 8|app: 0|req: 474/951] 199.19.213.81 () {32 vars in 823 bytes} [Sat May 9 14:10:09 2026] GET /v3/1f70c1b4d7954339a7508acbbc7bda4a/volumes/3b1cf8d1-f5c8-4aeb-947e-26fbc5c0bc52 => generated 1787 bytes in 32 msecs (HTTP/1.1 200) 7 headers in 286 bytes (1 switches on core 0)
2026-05-09 14:10:12.700 7 INFO cinder.api.openstack.wsgi [req-a53e9c35-0375-408d-9f99-e6d2d2164402 req-023c47a4-fd7f-4585-b46a-ffa8f11d6623 f874ffd50c8a49568636f2981c75199c 1f70c1b4d7954339a7508acbbc7bda4a - - default default] GET http://10.0.0.40:8776/
2026-05-09 14:10:12.701 7 INFO cinder.api.openstack.wsgi [req-a53e9c35-0375-408d-9f99-e6d2d2164402 req-023c47a4-fd7f-4585-b46a-ffa8f11d6623 f874ffd50c8a49568636f2981c75199c 1f70c1b4d7954339a7508acbbc7bda4a - - default default] http://10.0.0.40:8776/ returned with HTTP 300
2026-05-09 14:10:12.702 8 INFO cinder.api.openstack.wsgi [req-a53e9c35-0375-408d-9f99-e6d2d2164402 req-a787426d-b77c-4ad5-9862-51d5118d97cd f874ffd50c8a49568636f2981c75199c 1f70c1b4d7954339a7508acbbc7bda4a - - default default] GET http://10.0.0.40:8776/
2026-05-09 14:10:12.704 8 INFO cinder.api.openstack.wsgi [req-a53e9c35-0375-408d-9f99-e6d2d2164402 req-a787426d-b77c-4ad5-9862-51d5118d97cd f874ffd50c8a49568636f2981c75199c 1f70c1b4d7954339a7508acbbc7bda4a - - default default] http://10.0.0.40:8776/ returned with HTTP 300
2026-05-09 14:10:22.700 7 INFO cinder.api.openstack.wsgi [req-a53e9c35-0375-408d-9f99-e6d2d2164402 req-023c47a4-fd7f-4585-b46a-ffa8f11d6623 f874ffd50c8a49568636f2981c75199c 1f70c1b4d7954339a7508acbbc7bda4a - - default default] GET http://10.0.0.40:8776/
2026-05-09 14:10:22.700 8 INFO cinder.api.openstack.wsgi [req-a53e9c35-0375-408d-9f99-e6d2d2164402 req-a787426d-b77c-4ad5-9862-51d5118d97cd f874ffd50c8a49568636f2981c75199c 1f70c1b4d7954339a7508acbbc7bda4a - - default default] GET http://10.0.0.40:8776/
2026-05-09 14:10:22.701 8 INFO cinder.api.openstack.wsgi [req-a53e9c35-0375-408d-9f99-e6d2d2164402 req-a787426d-b77c-4ad5-9862-51d5118d97cd f874ffd50c8a49568636f2981c75199c 1f70c1b4d7954339a7508acbbc7bda4a - - default default] http://10.0.0.40:8776/ returned with HTTP 300
2026-05-09 14:10:22.701 7 INFO cinder.api.openstack.wsgi [req-a53e9c35-0375-408d-9f99-e6d2d2164402 req-023c47a4-fd7f-4585-b46a-ffa8f11d6623 f874ffd50c8a49568636f2981c75199c 1f70c1b4d7954339a7508acbbc7bda4a - - default default] http://10.0.0.40:8776/ returned with HTTP 300
2026-05-09 14:10:32.700 8 INFO cinder.api.openstack.wsgi [req-a53e9c35-0375-408d-9f99-e6d2d2164402 req-a787426d-b77c-4ad5-9862-51d5118d97cd f874ffd50c8a49568636f2981c75199c 1f70c1b4d7954339a7508acbbc7bda4a - - default default] GET http://10.0.0.40:8776/
2026-05-09 14:10:32.701 7 INFO cinder.api.openstack.wsgi [req-a53e9c35-0375-408d-9f99-e6d2d2164402 req-023c47a4-fd7f-4585-b46a-ffa8f11d6623 f874ffd50c8a49568636f2981c75199c 1f70c1b4d7954339a7508acbbc7bda4a - - default default] GET http://10.0.0.40:8776/
2026-05-09 14:10:32.701 8 INFO cinder.api.openstack.wsgi [req-a53e9c35-0375-408d-9f99-e6d2d2164402 req-a787426d-b77c-4ad5-9862-51d5118d97cd f874ffd50c8a49568636f2981c75199c 1f70c1b4d7954339a7508acbbc7bda4a - - default default] http://10.0.0.40:8776/ returned with HTTP 300
2026-05-09 14:10:32.702 7 INFO cinder.api.openstack.wsgi [req-a53e9c35-0375-408d-9f99-e6d2d2164402 req-023c47a4-fd7f-4585-b46a-ffa8f11d6623 f874ffd50c8a49568636f2981c75199c 1f70c1b4d7954339a7508acbbc7bda4a - - default default] http://10.0.0.40:8776/ returned with HTTP 300
2026-05-09 14:10:42.701 7 INFO cinder.api.openstack.wsgi [req-a53e9c35-0375-408d-9f99-e6d2d2164402 req-023c47a4-fd7f-4585-b46a-ffa8f11d6623 f874ffd50c8a49568636f2981c75199c 1f70c1b4d7954339a7508acbbc7bda4a - - default default] GET http://10.0.0.40:8776/
2026-05-09 14:10:42.701 8 INFO cinder.api.openstack.wsgi [req-a53e9c35-0375-408d-9f99-e6d2d2164402 req-a787426d-b77c-4ad5-9862-51d5118d97cd f874ffd50c8a49568636f2981c75199c 1f70c1b4d7954339a7508acbbc7bda4a - - default default] GET http://10.0.0.40:8776/
2026-05-09 14:10:42.702 7 INFO cinder.api.openstack.wsgi [req-a53e9c35-0375-408d-9f99-e6d2d2164402 req-023c47a4-fd7f-4585-b46a-ffa8f11d6623 f874ffd50c8a49568636f2981c75199c 1f70c1b4d7954339a7508acbbc7bda4a - - default default] http://10.0.0.40:8776/ returned with HTTP 300
2026-05-09 14:10:42.703 8 INFO cinder.api.openstack.wsgi [req-a53e9c35-0375-408d-9f99-e6d2d2164402 req-a787426d-b77c-4ad5-9862-51d5118d97cd f874ffd50c8a49568636f2981c75199c 1f70c1b4d7954339a7508acbbc7bda4a - - default default] http://10.0.0.40:8776/ returned with HTTP 300
2026-05-09 14:10:52.701 7 INFO cinder.api.openstack.wsgi [req-a53e9c35-0375-408d-9f99-e6d2d2164402 req-023c47a4-fd7f-4585-b46a-ffa8f11d6623 f874ffd50c8a49568636f2981c75199c 1f70c1b4d7954339a7508acbbc7bda4a - - default default] GET http://10.0.0.40:8776/
2026-05-09 14:10:52.701 8 INFO cinder.api.openstack.wsgi [req-a53e9c35-0375-408d-9f99-e6d2d2164402 req-a787426d-b77c-4ad5-9862-51d5118d97cd f874ffd50c8a49568636f2981c75199c 1f70c1b4d7954339a7508acbbc7bda4a - - default default] GET http://10.0.0.40:8776/
2026-05-09 14:10:52.703 7 INFO cinder.api.openstack.wsgi [req-a53e9c35-0375-408d-9f99-e6d2d2164402 req-023c47a4-fd7f-4585-b46a-ffa8f11d6623 f874ffd50c8a49568636f2981c75199c 1f70c1b4d7954339a7508acbbc7bda4a - - default default] http://10.0.0.40:8776/ returned with HTTP 300
2026-05-09 14:10:52.703 8 INFO cinder.api.openstack.wsgi [req-a53e9c35-0375-408d-9f99-e6d2d2164402 req-a787426d-b77c-4ad5-9862-51d5118d97cd f874ffd50c8a49568636f2981c75199c 1f70c1b4d7954339a7508acbbc7bda4a - - default default] http://10.0.0.40:8776/ returned with HTTP 300
2026-05-09 14:11:02.700 7 INFO cinder.api.openstack.wsgi [req-a53e9c35-0375-408d-9f99-e6d2d2164402 req-023c47a4-fd7f-4585-b46a-ffa8f11d6623 f874ffd50c8a49568636f2981c75199c 1f70c1b4d7954339a7508acbbc7bda4a - - default default] GET http://10.0.0.40:8776/
2026-05-09 14:11:02.701 7 INFO cinder.api.openstack.wsgi [req-a53e9c35-0375-408d-9f99-e6d2d2164402 req-023c47a4-fd7f-4585-b46a-ffa8f11d6623 f874ffd50c8a49568636f2981c75199c 1f70c1b4d7954339a7508acbbc7bda4a - - default default] http://10.0.0.40:8776/ returned with HTTP 300
2026-05-09 14:11:02.702 8 INFO cinder.api.openstack.wsgi [req-a53e9c35-0375-408d-9f99-e6d2d2164402 req-a787426d-b77c-4ad5-9862-51d5118d97cd f874ffd50c8a49568636f2981c75199c 1f70c1b4d7954339a7508acbbc7bda4a - - default default] GET http://10.0.0.40:8776/
2026-05-09 14:11:02.703 8 INFO cinder.api.openstack.wsgi [req-a53e9c35-0375-408d-9f99-e6d2d2164402 req-a787426d-b77c-4ad5-9862-51d5118d97cd f874ffd50c8a49568636f2981c75199c 1f70c1b4d7954339a7508acbbc7bda4a - - default default] http://10.0.0.40:8776/ returned with HTTP 300 /var/lib/openstack/lib/python3.10/site-packages/pycadf/identifier.py:71: UserWarning: Invalid uuid: cinderv3. To ensure interoperability, identifiers should be a valid uuid. warnings.warn(('Invalid uuid: %s. To ensure interoperability, '
2026-05-09 14:11:03.085 7 INFO cinder.api.openstack.wsgi [None req-1936e3f4-01a7-44b0-8dc2-60be70e39dd9 f874ffd50c8a49568636f2981c75199c 1f70c1b4d7954339a7508acbbc7bda4a - - default default] GET http://cinder-api.openstack.svc.cluster.local:8776/v3/1f70c1b4d7954339a7508acbbc7bda4a/volumes/detail?all_tenants=true
