2026-05-09 14:07:57.821 10 ERROR neutron.plugins.ml2.managers raise self.value
2026-05-09 14:07:57.821 10 ERROR neutron.plugins.ml2.managers
File "/var/lib/openstack/lib/python3.10/site-packages/neutron_lib/db/api.py", line 184, in wrapped
2026-05-09 14:07:57.821 10 ERROR neutron.plugins.ml2.managers return f(*dup_args, **dup_kwargs)
2026-05-09 14:07:57.821 10 ERROR neutron.plugins.ml2.managers
File "/var/lib/openstack/lib/python3.10/site-packages/neutron/db/db_base_plugin_v2.py", line 1121, in get_subnet
2026-05-09 14:07:57.821 10 ERROR neutron.plugins.ml2.managers subnet_obj = self._get_subnet_object(context, id)
2026-05-09 14:07:57.821 10 ERROR neutron.plugins.ml2.managers
File "/var/lib/openstack/lib/python3.10/site-packages/neutron/db/db_base_plugin_common.py", line 279, in _get_subnet_object
2026-05-09 14:07:57.821 10 ERROR neutron.plugins.ml2.managers raise exceptions.SubnetNotFound(subnet_id=id)
2026-05-09 14:07:57.821 10 ERROR neutron.plugins.ml2.managers neutron_lib.exceptions.SubnetNotFound: Subnet 01325ad5-2da4-43a8-b818-642083e82346 could not be found.
2026-05-09 14:07:57.821 10 ERROR neutron.plugins.ml2.managers 
2026-05-09 14:07:57.821 10 ERROR neutron.plugins.ml2.managers [None req-ac81f8c3-bb0f-4ea2-91f7-3aa08c7f706d - - - - - -] Failed to bind port d2daf35e-bf55-4374-816a-4f332db3781e on host instance for vnic_type normal using segments [{'id': '2afddab1-c22e-4cb9-bdfc-21af73654a78', 'network_type': 'vxlan', 'physical_network': None, 'segmentation_id': 11, 'network_id': '3aeee6f7-4bde-4163-8517-fa3d70d16a8a'}]
2026-05-09 14:08:16.304 9 INFO neutron.plugins.ml2.plugin [None req-b89abce6-9c4e-4f8c-aa5f-f94e8f3ce959 - - - - - -] Attempt 1 to provision port 40edb589-b8ab-40ff-adf3-12ec03fb9c33
2026-05-09 14:08:46.575 10 INFO neutron.plugins.ml2.plugin [None req-1b1c2715-1532-46f9-a69c-79e48c588a36 - - - - - -] Attempt 1 to provision port ea4d0ce9-5a4c-4c1c-8376-932154d0914d
2026-05-09 14:08:47.653 10 INFO neutron.plugins.ml2.plugin [None req-59aa90be-6028-424e-a0f1-9088e1add8b7 - - - - - -] Attempt 1 to provision port 7a3825a9-855f-4b4b-bab8-6d1d44a691cc
2026-05-09 14:08:48.150 9 INFO neutron.plugins.ml2.plugin [None req-aba961af-2711-44d0-a1fe-4a1f9062c250 - - - - - -] Attempt 1 to provision port 7a3825a9-855f-4b4b-bab8-6d1d44a691cc
2026-05-09 14:08:48.438 10 INFO neutron.plugins.ml2.plugin [None req-cdc665a3-2f0c-432b-ad9c-4156b7893a42 - - - - - -] Attempt 1 to provision port 7a3825a9-855f-4b4b-bab8-6d1d44a691cc
2026-05-09 14:08:49.317 9 INFO neutron.plugins.ml2.plugin [None req-a72e7abf-1ad6-426f-a30d-66a47d856884 - - - - - -] Attempt 1 to provision port 216fd06b-efca-4145-a2ca-b936fdcbe31c
2026-05-09 14:08:49.690 10 INFO neutron.plugins.ml2.plugin [None req-59aa90be-6028-424e-a0f1-9088e1add8b7 - - - - - -] Attempt 1 to provision port 66ce582e-8026-48ff-b7ce-f3792d802dba
2026-05-09 14:08:49.979 9 INFO neutron.plugins.ml2.plugin [None req-0db20108-25c0-4469-9cbb-66077d48a0fc - - - - - -] Attempt 1 to provision port 216fd06b-efca-4145-a2ca-b936fdcbe31c
2026-05-09 14:08:50.165 10 INFO neutron.plugins.ml2.plugin [None req-59aa90be-6028-424e-a0f1-9088e1add8b7 - - - - - -] Attempt 1 to provision port 7a3825a9-855f-4b4b-bab8-6d1d44a691cc
2026-05-09 14:08:51.645 9 INFO neutron.plugins.ml2.plugin [None req-59aa90be-6028-424e-a0f1-9088e1add8b7 - - - - - -] Attempt 1 to provision port 66ce582e-8026-48ff-b7ce-f3792d802dba
2026-05-09 14:08:53.365 9 INFO neutron.plugins.ml2.plugin [None req-c0443ae0-3af3-4808-9d48-650733a6e582 - - - - - -] Attempt 1 to provision port 5b24b81f-d445-43b6-987c-c9a198aa907f
2026-05-09 14:08:53.686 9 INFO neutron.plugins.ml2.plugin [None req-59aa90be-6028-424e-a0f1-9088e1add8b7 - - - - - -] Attempt 1 to provision port 079b7cc8-58ac-466e-9ccd-13ab624545c2
2026-05-09 14:08:54.629 10 INFO neutron.plugins.ml2.plugin [None req-6cbfd7b8-1cfa-471e-af60-5e423bb3b067 - - - - - -] Attempt 1 to provision port 079b7cc8-58ac-466e-9ccd-13ab624545c2
2026-05-09 14:08:55.028 10 INFO neutron.plugins.ml2.plugin [None req-10eac9cb-1a7d-45f5-b7fa-513c59340217 - - - - - -] Attempt 1 to provision port 079b7cc8-58ac-466e-9ccd-13ab624545c2
2026-05-09 14:08:55.643 9 INFO neutron.plugins.ml2.plugin [None req-b2c45bbd-b434-4ea8-913c-db486c95c9bf - - - - - -] Attempt 1 to provision port 1487cf56-80d8-4f72-b249-3ed7b61717c6
2026-05-09 14:08:55.724 10 INFO neutron.plugins.ml2.plugin [None req-59aa90be-6028-424e-a0f1-9088e1add8b7 - - - - - -] Attempt 1 to provision port 079b7cc8-58ac-466e-9ccd-13ab624545c2
2026-05-09 14:08:56.407 9 INFO neutron.plugins.ml2.plugin [None req-34856845-1ac8-48d7-941d-3e1f524e5921 - - - - - -] Attempt 1 to provision port 1487cf56-80d8-4f72-b249-3ed7b61717c6
2026-05-09 14:08:57.713 10 INFO neutron.plugins.ml2.plugin [None req-59aa90be-6028-424e-a0f1-9088e1add8b7 - - - - - -] Attempt 1 to provision port ce851e6b-a292-44c6-a4c0-4bc6f0612f0b
2026-05-09 14:08:59.658 9 INFO neutron.plugins.ml2.plugin [None req-59aa90be-6028-424e-a0f1-9088e1add8b7 - - - - - -] Attempt 1 to provision port ce851e6b-a292-44c6-a4c0-4bc6f0612f0b
2026-05-09 14:09:02.196 9 INFO neutron.plugins.ml2.plugin [None req-37585a2d-e0fb-43a8-904e-fde6edfb901f - - - - - -] Attempt 1 to provision port 6cc5de01-0009-47ef-8337-41463ed7e775
2026-05-09 14:09:03.738 9 INFO neutron.plugins.ml2.plugin [None req-59aa90be-6028-424e-a0f1-9088e1add8b7 - - - - - -] Attempt 1 to provision port 6cc5de01-0009-47ef-8337-41463ed7e775
2026-05-09 14:09:03.880 9 INFO neutron.notifiers.nova [-] Nova event matching ['req-b084eebb-1f28-44ee-99f2-5ccbe23e1a17'] response: {'server_uuid': '820d9d14-b47a-49ce-a45e-a5c9ff143887', 'name': 'network-vif-plugged', 'status': 'completed', 'tag': '6cc5de01-0009-47ef-8337-41463ed7e775', 'code': 200}
2026-05-09 14:09:05.830 10 INFO neutron.plugins.ml2.plugin [None req-59aa90be-6028-424e-a0f1-9088e1add8b7 - - - - - -] Attempt 1 to provision port 6cc5de01-0009-47ef-8337-41463ed7e775
2026-05-09 14:09:06.112 10 INFO neutron.plugins.ml2.plugin [None req-59aa90be-6028-424e-a0f1-9088e1add8b7 - - - - - -] Attempt 1 to provision port 216fd06b-efca-4145-a2ca-b936fdcbe31c
2026-05-09 14:09:07.791 9 INFO neutron.plugins.ml2.plugin [None req-ede787b3-bb20-4888-980a-79f78df5336f - - - - - -] Attempt 1 to provision port 9373c04b-c7a0-4eb5-a742-2214b250da1c
2026-05-09 14:09:07.897 10 INFO neutron.plugins.ml2.plugin [None req-59aa90be-6028-424e-a0f1-9088e1add8b7 - - - - - -] Attempt 1 to provision port f73172c3-786f-4321-afbf-805d567d2507
2026-05-09 14:09:08.630 10 INFO neutron.plugins.ml2.plugin [None req-59aa90be-6028-424e-a0f1-9088e1add8b7 - - - - - -] Attempt 1 to provision port 9373c04b-c7a0-4eb5-a742-2214b250da1c
2026-05-09 14:09:08.940 10 INFO neutron.plugins.ml2.plugin [None req-59aa90be-6028-424e-a0f1-9088e1add8b7 - - - - - -] Attempt 1 to provision port ea4d0ce9-5a4c-4c1c-8376-932154d0914d
2026-05-09 14:09:09.351 9 INFO neutron.plugins.ml2.plugin [None req-7ea837bc-c502-44a8-9934-fb18287f3e54 - - - - - -] Attempt 1 to provision port 9373c04b-c7a0-4eb5-a742-2214b250da1c
2026-05-09 14:09:09.383 10 INFO neutron.plugins.ml2.plugin [None req-59aa90be-6028-424e-a0f1-9088e1add8b7 - - - - - -] Attempt 1 to provision port 216fd06b-efca-4145-a2ca-b936fdcbe31c
2026-05-09 14:09:09.566 10 INFO neutron.plugins.ml2.plugin [None req-5a07e0c4-8b2a-441c-80a4-73770e26d6ae - - - - - -] Attempt 1 to provision port f73172c3-786f-4321-afbf-805d567d2507
2026-05-09 14:09:09.905 10 INFO neutron.plugins.ml2.plugin [None req-59aa90be-6028-424e-a0f1-9088e1add8b7 - - - - - -] Attempt 1 to provision port 802198e2-b960-43a0-837e-702f26e6a525
2026-05-09 14:09:10.064 9 INFO neutron.plugins.ml2.plugin [None req-c8a7d2ad-246b-4320-ba38-54a9dbc63e79 - - - - - -] Attempt 1 to provision port 9373c04b-c7a0-4eb5-a742-2214b250da1c
2026-05-09 14:09:10.247 10 INFO neutron.plugins.ml2.plugin [None req-b9d229f2-a4ae-4e02-813a-07d12f916f1f - - - - - -] Attempt 1 to provision port 7f1485b2-4205-4e36-8512-5dd076977312
2026-05-09 14:09:10.374 10 INFO neutron.plugins.ml2.plugin [None req-59aa90be-6028-424e-a0f1-9088e1add8b7 - - - - - -] Attempt 1 to provision port f73172c3-786f-4321-afbf-805d567d2507
2026-05-09 14:09:10.678 10 INFO neutron.plugins.ml2.plugin [None req-59aa90be-6028-424e-a0f1-9088e1add8b7 - - - - - -] Attempt 1 to provision port 9373c04b-c7a0-4eb5-a742-2214b250da1c
2026-05-09 14:09:10.699 10 INFO neutron.plugins.ml2.plugin [None req-16bd5c1c-ea53-4ad9-bb69-45ea0ee85aee - - - - - -] Attempt 1 to provision port f73172c3-786f-4321-afbf-805d567d2507
2026-05-09 14:09:11.184 10 INFO neutron.plugins.ml2.plugin [None req-13c38035-09cf-41c2-86ff-8e868fcefbcf - - - - - -] Attempt 1 to provision port 802198e2-b960-43a0-837e-702f26e6a525
2026-05-09 14:09:11.202 10 INFO neutron.plugins.ml2.plugin [None req-59aa90be-6028-424e-a0f1-9088e1add8b7 - - - - - -] Attempt 1 to provision port ea4d0ce9-5a4c-4c1c-8376-932154d0914d
2026-05-09 14:09:11.415 10 INFO neutron.plugins.ml2.plugin [None req-46bf7948-d84a-4a0e-8ef2-85e5e2002819 - - - - - -] Attempt 1 to provision port f73172c3-786f-4321-afbf-805d567d2507
2026-05-09 14:09:11.788 10 INFO neutron.plugins.ml2.plugin [None req-59aa90be-6028-424e-a0f1-9088e1add8b7 - - - - - -] Attempt 1 to provision port 802198e2-b960-43a0-837e-702f26e6a525
2026-05-09 14:09:12.370 9 INFO neutron.plugins.ml2.plugin [None req-7af0ad8c-3e77-4d10-9da7-e5451e47ff5c - - - - - -] Attempt 1 to provision port 802198e2-b960-43a0-837e-702f26e6a525
2026-05-09 14:09:12.395 10 INFO neutron.plugins.ml2.plugin [None req-59aa90be-6028-424e-a0f1-9088e1add8b7 - - - - - -] Attempt 1 to provision port f73172c3-786f-4321-afbf-805d567d2507
2026-05-09 14:09:12.597 9 INFO neutron.plugins.ml2.plugin [None req-05194fca-587a-4eba-a1a8-89bcb309e250 - - - - - -] Attempt 1 to provision port 292f525b-61c9-4a1b-bf31-2ea4443884be
2026-05-09 14:09:12.942 10 INFO neutron.plugins.ml2.plugin [None req-7f65b416-d8e5-46c0-ab46-5cce3aef9120 - - - - - -] Attempt 1 to provision port 802198e2-b960-43a0-837e-702f26e6a525
2026-05-09 14:09:13.267 9 INFO neutron.plugins.ml2.plugin [None req-96bfa24a-b726-4c39-bada-39a537566d2f - - - - - -] Attempt 1 to provision port 292f525b-61c9-4a1b-bf31-2ea4443884be
2026-05-09 14:09:13.883 10 INFO neutron.plugins.ml2.plugin [None req-59aa90be-6028-424e-a0f1-9088e1add8b7 - - - - - -] Attempt 1 to provision port a1cb623e-5a52-41dc-a47c-59ca456a03e7
2026-05-09 14:09:14.372 10 INFO neutron.plugins.ml2.plugin [None req-59aa90be-6028-424e-a0f1-9088e1add8b7 - - - - - -] Attempt 1 to provision port 5b24b81f-d445-43b6-987c-c9a198aa907f
2026-05-09 14:09:14.429 9 INFO neutron.plugins.ml2.plugin [None req-d49096a9-5ad7-4fb9-a810-bb20c65c744d - - - - - -] Attempt 1 to provision port 2fdd5e04-1d7a-4617-bbb0-2b6630a7918c
2026-05-09 14:09:14.684 10 INFO neutron.plugins.ml2.plugin [None req-59aa90be-6028-424e-a0f1-9088e1add8b7 - - - - - -] Attempt 1 to provision port 1487cf56-80d8-4f72-b249-3ed7b61717c6
2026-05-09 14:09:15.288 9 INFO neutron.plugins.ml2.plugin [None req-a731ce3e-a5e3-4165-b978-ca58a58cf146 - - - - - -] Attempt 1 to provision port 2fdd5e04-1d7a-4617-bbb0-2b6630a7918c
2026-05-09 14:09:15.789 10 INFO neutron.plugins.ml2.plugin [None req-59aa90be-6028-424e-a0f1-9088e1add8b7 - - - - - -] Attempt 1 to provision port a1cb623e-5a52-41dc-a47c-59ca456a03e7
2026-05-09 14:09:16.077 10 INFO neutron.plugins.ml2.plugin [None req-59aa90be-6028-424e-a0f1-9088e1add8b7 - - - - - -] Attempt 1 to provision port 1487cf56-80d8-4f72-b249-3ed7b61717c6
2026-05-09 14:09:16.367 9 INFO neutron.plugins.ml2.plugin [None req-4cc1ab71-3c61-4138-9007-eff71b883fc9 - - - - - -] Attempt 1 to provision port eeb1fb02-f1bc-44b2-a53f-5bd6270fcf08
2026-05-09 14:09:16.395 10 INFO neutron.plugins.ml2.plugin [None req-59aa90be-6028-424e-a0f1-9088e1add8b7 - - - - - -] Attempt 1 to provision port 5b24b81f-d445-43b6-987c-c9a198aa907f
2026-05-09 14:09:17.155 10 INFO neutron.plugins.ml2.plugin [None req-1b3a0f6b-645c-40c1-983d-b9fb01556b3f - - - - - -] Attempt 1 to provision port eeb1fb02-f1bc-44b2-a53f-5bd6270fcf08
2026-05-09 14:09:23.893 9 INFO neutron.plugins.ml2.plugin [None req-59aa90be-6028-424e-a0f1-9088e1add8b7 - - - - - -] Attempt 1 to provision port 5b5c8681-a83a-4294-83fc-a9aaa79cecd9
2026-05-09 14:09:24.009 9 INFO neutron.notifiers.nova [-] Nova event matching ['req-50056511-7ee4-4e77-a535-5eb38642d394'] response: {'server_uuid': 'b0e86b21-1ec6-45ac-9b3d-7c1f388bd22c', 'name': 'network-vif-plugged', 'status': 'completed', 'tag': '5b5c8681-a83a-4294-83fc-a9aaa79cecd9', 'code': 200}
2026-05-09 14:09:26.077 10 INFO neutron.plugins.ml2.plugin [None req-59aa90be-6028-424e-a0f1-9088e1add8b7 - - - - - -] Attempt 1 to provision port 5b5c8681-a83a-4294-83fc-a9aaa79cecd9 /var/lib/openstack/lib/python3.10/site-packages/oslo_db/sqlalchemy/enginefacade.py:676: SAWarning: DELETE statement on table 'portsecuritybindings' expected to delete 1 row(s); 0 were matched. Please set confirm_deleted_rows=False within the mapper configuration to prevent this warning. self.session.flush() /var/lib/openstack/lib/python3.10/site-packages/oslo_db/sqlalchemy/enginefacade.py:676: SAWarning: DELETE statement on table 'ml2_port_bindings' expected to delete 1 row(s); 0 were matched. Please set confirm_deleted_rows=False within the mapper configuration to prevent this warning. self.session.flush() /var/lib/openstack/lib/python3.10/site-packages/oslo_db/sqlalchemy/enginefacade.py:676: SAWarning: DELETE statement on table 'ml2_port_binding_levels' expected to delete 1 row(s); 0 were matched. Please set confirm_deleted_rows=False within the mapper configuration to prevent this warning. self.session.flush() /var/lib/openstack/lib/python3.10/site-packages/oslo_db/sqlalchemy/enginefacade.py:676: SAWarning: DELETE statement on table 'ports' expected to delete 1 row(s); 0 were matched. Please set confirm_deleted_rows=False within the mapper configuration to prevent this warning. self.session.flush()
2026-05-09 14:09:30.049 9 INFO neutron.plugins.ml2.plugin [None req-a36aff26-e13d-436b-96a2-32918baa4d3c - - - - - -] Attempt 1 to provision port f75afec6-eb0a-4dfc-a605-ccf80e70cd82
2026-05-09 14:09:30.140 10 INFO neutron.plugins.ml2.plugin [None req-59aa90be-6028-424e-a0f1-9088e1add8b7 - - - - - -] Attempt 1 to provision port 292f525b-61c9-4a1b-bf31-2ea4443884be
2026-05-09 14:09:30.733 10 INFO neutron.plugins.ml2.plugin [None req-59aa90be-6028-424e-a0f1-9088e1add8b7 - - - - - -] Attempt 1 to provision port 2fdd5e04-1d7a-4617-bbb0-2b6630a7918c
2026-05-09 14:09:31.918 10 INFO neutron.plugins.ml2.plugin [None req-59aa90be-6028-424e-a0f1-9088e1add8b7 - - - - - -] Attempt 1 to provision port f75afec6-eb0a-4dfc-a605-ccf80e70cd82
2026-05-09 14:09:32.037 10 INFO neutron.notifiers.nova [-] Nova event matching ['req-b5f5ddea-c698-4c6e-9af4-685c79ecec56'] response: {'server_uuid': '2e07568e-d956-4a41-b72e-0b3b30226b98', 'name': 'network-vif-plugged', 'status': 'completed', 'tag': 'f75afec6-eb0a-4dfc-a605-ccf80e70cd82', 'code': 200}
2026-05-09 14:09:32.434 10 INFO neutron.plugins.ml2.plugin [None req-59aa90be-6028-424e-a0f1-9088e1add8b7 - - - - - -] Attempt 1 to provision port 292f525b-61c9-4a1b-bf31-2ea4443884be
2026-05-09 14:09:32.672 10 INFO neutron.plugins.ml2.plugin [None req-59aa90be-6028-424e-a0f1-9088e1add8b7 - - - - - -] Attempt 1 to provision port 7f1485b2-4205-4e36-8512-5dd076977312
2026-05-09 14:09:32.979 10 INFO neutron.plugins.ml2.plugin [None req-59aa90be-6028-424e-a0f1-9088e1add8b7 - - - - - -] Attempt 1 to provision port 2fdd5e04-1d7a-4617-bbb0-2b6630a7918c
2026-05-09 14:09:33.252 10 INFO neutron.plugins.ml2.plugin [None req-59aa90be-6028-424e-a0f1-9088e1add8b7 - - - - - -] Attempt 1 to provision port eeb1fb02-f1bc-44b2-a53f-5bd6270fcf08
2026-05-09 14:09:34.150 10 INFO neutron.plugins.ml2.plugin [None req-59aa90be-6028-424e-a0f1-9088e1add8b7 - - - - - -] Attempt 1 to provision port f75afec6-eb0a-4dfc-a605-ccf80e70cd82
2026-05-09 14:09:34.415 10 INFO neutron.plugins.ml2.plugin [None req-59aa90be-6028-424e-a0f1-9088e1add8b7 - - - - - -] Attempt 1 to provision port 7f1485b2-4205-4e36-8512-5dd076977312
2026-05-09 14:09:34.585 10 INFO neutron.plugins.ml2.plugin [None req-59aa90be-6028-424e-a0f1-9088e1add8b7 - - - - - -] Attempt 1 to provision port eeb1fb02-f1bc-44b2-a53f-5bd6270fcf08
2026-05-09 14:09:51.782 10 INFO neutron.plugins.ml2.plugin [None req-41874945-25a8-4ac8-8d5c-d997844691d1 - - - - - -] Attempt 1 to provision port 8daf1c8b-7150-40a2-b2bd-009f77c0be10
2026-05-09 14:09:52.215 10 INFO neutron.plugins.ml2.plugin [None req-59aa90be-6028-424e-a0f1-9088e1add8b7 - - - - - -] Attempt 1 to provision port 00378415-f467-455c-b5a9-0d22ce3423f8
2026-05-09 14:09:52.538 10 INFO neutron.plugins.ml2.plugin [None req-f13b8ba1-390e-45e6-adeb-cbc06d54f1b5 - - - - - -] Attempt 1 to provision port 00378415-f467-455c-b5a9-0d22ce3423f8
2026-05-09 14:09:52.944 10 INFO neutron.plugins.ml2.plugin [None req-59aa90be-6028-424e-a0f1-9088e1add8b7 - - - - - -] Attempt 1 to provision port ecb1ea31-d6c5-4eff-a068-a1889d1780c5
2026-05-09 14:09:53.057 10 INFO neutron.plugins.ml2.plugin [None req-5ab67a6c-1c07-4852-a7e7-f6368bf065ce - - - - - -] Attempt 1 to provision port 00378415-f467-455c-b5a9-0d22ce3423f8
2026-05-09 14:09:54.201 10 INFO neutron.plugins.ml2.plugin [None req-0b4354f7-f38f-4dfd-a335-caadfcf30083 - - - - - -] Attempt 1 to provision port ecb1ea31-d6c5-4eff-a068-a1889d1780c5
2026-05-09 14:09:54.316 9 INFO neutron.plugins.ml2.plugin [None req-59aa90be-6028-424e-a0f1-9088e1add8b7 - - - - - -] Attempt 1 to provision port ecb1ea31-d6c5-4eff-a068-a1889d1780c5
2026-05-09 14:09:54.544 9 INFO neutron.plugins.ml2.plugin [None req-59aa90be-6028-424e-a0f1-9088e1add8b7 - - - - - -] Attempt 1 to provision port b7693163-5e44-4b73-a85c-cd8481c27da2
2026-05-09 14:09:54.689 10 INFO neutron.plugins.ml2.plugin [None req-f7eaa11e-f7ba-492b-9f51-fc15ff9cab5e - - - - - -] Attempt 1 to provision port ecb1ea31-d6c5-4eff-a068-a1889d1780c5
2026-05-09 14:09:55.070 10 INFO neutron.plugins.ml2.plugin [None req-27dbc65c-6b82-46a8-b800-54d56b6d456f - - - - - -] Attempt 1 to provision port 1466cb27-0825-488d-bd04-1d12d6a76e06
2026-05-09 14:09:55.078 9 INFO neutron.plugins.ml2.plugin [None req-59aa90be-6028-424e-a0f1-9088e1add8b7 - - - - - -] Attempt 1 to provision port 1466cb27-0825-488d-bd04-1d12d6a76e06
2026-05-09 14:09:55.750 9 INFO neutron.plugins.ml2.plugin [None req-59aa90be-6028-424e-a0f1-9088e1add8b7 - - - - - -] Attempt 1 to provision port 3d45d703-637e-42cc-8a66-e12659d81d16
2026-05-09 14:09:56.103 10 INFO neutron.plugins.ml2.plugin [None req-a67ab1de-d4c0-4b73-b9d8-fac5d964b5af - - - - - -] Attempt 1 to provision port 3d45d703-637e-42cc-8a66-e12659d81d16
2026-05-09 14:09:56.138 10 INFO neutron.plugins.ml2.db [None req-a67ab1de-d4c0-4b73-b9d8-fac5d964b5af - - - - - -] No ports have port_id starting with 3d45d703-637e-42cc-8a66-e12659d81d16
2026-05-09 14:09:56.353 9 INFO neutron.plugins.ml2.plugin [None req-59aa90be-6028-424e-a0f1-9088e1add8b7 - - - - - -] Attempt 1 to provision port b7693163-5e44-4b73-a85c-cd8481c27da2
2026-05-09 14:10:03.334 10 INFO neutron.plugins.ml2.plugin [None req-f4cef638-bbff-4081-8bb7-dd6cb7a6c502 - - - - - -] Attempt 1 to provision port 8f6102e6-c977-45fd-b194-611ad5f77781
2026-05-09 14:10:06.549 9 INFO neutron.plugins.ml2.plugin [None req-59aa90be-6028-424e-a0f1-9088e1add8b7 - - - - - -] Attempt 1 to provision port 8f6102e6-c977-45fd-b194-611ad5f77781
2026-05-09 14:10:06.695 9 INFO neutron.notifiers.nova [-] Nova event matching ['req-a57bc795-1ad6-4f6d-94ae-fc96e724bbcd'] response: {'server_uuid': '33abed2c-59bc-4834-add6-e2b1c69c0e97', 'name': 'network-vif-plugged', 'status': 'completed', 'tag': '8f6102e6-c977-45fd-b194-611ad5f77781', 'code': 200}
2026-05-09 14:10:08.336 9 INFO neutron.plugins.ml2.plugin [None req-59aa90be-6028-424e-a0f1-9088e1add8b7 - - - - - -] Attempt 1 to provision port 8f6102e6-c977-45fd-b194-611ad5f77781
2026-05-09 14:10:45.117 9 INFO neutron.plugins.ml2.plugin [None req-5407a39c-f98c-48a6-bfa2-30cd262e3b94 - - - - - -] Attempt 1 to provision port 431b78d4-6dec-42f6-85cf-79ec0a3db983
2026-05-09 14:10:48.421 9 INFO neutron.plugins.ml2.plugin [None req-59aa90be-6028-424e-a0f1-9088e1add8b7 - - - - - -] Attempt 1 to provision port 431b78d4-6dec-42f6-85cf-79ec0a3db983
2026-05-09 14:10:48.546 9 INFO neutron.notifiers.nova [-] Nova event matching ['req-96bb7839-2df9-4a08-9d1f-5d1eab766c1e'] response: {'server_uuid': '33abed2c-59bc-4834-add6-e2b1c69c0e97', 'name': 'network-vif-plugged', 'status': 'completed', 'tag': '431b78d4-6dec-42f6-85cf-79ec0a3db983', 'code': 200}
2026-05-09 14:10:50.365 10 INFO neutron.plugins.ml2.plugin [None req-59aa90be-6028-424e-a0f1-9088e1add8b7 - - - - - -] Attempt 1 to provision port 431b78d4-6dec-42f6-85cf-79ec0a3db983
2026-05-09 14:11:07.234 9 INFO neutron.plugins.ml2.plugin [None req-87417c04-22f6-4b78-a61e-39500a47b8b6 - - - - - -] Attempt 1 to provision port e59a9006-2977-4c5e-8335-51b3580b8636
2026-05-09 14:11:10.545 10 INFO neutron.plugins.ml2.plugin [None req-59aa90be-6028-424e-a0f1-9088e1add8b7 - - - - - -] Attempt 1 to provision port e59a9006-2977-4c5e-8335-51b3580b8636
2026-05-09 14:11:10.698 10 INFO neutron.notifiers.nova [-] Nova event matching ['req-b0dc623a-42b8-48a8-aa2d-052a4d9c87b9'] response: {'server_uuid': '33abed2c-59bc-4834-add6-e2b1c69c0e97', 'name': 'network-vif-plugged', 'status': 'completed', 'tag': 'e59a9006-2977-4c5e-8335-51b3580b8636', 'code': 200}
2026-05-09 14:11:12.388 9 INFO neutron.plugins.ml2.plugin [None req-59aa90be-6028-424e-a0f1-9088e1add8b7 - - - - - -] Attempt 1 to provision port e59a9006-2977-4c5e-8335-51b3580b8636
2026-05-09 14:11:18.389 10 INFO neutron.plugins.ml2.plugin [None req-9c7001e3-e83d-4e7a-8f11-a4dfad8848f7 - - - - - -] Attempt 1 to provision port abeb4eec-2a07-4735-83a6-9a75e2d21c7f
2026-05-09 14:11:20.432 9 INFO neutron.plugins.ml2.plugin [None req-59aa90be-6028-424e-a0f1-9088e1add8b7 - - - - - -] Attempt 1 to provision port abeb4eec-2a07-4735-83a6-9a75e2d21c7f
2026-05-09 14:11:20.586 9 INFO neutron.notifiers.nova [-] Nova event matching ['req-31db72ef-9f6d-4bb9-ae91-dac0b13170df'] response: {'server_uuid': '33abed2c-59bc-4834-add6-e2b1c69c0e97', 'name': 'network-vif-plugged', 'status': 'completed', 'tag': 'abeb4eec-2a07-4735-83a6-9a75e2d21c7f', 'code': 200}
2026-05-09 14:11:21.857 10 INFO neutron.plugins.ml2.plugin [None req-68b48782-67cc-4716-a242-1bbafc195dc1 - - - - - -] Attempt 1 to provision port abeb4eec-2a07-4735-83a6-9a75e2d21c7f
2026-05-09 14:11:22.446 9 INFO neutron.plugins.ml2.plugin [None req-59aa90be-6028-424e-a0f1-9088e1add8b7 - - - - - -] Attempt 1 to provision port abeb4eec-2a07-4735-83a6-9a75e2d21c7f
2026-05-09 14:11:31.915 10 INFO neutron.plugins.ml2.plugin [None req-7c3aff50-c060-44fb-90d2-4cd6b43e6ba2 - - - - - -] Attempt 1 to provision port abeb4eec-2a07-4735-83a6-9a75e2d21c7f
2026-05-09 14:11:37.427 10 INFO neutron.plugins.ml2.plugin [None req-f5994735-e98c-4b3c-8308-03536903cf1a - - - - - -] Attempt 1 to provision port e59a9006-2977-4c5e-8335-51b3580b8636