+ COMMAND=start + start + for KEYSTONE_WSGI_SCRIPT in keystone-wsgi-public ++ type -p keystone-wsgi-public + cp -a /var/lib/openstack/bin/keystone-wsgi-public /var/www/cgi-bin/keystone/ + '[' -f /etc/apache2/envvars ']' + source /etc/apache2/envvars ++ unset HOME ++ '[' '' '!=' '' ']' ++ SUFFIX= ++ export APACHE_RUN_USER=www-data ++ APACHE_RUN_USER=www-data ++ export APACHE_RUN_GROUP=www-data ++ APACHE_RUN_GROUP=www-data ++ export APACHE_PID_FILE=/var/run/apache2/apache2.pid ++ APACHE_PID_FILE=/var/run/apache2/apache2.pid ++ export APACHE_RUN_DIR=/var/run/apache2 ++ APACHE_RUN_DIR=/var/run/apache2 ++ export APACHE_LOCK_DIR=/var/lock/apache2 ++ APACHE_LOCK_DIR=/var/lock/apache2 ++ export APACHE_LOG_DIR=/var/log/apache2 ++ APACHE_LOG_DIR=/var/log/apache2 ++ export LANG=C ++ LANG=C ++ export LANG + '[' -f /var/run/apache2/apache2.pid ']' + exec apache2 -DFOREGROUND AH00558: apache2: Could not reliably determine the server's fully qualified domain name, using 10.0.0.33. Set the 'ServerName' directive globally to suppress this message AH00558: apache2: Could not reliably determine the server's fully qualified domain name, using 10.0.0.33. Set the 'ServerName' directive globally to suppress this message
[Tue May 05 22:24:24.111067 2026] [mpm_event:notice] [pid 1:tid 139818489907072] AH00489: Apache/2.4.58 (Ubuntu) mod_wsgi/5.0.0 Python/3.12 configured -- resuming normal operations
[Tue May 05 22:24:24.111171 2026] [core:notice] [pid 1:tid 139818489907072] AH00094: Command line: 'apache2 -D FOREGROUND'
[Tue May 05 22:25:27.193906 2026] [wsgi:error] [pid 11:tid 139817853134528] /var/lib/openstack/lib/python3.12/site-packages/oslo_utils/importutils.py:77: EventletDeprecationWarning:
[Tue May 05 22:25:27.193943 2026] [wsgi:error] [pid 11:tid 139817853134528] Eventlet is deprecated. It is currently being maintained in bugfix mode, and
[Tue May 05 22:25:27.193945 2026] [wsgi:error] [pid 11:tid 139817853134528] we strongly recommend against using it for new projects.
[Tue May 05 22:25:27.193946 2026] [wsgi:error] [pid 11:tid 139817853134528]
[Tue May 05 22:25:27.193947 2026] [wsgi:error] [pid 11:tid 139817853134528] If you are already using Eventlet, we recommend migrating to a different
[Tue May 05 22:25:27.193948 2026] [wsgi:error] [pid 11:tid 139817853134528] framework. For more detail see
[Tue May 05 22:25:27.193950 2026] [wsgi:error] [pid 11:tid 139817853134528] https://eventlet.readthedocs.io/en/latest/asyncio/migration.html
[Tue May 05 22:25:27.193951 2026] [wsgi:error] [pid 11:tid 139817853134528]
[Tue May 05 22:25:27.193952 2026] [wsgi:error] [pid 11:tid 139817853134528] __import__(import_str)
[Tue May 05 22:25:27.201016 2026] [wsgi:error] [pid 9:tid 139817853134528] /var/lib/openstack/lib/python3.12/site-packages/oslo_utils/importutils.py:77: EventletDeprecationWarning:
[Tue May 05 22:25:27.201078 2026] [wsgi:error] [pid 9:tid 139817853134528] Eventlet is deprecated. It is currently being maintained in bugfix mode, and
[Tue May 05 22:25:27.201080 2026] [wsgi:error] [pid 9:tid 139817853134528] we strongly recommend against using it for new projects.
[Tue May 05 22:25:27.201081 2026] [wsgi:error] [pid 9:tid 139817853134528]
[Tue May 05 22:25:27.201082 2026] [wsgi:error] [pid 9:tid 139817853134528] If you are already using Eventlet, we recommend migrating to a different
[Tue May 05 22:25:27.201083 2026] [wsgi:error] [pid 9:tid 139817853134528] framework. For more detail see
[Tue May 05 22:25:27.201085 2026] [wsgi:error] [pid 9:tid 139817853134528] https://eventlet.readthedocs.io/en/latest/asyncio/migration.html
[Tue May 05 22:25:27.201086 2026] [wsgi:error] [pid 9:tid 139817853134528]
[Tue May 05 22:25:27.201087 2026] [wsgi:error] [pid 9:tid 139817853134528] __import__(import_str) 10.0.0.145 - - [05/May/2026:22:25:26 +0000] "GET /v3/ HTTP/1.1" 200 249 10.0.0.145 - - [05/May/2026:22:25:26 +0000] "GET /v3/ HTTP/1.1" 200 249
[Tue May 05 22:25:38.887404 2026] [wsgi:error] [pid 10:tid 139817853134528] /var/lib/openstack/lib/python3.12/site-packages/oslo_utils/importutils.py:77: EventletDeprecationWarning:
[Tue May 05 22:25:38.887444 2026] [wsgi:error] [pid 10:tid 139817853134528] Eventlet is deprecated. It is currently being maintained in bugfix mode, and
[Tue May 05 22:25:38.887446 2026] [wsgi:error] [pid 10:tid 139817853134528] we strongly recommend against using it for new projects.
[Tue May 05 22:25:38.887447 2026] [wsgi:error] [pid 10:tid 139817853134528]
[Tue May 05 22:25:38.887448 2026] [wsgi:error] [pid 10:tid 139817853134528] If you are already using Eventlet, we recommend migrating to a different
[Tue May 05 22:25:38.887449 2026] [wsgi:error] [pid 10:tid 139817853134528] framework. For more detail see
[Tue May 05 22:25:38.887450 2026] [wsgi:error] [pid 10:tid 139817853134528] https://eventlet.readthedocs.io/en/latest/asyncio/migration.html
[Tue May 05 22:25:38.887452 2026] [wsgi:error] [pid 10:tid 139817853134528]
[Tue May 05 22:25:38.887453 2026] [wsgi:error] [pid 10:tid 139817853134528] __import__(import_str) 10.0.0.165 - - [05/May/2026:22:25:38 +0000] "GET / HTTP/1.1" 300 295
[Tue May 05 22:25:44.143875 2026] [wsgi:error] [pid 12:tid 139817853134528] /var/lib/openstack/lib/python3.12/site-packages/oslo_utils/importutils.py:77: EventletDeprecationWarning:
[Tue May 05 22:25:44.143911 2026] [wsgi:error] [pid 12:tid 139817853134528] Eventlet is deprecated. It is currently being maintained in bugfix mode, and
[Tue May 05 22:25:44.143913 2026] [wsgi:error] [pid 12:tid 139817853134528] we strongly recommend against using it for new projects.
[Tue May 05 22:25:44.143914 2026] [wsgi:error] [pid 12:tid 139817853134528]
[Tue May 05 22:25:44.143915 2026] [wsgi:error] [pid 12:tid 139817853134528] If you are already using Eventlet, we recommend migrating to a different
[Tue May 05 22:25:44.143917 2026] [wsgi:error] [pid 12:tid 139817853134528] framework. For more detail see
[Tue May 05 22:25:44.143918 2026] [wsgi:error] [pid 12:tid 139817853134528] https://eventlet.readthedocs.io/en/latest/asyncio/migration.html
[Tue May 05 22:25:44.143919 2026] [wsgi:error] [pid 12:tid 139817853134528]
[Tue May 05 22:25:44.143920 2026] [wsgi:error] [pid 12:tid 139817853134528] __import__(import_str)
[Tue May 05 22:25:48.777160 2026] [wsgi:error] [pid 12:tid 139817853134528] [remote 10.0.0.165:52272] 2026-05-05 22:25:48.774 12 WARNING keystone.identity.core [None req-6d946cd4-34b4-4633-b014-187463bee1a8 - - - - - -] Invalid domain name (atmosphere) found in config file name: keystone.exception.DomainNotFound: Could not find domain: atmosphere.
[Tue May 05 22:25:48.829831 2026] [wsgi:error] [pid 12:tid 139817853134528] [remote 10.0.0.165:52272] 2026-05-05 22:25:48.829 12 WARNING keystone.common.password_hashing [None req-6d946cd4-34b4-4633-b014-187463bee1a8 - - - - - -] Truncating password to algorithm specific maximum length 72 characters.
[Tue May 05 22:25:49.113197 2026] [wsgi:error] [pid 12:tid 139817853134528] [remote 10.0.0.165:52272] 2026-05-05 22:25:49.113 12 WARNING keystone.common.fernet_utils [None req-6d946cd4-34b4-4633-b014-187463bee1a8 - - - - - -] key_repository is world readable: /etc/keystone/fernet-keys/ 10.0.0.165 - - [05/May/2026:22:25:43 +0000] "POST /v3/auth/tokens HTTP/1.1" 201 1360
[Tue May 05 22:25:49.447336 2026] [wsgi:error] [pid 11:tid 139817853134528] [remote 10.0.0.165:52272] 2026-05-05 22:25:49.444 11 WARNING keystone.identity.core [None req-b0cad66a-2a44-405f-b610-97ce1dc45a1c - - - - - -] Invalid domain name (atmosphere) found in config file name: keystone.exception.DomainNotFound: Could not find domain: atmosphere. 10.0.0.165 - - [05/May/2026:22:25:49 +0000] "POST /v3/domains HTTP/1.1" 201 261 10.0.0.198 - - [05/May/2026:22:26:00 +0000] "GET / HTTP/1.1" 300 295
[Tue May 05 22:26:00.417353 2026] [wsgi:error] [pid 10:tid 139817853134528] [remote 10.0.0.198:55586] 2026-05-05 22:26:00.416 10 WARNING keystone.common.password_hashing [None req-e42bd0ef-bf48-40ec-9c0d-b2ba72d45d33 - - - - - -] Truncating password to algorithm specific maximum length 72 characters.
[Tue May 05 22:26:00.696777 2026] [wsgi:error] [pid 10:tid 139817853134528] [remote 10.0.0.198:55586] 2026-05-05 22:26:00.696 10 WARNING keystone.common.fernet_utils [None req-e42bd0ef-bf48-40ec-9c0d-b2ba72d45d33 - - - - - -] key_repository is world readable: /etc/keystone/fernet-keys/ 10.0.0.198 - - [05/May/2026:22:26:00 +0000] "POST /v3/auth/tokens HTTP/1.1" 201 1360 10.0.0.198 - - [05/May/2026:22:26:00 +0000] "GET /v3/roles/admin HTTP/1.1" 404 83
[Tue May 05 22:26:00.911387 2026] [wsgi:error] [pid 11:tid 139817853134528] [remote 10.0.0.198:55586] 2026-05-05 22:26:00.911 11 WARNING keystone.common.rbac_enforcer.enforcer [None req-d0519808-af0f-44bb-95c9-fa727b2e3871 99237aaab7124f478d445bdf10b28b78 08cbd213a16b4d43890bbb3612c3cbf7 - - default default] Deprecated policy rules found. Use oslopolicy-policy-generator and oslopolicy-policy-upgrade to detect and resolve deprecated policies in your configuration. 10.0.0.198 - - [05/May/2026:22:26:00 +0000] "GET /v3/roles?name=admin HTTP/1.1" 200 389
[Tue May 05 22:26:01.253759 2026] [wsgi:error] [pid 9:tid 139817853134528] [remote 10.0.0.198:55586] 2026-05-05 22:26:01.253 9 WARNING keystone.common.rbac_enforcer.enforcer [None req-986fdd45-e1a1-4d58-8986-2c25f7c315f9 99237aaab7124f478d445bdf10b28b78 08cbd213a16b4d43890bbb3612c3cbf7 - - default default] Deprecated policy rules found. Use oslopolicy-policy-generator and oslopolicy-policy-upgrade to detect and resolve deprecated policies in your configuration. 10.0.0.198 - - [05/May/2026:22:26:00 +0000] "GET /v3/users/admin-RegionOne HTTP/1.1" 404 93
[Tue May 05 22:26:01.396433 2026] [wsgi:error] [pid 10:tid 139817853134528] [remote 10.0.0.198:55586] 2026-05-05 22:26:01.396 10 WARNING keystone.common.rbac_enforcer.enforcer [None req-bb41763a-c997-4899-866b-b3b220b0c8bd 99237aaab7124f478d445bdf10b28b78 08cbd213a16b4d43890bbb3612c3cbf7 - - default default] Deprecated policy rules found. Use oslopolicy-policy-generator and oslopolicy-policy-upgrade to detect and resolve deprecated policies in your configuration. 10.0.0.198 - - [05/May/2026:22:26:01 +0000] "GET /v3/users?name=admin-RegionOne HTTP/1.1" 200 422
[Tue May 05 22:26:01.555452 2026] [wsgi:error] [pid 12:tid 139817853134528] [remote 10.0.0.198:55586] 2026-05-05 22:26:01.555 12 WARNING keystone.common.rbac_enforcer.enforcer [None req-fd49fded-ee1d-424e-9327-40b98c793ea8 99237aaab7124f478d445bdf10b28b78 08cbd213a16b4d43890bbb3612c3cbf7 - - default default] Deprecated policy rules found. Use oslopolicy-policy-generator and oslopolicy-policy-upgrade to detect and resolve deprecated policies in your configuration. 10.0.0.198 - - [05/May/2026:22:26:01 +0000] "GET /v3/domains/default HTTP/1.1" 200 224 10.0.0.198 - - [05/May/2026:22:26:01 +0000] "PUT /v3/domains/default/users/99237aaab7124f478d445bdf10b28b78/roles/aa77a50aae37435aa3daab1320ecca71 HTTP/1.1" 204 - 10.0.0.145 - - [05/May/2026:22:26:11 +0000] "GET / HTTP/1.1" 300 281 10.0.0.145 - - [05/May/2026:22:26:12 +0000] "GET /v3 HTTP/1.1" 200 266
[Tue May 05 22:26:12.825712 2026] [wsgi:error] [pid 12:tid 139817853134528] [remote 10.0.0.145:45688] 2026-05-05 22:26:12.825 12 WARNING keystone.common.password_hashing [None req-30621b8f-8c54-4196-ba70-1c472cbd3664 - - - - - -] Truncating password to algorithm specific maximum length 72 characters.
[Tue May 05 22:26:13.096304 2026] [wsgi:error] [pid 12:tid 139817853134528] [remote 10.0.0.145:45688] 2026-05-05 22:26:13.096 12 WARNING keystone.common.fernet_utils [None req-30621b8f-8c54-4196-ba70-1c472cbd3664 - - - - - -] key_repository is world readable: /etc/keystone/fernet-keys/ 10.0.0.145 - - [05/May/2026:22:26:12 +0000] "POST /v3/auth/tokens HTTP/1.1" 201 1360 10.0.0.145 - - [05/May/2026:22:26:13 +0000] "GET / HTTP/1.1" 300 281 10.0.0.145 - - [05/May/2026:22:26:13 +0000] "GET /v3/domains/atmosphere HTTP/1.1" 404 90 10.0.0.145 - - [05/May/2026:22:26:13 +0000] "GET /v3/domains?name=atmosphere HTTP/1.1" 200 370 10.0.0.145 - - [05/May/2026:22:26:13 +0000] "GET /v3/domains/dcecdc4da1f24fc4ae519b48fe1fc837 HTTP/1.1" 200 247 10.0.0.145 - - [05/May/2026:22:26:14 +0000] "GET /v3 HTTP/1.1" 200 266
[Tue May 05 22:26:14.133531 2026] [wsgi:error] [pid 9:tid 139817853134528] [remote 10.0.0.145:45688] 2026-05-05 22:26:14.133 9 WARNING keystone.common.password_hashing [None req-8db48034-a7af-4614-b71b-51e637b9b3aa - - - - - -] Truncating password to algorithm specific maximum length 72 characters.
[Tue May 05 22:26:14.411025 2026] [wsgi:error] [pid 9:tid 139817853134528] [remote 10.0.0.145:45688] 2026-05-05 22:26:14.410 9 WARNING keystone.common.fernet_utils [None req-8db48034-a7af-4614-b71b-51e637b9b3aa - - - - - -] key_repository is world readable: /etc/keystone/fernet-keys/ 10.0.0.145 - - [05/May/2026:22:26:14 +0000] "POST /v3/auth/tokens HTTP/1.1" 201 1360 10.0.0.145 - - [05/May/2026:22:26:14 +0000] "GET / HTTP/1.1" 300 281 10.0.0.145 - - [05/May/2026:22:26:14 +0000] "GET /v3/OS-FEDERATION/identity_providers/atmosphere HTTP/1.1" 404 101 10.0.0.145 - - [05/May/2026:22:26:14 +0000] "GET /v3/OS-FEDERATION/identity_providers HTTP/1.1" 200 156 10.0.0.145 - - [05/May/2026:22:26:14 +0000] "PUT /v3/OS-FEDERATION/identity_providers/atmosphere HTTP/1.1" 201 342 10.0.0.145 - - [05/May/2026:22:26:15 +0000] "GET /v3 HTTP/1.1" 200 266
[Tue May 05 22:26:15.255291 2026] [wsgi:error] [pid 12:tid 139817853134528] [remote 10.0.0.145:45692] 2026-05-05 22:26:15.255 12 WARNING keystone.common.password_hashing [None req-def1ce36-76d4-4bd9-85c1-c266a5ad3800 - - - - - -] Truncating password to algorithm specific maximum length 72 characters.
[Tue May 05 22:26:15.544393 2026] [wsgi:error] [pid 12:tid 139817853134528] [remote 10.0.0.145:45692] 2026-05-05 22:26:15.544 12 WARNING keystone.common.fernet_utils [None req-def1ce36-76d4-4bd9-85c1-c266a5ad3800 - - - - - -] key_repository is world readable: /etc/keystone/fernet-keys/ 10.0.0.145 - - [05/May/2026:22:26:15 +0000] "POST /v3/auth/tokens HTTP/1.1" 201 1360 10.0.0.145 - - [05/May/2026:22:26:15 +0000] "GET / HTTP/1.1" 300 281 10.0.0.145 - - [05/May/2026:22:26:15 +0000] "GET /v3/OS-FEDERATION/mappings/atmosphere-openid HTTP/1.1" 404 98 10.0.0.145 - - [05/May/2026:22:26:15 +0000] "GET /v3/OS-FEDERATION/mappings HTTP/1.1" 200 136 10.0.0.145 - - [05/May/2026:22:26:15 +0000] "PUT /v3/OS-FEDERATION/mappings/atmosphere-openid HTTP/1.1" 201 357 10.0.0.145 - - [05/May/2026:22:26:16 +0000] "GET /v3 HTTP/1.1" 200 266
[Tue May 05 22:26:16.317312 2026] [wsgi:error] [pid 9:tid 139817853134528] [remote 10.0.0.145:45688] 2026-05-05 22:26:16.317 9 WARNING keystone.common.password_hashing [None req-51d69041-9717-4fe0-a3df-112c2356b345 - - - - - -] Truncating password to algorithm specific maximum length 72 characters.
[Tue May 05 22:26:16.587700 2026] [wsgi:error] [pid 9:tid 139817853134528] [remote 10.0.0.145:45688] 2026-05-05 22:26:16.587 9 WARNING keystone.common.fernet_utils [None req-51d69041-9717-4fe0-a3df-112c2356b345 - - - - - -] key_repository is world readable: /etc/keystone/fernet-keys/ 10.0.0.145 - - [05/May/2026:22:26:16 +0000] "POST /v3/auth/tokens HTTP/1.1" 201 1360 10.0.0.145 - - [05/May/2026:22:26:16 +0000] "GET / HTTP/1.1" 300 281 10.0.0.145 - - [05/May/2026:22:26:16 +0000] "GET /v3/OS-FEDERATION/identity_providers/atmosphere/protocols/openid?idp_id=atmosphere HTTP/1.1" 404 131 10.0.0.145 - - [05/May/2026:22:26:16 +0000] "GET /v3/OS-FEDERATION/identity_providers/atmosphere/protocols HTTP/1.1" 200 168 10.0.0.145 - - [05/May/2026:22:26:16 +0000] "PUT /v3/OS-FEDERATION/identity_providers/atmosphere/protocols/openid HTTP/1.1" 201 224 10.0.0.145 - - [05/May/2026:22:26:26 +0000] "GET /v3/ HTTP/1.1" 200 249 10.0.0.145 - - [05/May/2026:22:26:26 +0000] "GET /v3/ HTTP/1.1" 200 249 10.0.0.145 - - [05/May/2026:22:27:26 +0000] "GET /v3/ HTTP/1.1" 200 249 10.0.0.145 - - [05/May/2026:22:27:26 +0000] "GET /v3/ HTTP/1.1" 200 249 10.0.0.244 - - [05/May/2026:22:27:37 +0000] "GET / HTTP/1.1" 300 295
[Tue May 05 22:27:37.960315 2026] [wsgi:error] [pid 10:tid 139817853134528] [remote 10.0.0.244:54686] 2026-05-05 22:27:37.960 10 WARNING keystone.common.password_hashing [None req-6a1cb725-6a98-4882-a474-a1caaf004082 - - - - - -] Truncating password to algorithm specific maximum length 72 characters.
[Tue May 05 22:27:38.229977 2026] [wsgi:error] [pid 10:tid 139817853134528] [remote 10.0.0.244:54686] 2026-05-05 22:27:38.229 10 WARNING keystone.common.fernet_utils [None req-6a1cb725-6a98-4882-a474-a1caaf004082 - - - - - -] key_repository is world readable: /etc/keystone/fernet-keys/ 10.0.0.244 - - [05/May/2026:22:27:37 +0000] "POST /v3/auth/tokens HTTP/1.1" 201 1360 10.0.0.244 - - [05/May/2026:22:27:38 +0000] "GET /v3/services HTTP/1.1" 200 355 10.0.0.244 - - [05/May/2026:22:27:41 +0000] "GET / HTTP/1.1" 300 295
[Tue May 05 22:27:41.644328 2026] [wsgi:error] [pid 12:tid 139817853134528] [remote 10.0.0.244:54694] 2026-05-05 22:27:41.644 12 WARNING keystone.common.password_hashing [None req-7cf0257f-2a25-43d3-bac3-a4f64b6375d4 - - - - - -] Truncating password to algorithm specific maximum length 72 characters.
[Tue May 05 22:27:41.922229 2026] [wsgi:error] [pid 12:tid 139817853134528] [remote 10.0.0.244:54694] 2026-05-05 22:27:41.922 12 WARNING keystone.common.fernet_utils [None req-7cf0257f-2a25-43d3-bac3-a4f64b6375d4 - - - - - -] key_repository is world readable: /etc/keystone/fernet-keys/ 10.0.0.244 - - [05/May/2026:22:27:41 +0000] "POST /v3/auth/tokens HTTP/1.1" 201 1360 10.0.0.244 - - [05/May/2026:22:27:42 +0000] "GET /v3/services HTTP/1.1" 200 355 10.0.0.244 - - [05/May/2026:22:27:45 +0000] "GET / HTTP/1.1" 300 295
[Tue May 05 22:27:45.288627 2026] [wsgi:error] [pid 9:tid 139817853134528] [remote 10.0.0.244:54698] 2026-05-05 22:27:45.288 9 WARNING keystone.common.password_hashing [None req-3f758404-c670-44ad-90aa-79f51cc8cbb1 - - - - - -] Truncating password to algorithm specific maximum length 72 characters.
[Tue May 05 22:27:45.566839 2026] [wsgi:error] [pid 9:tid 139817853134528] [remote 10.0.0.244:54698] 2026-05-05 22:27:45.566 9 WARNING keystone.common.fernet_utils [None req-3f758404-c670-44ad-90aa-79f51cc8cbb1 - - - - - -] key_repository is world readable: /etc/keystone/fernet-keys/ 10.0.0.244 - - [05/May/2026:22:27:45 +0000] "POST /v3/auth/tokens HTTP/1.1" 201 1360 10.0.0.244 - - [05/May/2026:22:27:45 +0000] "GET /v3/services HTTP/1.1" 200 355 10.0.0.244 - - [05/May/2026:22:27:48 +0000] "GET / HTTP/1.1" 300 295
[Tue May 05 22:27:48.947559 2026] [wsgi:error] [pid 11:tid 139817853134528] [remote 10.0.0.244:36014] 2026-05-05 22:27:48.947 11 WARNING keystone.common.password_hashing [None req-0e9e8166-ce74-4882-a24f-bf8eaed3f5fd - - - - - -] Truncating password to algorithm specific maximum length 72 characters.
[Tue May 05 22:27:49.215568 2026] [wsgi:error] [pid 11:tid 139817853134528] [remote 10.0.0.244:36014] 2026-05-05 22:27:49.215 11 WARNING keystone.common.fernet_utils [None req-0e9e8166-ce74-4882-a24f-bf8eaed3f5fd - - - - - -] key_repository is world readable: /etc/keystone/fernet-keys/ 10.0.0.244 - - [05/May/2026:22:27:48 +0000] "POST /v3/auth/tokens HTTP/1.1" 201 1360 10.0.0.244 - - [05/May/2026:22:27:49 +0000] "POST /v3/services HTTP/1.1" 201 296 10.0.0.50 - - [05/May/2026:22:28:00 +0000] "GET / HTTP/1.1" 300 295
[Tue May 05 22:28:00.247850 2026] [wsgi:error] [pid 10:tid 139817853134528] [remote 10.0.0.50:49968] 2026-05-05 22:28:00.247 10 WARNING keystone.common.password_hashing [None req-cf4701af-ea79-4633-a674-3d6ed43eec69 - - - - - -] Truncating password to algorithm specific maximum length 72 characters. 10.0.0.50 - - [05/May/2026:22:28:00 +0000] "GET / HTTP/1.1" 300 295
[Tue May 05 22:28:00.427950 2026] [wsgi:error] [pid 9:tid 139817853134528] [remote 10.0.0.50:49974] 2026-05-05 22:28:00.427 9 WARNING keystone.common.password_hashing [None req-9a20d072-2ffe-4c84-ac41-4d2f87057707 - - - - - -] Truncating password to algorithm specific maximum length 72 characters. 10.0.0.50 - - [05/May/2026:22:28:00 +0000] "GET / HTTP/1.1" 300 295
[Tue May 05 22:28:00.468366 2026] [wsgi:error] [pid 11:tid 139817853134528] [remote 10.0.0.50:49982] 2026-05-05 22:28:00.468 11 WARNING keystone.common.password_hashing [None req-e503eed9-cd7a-4cf9-b358-25fe5b7893de - - - - - -] Truncating password to algorithm specific maximum length 72 characters.
[Tue May 05 22:28:00.536944 2026] [wsgi:error] [pid 10:tid 139817853134528] [remote 10.0.0.50:49968] 2026-05-05 22:28:00.536 10 WARNING keystone.common.fernet_utils [None req-cf4701af-ea79-4633-a674-3d6ed43eec69 - - - - - -] key_repository is world readable: /etc/keystone/fernet-keys/ 10.0.0.50 - - [05/May/2026:22:28:00 +0000] "POST /v3/auth/tokens HTTP/1.1" 201 1464 10.0.0.50 - - [05/May/2026:22:28:00 +0000] "GET /v3/services HTTP/1.1" 200 639
[Tue May 05 22:28:00.714032 2026] [wsgi:error] [pid 9:tid 139817853134528] [remote 10.0.0.50:49974] 2026-05-05 22:28:00.713 9 WARNING keystone.common.fernet_utils [None req-9a20d072-2ffe-4c84-ac41-4d2f87057707 - - - - - -] key_repository is world readable: /etc/keystone/fernet-keys/ 10.0.0.50 - - [05/May/2026:22:28:00 +0000] "POST /v3/auth/tokens HTTP/1.1" 201 1464
[Tue May 05 22:28:00.739123 2026] [wsgi:error] [pid 11:tid 139817853134528] [remote 10.0.0.50:49982] 2026-05-05 22:28:00.738 11 WARNING keystone.common.fernet_utils [None req-e503eed9-cd7a-4cf9-b358-25fe5b7893de - - - - - -] key_repository is world readable: /etc/keystone/fernet-keys/ 10.0.0.50 - - [05/May/2026:22:28:00 +0000] "POST /v3/auth/tokens HTTP/1.1" 201 1464 10.0.0.50 - - [05/May/2026:22:28:00 +0000] "GET /v3/services HTTP/1.1" 200 639 10.0.0.50 - - [05/May/2026:22:28:00 +0000] "GET /v3/services HTTP/1.1" 200 639 10.0.0.50 - - [05/May/2026:22:28:01 +0000] "GET / HTTP/1.1" 300 295
[Tue May 05 22:28:02.016911 2026] [wsgi:error] [pid 11:tid 139817853134528] [remote 10.0.0.50:49986] 2026-05-05 22:28:02.016 11 WARNING keystone.common.password_hashing [None req-895b8830-da18-40ae-b937-163bd10f2e2b - - - - - -] Truncating password to algorithm specific maximum length 72 characters. 10.0.0.50 - - [05/May/2026:22:28:02 +0000] "GET / HTTP/1.1" 300 295
[Tue May 05 22:28:02.207181 2026] [wsgi:error] [pid 12:tid 139817853134528] [remote 10.0.0.50:50000] 2026-05-05 22:28:02.207 12 WARNING keystone.common.password_hashing [None req-c4e58f45-3bd4-4a24-8d92-133c12dbfb2b - - - - - -] Truncating password to algorithm specific maximum length 72 characters. 10.0.0.50 - - [05/May/2026:22:28:02 +0000] "GET / HTTP/1.1" 300 295
[Tue May 05 22:28:02.289970 2026] [wsgi:error] [pid 11:tid 139817853134528] [remote 10.0.0.50:49986] 2026-05-05 22:28:02.289 11 WARNING keystone.common.fernet_utils [None req-895b8830-da18-40ae-b937-163bd10f2e2b - - - - - -] key_repository is world readable: /etc/keystone/fernet-keys/ 10.0.0.50 - - [05/May/2026:22:28:02 +0000] "POST /v3/auth/tokens HTTP/1.1" 201 1464
[Tue May 05 22:28:02.298539 2026] [wsgi:error] [pid 10:tid 139817853134528] [remote 10.0.0.50:50016] 2026-05-05 22:28:02.298 10 WARNING keystone.common.password_hashing [None req-bd02ea6f-cf37-4a8e-ac24-8650ebcc851c - - - - - -] Truncating password to algorithm specific maximum length 72 characters. 10.0.0.50 - - [05/May/2026:22:28:02 +0000] "GET /v3/endpoints HTTP/1.1" 200 1227 10.0.0.50 - - [05/May/2026:22:28:02 +0000] "GET /v3/services/4283ea4d85844e22a23e3100ca202f93 HTTP/1.1" 200 233 10.0.0.50 - - [05/May/2026:22:28:02 +0000] "GET /v3/services/4283ea4d85844e22a23e3100ca202f93 HTTP/1.1" 200 233 10.0.0.50 - - [05/May/2026:22:28:02 +0000] "GET /v3/services/4283ea4d85844e22a23e3100ca202f93 HTTP/1.1" 200 233
[Tue May 05 22:28:02.478589 2026] [wsgi:error] [pid 12:tid 139817853134528] [remote 10.0.0.50:50000] 2026-05-05 22:28:02.478 12 WARNING keystone.common.fernet_utils [None req-c4e58f45-3bd4-4a24-8d92-133c12dbfb2b - - - - - -] key_repository is world readable: /etc/keystone/fernet-keys/ 10.0.0.50 - - [05/May/2026:22:28:02 +0000] "POST /v3/auth/tokens HTTP/1.1" 201 1464
[Tue May 05 22:28:02.578681 2026] [wsgi:error] [pid 10:tid 139817853134528] [remote 10.0.0.50:50016] 2026-05-05 22:28:02.578 10 WARNING keystone.common.fernet_utils [None req-bd02ea6f-cf37-4a8e-ac24-8650ebcc851c - - - - - -] key_repository is world readable: /etc/keystone/fernet-keys/ 10.0.0.50 - - [05/May/2026:22:28:02 +0000] "POST /v3/auth/tokens HTTP/1.1" 201 1464 10.0.0.50 - - [05/May/2026:22:28:02 +0000] "GET /v3/endpoints HTTP/1.1" 200 1227 10.0.0.50 - - [05/May/2026:22:28:02 +0000] "GET /v3/services/4283ea4d85844e22a23e3100ca202f93 HTTP/1.1" 200 233 10.0.0.50 - - [05/May/2026:22:28:02 +0000] "GET /v3/services/4283ea4d85844e22a23e3100ca202f93 HTTP/1.1" 200 233 10.0.0.50 - - [05/May/2026:22:28:02 +0000] "GET /v3/services/4283ea4d85844e22a23e3100ca202f93 HTTP/1.1" 200 233 10.0.0.50 - - [05/May/2026:22:28:02 +0000] "GET /v3/endpoints HTTP/1.1" 200 1227 10.0.0.50 - - [05/May/2026:22:28:02 +0000] "GET /v3/services/4283ea4d85844e22a23e3100ca202f93 HTTP/1.1" 200 233 10.0.0.50 - - [05/May/2026:22:28:02 +0000] "GET /v3/services/4283ea4d85844e22a23e3100ca202f93 HTTP/1.1" 200 233 10.0.0.50 - - [05/May/2026:22:28:02 +0000] "GET /v3/services/4283ea4d85844e22a23e3100ca202f93 HTTP/1.1" 200 233 10.0.0.50 - - [05/May/2026:22:28:03 +0000] "GET / HTTP/1.1" 300 295
[Tue May 05 22:28:03.790168 2026] [wsgi:error] [pid 11:tid 139817853134528] [remote 10.0.0.50:50028] 2026-05-05 22:28:03.789 11 WARNING keystone.common.password_hashing [None req-c74a17d3-1279-44d3-8c98-a3f2886b1e67 - - - - - -] Truncating password to algorithm specific maximum length 72 characters. 10.0.0.50 - - [05/May/2026:22:28:03 +0000] "GET / HTTP/1.1" 300 295
[Tue May 05 22:28:03.894026 2026] [wsgi:error] [pid 10:tid 139817853134528] [remote 10.0.0.50:50042] 2026-05-05 22:28:03.893 10 WARNING keystone.common.password_hashing [None req-0e856d8d-fdfd-4fe1-90be-c27e9a23ae06 - - - - - -] Truncating password to algorithm specific maximum length 72 characters.
[Tue May 05 22:28:04.074834 2026] [wsgi:error] [pid 11:tid 139817853134528] [remote 10.0.0.50:50028] 2026-05-05 22:28:04.074 11 WARNING keystone.common.fernet_utils [None req-c74a17d3-1279-44d3-8c98-a3f2886b1e67 - - - - - -] key_repository is world readable: /etc/keystone/fernet-keys/ 10.0.0.50 - - [05/May/2026:22:28:03 +0000] "POST /v3/auth/tokens HTTP/1.1" 201 1464 10.0.0.50 - - [05/May/2026:22:28:04 +0000] "GET / HTTP/1.1" 300 295
[Tue May 05 22:28:04.164248 2026] [wsgi:error] [pid 12:tid 139817853134528] [remote 10.0.0.50:50044] 2026-05-05 22:28:04.164 12 WARNING keystone.common.password_hashing [None req-943181ea-649e-4493-b3db-1faf8f15f2bc - - - - - -] Truncating password to algorithm specific maximum length 72 characters.
[Tue May 05 22:28:04.169213 2026] [wsgi:error] [pid 10:tid 139817853134528] [remote 10.0.0.50:50042] 2026-05-05 22:28:04.169 10 WARNING keystone.common.fernet_utils [None req-0e856d8d-fdfd-4fe1-90be-c27e9a23ae06 - - - - - -] key_repository is world readable: /etc/keystone/fernet-keys/ 10.0.0.50 - - [05/May/2026:22:28:03 +0000] "POST /v3/auth/tokens HTTP/1.1" 201 1464 10.0.0.50 - - [05/May/2026:22:28:04 +0000] "GET /v3/services/8a28c287da55492a9e5034129ea6f3cf HTTP/1.1" 200 296 10.0.0.50 - - [05/May/2026:22:28:04 +0000] "GET /v3/regions/RegionOne HTTP/1.1" 200 173 10.0.0.50 - - [05/May/2026:22:28:04 +0000] "GET /v3/services/8a28c287da55492a9e5034129ea6f3cf HTTP/1.1" 200 296 10.0.0.50 - - [05/May/2026:22:28:04 +0000] "GET /v3/regions/RegionOne HTTP/1.1" 200 173 10.0.0.50 - - [05/May/2026:22:28:04 +0000] "POST /v3/endpoints HTTP/1.1" 201 370 10.0.0.50 - - [05/May/2026:22:28:04 +0000] "POST /v3/endpoints HTTP/1.1" 201 383
[Tue May 05 22:28:04.442222 2026] [wsgi:error] [pid 12:tid 139817853134528] [remote 10.0.0.50:50044] 2026-05-05 22:28:04.442 12 WARNING keystone.common.fernet_utils [None req-943181ea-649e-4493-b3db-1faf8f15f2bc - - - - - -] key_repository is world readable: /etc/keystone/fernet-keys/ 10.0.0.50 - - [05/May/2026:22:28:04 +0000] "POST /v3/auth/tokens HTTP/1.1" 201 1813 10.0.0.50 - - [05/May/2026:22:28:04 +0000] "GET /v3/services/8a28c287da55492a9e5034129ea6f3cf HTTP/1.1" 200 296 10.0.0.50 - - [05/May/2026:22:28:04 +0000] "GET /v3/regions/RegionOne HTTP/1.1" 200 173 10.0.0.50 - - [05/May/2026:22:28:04 +0000] "POST /v3/endpoints HTTP/1.1" 201 380 10.0.0.50 - - [05/May/2026:22:28:05 +0000] "GET / HTTP/1.1" 300 295
[Tue May 05 22:28:05.579175 2026] [wsgi:error] [pid 9:tid 139817853134528] [remote 10.0.0.50:60516] 2026-05-05 22:28:05.578 9 WARNING keystone.common.password_hashing [None req-a951ad37-2030-4cb4-824e-ba3c2245a8cd - - - - - -] Truncating password to algorithm specific maximum length 72 characters. 10.0.0.50 - - [05/May/2026:22:28:05 +0000] "GET / HTTP/1.1" 300 295
[Tue May 05 22:28:05.664791 2026] [wsgi:error] [pid 10:tid 139817853134528] [remote 10.0.0.50:60524] 2026-05-05 22:28:05.664 10 WARNING keystone.common.password_hashing [None req-7ed7d765-527a-4d38-a714-b2f78a046d05 - - - - - -] Truncating password to algorithm specific maximum length 72 characters.
[Tue May 05 22:28:05.869109 2026] [wsgi:error] [pid 9:tid 139817853134528] [remote 10.0.0.50:60516] 2026-05-05 22:28:05.868 9 WARNING keystone.common.fernet_utils [None req-a951ad37-2030-4cb4-824e-ba3c2245a8cd - - - - - -] key_repository is world readable: /etc/keystone/fernet-keys/ 10.0.0.50 - - [05/May/2026:22:28:05 +0000] "POST /v3/auth/tokens HTTP/1.1" 201 1992 10.0.0.50 - - [05/May/2026:22:28:05 +0000] "GET / HTTP/1.1" 300 295
[Tue May 05 22:28:05.945300 2026] [wsgi:error] [pid 11:tid 139817853134528] [remote 10.0.0.50:60532] 2026-05-05 22:28:05.945 11 WARNING keystone.common.password_hashing [None req-763a201c-9bf4-4214-9a8b-29ba2355c810 - - - - - -] Truncating password to algorithm specific maximum length 72 characters.
[Tue May 05 22:28:05.952283 2026] [wsgi:error] [pid 10:tid 139817853134528] [remote 10.0.0.50:60524] 2026-05-05 22:28:05.952 10 WARNING keystone.common.fernet_utils [None req-7ed7d765-527a-4d38-a714-b2f78a046d05 - - - - - -] key_repository is world readable: /etc/keystone/fernet-keys/ 10.0.0.50 - - [05/May/2026:22:28:05 +0000] "POST /v3/auth/tokens HTTP/1.1" 201 1992 10.0.0.50 - - [05/May/2026:22:28:06 +0000] "GET /v3/endpoints/8877b020be0047a5926fb8a674939a01 HTTP/1.1" 200 370 10.0.0.50 - - [05/May/2026:22:28:06 +0000] "GET /v3/services/8a28c287da55492a9e5034129ea6f3cf HTTP/1.1" 200 296 10.0.0.50 - - [05/May/2026:22:28:06 +0000] "GET /v3/endpoints/c5e7f2f214334f50ba92c78d1db2bd9f HTTP/1.1" 200 383 10.0.0.50 - - [05/May/2026:22:28:06 +0000] "GET /v3/services/8a28c287da55492a9e5034129ea6f3cf HTTP/1.1" 200 296
[Tue May 05 22:28:06.222152 2026] [wsgi:error] [pid 11:tid 139817853134528] [remote 10.0.0.50:60532] 2026-05-05 22:28:06.221 11 WARNING keystone.common.fernet_utils [None req-763a201c-9bf4-4214-9a8b-29ba2355c810 - - - - - -] key_repository is world readable: /etc/keystone/fernet-keys/ 10.0.0.50 - - [05/May/2026:22:28:05 +0000] "POST /v3/auth/tokens HTTP/1.1" 201 1992 10.0.0.50 - - [05/May/2026:22:28:06 +0000] "GET /v3/endpoints/fb0972daa2c64dbf896cb23a40286984 HTTP/1.1" 200 380 10.0.0.50 - - [05/May/2026:22:28:06 +0000] "GET /v3/services/8a28c287da55492a9e5034129ea6f3cf HTTP/1.1" 200 296 10.0.0.14 - - [05/May/2026:22:28:17 +0000] "GET / HTTP/1.1" 300 295
[Tue May 05 22:28:17.181276 2026] [wsgi:error] [pid 11:tid 139817853134528] [remote 10.0.0.14:54678] 2026-05-05 22:28:17.180 11 WARNING keystone.common.password_hashing [None req-f411caf1-ff67-4130-a296-fe96385a35b8 - - - - - -] Truncating password to algorithm specific maximum length 72 characters.
[Tue May 05 22:28:17.455261 2026] [wsgi:error] [pid 11:tid 139817853134528] [remote 10.0.0.14:54678] 2026-05-05 22:28:17.455 11 WARNING keystone.common.fernet_utils [None req-f411caf1-ff67-4130-a296-fe96385a35b8 - - - - - -] key_repository is world readable: /etc/keystone/fernet-keys/ 10.0.0.14 - - [05/May/2026:22:28:17 +0000] "POST /v3/auth/tokens HTTP/1.1" 201 1992 10.0.0.14 - - [05/May/2026:22:28:17 +0000] "POST /v3/domains HTTP/1.1" 201 284 10.0.0.14 - - [05/May/2026:22:28:18 +0000] "GET / HTTP/1.1" 300 295
[Tue May 05 22:28:19.014447 2026] [wsgi:error] [pid 9:tid 139817853134528] [remote 10.0.0.14:54682] 2026-05-05 22:28:19.014 9 WARNING keystone.common.password_hashing [None req-f13045f5-fe7b-466c-a4dc-90f6b218370d - - - - - -] Truncating password to algorithm specific maximum length 72 characters.
[Tue May 05 22:28:19.304229 2026] [wsgi:error] [pid 9:tid 139817853134528] [remote 10.0.0.14:54682] 2026-05-05 22:28:19.303 9 WARNING keystone.common.fernet_utils [None req-f13045f5-fe7b-466c-a4dc-90f6b218370d - - - - - -] key_repository is world readable: /etc/keystone/fernet-keys/ 10.0.0.14 - - [05/May/2026:22:28:18 +0000] "POST /v3/auth/tokens HTTP/1.1" 201 1992
[Tue May 05 22:28:19.495986 2026] [wsgi:error] [pid 11:tid 139817853134528] [remote 10.0.0.14:54682] 2026-05-05 22:28:19.477 11 ERROR keystone.server.flask.application [None req-cc0847bf-46b9-4346-9c1a-21721f654b74 99237aaab7124f478d445bdf10b28b78 08cbd213a16b4d43890bbb3612c3cbf7 - - default default] Conflict occurred attempting to store project - it is not permitted to have two projects acting as domains with the same name: service.: keystone.exception.Conflict: Conflict occurred attempting to store project - it is not permitted to have two projects acting as domains with the same name: service.
[Tue May 05 22:28:19.496011 2026] [wsgi:error] [pid 11:tid 139817853134528] [remote 10.0.0.14:54682] 2026-05-05 22:28:19.477 11 ERROR keystone.server.flask.application
Traceback (most recent call last):
[Tue May 05 22:28:19.496013 2026] [wsgi:error] [pid 11:tid 139817853134528] [remote 10.0.0.14:54682] 2026-05-05 22:28:19.477 11 ERROR keystone.server.flask.application
File "/var/lib/openstack/lib/python3.12/site-packages/sqlalchemy/engine/base.py", line 1967, in _exec_single_context
[Tue May 05 22:28:19.496015 2026] [wsgi:error] [pid 11:tid 139817853134528] [remote 10.0.0.14:54682] 2026-05-05 22:28:19.477 11 ERROR keystone.server.flask.application self.dialect.do_execute(
[Tue May 05 22:28:19.496017 2026] [wsgi:error] [pid 11:tid 139817853134528] [remote 10.0.0.14:54682] 2026-05-05 22:28:19.477 11 ERROR keystone.server.flask.application
File "/var/lib/openstack/lib/python3.12/site-packages/sqlalchemy/engine/default.py", line 952, in do_execute
[Tue May 05 22:28:19.496018 2026] [wsgi:error] [pid 11:tid 139817853134528] [remote 10.0.0.14:54682] 2026-05-05 22:28:19.477 11 ERROR keystone.server.flask.application cursor.execute(statement, parameters)
[Tue May 05 22:28:19.496020 2026] [wsgi:error] [pid 11:tid 139817853134528] [remote 10.0.0.14:54682] 2026-05-05 22:28:19.477 11 ERROR keystone.server.flask.application
File "/var/lib/openstack/lib/python3.12/site-packages/pymysql/cursors.py", line 153, in execute
[Tue May 05 22:28:19.496021 2026] [wsgi:error] [pid 11:tid 139817853134528] [remote 10.0.0.14:54682] 2026-05-05 22:28:19.477 11 ERROR keystone.server.flask.application result = self._query(query)
[Tue May 05 22:28:19.496022 2026] [wsgi:error] [pid 11:tid 139817853134528] [remote 10.0.0.14:54682] 2026-05-05 22:28:19.477 11 ERROR keystone.server.flask.application ^^^^^^^^^^^^^^^^^^
[Tue May 05 22:28:19.496024 2026] [wsgi:error] [pid 11:tid 139817853134528] [remote 10.0.0.14:54682] 2026-05-05 22:28:19.477 11 ERROR keystone.server.flask.application
File "/var/lib/openstack/lib/python3.12/site-packages/pymysql/cursors.py", line 322, in _query
[Tue May 05 22:28:19.496025 2026] [wsgi:error] [pid 11:tid 139817853134528] [remote 10.0.0.14:54682] 2026-05-05 22:28:19.477 11 ERROR keystone.server.flask.application conn.query(q)
[Tue May 05 22:28:19.496027 2026] [wsgi:error] [pid 11:tid 139817853134528] [remote 10.0.0.14:54682] 2026-05-05 22:28:19.477 11 ERROR keystone.server.flask.application
File "/var/lib/openstack/lib/python3.12/site-packages/pymysql/connections.py", line 575, in query
[Tue May 05 22:28:19.496029 2026] [wsgi:error] [pid 11:tid 139817853134528] [remote 10.0.0.14:54682] 2026-05-05 22:28:19.477 11 ERROR keystone.server.flask.application self._affected_rows = self._read_query_result(unbuffered=unbuffered)
[Tue May 05 22:28:19.496030 2026] [wsgi:error] [pid 11:tid 139817853134528] [remote 10.0.0.14:54682] 2026-05-05 22:28:19.477 11 ERROR keystone.server.flask.application ^^^^^^^^^^^^^^^^^^^^^^^^^^^^^^^^^^^^^^^^^^^^^^
[Tue May 05 22:28:19.496032 2026] [wsgi:error] [pid 11:tid 139817853134528] [remote 10.0.0.14:54682] 2026-05-05 22:28:19.477 11 ERROR keystone.server.flask.application
File "/var/lib/openstack/lib/python3.12/site-packages/pymysql/connections.py", line 826, in _read_query_result
[Tue May 05 22:28:19.496033 2026] [wsgi:error] [pid 11:tid 139817853134528] [remote 10.0.0.14:54682] 2026-05-05 22:28:19.477 11 ERROR keystone.server.flask.application result.read()
[Tue May 05 22:28:19.496036 2026] [wsgi:error] [pid 11:tid 139817853134528] [remote 10.0.0.14:54682] 2026-05-05 22:28:19.477 11 ERROR keystone.server.flask.application
File "/var/lib/openstack/lib/python3.12/site-packages/pymysql/connections.py", line 1203, in read
[Tue May 05 22:28:19.496038 2026] [wsgi:error] [pid 11:tid 139817853134528] [remote 10.0.0.14:54682] 2026-05-05 22:28:19.477 11 ERROR keystone.server.flask.application first_packet = self.connection._read_packet()
[Tue May 05 22:28:19.496039 2026] [wsgi:error] [pid 11:tid 139817853134528] [remote 10.0.0.14:54682] 2026-05-05 22:28:19.477 11 ERROR keystone.server.flask.application ^^^^^^^^^^^^^^^^^^^^^^^^^^^^^^
[Tue May 05 22:28:19.496040 2026] [wsgi:error] [pid 11:tid 139817853134528] [remote 10.0.0.14:54682] 2026-05-05 22:28:19.477 11 ERROR keystone.server.flask.application
File "/var/lib/openstack/lib/python3.12/site-packages/pymysql/connections.py", line 782, in _read_packet
[Tue May 05 22:28:19.496042 2026] [wsgi:error] [pid 11:tid 139817853134528] [remote 10.0.0.14:54682] 2026-05-05 22:28:19.477 11 ERROR keystone.server.flask.application packet.raise_for_error()
[Tue May 05 22:28:19.496043 2026] [wsgi:error] [pid 11:tid 139817853134528] [remote 10.0.0.14:54682] 2026-05-05 22:28:19.477 11 ERROR keystone.server.flask.application
File "/var/lib/openstack/lib/python3.12/site-packages/pymysql/protocol.py", line 219, in raise_for_error
[Tue May 05 22:28:19.496045 2026] [wsgi:error] [pid 11:tid 139817853134528] [remote 10.0.0.14:54682] 2026-05-05 22:28:19.477 11 ERROR keystone.server.flask.application err.raise_mysql_exception(self._data)
[Tue May 05 22:28:19.496046 2026] [wsgi:error] [pid 11:tid 139817853134528] [remote 10.0.0.14:54682] 2026-05-05 22:28:19.477 11 ERROR keystone.server.flask.application
File "/var/lib/openstack/lib/python3.12/site-packages/pymysql/err.py", line 150, in raise_mysql_exception
[Tue May 05 22:28:19.496047 2026] [wsgi:error] [pid 11:tid 139817853134528] [remote 10.0.0.14:54682] 2026-05-05 22:28:19.477 11 ERROR keystone.server.flask.application raise errorclass(errno, errval)
[Tue May 05 22:28:19.496049 2026] [wsgi:error] [pid 11:tid 139817853134528] [remote 10.0.0.14:54682] 2026-05-05 22:28:19.477 11 ERROR keystone.server.flask.application pymysql.err.IntegrityError: (1062, "Duplicate entry '<>-service' for key 'project.ixu_project_name_domain_id'")
[Tue May 05 22:28:19.496051 2026] [wsgi:error] [pid 11:tid 139817853134528] [remote 10.0.0.14:54682] 2026-05-05 22:28:19.477 11 ERROR keystone.server.flask.application
[Tue May 05 22:28:19.496058 2026] [wsgi:error] [pid 11:tid 139817853134528] [remote 10.0.0.14:54682] 2026-05-05 22:28:19.477 11 ERROR keystone.server.flask.application The above exception was the direct cause of the following exception:
[Tue May 05 22:28:19.496060 2026] [wsgi:error] [pid 11:tid 139817853134528] [remote 10.0.0.14:54682] 2026-05-05 22:28:19.477 11 ERROR keystone.server.flask.application
[Tue May 05 22:28:19.496062 2026] [wsgi:error] [pid 11:tid 139817853134528] [remote 10.0.0.14:54682] 2026-05-05 22:28:19.477 11 ERROR keystone.server.flask.application
Traceback (most recent call last):
[Tue May 05 22:28:19.496063 2026] [wsgi:error] [pid 11:tid 139817853134528] [remote 10.0.0.14:54682] 2026-05-05 22:28:19.477 11 ERROR keystone.server.flask.application
File "/var/lib/openstack/lib/python3.12/site-packages/keystone/common/sql/core.py", line 575, in wrapper
[Tue May 05 22:28:19.496065 2026] [wsgi:error] [pid 11:tid 139817853134528] [remote 10.0.0.14:54682] 2026-05-05 22:28:19.477 11 ERROR keystone.server.flask.application return method(*args, **kwargs)
[Tue May 05 22:28:19.496067 2026] [wsgi:error] [pid 11:tid 139817853134528] [remote 10.0.0.14:54682] 2026-05-05 22:28:19.477 11 ERROR keystone.server.flask.application ^^^^^^^^^^^^^^^^^^^^^^^
[Tue May 05 22:28:19.496068 2026] [wsgi:error] [pid 11:tid 139817853134528] [remote 10.0.0.14:54682] 2026-05-05 22:28:19.477 11 ERROR keystone.server.flask.application
File "/var/lib/openstack/lib/python3.12/site-packages/keystone/resource/backends/sql.py", line 278, in create_project
[Tue May 05 22:28:19.496070 2026] [wsgi:error] [pid 11:tid 139817853134528] [remote 10.0.0.14:54682] 2026-05-05 22:28:19.477 11 ERROR keystone.server.flask.application with sql.session_for_write() as session:
[Tue May 05 22:28:19.496072 2026] [wsgi:error] [pid 11:tid 139817853134528] [remote 10.0.0.14:54682] 2026-05-05 22:28:19.477 11 ERROR keystone.server.flask.application
File "/usr/lib/python3.12/contextlib.py", line 144, in __exit__
[Tue May 05 22:28:19.496074 2026] [wsgi:error] [pid 11:tid 139817853134528] [remote 10.0.0.14:54682] 2026-05-05 22:28:19.477 11 ERROR keystone.server.flask.application next(self.gen)
[Tue May 05 22:28:19.496075 2026] [wsgi:error] [pid 11:tid 139817853134528] [remote 10.0.0.14:54682] 2026-05-05 22:28:19.477 11 ERROR keystone.server.flask.application
File "/var/lib/openstack/lib/python3.12/site-packages/oslo_db/sqlalchemy/enginefacade.py", line 1175, in _transaction_scope
[Tue May 05 22:28:19.496077 2026] [wsgi:error] [pid 11:tid 139817853134528] [remote 10.0.0.14:54682] 2026-05-05 22:28:19.477 11 ERROR keystone.server.flask.application with current._produce_block(
[Tue May 05 22:28:19.496080 2026] [wsgi:error] [pid 11:tid 139817853134528] [remote 10.0.0.14:54682] 2026-05-05 22:28:19.477 11 ERROR keystone.server.flask.application
File "/usr/lib/python3.12/contextlib.py", line 144, in __exit__
[Tue May 05 22:28:19.496082 2026] [wsgi:error] [pid 11:tid 139817853134528] [remote 10.0.0.14:54682] 2026-05-05 22:28:19.477 11 ERROR keystone.server.flask.application next(self.gen)
[Tue May 05 22:28:19.496094 2026] [wsgi:error] [pid 11:tid 139817853134528] [remote 10.0.0.14:54682] 2026-05-05 22:28:19.477 11 ERROR keystone.server.flask.application
File "/var/lib/openstack/lib/python3.12/site-packages/oslo_db/sqlalchemy/enginefacade.py", line 837, in _session
[Tue May 05 22:28:19.496096 2026] [wsgi:error] [pid 11:tid 139817853134528] [remote 10.0.0.14:54682] 2026-05-05 22:28:19.477 11 ERROR keystone.server.flask.application with excutils.save_and_reraise_exception():
[Tue May 05 22:28:19.496099 2026] [wsgi:error] [pid 11:tid 139817853134528] [remote 10.0.0.14:54682] 2026-05-05 22:28:19.477 11 ERROR keystone.server.flask.application
File "/var/lib/openstack/lib/python3.12/site-packages/oslo_utils/excutils.py", line 271, in __exit__
[Tue May 05 22:28:19.496102 2026] [wsgi:error] [pid 11:tid 139817853134528] [remote 10.0.0.14:54682] 2026-05-05 22:28:19.477 11 ERROR keystone.server.flask.application self.force_reraise()
[Tue May 05 22:28:19.496104 2026] [wsgi:error] [pid 11:tid 139817853134528] [remote 10.0.0.14:54682] 2026-05-05 22:28:19.477 11 ERROR keystone.server.flask.application
File "/var/lib/openstack/lib/python3.12/site-packages/oslo_utils/excutils.py", line 233, in force_reraise
[Tue May 05 22:28:19.496106 2026] [wsgi:error] [pid 11:tid 139817853134528] [remote 10.0.0.14:54682] 2026-05-05 22:28:19.477 11 ERROR keystone.server.flask.application raise self.value
[Tue May 05 22:28:19.496108 2026] [wsgi:error] [pid 11:tid 139817853134528] [remote 10.0.0.14:54682] 2026-05-05 22:28:19.477 11 ERROR keystone.server.flask.application
File "/var/lib/openstack/lib/python3.12/site-packages/oslo_db/sqlalchemy/enginefacade.py", line 835, in _session
[Tue May 05 22:28:19.496110 2026] [wsgi:error] [pid 11:tid 139817853134528] [remote 10.0.0.14:54682] 2026-05-05 22:28:19.477 11 ERROR keystone.server.flask.application self._end_session_transaction(self.session)
[Tue May 05 22:28:19.496112 2026] [wsgi:error] [pid 11:tid 139817853134528] [remote 10.0.0.14:54682] 2026-05-05 22:28:19.477 11 ERROR keystone.server.flask.application
File "/var/lib/openstack/lib/python3.12/site-packages/oslo_db/sqlalchemy/enginefacade.py", line 748, in _end_session_transaction
[Tue May 05 22:28:19.496115 2026] [wsgi:error] [pid 11:tid 139817853134528] [remote 10.0.0.14:54682] 2026-05-05 22:28:19.477 11 ERROR keystone.server.flask.application session.commit()
[Tue May 05 22:28:19.496117 2026] [wsgi:error] [pid 11:tid 139817853134528] [remote 10.0.0.14:54682] 2026-05-05 22:28:19.477 11 ERROR keystone.server.flask.application
File "/var/lib/openstack/lib/python3.12/site-packages/sqlalchemy/orm/session.py", line 2030, in commit
[Tue May 05 22:28:19.496119 2026] [wsgi:error] [pid 11:tid 139817853134528] [remote 10.0.0.14:54682] 2026-05-05 22:28:19.477 11 ERROR keystone.server.flask.application trans.commit(_to_root=True)
[Tue May 05 22:28:19.496121 2026] [wsgi:error] [pid 11:tid 139817853134528] [remote 10.0.0.14:54682] 2026-05-05 22:28:19.477 11 ERROR keystone.server.flask.application File "", line 2, in commit
[Tue May 05 22:28:19.496123 2026] [wsgi:error] [pid 11:tid 139817853134528] [remote 10.0.0.14:54682] 2026-05-05 22:28:19.477 11 ERROR keystone.server.flask.application
File "/var/lib/openstack/lib/python3.12/site-packages/sqlalchemy/orm/state_changes.py", line 137, in _go
[Tue May 05 22:28:19.496125 2026] [wsgi:error] [pid 11:tid 139817853134528] [remote 10.0.0.14:54682] 2026-05-05 22:28:19.477 11 ERROR keystone.server.flask.application ret_value = fn(self, *arg, **kw)
[Tue May 05 22:28:19.496127 2026] [wsgi:error] [pid 11:tid 139817853134528] [remote 10.0.0.14:54682] 2026-05-05 22:28:19.477 11 ERROR keystone.server.flask.application ^^^^^^^^^^^^^^^^^^^^
[Tue May 05 22:28:19.496129 2026] [wsgi:error] [pid 11:tid 139817853134528] [remote 10.0.0.14:54682] 2026-05-05 22:28:19.477 11 ERROR keystone.server.flask.application
File "/var/lib/openstack/lib/python3.12/site-packages/sqlalchemy/orm/session.py", line 1311, in commit
[Tue May 05 22:28:19.496131 2026] [wsgi:error] [pid 11:tid 139817853134528] [remote 10.0.0.14:54682] 2026-05-05 22:28:19.477 11 ERROR keystone.server.flask.application self._prepare_impl()
[Tue May 05 22:28:19.496132 2026] [wsgi:error] [pid 11:tid 139817853134528] [remote 10.0.0.14:54682] 2026-05-05 22:28:19.477 11 ERROR keystone.server.flask.application File "", line 2, in _prepare_impl
[Tue May 05 22:28:19.496134 2026] [wsgi:error] [pid 11:tid 139817853134528] [remote 10.0.0.14:54682] 2026-05-05 22:28:19.477 11 ERROR keystone.server.flask.application
File "/var/lib/openstack/lib/python3.12/site-packages/sqlalchemy/orm/state_changes.py", line 137, in _go
[Tue May 05 22:28:19.496136 2026] [wsgi:error] [pid 11:tid 139817853134528] [remote 10.0.0.14:54682] 2026-05-05 22:28:19.477 11 ERROR keystone.server.flask.application ret_value = fn(self, *arg, **kw)
[Tue May 05 22:28:19.496137 2026] [wsgi:error] [pid 11:tid 139817853134528] [remote 10.0.0.14:54682] 2026-05-05 22:28:19.477 11 ERROR keystone.server.flask.application ^^^^^^^^^^^^^^^^^^^^
[Tue May 05 22:28:19.496139 2026] [wsgi:error] [pid 11:tid 139817853134528] [remote 10.0.0.14:54682] 2026-05-05 22:28:19.477 11 ERROR keystone.server.flask.application
File "/var/lib/openstack/lib/python3.12/site-packages/sqlalchemy/orm/session.py", line 1286, in _prepare_impl
[Tue May 05 22:28:19.496142 2026] [wsgi:error] [pid 11:tid 139817853134528] [remote 10.0.0.14:54682] 2026-05-05 22:28:19.477 11 ERROR keystone.server.flask.application self.session.flush()
[Tue May 05 22:28:19.496145 2026] [wsgi:error] [pid 11:tid 139817853134528] [remote 10.0.0.14:54682] 2026-05-05 22:28:19.477 11 ERROR keystone.server.flask.application
File "/var/lib/openstack/lib/python3.12/site-packages/sqlalchemy/orm/session.py", line 4331, in flush
[Tue May 05 22:28:19.496147 2026] [wsgi:error] [pid 11:tid 139817853134528] [remote 10.0.0.14:54682] 2026-05-05 22:28:19.477 11 ERROR keystone.server.flask.application self._flush(objects)
[Tue May 05 22:28:19.496150 2026] [wsgi:error] [pid 11:tid 139817853134528] [remote 10.0.0.14:54682] 2026-05-05 22:28:19.477 11 ERROR keystone.server.flask.application
File "/var/lib/openstack/lib/python3.12/site-packages/sqlalchemy/orm/session.py", line 4466, in _flush
[Tue May 05 22:28:19.496152 2026] [wsgi:error] [pid 11:tid 139817853134528] [remote 10.0.0.14:54682] 2026-05-05 22:28:19.477 11 ERROR keystone.server.flask.application with util.safe_reraise():
[Tue May 05 22:28:19.496155 2026] [wsgi:error] [pid 11:tid 139817853134528] [remote 10.0.0.14:54682] 2026-05-05 22:28:19.477 11 ERROR keystone.server.flask.application
File "/var/lib/openstack/lib/python3.12/site-packages/sqlalchemy/util/langhelpers.py", line 121, in __exit__
[Tue May 05 22:28:19.496157 2026] [wsgi:error] [pid 11:tid 139817853134528] [remote 10.0.0.14:54682] 2026-05-05 22:28:19.477 11 ERROR keystone.server.flask.application raise exc_value.with_traceback(exc_tb)
[Tue May 05 22:28:19.496159 2026] [wsgi:error] [pid 11:tid 139817853134528] [remote 10.0.0.14:54682] 2026-05-05 22:28:19.477 11 ERROR keystone.server.flask.application
File "/var/lib/openstack/lib/python3.12/site-packages/sqlalchemy/orm/session.py", line 4427, in _flush
[Tue May 05 22:28:19.496162 2026] [wsgi:error] [pid 11:tid 139817853134528] [remote 10.0.0.14:54682] 2026-05-05 22:28:19.477 11 ERROR keystone.server.flask.application flush_context.execute()
[Tue May 05 22:28:19.496164 2026] [wsgi:error] [pid 11:tid 139817853134528] [remote 10.0.0.14:54682] 2026-05-05 22:28:19.477 11 ERROR keystone.server.flask.application
File "/var/lib/openstack/lib/python3.12/site-packages/sqlalchemy/orm/unitofwork.py", line 466, in execute
