2026-05-05 23:21:55.326 7 INFO neutron.db.ovn_revision_numbers_db [None req-f4fcebc6-b3de-44d3-98a0-146ad2d0186b 99237aaab7124f478d445bdf10b28b78 08cbd213a16b4d43890bbb3612c3cbf7 - - default default] Successfully bumped revision number for resource a951b271-12a0-4c1a-8bb2-b8f646467432 (type: security_group_rules) to 0
2026-05-05 23:21:55.338 7 INFO neutron.db.ovn_revision_numbers_db [None req-f4fcebc6-b3de-44d3-98a0-146ad2d0186b 99237aaab7124f478d445bdf10b28b78 08cbd213a16b4d43890bbb3612c3cbf7 - - default default] Successfully bumped revision number for resource b2f2d9c5-febb-4dd2-b320-7b146914e49d (type: security_group_rules) to 0 [pid: 7|app: 0|req: 729/1494] 10.0.0.232 () {32 vars in 774 bytes} [Tue May 5 23:21:55 2026] GET /v2.0/security-groups?tenant_id=9f885491929249ecbca78276d63c9684&name=default => generated 2925 bytes in 304 msecs (HTTP/1.1 200) 4 headers in 158 bytes (1 switches on core 0) [pid: 8|app: 0|req: 766/1495] 10.0.0.232 () {34 vars in 789 bytes} [Tue May 5 23:21:54 2026] PUT /v2.0/routers/26e72930-a4be-4be2-854f-0e3d2ae5c76c/remove_router_interface => generated 310 bytes in 582 msecs (HTTP/1.1 200) 4 headers in 157 bytes (1 switches on core 0) /var/lib/openstack/lib/python3.12/site-packages/pycadf/identifier.py:70: UserWarning: Invalid uuid: neutron. To ensure interoperability, identifiers should be a valid uuid. warnings.warn(('Invalid uuid: %s. To ensure interoperability, ' [pid: 8|app: 0|req: 767/1496] 10.0.0.232 () {32 vars in 740 bytes} [Tue May 5 23:21:55 2026] DELETE /v2.0/security-groups/c04d8848-e3af-4c1e-9cc6-ccd7d2755e4f => generated 0 bytes in 136 msecs (HTTP/1.1 204) 2 headers in 112 bytes (1 switches on core 0)
2026-05-05 23:21:55.543 7 INFO neutron.db.ovn_revision_numbers_db [None req-7e5ad1ac-7cc0-4e18-9202-3dbd91e065b1 61e24088e5384bdbb63bf0e3f8ba21a3 eb3aaa6727c94a45b6bd4a84fefca97e - - default default] Successfully bumped revision number for resource 8e013a01-c8aa-4618-ac27-7536f50c75c8 (type: security_groups) to 1
2026-05-05 23:21:55.555 7 INFO neutron.db.ovn_revision_numbers_db [None req-7e5ad1ac-7cc0-4e18-9202-3dbd91e065b1 61e24088e5384bdbb63bf0e3f8ba21a3 eb3aaa6727c94a45b6bd4a84fefca97e - - default default] Successfully bumped revision number for resource 8765853e-0db4-4540-ba16-a3bd3458bf67 (type: security_group_rules) to 0
2026-05-05 23:21:55.566 7 INFO neutron.db.ovn_revision_numbers_db [None req-7e5ad1ac-7cc0-4e18-9202-3dbd91e065b1 61e24088e5384bdbb63bf0e3f8ba21a3 eb3aaa6727c94a45b6bd4a84fefca97e - - default default] Successfully bumped revision number for resource b1e1179b-f1b6-4801-b8c1-a9b8059f9789 (type: security_group_rules) to 0 [pid: 8|app: 0|req: 768/1497] 10.0.0.232 () {32 vars in 717 bytes} [Tue May 5 23:21:55 2026] GET /v2.0/ports/c0a58ec6-b473-4120-b2f5-3e6607968fe7 => generated 947 bytes in 34 msecs (HTTP/1.1 200) 4 headers in 157 bytes (1 switches on core 0)
2026-05-05 23:21:55.579 7 INFO neutron.db.ovn_revision_numbers_db [None req-7e5ad1ac-7cc0-4e18-9202-3dbd91e065b1 61e24088e5384bdbb63bf0e3f8ba21a3 eb3aaa6727c94a45b6bd4a84fefca97e - - default default] Successfully bumped revision number for resource b828ad4f-5224-454e-8f27-b0386899409a (type: security_group_rules) to 0
2026-05-05 23:21:55.597 7 INFO neutron.db.ovn_revision_numbers_db [None req-7e5ad1ac-7cc0-4e18-9202-3dbd91e065b1 61e24088e5384bdbb63bf0e3f8ba21a3 eb3aaa6727c94a45b6bd4a84fefca97e - - default default] Successfully bumped revision number for resource d0c36020-a69d-4947-8dff-b911766ba617 (type: security_group_rules) to 0
2026-05-05 23:21:55.700 7 INFO neutron.db.segments_db [None req-7e5ad1ac-7cc0-4e18-9202-3dbd91e065b1 61e24088e5384bdbb63bf0e3f8ba21a3 eb3aaa6727c94a45b6bd4a84fefca97e - - default default] Added segment 5c2255f6-676d-40d3-b539-4a2040f68929 of type geneve for network b239e16b-53cb-498a-8621-b020a153b535
2026-05-05 23:21:55.806 7 INFO neutron.db.segments_db [None req-7e5ad1ac-7cc0-4e18-9202-3dbd91e065b1 61e24088e5384bdbb63bf0e3f8ba21a3 eb3aaa6727c94a45b6bd4a84fefca97e - - default default] Added segment 4d0b2bbc-543c-4ebf-a29c-c7ea4b01388d of type geneve for network bdbfba81-3e95-4959-8ae9-9fe75f538669
2026-05-05 23:21:55.897 8 INFO neutron_taas.services.taas.taas_plugin [None req-15dcf88d-733f-49c9-ab32-1ad6b454b488 3d45ca01bdb34504b2a5921a409864fc 6dab8e2380b84784ac5d4c56044b1084 - - default default] TaaS: Handle Delete Port: c0a58ec6-b473-4120-b2f5-3e6607968fe7
2026-05-05 23:21:55.904 8 INFO neutron_taas.services.taas.tap_mirror_plugin [None req-15dcf88d-733f-49c9-ab32-1ad6b454b488 3d45ca01bdb34504b2a5921a409864fc 6dab8e2380b84784ac5d4c56044b1084 - - default default] Tap Mirror: Handle Delete Port: c0a58ec6-b473-4120-b2f5-3e6607968fe7
2026-05-05 23:21:55.927 7 INFO neutron.db.ovn_revision_numbers_db [None req-7e5ad1ac-7cc0-4e18-9202-3dbd91e065b1 61e24088e5384bdbb63bf0e3f8ba21a3 eb3aaa6727c94a45b6bd4a84fefca97e - - default default] Successfully bumped revision number for resource b239e16b-53cb-498a-8621-b020a153b535 (type: networks) to 1
2026-05-05 23:21:56.106 7 WARNING neutron.scheduler.dhcp_agent_scheduler [None req-7e5ad1ac-7cc0-4e18-9202-3dbd91e065b1 61e24088e5384bdbb63bf0e3f8ba21a3 eb3aaa6727c94a45b6bd4a84fefca97e - - default default] No more DHCP agents
2026-05-05 23:21:56.107 7 WARNING neutron.api.rpc.agentnotifiers.dhcp_rpc_agent_api [None req-7e5ad1ac-7cc0-4e18-9202-3dbd91e065b1 61e24088e5384bdbb63bf0e3f8ba21a3 eb3aaa6727c94a45b6bd4a84fefca97e - - default default] Unable to schedule network b239e16b-53cb-498a-8621-b020a153b535: no agents available; will retry on subsequent port and subnet creation events.
2026-05-05 23:21:56.168 7 INFO neutron.db.ovn_revision_numbers_db [None req-7e5ad1ac-7cc0-4e18-9202-3dbd91e065b1 61e24088e5384bdbb63bf0e3f8ba21a3 eb3aaa6727c94a45b6bd4a84fefca97e - - default default] Successfully bumped revision number for resource 225d9b21-ae80-498d-9979-905c8ac7c8d2 (type: ports) to 1 [pid: 8|app: 0|req: 769/1498] 10.0.0.232 () {34 vars in 789 bytes} [Tue May 5 23:21:55 2026] PUT /v2.0/routers/26e72930-a4be-4be2-854f-0e3d2ae5c76c/remove_router_interface => generated 310 bytes in 602 msecs (HTTP/1.1 200) 4 headers in 157 bytes (1 switches on core 0)
2026-05-05 23:21:56.237 7 INFO neutron.db.ovn_revision_numbers_db [None req-7e5ad1ac-7cc0-4e18-9202-3dbd91e065b1 61e24088e5384bdbb63bf0e3f8ba21a3 eb3aaa6727c94a45b6bd4a84fefca97e - - default default] Successfully bumped revision number for resource bdbfba81-3e95-4959-8ae9-9fe75f538669 (type: networks) to 1 /var/lib/openstack/lib/python3.12/site-packages/pycadf/identifier.py:70: UserWarning: Invalid uuid: neutron. To ensure interoperability, identifiers should be a valid uuid. warnings.warn(('Invalid uuid: %s. To ensure interoperability, '
2026-05-05 23:21:56.374 7 WARNING neutron.scheduler.dhcp_agent_scheduler [None req-7e5ad1ac-7cc0-4e18-9202-3dbd91e065b1 61e24088e5384bdbb63bf0e3f8ba21a3 eb3aaa6727c94a45b6bd4a84fefca97e - - default default] No more DHCP agents
2026-05-05 23:21:56.375 7 WARNING neutron.api.rpc.agentnotifiers.dhcp_rpc_agent_api [None req-7e5ad1ac-7cc0-4e18-9202-3dbd91e065b1 61e24088e5384bdbb63bf0e3f8ba21a3 eb3aaa6727c94a45b6bd4a84fefca97e - - default default] Unable to schedule network bdbfba81-3e95-4959-8ae9-9fe75f538669: no agents available; will retry on subsequent port and subnet creation events. [pid: 8|app: 0|req: 770/1499] 10.0.0.183 () {28 vars in 585 bytes} [Tue May 5 23:21:56 2026] GET /v2.0/networks => generated 5335 bytes in 224 msecs (HTTP/1.1 200) 4 headers in 158 bytes (1 switches on core 0) [pid: 8|app: 0|req: 771/1500] 10.0.0.232 () {32 vars in 736 bytes} [Tue May 5 23:21:56 2026] GET /v2.0/ports?device_id=26e72930-a4be-4be2-854f-0e3d2ae5c76c => generated 12 bytes in 33 msecs (HTTP/1.1 200) 4 headers in 156 bytes (1 switches on core 0)
2026-05-05 23:21:56.459 7 INFO neutron.db.ovn_revision_numbers_db [None req-7e5ad1ac-7cc0-4e18-9202-3dbd91e065b1 61e24088e5384bdbb63bf0e3f8ba21a3 eb3aaa6727c94a45b6bd4a84fefca97e - - default default] Successfully bumped revision number for resource 79e2c186-f908-4c7c-b53e-2fd5235bbdc9 (type: ports) to 1 [pid: 8|app: 0|req: 772/1501] 10.0.0.183 () {28 vars in 583 bytes} [Tue May 5 23:21:56 2026] GET /v2.0/subnets => generated 2625 bytes in 33 msecs (HTTP/1.1 200) 4 headers in 158 bytes (1 switches on core 0) [pid: 7|app: 0|req: 730/1502] 10.0.0.232 () {34 vars in 670 bytes} [Tue May 5 23:21:55 2026] POST /v2.0/networks => generated 1322 bytes in 1103 msecs (HTTP/1.1 201) 4 headers in 163 bytes (1 switches on core 0) [pid: 7|app: 0|req: 731/1503] 10.0.0.183 () {28 vars in 591 bytes} [Tue May 5 23:21:56 2026] GET /v2.0/subnetpools => generated 19 bytes in 10 msecs (HTTP/1.1 200) 4 headers in 156 bytes (1 switches on core 0) [pid: 7|app: 0|req: 732/1504] 10.0.0.232 () {32 vars in 649 bytes} [Tue May 5 23:21:56 2026] GET /v2.0/networks => generated 1971 bytes in 40 msecs (HTTP/1.1 200) 4 headers in 158 bytes (1 switches on core 0) [pid: 7|app: 0|req: 733/1505] 10.0.0.183 () {28 vars in 583 bytes} [Tue May 5 23:21:56 2026] GET /v2.0/subnets => generated 2625 bytes in 26 msecs (HTTP/1.1 200) 4 headers in 158 bytes (1 switches on core 0) [pid: 8|app: 0|req: 773/1506] 10.0.0.232 () {32 vars in 724 bytes} [Tue May 5 23:21:56 2026] DELETE /v2.0/routers/26e72930-a4be-4be2-854f-0e3d2ae5c76c => generated 0 bytes in 214 msecs (HTTP/1.1 204) 2 headers in 112 bytes (1 switches on core 0)
2026-05-05 23:21:56.684 7 WARNING neutron.db.securitygroups_db [None req-1d850e2b-7ee3-438e-b397-a6dc3f84c3c0 99237aaab7124f478d445bdf10b28b78 08cbd213a16b4d43890bbb3612c3cbf7 - - default default] project_id key not found in filters, using tenant_id instead. This support has been deprecated and will be removed in a future release.
2026-05-05 23:21:56.808 7 INFO neutron.db.ovn_revision_numbers_db [None req-1d850e2b-7ee3-438e-b397-a6dc3f84c3c0 99237aaab7124f478d445bdf10b28b78 08cbd213a16b4d43890bbb3612c3cbf7 - - default default] Successfully bumped revision number for resource 5541ae91-5985-4709-9e5a-7d1d8ed282b4 (type: security_groups) to 1
2026-05-05 23:21:56.809 8 INFO neutron_taas.services.taas.taas_plugin [None req-d7216778-f6c3-4099-a68f-36f14bbd87b1 61e24088e5384bdbb63bf0e3f8ba21a3 eb3aaa6727c94a45b6bd4a84fefca97e - - default default] TaaS: Handle Delete Port: 225d9b21-ae80-498d-9979-905c8ac7c8d2
2026-05-05 23:21:56.813 8 INFO neutron_taas.services.taas.tap_mirror_plugin [None req-d7216778-f6c3-4099-a68f-36f14bbd87b1 61e24088e5384bdbb63bf0e3f8ba21a3 eb3aaa6727c94a45b6bd4a84fefca97e - - default default] Tap Mirror: Handle Delete Port: 225d9b21-ae80-498d-9979-905c8ac7c8d2
2026-05-05 23:21:56.822 7 INFO neutron.db.ovn_revision_numbers_db [None req-1d850e2b-7ee3-438e-b397-a6dc3f84c3c0 99237aaab7124f478d445bdf10b28b78 08cbd213a16b4d43890bbb3612c3cbf7 - - default default] Successfully bumped revision number for resource 16ef1333-f9c0-4fc7-93bc-171a1b6d41db (type: security_group_rules) to 0
2026-05-05 23:21:56.836 7 INFO neutron.db.ovn_revision_numbers_db [None req-1d850e2b-7ee3-438e-b397-a6dc3f84c3c0 99237aaab7124f478d445bdf10b28b78 08cbd213a16b4d43890bbb3612c3cbf7 - - default default] Successfully bumped revision number for resource 2ba13e00-1f47-4819-9462-080754e9039c (type: security_group_rules) to 0
2026-05-05 23:21:56.849 7 INFO neutron.db.ovn_revision_numbers_db [None req-1d850e2b-7ee3-438e-b397-a6dc3f84c3c0 99237aaab7124f478d445bdf10b28b78 08cbd213a16b4d43890bbb3612c3cbf7 - - default default] Successfully bumped revision number for resource 80ccf312-c0df-484c-9589-d0231cbfed8d (type: security_group_rules) to 0
2026-05-05 23:21:56.860 7 INFO neutron.db.ovn_revision_numbers_db [None req-1d850e2b-7ee3-438e-b397-a6dc3f84c3c0 99237aaab7124f478d445bdf10b28b78 08cbd213a16b4d43890bbb3612c3cbf7 - - default default] Successfully bumped revision number for resource b70ed8c3-19ec-47e2-8d33-e7e9ed83f4f3 (type: security_group_rules) to 0 [pid: 7|app: 0|req: 734/1507] 10.0.0.232 () {32 vars in 774 bytes} [Tue May 5 23:21:56 2026] GET /v2.0/security-groups?tenant_id=0d43f6253b6e4685a16c552bf1e27d03&name=default => generated 2925 bytes in 339 msecs (HTTP/1.1 200) 4 headers in 158 bytes (1 switches on core 0) [pid: 7|app: 0|req: 735/1508] 10.0.0.183 () {28 vars in 583 bytes} [Tue May 5 23:21:56 2026] GET /v2.0/routers => generated 15 bytes in 14 msecs (HTTP/1.1 200) 4 headers in 156 bytes (1 switches on core 0)
2026-05-05 23:21:57.027 8 INFO neutron.services.segments.plugin [-] Segment 5c2255f6-676d-40d3-b539-4a2040f68929 resource provider aggregate not found
2026-05-05 23:21:57.030 8 INFO neutron.services.segments.plugin [-] Segment 5c2255f6-676d-40d3-b539-4a2040f68929 resource provider aggregate not found
2026-05-05 23:21:57.046 8 INFO neutron.services.segments.plugin [-] Segment 5c2255f6-676d-40d3-b539-4a2040f68929 resource provider not found; error: Placement Client Error (4xx): {"errors": [{"status": 404, "title": "Not Found", "detail": "The resource could not be found.\n\n No resource provider with uuid 5c2255f6-676d-40d3-b539-4a2040f68929 found for delete ", "request_id": "req-0e6469b5-bf6f-4a4d-89dc-ba0acdb1f69d"}]}
2026-05-05 23:21:57.052 8 INFO neutron.services.segments.plugin [-] Segment 5c2255f6-676d-40d3-b539-4a2040f68929 resource provider not found; error: Placement Client Error (4xx): {"errors": [{"status": 404, "title": "Not Found", "detail": "The resource could not be found.\n\n No resource provider with uuid 5c2255f6-676d-40d3-b539-4a2040f68929 found for delete ", "request_id": "req-5b8b9ef8-d29c-430e-aa4b-2a7431f0fdb3"}]} [pid: 8|app: 0|req: 774/1509] 10.0.0.232 () {32 vars in 726 bytes} [Tue May 5 23:21:56 2026] DELETE /v2.0/networks/b239e16b-53cb-498a-8621-b020a153b535 => generated 0 bytes in 388 msecs (HTTP/1.1 204) 3 headers in 131 bytes (1 switches on core 0) [pid: 7|app: 0|req: 736/1510] 10.0.0.232 () {32 vars in 724 bytes} [Tue May 5 23:21:56 2026] DELETE /v2.0/subnets/2bb73aeb-060d-43c6-b643-708f0f2a4a3f => generated 0 bytes in 161 msecs (HTTP/1.1 204) 3 headers in 131 bytes (1 switches on core 0) [pid: 7|app: 0|req: 737/1511] 10.0.0.183 () {28 vars in 624 bytes} [Tue May 5 23:21:57 2026] GET /v2.0/agents?binary=ovn-controller => generated 416 bytes in 9 msecs (HTTP/1.1 200) 4 headers in 157 bytes (1 switches on core 0)
2026-05-05 23:21:57.175 7 INFO neutron_taas.services.taas.taas_plugin [None req-1cccc171-5b5a-4898-b052-0a40f775b77e 61e24088e5384bdbb63bf0e3f8ba21a3 eb3aaa6727c94a45b6bd4a84fefca97e - - default default] TaaS: Handle Delete Port: 79e2c186-f908-4c7c-b53e-2fd5235bbdc9
2026-05-05 23:21:57.177 7 INFO neutron_taas.services.taas.tap_mirror_plugin [None req-1cccc171-5b5a-4898-b052-0a40f775b77e 61e24088e5384bdbb63bf0e3f8ba21a3 eb3aaa6727c94a45b6bd4a84fefca97e - - default default] Tap Mirror: Handle Delete Port: 79e2c186-f908-4c7c-b53e-2fd5235bbdc9 [pid: 8|app: 0|req: 775/1512] 10.0.0.232 () {32 vars in 740 bytes} [Tue May 5 23:21:57 2026] DELETE /v2.0/security-groups/5541ae91-5985-4709-9e5a-7d1d8ed282b4 => generated 0 bytes in 154 msecs (HTTP/1.1 204) 2 headers in 112 bytes (1 switches on core 0)
2026-05-05 23:21:57.340 7 INFO neutron.services.segments.plugin [-] Segment 4d0b2bbc-543c-4ebf-a29c-c7ea4b01388d resource provider aggregate not found
2026-05-05 23:21:57.346 7 INFO neutron.services.segments.plugin [-] Segment 4d0b2bbc-543c-4ebf-a29c-c7ea4b01388d resource provider aggregate not found
2026-05-05 23:21:57.365 7 INFO neutron.services.segments.plugin [-] Segment 4d0b2bbc-543c-4ebf-a29c-c7ea4b01388d resource provider not found; error: Placement Client Error (4xx): {"errors": [{"status": 404, "title": "Not Found", "detail": "The resource could not be found.\n\n No resource provider with uuid 4d0b2bbc-543c-4ebf-a29c-c7ea4b01388d found for delete ", "request_id": "req-e1502dba-5b53-4084-ac3a-80e55e6a6d06"}]}
2026-05-05 23:21:57.369 7 INFO neutron.services.segments.plugin [-] Segment 4d0b2bbc-543c-4ebf-a29c-c7ea4b01388d resource provider not found; error: Placement Client Error (4xx): {"errors": [{"status": 404, "title": "Not Found", "detail": "The resource could not be found.\n\n No resource provider with uuid 4d0b2bbc-543c-4ebf-a29c-c7ea4b01388d found for delete ", "request_id": "req-890dcb71-d028-45e3-8ca7-9bff7ccf03a1"}]} [pid: 8|app: 0|req: 776/1513] 10.0.0.232 () {32 vars in 724 bytes} [Tue May 5 23:21:57 2026] DELETE /v2.0/subnets/eed3e8e2-4be1-48c3-9852-85a1f0d55558 => generated 0 bytes in 146 msecs (HTTP/1.1 204) 3 headers in 131 bytes (1 switches on core 0) [pid: 8|app: 0|req: 777/1514] 10.0.0.183 () {28 vars in 581 bytes} [Tue May 5 23:21:57 2026] GET /v2.0/agents => generated 1214 bytes in 10 msecs (HTTP/1.1 200) 4 headers in 158 bytes (1 switches on core 0) [pid: 7|app: 0|req: 738/1515] 10.0.0.232 () {32 vars in 726 bytes} [Tue May 5 23:21:57 2026] DELETE /v2.0/networks/bdbfba81-3e95-4959-8ae9-9fe75f538669 => generated 0 bytes in 301 msecs (HTTP/1.1 204) 3 headers in 131 bytes (1 switches on core 0) [pid: 7|app: 0|req: 739/1516] 10.0.0.183 () {28 vars in 619 bytes} [Tue May 5 23:21:57 2026] GET /v2.0/network-ip-availabilities => generated 2703 bytes in 15 msecs (HTTP/1.1 200) 4 headers in 158 bytes (1 switches on core 0) [pid: 7|app: 0|req: 740/1517] 10.0.0.232 () {32 vars in 649 bytes} [Tue May 5 23:21:57 2026] GET /v2.0/networks => generated 689 bytes in 33 msecs (HTTP/1.1 200) 4 headers in 157 bytes (1 switches on core 0) [pid: 7|app: 0|req: 741/1518] 10.0.0.183 () {28 vars in 591 bytes} [Tue May 5 23:21:57 2026] GET /v2.0/floatingips => generated 19 bytes in 14 msecs (HTTP/1.1 200) 4 headers in 156 bytes (1 switches on core 0) [pid: 7|app: 0|req: 742/1519] 10.0.0.183 () {28 vars in 599 bytes} [Tue May 5 23:21:57 2026] GET /v2.0/security-groups => generated 23205 bytes in 37 msecs (HTTP/1.1 200) 4 headers in 159 bytes (1 switches on core 0)
2026-05-05 23:21:57.493 8 INFO neutron_taas.services.taas.taas_plugin [None req-4a245c53-ed92-40f0-a329-a0f2ab12656b 3d45ca01bdb34504b2a5921a409864fc 6dab8e2380b84784ac5d4c56044b1084 - - default default] TaaS: Handle Delete Port: af1c62cf-e20e-4f47-9481-73196980ecfb
2026-05-05 23:21:57.496 8 INFO neutron_taas.services.taas.tap_mirror_plugin [None req-4a245c53-ed92-40f0-a329-a0f2ab12656b 3d45ca01bdb34504b2a5921a409864fc 6dab8e2380b84784ac5d4c56044b1084 - - default default] Tap Mirror: Handle Delete Port: af1c62cf-e20e-4f47-9481-73196980ecfb
2026-05-05 23:21:57.573 7 INFO neutron.db.segments_db [None req-e90de6e1-3a97-45f4-9a8f-f281d3a69026 61e24088e5384bdbb63bf0e3f8ba21a3 eb3aaa6727c94a45b6bd4a84fefca97e - - default default] Added segment 5511e808-912e-49ea-9737-8f1b6eee18ab of type geneve for network 19492f76-f068-4b85-b034-10671ef8b56e
2026-05-05 23:21:57.700 7 INFO neutron.db.ovn_revision_numbers_db [None req-e90de6e1-3a97-45f4-9a8f-f281d3a69026 61e24088e5384bdbb63bf0e3f8ba21a3 eb3aaa6727c94a45b6bd4a84fefca97e - - default default] Successfully bumped revision number for resource 19492f76-f068-4b85-b034-10671ef8b56e (type: networks) to 1 [pid: 8|app: 0|req: 778/1520] 10.0.0.232 () {32 vars in 726 bytes} [Tue May 5 23:21:57 2026] DELETE /v2.0/networks/2d5a4522-af13-401a-99e1-56d79639e73e => generated 0 bytes in 335 msecs (HTTP/1.1 204) 3 headers in 131 bytes (1 switches on core 0) [pid: 8|app: 0|req: 779/1521] 10.0.0.183 () {28 vars in 579 bytes} [Tue May 5 23:21:57 2026] GET /v2.0/ports => generated 6093 bytes in 53 msecs (HTTP/1.1 200) 4 headers in 158 bytes (1 switches on core 0)
2026-05-05 23:21:57.852 7 WARNING neutron.scheduler.dhcp_agent_scheduler [None req-e90de6e1-3a97-45f4-9a8f-f281d3a69026 61e24088e5384bdbb63bf0e3f8ba21a3 eb3aaa6727c94a45b6bd4a84fefca97e - - default default] No more DHCP agents
2026-05-05 23:21:57.853 7 WARNING neutron.api.rpc.agentnotifiers.dhcp_rpc_agent_api [None req-e90de6e1-3a97-45f4-9a8f-f281d3a69026 61e24088e5384bdbb63bf0e3f8ba21a3 eb3aaa6727c94a45b6bd4a84fefca97e - - default default] Unable to schedule network 19492f76-f068-4b85-b034-10671ef8b56e: no agents available; will retry on subsequent port and subnet creation events.
2026-05-05 23:21:57.871 8 INFO neutron_taas.services.taas.taas_plugin [None req-eb0e04db-8329-4ddc-985e-bd95a90a9ab3 3d45ca01bdb34504b2a5921a409864fc 6dab8e2380b84784ac5d4c56044b1084 - - default default] TaaS: Handle Delete Port: 53607ab8-801b-4bcd-8bb5-daca44886813
2026-05-05 23:21:57.873 8 INFO neutron_taas.services.taas.tap_mirror_plugin [None req-eb0e04db-8329-4ddc-985e-bd95a90a9ab3 3d45ca01bdb34504b2a5921a409864fc 6dab8e2380b84784ac5d4c56044b1084 - - default default] Tap Mirror: Handle Delete Port: 53607ab8-801b-4bcd-8bb5-daca44886813
2026-05-05 23:21:57.927 7 INFO neutron.db.ovn_revision_numbers_db [None req-e90de6e1-3a97-45f4-9a8f-f281d3a69026 61e24088e5384bdbb63bf0e3f8ba21a3 eb3aaa6727c94a45b6bd4a84fefca97e - - default default] Successfully bumped revision number for resource 23897dbb-e079-4e2c-b2e6-39e0602f6bdd (type: ports) to 1 [pid: 7|app: 0|req: 743/1522] 10.0.0.232 () {34 vars in 670 bytes} [Tue May 5 23:21:57 2026] POST /v2.0/networks => generated 691 bytes in 464 msecs (HTTP/1.1 201) 4 headers in 162 bytes (1 switches on core 0) [pid: 8|app: 0|req: 780/1523] 10.0.0.232 () {32 vars in 726 bytes} [Tue May 5 23:21:57 2026] DELETE /v2.0/networks/2a8acf65-39a9-4059-80b0-a1b1a7bdd429 => generated 0 bytes in 263 msecs (HTTP/1.1 204) 3 headers in 131 bytes (1 switches on core 0)
2026-05-05 23:21:58.059 7 WARNING neutron.db.securitygroups_db [None req-79a28130-681e-4386-8c8b-cdadb05c48c4 99237aaab7124f478d445bdf10b28b78 08cbd213a16b4d43890bbb3612c3cbf7 - - default default] project_id key not found in filters, using tenant_id instead. This support has been deprecated and will be removed in a future release.
2026-05-05 23:21:58.111 8 INFO neutron.db.segments_db [None req-1a17cf36-f7bb-47dc-aced-390de8ebdcc5 61e24088e5384bdbb63bf0e3f8ba21a3 eb3aaa6727c94a45b6bd4a84fefca97e - - default default] Added segment efded72a-d9e3-4d3b-b14b-8d21461a4c8e of type geneve for network 95388f98-5175-4f4c-9d83-a8c3ff33578d
2026-05-05 23:21:58.158 7 INFO neutron.db.ovn_revision_numbers_db [None req-79a28130-681e-4386-8c8b-cdadb05c48c4 99237aaab7124f478d445bdf10b28b78 08cbd213a16b4d43890bbb3612c3cbf7 - - default default] Successfully bumped revision number for resource 041cc9d8-0cfc-4033-b7f0-ba480ef83993 (type: security_groups) to 1
2026-05-05 23:21:58.170 7 INFO neutron.db.ovn_revision_numbers_db [None req-79a28130-681e-4386-8c8b-cdadb05c48c4 99237aaab7124f478d445bdf10b28b78 08cbd213a16b4d43890bbb3612c3cbf7 - - default default] Successfully bumped revision number for resource 1e6d0419-4988-44d7-8904-61f530a2f660 (type: security_group_rules) to 0
2026-05-05 23:21:58.186 7 INFO neutron.db.ovn_revision_numbers_db [None req-79a28130-681e-4386-8c8b-cdadb05c48c4 99237aaab7124f478d445bdf10b28b78 08cbd213a16b4d43890bbb3612c3cbf7 - - default default] Successfully bumped revision number for resource f3aa5075-88b2-4125-a8c7-6fef28e96647 (type: security_group_rules) to 0
2026-05-05 23:21:58.198 7 INFO neutron.db.ovn_revision_numbers_db [None req-79a28130-681e-4386-8c8b-cdadb05c48c4 99237aaab7124f478d445bdf10b28b78 08cbd213a16b4d43890bbb3612c3cbf7 - - default default] Successfully bumped revision number for resource f72d8075-dfeb-41e8-bac3-6f449e5c935e (type: security_group_rules) to 0
2026-05-05 23:21:58.202 8 INFO neutron.db.ovn_revision_numbers_db [None req-1a17cf36-f7bb-47dc-aced-390de8ebdcc5 61e24088e5384bdbb63bf0e3f8ba21a3 eb3aaa6727c94a45b6bd4a84fefca97e - - default default] Successfully bumped revision number for resource 95388f98-5175-4f4c-9d83-a8c3ff33578d (type: networks) to 1
2026-05-05 23:21:58.207 7 INFO neutron.db.ovn_revision_numbers_db [None req-79a28130-681e-4386-8c8b-cdadb05c48c4 99237aaab7124f478d445bdf10b28b78 08cbd213a16b4d43890bbb3612c3cbf7 - - default default] Successfully bumped revision number for resource fa858f68-b512-4ef6-9b4f-d32e3f58f4d9 (type: security_group_rules) to 0 [pid: 7|app: 0|req: 744/1524] 10.0.0.232 () {32 vars in 774 bytes} [Tue May 5 23:21:57 2026] GET /v2.0/security-groups?tenant_id=1ef0dc5f05e142e4820c66d7175a8751&name=default => generated 2925 bytes in 289 msecs (HTTP/1.1 200) 4 headers in 158 bytes (1 switches on core 0)
2026-05-05 23:21:58.346 7 INFO neutron.db.segments_db [None req-1665b413-5e69-4a83-a5b3-13604cc890cb 3d45ca01bdb34504b2a5921a409864fc 6dab8e2380b84784ac5d4c56044b1084 - - default default] Added segment ab02d32d-e83c-46e2-b68f-7c3e7b4e9dc5 of type geneve for network 149c9d7e-8bd9-4edc-8870-fb5431011fef
2026-05-05 23:21:58.364 8 WARNING neutron.scheduler.dhcp_agent_scheduler [None req-1a17cf36-f7bb-47dc-aced-390de8ebdcc5 61e24088e5384bdbb63bf0e3f8ba21a3 eb3aaa6727c94a45b6bd4a84fefca97e - - default default] No more DHCP agents
2026-05-05 23:21:58.365 8 WARNING neutron.api.rpc.agentnotifiers.dhcp_rpc_agent_api [None req-1a17cf36-f7bb-47dc-aced-390de8ebdcc5 61e24088e5384bdbb63bf0e3f8ba21a3 eb3aaa6727c94a45b6bd4a84fefca97e - - default default] Unable to schedule network 95388f98-5175-4f4c-9d83-a8c3ff33578d: no agents available; will retry on subsequent port and subnet creation events.
2026-05-05 23:21:58.455 8 INFO neutron.db.ovn_revision_numbers_db [None req-1a17cf36-f7bb-47dc-aced-390de8ebdcc5 61e24088e5384bdbb63bf0e3f8ba21a3 eb3aaa6727c94a45b6bd4a84fefca97e - - default default] Successfully bumped revision number for resource fa0310d8-9930-4d09-863a-8bba2a01ece9 (type: ports) to 1
2026-05-05 23:21:58.463 7 INFO neutron.db.ovn_revision_numbers_db [None req-1665b413-5e69-4a83-a5b3-13604cc890cb 3d45ca01bdb34504b2a5921a409864fc 6dab8e2380b84784ac5d4c56044b1084 - - default default] Successfully bumped revision number for resource 149c9d7e-8bd9-4edc-8870-fb5431011fef (type: networks) to 1 [pid: 8|app: 0|req: 781/1525] 10.0.0.232 () {34 vars in 670 bytes} [Tue May 5 23:21:58 2026] POST /v2.0/networks => generated 691 bytes in 441 msecs (HTTP/1.1 201) 4 headers in 162 bytes (1 switches on core 0)
2026-05-05 23:21:58.564 8 WARNING neutron.plugins.ml2.drivers.ovn.mech_driver.ovsdb.ovn_client [None req-7659796f-a11e-484f-ba9a-876ce015d694 - - - - - -] No port found with ID c0a58ec6-b473-4120-b2f5-3e6607968fe7: RuntimeError: No port found with ID c0a58ec6-b473-4120-b2f5-3e6607968fe7
2026-05-05 23:21:58.592 8 INFO neutron.plugins.ml2.drivers.ovn.mech_driver.mech_driver [None req-7659796f-a11e-484f-ba9a-876ce015d694 - - - - - -] OVN reports status down for port: 225d9b21-ae80-498d-9979-905c8ac7c8d2
2026-05-05 23:21:58.605 8 INFO neutron.plugins.ml2.drivers.ovn.mech_driver.mech_driver [None req-7659796f-a11e-484f-ba9a-876ce015d694 - - - - - -] OVN reports status down for port: 79e2c186-f908-4c7c-b53e-2fd5235bbdc9
2026-05-05 23:21:58.617 8 INFO neutron.plugins.ml2.drivers.ovn.mech_driver.mech_driver [None req-7659796f-a11e-484f-ba9a-876ce015d694 - - - - - -] OVN reports status down for port: 23897dbb-e079-4e2c-b2e6-39e0602f6bdd
2026-05-05 23:21:58.669 7 WARNING neutron.scheduler.dhcp_agent_scheduler [None req-1665b413-5e69-4a83-a5b3-13604cc890cb 3d45ca01bdb34504b2a5921a409864fc 6dab8e2380b84784ac5d4c56044b1084 - - default default] No more DHCP agents
2026-05-05 23:21:58.671 7 WARNING neutron.api.rpc.agentnotifiers.dhcp_rpc_agent_api [None req-1665b413-5e69-4a83-a5b3-13604cc890cb 3d45ca01bdb34504b2a5921a409864fc 6dab8e2380b84784ac5d4c56044b1084 - - default default] Unable to schedule network 149c9d7e-8bd9-4edc-8870-fb5431011fef: no agents available; will retry on subsequent port and subnet creation events.
2026-05-05 23:21:58.693 8 INFO neutron.plugins.ml2.drivers.ovn.mech_driver.mech_driver [None req-7659796f-a11e-484f-ba9a-876ce015d694 - - - - - -] OVN reports status down for port: fa0310d8-9930-4d09-863a-8bba2a01ece9 [pid: 8|app: 0|req: 782/1526] 10.0.0.232 () {32 vars in 740 bytes} [Tue May 5 23:21:58 2026] DELETE /v2.0/security-groups/041cc9d8-0cfc-4033-b7f0-ba480ef83993 => generated 0 bytes in 230 msecs (HTTP/1.1 204) 2 headers in 112 bytes (1 switches on core 0)
2026-05-05 23:21:58.763 7 INFO neutron.db.ovn_revision_numbers_db [None req-1665b413-5e69-4a83-a5b3-13604cc890cb 3d45ca01bdb34504b2a5921a409864fc 6dab8e2380b84784ac5d4c56044b1084 - - default default] Successfully bumped revision number for resource 7a392728-a230-4ff7-a219-3566bb33b777 (type: ports) to 1 [pid: 7|app: 0|req: 745/1527] 10.0.0.232 () {34 vars in 670 bytes} [Tue May 5 23:21:58 2026] POST /v2.0/networks => generated 672 bytes in 543 msecs (HTTP/1.1 201) 4 headers in 162 bytes (1 switches on core 0)
2026-05-05 23:21:58.825 8 INFO neutron.plugins.ml2.drivers.ovn.mech_driver.mech_driver [None req-7659796f-a11e-484f-ba9a-876ce015d694 - - - - - -] OVN reports status down for port: 7a392728-a230-4ff7-a219-3566bb33b777
2026-05-05 23:21:58.946 7 WARNING neutron.scheduler.dhcp_agent_scheduler [None req-24cab608-4e15-4626-8b41-3a392c6ac190 3d45ca01bdb34504b2a5921a409864fc 6dab8e2380b84784ac5d4c56044b1084 - - default default] No more DHCP agents
2026-05-05 23:21:58.947 7 WARNING neutron.api.rpc.agentnotifiers.dhcp_rpc_agent_api [None req-24cab608-4e15-4626-8b41-3a392c6ac190 3d45ca01bdb34504b2a5921a409864fc 6dab8e2380b84784ac5d4c56044b1084 - - default default] Unable to schedule network 149c9d7e-8bd9-4edc-8870-fb5431011fef: no agents available; will retry on subsequent port and subnet creation events.
2026-05-05 23:21:58.973 7 INFO neutron.db.ovn_revision_numbers_db [None req-24cab608-4e15-4626-8b41-3a392c6ac190 3d45ca01bdb34504b2a5921a409864fc 6dab8e2380b84784ac5d4c56044b1084 - - default default] Successfully bumped revision number for resource b4c1c597-3ebe-41f7-82a3-6df458bd1583 (type: subnets) to 0 [pid: 7|app: 0|req: 746/1528] 10.0.0.232 () {34 vars in 669 bytes} [Tue May 5 23:21:58 2026] POST /v2.0/subnets => generated 646 bytes in 198 msecs (HTTP/1.1 201) 4 headers in 162 bytes (1 switches on core 0)
2026-05-05 23:21:59.076 8 INFO neutron.services.segments.plugin [-] Segment 811d9395-6a0a-4bf6-ae79-29724f56331f resource provider aggregate not found
2026-05-05 23:21:59.083 8 INFO neutron.services.segments.plugin [-] Segment 811d9395-6a0a-4bf6-ae79-29724f56331f resource provider aggregate not found
2026-05-05 23:21:59.098 8 INFO neutron.services.segments.plugin [-] Segment 811d9395-6a0a-4bf6-ae79-29724f56331f resource provider not found; error: Placement Client Error (4xx): {"errors": [{"status": 404, "title": "Not Found", "detail": "The resource could not be found.\n\n No resource provider with uuid 811d9395-6a0a-4bf6-ae79-29724f56331f found for delete ", "request_id": "req-1a5e0c8a-a515-4294-960e-1a68232746dc"}]}
2026-05-05 23:21:59.101 7 INFO neutron.db.ovn_revision_numbers_db [None req-631c8bb2-81bb-4ba8-b367-d40c7f63f2e3 3d45ca01bdb34504b2a5921a409864fc 6dab8e2380b84784ac5d4c56044b1084 - - default default] Successfully bumped revision number for resource cde3dce8-8a80-42dc-bb48-a2592cda948d (type: routers) to 1
2026-05-05 23:21:59.104 8 INFO neutron.services.segments.plugin [-] Segment 811d9395-6a0a-4bf6-ae79-29724f56331f resource provider not found; error: Placement Client Error (4xx): {"errors": [{"status": 404, "title": "Not Found", "detail": "The resource could not be found.\n\n No resource provider with uuid 811d9395-6a0a-4bf6-ae79-29724f56331f found for delete ", "request_id": "req-c8c2b361-cdf0-42f4-b50b-92fdd7f9e09e"}]} [pid: 7|app: 0|req: 747/1529] 10.0.0.232 () {34 vars in 669 bytes} [Tue May 5 23:21:58 2026] POST /v2.0/routers => generated 627 bytes in 124 msecs (HTTP/1.1 201) 4 headers in 162 bytes (1 switches on core 0)
2026-05-05 23:21:59.123 8 INFO neutron.services.segments.plugin [-] Segment d42120c8-b51c-47fa-8143-c162b87e7c43 resource provider aggregate not found
2026-05-05 23:21:59.131 8 INFO neutron.services.segments.plugin [-] Segment d42120c8-b51c-47fa-8143-c162b87e7c43 resource provider aggregate not found
2026-05-05 23:21:59.147 8 INFO neutron.services.segments.plugin [-] Segment d42120c8-b51c-47fa-8143-c162b87e7c43 resource provider not found; error: Placement Client Error (4xx): {"errors": [{"status": 404, "title": "Not Found", "detail": "The resource could not be found.\n\n No resource provider with uuid d42120c8-b51c-47fa-8143-c162b87e7c43 found for delete ", "request_id": "req-acad044d-1020-48d0-86bd-538cc6e23efb"}]}
2026-05-05 23:21:59.155 8 INFO neutron.services.segments.plugin [-] Segment d42120c8-b51c-47fa-8143-c162b87e7c43 resource provider not found; error: Placement Client Error (4xx): {"errors": [{"status": 404, "title": "Not Found", "detail": "The resource could not be found.\n\n No resource provider with uuid d42120c8-b51c-47fa-8143-c162b87e7c43 found for delete ", "request_id": "req-e43a0f48-3139-451f-9648-a00b83728a6b"}]}
2026-05-05 23:21:59.235 8 WARNING neutron.scheduler.dhcp_agent_scheduler [None req-04c8b587-b1f9-4823-a090-f44c40058192 61e24088e5384bdbb63bf0e3f8ba21a3 eb3aaa6727c94a45b6bd4a84fefca97e - - default default] No more DHCP agents
2026-05-05 23:21:59.236 8 WARNING neutron.api.rpc.agentnotifiers.dhcp_rpc_agent_api [None req-04c8b587-b1f9-4823-a090-f44c40058192 61e24088e5384bdbb63bf0e3f8ba21a3 eb3aaa6727c94a45b6bd4a84fefca97e - - default default] Unable to schedule network 19492f76-f068-4b85-b034-10671ef8b56e: no agents available; will retry on subsequent port and subnet creation events.
2026-05-05 23:21:59.288 8 INFO neutron.plugins.ml2.drivers.ovn.mech_driver.mech_driver [None req-7659796f-a11e-484f-ba9a-876ce015d694 - - - - - -] OVN reports status down for port: 60d5708b-70db-4ea2-9464-4bb4f625c9dc
2026-05-05 23:21:59.336 8 INFO neutron.db.ovn_revision_numbers_db [None req-04c8b587-b1f9-4823-a090-f44c40058192 61e24088e5384bdbb63bf0e3f8ba21a3 eb3aaa6727c94a45b6bd4a84fefca97e - - default default] Successfully bumped revision number for resource 60d5708b-70db-4ea2-9464-4bb4f625c9dc (type: ports) to 1
2026-05-05 23:21:59.401 7 INFO neutron.db.ovn_revision_numbers_db [None req-95f80152-47ec-401b-a879-132ea2ab98b4 156a0581c91b466b8e18d28239026924 8abdcfa9749b4a20a7906a84d21d309b - - default default] Successfully bumped revision number for resource 30720629-8543-4182-8c2b-f849d538917b (type: security_groups) to 1
2026-05-05 23:21:59.424 7 INFO neutron.db.ovn_revision_numbers_db [None req-95f80152-47ec-401b-a879-132ea2ab98b4 156a0581c91b466b8e18d28239026924 8abdcfa9749b4a20a7906a84d21d309b - - default default] Successfully bumped revision number for resource 05145c3a-20d4-4771-a4bd-d07baee8062b (type: security_group_rules) to 0
2026-05-05 23:21:59.426 8 WARNING neutron.scheduler.dhcp_agent_scheduler [None req-04c8b587-b1f9-4823-a090-f44c40058192 61e24088e5384bdbb63bf0e3f8ba21a3 eb3aaa6727c94a45b6bd4a84fefca97e - - default default] No more DHCP agents
2026-05-05 23:21:59.429 8 WARNING neutron.api.rpc.agentnotifiers.dhcp_rpc_agent_api [None req-04c8b587-b1f9-4823-a090-f44c40058192 61e24088e5384bdbb63bf0e3f8ba21a3 eb3aaa6727c94a45b6bd4a84fefca97e - - default default] Unable to schedule network 95388f98-5175-4f4c-9d83-a8c3ff33578d: no agents available; will retry on subsequent port and subnet creation events.
2026-05-05 23:21:59.436 7 INFO neutron.db.ovn_revision_numbers_db [None req-95f80152-47ec-401b-a879-132ea2ab98b4 156a0581c91b466b8e18d28239026924 8abdcfa9749b4a20a7906a84d21d309b - - default default] Successfully bumped revision number for resource 7834d148-0f37-492f-b3b2-8c869f110ef6 (type: security_group_rules) to 0
2026-05-05 23:21:59.447 7 INFO neutron.db.ovn_revision_numbers_db [None req-95f80152-47ec-401b-a879-132ea2ab98b4 156a0581c91b466b8e18d28239026924 8abdcfa9749b4a20a7906a84d21d309b - - default default] Successfully bumped revision number for resource 8e37938c-0b6a-4b30-b8f6-3ca56b279e6f (type: security_group_rules) to 0
2026-05-05 23:21:59.458 7 INFO neutron.db.ovn_revision_numbers_db [None req-95f80152-47ec-401b-a879-132ea2ab98b4 156a0581c91b466b8e18d28239026924 8abdcfa9749b4a20a7906a84d21d309b - - default default] Successfully bumped revision number for resource eb2345ab-562c-4212-8bf2-ba4eef0e4116 (type: security_group_rules) to 0
2026-05-05 23:21:59.502 8 INFO neutron.db.ovn_revision_numbers_db [None req-04c8b587-b1f9-4823-a090-f44c40058192 61e24088e5384bdbb63bf0e3f8ba21a3 eb3aaa6727c94a45b6bd4a84fefca97e - - default default] Successfully bumped revision number for resource 0253b17a-4fb7-4364-8cf9-54d2d5f2e6a9 (type: ports) to 1
2026-05-05 23:21:59.556 7 INFO neutron.db.segments_db [None req-95f80152-47ec-401b-a879-132ea2ab98b4 156a0581c91b466b8e18d28239026924 8abdcfa9749b4a20a7906a84d21d309b - - default default] Added segment ed62e364-90b1-4641-a0eb-9ba1f6d1036a of type geneve for network 0dc598ae-fec5-47dd-9281-d6ba634a952b [pid: 8|app: 0|req: 783/1530] 10.0.0.232 () {34 vars in 665 bytes} [Tue May 5 23:21:58 2026] POST /v2.0/ports => generated 1505 bytes in 870 msecs (HTTP/1.1 201) 4 headers in 163 bytes (1 switches on core 0) /var/lib/openstack/lib/python3.12/site-packages/pycadf/identifier.py:70: UserWarning: Invalid uuid: neutron. To ensure interoperability, identifiers should be a valid uuid. warnings.warn(('Invalid uuid: %s. To ensure interoperability, '
2026-05-05 23:21:59.673 7 INFO neutron.db.ovn_revision_numbers_db [None req-95f80152-47ec-401b-a879-132ea2ab98b4 156a0581c91b466b8e18d28239026924 8abdcfa9749b4a20a7906a84d21d309b - - default default] Successfully bumped revision number for resource 0dc598ae-fec5-47dd-9281-d6ba634a952b (type: networks) to 1
2026-05-05 23:21:59.796 7 WARNING neutron.scheduler.dhcp_agent_scheduler [None req-95f80152-47ec-401b-a879-132ea2ab98b4 156a0581c91b466b8e18d28239026924 8abdcfa9749b4a20a7906a84d21d309b - - default default] No more DHCP agents
2026-05-05 23:21:59.798 7 WARNING neutron.api.rpc.agentnotifiers.dhcp_rpc_agent_api [None req-95f80152-47ec-401b-a879-132ea2ab98b4 156a0581c91b466b8e18d28239026924 8abdcfa9749b4a20a7906a84d21d309b - - default default] Unable to schedule network 0dc598ae-fec5-47dd-9281-d6ba634a952b: no agents available; will retry on subsequent port and subnet creation events.
2026-05-05 23:21:59.830 8 WARNING neutron.scheduler.dhcp_agent_scheduler [None req-0bdd3b72-b0cb-48b3-a68c-230a8538d2ef 3d45ca01bdb34504b2a5921a409864fc 6dab8e2380b84784ac5d4c56044b1084 - - default default] No more DHCP agents
2026-05-05 23:21:59.841 8 WARNING neutron.api.rpc.agentnotifiers.dhcp_rpc_agent_api [None req-0bdd3b72-b0cb-48b3-a68c-230a8538d2ef 3d45ca01bdb34504b2a5921a409864fc 6dab8e2380b84784ac5d4c56044b1084 - - default default] Unable to schedule network 149c9d7e-8bd9-4edc-8870-fb5431011fef: no agents available; will retry on subsequent port and subnet creation events.
2026-05-05 23:21:59.874 7 INFO neutron.db.ovn_revision_numbers_db [None req-95f80152-47ec-401b-a879-132ea2ab98b4 156a0581c91b466b8e18d28239026924 8abdcfa9749b4a20a7906a84d21d309b - - default default] Successfully bumped revision number for resource 803f767a-42dc-4b60-afc6-24e088a7b9e3 (type: ports) to 1 [pid: 7|app: 0|req: 748/1531] 10.0.0.232 () {34 vars in 670 bytes} [Tue May 5 23:21:59 2026] POST /v2.0/networks => generated 682 bytes in 783 msecs (HTTP/1.1 201) 4 headers in 162 bytes (1 switches on core 0)
2026-05-05 23:21:59.943 8 INFO neutron.db.ovn_revision_numbers_db [None req-0bdd3b72-b0cb-48b3-a68c-230a8538d2ef 3d45ca01bdb34504b2a5921a409864fc 6dab8e2380b84784ac5d4c56044b1084 - - default default] Successfully bumped revision number for resource b3886688-4afb-4658-a529-d0a2fd00797d (type: ports) to 1 [pid: 8|app: 0|req: 784/1532] 10.0.0.232 () {34 vars in 665 bytes} [Tue May 5 23:21:59 2026] POST /v2.0/ports => generated 964 bytes in 433 msecs (HTTP/1.1 201) 4 headers in 162 bytes (1 switches on core 0) /var/lib/openstack/lib/python3.12/site-packages/pycadf/identifier.py:70: UserWarning: Invalid uuid: neutron. To ensure interoperability, identifiers should be a valid uuid. warnings.warn(('Invalid uuid: %s. To ensure interoperability, ' [pid: 7|app: 0|req: 749/1533] 10.0.0.232 () {32 vars in 643 bytes} [Tue May 5 23:21:59 2026] GET /v2.0/ports => generated 3017 bytes in 114 msecs (HTTP/1.1 200) 4 headers in 158 bytes (1 switches on core 0)
2026-05-05 23:22:00.164 8 WARNING neutron.scheduler.dhcp_agent_scheduler [None req-3849a2cc-12f8-41c8-a0e0-a056f7df751a 156a0581c91b466b8e18d28239026924 8abdcfa9749b4a20a7906a84d21d309b - - default default] No more DHCP agents
2026-05-05 23:22:00.165 8 WARNING neutron.api.rpc.agentnotifiers.dhcp_rpc_agent_api [None req-3849a2cc-12f8-41c8-a0e0-a056f7df751a 156a0581c91b466b8e18d28239026924 8abdcfa9749b4a20a7906a84d21d309b - - default default] Unable to schedule network 0dc598ae-fec5-47dd-9281-d6ba634a952b: no agents available; will retry on subsequent port and subnet creation events.
2026-05-05 23:22:00.310 7 WARNING neutron.plugins.ml2.drivers.ovn.mech_driver.ovsdb.ovn_client [None req-681f1e37-0c22-4fe9-856f-e7aad755eab1 - - - - - -] No port found with ID 15e6063e-dc5b-41b9-ab41-a50986eb6466: RuntimeError: No port found with ID 15e6063e-dc5b-41b9-ab41-a50986eb6466
2026-05-05 23:22:00.345 7 INFO neutron.plugins.ml2.drivers.ovn.mech_driver.mech_driver [None req-681f1e37-0c22-4fe9-856f-e7aad755eab1 - - - - - -] OVN reports status down for port: 0253b17a-4fb7-4364-8cf9-54d2d5f2e6a9
2026-05-05 23:22:00.501 7 INFO neutron.plugins.ml2.drivers.ovn.mech_driver.mech_driver [None req-681f1e37-0c22-4fe9-856f-e7aad755eab1 - - - - - -] OVN reports status down for port: 803f767a-42dc-4b60-afc6-24e088a7b9e3
2026-05-05 23:22:00.577 7 INFO neutron.db.ovn_revision_numbers_db [None req-910616ce-b1be-4b34-8128-a55c18424c5d 3d45ca01bdb34504b2a5921a409864fc 6dab8e2380b84784ac5d4c56044b1084 - - default default] Successfully bumped revision number for resource b3886688-4afb-4658-a529-d0a2fd00797d (type: ports) to 2
2026-05-05 23:22:00.631 7 INFO neutron.plugins.ml2.drivers.ovn.mech_driver.mech_driver [None req-681f1e37-0c22-4fe9-856f-e7aad755eab1 - - - - - -] OVN reports status down for port: b3886688-4afb-4658-a529-d0a2fd00797d
2026-05-05 23:22:00.678 8 INFO neutron.db.ovn_revision_numbers_db [None req-3849a2cc-12f8-41c8-a0e0-a056f7df751a 156a0581c91b466b8e18d28239026924 8abdcfa9749b4a20a7906a84d21d309b - - default default] Successfully bumped revision number for resource 803f767a-42dc-4b60-afc6-24e088a7b9e3 (type: ports) to 2
2026-05-05 23:22:00.724 8 INFO neutron.db.ovn_revision_numbers_db [None req-3849a2cc-12f8-41c8-a0e0-a056f7df751a 156a0581c91b466b8e18d28239026924 8abdcfa9749b4a20a7906a84d21d309b - - default default] Successfully bumped revision number for resource e4809b53-fe48-4186-b510-fc94ca8cd87e (type: subnets) to 0
2026-05-05 23:22:00.752 7 WARNING neutron.plugins.ml2.drivers.ovn.mech_driver.ovsdb.ovn_client [None req-681f1e37-0c22-4fe9-856f-e7aad755eab1 - - - - - -] Logical_Switch_Port b3886688-4afb-4658-a529-d0a2fd00797d host information not removed, the port state is up
2026-05-05 23:22:00.753 7 INFO neutron.plugins.ml2.drivers.ovn.mech_driver.mech_driver [None req-681f1e37-0c22-4fe9-856f-e7aad755eab1 - - - - - -] OVN reports status up for port: b3886688-4afb-4658-a529-d0a2fd00797d [pid: 8|app: 0|req: 785/1534] 10.0.0.232 () {34 vars in 669 bytes} [Tue May 5 23:22:00 2026] POST /v2.0/subnets => generated 641 bytes in 745 msecs (HTTP/1.1 201) 4 headers in 162 bytes (1 switches on core 0)
2026-05-05 23:22:00.782 7 INFO neutron.plugins.ml2.plugin [None req-681f1e37-0c22-4fe9-856f-e7aad755eab1 - - - - - -] Attempt 1 to provision port b3886688-4afb-4658-a529-d0a2fd00797d
2026-05-05 23:22:00.899 8 INFO neutron_taas.services.taas.taas_plugin [None req-9ca9e509-d36d-4ae3-a7a2-4acb4a689d4e 61e24088e5384bdbb63bf0e3f8ba21a3 eb3aaa6727c94a45b6bd4a84fefca97e - - default default] TaaS: Handle Delete Port: 60d5708b-70db-4ea2-9464-4bb4f625c9dc
2026-05-05 23:22:00.902 8 INFO neutron_taas.services.taas.tap_mirror_plugin [None req-9ca9e509-d36d-4ae3-a7a2-4acb4a689d4e 61e24088e5384bdbb63bf0e3f8ba21a3 eb3aaa6727c94a45b6bd4a84fefca97e - - default default] Tap Mirror: Handle Delete Port: 60d5708b-70db-4ea2-9464-4bb4f625c9dc [pid: 8|app: 0|req: 786/1535] 10.0.0.232 () {32 vars in 720 bytes} [Tue May 5 23:22:00 2026] DELETE /v2.0/ports/60d5708b-70db-4ea2-9464-4bb4f625c9dc => generated 0 bytes in 249 msecs (HTTP/1.1 204) 3 headers in 131 bytes (1 switches on core 0)
2026-05-05 23:22:01.102 8 INFO neutron.db.segments_db [None req-4e232593-5a28-450c-be94-215b11ef7afa 156a0581c91b466b8e18d28239026924 8abdcfa9749b4a20a7906a84d21d309b - - default default] Added segment 278d8308-76d0-4682-883e-e113becea445 of type geneve for network e9c1fabf-0b4d-432e-9f4c-24f2e27f6bed
2026-05-05 23:22:01.203 8 INFO neutron.db.ovn_revision_numbers_db [None req-4e232593-5a28-450c-be94-215b11ef7afa 156a0581c91b466b8e18d28239026924 8abdcfa9749b4a20a7906a84d21d309b - - default default] Successfully bumped revision number for resource e9c1fabf-0b4d-432e-9f4c-24f2e27f6bed (type: networks) to 1
2026-05-05 23:22:01.251 7 INFO neutron.db.ovn_revision_numbers_db [None req-681f1e37-0c22-4fe9-856f-e7aad755eab1 - - - - - -] Successfully bumped revision number for resource b3886688-4afb-4658-a529-d0a2fd00797d (type: ports) to 3
2026-05-05 23:22:01.384 8 WARNING neutron.scheduler.dhcp_agent_scheduler [None req-4e232593-5a28-450c-be94-215b11ef7afa 156a0581c91b466b8e18d28239026924 8abdcfa9749b4a20a7906a84d21d309b - - default default] No more DHCP agents
2026-05-05 23:22:01.386 8 WARNING neutron.api.rpc.agentnotifiers.dhcp_rpc_agent_api [None req-4e232593-5a28-450c-be94-215b11ef7afa 156a0581c91b466b8e18d28239026924 8abdcfa9749b4a20a7906a84d21d309b - - default default] Unable to schedule network e9c1fabf-0b4d-432e-9f4c-24f2e27f6bed: no agents available; will retry on subsequent port and subnet creation events.
2026-05-05 23:22:01.456 8 INFO neutron.db.ovn_revision_numbers_db [None req-4e232593-5a28-450c-be94-215b11ef7afa 156a0581c91b466b8e18d28239026924 8abdcfa9749b4a20a7906a84d21d309b - - default default] Successfully bumped revision number for resource b7c91c9d-d99c-4f8f-b915-485c31696389 (type: ports) to 1 [pid: 8|app: 0|req: 789/1538] 10.0.0.232 () {34 vars in 670 bytes} [Tue May 5 23:22:01 2026] POST /v2.0/networks => generated 682 bytes in 468 msecs (HTTP/1.1 201) 4 headers in 162 bytes (1 switches on core 0)
2026-05-05 23:22:01.587 8 INFO neutron_taas.services.taas.taas_plugin [None req-d16ba1e7-3dea-4302-b5c4-15f62a0ae5e0 61e24088e5384bdbb63bf0e3f8ba21a3 eb3aaa6727c94a45b6bd4a84fefca97e - - default default] TaaS: Handle Delete Port: 0253b17a-4fb7-4364-8cf9-54d2d5f2e6a9
2026-05-05 23:22:01.590 8 INFO neutron_taas.services.taas.tap_mirror_plugin [None req-d16ba1e7-3dea-4302-b5c4-15f62a0ae5e0 61e24088e5384bdbb63bf0e3f8ba21a3 eb3aaa6727c94a45b6bd4a84fefca97e - - default default] Tap Mirror: Handle Delete Port: 0253b17a-4fb7-4364-8cf9-54d2d5f2e6a9 [pid: 8|app: 0|req: 790/1539] 10.0.0.232 () {32 vars in 720 bytes} [Tue May 5 23:22:01 2026] DELETE /v2.0/ports/0253b17a-4fb7-4364-8cf9-54d2d5f2e6a9 => generated 0 bytes in 208 msecs (HTTP/1.1 204) 3 headers in 131 bytes (1 switches on core 0)
2026-05-05 23:22:01.843 8 INFO neutron.db.ovn_revision_numbers_db [None req-c48d2263-8916-4297-ad13-37e1f7ad8efe 156a0581c91b466b8e18d28239026924 8abdcfa9749b4a20a7906a84d21d309b - - default default] Successfully bumped revision number for resource e9c1fabf-0b4d-432e-9f4c-24f2e27f6bed (type: networks) to 2 [pid: 8|app: 0|req: 791/1540] 10.0.0.232 () {34 vars in 743 bytes} [Tue May 5 23:22:01 2026] PUT /v2.0/networks/e9c1fabf-0b4d-432e-9f4c-24f2e27f6bed => generated 636 bytes in 162 msecs (HTTP/1.1 200) 4 headers in 157 bytes (1 switches on core 0) [pid: 8|app: 0|req: 792/1541] 10.0.0.232 () {32 vars in 643 bytes} [Tue May 5 23:22:01 2026] GET /v2.0/ports => generated 1523 bytes in 42 msecs (HTTP/1.1 200) 4 headers in 158 bytes (1 switches on core 0)
2026-05-05 23:22:02.066 8 WARNING neutron.scheduler.dhcp_agent_scheduler [None req-52d744f1-fe3b-4416-887e-bef5ad535e63 156a0581c91b466b8e18d28239026924 8abdcfa9749b4a20a7906a84d21d309b - - default default] No more DHCP agents
2026-05-05 23:22:02.067 8 WARNING neutron.api.rpc.agentnotifiers.dhcp_rpc_agent_api [None req-52d744f1-fe3b-4416-887e-bef5ad535e63 156a0581c91b466b8e18d28239026924 8abdcfa9749b4a20a7906a84d21d309b - - default default] Unable to schedule network e9c1fabf-0b4d-432e-9f4c-24f2e27f6bed: no agents available; will retry on subsequent port and subnet creation events.
2026-05-05 23:22:02.110 7 WARNING neutron.scheduler.dhcp_agent_scheduler [None req-910616ce-b1be-4b34-8128-a55c18424c5d 3d45ca01bdb34504b2a5921a409864fc 6dab8e2380b84784ac5d4c56044b1084 - - default default] No more DHCP agents
2026-05-05 23:22:02.112 7 WARNING neutron.api.rpc.agentnotifiers.dhcp_rpc_agent_api [None req-910616ce-b1be-4b34-8128-a55c18424c5d 3d45ca01bdb34504b2a5921a409864fc 6dab8e2380b84784ac5d4c56044b1084 - - default default] Unable to schedule network 149c9d7e-8bd9-4edc-8870-fb5431011fef: no agents available; will retry on subsequent port and subnet creation events.
2026-05-05 23:22:02.323 7 INFO neutron.db.ovn_revision_numbers_db [None req-910616ce-b1be-4b34-8128-a55c18424c5d 3d45ca01bdb34504b2a5921a409864fc 6dab8e2380b84784ac5d4c56044b1084 - - default default] Successfully bumped revision number for resource b3886688-4afb-4658-a529-d0a2fd00797d (type: router_ports) to 3 [pid: 7|app: 0|req: 750/1542] 10.0.0.232 () {34 vars in 783 bytes} [Tue May 5 23:22:00 2026] PUT /v2.0/routers/cde3dce8-8a80-42dc-bb48-a2592cda948d/add_router_interface => generated 310 bytes in 2309 msecs (HTTP/1.1 200) 4 headers in 157 bytes (1 switches on core 0) /var/lib/openstack/lib/python3.12/site-packages/pycadf/identifier.py:70: UserWarning: Invalid uuid: neutron. To ensure interoperability, identifiers should be a valid uuid. warnings.warn(('Invalid uuid: %s. To ensure interoperability, '
2026-05-05 23:22:02.430 7 INFO neutron.db.segments_db [None req-f6d44698-9661-4cca-abf5-7374ca9870fa 61e24088e5384bdbb63bf0e3f8ba21a3 eb3aaa6727c94a45b6bd4a84fefca97e - - default default] Added segment 2be52fac-636c-4bf2-9863-4e115e09685b of type geneve for network d6d6e332-6676-46a2-a42e-e3ae09cb5b60
2026-05-05 23:22:02.543 7 INFO neutron.db.ovn_revision_numbers_db [None req-f6d44698-9661-4cca-abf5-7374ca9870fa 61e24088e5384bdbb63bf0e3f8ba21a3 eb3aaa6727c94a45b6bd4a84fefca97e - - default default] Successfully bumped revision number for resource d6d6e332-6676-46a2-a42e-e3ae09cb5b60 (type: networks) to 1
