2026-05-05 23:22:43.284 7 INFO neutron.api.v2.resource [None req-c47a146e-d9f9-4da8-ae01-dc6ed017b4a2 a93e2d8bb4414726891e83358fa082c2 d10dc00e00304ee8a2d76f45516213b0 - - default default] delete failed (client error): The resource could not be found. [pid: 7|app: 0|req: 935/1876] 10.0.0.232 () {32 vars in 744 bytes} [Tue May 5 23:22:43 2026] DELETE /v2.0/trunks/9aa5d26e-c49c-45f0-93f9-e062da43f2b5/tags/green => generated 99 bytes in 26 msecs (HTTP/1.1 404) 4 headers in 163 bytes (1 switches on core 0)
2026-05-05 23:22:43.307 7 WARNING tagging [None req-a49be249-7a5f-47c7-9b0d-327b02a79e05 a93e2d8bb4414726891e83358fa082c2 d10dc00e00304ee8a2d76f45516213b0 - - default default] project_id key not found in request, using tenant_id instead. This support has been deprecated and will be removed in a future release. [pid: 7|app: 0|req: 936/1877] 10.0.0.232 () {32 vars in 732 bytes} [Tue May 5 23:22:43 2026] DELETE /v2.0/trunks/9aa5d26e-c49c-45f0-93f9-e062da43f2b5/tags => generated 0 bytes in 39 msecs (HTTP/1.1 204) 2 headers in 112 bytes (1 switches on core 0)
2026-05-05 23:22:43.350 7 WARNING tagging [None req-e5a489a0-d26c-4240-9da8-78b9aba59c45 a93e2d8bb4414726891e83358fa082c2 d10dc00e00304ee8a2d76f45516213b0 - - default default] project_id key not found in request, using tenant_id instead. This support has been deprecated and will be removed in a future release. [pid: 7|app: 0|req: 937/1878] 10.0.0.232 () {32 vars in 729 bytes} [Tue May 5 23:22:43 2026] GET /v2.0/trunks/9aa5d26e-c49c-45f0-93f9-e062da43f2b5/tags => generated 12 bytes in 21 msecs (HTTP/1.1 200) 4 headers in 156 bytes (1 switches on core 0) [pid: 7|app: 0|req: 938/1879] 10.0.0.232 () {32 vars in 719 bytes} [Tue May 5 23:22:43 2026] GET /v2.0/trunks/9aa5d26e-c49c-45f0-93f9-e062da43f2b5 => generated 409 bytes in 15 msecs (HTTP/1.1 200) 4 headers in 157 bytes (1 switches on core 0) [pid: 7|app: 0|req: 939/1880] 10.0.0.232 () {32 vars in 717 bytes} [Tue May 5 23:22:43 2026] GET /v2.0/ports/81bd1586-a692-43c2-b703-9ce8fcd59e32 => generated 826 bytes in 54 msecs (HTTP/1.1 200) 4 headers in 157 bytes (1 switches on core 0)
2026-05-05 23:22:43.482 8 INFO neutron.db.ovn_revision_numbers_db [req-0b699fcd-b8d1-405b-9e89-00ec13d55233 req-0b250325-f477-464e-b65c-227865e8c9db fb0ab20cf3554ad791ec7ca385ca7d5c a85182aa40f24df0865d25f263991f55 - - 4bd9bc59ccdf451fbb785091e5dd3a9c 4bd9bc59ccdf451fbb785091e5dd3a9c] Successfully bumped revision number for resource 1bb14eab-80b1-4e6d-a162-e88b9f4be504 (type: ports) to 4 [pid: 8|app: 0|req: 942/1881] 199.204.45.250 () {38 vars in 1028 bytes} [Tue May 5 23:22:42 2026] PUT /v2.0/ports/1bb14eab-80b1-4e6d-a162-e88b9f4be504 => generated 1227 bytes in 574 msecs (HTTP/1.1 200) 4 headers in 158 bytes (1 switches on core 0) /var/lib/openstack/lib/python3.12/site-packages/pycadf/identifier.py:70: UserWarning: Invalid uuid: neutron. To ensure interoperability, identifiers should be a valid uuid. warnings.warn(('Invalid uuid: %s. To ensure interoperability, ' [pid: 7|app: 0|req: 940/1882] 10.0.0.232 () {32 vars in 722 bytes} [Tue May 5 23:22:43 2026] DELETE /v2.0/trunks/9aa5d26e-c49c-45f0-93f9-e062da43f2b5 => generated 0 bytes in 88 msecs (HTTP/1.1 204) 2 headers in 112 bytes (1 switches on core 0)
2026-05-05 23:22:43.544 8 INFO neutron.notifiers.nova [-] Nova event matching ['req-b2de85d2-5c8e-4586-8118-13a2eb039f70'] response: {'name': 'network-changed', 'server_uuid': 'a6d52b2d-28d6-46b8-a1c0-29582e800612', 'tag': '1bb14eab-80b1-4e6d-a162-e88b9f4be504', 'status': 'completed', 'code': 200} [pid: 8|app: 0|req: 943/1883] 10.0.0.103 () {34 vars in 990 bytes} [Tue May 5 23:22:43 2026] GET /v2.0/ports?device_id=a6d52b2d-28d6-46b8-a1c0-29582e800612 => generated 969 bytes in 56 msecs (HTTP/1.1 200) 4 headers in 157 bytes (1 switches on core 0)
2026-05-05 23:22:43.664 7 INFO neutron_taas.services.taas.taas_plugin [None req-072efa86-50bf-46da-b081-bc39e68ac605 a93e2d8bb4414726891e83358fa082c2 d10dc00e00304ee8a2d76f45516213b0 - - default default] TaaS: Handle Delete Port: 81bd1586-a692-43c2-b703-9ce8fcd59e32
2026-05-05 23:22:43.666 7 INFO neutron_taas.services.taas.tap_mirror_plugin [None req-072efa86-50bf-46da-b081-bc39e68ac605 a93e2d8bb4414726891e83358fa082c2 d10dc00e00304ee8a2d76f45516213b0 - - default default] Tap Mirror: Handle Delete Port: 81bd1586-a692-43c2-b703-9ce8fcd59e32
2026-05-05 23:22:43.741 8 WARNING neutron.db.securitygroups_db [None req-21ab7ebf-b091-4403-82e9-f7ec8aad6bf6 99237aaab7124f478d445bdf10b28b78 08cbd213a16b4d43890bbb3612c3cbf7 - - default default] project_id key not found in filters, using tenant_id instead. This support has been deprecated and will be removed in a future release. [pid: 7|app: 0|req: 941/1884] 10.0.0.232 () {32 vars in 720 bytes} [Tue May 5 23:22:43 2026] DELETE /v2.0/ports/81bd1586-a692-43c2-b703-9ce8fcd59e32 => generated 0 bytes in 234 msecs (HTTP/1.1 204) 3 headers in 131 bytes (1 switches on core 0) [pid: 7|app: 0|req: 942/1885] 10.0.0.103 () {34 vars in 1040 bytes} [Tue May 5 23:22:43 2026] GET /v2.0/security-groups?id=e1040c67-e56d-45a9-b69a-41d7c21fc244&fields=id&fields=name => generated 88 bytes in 26 msecs (HTTP/1.1 200) 4 headers in 156 bytes (1 switches on core 0)
2026-05-05 23:22:43.872 8 INFO neutron.db.ovn_revision_numbers_db [None req-21ab7ebf-b091-4403-82e9-f7ec8aad6bf6 99237aaab7124f478d445bdf10b28b78 08cbd213a16b4d43890bbb3612c3cbf7 - - default default] Successfully bumped revision number for resource df35de98-c572-471e-be89-0c945263f958 (type: security_groups) to 1
2026-05-05 23:22:43.882 8 INFO neutron.db.ovn_revision_numbers_db [None req-21ab7ebf-b091-4403-82e9-f7ec8aad6bf6 99237aaab7124f478d445bdf10b28b78 08cbd213a16b4d43890bbb3612c3cbf7 - - default default] Successfully bumped revision number for resource 8ef5ae33-8e84-4281-bfc6-781b2f55499c (type: security_group_rules) to 0
2026-05-05 23:22:43.893 8 INFO neutron.db.ovn_revision_numbers_db [None req-21ab7ebf-b091-4403-82e9-f7ec8aad6bf6 99237aaab7124f478d445bdf10b28b78 08cbd213a16b4d43890bbb3612c3cbf7 - - default default] Successfully bumped revision number for resource b78d7017-0bbe-46ef-b471-8dcc1bf1a478 (type: security_group_rules) to 0
2026-05-05 23:22:43.903 8 INFO neutron.db.ovn_revision_numbers_db [None req-21ab7ebf-b091-4403-82e9-f7ec8aad6bf6 99237aaab7124f478d445bdf10b28b78 08cbd213a16b4d43890bbb3612c3cbf7 - - default default] Successfully bumped revision number for resource d26cfe33-fb30-41e3-ba00-e6fb79226cc7 (type: security_group_rules) to 0
2026-05-05 23:22:43.913 8 INFO neutron.db.ovn_revision_numbers_db [None req-21ab7ebf-b091-4403-82e9-f7ec8aad6bf6 99237aaab7124f478d445bdf10b28b78 08cbd213a16b4d43890bbb3612c3cbf7 - - default default] Successfully bumped revision number for resource fa51fd4a-427e-4f01-8e90-9024679f8484 (type: security_group_rules) to 0
2026-05-05 23:22:43.919 7 INFO neutron_taas.services.taas.taas_plugin [None req-6ad01951-e956-495f-8a63-bee75056f623 a93e2d8bb4414726891e83358fa082c2 d10dc00e00304ee8a2d76f45516213b0 - - default default] TaaS: Handle Delete Port: 8b9782f1-4fd6-4e54-934f-a967337cc46b
2026-05-05 23:22:43.922 7 INFO neutron_taas.services.taas.tap_mirror_plugin [None req-6ad01951-e956-495f-8a63-bee75056f623 a93e2d8bb4414726891e83358fa082c2 d10dc00e00304ee8a2d76f45516213b0 - - default default] Tap Mirror: Handle Delete Port: 8b9782f1-4fd6-4e54-934f-a967337cc46b [pid: 8|app: 0|req: 944/1886] 10.0.0.232 () {32 vars in 774 bytes} [Tue May 5 23:22:43 2026] GET /v2.0/security-groups?tenant_id=dc4eaf7697f2414b9a6dd60e3208815b&name=default => generated 2925 bytes in 382 msecs (HTTP/1.1 200) 4 headers in 158 bytes (1 switches on core 0)
2026-05-05 23:22:44.093 7 INFO neutron.services.segments.plugin [-] Segment 3ce2699a-efc2-48e0-9646-38b95886e94e resource provider aggregate not found
2026-05-05 23:22:44.100 7 INFO neutron.services.segments.plugin [-] Segment 3ce2699a-efc2-48e0-9646-38b95886e94e resource provider aggregate not found
2026-05-05 23:22:44.111 7 INFO neutron.services.segments.plugin [-] Segment 3ce2699a-efc2-48e0-9646-38b95886e94e resource provider not found; error: Placement Client Error (4xx): {"errors": [{"status": 404, "title": "Not Found", "detail": "The resource could not be found.\n\n No resource provider with uuid 3ce2699a-efc2-48e0-9646-38b95886e94e found for delete ", "request_id": "req-18df9fd4-a2db-454e-8df3-6994f06079aa"}]}
2026-05-05 23:22:44.125 7 INFO neutron.services.segments.plugin [-] Segment 3ce2699a-efc2-48e0-9646-38b95886e94e resource provider not found; error: Placement Client Error (4xx): {"errors": [{"status": 404, "title": "Not Found", "detail": "The resource could not be found.\n\n No resource provider with uuid 3ce2699a-efc2-48e0-9646-38b95886e94e found for delete ", "request_id": "req-8fb0beda-a88b-4584-81b5-2a037f1a2ae5"}]} [pid: 8|app: 0|req: 945/1887] 10.0.0.232 () {32 vars in 740 bytes} [Tue May 5 23:22:43 2026] DELETE /v2.0/security-groups/df35de98-c572-471e-be89-0c945263f958 => generated 0 bytes in 172 msecs (HTTP/1.1 204) 2 headers in 112 bytes (1 switches on core 0) [pid: 7|app: 0|req: 943/1888] 10.0.0.232 () {32 vars in 726 bytes} [Tue May 5 23:22:43 2026] DELETE /v2.0/networks/50e48caf-518b-484b-a4e8-b3fc1d396624 => generated 0 bytes in 357 msecs (HTTP/1.1 204) 3 headers in 131 bytes (1 switches on core 0) [pid: 8|app: 0|req: 946/1889] 199.204.45.250 () {34 vars in 1080 bytes} [Tue May 5 23:22:44 2026] GET /v2.0/ports?tenant_id=ed114ee29b4647eb97dcf8cee5417a00&device_id=a6d52b2d-28d6-46b8-a1c0-29582e800612 => generated 1230 bytes in 37 msecs (HTTP/1.1 200) 4 headers in 158 bytes (1 switches on core 0) [pid: 8|app: 0|req: 947/1890] 10.0.0.232 () {32 vars in 623 bytes} [Tue May 5 23:22:44 2026] GET / => generated 151 bytes in 2 msecs (HTTP/1.1 200) 3 headers in 91 bytes (1 switches on core 0) [pid: 7|app: 0|req: 944/1891] 199.204.45.250 () {34 vars in 1018 bytes} [Tue May 5 23:22:44 2026] GET /v2.0/networks?tenant_id=ed114ee29b4647eb97dcf8cee5417a00&shared=False => generated 809 bytes in 49 msecs (HTTP/1.1 200) 4 headers in 157 bytes (1 switches on core 0) [pid: 7|app: 0|req: 945/1892] 199.204.45.250 () {34 vars in 930 bytes} [Tue May 5 23:22:44 2026] GET /v2.0/networks?shared=True => generated 791 bytes in 41 msecs (HTTP/1.1 200) 4 headers in 157 bytes (1 switches on core 0) [pid: 8|app: 0|req: 948/1893] 10.0.0.232 () {32 vars in 633 bytes} [Tue May 5 23:22:44 2026] GET /v2.0/ => generated 632 bytes in 217 msecs (HTTP/1.1 200) 4 headers in 157 bytes (1 switches on core 0)
2026-05-05 23:22:44.882 7 WARNING neutron.db.securitygroups_db [None req-cd48e040-ce84-42cd-8e95-c99f830ba286 99237aaab7124f478d445bdf10b28b78 08cbd213a16b4d43890bbb3612c3cbf7 - - default default] project_id key not found in filters, using tenant_id instead. This support has been deprecated and will be removed in a future release.
2026-05-05 23:22:44.908 8 WARNING neutron.db.securitygroups_db [None req-bffc9305-0abe-4896-a11a-b71d6008c67f 99237aaab7124f478d445bdf10b28b78 08cbd213a16b4d43890bbb3612c3cbf7 - - default default] project_id key not found in filters, using tenant_id instead. This support has been deprecated and will be removed in a future release.
2026-05-05 23:22:45.010 7 INFO neutron.db.ovn_revision_numbers_db [None req-cd48e040-ce84-42cd-8e95-c99f830ba286 99237aaab7124f478d445bdf10b28b78 08cbd213a16b4d43890bbb3612c3cbf7 - - default default] Successfully bumped revision number for resource ab9cc139-0db5-45f2-b099-66b423d7f645 (type: security_groups) to 1
2026-05-05 23:22:45.025 7 INFO neutron.db.ovn_revision_numbers_db [None req-cd48e040-ce84-42cd-8e95-c99f830ba286 99237aaab7124f478d445bdf10b28b78 08cbd213a16b4d43890bbb3612c3cbf7 - - default default] Successfully bumped revision number for resource 35adf1db-8d5f-4b1d-8109-159e104c604e (type: security_group_rules) to 0
2026-05-05 23:22:45.039 7 INFO neutron.db.ovn_revision_numbers_db [None req-cd48e040-ce84-42cd-8e95-c99f830ba286 99237aaab7124f478d445bdf10b28b78 08cbd213a16b4d43890bbb3612c3cbf7 - - default default] Successfully bumped revision number for resource 3e7f7501-a087-4ca9-8428-56c444671573 (type: security_group_rules) to 0
2026-05-05 23:22:45.045 8 INFO neutron.db.ovn_revision_numbers_db [None req-bffc9305-0abe-4896-a11a-b71d6008c67f 99237aaab7124f478d445bdf10b28b78 08cbd213a16b4d43890bbb3612c3cbf7 - - default default] Successfully bumped revision number for resource a0a9bfa9-e23e-4d42-b743-d442435b9f67 (type: security_groups) to 1
2026-05-05 23:22:45.050 7 INFO neutron.db.ovn_revision_numbers_db [None req-cd48e040-ce84-42cd-8e95-c99f830ba286 99237aaab7124f478d445bdf10b28b78 08cbd213a16b4d43890bbb3612c3cbf7 - - default default] Successfully bumped revision number for resource 70461475-cb63-4b79-be8f-e719d98e4758 (type: security_group_rules) to 0
2026-05-05 23:22:45.055 8 INFO neutron.db.ovn_revision_numbers_db [None req-bffc9305-0abe-4896-a11a-b71d6008c67f 99237aaab7124f478d445bdf10b28b78 08cbd213a16b4d43890bbb3612c3cbf7 - - default default] Successfully bumped revision number for resource 5b2d4ec5-726a-48a3-ba58-77e12a74be37 (type: security_group_rules) to 0
2026-05-05 23:22:45.061 7 INFO neutron.db.ovn_revision_numbers_db [None req-cd48e040-ce84-42cd-8e95-c99f830ba286 99237aaab7124f478d445bdf10b28b78 08cbd213a16b4d43890bbb3612c3cbf7 - - default default] Successfully bumped revision number for resource 8ae0de3a-0ef5-4cbf-a2f7-d99a906372d9 (type: security_group_rules) to 0
2026-05-05 23:22:45.066 8 INFO neutron.db.ovn_revision_numbers_db [None req-bffc9305-0abe-4896-a11a-b71d6008c67f 99237aaab7124f478d445bdf10b28b78 08cbd213a16b4d43890bbb3612c3cbf7 - - default default] Successfully bumped revision number for resource 6c34905a-9de0-4350-8fef-5db6775b1afd (type: security_group_rules) to 0
2026-05-05 23:22:45.076 8 INFO neutron.db.ovn_revision_numbers_db [None req-bffc9305-0abe-4896-a11a-b71d6008c67f 99237aaab7124f478d445bdf10b28b78 08cbd213a16b4d43890bbb3612c3cbf7 - - default default] Successfully bumped revision number for resource a971b1be-ddad-4ffe-adbf-f7286470e2c8 (type: security_group_rules) to 0
2026-05-05 23:22:45.087 8 INFO neutron.db.ovn_revision_numbers_db [None req-bffc9305-0abe-4896-a11a-b71d6008c67f 99237aaab7124f478d445bdf10b28b78 08cbd213a16b4d43890bbb3612c3cbf7 - - default default] Successfully bumped revision number for resource f3c87591-6878-419e-9714-563efaebeed9 (type: security_group_rules) to 0 [pid: 7|app: 0|req: 946/1894] 10.0.0.232 () {32 vars in 774 bytes} [Tue May 5 23:22:44 2026] GET /v2.0/security-groups?tenant_id=3f03e5934e7049f483c3e78dcc583e7a&name=default => generated 2925 bytes in 318 msecs (HTTP/1.1 200) 4 headers in 158 bytes (1 switches on core 0) [pid: 8|app: 0|req: 949/1895] 10.0.0.232 () {32 vars in 774 bytes} [Tue May 5 23:22:44 2026] GET /v2.0/security-groups?tenant_id=a8e950bfdd8440a492aad87b94b1d498&name=default => generated 2925 bytes in 261 msecs (HTTP/1.1 200) 4 headers in 158 bytes (1 switches on core 0) [pid: 7|app: 0|req: 947/1896] 10.0.0.103 () {34 vars in 990 bytes} [Tue May 5 23:22:45 2026] GET /v2.0/ports?device_id=a6d52b2d-28d6-46b8-a1c0-29582e800612 => generated 969 bytes in 62 msecs (HTTP/1.1 200) 4 headers in 157 bytes (1 switches on core 0) [pid: 8|app: 0|req: 950/1897] 10.0.0.232 () {32 vars in 740 bytes} [Tue May 5 23:22:45 2026] DELETE /v2.0/security-groups/ab9cc139-0db5-45f2-b099-66b423d7f645 => generated 0 bytes in 186 msecs (HTTP/1.1 204) 2 headers in 112 bytes (1 switches on core 0) [pid: 8|app: 0|req: 951/1898] 10.0.0.103 () {34 vars in 1040 bytes} [Tue May 5 23:22:45 2026] GET /v2.0/security-groups?id=e1040c67-e56d-45a9-b69a-41d7c21fc244&fields=id&fields=name => generated 88 bytes in 39 msecs (HTTP/1.1 200) 4 headers in 156 bytes (1 switches on core 0) [pid: 7|app: 0|req: 948/1899] 10.0.0.232 () {32 vars in 740 bytes} [Tue May 5 23:22:45 2026] DELETE /v2.0/security-groups/a0a9bfa9-e23e-4d42-b743-d442435b9f67 => generated 0 bytes in 205 msecs (HTTP/1.1 204) 2 headers in 112 bytes (1 switches on core 0) [pid: 8|app: 0|req: 952/1900] 199.204.45.250 () {34 vars in 1080 bytes} [Tue May 5 23:22:45 2026] GET /v2.0/ports?tenant_id=ed114ee29b4647eb97dcf8cee5417a00&device_id=a6d52b2d-28d6-46b8-a1c0-29582e800612 => generated 1230 bytes in 38 msecs (HTTP/1.1 200) 4 headers in 158 bytes (1 switches on core 0)
2026-05-05 23:22:45.410 8 WARNING neutron.db.securitygroups_db [None req-d469f5c3-11e1-4c99-abe5-a5709913cbd3 99237aaab7124f478d445bdf10b28b78 08cbd213a16b4d43890bbb3612c3cbf7 - - default default] project_id key not found in filters, using tenant_id instead. This support has been deprecated and will be removed in a future release. [pid: 7|app: 0|req: 949/1901] 199.204.45.250 () {34 vars in 1058 bytes} [Tue May 5 23:22:45 2026] GET /v2.0/floatingips?fixed_ip_address=10.100.0.5&port_id=1bb14eab-80b1-4e6d-a162-e88b9f4be504 => generated 19 bytes in 26 msecs (HTTP/1.1 200) 4 headers in 156 bytes (1 switches on core 0) [pid: 8|app: 0|req: 953/1902] 10.0.0.232 () {32 vars in 774 bytes} [Tue May 5 23:22:45 2026] GET /v2.0/security-groups?tenant_id=d10dc00e00304ee8a2d76f45516213b0&name=default => generated 2925 bytes in 36 msecs (HTTP/1.1 200) 4 headers in 158 bytes (1 switches on core 0) [pid: 7|app: 0|req: 950/1903] 199.204.45.250 () {34 vars in 984 bytes} [Tue May 5 23:22:45 2026] GET /v2.0/subnets?id=35f6aaed-02f7-42c0-9164-de6784ad7248 => generated 690 bytes in 23 msecs (HTTP/1.1 200) 4 headers in 157 bytes (1 switches on core 0) [pid: 7|app: 0|req: 951/1904] 199.204.45.250 () {34 vars in 1052 bytes} [Tue May 5 23:22:45 2026] GET /v2.0/ports?network_id=44b4ee8f-3e5d-4abd-ac15-1c9d9a065a4f&device_owner=network%3Adhcp => generated 12 bytes in 15 msecs (HTTP/1.1 200) 4 headers in 156 bytes (1 switches on core 0) [pid: 7|app: 0|req: 952/1905] 199.204.45.250 () {34 vars in 1012 bytes} [Tue May 5 23:22:45 2026] GET /v2.0/networks/44b4ee8f-3e5d-4abd-ac15-1c9d9a065a4f?fields=segments => generated 14 bytes in 48 msecs (HTTP/1.1 200) 4 headers in 156 bytes (1 switches on core 0) [pid: 7|app: 0|req: 953/1906] 199.204.45.250 () {34 vars in 1112 bytes} [Tue May 5 23:22:45 2026] GET /v2.0/networks/44b4ee8f-3e5d-4abd-ac15-1c9d9a065a4f?fields=provider%3Aphysical_network&fields=provider%3Anetwork_type => generated 79 bytes in 66 msecs (HTTP/1.1 200) 4 headers in 156 bytes (1 switches on core 0) [pid: 8|app: 0|req: 954/1909] 10.0.0.232 () {32 vars in 740 bytes} [Tue May 5 23:22:45 2026] DELETE /v2.0/security-groups/bd849ec8-8482-4ae1-9d20-32ba05ac8c2f => generated 0 bytes in 191 msecs (HTTP/1.1 204) 2 headers in 112 bytes (1 switches on core 0) [pid: 7|app: 0|req: 956/1910] 10.0.0.103 () {34 vars in 990 bytes} [Tue May 5 23:22:46 2026] GET /v2.0/ports?device_id=a6d52b2d-28d6-46b8-a1c0-29582e800612 => generated 969 bytes in 36 msecs (HTTP/1.1 200) 4 headers in 157 bytes (1 switches on core 0) [pid: 8|app: 0|req: 955/1911] 10.0.0.103 () {34 vars in 1040 bytes} [Tue May 5 23:22:46 2026] GET /v2.0/security-groups?id=e1040c67-e56d-45a9-b69a-41d7c21fc244&fields=id&fields=name => generated 88 bytes in 38 msecs (HTTP/1.1 200) 4 headers in 156 bytes (1 switches on core 0) [pid: 7|app: 0|req: 957/1912] 10.0.0.103 () {34 vars in 990 bytes} [Tue May 5 23:22:47 2026] GET /v2.0/ports?device_id=a6d52b2d-28d6-46b8-a1c0-29582e800612 => generated 969 bytes in 50 msecs (HTTP/1.1 200) 4 headers in 157 bytes (1 switches on core 0) [pid: 8|app: 0|req: 956/1913] 10.0.0.103 () {34 vars in 1040 bytes} [Tue May 5 23:22:47 2026] GET /v2.0/security-groups?id=e1040c67-e56d-45a9-b69a-41d7c21fc244&fields=id&fields=name => generated 88 bytes in 38 msecs (HTTP/1.1 200) 4 headers in 156 bytes (1 switches on core 0)
2026-05-05 23:22:48.270 8 INFO neutron.plugins.ml2.drivers.ovn.mech_driver.mech_driver [None req-254767af-e7ee-429f-97b1-84c052a3ff40 - - - - - -] OVN reports status up for port: 1bb14eab-80b1-4e6d-a162-e88b9f4be504
2026-05-05 23:22:48.283 8 INFO neutron.plugins.ml2.plugin [None req-254767af-e7ee-429f-97b1-84c052a3ff40 - - - - - -] Attempt 1 to provision port 1bb14eab-80b1-4e6d-a162-e88b9f4be504
2026-05-05 23:22:48.397 8 INFO neutron.notifiers.nova [-] Nova event matching ['req-cc6e0bbd-b510-40da-bd12-4cf6cac42365'] response: {'server_uuid': 'a6d52b2d-28d6-46b8-a1c0-29582e800612', 'name': 'network-vif-plugged', 'status': 'completed', 'tag': '1bb14eab-80b1-4e6d-a162-e88b9f4be504', 'code': 200}
2026-05-05 23:22:48.535 8 INFO neutron.db.ovn_revision_numbers_db [None req-254767af-e7ee-429f-97b1-84c052a3ff40 - - - - - -] Successfully bumped revision number for resource 1bb14eab-80b1-4e6d-a162-e88b9f4be504 (type: ports) to 5 [pid: 7|app: 0|req: 958/1914] 10.0.0.103 () {34 vars in 990 bytes} [Tue May 5 23:22:48 2026] GET /v2.0/ports?device_id=a6d52b2d-28d6-46b8-a1c0-29582e800612 => generated 971 bytes in 43 msecs (HTTP/1.1 200) 4 headers in 157 bytes (1 switches on core 0) /var/lib/openstack/lib/python3.12/site-packages/pycadf/identifier.py:70: UserWarning: Invalid uuid: neutron. To ensure interoperability, identifiers should be a valid uuid. warnings.warn(('Invalid uuid: %s. To ensure interoperability, ' [pid: 8|app: 0|req: 957/1915] 10.0.0.103 () {34 vars in 1040 bytes} [Tue May 5 23:22:48 2026] GET /v2.0/security-groups?id=e1040c67-e56d-45a9-b69a-41d7c21fc244&fields=id&fields=name => generated 88 bytes in 39 msecs (HTTP/1.1 200) 4 headers in 156 bytes (1 switches on core 0)
2026-05-05 23:22:49.021 8 WARNING neutron.db.securitygroups_db [None req-621858ad-d51a-4697-9e32-d848fe5482fe 99237aaab7124f478d445bdf10b28b78 08cbd213a16b4d43890bbb3612c3cbf7 - - default default] project_id key not found in filters, using tenant_id instead. This support has been deprecated and will be removed in a future release.
2026-05-05 23:22:49.146 7 INFO neutron.db.ovn_revision_numbers_db [None req-ad97551a-7d71-41ef-a68e-9bd9cb67e195 8cb5f07f4d5a48098bf70d97b76e5959 1c034a21c217449f9f67948132e8a125 - - default default] Successfully bumped revision number for resource dee0ee2d-c07f-42d8-a72c-207a6310d4ba (type: security_groups) to 1
2026-05-05 23:22:49.158 7 INFO neutron.db.ovn_revision_numbers_db [None req-ad97551a-7d71-41ef-a68e-9bd9cb67e195 8cb5f07f4d5a48098bf70d97b76e5959 1c034a21c217449f9f67948132e8a125 - - default default] Successfully bumped revision number for resource 3076bd66-3550-447f-9cdb-0b77414a1017 (type: security_group_rules) to 0
2026-05-05 23:22:49.163 8 INFO neutron.db.ovn_revision_numbers_db [None req-621858ad-d51a-4697-9e32-d848fe5482fe 99237aaab7124f478d445bdf10b28b78 08cbd213a16b4d43890bbb3612c3cbf7 - - default default] Successfully bumped revision number for resource 3a31fe05-efaf-41a9-9bbc-9b76cb6a8166 (type: security_groups) to 1
2026-05-05 23:22:49.170 7 INFO neutron.db.ovn_revision_numbers_db [None req-ad97551a-7d71-41ef-a68e-9bd9cb67e195 8cb5f07f4d5a48098bf70d97b76e5959 1c034a21c217449f9f67948132e8a125 - - default default] Successfully bumped revision number for resource 3ddceaaa-6bca-4b19-883b-22f58815ad05 (type: security_group_rules) to 0
2026-05-05 23:22:49.174 8 INFO neutron.db.ovn_revision_numbers_db [None req-621858ad-d51a-4697-9e32-d848fe5482fe 99237aaab7124f478d445bdf10b28b78 08cbd213a16b4d43890bbb3612c3cbf7 - - default default] Successfully bumped revision number for resource 063acfb7-75c5-4597-9874-33a5294f271f (type: security_group_rules) to 0
2026-05-05 23:22:49.181 7 INFO neutron.db.ovn_revision_numbers_db [None req-ad97551a-7d71-41ef-a68e-9bd9cb67e195 8cb5f07f4d5a48098bf70d97b76e5959 1c034a21c217449f9f67948132e8a125 - - default default] Successfully bumped revision number for resource e002d1fa-b5c5-4a0f-a379-6023dceeec96 (type: security_group_rules) to 0
2026-05-05 23:22:49.186 8 INFO neutron.db.ovn_revision_numbers_db [None req-621858ad-d51a-4697-9e32-d848fe5482fe 99237aaab7124f478d445bdf10b28b78 08cbd213a16b4d43890bbb3612c3cbf7 - - default default] Successfully bumped revision number for resource 1e9eb803-3248-4ba3-8864-7e34748a938c (type: security_group_rules) to 0
2026-05-05 23:22:49.193 7 INFO neutron.db.ovn_revision_numbers_db [None req-ad97551a-7d71-41ef-a68e-9bd9cb67e195 8cb5f07f4d5a48098bf70d97b76e5959 1c034a21c217449f9f67948132e8a125 - - default default] Successfully bumped revision number for resource e1a9f60a-0bf7-4dbe-9d9b-d5cbc7d526d9 (type: security_group_rules) to 0
2026-05-05 23:22:49.197 8 INFO neutron.db.ovn_revision_numbers_db [None req-621858ad-d51a-4697-9e32-d848fe5482fe 99237aaab7124f478d445bdf10b28b78 08cbd213a16b4d43890bbb3612c3cbf7 - - default default] Successfully bumped revision number for resource 688660fa-5ec3-4e12-9ced-5608e8d55fd7 (type: security_group_rules) to 0
2026-05-05 23:22:49.210 8 INFO neutron.db.ovn_revision_numbers_db [None req-621858ad-d51a-4697-9e32-d848fe5482fe 99237aaab7124f478d445bdf10b28b78 08cbd213a16b4d43890bbb3612c3cbf7 - - default default] Successfully bumped revision number for resource b9d89c59-f719-40cf-9487-4ffa7967cee2 (type: security_group_rules) to 0
2026-05-05 23:22:49.252 7 INFO neutron.db.segments_db [None req-ad97551a-7d71-41ef-a68e-9bd9cb67e195 8cb5f07f4d5a48098bf70d97b76e5959 1c034a21c217449f9f67948132e8a125 - - default default] Added segment 73095bb5-94f2-4e1c-a0f5-850b35a57588 of type geneve for network fa0631ca-1647-4f1e-9bfa-6fe386bc8bd3 [pid: 8|app: 0|req: 958/1916] 10.0.0.232 () {32 vars in 774 bytes} [Tue May 5 23:22:48 2026] GET /v2.0/security-groups?tenant_id=3fd4ae3fad024fff8885e0d7935ded8e&name=default => generated 2925 bytes in 278 msecs (HTTP/1.1 200) 4 headers in 158 bytes (1 switches on core 0)
2026-05-05 23:22:49.358 7 INFO neutron.db.ovn_revision_numbers_db [None req-ad97551a-7d71-41ef-a68e-9bd9cb67e195 8cb5f07f4d5a48098bf70d97b76e5959 1c034a21c217449f9f67948132e8a125 - - default default] Successfully bumped revision number for resource fa0631ca-1647-4f1e-9bfa-6fe386bc8bd3 (type: networks) to 1 [pid: 8|app: 0|req: 959/1917] 10.0.0.232 () {32 vars in 740 bytes} [Tue May 5 23:22:49 2026] DELETE /v2.0/security-groups/3a31fe05-efaf-41a9-9bbc-9b76cb6a8166 => generated 0 bytes in 187 msecs (HTTP/1.1 204) 2 headers in 112 bytes (1 switches on core 0)
2026-05-05 23:22:49.569 7 WARNING neutron.scheduler.dhcp_agent_scheduler [None req-ad97551a-7d71-41ef-a68e-9bd9cb67e195 8cb5f07f4d5a48098bf70d97b76e5959 1c034a21c217449f9f67948132e8a125 - - default default] No more DHCP agents
2026-05-05 23:22:49.571 7 WARNING neutron.api.rpc.agentnotifiers.dhcp_rpc_agent_api [None req-ad97551a-7d71-41ef-a68e-9bd9cb67e195 8cb5f07f4d5a48098bf70d97b76e5959 1c034a21c217449f9f67948132e8a125 - - default default] Unable to schedule network fa0631ca-1647-4f1e-9bfa-6fe386bc8bd3: no agents available; will retry on subsequent port and subnet creation events.
2026-05-05 23:22:49.630 7 INFO neutron.plugins.ml2.drivers.ovn.mech_driver.mech_driver [None req-530d2b02-b1d5-4581-a577-4c4662738d3b - - - - - -] OVN reports status down for port: 57ce6121-ce62-41ef-9074-5035142ed858
2026-05-05 23:22:49.682 7 INFO neutron.db.ovn_revision_numbers_db [None req-ad97551a-7d71-41ef-a68e-9bd9cb67e195 8cb5f07f4d5a48098bf70d97b76e5959 1c034a21c217449f9f67948132e8a125 - - default default] Successfully bumped revision number for resource 57ce6121-ce62-41ef-9074-5035142ed858 (type: ports) to 1 [pid: 7|app: 0|req: 959/1918] 10.0.0.232 () {34 vars in 670 bytes} [Tue May 5 23:22:48 2026] POST /v2.0/networks => generated 664 bytes in 865 msecs (HTTP/1.1 201) 4 headers in 162 bytes (1 switches on core 0) [pid: 7|app: 0|req: 960/1919] 10.0.0.103 () {34 vars in 990 bytes} [Tue May 5 23:22:49 2026] GET /v2.0/ports?device_id=a6d52b2d-28d6-46b8-a1c0-29582e800612 => generated 971 bytes in 27 msecs (HTTP/1.1 200) 4 headers in 157 bytes (1 switches on core 0)
2026-05-05 23:22:49.930 8 WARNING neutron.scheduler.dhcp_agent_scheduler [None req-cc5246a9-216b-48a5-8610-e11711209959 8cb5f07f4d5a48098bf70d97b76e5959 1c034a21c217449f9f67948132e8a125 - - default default] No more DHCP agents
2026-05-05 23:22:49.931 8 WARNING neutron.api.rpc.agentnotifiers.dhcp_rpc_agent_api [None req-cc5246a9-216b-48a5-8610-e11711209959 8cb5f07f4d5a48098bf70d97b76e5959 1c034a21c217449f9f67948132e8a125 - - default default] Unable to schedule network fa0631ca-1647-4f1e-9bfa-6fe386bc8bd3: no agents available; will retry on subsequent port and subnet creation events. [pid: 7|app: 0|req: 961/1920] 10.0.0.103 () {34 vars in 1040 bytes} [Tue May 5 23:22:49 2026] GET /v2.0/security-groups?id=e1040c67-e56d-45a9-b69a-41d7c21fc244&fields=id&fields=name => generated 88 bytes in 26 msecs (HTTP/1.1 200) 4 headers in 156 bytes (1 switches on core 0)
2026-05-05 23:22:50.310 8 INFO neutron.db.ovn_revision_numbers_db [None req-cc5246a9-216b-48a5-8610-e11711209959 8cb5f07f4d5a48098bf70d97b76e5959 1c034a21c217449f9f67948132e8a125 - - default default] Successfully bumped revision number for resource 57ce6121-ce62-41ef-9074-5035142ed858 (type: ports) to 2
2026-05-05 23:22:50.355 8 INFO neutron.db.ovn_revision_numbers_db [None req-cc5246a9-216b-48a5-8610-e11711209959 8cb5f07f4d5a48098bf70d97b76e5959 1c034a21c217449f9f67948132e8a125 - - default default] Successfully bumped revision number for resource 2820d28b-3ec2-4f34-a390-92dd5aab8f3c (type: subnets) to 0 [pid: 8|app: 0|req: 960/1921] 10.0.0.232 () {34 vars in 669 bytes} [Tue May 5 23:22:49 2026] POST /v2.0/subnets => generated 626 bytes in 618 msecs (HTTP/1.1 201) 4 headers in 162 bytes (1 switches on core 0)
2026-05-05 23:22:50.430 8 INFO neutron.notifiers.nova [-] Nova event matching ['req-96b955fe-2b10-4837-a569-0eb70142c048'] response: {'server_uuid': 'a6d52b2d-28d6-46b8-a1c0-29582e800612', 'name': 'network-vif-plugged', 'status': 'completed', 'tag': '1bb14eab-80b1-4e6d-a162-e88b9f4be504', 'code': 200}
2026-05-05 23:22:50.828 7 WARNING neutron.scheduler.dhcp_agent_scheduler [None req-34f185c7-c054-4dab-a03c-6953f987d40a 8cb5f07f4d5a48098bf70d97b76e5959 1c034a21c217449f9f67948132e8a125 - - default default] No more DHCP agents
2026-05-05 23:22:50.830 7 WARNING neutron.api.rpc.agentnotifiers.dhcp_rpc_agent_api [None req-34f185c7-c054-4dab-a03c-6953f987d40a 8cb5f07f4d5a48098bf70d97b76e5959 1c034a21c217449f9f67948132e8a125 - - default default] Unable to schedule network 3d2a4fcc-7ecc-4823-8491-399e2f7c923e: no agents available; will retry on subsequent port and subnet creation events.
2026-05-05 23:22:50.963 7 INFO neutron.plugins.ml2.drivers.ovn.mech_driver.mech_driver [None req-530d2b02-b1d5-4581-a577-4c4662738d3b - - - - - -] OVN reports status down for port: cf75b799-199e-4635-a8a1-1c8501b7bf68
2026-05-05 23:22:51.033 7 INFO neutron.db.ovn_revision_numbers_db [None req-34f185c7-c054-4dab-a03c-6953f987d40a 8cb5f07f4d5a48098bf70d97b76e5959 1c034a21c217449f9f67948132e8a125 - - default default] Successfully bumped revision number for resource cf75b799-199e-4635-a8a1-1c8501b7bf68 (type: ports) to 1 [pid: 8|app: 0|req: 961/1922] 10.0.0.103 () {34 vars in 990 bytes} [Tue May 5 23:22:51 2026] GET /v2.0/ports?device_id=a6d52b2d-28d6-46b8-a1c0-29582e800612 => generated 971 bytes in 72 msecs (HTTP/1.1 200) 4 headers in 157 bytes (1 switches on core 0) [pid: 8|app: 0|req: 962/1923] 10.0.0.103 () {34 vars in 1040 bytes} [Tue May 5 23:22:51 2026] GET /v2.0/security-groups?id=e1040c67-e56d-45a9-b69a-41d7c21fc244&fields=id&fields=name => generated 88 bytes in 33 msecs (HTTP/1.1 200) 4 headers in 156 bytes (1 switches on core 0)
2026-05-05 23:22:51.753 7 INFO neutron.plugins.ml2.drivers.ovn.mech_driver.mech_driver [None req-530d2b02-b1d5-4581-a577-4c4662738d3b - - - - - -] OVN reports status up for port: cf75b799-199e-4635-a8a1-1c8501b7bf68
2026-05-05 23:22:51.775 7 INFO neutron.plugins.ml2.plugin [None req-530d2b02-b1d5-4581-a577-4c4662738d3b - - - - - -] Attempt 1 to provision port cf75b799-199e-4635-a8a1-1c8501b7bf68
2026-05-05 23:22:51.795 7 INFO neutron.db.ovn_revision_numbers_db [None req-34f185c7-c054-4dab-a03c-6953f987d40a 8cb5f07f4d5a48098bf70d97b76e5959 1c034a21c217449f9f67948132e8a125 - - default default] Successfully bumped revision number for resource cf75b799-199e-4635-a8a1-1c8501b7bf68 (type: router_ports) to 1
2026-05-05 23:22:51.896 7 INFO neutron.db.ovn_revision_numbers_db [None req-34f185c7-c054-4dab-a03c-6953f987d40a 8cb5f07f4d5a48098bf70d97b76e5959 1c034a21c217449f9f67948132e8a125 - - default default] Successfully bumped revision number for resource e44cfb59-77d5-48d4-a921-30b3c7db48a7 (type: routers) to 2 [pid: 7|app: 0|req: 962/1924] 10.0.0.232 () {34 vars in 669 bytes} [Tue May 5 23:22:50 2026] POST /v2.0/routers => generated 957 bytes in 1535 msecs (HTTP/1.1 201) 4 headers in 162 bytes (1 switches on core 0)
2026-05-05 23:22:52.360 8 WARNING neutron.scheduler.dhcp_agent_scheduler [None req-2ed090f9-8c54-4ca7-9675-13d8b1021410 8cb5f07f4d5a48098bf70d97b76e5959 1c034a21c217449f9f67948132e8a125 - - default default] No more DHCP agents
2026-05-05 23:22:52.362 8 WARNING neutron.api.rpc.agentnotifiers.dhcp_rpc_agent_api [None req-2ed090f9-8c54-4ca7-9675-13d8b1021410 8cb5f07f4d5a48098bf70d97b76e5959 1c034a21c217449f9f67948132e8a125 - - default default] Unable to schedule network fa0631ca-1647-4f1e-9bfa-6fe386bc8bd3: no agents available; will retry on subsequent port and subnet creation events.
2026-05-05 23:22:52.527 8 INFO neutron.db.ovn_revision_numbers_db [None req-2ed090f9-8c54-4ca7-9675-13d8b1021410 8cb5f07f4d5a48098bf70d97b76e5959 1c034a21c217449f9f67948132e8a125 - - default default] Successfully bumped revision number for resource f0471056-0a8e-4a7f-bb7b-bf4c64e9703d (type: ports) to 1 [pid: 7|app: 0|req: 963/1925] 10.0.0.103 () {34 vars in 990 bytes} [Tue May 5 23:22:52 2026] GET /v2.0/ports?device_id=a6d52b2d-28d6-46b8-a1c0-29582e800612 => generated 971 bytes in 88 msecs (HTTP/1.1 200) 4 headers in 157 bytes (1 switches on core 0) [pid: 7|app: 0|req: 964/1926] 10.0.0.103 () {34 vars in 1040 bytes} [Tue May 5 23:22:52 2026] GET /v2.0/security-groups?id=e1040c67-e56d-45a9-b69a-41d7c21fc244&fields=id&fields=name => generated 88 bytes in 29 msecs (HTTP/1.1 200) 4 headers in 156 bytes (1 switches on core 0)
2026-05-05 23:22:53.266 8 WARNING neutron.scheduler.dhcp_agent_scheduler [None req-2ed090f9-8c54-4ca7-9675-13d8b1021410 8cb5f07f4d5a48098bf70d97b76e5959 1c034a21c217449f9f67948132e8a125 - - default default] No more DHCP agents
2026-05-05 23:22:53.268 8 WARNING neutron.api.rpc.agentnotifiers.dhcp_rpc_agent_api [None req-2ed090f9-8c54-4ca7-9675-13d8b1021410 8cb5f07f4d5a48098bf70d97b76e5959 1c034a21c217449f9f67948132e8a125 - - default default] Unable to schedule network fa0631ca-1647-4f1e-9bfa-6fe386bc8bd3: no agents available; will retry on subsequent port and subnet creation events.
2026-05-05 23:22:53.544 7 INFO neutron.db.ovn_revision_numbers_db [None req-b2f59f1b-d73a-40f5-8962-84eacc62a81e 431724ba36264b508d6e800720933797 e87cfe66627045778334b07c3c386785 - - default default] Successfully bumped revision number for resource a1c3a097-490e-4cd6-8196-043a619573c4 (type: security_groups) to 1
2026-05-05 23:22:53.560 7 INFO neutron.db.ovn_revision_numbers_db [None req-b2f59f1b-d73a-40f5-8962-84eacc62a81e 431724ba36264b508d6e800720933797 e87cfe66627045778334b07c3c386785 - - default default] Successfully bumped revision number for resource 2cbf6600-c9b2-4606-aa1a-a5c8e28b63bf (type: security_group_rules) to 0
2026-05-05 23:22:53.614 7 INFO neutron.db.ovn_revision_numbers_db [None req-b2f59f1b-d73a-40f5-8962-84eacc62a81e 431724ba36264b508d6e800720933797 e87cfe66627045778334b07c3c386785 - - default default] Successfully bumped revision number for resource 52d2dc8c-faf7-4fcc-a2ba-b7927e66d3f1 (type: security_group_rules) to 0
2026-05-05 23:22:53.650 7 INFO neutron.db.ovn_revision_numbers_db [None req-b2f59f1b-d73a-40f5-8962-84eacc62a81e 431724ba36264b508d6e800720933797 e87cfe66627045778334b07c3c386785 - - default default] Successfully bumped revision number for resource 617013a6-df17-4bbc-99df-bc234e399c60 (type: security_group_rules) to 0
2026-05-05 23:22:53.680 8 INFO neutron.db.ovn_revision_numbers_db [None req-2ed090f9-8c54-4ca7-9675-13d8b1021410 8cb5f07f4d5a48098bf70d97b76e5959 1c034a21c217449f9f67948132e8a125 - - default default] Successfully bumped revision number for resource f0471056-0a8e-4a7f-bb7b-bf4c64e9703d (type: router_ports) to 1
2026-05-05 23:22:53.680 7 INFO neutron.db.ovn_revision_numbers_db [None req-b2f59f1b-d73a-40f5-8962-84eacc62a81e 431724ba36264b508d6e800720933797 e87cfe66627045778334b07c3c386785 - - default default] Successfully bumped revision number for resource 8602fe2c-bcfe-4d17-9403-c5d61de2148d (type: security_group_rules) to 0
2026-05-05 23:22:53.682 8 INFO neutron.common.ovn.utils [None req-bc7e1c85-a943-4fa0-94c6-de16d5666280 - - - - - -] HA Chassis Group neutron-fa0631ca-1647-4f1e-9bfa-6fe386bc8bd3 synchronized; highest priority chassis 0963d711-c800-4019-886e-0d28dc63ab7c [pid: 8|app: 0|req: 963/1927] 10.0.0.232 () {34 vars in 783 bytes} [Tue May 5 23:22:51 2026] PUT /v2.0/routers/e44cfb59-77d5-48d4-a921-30b3c7db48a7/add_router_interface => generated 310 bytes in 1774 msecs (HTTP/1.1 200) 4 headers in 157 bytes (1 switches on core 0)
2026-05-05 23:22:53.713 8 INFO neutron.plugins.ml2.drivers.ovn.mech_driver.mech_driver [None req-bc7e1c85-a943-4fa0-94c6-de16d5666280 - - - - - -] OVN reports status down for port: 1bb14eab-80b1-4e6d-a162-e88b9f4be504
2026-05-05 23:22:53.765 7 INFO neutron.db.segments_db [None req-b2f59f1b-d73a-40f5-8962-84eacc62a81e 431724ba36264b508d6e800720933797 e87cfe66627045778334b07c3c386785 - - default default] Added segment 7c5d3bc8-fd70-479d-878f-b32e96d69754 of type geneve for network 583560f3-aa36-44c6-8444-10e817b52f93 [pid: 8|app: 0|req: 964/1928] 10.0.0.103 () {34 vars in 990 bytes} [Tue May 5 23:22:53 2026] GET /v2.0/ports?device_id=a6d52b2d-28d6-46b8-a1c0-29582e800612 => generated 971 bytes in 77 msecs (HTTP/1.1 200) 4 headers in 157 bytes (1 switches on core 0)
2026-05-05 23:22:53.857 7 INFO neutron.db.ovn_revision_numbers_db [None req-b2f59f1b-d73a-40f5-8962-84eacc62a81e 431724ba36264b508d6e800720933797 e87cfe66627045778334b07c3c386785 - - default default] Successfully bumped revision number for resource 583560f3-aa36-44c6-8444-10e817b52f93 (type: networks) to 1
2026-05-05 23:22:53.952 8 INFO neutron.notifiers.nova [-] Nova event matching ['req-e8d8b906-65d1-4f68-abef-5fa9a117757a'] response: {'server_uuid': 'a6d52b2d-28d6-46b8-a1c0-29582e800612', 'name': 'network-vif-unplugged', 'status': 'completed', 'tag': '1bb14eab-80b1-4e6d-a162-e88b9f4be504', 'code': 200}
2026-05-05 23:22:54.030 7 WARNING neutron.scheduler.dhcp_agent_scheduler [None req-b2f59f1b-d73a-40f5-8962-84eacc62a81e 431724ba36264b508d6e800720933797 e87cfe66627045778334b07c3c386785 - - default default] No more DHCP agents
2026-05-05 23:22:54.034 7 WARNING neutron.api.rpc.agentnotifiers.dhcp_rpc_agent_api [None req-b2f59f1b-d73a-40f5-8962-84eacc62a81e 431724ba36264b508d6e800720933797 e87cfe66627045778334b07c3c386785 - - default default] Unable to schedule network 583560f3-aa36-44c6-8444-10e817b52f93: no agents available; will retry on subsequent port and subnet creation events.
2026-05-05 23:22:54.105 7 INFO neutron.db.ovn_revision_numbers_db [None req-b2f59f1b-d73a-40f5-8962-84eacc62a81e 431724ba36264b508d6e800720933797 e87cfe66627045778334b07c3c386785 - - default default] Successfully bumped revision number for resource bf8997d2-6cc5-4b4f-b6ae-9caf742b7f0c (type: ports) to 1 [pid: 7|app: 0|req: 965/1929] 10.0.0.232 () {34 vars in 670 bytes} [Tue May 5 23:22:53 2026] POST /v2.0/networks => generated 677 bytes in 851 msecs (HTTP/1.1 201) 4 headers in 162 bytes (1 switches on core 0) [pid: 7|app: 0|req: 966/1930] 10.0.0.103 () {34 vars in 1040 bytes} [Tue May 5 23:22:54 2026] GET /v2.0/security-groups?id=e1040c67-e56d-45a9-b69a-41d7c21fc244&fields=id&fields=name => generated 88 bytes in 31 msecs (HTTP/1.1 200) 4 headers in 156 bytes (1 switches on core 0)
2026-05-05 23:22:54.248 8 INFO neutron.db.ovn_revision_numbers_db [None req-bc7e1c85-a943-4fa0-94c6-de16d5666280 - - - - - -] Successfully bumped revision number for resource 1bb14eab-80b1-4e6d-a162-e88b9f4be504 (type: ports) to 6
2026-05-05 23:22:54.338 7 WARNING neutron.scheduler.dhcp_agent_scheduler [None req-0e08029f-8c1f-4596-8d57-027bbb0d75b2 431724ba36264b508d6e800720933797 e87cfe66627045778334b07c3c386785 - - default default] No more DHCP agents
2026-05-05 23:22:54.339 7 WARNING neutron.api.rpc.agentnotifiers.dhcp_rpc_agent_api [None req-0e08029f-8c1f-4596-8d57-027bbb0d75b2 431724ba36264b508d6e800720933797 e87cfe66627045778334b07c3c386785 - - default default] Unable to schedule network 583560f3-aa36-44c6-8444-10e817b52f93: no agents available; will retry on subsequent port and subnet creation events.
2026-05-05 23:22:54.699 7 INFO neutron.db.ovn_revision_numbers_db [None req-0e08029f-8c1f-4596-8d57-027bbb0d75b2 431724ba36264b508d6e800720933797 e87cfe66627045778334b07c3c386785 - - default default] Successfully bumped revision number for resource bf8997d2-6cc5-4b4f-b6ae-9caf742b7f0c (type: ports) to 2
2026-05-05 23:22:54.724 7 INFO neutron.db.ovn_revision_numbers_db [None req-0e08029f-8c1f-4596-8d57-027bbb0d75b2 431724ba36264b508d6e800720933797 e87cfe66627045778334b07c3c386785 - - default default] Successfully bumped revision number for resource 2fb36f52-323d-4423-8e20-9203222e659d (type: subnets) to 0 [pid: 7|app: 0|req: 967/1931] 10.0.0.232 () {34 vars in 669 bytes} [Tue May 5 23:22:54 2026] POST /v2.0/subnets => generated 658 bytes in 583 msecs (HTTP/1.1 201) 4 headers in 162 bytes (1 switches on core 0) [pid: 7|app: 0|req: 968/1932] 199.204.45.250 () {34 vars in 994 bytes} [Tue May 5 23:22:54 2026] GET /v2.0/ports?device_id=a6d52b2d-28d6-46b8-a1c0-29582e800612 => generated 969 bytes in 36 msecs (HTTP/1.1 200) 4 headers in 157 bytes (1 switches on core 0)
2026-05-05 23:22:54.805 8 INFO neutron.plugins.ml2.drivers.ovn.mech_driver.mech_driver [None req-1a8eb96f-76c6-473b-a4eb-5f3933203a7b - - - - - -] OVN reports status down for port: bf8997d2-6cc5-4b4f-b6ae-9caf742b7f0c [pid: 7|app: 0|req: 969/1933] 10.0.0.232 () {32 vars in 722 bytes} [Tue May 5 23:22:54 2026] GET /v2.0/subnetpools?name=shared-default-subnetpool-v6 => generated 19 bytes in 51 msecs (HTTP/1.1 200) 4 headers in 156 bytes (1 switches on core 0)
2026-05-05 23:22:54.952 7 INFO neutron_taas.services.taas.taas_plugin [req-e1473b87-0bd6-43ba-9abc-d02a6c5d341a req-3a917503-dcdf-4b8e-ab46-e4d04ca2a3fd e9fe6377e5ef45a0ba5cea710c86416f ed114ee29b4647eb97dcf8cee5417a00 - - default default] TaaS: Handle Delete Port: 1bb14eab-80b1-4e6d-a162-e88b9f4be504
2026-05-05 23:22:54.955 7 INFO neutron_taas.services.taas.tap_mirror_plugin [req-e1473b87-0bd6-43ba-9abc-d02a6c5d341a req-3a917503-dcdf-4b8e-ab46-e4d04ca2a3fd e9fe6377e5ef45a0ba5cea710c86416f ed114ee29b4647eb97dcf8cee5417a00 - - default default] Tap Mirror: Handle Delete Port: 1bb14eab-80b1-4e6d-a162-e88b9f4be504
2026-05-05 23:22:55.028 8 WARNING neutron.scheduler.dhcp_agent_scheduler [None req-c4513bdd-54d8-444e-8dda-816ea8921af8 - - - - - -] No more DHCP agents
2026-05-05 23:22:55.029 8 WARNING neutron.api.rpc.agentnotifiers.dhcp_rpc_agent_api [None req-c4513bdd-54d8-444e-8dda-816ea8921af8 - - - - - -] Unable to schedule network 3d2a4fcc-7ecc-4823-8491-399e2f7c923e: no agents available; will retry on subsequent port and subnet creation events. [pid: 7|app: 0|req: 970/1934] 199.204.45.250 () {36 vars in 997 bytes} [Tue May 5 23:22:54 2026] DELETE /v2.0/ports/1bb14eab-80b1-4e6d-a162-e88b9f4be504 => generated 0 bytes in 229 msecs (HTTP/1.1 204) 3 headers in 131 bytes (1 switches on core 0)
2026-05-05 23:22:55.095 7 INFO neutron.notifiers.nova [-] Nova event matching ['req-560be9bc-ab6b-465d-82f7-2aeee3fbd23b'] response: {'server_uuid': 'a6d52b2d-28d6-46b8-a1c0-29582e800612', 'name': 'network-vif-deleted', 'tag': '1bb14eab-80b1-4e6d-a162-e88b9f4be504', 'status': 'completed', 'code': 200}
2026-05-05 23:22:55.166 8 INFO neutron.plugins.ml2.drivers.ovn.mech_driver.mech_driver [None req-1a8eb96f-76c6-473b-a4eb-5f3933203a7b - - - - - -] OVN reports status down for port: f3059ca7-d699-4541-9f79-dc662ba66d46
2026-05-05 23:22:55.224 8 INFO neutron.db.ovn_revision_numbers_db [None req-c4513bdd-54d8-444e-8dda-816ea8921af8 - - - - - -] Successfully bumped revision number for resource f3059ca7-d699-4541-9f79-dc662ba66d46 (type: ports) to 1
2026-05-05 23:22:55.295 7 WARNING neutron.scheduler.dhcp_agent_scheduler [None req-1cf1aba7-40b8-42e1-8cfa-d5af0f150ce2 431724ba36264b508d6e800720933797 e87cfe66627045778334b07c3c386785 - - default default] No more DHCP agents
2026-05-05 23:22:55.296 7 WARNING neutron.api.rpc.agentnotifiers.dhcp_rpc_agent_api [None req-1cf1aba7-40b8-42e1-8cfa-d5af0f150ce2 431724ba36264b508d6e800720933797 e87cfe66627045778334b07c3c386785 - - default default] Unable to schedule network 583560f3-aa36-44c6-8444-10e817b52f93: no agents available; will retry on subsequent port and subnet creation events.
2026-05-05 23:22:55.325 7 INFO neutron.db.ovn_revision_numbers_db [None req-1cf1aba7-40b8-42e1-8cfa-d5af0f150ce2 431724ba36264b508d6e800720933797 e87cfe66627045778334b07c3c386785 - - default default] Successfully bumped revision number for resource d0ebe693-d45c-4fc3-b891-3bbdb67b30f9 (type: subnets) to 0 [pid: 7|app: 0|req: 971/1935] 10.0.0.232 () {34 vars in 669 bytes} [Tue May 5 23:22:55 2026] POST /v2.0/subnets => generated 732 bytes in 278 msecs (HTTP/1.1 201) 4 headers in 162 bytes (1 switches on core 0) [pid: 7|app: 0|req: 972/1936] 10.0.0.103 () {34 vars in 990 bytes} [Tue May 5 23:22:55 2026] GET /v2.0/ports?device_id=a6d52b2d-28d6-46b8-a1c0-29582e800612 => generated 12 bytes in 22 msecs (HTTP/1.1 200) 4 headers in 156 bytes (1 switches on core 0)
2026-05-05 23:22:55.450 7 INFO neutron.db.segments_db [None req-a951791e-ef0e-4201-b147-2795ed384b91 431724ba36264b508d6e800720933797 e87cfe66627045778334b07c3c386785 - - default default] Added segment 253cdf45-e7da-4483-9a60-010ffe59fd57 of type geneve for network 196e52ee-7530-4ac0-8328-395ad3dc97d6
2026-05-05 23:22:55.463 8 INFO neutron.db.ovn_revision_numbers_db [None req-c4513bdd-54d8-444e-8dda-816ea8921af8 - - - - - -] Successfully bumped revision number for resource f3059ca7-d699-4541-9f79-dc662ba66d46 (type: ports) to 3
2026-05-05 23:22:55.517 8 INFO neutron.db.segments_db [None req-c4513bdd-54d8-444e-8dda-816ea8921af8 - - - - - -] Added segment ecb5acd9-41af-4674-bf1b-082472b4a0e7 of type geneve for network 08a1fe8a-b195-4676-8fc2-3e6f0fd7868c
2026-05-05 23:22:55.553 7 INFO neutron.db.ovn_revision_numbers_db [None req-a951791e-ef0e-4201-b147-2795ed384b91 431724ba36264b508d6e800720933797 e87cfe66627045778334b07c3c386785 - - default default] Successfully bumped revision number for resource 196e52ee-7530-4ac0-8328-395ad3dc97d6 (type: networks) to 1
2026-05-05 23:22:55.636 8 INFO neutron.db.ovn_revision_numbers_db [None req-f992ec6e-351a-418b-9359-419325e62062 - - - - - -] Successfully bumped revision number for resource 08a1fe8a-b195-4676-8fc2-3e6f0fd7868c (type: networks) to 1
2026-05-05 23:22:55.746 7 WARNING neutron.scheduler.dhcp_agent_scheduler [None req-a951791e-ef0e-4201-b147-2795ed384b91 431724ba36264b508d6e800720933797 e87cfe66627045778334b07c3c386785 - - default default] No more DHCP agents
2026-05-05 23:22:55.747 7 WARNING neutron.api.rpc.agentnotifiers.dhcp_rpc_agent_api [None req-a951791e-ef0e-4201-b147-2795ed384b91 431724ba36264b508d6e800720933797 e87cfe66627045778334b07c3c386785 - - default default] Unable to schedule network 196e52ee-7530-4ac0-8328-395ad3dc97d6: no agents available; will retry on subsequent port and subnet creation events.
2026-05-05 23:22:55.781 8 INFO neutron.plugins.ml2.drivers.ovn.mech_driver.mech_driver [None req-1a8eb96f-76c6-473b-a4eb-5f3933203a7b - - - - - -] OVN reports status down for port: 8296afe2-6be0-46bd-858e-4548d8adf8e5
2026-05-05 23:22:55.801 8 WARNING neutron.scheduler.dhcp_agent_scheduler [None req-f992ec6e-351a-418b-9359-419325e62062 - - - - - -] No more DHCP agents
2026-05-05 23:22:55.807 8 WARNING neutron.api.rpc.agentnotifiers.dhcp_rpc_agent_api [None req-f992ec6e-351a-418b-9359-419325e62062 - - - - - -] Unable to schedule network 08a1fe8a-b195-4676-8fc2-3e6f0fd7868c: no agents available; will retry on subsequent port and subnet creation events.
2026-05-05 23:22:55.821 7 INFO neutron.db.ovn_revision_numbers_db [None req-a951791e-ef0e-4201-b147-2795ed384b91 431724ba36264b508d6e800720933797 e87cfe66627045778334b07c3c386785 - - default default] Successfully bumped revision number for resource 8296afe2-6be0-46bd-858e-4548d8adf8e5 (type: ports) to 1 [pid: 7|app: 0|req: 973/1937] 10.0.0.232 () {34 vars in 670 bytes} [Tue May 5 23:22:55 2026] POST /v2.0/networks => generated 676 bytes in 484 msecs (HTTP/1.1 201) 4 headers in 162 bytes (1 switches on core 0)
2026-05-05 23:22:55.917 8 INFO neutron.plugins.ml2.drivers.ovn.mech_driver.mech_driver [None req-1a8eb96f-76c6-473b-a4eb-5f3933203a7b - - - - - -] OVN reports status down for port: cf162475-6792-4fc3-a3b2-37f7c2d55def
2026-05-05 23:22:55.918 8 INFO neutron.db.ovn_revision_numbers_db [None req-f992ec6e-351a-418b-9359-419325e62062 - - - - - -] Successfully bumped revision number for resource cf162475-6792-4fc3-a3b2-37f7c2d55def (type: ports) to 1 [pid: 7|app: 0|req: 974/1938] 10.0.0.183 () {28 vars in 583 bytes} [Tue May 5 23:22:55 2026] GET /v2.0/subnets => generated 4025 bytes in 82 msecs (HTTP/1.1 200) 4 headers in 158 bytes (1 switches on core 0)
2026-05-05 23:22:56.001 8 INFO neutron.notifiers.nova [-] Nova event matching ['req-44ca2192-293c-465b-95d0-b275f014f2fc'] response: {'server_uuid': 'a6d52b2d-28d6-46b8-a1c0-29582e800612', 'name': 'network-vif-unplugged', 'status': 'completed', 'tag': '1bb14eab-80b1-4e6d-a162-e88b9f4be504', 'code': 200}
2026-05-05 23:22:56.073 8 WARNING neutron.scheduler.dhcp_agent_scheduler [None req-f992ec6e-351a-418b-9359-419325e62062 - - - - - -] No more DHCP agents
2026-05-05 23:22:56.074 8 WARNING neutron.api.rpc.agentnotifiers.dhcp_rpc_agent_api [None req-f992ec6e-351a-418b-9359-419325e62062 - - - - - -] Unable to schedule network 08a1fe8a-b195-4676-8fc2-3e6f0fd7868c: no agents available; will retry on subsequent port and subnet creation events.
2026-05-05 23:22:56.097 7 WARNING neutron.scheduler.dhcp_agent_scheduler [None req-dbcd024c-fcfb-4cc1-bd31-5db906a5348d 431724ba36264b508d6e800720933797 e87cfe66627045778334b07c3c386785 - - default default] No more DHCP agents
