2026-05-05 23:22:09.876 7 WARNING neutron.api.rpc.agentnotifiers.dhcp_rpc_agent_api [None req-9a695647-a2b4-486e-8f0e-82ca2463d10a 3d45ca01bdb34504b2a5921a409864fc 6dab8e2380b84784ac5d4c56044b1084 - - default default] Unable to schedule network 3d2a4fcc-7ecc-4823-8491-399e2f7c923e: no agents available; will retry on subsequent port and subnet creation events.
2026-05-05 23:22:09.945 8 INFO neutron.db.ovn_revision_numbers_db [None req-4141b529-434e-4f76-af7b-6bbab2a95051 8c3752a6deb34fd49a79dcebc8f41fec 6581cf871a1c40d9948b66091ff5ca31 - - default default] Successfully bumped revision number for resource 2ae85376-32c0-4932-a0f5-cc117b4a8581 (type: routers) to 2 [pid: 8|app: 0|req: 834/1621] 10.0.0.232 () {34 vars in 742 bytes} [Tue May 5 23:22:09 2026] PUT /v2.0/routers/2ae85376-32c0-4932-a0f5-cc117b4a8581 => generated 604 bytes in 269 msecs (HTTP/1.1 200) 4 headers in 157 bytes (1 switches on core 0)
2026-05-05 23:22:10.007 7 INFO neutron.plugins.ml2.drivers.ovn.mech_driver.mech_driver [None req-2c63bf60-ad9b-472a-8ccf-72d6fca52f1c - - - - - -] OVN reports status down for port: 46f8dd04-e845-4944-9237-e343379e3a88
2026-05-05 23:22:10.060 7 INFO neutron.db.ovn_revision_numbers_db [None req-9a695647-a2b4-486e-8f0e-82ca2463d10a 3d45ca01bdb34504b2a5921a409864fc 6dab8e2380b84784ac5d4c56044b1084 - - default default] Successfully bumped revision number for resource 46f8dd04-e845-4944-9237-e343379e3a88 (type: ports) to 1
2026-05-05 23:22:10.300 7 INFO neutron.services.segments.plugin [-] Segment 1fbfc2f7-f4c8-4bbd-8506-cd07ef923ba4 resource provider aggregate not found
2026-05-05 23:22:10.303 7 INFO neutron.services.segments.plugin [-] Segment 1fbfc2f7-f4c8-4bbd-8506-cd07ef923ba4 resource provider aggregate not found
2026-05-05 23:22:10.304 8 INFO neutron.db.ovn_revision_numbers_db [None req-8f4bd8f2-985e-43dd-ad32-17173b129edf 2b306edbddfc47bc9143764759fcfb8c 4d6a1ddeff7941a39a66cb3633614d92 - - default default] Successfully bumped revision number for resource 68cb8755-7727-4f0a-91fd-02d8e09fa929 (type: security_groups) to 1
2026-05-05 23:22:10.314 7 INFO neutron.services.segments.plugin [-] Segment 1fbfc2f7-f4c8-4bbd-8506-cd07ef923ba4 resource provider not found; error: Placement Client Error (4xx): {"errors": [{"status": 404, "title": "Not Found", "detail": "The resource could not be found.\n\n No resource provider with uuid 1fbfc2f7-f4c8-4bbd-8506-cd07ef923ba4 found for delete ", "request_id": "req-24d46ab6-7c39-44a5-9abd-e874d5442fdf"}]}
2026-05-05 23:22:10.315 8 INFO neutron.db.ovn_revision_numbers_db [None req-8f4bd8f2-985e-43dd-ad32-17173b129edf 2b306edbddfc47bc9143764759fcfb8c 4d6a1ddeff7941a39a66cb3633614d92 - - default default] Successfully bumped revision number for resource 9f29cba3-6444-458b-b23b-98c573466e60 (type: security_group_rules) to 0
2026-05-05 23:22:10.321 7 INFO neutron.services.segments.plugin [-] Segment 1fbfc2f7-f4c8-4bbd-8506-cd07ef923ba4 resource provider not found; error: Placement Client Error (4xx): {"errors": [{"status": 404, "title": "Not Found", "detail": "The resource could not be found.\n\n No resource provider with uuid 1fbfc2f7-f4c8-4bbd-8506-cd07ef923ba4 found for delete ", "request_id": "req-6eef8868-21a8-418c-aa32-ad202566f4c7"}]}
2026-05-05 23:22:10.327 8 INFO neutron.db.ovn_revision_numbers_db [None req-8f4bd8f2-985e-43dd-ad32-17173b129edf 2b306edbddfc47bc9143764759fcfb8c 4d6a1ddeff7941a39a66cb3633614d92 - - default default] Successfully bumped revision number for resource a008602c-d1e6-4484-ae21-c81277575f74 (type: security_group_rules) to 0
2026-05-05 23:22:10.338 8 INFO neutron.db.ovn_revision_numbers_db [None req-8f4bd8f2-985e-43dd-ad32-17173b129edf 2b306edbddfc47bc9143764759fcfb8c 4d6a1ddeff7941a39a66cb3633614d92 - - default default] Successfully bumped revision number for resource c91c4c1c-fb8f-4df8-a752-6a979ec9f823 (type: security_group_rules) to 0
2026-05-05 23:22:10.348 8 INFO neutron.db.ovn_revision_numbers_db [None req-8f4bd8f2-985e-43dd-ad32-17173b129edf 2b306edbddfc47bc9143764759fcfb8c 4d6a1ddeff7941a39a66cb3633614d92 - - default default] Successfully bumped revision number for resource d44bd2c8-049a-4b39-bb0d-f03873a36f91 (type: security_group_rules) to 0
2026-05-05 23:22:10.427 8 INFO neutron.db.segments_db [None req-8f4bd8f2-985e-43dd-ad32-17173b129edf 2b306edbddfc47bc9143764759fcfb8c 4d6a1ddeff7941a39a66cb3633614d92 - - default default] Added segment 97dcc9de-77b6-40f9-bbee-95023f56a19a of type geneve for network 92f18871-d290-4fc6-813b-d575dab33382
2026-05-05 23:22:10.542 8 INFO neutron.db.ovn_revision_numbers_db [None req-8f4bd8f2-985e-43dd-ad32-17173b129edf 2b306edbddfc47bc9143764759fcfb8c 4d6a1ddeff7941a39a66cb3633614d92 - - default default] Successfully bumped revision number for resource 92f18871-d290-4fc6-813b-d575dab33382 (type: networks) to 1
2026-05-05 23:22:10.688 8 WARNING neutron.scheduler.dhcp_agent_scheduler [None req-8f4bd8f2-985e-43dd-ad32-17173b129edf 2b306edbddfc47bc9143764759fcfb8c 4d6a1ddeff7941a39a66cb3633614d92 - - default default] No more DHCP agents
2026-05-05 23:22:10.690 8 WARNING neutron.api.rpc.agentnotifiers.dhcp_rpc_agent_api [None req-8f4bd8f2-985e-43dd-ad32-17173b129edf 2b306edbddfc47bc9143764759fcfb8c 4d6a1ddeff7941a39a66cb3633614d92 - - default default] Unable to schedule network 92f18871-d290-4fc6-813b-d575dab33382: no agents available; will retry on subsequent port and subnet creation events.
2026-05-05 23:22:10.774 7 INFO neutron.plugins.ml2.drivers.ovn.mech_driver.mech_driver [None req-2c63bf60-ad9b-472a-8ccf-72d6fca52f1c - - - - - -] OVN reports status up for port: 46f8dd04-e845-4944-9237-e343379e3a88
2026-05-05 23:22:10.812 8 INFO neutron.db.ovn_revision_numbers_db [None req-8f4bd8f2-985e-43dd-ad32-17173b129edf 2b306edbddfc47bc9143764759fcfb8c 4d6a1ddeff7941a39a66cb3633614d92 - - default default] Successfully bumped revision number for resource 9f713351-9283-48c8-81e9-f0fca765287a (type: ports) to 1
2026-05-05 23:22:10.816 7 INFO neutron.plugins.ml2.plugin [None req-2c63bf60-ad9b-472a-8ccf-72d6fca52f1c - - - - - -] Attempt 1 to provision port 46f8dd04-e845-4944-9237-e343379e3a88 [pid: 8|app: 0|req: 835/1622] 10.0.0.232 () {34 vars in 670 bytes} [Tue May 5 23:22:09 2026] POST /v2.0/networks => generated 667 bytes in 886 msecs (HTTP/1.1 201) 4 headers in 162 bytes (1 switches on core 0)
2026-05-05 23:22:10.838 7 INFO neutron.db.ovn_revision_numbers_db [None req-9a695647-a2b4-486e-8f0e-82ca2463d10a 3d45ca01bdb34504b2a5921a409864fc 6dab8e2380b84784ac5d4c56044b1084 - - default default] Successfully bumped revision number for resource 46f8dd04-e845-4944-9237-e343379e3a88 (type: router_ports) to 1 [pid: 8|app: 0|req: 836/1623] 10.0.0.232 () {32 vars in 736 bytes} [Tue May 5 23:22:10 2026] GET /v2.0/ports?device_id=2ae85376-32c0-4932-a0f5-cc117b4a8581 => generated 12 bytes in 13 msecs (HTTP/1.1 200) 4 headers in 156 bytes (1 switches on core 0)
2026-05-05 23:22:10.954 7 INFO neutron.db.ovn_revision_numbers_db [None req-9a695647-a2b4-486e-8f0e-82ca2463d10a 3d45ca01bdb34504b2a5921a409864fc 6dab8e2380b84784ac5d4c56044b1084 - - default default] Successfully bumped revision number for resource f01167e3-c4b6-4eca-a0d4-dabc522612f9 (type: routers) to 2 [pid: 7|app: 0|req: 788/1624] 10.0.0.232 () {34 vars in 669 bytes} [Tue May 5 23:22:09 2026] POST /v2.0/routers => generated 973 bytes in 1487 msecs (HTTP/1.1 201) 4 headers in 162 bytes (1 switches on core 0)
2026-05-05 23:22:11.049 8 INFO neutron.db.ovn_revision_numbers_db [None req-8ae51484-9e15-4a29-b321-31c3ef48c455 c5c7a2abf03a4fde8b461148c5531413 ef71c3751b624533aed4a9eb84d93665 - - default default] Successfully bumped revision number for resource bcc35e31-06b0-4c65-83cd-585d85a17a34 (type: security_groups) to 1
2026-05-05 23:22:11.050 7 INFO neutron.db.segments_db [None req-b6678025-6200-4fb8-92c7-c71e60580e27 2b306edbddfc47bc9143764759fcfb8c 4d6a1ddeff7941a39a66cb3633614d92 - - default default] Added segment 2780e0c8-c3c4-40a1-81bf-8eb4dd0a371e of type geneve for network 4ad6e234-6104-48c8-9665-13eb71db29f2
2026-05-05 23:22:11.072 8 INFO neutron.db.ovn_revision_numbers_db [None req-8ae51484-9e15-4a29-b321-31c3ef48c455 c5c7a2abf03a4fde8b461148c5531413 ef71c3751b624533aed4a9eb84d93665 - - default default] Successfully bumped revision number for resource 12c03cf8-0de0-4bfe-9e15-443c56c04e0e (type: security_group_rules) to 0
2026-05-05 23:22:11.084 8 INFO neutron.db.ovn_revision_numbers_db [None req-8ae51484-9e15-4a29-b321-31c3ef48c455 c5c7a2abf03a4fde8b461148c5531413 ef71c3751b624533aed4a9eb84d93665 - - default default] Successfully bumped revision number for resource 73b8c8e9-9b55-4d40-9a37-170a5166d9c4 (type: security_group_rules) to 0
2026-05-05 23:22:11.093 8 INFO neutron.db.ovn_revision_numbers_db [None req-8ae51484-9e15-4a29-b321-31c3ef48c455 c5c7a2abf03a4fde8b461148c5531413 ef71c3751b624533aed4a9eb84d93665 - - default default] Successfully bumped revision number for resource 8ea372af-a6a6-4a9b-9cc5-8ed057a462dd (type: security_group_rules) to 0
2026-05-05 23:22:11.106 8 INFO neutron.db.ovn_revision_numbers_db [None req-8ae51484-9e15-4a29-b321-31c3ef48c455 c5c7a2abf03a4fde8b461148c5531413 ef71c3751b624533aed4a9eb84d93665 - - default default] Successfully bumped revision number for resource bf817010-033a-4b22-8906-30392babab71 (type: security_group_rules) to 0
2026-05-05 23:22:11.140 7 INFO neutron.db.ovn_revision_numbers_db [None req-b6678025-6200-4fb8-92c7-c71e60580e27 2b306edbddfc47bc9143764759fcfb8c 4d6a1ddeff7941a39a66cb3633614d92 - - default default] Successfully bumped revision number for resource 4ad6e234-6104-48c8-9665-13eb71db29f2 (type: networks) to 1
2026-05-05 23:22:11.185 8 INFO neutron.db.segments_db [None req-8ae51484-9e15-4a29-b321-31c3ef48c455 c5c7a2abf03a4fde8b461148c5531413 ef71c3751b624533aed4a9eb84d93665 - - default default] Added segment 5b850eda-cd25-4225-a744-147c210af25f of type geneve for network 980a42fe-9097-464a-aefe-b35a42901d9a
2026-05-05 23:22:11.271 7 WARNING neutron.scheduler.dhcp_agent_scheduler [None req-b6678025-6200-4fb8-92c7-c71e60580e27 2b306edbddfc47bc9143764759fcfb8c 4d6a1ddeff7941a39a66cb3633614d92 - - default default] No more DHCP agents
2026-05-05 23:22:11.273 7 WARNING neutron.api.rpc.agentnotifiers.dhcp_rpc_agent_api [None req-b6678025-6200-4fb8-92c7-c71e60580e27 2b306edbddfc47bc9143764759fcfb8c 4d6a1ddeff7941a39a66cb3633614d92 - - default default] Unable to schedule network 4ad6e234-6104-48c8-9665-13eb71db29f2: no agents available; will retry on subsequent port and subnet creation events.
2026-05-05 23:22:11.318 8 INFO neutron.db.ovn_revision_numbers_db [None req-8ae51484-9e15-4a29-b321-31c3ef48c455 c5c7a2abf03a4fde8b461148c5531413 ef71c3751b624533aed4a9eb84d93665 - - default default] Successfully bumped revision number for resource 980a42fe-9097-464a-aefe-b35a42901d9a (type: networks) to 1
2026-05-05 23:22:11.362 7 INFO neutron.db.ovn_revision_numbers_db [None req-b6678025-6200-4fb8-92c7-c71e60580e27 2b306edbddfc47bc9143764759fcfb8c 4d6a1ddeff7941a39a66cb3633614d92 - - default default] Successfully bumped revision number for resource 060671ba-27b6-4fe5-8ab9-8574d3296515 (type: ports) to 1 [pid: 7|app: 0|req: 789/1625] 10.0.0.232 () {34 vars in 670 bytes} [Tue May 5 23:22:10 2026] POST /v2.0/networks => generated 668 bytes in 409 msecs (HTTP/1.1 201) 4 headers in 162 bytes (1 switches on core 0)
2026-05-05 23:22:11.511 8 WARNING neutron.scheduler.dhcp_agent_scheduler [None req-8ae51484-9e15-4a29-b321-31c3ef48c455 c5c7a2abf03a4fde8b461148c5531413 ef71c3751b624533aed4a9eb84d93665 - - default default] No more DHCP agents
2026-05-05 23:22:11.513 8 WARNING neutron.api.rpc.agentnotifiers.dhcp_rpc_agent_api [None req-8ae51484-9e15-4a29-b321-31c3ef48c455 c5c7a2abf03a4fde8b461148c5531413 ef71c3751b624533aed4a9eb84d93665 - - default default] Unable to schedule network 980a42fe-9097-464a-aefe-b35a42901d9a: no agents available; will retry on subsequent port and subnet creation events.
2026-05-05 23:22:11.586 8 INFO neutron.db.ovn_revision_numbers_db [None req-8ae51484-9e15-4a29-b321-31c3ef48c455 c5c7a2abf03a4fde8b461148c5531413 ef71c3751b624533aed4a9eb84d93665 - - default default] Successfully bumped revision number for resource 3cdac551-5fea-4f5c-a027-f93d02ed5fbb (type: ports) to 1 [pid: 7|app: 0|req: 790/1626] 10.0.0.232 () {32 vars in 724 bytes} [Tue May 5 23:22:11 2026] DELETE /v2.0/routers/2ae85376-32c0-4932-a0f5-cc117b4a8581 => generated 0 bytes in 212 msecs (HTTP/1.1 204) 2 headers in 112 bytes (1 switches on core 0) [pid: 8|app: 0|req: 837/1627] 10.0.0.232 () {34 vars in 670 bytes} [Tue May 5 23:22:10 2026] POST /v2.0/networks => generated 687 bytes in 752 msecs (HTTP/1.1 201) 4 headers in 162 bytes (1 switches on core 0) [pid: 7|app: 0|req: 791/1628] 10.0.0.232 () {32 vars in 721 bytes} [Tue May 5 23:22:11 2026] GET /v2.0/routers/f01167e3-c4b6-4eca-a0d4-dabc522612f9 => generated 979 bytes in 61 msecs (HTTP/1.1 200) 4 headers in 157 bytes (1 switches on core 0) [pid: 7|app: 0|req: 792/1629] 10.0.0.232 () {32 vars in 721 bytes} [Tue May 5 23:22:11 2026] GET /v2.0/routers/6783258f-0394-4bbb-ae73-1d46a5fe53da => generated 597 bytes in 30 msecs (HTTP/1.1 200) 4 headers in 157 bytes (1 switches on core 0)
2026-05-05 23:22:11.739 8 WARNING neutron.scheduler.dhcp_agent_scheduler [None req-9a47e47d-1c90-47c8-a41b-5fa065299f7f 2b306edbddfc47bc9143764759fcfb8c 4d6a1ddeff7941a39a66cb3633614d92 - - default default] No more DHCP agents
2026-05-05 23:22:11.740 8 WARNING neutron.api.rpc.agentnotifiers.dhcp_rpc_agent_api [None req-9a47e47d-1c90-47c8-a41b-5fa065299f7f 2b306edbddfc47bc9143764759fcfb8c 4d6a1ddeff7941a39a66cb3633614d92 - - default default] Unable to schedule network 92f18871-d290-4fc6-813b-d575dab33382: no agents available; will retry on subsequent port and subnet creation events.
2026-05-05 23:22:11.909 7 WARNING neutron.scheduler.dhcp_agent_scheduler [None req-3621bdb7-3a3a-4b8d-a145-901d338b9311 c5c7a2abf03a4fde8b461148c5531413 ef71c3751b624533aed4a9eb84d93665 - - default default] No more DHCP agents
2026-05-05 23:22:11.910 7 WARNING neutron.api.rpc.agentnotifiers.dhcp_rpc_agent_api [None req-3621bdb7-3a3a-4b8d-a145-901d338b9311 c5c7a2abf03a4fde8b461148c5531413 ef71c3751b624533aed4a9eb84d93665 - - default default] Unable to schedule network 980a42fe-9097-464a-aefe-b35a42901d9a: no agents available; will retry on subsequent port and subnet creation events.
2026-05-05 23:22:12.003 7 INFO neutron.db.ovn_revision_numbers_db [None req-3621bdb7-3a3a-4b8d-a145-901d338b9311 c5c7a2abf03a4fde8b461148c5531413 ef71c3751b624533aed4a9eb84d93665 - - default default] Successfully bumped revision number for resource e674e5cb-0e92-4593-9b28-dba06ba2efcc (type: ports) to 1 [pid: 7|app: 0|req: 793/1630] 10.0.0.232 () {34 vars in 665 bytes} [Tue May 5 23:22:11 2026] POST /v2.0/ports => generated 778 bytes in 373 msecs (HTTP/1.1 201) 4 headers in 162 bytes (1 switches on core 0) /var/lib/openstack/lib/python3.12/site-packages/pycadf/identifier.py:70: UserWarning: Invalid uuid: neutron. To ensure interoperability, identifiers should be a valid uuid. warnings.warn(('Invalid uuid: %s. To ensure interoperability, '
2026-05-05 23:22:12.149 8 INFO neutron.db.ovn_revision_numbers_db [None req-9a47e47d-1c90-47c8-a41b-5fa065299f7f 2b306edbddfc47bc9143764759fcfb8c 4d6a1ddeff7941a39a66cb3633614d92 - - default default] Successfully bumped revision number for resource 9f713351-9283-48c8-81e9-f0fca765287a (type: ports) to 2 [pid: 7|app: 0|req: 794/1631] 10.0.0.232 () {32 vars in 647 bytes} [Tue May 5 23:22:12 2026] GET /v2.0/routers => generated 982 bytes in 109 msecs (HTTP/1.1 200) 4 headers in 157 bytes (1 switches on core 0)
2026-05-05 23:22:12.180 8 INFO neutron.db.ovn_revision_numbers_db [None req-9a47e47d-1c90-47c8-a41b-5fa065299f7f 2b306edbddfc47bc9143764759fcfb8c 4d6a1ddeff7941a39a66cb3633614d92 - - default default] Successfully bumped revision number for resource f53aa444-1fda-4296-b67c-b7337af7011e (type: subnets) to 0 [pid: 8|app: 0|req: 838/1632] 10.0.0.232 () {34 vars in 669 bytes} [Tue May 5 23:22:11 2026] POST /v2.0/subnets => generated 626 bytes in 592 msecs (HTTP/1.1 201) 4 headers in 162 bytes (1 switches on core 0)
2026-05-05 23:22:12.281 8 INFO neutron.db.segments_db [None req-26f4dba5-539e-4bd5-984b-dfb53eda1a6d c5c7a2abf03a4fde8b461148c5531413 ef71c3751b624533aed4a9eb84d93665 - - default default] Added segment bc091475-9389-49fa-9760-fd03ab56ba17 of type geneve for network 25b333b3-184b-45c5-af68-8e2307c9ea71
2026-05-05 23:22:12.386 8 INFO neutron.db.ovn_revision_numbers_db [None req-26f4dba5-539e-4bd5-984b-dfb53eda1a6d c5c7a2abf03a4fde8b461148c5531413 ef71c3751b624533aed4a9eb84d93665 - - default default] Successfully bumped revision number for resource 25b333b3-184b-45c5-af68-8e2307c9ea71 (type: networks) to 1 [pid: 7|app: 0|req: 795/1633] 10.0.0.232 () {34 vars in 742 bytes} [Tue May 5 23:22:12 2026] PUT /v2.0/routers/6783258f-0394-4bbb-ae73-1d46a5fe53da => generated 597 bytes in 265 msecs (HTTP/1.1 200) 4 headers in 157 bytes (1 switches on core 0)
2026-05-05 23:22:12.554 8 WARNING neutron.scheduler.dhcp_agent_scheduler [None req-26f4dba5-539e-4bd5-984b-dfb53eda1a6d c5c7a2abf03a4fde8b461148c5531413 ef71c3751b624533aed4a9eb84d93665 - - default default] No more DHCP agents
2026-05-05 23:22:12.555 8 WARNING neutron.api.rpc.agentnotifiers.dhcp_rpc_agent_api [None req-26f4dba5-539e-4bd5-984b-dfb53eda1a6d c5c7a2abf03a4fde8b461148c5531413 ef71c3751b624533aed4a9eb84d93665 - - default default] Unable to schedule network 25b333b3-184b-45c5-af68-8e2307c9ea71: no agents available; will retry on subsequent port and subnet creation events.
2026-05-05 23:22:12.639 8 INFO neutron.db.ovn_revision_numbers_db [None req-26f4dba5-539e-4bd5-984b-dfb53eda1a6d c5c7a2abf03a4fde8b461148c5531413 ef71c3751b624533aed4a9eb84d93665 - - default default] Successfully bumped revision number for resource ad9f9fb5-6e74-46ed-96be-08c77e91a59f (type: ports) to 1 [pid: 8|app: 0|req: 839/1634] 10.0.0.232 () {34 vars in 670 bytes} [Tue May 5 23:22:12 2026] POST /v2.0/networks => generated 674 bytes in 464 msecs (HTTP/1.1 201) 4 headers in 162 bytes (1 switches on core 0)
2026-05-05 23:22:12.827 8 WARNING neutron.scheduler.dhcp_agent_scheduler [None req-74bb7e0e-4191-41be-a377-505490a6767e 2b306edbddfc47bc9143764759fcfb8c 4d6a1ddeff7941a39a66cb3633614d92 - - default default] No more DHCP agents
2026-05-05 23:22:12.828 8 WARNING neutron.api.rpc.agentnotifiers.dhcp_rpc_agent_api [None req-74bb7e0e-4191-41be-a377-505490a6767e 2b306edbddfc47bc9143764759fcfb8c 4d6a1ddeff7941a39a66cb3633614d92 - - default default] Unable to schedule network 4ad6e234-6104-48c8-9665-13eb71db29f2: no agents available; will retry on subsequent port and subnet creation events.
2026-05-05 23:22:12.851 7 INFO neutron.db.ovn_revision_numbers_db [None req-cd03734f-ddc5-4702-89aa-c93e0b57e87e 3d45ca01bdb34504b2a5921a409864fc 6dab8e2380b84784ac5d4c56044b1084 - - default default] Successfully bumped revision number for resource f01167e3-c4b6-4eca-a0d4-dabc522612f9 (type: routers) to 3 [pid: 7|app: 0|req: 796/1635] 10.0.0.232 () {34 vars in 741 bytes} [Tue May 5 23:22:12 2026] PUT /v2.0/routers/f01167e3-c4b6-4eca-a0d4-dabc522612f9 => generated 986 bytes in 418 msecs (HTTP/1.1 200) 4 headers in 157 bytes (1 switches on core 0) [pid: 7|app: 0|req: 797/1636] 10.0.0.232 () {32 vars in 736 bytes} [Tue May 5 23:22:12 2026] GET /v2.0/ports?device_id=6783258f-0394-4bbb-ae73-1d46a5fe53da => generated 12 bytes in 17 msecs (HTTP/1.1 200) 4 headers in 156 bytes (1 switches on core 0)
2026-05-05 23:22:13.051 7 WARNING neutron.scheduler.dhcp_agent_scheduler [None req-9ad777db-f707-4bd5-a1ec-19b6e2f277d5 c5c7a2abf03a4fde8b461148c5531413 ef71c3751b624533aed4a9eb84d93665 - - default default] No more DHCP agents
2026-05-05 23:22:13.053 7 WARNING neutron.api.rpc.agentnotifiers.dhcp_rpc_agent_api [None req-9ad777db-f707-4bd5-a1ec-19b6e2f277d5 c5c7a2abf03a4fde8b461148c5531413 ef71c3751b624533aed4a9eb84d93665 - - default default] Unable to schedule network 25b333b3-184b-45c5-af68-8e2307c9ea71: no agents available; will retry on subsequent port and subnet creation events.
2026-05-05 23:22:13.092 7 INFO neutron.db.ovn_revision_numbers_db [None req-9ad777db-f707-4bd5-a1ec-19b6e2f277d5 c5c7a2abf03a4fde8b461148c5531413 ef71c3751b624533aed4a9eb84d93665 - - default default] Successfully bumped revision number for resource 29411336-5866-433b-bbff-c6d5cf486f98 (type: subnets) to 0
2026-05-05 23:22:13.112 8 WARNING neutron.plugins.ml2.drivers.ovn.mech_driver.ovsdb.ovn_client [None req-1501b3e0-2b70-435e-9143-4f726b4be989 - - - - - -] No port found with ID fbef8112-c58e-4f68-878e-5d9bde9920b6: RuntimeError: No port found with ID fbef8112-c58e-4f68-878e-5d9bde9920b6 [pid: 7|app: 0|req: 798/1637] 10.0.0.232 () {34 vars in 669 bytes} [Tue May 5 23:22:12 2026] POST /v2.0/subnets => generated 646 bytes in 238 msecs (HTTP/1.1 201) 4 headers in 162 bytes (1 switches on core 0)
2026-05-05 23:22:13.137 8 INFO neutron.plugins.ml2.drivers.ovn.mech_driver.mech_driver [None req-1501b3e0-2b70-435e-9143-4f726b4be989 - - - - - -] OVN reports status down for port: 9f713351-9283-48c8-81e9-f0fca765287a [pid: 7|app: 0|req: 799/1638] 10.0.0.232 () {32 vars in 721 bytes} [Tue May 5 23:22:13 2026] GET /v2.0/routers/f01167e3-c4b6-4eca-a0d4-dabc522612f9 => generated 986 bytes in 59 msecs (HTTP/1.1 200) 4 headers in 157 bytes (1 switches on core 0)
2026-05-05 23:22:13.227 8 INFO neutron.plugins.ml2.drivers.ovn.mech_driver.mech_driver [None req-1501b3e0-2b70-435e-9143-4f726b4be989 - - - - - -] OVN reports status down for port: 060671ba-27b6-4fe5-8ab9-8574d3296515 [pid: 7|app: 0|req: 800/1639] 10.0.0.232 () {32 vars in 724 bytes} [Tue May 5 23:22:13 2026] DELETE /v2.0/routers/6783258f-0394-4bbb-ae73-1d46a5fe53da => generated 0 bytes in 180 msecs (HTTP/1.1 204) 2 headers in 112 bytes (1 switches on core 0)
2026-05-05 23:22:13.373 8 INFO neutron.db.ovn_revision_numbers_db [None req-74bb7e0e-4191-41be-a377-505490a6767e 2b306edbddfc47bc9143764759fcfb8c 4d6a1ddeff7941a39a66cb3633614d92 - - default default] Successfully bumped revision number for resource 060671ba-27b6-4fe5-8ab9-8574d3296515 (type: ports) to 2
2026-05-05 23:22:13.409 8 INFO neutron.db.ovn_revision_numbers_db [None req-74bb7e0e-4191-41be-a377-505490a6767e 2b306edbddfc47bc9143764759fcfb8c 4d6a1ddeff7941a39a66cb3633614d92 - - default default] Successfully bumped revision number for resource b795b02e-d47f-4466-92cd-3686e7790136 (type: subnets) to 0 [pid: 8|app: 0|req: 840/1640] 10.0.0.232 () {34 vars in 669 bytes} [Tue May 5 23:22:12 2026] POST /v2.0/subnets => generated 626 bytes in 765 msecs (HTTP/1.1 201) 4 headers in 162 bytes (1 switches on core 0) [pid: 8|app: 0|req: 841/1641] 10.0.0.232 () {32 vars in 736 bytes} [Tue May 5 23:22:13 2026] GET /v2.0/ports?device_id=f01167e3-c4b6-4eca-a0d4-dabc522612f9 => generated 12 bytes in 17 msecs (HTTP/1.1 200) 4 headers in 156 bytes (1 switches on core 0)
2026-05-05 23:22:13.565 8 INFO neutron.db.ovn_revision_numbers_db [None req-29e9a589-a449-4d97-93aa-d4de59e7ceef 2b306edbddfc47bc9143764759fcfb8c 4d6a1ddeff7941a39a66cb3633614d92 - - default default] Successfully bumped revision number for resource 8dc72cb0-faaa-4814-baaa-00b320b8c81b (type: routers) to 1 [pid: 8|app: 0|req: 842/1642] 10.0.0.232 () {34 vars in 669 bytes} [Tue May 5 23:22:13 2026] POST /v2.0/routers => generated 624 bytes in 135 msecs (HTTP/1.1 201) 4 headers in 162 bytes (1 switches on core 0)
2026-05-05 23:22:13.653 7 WARNING neutron.scheduler.dhcp_agent_scheduler [None req-a6fc849a-18fa-4180-9e8c-1ebb8ddf2718 c5c7a2abf03a4fde8b461148c5531413 ef71c3751b624533aed4a9eb84d93665 - - default default] No more DHCP agents
2026-05-05 23:22:13.654 7 WARNING neutron.api.rpc.agentnotifiers.dhcp_rpc_agent_api [None req-a6fc849a-18fa-4180-9e8c-1ebb8ddf2718 c5c7a2abf03a4fde8b461148c5531413 ef71c3751b624533aed4a9eb84d93665 - - default default] Unable to schedule network 25b333b3-184b-45c5-af68-8e2307c9ea71: no agents available; will retry on subsequent port and subnet creation events.
2026-05-05 23:22:13.762 8 INFO neutron.plugins.ml2.drivers.ovn.mech_driver.mech_driver [None req-1501b3e0-2b70-435e-9143-4f726b4be989 - - - - - -] OVN reports status down for port: 684ae6f8-9f06-4cc3-800f-d4841b019f84
2026-05-05 23:22:13.786 7 INFO neutron.db.ovn_revision_numbers_db [None req-a6fc849a-18fa-4180-9e8c-1ebb8ddf2718 c5c7a2abf03a4fde8b461148c5531413 ef71c3751b624533aed4a9eb84d93665 - - default default] Successfully bumped revision number for resource 684ae6f8-9f06-4cc3-800f-d4841b019f84 (type: ports) to 1 [pid: 7|app: 0|req: 801/1643] 10.0.0.232 () {34 vars in 665 bytes} [Tue May 5 23:22:13 2026] POST /v2.0/ports => generated 962 bytes in 455 msecs (HTTP/1.1 201) 4 headers in 162 bytes (1 switches on core 0) /var/lib/openstack/lib/python3.12/site-packages/pycadf/identifier.py:70: UserWarning: Invalid uuid: neutron. To ensure interoperability, identifiers should be a valid uuid. warnings.warn(('Invalid uuid: %s. To ensure interoperability, '
2026-05-05 23:22:13.979 8 INFO neutron_taas.services.taas.taas_plugin [None req-0b8b030f-6c92-4c51-9971-01f91f0bc352 3d45ca01bdb34504b2a5921a409864fc 6dab8e2380b84784ac5d4c56044b1084 - - default default] TaaS: Handle Delete Port: 46f8dd04-e845-4944-9237-e343379e3a88
2026-05-05 23:22:13.981 8 INFO neutron_taas.services.taas.tap_mirror_plugin [None req-0b8b030f-6c92-4c51-9971-01f91f0bc352 3d45ca01bdb34504b2a5921a409864fc 6dab8e2380b84784ac5d4c56044b1084 - - default default] Tap Mirror: Handle Delete Port: 46f8dd04-e845-4944-9237-e343379e3a88
2026-05-05 23:22:14.158 7 WARNING neutron.scheduler.dhcp_agent_scheduler [None req-65551c2c-3701-4f3d-a4ef-b73611ca70af 2b306edbddfc47bc9143764759fcfb8c 4d6a1ddeff7941a39a66cb3633614d92 - - default default] No more DHCP agents
2026-05-05 23:22:14.159 7 WARNING neutron.api.rpc.agentnotifiers.dhcp_rpc_agent_api [None req-65551c2c-3701-4f3d-a4ef-b73611ca70af 2b306edbddfc47bc9143764759fcfb8c 4d6a1ddeff7941a39a66cb3633614d92 - - default default] Unable to schedule network 92f18871-d290-4fc6-813b-d575dab33382: no agents available; will retry on subsequent port and subnet creation events.
2026-05-05 23:22:14.295 7 INFO neutron.db.ovn_revision_numbers_db [None req-65551c2c-3701-4f3d-a4ef-b73611ca70af 2b306edbddfc47bc9143764759fcfb8c 4d6a1ddeff7941a39a66cb3633614d92 - - default default] Successfully bumped revision number for resource fa45088e-fbb9-463a-a42d-29b26871d97c (type: ports) to 1
2026-05-05 23:22:14.303 8 INFO neutron.plugins.ml2.drivers.ovn.mech_driver.mech_driver [None req-1501b3e0-2b70-435e-9143-4f726b4be989 - - - - - -] OVN reports status down for port: fa45088e-fbb9-463a-a42d-29b26871d97c [pid: 8|app: 0|req: 843/1644] 10.0.0.232 () {32 vars in 724 bytes} [Tue May 5 23:22:13 2026] DELETE /v2.0/routers/f01167e3-c4b6-4eca-a0d4-dabc522612f9 => generated 0 bytes in 762 msecs (HTTP/1.1 204) 2 headers in 112 bytes (1 switches on core 0)
2026-05-05 23:22:14.542 8 INFO neutron_taas.services.taas.taas_plugin [None req-37a23a5c-a62e-4496-bd8c-85fd2f353fe0 c5c7a2abf03a4fde8b461148c5531413 ef71c3751b624533aed4a9eb84d93665 - - default default] TaaS: Handle Delete Port: 684ae6f8-9f06-4cc3-800f-d4841b019f84
2026-05-05 23:22:14.545 8 INFO neutron_taas.services.taas.tap_mirror_plugin [None req-37a23a5c-a62e-4496-bd8c-85fd2f353fe0 c5c7a2abf03a4fde8b461148c5531413 ef71c3751b624533aed4a9eb84d93665 - - default default] Tap Mirror: Handle Delete Port: 684ae6f8-9f06-4cc3-800f-d4841b019f84 [pid: 8|app: 0|req: 844/1645] 10.0.0.232 () {32 vars in 720 bytes} [Tue May 5 23:22:14 2026] DELETE /v2.0/ports/684ae6f8-9f06-4cc3-800f-d4841b019f84 => generated 0 bytes in 334 msecs (HTTP/1.1 204) 3 headers in 131 bytes (1 switches on core 0)
2026-05-05 23:22:14.828 8 WARNING neutron.db.securitygroups_db [None req-fe668d70-9e79-4b99-8265-9b6de5e37aef 99237aaab7124f478d445bdf10b28b78 08cbd213a16b4d43890bbb3612c3cbf7 - - default default] project_id key not found in filters, using tenant_id instead. This support has been deprecated and will be removed in a future release.
2026-05-05 23:22:14.842 8 INFO neutron.plugins.ml2.drivers.ovn.mech_driver.mech_driver [None req-1501b3e0-2b70-435e-9143-4f726b4be989 - - - - - -] OVN reports status up for port: fa45088e-fbb9-463a-a42d-29b26871d97c
2026-05-05 23:22:14.861 8 INFO neutron.plugins.ml2.plugin [None req-1501b3e0-2b70-435e-9143-4f726b4be989 - - - - - -] Attempt 1 to provision port fa45088e-fbb9-463a-a42d-29b26871d97c
2026-05-05 23:22:14.889 7 WARNING neutron.scheduler.dhcp_agent_scheduler [None req-65551c2c-3701-4f3d-a4ef-b73611ca70af 2b306edbddfc47bc9143764759fcfb8c 4d6a1ddeff7941a39a66cb3633614d92 - - default default] No more DHCP agents
2026-05-05 23:22:14.890 7 WARNING neutron.api.rpc.agentnotifiers.dhcp_rpc_agent_api [None req-65551c2c-3701-4f3d-a4ef-b73611ca70af 2b306edbddfc47bc9143764759fcfb8c 4d6a1ddeff7941a39a66cb3633614d92 - - default default] Unable to schedule network 92f18871-d290-4fc6-813b-d575dab33382: no agents available; will retry on subsequent port and subnet creation events.
2026-05-05 23:22:15.050 8 INFO neutron.db.ovn_revision_numbers_db [None req-fe668d70-9e79-4b99-8265-9b6de5e37aef 99237aaab7124f478d445bdf10b28b78 08cbd213a16b4d43890bbb3612c3cbf7 - - default default] Successfully bumped revision number for resource 88d381fe-dc17-4674-8130-a202f3ff0ff4 (type: security_groups) to 1
2026-05-05 23:22:15.079 8 INFO neutron.db.ovn_revision_numbers_db [None req-fe668d70-9e79-4b99-8265-9b6de5e37aef 99237aaab7124f478d445bdf10b28b78 08cbd213a16b4d43890bbb3612c3cbf7 - - default default] Successfully bumped revision number for resource 02180e13-c5db-4020-96ff-17130602ce72 (type: security_group_rules) to 0
2026-05-05 23:22:15.090 7 INFO neutron.db.ovn_revision_numbers_db [None req-65551c2c-3701-4f3d-a4ef-b73611ca70af 2b306edbddfc47bc9143764759fcfb8c 4d6a1ddeff7941a39a66cb3633614d92 - - default default] Successfully bumped revision number for resource fa45088e-fbb9-463a-a42d-29b26871d97c (type: router_ports) to 1 [pid: 7|app: 0|req: 802/1646] 10.0.0.232 () {34 vars in 783 bytes} [Tue May 5 23:22:13 2026] PUT /v2.0/routers/8dc72cb0-faaa-4814-baaa-00b320b8c81b/add_router_interface => generated 310 bytes in 1286 msecs (HTTP/1.1 200) 4 headers in 157 bytes (1 switches on core 0)
2026-05-05 23:22:15.104 8 INFO neutron.db.ovn_revision_numbers_db [None req-fe668d70-9e79-4b99-8265-9b6de5e37aef 99237aaab7124f478d445bdf10b28b78 08cbd213a16b4d43890bbb3612c3cbf7 - - default default] Successfully bumped revision number for resource 67a9be9b-7bd4-4774-a589-e2d8b81e2b62 (type: security_group_rules) to 0 [pid: 7|app: 0|req: 803/1647] 10.0.0.232 () {32 vars in 736 bytes} [Tue May 5 23:22:15 2026] GET /v2.0/ports?device_id=f01167e3-c4b6-4eca-a0d4-dabc522612f9 => generated 12 bytes in 24 msecs (HTTP/1.1 200) 4 headers in 156 bytes (1 switches on core 0)
2026-05-05 23:22:15.136 7 INFO neutron.pecan_wsgi.hooks.translation [None req-28179f12-9202-4f48-8deb-c49b04fcddae c5c7a2abf03a4fde8b461148c5531413 ef71c3751b624533aed4a9eb84d93665 - - default default] DELETE failed (client error): The resource could not be found. [pid: 7|app: 0|req: 804/1648] 10.0.0.232 () {32 vars in 720 bytes} [Tue May 5 23:22:15 2026] DELETE /v2.0/ports/684ae6f8-9f06-4cc3-800f-d4841b019f84 => generated 132 bytes in 18 msecs (HTTP/1.1 404) 4 headers in 164 bytes (1 switches on core 0)
2026-05-05 23:22:15.164 8 INFO neutron.db.ovn_revision_numbers_db [None req-fe668d70-9e79-4b99-8265-9b6de5e37aef 99237aaab7124f478d445bdf10b28b78 08cbd213a16b4d43890bbb3612c3cbf7 - - default default] Successfully bumped revision number for resource 7bfdaf68-eaf5-4246-9411-1efa669c8d97 (type: security_group_rules) to 0
2026-05-05 23:22:15.185 8 INFO neutron.db.ovn_revision_numbers_db [None req-fe668d70-9e79-4b99-8265-9b6de5e37aef 99237aaab7124f478d445bdf10b28b78 08cbd213a16b4d43890bbb3612c3cbf7 - - default default] Successfully bumped revision number for resource f8df1f71-8efa-497c-8f1b-20c44354196f (type: security_group_rules) to 0 [pid: 7|app: 0|req: 805/1649] 10.0.0.232 () {32 vars in 717 bytes} [Tue May 5 23:22:15 2026] GET /v2.0/ports/fa45088e-fbb9-463a-a42d-29b26871d97c => generated 943 bytes in 62 msecs (HTTP/1.1 200) 4 headers in 157 bytes (1 switches on core 0)
2026-05-05 23:22:15.216 7 INFO neutron.api.v2.resource [None req-4a760d18-4e22-4a18-8189-d04bed5eee0e 3d45ca01bdb34504b2a5921a409864fc 6dab8e2380b84784ac5d4c56044b1084 - - default default] delete failed (client error): The resource could not be found. [pid: 7|app: 0|req: 806/1650] 10.0.0.232 () {32 vars in 724 bytes} [Tue May 5 23:22:15 2026] DELETE /v2.0/routers/f01167e3-c4b6-4eca-a0d4-dabc522612f9 => generated 135 bytes in 15 msecs (HTTP/1.1 404) 4 headers in 164 bytes (1 switches on core 0)
2026-05-05 23:22:15.229 7 INFO neutron.pecan_wsgi.hooks.translation [None req-18f888d4-1b43-491a-b080-4016a71fef30 c5c7a2abf03a4fde8b461148c5531413 ef71c3751b624533aed4a9eb84d93665 - - default default] GET failed (client error): The resource could not be found. [pid: 7|app: 0|req: 807/1651] 10.0.0.232 () {32 vars in 717 bytes} [Tue May 5 23:22:15 2026] GET /v2.0/ports/684ae6f8-9f06-4cc3-800f-d4841b019f84 => generated 132 bytes in 14 msecs (HTTP/1.1 404) 4 headers in 164 bytes (1 switches on core 0) [pid: 8|app: 0|req: 845/1652] 10.0.0.232 () {32 vars in 774 bytes} [Tue May 5 23:22:14 2026] GET /v2.0/security-groups?tenant_id=fd59d984eb4e4ee3adf959c46d59a027&name=default => generated 2925 bytes in 569 msecs (HTTP/1.1 200) 4 headers in 158 bytes (1 switches on core 0) [pid: 8|app: 0|req: 846/1653] 10.0.0.232 () {32 vars in 736 bytes} [Tue May 5 23:22:15 2026] GET /v2.0/ports?device_id=53082433-9446-4a60-bb83-07b4bf9f74cf => generated 12 bytes in 35 msecs (HTTP/1.1 200) 4 headers in 156 bytes (1 switches on core 0)
2026-05-05 23:22:15.450 7 WARNING neutron.plugins.ml2.drivers.ovn.mech_driver.ovsdb.ovn_client [None req-2c63bf60-ad9b-472a-8ccf-72d6fca52f1c - - - - - -] No port found with ID 46f8dd04-e845-4944-9237-e343379e3a88: RuntimeError: No port found with ID 46f8dd04-e845-4944-9237-e343379e3a88
2026-05-05 23:22:15.452 7 INFO neutron.plugins.ml2.drivers.ovn.mech_driver.mech_driver [None req-2c63bf60-ad9b-472a-8ccf-72d6fca52f1c - - - - - -] OVN reports status down for port: 3cdac551-5fea-4f5c-a027-f93d02ed5fbb
2026-05-05 23:22:15.549 8 INFO neutron.db.ovn_revision_numbers_db [None req-1501b3e0-2b70-435e-9143-4f726b4be989 - - - - - -] Successfully bumped revision number for resource fa45088e-fbb9-463a-a42d-29b26871d97c (type: ports) to 2 [pid: 8|app: 0|req: 847/1654] 10.0.0.232 () {32 vars in 724 bytes} [Tue May 5 23:22:15 2026] DELETE /v2.0/subnets/29411336-5866-433b-bbff-c6d5cf486f98 => generated 0 bytes in 291 msecs (HTTP/1.1 204) 3 headers in 131 bytes (1 switches on core 0)
2026-05-05 23:22:15.588 7 INFO neutron.plugins.ml2.drivers.ovn.mech_driver.mech_driver [None req-2c63bf60-ad9b-472a-8ccf-72d6fca52f1c - - - - - -] OVN reports status down for port: e674e5cb-0e92-4593-9b28-dba06ba2efcc
2026-05-05 23:22:15.706 7 INFO neutron.plugins.ml2.drivers.ovn.mech_driver.mech_driver [None req-2c63bf60-ad9b-472a-8ccf-72d6fca52f1c - - - - - -] OVN reports status down for port: ad9f9fb5-6e74-46ed-96be-08c77e91a59f
2026-05-05 23:22:15.802 7 WARNING neutron.scheduler.dhcp_agent_scheduler [None req-2f76b767-02b7-4ec4-8d60-2af6cf679d53 2b306edbddfc47bc9143764759fcfb8c 4d6a1ddeff7941a39a66cb3633614d92 - - default default] No more DHCP agents [pid: 8|app: 0|req: 848/1655] 10.0.0.232 () {32 vars in 740 bytes} [Tue May 5 23:22:15 2026] DELETE /v2.0/security-groups/88d381fe-dc17-4674-8130-a202f3ff0ff4 => generated 0 bytes in 231 msecs (HTTP/1.1 204) 2 headers in 112 bytes (1 switches on core 0)
2026-05-05 23:22:15.805 7 WARNING neutron.api.rpc.agentnotifiers.dhcp_rpc_agent_api [None req-2f76b767-02b7-4ec4-8d60-2af6cf679d53 2b306edbddfc47bc9143764759fcfb8c 4d6a1ddeff7941a39a66cb3633614d92 - - default default] Unable to schedule network 4ad6e234-6104-48c8-9665-13eb71db29f2: no agents available; will retry on subsequent port and subnet creation events.
2026-05-05 23:22:15.823 8 INFO neutron.api.v2.resource [None req-17030958-c3fd-48b4-9024-b1a628edb806 3d45ca01bdb34504b2a5921a409864fc 6dab8e2380b84784ac5d4c56044b1084 - - default default] delete failed (client error): The resource could not be found. [pid: 8|app: 0|req: 849/1656] 10.0.0.232 () {32 vars in 724 bytes} [Tue May 5 23:22:15 2026] DELETE /v2.0/routers/53082433-9446-4a60-bb83-07b4bf9f74cf => generated 135 bytes in 18 msecs (HTTP/1.1 404) 4 headers in 164 bytes (1 switches on core 0)
2026-05-05 23:22:15.967 7 INFO neutron.plugins.ml2.drivers.ovn.mech_driver.mech_driver [None req-2c63bf60-ad9b-472a-8ccf-72d6fca52f1c - - - - - -] OVN reports status down for port: 11efef0e-cb5e-4ab9-bd47-0fc5ebf1a2c9
2026-05-05 23:22:15.973 8 INFO neutron_taas.services.taas.taas_plugin [None req-5d742682-7f62-44af-8c25-44cc7b317fda c5c7a2abf03a4fde8b461148c5531413 ef71c3751b624533aed4a9eb84d93665 - - default default] TaaS: Handle Delete Port: ad9f9fb5-6e74-46ed-96be-08c77e91a59f
2026-05-05 23:22:15.976 8 INFO neutron_taas.services.taas.tap_mirror_plugin [None req-5d742682-7f62-44af-8c25-44cc7b317fda c5c7a2abf03a4fde8b461148c5531413 ef71c3751b624533aed4a9eb84d93665 - - default default] Tap Mirror: Handle Delete Port: ad9f9fb5-6e74-46ed-96be-08c77e91a59f
2026-05-05 23:22:16.023 7 INFO neutron.db.ovn_revision_numbers_db [None req-2f76b767-02b7-4ec4-8d60-2af6cf679d53 2b306edbddfc47bc9143764759fcfb8c 4d6a1ddeff7941a39a66cb3633614d92 - - default default] Successfully bumped revision number for resource 11efef0e-cb5e-4ab9-bd47-0fc5ebf1a2c9 (type: ports) to 1
2026-05-05 23:22:16.149 8 INFO neutron.services.segments.plugin [-] Segment bc091475-9389-49fa-9760-fd03ab56ba17 resource provider aggregate not found
2026-05-05 23:22:16.154 8 INFO neutron.services.segments.plugin [-] Segment bc091475-9389-49fa-9760-fd03ab56ba17 resource provider aggregate not found
2026-05-05 23:22:16.170 8 INFO neutron.services.segments.plugin [-] Segment bc091475-9389-49fa-9760-fd03ab56ba17 resource provider not found; error: Placement Client Error (4xx): {"errors": [{"status": 404, "title": "Not Found", "detail": "The resource could not be found.\n\n No resource provider with uuid bc091475-9389-49fa-9760-fd03ab56ba17 found for delete ", "request_id": "req-6e29874c-7810-4f1b-91d7-4b61399c2116"}]}
2026-05-05 23:22:16.175 8 INFO neutron.services.segments.plugin [-] Segment bc091475-9389-49fa-9760-fd03ab56ba17 resource provider not found; error: Placement Client Error (4xx): {"errors": [{"status": 404, "title": "Not Found", "detail": "The resource could not be found.\n\n No resource provider with uuid bc091475-9389-49fa-9760-fd03ab56ba17 found for delete ", "request_id": "req-b032e1d1-06c4-4768-b6fa-2be39ed41120"}]} [pid: 8|app: 0|req: 852/1659] 10.0.0.232 () {32 vars in 726 bytes} [Tue May 5 23:22:15 2026] DELETE /v2.0/networks/25b333b3-184b-45c5-af68-8e2307c9ea71 => generated 0 bytes in 358 msecs (HTTP/1.1 204) 3 headers in 131 bytes (1 switches on core 0)
2026-05-05 23:22:16.211 8 INFO neutron.pecan_wsgi.hooks.translation [None req-21478076-fb41-453a-8a22-1cfe32bb3f61 3d45ca01bdb34504b2a5921a409864fc 6dab8e2380b84784ac5d4c56044b1084 - - default default] DELETE failed (client error): The resource could not be found. [pid: 8|app: 0|req: 853/1660] 10.0.0.232 () {32 vars in 724 bytes} [Tue May 5 23:22:16 2026] DELETE /v2.0/subnets/abd60122-e2d6-446b-91d0-265ba5dfcc49 => generated 136 bytes in 24 msecs (HTTP/1.1 404) 4 headers in 164 bytes (1 switches on core 0)
2026-05-05 23:22:16.219 8 WARNING neutron.db.securitygroups_db [None req-1b9f7a53-a41f-4eaa-b363-90865d79aee3 99237aaab7124f478d445bdf10b28b78 08cbd213a16b4d43890bbb3612c3cbf7 - - default default] project_id key not found in filters, using tenant_id instead. This support has been deprecated and will be removed in a future release.
2026-05-05 23:22:16.350 8 INFO neutron.db.ovn_revision_numbers_db [None req-1b9f7a53-a41f-4eaa-b363-90865d79aee3 99237aaab7124f478d445bdf10b28b78 08cbd213a16b4d43890bbb3612c3cbf7 - - default default] Successfully bumped revision number for resource 5161718d-7f22-407d-9d92-f337cd55ad7e (type: security_groups) to 1
2026-05-05 23:22:16.360 8 INFO neutron.db.ovn_revision_numbers_db [None req-1b9f7a53-a41f-4eaa-b363-90865d79aee3 99237aaab7124f478d445bdf10b28b78 08cbd213a16b4d43890bbb3612c3cbf7 - - default default] Successfully bumped revision number for resource 11418667-e6fa-4af0-b384-9b7802f5ada7 (type: security_group_rules) to 0
2026-05-05 23:22:16.372 8 INFO neutron.db.ovn_revision_numbers_db [None req-1b9f7a53-a41f-4eaa-b363-90865d79aee3 99237aaab7124f478d445bdf10b28b78 08cbd213a16b4d43890bbb3612c3cbf7 - - default default] Successfully bumped revision number for resource 7bf3f141-1f21-44c6-b090-2732e9269447 (type: security_group_rules) to 0
2026-05-05 23:22:16.383 8 INFO neutron.db.ovn_revision_numbers_db [None req-1b9f7a53-a41f-4eaa-b363-90865d79aee3 99237aaab7124f478d445bdf10b28b78 08cbd213a16b4d43890bbb3612c3cbf7 - - default default] Successfully bumped revision number for resource 92a87abd-a5d5-4a6c-bfb1-76acfb3780d9 (type: security_group_rules) to 0
2026-05-05 23:22:16.396 8 INFO neutron.db.ovn_revision_numbers_db [None req-1b9f7a53-a41f-4eaa-b363-90865d79aee3 99237aaab7124f478d445bdf10b28b78 08cbd213a16b4d43890bbb3612c3cbf7 - - default default] Successfully bumped revision number for resource fe803164-7f49-4bc5-a7f7-77eda5943b41 (type: security_group_rules) to 0 [pid: 8|app: 0|req: 854/1661] 10.0.0.232 () {32 vars in 774 bytes} [Tue May 5 23:22:16 2026] GET /v2.0/security-groups?tenant_id=6581cf871a1c40d9948b66091ff5ca31&name=default => generated 2925 bytes in 220 msecs (HTTP/1.1 200) 4 headers in 158 bytes (1 switches on core 0)
2026-05-05 23:22:16.515 8 INFO neutron.db.segments_db [None req-b5bafc49-bdd5-4480-879d-1c514039c356 c5c7a2abf03a4fde8b461148c5531413 ef71c3751b624533aed4a9eb84d93665 - - default default] Added segment 566aa6fb-f281-4af4-8671-35e0dfcbce1e of type geneve for network 265d0e06-384d-477f-ad21-a413764d17de
2026-05-05 23:22:16.634 8 INFO neutron.db.ovn_revision_numbers_db [None req-b5bafc49-bdd5-4480-879d-1c514039c356 c5c7a2abf03a4fde8b461148c5531413 ef71c3751b624533aed4a9eb84d93665 - - default default] Successfully bumped revision number for resource 265d0e06-384d-477f-ad21-a413764d17de (type: networks) to 1
2026-05-05 23:22:16.658 7 INFO neutron.plugins.ml2.drivers.ovn.mech_driver.mech_driver [None req-2c63bf60-ad9b-472a-8ccf-72d6fca52f1c - - - - - -] OVN reports status up for port: 11efef0e-cb5e-4ab9-bd47-0fc5ebf1a2c9
2026-05-05 23:22:16.685 7 INFO neutron.plugins.ml2.plugin [None req-2c63bf60-ad9b-472a-8ccf-72d6fca52f1c - - - - - -] Attempt 1 to provision port 11efef0e-cb5e-4ab9-bd47-0fc5ebf1a2c9
2026-05-05 23:22:16.793 7 WARNING neutron.scheduler.dhcp_agent_scheduler [None req-2f76b767-02b7-4ec4-8d60-2af6cf679d53 2b306edbddfc47bc9143764759fcfb8c 4d6a1ddeff7941a39a66cb3633614d92 - - default default] No more DHCP agents
2026-05-05 23:22:16.796 7 WARNING neutron.api.rpc.agentnotifiers.dhcp_rpc_agent_api [None req-2f76b767-02b7-4ec4-8d60-2af6cf679d53 2b306edbddfc47bc9143764759fcfb8c 4d6a1ddeff7941a39a66cb3633614d92 - - default default] Unable to schedule network 4ad6e234-6104-48c8-9665-13eb71db29f2: no agents available; will retry on subsequent port and subnet creation events.
2026-05-05 23:22:16.801 8 WARNING neutron.scheduler.dhcp_agent_scheduler [None req-b5bafc49-bdd5-4480-879d-1c514039c356 c5c7a2abf03a4fde8b461148c5531413 ef71c3751b624533aed4a9eb84d93665 - - default default] No more DHCP agents
2026-05-05 23:22:16.803 8 WARNING neutron.api.rpc.agentnotifiers.dhcp_rpc_agent_api [None req-b5bafc49-bdd5-4480-879d-1c514039c356 c5c7a2abf03a4fde8b461148c5531413 ef71c3751b624533aed4a9eb84d93665 - - default default] Unable to schedule network 265d0e06-384d-477f-ad21-a413764d17de: no agents available; will retry on subsequent port and subnet creation events.
2026-05-05 23:22:16.888 8 INFO neutron.db.ovn_revision_numbers_db [None req-b5bafc49-bdd5-4480-879d-1c514039c356 c5c7a2abf03a4fde8b461148c5531413 ef71c3751b624533aed4a9eb84d93665 - - default default] Successfully bumped revision number for resource 03dceb3a-7703-4bf0-8b07-6f2bb64fd5fd (type: ports) to 1 [pid: 8|app: 0|req: 855/1662] 10.0.0.232 () {34 vars in 670 bytes} [Tue May 5 23:22:16 2026] POST /v2.0/networks => generated 674 bytes in 473 msecs (HTTP/1.1 201) 4 headers in 162 bytes (1 switches on core 0) [pid: 8|app: 0|req: 856/1663] 10.0.0.232 () {32 vars in 736 bytes} [Tue May 5 23:22:16 2026] GET /v2.0/ports?device_id=cde3dce8-8a80-42dc-bb48-a2592cda948d => generated 12 bytes in 15 msecs (HTTP/1.1 200) 4 headers in 156 bytes (1 switches on core 0) [pid: 8|app: 0|req: 857/1664] 10.0.0.232 () {32 vars in 740 bytes} [Tue May 5 23:22:16 2026] DELETE /v2.0/security-groups/5161718d-7f22-407d-9d92-f337cd55ad7e => generated 0 bytes in 171 msecs (HTTP/1.1 204) 2 headers in 112 bytes (1 switches on core 0)
2026-05-05 23:22:17.251 7 INFO neutron.db.ovn_revision_numbers_db [None req-2f76b767-02b7-4ec4-8d60-2af6cf679d53 2b306edbddfc47bc9143764759fcfb8c 4d6a1ddeff7941a39a66cb3633614d92 - - default default] Successfully bumped revision number for resource 11efef0e-cb5e-4ab9-bd47-0fc5ebf1a2c9 (type: router_ports) to 1 [pid: 7|app: 0|req: 808/1665] 10.0.0.232 () {34 vars in 783 bytes} [Tue May 5 23:22:15 2026] PUT /v2.0/routers/8dc72cb0-faaa-4814-baaa-00b320b8c81b/add_router_interface => generated 310 bytes in 2029 msecs (HTTP/1.1 200) 4 headers in 157 bytes (1 switches on core 0)
2026-05-05 23:22:17.286 8 WARNING neutron.scheduler.dhcp_agent_scheduler [None req-db25e4fb-514d-49c6-bf91-2ca9bc71efd1 c5c7a2abf03a4fde8b461148c5531413 ef71c3751b624533aed4a9eb84d93665 - - default default] No more DHCP agents
2026-05-05 23:22:17.287 8 WARNING neutron.api.rpc.agentnotifiers.dhcp_rpc_agent_api [None req-db25e4fb-514d-49c6-bf91-2ca9bc71efd1 c5c7a2abf03a4fde8b461148c5531413 ef71c3751b624533aed4a9eb84d93665 - - default default] Unable to schedule network 265d0e06-384d-477f-ad21-a413764d17de: no agents available; will retry on subsequent port and subnet creation events.
2026-05-05 23:22:17.289 7 INFO neutron.api.v2.resource [None req-60cf5a91-127c-488c-8895-b4ac0a7fef46 3d45ca01bdb34504b2a5921a409864fc 6dab8e2380b84784ac5d4c56044b1084 - - default default] delete failed (client error): The resource could not be found. [pid: 7|app: 0|req: 809/1666] 10.0.0.232 () {32 vars in 724 bytes} [Tue May 5 23:22:17 2026] DELETE /v2.0/routers/cde3dce8-8a80-42dc-bb48-a2592cda948d => generated 135 bytes in 33 msecs (HTTP/1.1 404) 4 headers in 164 bytes (1 switches on core 0)
2026-05-05 23:22:17.309 7 WARNING neutron.db.securitygroups_db [None req-14e612f7-afef-4af9-aeb0-181b6c32d2d9 99237aaab7124f478d445bdf10b28b78 08cbd213a16b4d43890bbb3612c3cbf7 - - default default] project_id key not found in filters, using tenant_id instead. This support has been deprecated and will be removed in a future release.
2026-05-05 23:22:17.325 8 INFO neutron.db.ovn_revision_numbers_db [None req-db25e4fb-514d-49c6-bf91-2ca9bc71efd1 c5c7a2abf03a4fde8b461148c5531413 ef71c3751b624533aed4a9eb84d93665 - - default default] Successfully bumped revision number for resource 8b0f3178-547c-46cc-8fc3-f9a7c43f9b12 (type: subnets) to 0 [pid: 8|app: 0|req: 858/1667] 10.0.0.232 () {34 vars in 669 bytes} [Tue May 5 23:22:17 2026] POST /v2.0/subnets => generated 646 bytes in 244 msecs (HTTP/1.1 201) 4 headers in 162 bytes (1 switches on core 0) [pid: 8|app: 0|req: 859/1668] 10.0.0.232 () {32 vars in 717 bytes} [Tue May 5 23:22:17 2026] GET /v2.0/ports/11efef0e-cb5e-4ab9-bd47-0fc5ebf1a2c9 => generated 943 bytes in 34 msecs (HTTP/1.1 200) 4 headers in 157 bytes (1 switches on core 0)
2026-05-05 23:22:17.389 8 INFO neutron.pecan_wsgi.hooks.translation [None req-bd56f332-c79a-4158-911c-b1994df85130 3d45ca01bdb34504b2a5921a409864fc 6dab8e2380b84784ac5d4c56044b1084 - - default default] DELETE failed (client error): The resource could not be found. [pid: 8|app: 0|req: 860/1669] 10.0.0.232 () {32 vars in 724 bytes} [Tue May 5 23:22:17 2026] DELETE /v2.0/subnets/b4c1c597-3ebe-41f7-82a3-6df458bd1583 => generated 136 bytes in 18 msecs (HTTP/1.1 404) 4 headers in 164 bytes (1 switches on core 0)
2026-05-05 23:22:17.438 7 INFO neutron.db.ovn_revision_numbers_db [None req-2c63bf60-ad9b-472a-8ccf-72d6fca52f1c - - - - - -] Successfully bumped revision number for resource 11efef0e-cb5e-4ab9-bd47-0fc5ebf1a2c9 (type: ports) to 2
2026-05-05 23:22:17.512 7 INFO neutron.db.ovn_revision_numbers_db [None req-14e612f7-afef-4af9-aeb0-181b6c32d2d9 99237aaab7124f478d445bdf10b28b78 08cbd213a16b4d43890bbb3612c3cbf7 - - default default] Successfully bumped revision number for resource 2d77b442-8ad6-45f5-a256-a55c3d421f33 (type: security_groups) to 1
2026-05-05 23:22:17.529 7 INFO neutron.db.ovn_revision_numbers_db [None req-14e612f7-afef-4af9-aeb0-181b6c32d2d9 99237aaab7124f478d445bdf10b28b78 08cbd213a16b4d43890bbb3612c3cbf7 - - default default] Successfully bumped revision number for resource 142e35e1-f3e4-4aa2-8a23-0e3f1d97faea (type: security_group_rules) to 0
2026-05-05 23:22:17.555 7 INFO neutron.db.ovn_revision_numbers_db [None req-14e612f7-afef-4af9-aeb0-181b6c32d2d9 99237aaab7124f478d445bdf10b28b78 08cbd213a16b4d43890bbb3612c3cbf7 - - default default] Successfully bumped revision number for resource 3d642b96-0107-40d9-ad59-f07e1a287ad4 (type: security_group_rules) to 0
2026-05-05 23:22:17.574 7 INFO neutron.db.ovn_revision_numbers_db [None req-14e612f7-afef-4af9-aeb0-181b6c32d2d9 99237aaab7124f478d445bdf10b28b78 08cbd213a16b4d43890bbb3612c3cbf7 - - default default] Successfully bumped revision number for resource 7cfc9e88-c331-41b5-b65e-c642851c5f05 (type: security_group_rules) to 0
