Mar 19 09:25:34.039812 np0000159971 neutron-periodic-workers[104009]: DEBUG cotyledon.oslo_config_glue [-] ml2.mechanism_drivers = ['ovn'] {{(pid=104009) log_opt_values /opt/stack/data/venv/lib/python3.12/site-packages/oslo_config/cfg.py:3006}}
Mar 19 09:25:34.039897 np0000159971 neutron-periodic-workers[104009]: DEBUG cotyledon.oslo_config_glue [-] ml2.overlay_ip_version = 4 {{(pid=104009) log_opt_values /opt/stack/data/venv/lib/python3.12/site-packages/oslo_config/cfg.py:3006}}
Mar 19 09:25:34.039897 np0000159971 neutron-periodic-workers[104009]: DEBUG cotyledon.oslo_config_glue [-] ml2.path_mtu = 0 {{(pid=104009) log_opt_values /opt/stack/data/venv/lib/python3.12/site-packages/oslo_config/cfg.py:3006}}
Mar 19 09:25:34.039985 np0000159971 neutron-periodic-workers[104009]: DEBUG cotyledon.oslo_config_glue [-] ml2.physical_network_mtus = {} {{(pid=104009) log_opt_values /opt/stack/data/venv/lib/python3.12/site-packages/oslo_config/cfg.py:3006}}
Mar 19 09:25:34.040042 np0000159971 neutron-periodic-workers[104009]: DEBUG cotyledon.oslo_config_glue [-] ml2.project_network_types = ['geneve'] {{(pid=104009) log_opt_values /opt/stack/data/venv/lib/python3.12/site-packages/oslo_config/cfg.py:3006}}
Mar 19 09:25:34.040121 np0000159971 neutron-periodic-workers[104009]: DEBUG cotyledon.oslo_config_glue [-] ml2.tunnelled_network_rp_name = rp_tunnelled {{(pid=104009) log_opt_values /opt/stack/data/venv/lib/python3.12/site-packages/oslo_config/cfg.py:3006}}
Mar 19 09:25:34.040177 np0000159971 neutron-periodic-workers[104009]: DEBUG cotyledon.oslo_config_glue [-] ml2.type_drivers = ['local', 'flat', 'vlan', 'geneve'] {{(pid=104009) log_opt_values /opt/stack/data/venv/lib/python3.12/site-packages/oslo_config/cfg.py:3006}}
Mar 19 09:25:34.040262 np0000159971 neutron-periodic-workers[104009]: DEBUG cotyledon.oslo_config_glue [-] ml2_type_flat.flat_networks = ['public'] {{(pid=104009) log_opt_values /opt/stack/data/venv/lib/python3.12/site-packages/oslo_config/cfg.py:3006}}
Mar 19 09:25:34.040339 np0000159971 neutron-periodic-workers[104009]: DEBUG cotyledon.oslo_config_glue [-] ml2_type_geneve.max_header_size = 38 {{(pid=104009) log_opt_values /opt/stack/data/venv/lib/python3.12/site-packages/oslo_config/cfg.py:3006}}
Mar 19 09:25:34.040397 np0000159971 neutron-periodic-workers[104009]: DEBUG cotyledon.oslo_config_glue [-] ml2_type_geneve.vni_ranges = ['1:65536'] {{(pid=104009) log_opt_values /opt/stack/data/venv/lib/python3.12/site-packages/oslo_config/cfg.py:3006}}
Mar 19 09:25:34.040477 np0000159971 neutron-periodic-workers[104009]: DEBUG cotyledon.oslo_config_glue [-] ml2_type_vlan.network_vlan_ranges = ['public'] {{(pid=104009) log_opt_values /opt/stack/data/venv/lib/python3.12/site-packages/oslo_config/cfg.py:3006}}
Mar 19 09:25:34.040577 np0000159971 neutron-periodic-workers[104009]: DEBUG cotyledon.oslo_config_glue [-] network_log.burst_limit = 25 {{(pid=104009) log_opt_values /opt/stack/data/venv/lib/python3.12/site-packages/oslo_config/cfg.py:3006}}
Mar 19 09:25:34.040643 np0000159971 neutron-periodic-workers[104009]: DEBUG cotyledon.oslo_config_glue [-] network_log.local_output_log_base = None {{(pid=104009) log_opt_values /opt/stack/data/venv/lib/python3.12/site-packages/oslo_config/cfg.py:3006}}
Mar 19 09:25:34.040699 np0000159971 neutron-periodic-workers[104009]: DEBUG cotyledon.oslo_config_glue [-] network_log.rate_limit = 100 {{(pid=104009) log_opt_values /opt/stack/data/venv/lib/python3.12/site-packages/oslo_config/cfg.py:3006}}
Mar 19 09:25:34.040783 np0000159971 neutron-periodic-workers[104009]: DEBUG cotyledon.oslo_config_glue [-] database.asyncio_connection = **** {{(pid=104009) log_opt_values /opt/stack/data/venv/lib/python3.12/site-packages/oslo_config/cfg.py:3006}}
Mar 19 09:25:34.040840 np0000159971 neutron-periodic-workers[104009]: DEBUG cotyledon.oslo_config_glue [-] database.asyncio_slave_connection = **** {{(pid=104009) log_opt_values /opt/stack/data/venv/lib/python3.12/site-packages/oslo_config/cfg.py:3006}}
Mar 19 09:25:34.040907 np0000159971 neutron-periodic-workers[104009]: DEBUG cotyledon.oslo_config_glue [-] database.backend = sqlalchemy {{(pid=104009) log_opt_values /opt/stack/data/venv/lib/python3.12/site-packages/oslo_config/cfg.py:3006}}
Mar 19 09:25:34.040985 np0000159971 neutron-periodic-workers[104009]: DEBUG cotyledon.oslo_config_glue [-] database.connection = **** {{(pid=104009) log_opt_values /opt/stack/data/venv/lib/python3.12/site-packages/oslo_config/cfg.py:3006}}
Mar 19 09:25:34.041087 np0000159971 neutron-periodic-workers[104009]: DEBUG cotyledon.oslo_config_glue [-] database.connection_debug = 0 {{(pid=104009) log_opt_values /opt/stack/data/venv/lib/python3.12/site-packages/oslo_config/cfg.py:3006}}
Mar 19 09:25:34.041148 np0000159971 neutron-periodic-workers[104009]: DEBUG cotyledon.oslo_config_glue [-] database.connection_parameters = {{(pid=104009) log_opt_values /opt/stack/data/venv/lib/python3.12/site-packages/oslo_config/cfg.py:3006}}
Mar 19 09:25:34.041217 np0000159971 neutron-periodic-workers[104009]: DEBUG cotyledon.oslo_config_glue [-] database.connection_recycle_time = 3600 {{(pid=104009) log_opt_values /opt/stack/data/venv/lib/python3.12/site-packages/oslo_config/cfg.py:3006}}
Mar 19 09:25:34.041276 np0000159971 neutron-periodic-workers[104009]: DEBUG cotyledon.oslo_config_glue [-] database.connection_trace = False {{(pid=104009) log_opt_values /opt/stack/data/venv/lib/python3.12/site-packages/oslo_config/cfg.py:3006}}
Mar 19 09:25:34.041336 np0000159971 neutron-periodic-workers[104009]: DEBUG cotyledon.oslo_config_glue [-] database.db_inc_retry_interval = True {{(pid=104009) log_opt_values /opt/stack/data/venv/lib/python3.12/site-packages/oslo_config/cfg.py:3006}}
Mar 19 09:25:34.041396 np0000159971 neutron-periodic-workers[104009]: DEBUG cotyledon.oslo_config_glue [-] database.db_max_retries = 20 {{(pid=104009) log_opt_values /opt/stack/data/venv/lib/python3.12/site-packages/oslo_config/cfg.py:3006}}
Mar 19 09:25:34.041453 np0000159971 neutron-periodic-workers[104009]: DEBUG cotyledon.oslo_config_glue [-] database.db_max_retry_interval = 10 {{(pid=104009) log_opt_values /opt/stack/data/venv/lib/python3.12/site-packages/oslo_config/cfg.py:3006}}
Mar 19 09:25:34.041512 np0000159971 neutron-periodic-workers[104009]: DEBUG cotyledon.oslo_config_glue [-] database.db_retry_interval = 1 {{(pid=104009) log_opt_values /opt/stack/data/venv/lib/python3.12/site-packages/oslo_config/cfg.py:3006}}
Mar 19 09:25:34.041569 np0000159971 neutron-periodic-workers[104009]: DEBUG cotyledon.oslo_config_glue [-] database.max_overflow = 50 {{(pid=104009) log_opt_values /opt/stack/data/venv/lib/python3.12/site-packages/oslo_config/cfg.py:3006}}
Mar 19 09:25:34.041628 np0000159971 neutron-periodic-workers[104009]: DEBUG cotyledon.oslo_config_glue [-] database.max_pool_size = 5 {{(pid=104009) log_opt_values /opt/stack/data/venv/lib/python3.12/site-packages/oslo_config/cfg.py:3006}}
Mar 19 09:25:34.041687 np0000159971 neutron-periodic-workers[104009]: DEBUG cotyledon.oslo_config_glue [-] database.max_retries = 10 {{(pid=104009) log_opt_values /opt/stack/data/venv/lib/python3.12/site-packages/oslo_config/cfg.py:3006}}
Mar 19 09:25:34.041746 np0000159971 neutron-periodic-workers[104009]: DEBUG cotyledon.oslo_config_glue [-] database.mysql_sql_mode = TRADITIONAL {{(pid=104009) log_opt_values /opt/stack/data/venv/lib/python3.12/site-packages/oslo_config/cfg.py:3006}}
Mar 19 09:25:34.041804 np0000159971 neutron-periodic-workers[104009]: DEBUG cotyledon.oslo_config_glue [-] database.mysql_wsrep_sync_wait = None {{(pid=104009) log_opt_values /opt/stack/data/venv/lib/python3.12/site-packages/oslo_config/cfg.py:3006}}
Mar 19 09:25:34.041862 np0000159971 neutron-periodic-workers[104009]: DEBUG cotyledon.oslo_config_glue [-] database.pool_timeout = None {{(pid=104009) log_opt_values /opt/stack/data/venv/lib/python3.12/site-packages/oslo_config/cfg.py:3006}}
Mar 19 09:25:34.041921 np0000159971 neutron-periodic-workers[104009]: DEBUG cotyledon.oslo_config_glue [-] database.retry_interval = 10 {{(pid=104009) log_opt_values /opt/stack/data/venv/lib/python3.12/site-packages/oslo_config/cfg.py:3006}}
Mar 19 09:25:34.041992 np0000159971 neutron-periodic-workers[104009]: DEBUG cotyledon.oslo_config_glue [-] database.slave_connection = **** {{(pid=104009) log_opt_values /opt/stack/data/venv/lib/python3.12/site-packages/oslo_config/cfg.py:3006}}
Mar 19 09:25:34.042094 np0000159971 neutron-periodic-workers[104009]: DEBUG cotyledon.oslo_config_glue [-] database.sqlite_synchronous = True {{(pid=104009) log_opt_values /opt/stack/data/venv/lib/python3.12/site-packages/oslo_config/cfg.py:3006}}
Mar 19 09:25:34.042167 np0000159971 neutron-periodic-workers[104009]: DEBUG cotyledon.oslo_config_glue [-] database.synchronous_reader = True {{(pid=104009) log_opt_values /opt/stack/data/venv/lib/python3.12/site-packages/oslo_config/cfg.py:3006}}
Mar 19 09:25:34.042226 np0000159971 neutron-periodic-workers[104009]: DEBUG cotyledon.oslo_config_glue [-] database.use_db_reconnect = False {{(pid=104009) log_opt_values /opt/stack/data/venv/lib/python3.12/site-packages/oslo_config/cfg.py:3006}}
Mar 19 09:25:34.042336 np0000159971 neutron-periodic-workers[104009]: DEBUG cotyledon.oslo_config_glue [-] ovn.bfd_min_rx = 1000 {{(pid=104009) log_opt_values /opt/stack/data/venv/lib/python3.12/site-packages/oslo_config/cfg.py:3006}}
Mar 19 09:25:34.042403 np0000159971 neutron-periodic-workers[104009]: DEBUG cotyledon.oslo_config_glue [-] ovn.bfd_min_tx = 100 {{(pid=104009) log_opt_values /opt/stack/data/venv/lib/python3.12/site-packages/oslo_config/cfg.py:3006}}
Mar 19 09:25:34.042462 np0000159971 neutron-periodic-workers[104009]: DEBUG cotyledon.oslo_config_glue [-] ovn.bfd_mult = 3 {{(pid=104009) log_opt_values /opt/stack/data/venv/lib/python3.12/site-packages/oslo_config/cfg.py:3006}}
Mar 19 09:25:34.042521 np0000159971 neutron-periodic-workers[104009]: DEBUG cotyledon.oslo_config_glue [-] ovn.broadcast_arps_to_all_routers = True {{(pid=104009) log_opt_values /opt/stack/data/venv/lib/python3.12/site-packages/oslo_config/cfg.py:3006}}
Mar 19 09:25:34.042580 np0000159971 neutron-periodic-workers[104009]: DEBUG cotyledon.oslo_config_glue [-] ovn.dhcp_default_lease_time = 43200 {{(pid=104009) log_opt_values /opt/stack/data/venv/lib/python3.12/site-packages/oslo_config/cfg.py:3006}}
Mar 19 09:25:34.042638 np0000159971 neutron-periodic-workers[104009]: DEBUG cotyledon.oslo_config_glue [-] ovn.disable_ovn_dhcp_for_baremetal_ports = False {{(pid=104009) log_opt_values /opt/stack/data/venv/lib/python3.12/site-packages/oslo_config/cfg.py:3006}}
Mar 19 09:25:34.042696 np0000159971 neutron-periodic-workers[104009]: DEBUG cotyledon.oslo_config_glue [-] ovn.dns_records_ovn_owned = False {{(pid=104009) log_opt_values /opt/stack/data/venv/lib/python3.12/site-packages/oslo_config/cfg.py:3006}}
Mar 19 09:25:34.042756 np0000159971 neutron-periodic-workers[104009]: DEBUG cotyledon.oslo_config_glue [-] ovn.dns_servers = [] {{(pid=104009) log_opt_values /opt/stack/data/venv/lib/python3.12/site-packages/oslo_config/cfg.py:3006}}
Mar 19 09:25:34.042813 np0000159971 neutron-periodic-workers[104009]: DEBUG cotyledon.oslo_config_glue [-] ovn.enable_distributed_floating_ip = False {{(pid=104009) log_opt_values /opt/stack/data/venv/lib/python3.12/site-packages/oslo_config/cfg.py:3006}}
Mar 19 09:25:34.042871 np0000159971 neutron-periodic-workers[104009]: DEBUG cotyledon.oslo_config_glue [-] ovn.fdb_age_threshold = 300 {{(pid=104009) log_opt_values /opt/stack/data/venv/lib/python3.12/site-packages/oslo_config/cfg.py:3006}}
Mar 19 09:25:34.042931 np0000159971 neutron-periodic-workers[104009]: DEBUG cotyledon.oslo_config_glue [-] ovn.ha_failover_strategy = normal {{(pid=104009) log_opt_values /opt/stack/data/venv/lib/python3.12/site-packages/oslo_config/cfg.py:3006}}
Mar 19 09:25:34.042988 np0000159971 neutron-periodic-workers[104009]: DEBUG cotyledon.oslo_config_glue [-] ovn.live_migration_activation_strategy = rarp {{(pid=104009) log_opt_values /opt/stack/data/venv/lib/python3.12/site-packages/oslo_config/cfg.py:3006}}
Mar 19 09:25:34.043183 np0000159971 neutron-periodic-workers[104009]: DEBUG cotyledon.oslo_config_glue [-] ovn.localnet_learn_fdb = False {{(pid=104009) log_opt_values /opt/stack/data/venv/lib/python3.12/site-packages/oslo_config/cfg.py:3006}}
Mar 19 09:25:34.043183 np0000159971 neutron-periodic-workers[104009]: DEBUG cotyledon.oslo_config_glue [-] ovn.mac_binding_age_threshold = 300 {{(pid=104009) log_opt_values /opt/stack/data/venv/lib/python3.12/site-packages/oslo_config/cfg.py:3006}}
Mar 19 09:25:34.043386 np0000159971 neutron-periodic-workers[104009]: DEBUG cotyledon.oslo_config_glue [-] ovn.neutron_sync_mode = log {{(pid=104009) log_opt_values /opt/stack/data/venv/lib/python3.12/site-packages/oslo_config/cfg.py:3006}}
Mar 19 09:25:34.043386 np0000159971 neutron-periodic-workers[104009]: DEBUG cotyledon.oslo_config_glue [-] ovn.ovn_dhcp4_global_options = {} {{(pid=104009) log_opt_values /opt/stack/data/venv/lib/python3.12/site-packages/oslo_config/cfg.py:3006}}
Mar 19 09:25:34.043386 np0000159971 neutron-periodic-workers[104009]: DEBUG cotyledon.oslo_config_glue [-] ovn.ovn_dhcp6_global_options = {} {{(pid=104009) log_opt_values /opt/stack/data/venv/lib/python3.12/site-packages/oslo_config/cfg.py:3006}}
Mar 19 09:25:34.043564 np0000159971 neutron-periodic-workers[104009]: DEBUG cotyledon.oslo_config_glue [-] ovn.ovn_l3_scheduler = leastloaded {{(pid=104009) log_opt_values /opt/stack/data/venv/lib/python3.12/site-packages/oslo_config/cfg.py:3006}}
Mar 19 09:25:34.043564 np0000159971 neutron-periodic-workers[104009]: DEBUG cotyledon.oslo_config_glue [-] ovn.ovn_metadata_enabled = True {{(pid=104009) log_opt_values /opt/stack/data/venv/lib/python3.12/site-packages/oslo_config/cfg.py:3006}}
Mar 19 09:25:34.043564 np0000159971 neutron-periodic-workers[104009]: DEBUG cotyledon.oslo_config_glue [-] ovn.ovn_nb_ca_cert = /opt/stack/data/CA/int-ca/ca-chain.pem {{(pid=104009) log_opt_values /opt/stack/data/venv/lib/python3.12/site-packages/oslo_config/cfg.py:3006}}
Mar 19 09:25:34.043728 np0000159971 neutron-periodic-workers[104009]: DEBUG cotyledon.oslo_config_glue [-] ovn.ovn_nb_certificate = /opt/stack/data/CA/int-ca/devstack-cert.crt {{(pid=104009) log_opt_values /opt/stack/data/venv/lib/python3.12/site-packages/oslo_config/cfg.py:3006}}
Mar 19 09:25:34.043728 np0000159971 neutron-periodic-workers[104009]: DEBUG cotyledon.oslo_config_glue [-] ovn.ovn_nb_connection = ['ssl:199.19.213.20:6641'] {{(pid=104009) log_opt_values /opt/stack/data/venv/lib/python3.12/site-packages/oslo_config/cfg.py:3006}}
Mar 19 09:25:34.043917 np0000159971 neutron-periodic-workers[104009]: DEBUG cotyledon.oslo_config_glue [-] ovn.ovn_nb_private_key = /opt/stack/data/CA/int-ca/private/devstack-cert.key {{(pid=104009) log_opt_values /opt/stack/data/venv/lib/python3.12/site-packages/oslo_config/cfg.py:3006}}
Mar 19 09:25:34.043917 np0000159971 neutron-periodic-workers[104009]: DEBUG cotyledon.oslo_config_glue [-] ovn.ovn_router_indirect_snat = False {{(pid=104009) log_opt_values /opt/stack/data/venv/lib/python3.12/site-packages/oslo_config/cfg.py:3006}}
Mar 19 09:25:34.043917 np0000159971 neutron-periodic-workers[104009]: DEBUG cotyledon.oslo_config_glue [-] ovn.ovn_sb_ca_cert = /opt/stack/data/CA/int-ca/ca-chain.pem {{(pid=104009) log_opt_values /opt/stack/data/venv/lib/python3.12/site-packages/oslo_config/cfg.py:3006}}
Mar 19 09:25:34.044117 np0000159971 neutron-periodic-workers[104009]: DEBUG cotyledon.oslo_config_glue [-] ovn.ovn_sb_certificate = /opt/stack/data/CA/int-ca/devstack-cert.crt {{(pid=104009) log_opt_values /opt/stack/data/venv/lib/python3.12/site-packages/oslo_config/cfg.py:3006}}
Mar 19 09:25:34.044117 np0000159971 neutron-periodic-workers[104009]: DEBUG cotyledon.oslo_config_glue [-] ovn.ovn_sb_connection = ['ssl:199.19.213.20:6642'] {{(pid=104009) log_opt_values /opt/stack/data/venv/lib/python3.12/site-packages/oslo_config/cfg.py:3006}}
Mar 19 09:25:34.044117 np0000159971 neutron-periodic-workers[104009]: DEBUG cotyledon.oslo_config_glue [-] ovn.ovn_sb_private_key = /opt/stack/data/CA/int-ca/private/devstack-cert.key {{(pid=104009) log_opt_values /opt/stack/data/venv/lib/python3.12/site-packages/oslo_config/cfg.py:3006}}
Mar 19 09:25:34.044276 np0000159971 neutron-periodic-workers[104009]: DEBUG cotyledon.oslo_config_glue [-] ovn.ovs_create_tap = False {{(pid=104009) log_opt_values /opt/stack/data/venv/lib/python3.12/site-packages/oslo_config/cfg.py:3006}}
Mar 19 09:25:34.044276 np0000159971 neutron-periodic-workers[104009]: DEBUG cotyledon.oslo_config_glue [-] ovn.ovsdb_connection_timeout = 180 {{(pid=104009) log_opt_values /opt/stack/data/venv/lib/python3.12/site-packages/oslo_config/cfg.py:3006}}
Mar 19 09:25:34.044276 np0000159971 neutron-periodic-workers[104009]: DEBUG cotyledon.oslo_config_glue [-] ovn.ovsdb_log_level = INFO {{(pid=104009) log_opt_values /opt/stack/data/venv/lib/python3.12/site-packages/oslo_config/cfg.py:3006}}
Mar 19 09:25:34.044463 np0000159971 neutron-periodic-workers[104009]: DEBUG cotyledon.oslo_config_glue [-] ovn.ovsdb_probe_interval = 60000 {{(pid=104009) log_opt_values /opt/stack/data/venv/lib/python3.12/site-packages/oslo_config/cfg.py:3006}}
Mar 19 09:25:34.044463 np0000159971 neutron-periodic-workers[104009]: DEBUG cotyledon.oslo_config_glue [-] ovn.ovsdb_retry_max_interval = 180 {{(pid=104009) log_opt_values /opt/stack/data/venv/lib/python3.12/site-packages/oslo_config/cfg.py:3006}}
Mar 19 09:25:34.044463 np0000159971 neutron-periodic-workers[104009]: DEBUG cotyledon.oslo_config_glue [-] ovn.stateless_nat_enabled = False {{(pid=104009) log_opt_values /opt/stack/data/venv/lib/python3.12/site-packages/oslo_config/cfg.py:3006}}
Mar 19 09:25:34.044463 np0000159971 neutron-periodic-workers[104009]: DEBUG cotyledon.oslo_config_glue [-] ovn.vhost_sock_dir = /var/run/openvswitch {{(pid=104009) log_opt_values /opt/stack/data/venv/lib/python3.12/site-packages/oslo_config/cfg.py:3006}}
Mar 19 09:25:34.044678 np0000159971 neutron-periodic-workers[104009]: DEBUG cotyledon.oslo_config_glue [-] OVS.bridge_mac_table_size = 50000 {{(pid=104009) log_opt_values /opt/stack/data/venv/lib/python3.12/site-packages/oslo_config/cfg.py:3006}}
Mar 19 09:25:34.044678 np0000159971 neutron-periodic-workers[104009]: DEBUG cotyledon.oslo_config_glue [-] OVS.igmp_flood = False {{(pid=104009) log_opt_values /opt/stack/data/venv/lib/python3.12/site-packages/oslo_config/cfg.py:3006}}
Mar 19 09:25:34.044678 np0000159971 neutron-periodic-workers[104009]: DEBUG cotyledon.oslo_config_glue [-] OVS.igmp_flood_reports = True {{(pid=104009) log_opt_values /opt/stack/data/venv/lib/python3.12/site-packages/oslo_config/cfg.py:3006}}
Mar 19 09:25:34.044831 np0000159971 neutron-periodic-workers[104009]: DEBUG cotyledon.oslo_config_glue [-] OVS.igmp_flood_unregistered = False {{(pid=104009) log_opt_values /opt/stack/data/venv/lib/python3.12/site-packages/oslo_config/cfg.py:3006}}
Mar 19 09:25:34.044831 np0000159971 neutron-periodic-workers[104009]: DEBUG cotyledon.oslo_config_glue [-] OVS.igmp_snooping_enable = False {{(pid=104009) log_opt_values /opt/stack/data/venv/lib/python3.12/site-packages/oslo_config/cfg.py:3006}}
Mar 19 09:25:34.044952 np0000159971 neutron-periodic-workers[104009]: DEBUG cotyledon.oslo_config_glue [-] OVS.ovsdb_timeout = 10 {{(pid=104009) log_opt_values /opt/stack/data/venv/lib/python3.12/site-packages/oslo_config/cfg.py:3006}}
Mar 19 09:25:34.044952 np0000159971 neutron-periodic-workers[104009]: DEBUG cotyledon.oslo_config_glue [-] ovn_nb_global.fdb_removal_limit = 0 {{(pid=104009) log_opt_values /opt/stack/data/venv/lib/python3.12/site-packages/oslo_config/cfg.py:3006}}
Mar 19 09:25:34.045086 np0000159971 neutron-periodic-workers[104009]: DEBUG cotyledon.oslo_config_glue [-] ovn_nb_global.ignore_lsp_down = False {{(pid=104009) log_opt_values /opt/stack/data/venv/lib/python3.12/site-packages/oslo_config/cfg.py:3006}}
Mar 19 09:25:34.045146 np0000159971 neutron-periodic-workers[104009]: DEBUG cotyledon.oslo_config_glue [-] ovn_nb_global.mac_binding_removal_limit = 0 {{(pid=104009) log_opt_values /opt/stack/data/venv/lib/python3.12/site-packages/oslo_config/cfg.py:3006}}
Mar 19 09:25:34.045242 np0000159971 neutron-periodic-workers[104009]: DEBUG cotyledon.oslo_config_glue [-] ******************************************************************************** {{(pid=104009) log_opt_values /opt/stack/data/venv/lib/python3.12/site-packages/oslo_config/cfg.py:3013}}
Mar 19 09:25:34.045590 np0000159971 neutron-periodic-workers[104009]: DEBUG cotyledon._service_worker [-] Run service ServiceWrapper(0) [104009] {{(pid=104009) wait_forever /opt/stack/data/venv/lib/python3.12/site-packages/cotyledon/_service_worker.py:218}}
Mar 19 09:25:43.655673 np0000159971 neutron-periodic-workers[103109]: DEBUG dbcounter [-] [103109] Writing DB stats neutron:SELECT=4 {{(pid=103109) stat_writer /opt/stack/data/venv/lib/python3.12/site-packages/dbcounter.py:115}}
Mar 19 09:26:37.003565 np0000159971 neutron-periodic-workers[103993]: DEBUG oslo_db.sqlalchemy.engines [None req-7c9dafa2-03c3-4657-b040-70a47f3203e6 None None] Parent process 103109 forked (103993) with an open database connection, which is being discarded and recreated. {{(pid=103993) checkout /opt/stack/data/venv/lib/python3.12/site-packages/oslo_db/sqlalchemy/engines.py:402}}
Mar 19 09:26:37.018443 np0000159971 neutron-periodic-workers[103993]: DEBUG dbcounter [-] [103993] Writer thread running {{(pid=103993) stat_writer /opt/stack/data/venv/lib/python3.12/site-packages/dbcounter.py:102}}
Mar 19 09:26:37.030860 np0000159971 neutron-periodic-workers[103993]: DEBUG oslo.service.backend._threading.loopingcall [None req-7c9dafa2-03c3-4657-b040-70a47f3203e6 None None] Fixed interval looping call 'neutron.plugins.ml2.plugin.DhcpAgentSchedulerDbMixin.remove_networks_from_down_agents' sleeping for 36.96 seconds {{(pid=103993) _run_loop /opt/stack/data/venv/lib/python3.12/site-packages/oslo_service/backend/_threading/loopingcall.py:125}}
Mar 19 09:26:37.058379 np0000159971 neutron-periodic-workers[103998]: DEBUG dbcounter [-] [103998] Writer thread running {{(pid=103998) stat_writer /opt/stack/data/venv/lib/python3.12/site-packages/dbcounter.py:102}}
Mar 19 09:26:37.066777 np0000159971 neutron-periodic-workers[103998]: DEBUG neutron.db.agents_db [None req-a3c2f465-c531-40ad-ab43-a762cc8cfadf None None] Agent healthcheck: found 0 active agents {{(pid=103998) agent_health_check /opt/stack/neutron/neutron/db/agents_db.py:317}}
Mar 19 09:26:37.067052 np0000159971 neutron-periodic-workers[103998]: DEBUG oslo.service.backend._threading.loopingcall [None req-a3c2f465-c531-40ad-ab43-a762cc8cfadf None None] Fixed interval looping call 'neutron.plugins.ml2.plugin.AgentDbMixin.agent_health_check' sleeping for 36.95 seconds {{(pid=103998) _run_loop /opt/stack/data/venv/lib/python3.12/site-packages/oslo_service/backend/_threading/loopingcall.py:125}}
Mar 19 09:26:47.028697 np0000159971 neutron-periodic-workers[103993]: DEBUG dbcounter [-] [103993] Writing DB stats neutron:SELECT=3 {{(pid=103993) stat_writer /opt/stack/data/venv/lib/python3.12/site-packages/dbcounter.py:115}}
Mar 19 09:26:47.035504 np0000159971 neutron-periodic-workers[103983]: DEBUG dbcounter [-] [103983] Writer thread running {{(pid=103983) stat_writer /opt/stack/data/venv/lib/python3.12/site-packages/dbcounter.py:102}}
Mar 19 09:26:47.054435 np0000159971 neutron-periodic-workers[103983]: DEBUG oslo.service.backend._threading.loopingcall [None req-967bc7c5-522a-4388-9feb-27177748f617 None None] Fixed interval looping call 'neutron.services.ovn_l3.plugin.L3_NAT_dbonly_mixin._clean_garbage' sleeping for 299.93 seconds {{(pid=103983) _run_loop /opt/stack/data/venv/lib/python3.12/site-packages/oslo_service/backend/_threading/loopingcall.py:125}}
Mar 19 09:26:47.059963 np0000159971 neutron-periodic-workers[103998]: DEBUG dbcounter [-] [103998] Writing DB stats neutron:SELECT=1 {{(pid=103998) stat_writer /opt/stack/data/venv/lib/python3.12/site-packages/dbcounter.py:115}}
Mar 19 09:26:57.036405 np0000159971 neutron-periodic-workers[103983]: DEBUG dbcounter [-] [103983] Writing DB stats neutron:SELECT=1 {{(pid=103983) stat_writer /opt/stack/data/venv/lib/python3.12/site-packages/dbcounter.py:115}}
Mar 19 09:27:14.002129 np0000159971 neutron-periodic-workers[103993]: DEBUG oslo.service.backend._threading.loopingcall [None req-7c9dafa2-03c3-4657-b040-70a47f3203e6 None None] Fixed interval looping call 'neutron.plugins.ml2.plugin.DhcpAgentSchedulerDbMixin.remove_networks_from_down_agents' sleeping for 36.99 seconds {{(pid=103993) _run_loop /opt/stack/data/venv/lib/python3.12/site-packages/oslo_service/backend/_threading/loopingcall.py:125}}
Mar 19 09:27:14.024703 np0000159971 neutron-periodic-workers[103998]: DEBUG neutron.db.agents_db [None req-a3c2f465-c531-40ad-ab43-a762cc8cfadf None None] Agent healthcheck: found 0 active agents {{(pid=103998) agent_health_check /opt/stack/neutron/neutron/db/agents_db.py:317}}
Mar 19 09:27:14.025483 np0000159971 neutron-periodic-workers[103998]: DEBUG oslo.service.backend._threading.loopingcall [None req-a3c2f465-c531-40ad-ab43-a762cc8cfadf None None] Fixed interval looping call 'neutron.plugins.ml2.plugin.AgentDbMixin.agent_health_check' sleeping for 36.99 seconds {{(pid=103998) _run_loop /opt/stack/data/venv/lib/python3.12/site-packages/oslo_service/backend/_threading/loopingcall.py:125}}
Mar 19 09:27:24.416400 np0000159971 neutron-periodic-workers[103993]: DEBUG dbcounter [-] [103993] Writing DB stats neutron:SELECT=3 {{(pid=103993) stat_writer /opt/stack/data/venv/lib/python3.12/site-packages/dbcounter.py:115}}
Mar 19 09:27:24.417271 np0000159971 neutron-periodic-workers[103998]: DEBUG dbcounter [-] [103998] Writing DB stats neutron:SELECT=1 {{(pid=103998) stat_writer /opt/stack/data/venv/lib/python3.12/site-packages/dbcounter.py:115}}
Mar 19 09:27:34.075392 np0000159971 neutron-periodic-workers[104009]: DEBUG dbcounter [-] [104009] Writer thread running {{(pid=104009) stat_writer /opt/stack/data/venv/lib/python3.12/site-packages/dbcounter.py:102}}
Mar 19 09:27:34.077293 np0000159971 neutron-periodic-workers[104009]: DEBUG oslo.service.backend._threading.loopingcall [None req-542fa7c6-88bf-49b2-887c-0362113eb01e None None] Fixed interval looping call 'neutron.db.quota.driver_nolock.DbQuotaNoLockDriver._remove_expired_reservations' sleeping for 119.98 seconds {{(pid=104009) _run_loop /opt/stack/data/venv/lib/python3.12/site-packages/oslo_service/backend/_threading/loopingcall.py:125}}
Mar 19 09:27:44.075902 np0000159971 neutron-periodic-workers[104009]: DEBUG dbcounter [-] [104009] Writing DB stats neutron:DELETE=1 {{(pid=104009) stat_writer /opt/stack/data/venv/lib/python3.12/site-packages/dbcounter.py:115}}
Mar 19 09:27:51.003187 np0000159971 neutron-periodic-workers[103993]: DEBUG oslo.service.backend._threading.loopingcall [None req-7c9dafa2-03c3-4657-b040-70a47f3203e6 None None] Fixed interval looping call 'neutron.plugins.ml2.plugin.DhcpAgentSchedulerDbMixin.remove_networks_from_down_agents' sleeping for 36.99 seconds {{(pid=103993) _run_loop /opt/stack/data/venv/lib/python3.12/site-packages/oslo_service/backend/_threading/loopingcall.py:125}}
Mar 19 09:27:51.020634 np0000159971 neutron-periodic-workers[103998]: DEBUG neutron.db.agents_db [None req-a3c2f465-c531-40ad-ab43-a762cc8cfadf None None] Agent healthcheck: found 0 active agents {{(pid=103998) agent_health_check /opt/stack/neutron/neutron/db/agents_db.py:317}}
Mar 19 09:27:51.021267 np0000159971 neutron-periodic-workers[103998]: DEBUG oslo.service.backend._threading.loopingcall [None req-a3c2f465-c531-40ad-ab43-a762cc8cfadf None None] Fixed interval looping call 'neutron.plugins.ml2.plugin.AgentDbMixin.agent_health_check' sleeping for 36.99 seconds {{(pid=103998) _run_loop /opt/stack/data/venv/lib/python3.12/site-packages/oslo_service/backend/_threading/loopingcall.py:125}}
Mar 19 09:28:01.002822 np0000159971 neutron-periodic-workers[103993]: DEBUG dbcounter [-] [103993] Writing DB stats neutron:SELECT=3 {{(pid=103993) stat_writer /opt/stack/data/venv/lib/python3.12/site-packages/dbcounter.py:115}}
Mar 19 09:28:01.018863 np0000159971 neutron-periodic-workers[103998]: DEBUG dbcounter [-] [103998] Writing DB stats neutron:SELECT=1 {{(pid=103998) stat_writer /opt/stack/data/venv/lib/python3.12/site-packages/dbcounter.py:115}}
Mar 19 09:28:28.002882 np0000159971 neutron-periodic-workers[103993]: DEBUG oslo.service.backend._threading.loopingcall [None req-7c9dafa2-03c3-4657-b040-70a47f3203e6 None None] Fixed interval looping call 'neutron.plugins.ml2.plugin.DhcpAgentSchedulerDbMixin.remove_networks_from_down_agents' sleeping for 36.99 seconds {{(pid=103993) _run_loop /opt/stack/data/venv/lib/python3.12/site-packages/oslo_service/backend/_threading/loopingcall.py:125}}
Mar 19 09:28:28.017972 np0000159971 neutron-periodic-workers[103998]: DEBUG neutron.db.agents_db [None req-a3c2f465-c531-40ad-ab43-a762cc8cfadf None None] Agent healthcheck: found 0 active agents {{(pid=103998) agent_health_check /opt/stack/neutron/neutron/db/agents_db.py:317}}
Mar 19 09:28:28.018505 np0000159971 neutron-periodic-workers[103998]: DEBUG oslo.service.backend._threading.loopingcall [None req-a3c2f465-c531-40ad-ab43-a762cc8cfadf None None] Fixed interval looping call 'neutron.plugins.ml2.plugin.AgentDbMixin.agent_health_check' sleeping for 36.99 seconds {{(pid=103998) _run_loop /opt/stack/data/venv/lib/python3.12/site-packages/oslo_service/backend/_threading/loopingcall.py:125}}
Mar 19 09:28:38.001932 np0000159971 neutron-periodic-workers[103993]: DEBUG dbcounter [-] [103993] Writing DB stats neutron:SELECT=3 {{(pid=103993) stat_writer /opt/stack/data/venv/lib/python3.12/site-packages/dbcounter.py:115}}
Mar 19 09:28:38.015844 np0000159971 neutron-periodic-workers[103998]: DEBUG dbcounter [-] [103998] Writing DB stats neutron:SELECT=1 {{(pid=103998) stat_writer /opt/stack/data/venv/lib/python3.12/site-packages/dbcounter.py:115}}
Mar 19 09:29:05.002962 np0000159971 neutron-periodic-workers[103993]: DEBUG oslo.service.backend._threading.loopingcall [None req-7c9dafa2-03c3-4657-b040-70a47f3203e6 None None] Fixed interval looping call 'neutron.plugins.ml2.plugin.DhcpAgentSchedulerDbMixin.remove_networks_from_down_agents' sleeping for 36.99 seconds {{(pid=103993) _run_loop /opt/stack/data/venv/lib/python3.12/site-packages/oslo_service/backend/_threading/loopingcall.py:125}}
Mar 19 09:29:05.014389 np0000159971 neutron-periodic-workers[103998]: DEBUG neutron.db.agents_db [None req-a3c2f465-c531-40ad-ab43-a762cc8cfadf None None] Agent healthcheck: found 0 active agents {{(pid=103998) agent_health_check /opt/stack/neutron/neutron/db/agents_db.py:317}}
Mar 19 09:29:05.014866 np0000159971 neutron-periodic-workers[103998]: DEBUG oslo.service.backend._threading.loopingcall [None req-a3c2f465-c531-40ad-ab43-a762cc8cfadf None None] Fixed interval looping call 'neutron.plugins.ml2.plugin.AgentDbMixin.agent_health_check' sleeping for 36.99 seconds {{(pid=103998) _run_loop /opt/stack/data/venv/lib/python3.12/site-packages/oslo_service/backend/_threading/loopingcall.py:125}}
Mar 19 09:29:15.002100 np0000159971 neutron-periodic-workers[103993]: DEBUG dbcounter [-] [103993] Writing DB stats neutron:SELECT=3 {{(pid=103993) stat_writer /opt/stack/data/venv/lib/python3.12/site-packages/dbcounter.py:115}}
Mar 19 09:29:15.012878 np0000159971 neutron-periodic-workers[103998]: DEBUG dbcounter [-] [103998] Writing DB stats neutron:SELECT=1 {{(pid=103998) stat_writer /opt/stack/data/venv/lib/python3.12/site-packages/dbcounter.py:115}}
Mar 19 09:29:34.064076 np0000159971 neutron-periodic-workers[104009]: DEBUG oslo.service.backend._threading.loopingcall [None req-542fa7c6-88bf-49b2-887c-0362113eb01e None None] Fixed interval looping call 'neutron.db.quota.driver_nolock.DbQuotaNoLockDriver._remove_expired_reservations' sleeping for 119.99 seconds {{(pid=104009) _run_loop /opt/stack/data/venv/lib/python3.12/site-packages/oslo_service/backend/_threading/loopingcall.py:125}}
Mar 19 09:29:42.001375 np0000159971 neutron-periodic-workers[103993]: DEBUG oslo.service.backend._threading.loopingcall [None req-7c9dafa2-03c3-4657-b040-70a47f3203e6 None None] Fixed interval looping call 'neutron.plugins.ml2.plugin.DhcpAgentSchedulerDbMixin.remove_networks_from_down_agents' sleeping for 36.99 seconds {{(pid=103993) _run_loop /opt/stack/data/venv/lib/python3.12/site-packages/oslo_service/backend/_threading/loopingcall.py:125}}
Mar 19 09:29:42.010786 np0000159971 neutron-periodic-workers[103998]: DEBUG neutron.db.agents_db [None req-a3c2f465-c531-40ad-ab43-a762cc8cfadf None None] Agent healthcheck: found 0 active agents {{(pid=103998) agent_health_check /opt/stack/neutron/neutron/db/agents_db.py:317}}
Mar 19 09:29:42.011332 np0000159971 neutron-periodic-workers[103998]: DEBUG oslo.service.backend._threading.loopingcall [None req-a3c2f465-c531-40ad-ab43-a762cc8cfadf None None] Fixed interval looping call 'neutron.plugins.ml2.plugin.AgentDbMixin.agent_health_check' sleeping for 36.99 seconds {{(pid=103998) _run_loop /opt/stack/data/venv/lib/python3.12/site-packages/oslo_service/backend/_threading/loopingcall.py:125}}
Mar 19 09:29:44.062261 np0000159971 neutron-periodic-workers[104009]: DEBUG dbcounter [-] [104009] Writing DB stats neutron:DELETE=1 {{(pid=104009) stat_writer /opt/stack/data/venv/lib/python3.12/site-packages/dbcounter.py:115}}
Mar 19 09:29:52.000583 np0000159971 neutron-periodic-workers[103993]: DEBUG dbcounter [-] [103993] Writing DB stats neutron:SELECT=3 {{(pid=103993) stat_writer /opt/stack/data/venv/lib/python3.12/site-packages/dbcounter.py:115}}
Mar 19 09:29:52.008919 np0000159971 neutron-periodic-workers[103998]: DEBUG dbcounter [-] [103998] Writing DB stats neutron:SELECT=1 {{(pid=103998) stat_writer /opt/stack/data/venv/lib/python3.12/site-packages/dbcounter.py:115}}
Mar 19 09:30:18.999942 np0000159971 neutron-periodic-workers[103993]: DEBUG oslo.service.backend._threading.loopingcall [None req-7c9dafa2-03c3-4657-b040-70a47f3203e6 None None] Fixed interval looping call 'neutron.plugins.ml2.plugin.DhcpAgentSchedulerDbMixin.remove_networks_from_down_agents' sleeping for 36.99 seconds {{(pid=103993) _run_loop /opt/stack/data/venv/lib/python3.12/site-packages/oslo_service/backend/_threading/loopingcall.py:125}}
Mar 19 09:30:19.008397 np0000159971 neutron-periodic-workers[103998]: DEBUG neutron.db.agents_db [None req-a3c2f465-c531-40ad-ab43-a762cc8cfadf None None] Agent healthcheck: found 0 active agents {{(pid=103998) agent_health_check /opt/stack/neutron/neutron/db/agents_db.py:317}}
Mar 19 09:30:19.008987 np0000159971 neutron-periodic-workers[103998]: DEBUG oslo.service.backend._threading.loopingcall [None req-a3c2f465-c531-40ad-ab43-a762cc8cfadf None None] Fixed interval looping call 'neutron.plugins.ml2.plugin.AgentDbMixin.agent_health_check' sleeping for 36.99 seconds {{(pid=103998) _run_loop /opt/stack/data/venv/lib/python3.12/site-packages/oslo_service/backend/_threading/loopingcall.py:125}}
Mar 19 09:30:28.999018 np0000159971 neutron-periodic-workers[103993]: DEBUG dbcounter [-] [103993] Writing DB stats neutron:SELECT=3 {{(pid=103993) stat_writer /opt/stack/data/venv/lib/python3.12/site-packages/dbcounter.py:115}}
Mar 19 09:30:29.006066 np0000159971 neutron-periodic-workers[103998]: DEBUG dbcounter [-] [103998] Writing DB stats neutron:SELECT=1 {{(pid=103998) stat_writer /opt/stack/data/venv/lib/python3.12/site-packages/dbcounter.py:115}}
Mar 19 09:30:55.998285 np0000159971 neutron-periodic-workers[103993]: DEBUG oslo.service.backend._threading.loopingcall [None req-7c9dafa2-03c3-4657-b040-70a47f3203e6 None None] Fixed interval looping call 'neutron.plugins.ml2.plugin.DhcpAgentSchedulerDbMixin.remove_networks_from_down_agents' sleeping for 36.99 seconds {{(pid=103993) _run_loop /opt/stack/data/venv/lib/python3.12/site-packages/oslo_service/backend/_threading/loopingcall.py:125}}
Mar 19 09:30:56.005960 np0000159971 neutron-periodic-workers[103998]: DEBUG neutron.db.agents_db [None req-a3c2f465-c531-40ad-ab43-a762cc8cfadf None None] Agent healthcheck: found 0 active agents {{(pid=103998) agent_health_check /opt/stack/neutron/neutron/db/agents_db.py:317}}
Mar 19 09:30:56.005960 np0000159971 neutron-periodic-workers[103998]: DEBUG oslo.service.backend._threading.loopingcall [None req-a3c2f465-c531-40ad-ab43-a762cc8cfadf None None] Fixed interval looping call 'neutron.plugins.ml2.plugin.AgentDbMixin.agent_health_check' sleeping for 36.99 seconds {{(pid=103998) _run_loop /opt/stack/data/venv/lib/python3.12/site-packages/oslo_service/backend/_threading/loopingcall.py:125}}
Mar 19 09:31:05.997723 np0000159971 neutron-periodic-workers[103993]: DEBUG dbcounter [-] [103993] Writing DB stats neutron:SELECT=3 {{(pid=103993) stat_writer /opt/stack/data/venv/lib/python3.12/site-packages/dbcounter.py:115}}
Mar 19 09:31:06.003043 np0000159971 neutron-periodic-workers[103998]: DEBUG dbcounter [-] [103998] Writing DB stats neutron:SELECT=1 {{(pid=103998) stat_writer /opt/stack/data/venv/lib/python3.12/site-packages/dbcounter.py:115}}
Mar 19 09:31:32.996351 np0000159971 neutron-periodic-workers[103993]: DEBUG oslo.service.backend._threading.loopingcall [None req-7c9dafa2-03c3-4657-b040-70a47f3203e6 None None] Fixed interval looping call 'neutron.plugins.ml2.plugin.DhcpAgentSchedulerDbMixin.remove_networks_from_down_agents' sleeping for 36.99 seconds {{(pid=103993) _run_loop /opt/stack/data/venv/lib/python3.12/site-packages/oslo_service/backend/_threading/loopingcall.py:125}}
Mar 19 09:31:33.003564 np0000159971 neutron-periodic-workers[103998]: DEBUG neutron.db.agents_db [None req-a3c2f465-c531-40ad-ab43-a762cc8cfadf None None] Agent healthcheck: found 0 active agents {{(pid=103998) agent_health_check /opt/stack/neutron/neutron/db/agents_db.py:317}}
Mar 19 09:31:33.004297 np0000159971 neutron-periodic-workers[103998]: DEBUG oslo.service.backend._threading.loopingcall [None req-a3c2f465-c531-40ad-ab43-a762cc8cfadf None None] Fixed interval looping call 'neutron.plugins.ml2.plugin.AgentDbMixin.agent_health_check' sleeping for 36.99 seconds {{(pid=103998) _run_loop /opt/stack/data/venv/lib/python3.12/site-packages/oslo_service/backend/_threading/loopingcall.py:125}}
Mar 19 09:31:34.061826 np0000159971 neutron-periodic-workers[104009]: DEBUG oslo.service.backend._threading.loopingcall [None req-542fa7c6-88bf-49b2-887c-0362113eb01e None None] Fixed interval looping call 'neutron.db.quota.driver_nolock.DbQuotaNoLockDriver._remove_expired_reservations' sleeping for 119.99 seconds {{(pid=104009) _run_loop /opt/stack/data/venv/lib/python3.12/site-packages/oslo_service/backend/_threading/loopingcall.py:125}}
Mar 19 09:31:42.995340 np0000159971 neutron-periodic-workers[103993]: DEBUG dbcounter [-] [103993] Writing DB stats neutron:SELECT=3 {{(pid=103993) stat_writer /opt/stack/data/venv/lib/python3.12/site-packages/dbcounter.py:115}}
Mar 19 09:31:43.001587 np0000159971 neutron-periodic-workers[103998]: DEBUG dbcounter [-] [103998] Writing DB stats neutron:SELECT=1 {{(pid=103998) stat_writer /opt/stack/data/venv/lib/python3.12/site-packages/dbcounter.py:115}}
Mar 19 09:31:44.060769 np0000159971 neutron-periodic-workers[104009]: DEBUG dbcounter [-] [104009] Writing DB stats neutron:DELETE=1 {{(pid=104009) stat_writer /opt/stack/data/venv/lib/python3.12/site-packages/dbcounter.py:115}}
Mar 19 09:31:46.992462 np0000159971 neutron-periodic-workers[103983]: DEBUG oslo.service.backend._threading.loopingcall [None req-967bc7c5-522a-4388-9feb-27177748f617 None None] Fixed interval looping call 'neutron.services.ovn_l3.plugin.L3_NAT_dbonly_mixin._clean_garbage' sleeping for 299.99 seconds {{(pid=103983) _run_loop /opt/stack/data/venv/lib/python3.12/site-packages/oslo_service/backend/_threading/loopingcall.py:125}}
Mar 19 09:31:56.987775 np0000159971 neutron-periodic-workers[103983]: DEBUG dbcounter [-] [103983] Writing DB stats neutron:SELECT=1 {{(pid=103983) stat_writer /opt/stack/data/venv/lib/python3.12/site-packages/dbcounter.py:115}}
Mar 19 09:32:09.996111 np0000159971 neutron-periodic-workers[103993]: DEBUG oslo.service.backend._threading.loopingcall [None req-7c9dafa2-03c3-4657-b040-70a47f3203e6 None None] Fixed interval looping call 'neutron.plugins.ml2.plugin.DhcpAgentSchedulerDbMixin.remove_networks_from_down_agents' sleeping for 36.99 seconds {{(pid=103993) _run_loop /opt/stack/data/venv/lib/python3.12/site-packages/oslo_service/backend/_threading/loopingcall.py:125}}
Mar 19 09:32:10.001097 np0000159971 neutron-periodic-workers[103998]: DEBUG neutron.db.agents_db [None req-a3c2f465-c531-40ad-ab43-a762cc8cfadf None None] Agent healthcheck: found 0 active agents {{(pid=103998) agent_health_check /opt/stack/neutron/neutron/db/agents_db.py:317}}
Mar 19 09:32:10.001549 np0000159971 neutron-periodic-workers[103998]: DEBUG oslo.service.backend._threading.loopingcall [None req-a3c2f465-c531-40ad-ab43-a762cc8cfadf None None] Fixed interval looping call 'neutron.plugins.ml2.plugin.AgentDbMixin.agent_health_check' sleeping for 36.99 seconds {{(pid=103998) _run_loop /opt/stack/data/venv/lib/python3.12/site-packages/oslo_service/backend/_threading/loopingcall.py:125}}
Mar 19 09:32:19.995138 np0000159971 neutron-periodic-workers[103993]: DEBUG dbcounter [-] [103993] Writing DB stats neutron:SELECT=3 {{(pid=103993) stat_writer /opt/stack/data/venv/lib/python3.12/site-packages/dbcounter.py:115}}
Mar 19 09:32:19.998689 np0000159971 neutron-periodic-workers[103998]: DEBUG dbcounter [-] [103998] Writing DB stats neutron:SELECT=1 {{(pid=103998) stat_writer /opt/stack/data/venv/lib/python3.12/site-packages/dbcounter.py:115}}
Mar 19 09:32:46.994920 np0000159971 neutron-periodic-workers[103993]: DEBUG oslo.service.backend._threading.loopingcall [None req-7c9dafa2-03c3-4657-b040-70a47f3203e6 None None] Fixed interval looping call 'neutron.plugins.ml2.plugin.DhcpAgentSchedulerDbMixin.remove_networks_from_down_agents' sleeping for 36.99 seconds {{(pid=103993) _run_loop /opt/stack/data/venv/lib/python3.12/site-packages/oslo_service/backend/_threading/loopingcall.py:125}}
Mar 19 09:32:46.999114 np0000159971 neutron-periodic-workers[103998]: DEBUG neutron.db.agents_db [None req-a3c2f465-c531-40ad-ab43-a762cc8cfadf None None] Agent healthcheck: found 0 active agents {{(pid=103998) agent_health_check /opt/stack/neutron/neutron/db/agents_db.py:317}}
Mar 19 09:32:46.999347 np0000159971 neutron-periodic-workers[103998]: DEBUG oslo.service.backend._threading.loopingcall [None req-a3c2f465-c531-40ad-ab43-a762cc8cfadf None None] Fixed interval looping call 'neutron.plugins.ml2.plugin.AgentDbMixin.agent_health_check' sleeping for 36.99 seconds {{(pid=103998) _run_loop /opt/stack/data/venv/lib/python3.12/site-packages/oslo_service/backend/_threading/loopingcall.py:125}}
Mar 19 09:32:56.993987 np0000159971 neutron-periodic-workers[103993]: DEBUG dbcounter [-] [103993] Writing DB stats neutron:SELECT=3 {{(pid=103993) stat_writer /opt/stack/data/venv/lib/python3.12/site-packages/dbcounter.py:115}}
Mar 19 09:32:56.995875 np0000159971 neutron-periodic-workers[103998]: DEBUG dbcounter [-] [103998] Writing DB stats neutron:SELECT=1 {{(pid=103998) stat_writer /opt/stack/data/venv/lib/python3.12/site-packages/dbcounter.py:115}}
Mar 19 09:33:23.992986 np0000159971 neutron-periodic-workers[103993]: DEBUG oslo.service.backend._threading.loopingcall [None req-7c9dafa2-03c3-4657-b040-70a47f3203e6 None None] Fixed interval looping call 'neutron.plugins.ml2.plugin.DhcpAgentSchedulerDbMixin.remove_networks_from_down_agents' sleeping for 36.99 seconds {{(pid=103993) _run_loop /opt/stack/data/venv/lib/python3.12/site-packages/oslo_service/backend/_threading/loopingcall.py:125}}
Mar 19 09:33:23.996281 np0000159971 neutron-periodic-workers[103998]: DEBUG neutron.db.agents_db [None req-a3c2f465-c531-40ad-ab43-a762cc8cfadf None None] Agent healthcheck: found 0 active agents {{(pid=103998) agent_health_check /opt/stack/neutron/neutron/db/agents_db.py:317}}
Mar 19 09:33:23.996581 np0000159971 neutron-periodic-workers[103998]: DEBUG oslo.service.backend._threading.loopingcall [None req-a3c2f465-c531-40ad-ab43-a762cc8cfadf None None] Fixed interval looping call 'neutron.plugins.ml2.plugin.AgentDbMixin.agent_health_check' sleeping for 36.99 seconds {{(pid=103998) _run_loop /opt/stack/data/venv/lib/python3.12/site-packages/oslo_service/backend/_threading/loopingcall.py:125}}
Mar 19 09:33:33.992415 np0000159971 neutron-periodic-workers[103993]: DEBUG dbcounter [-] [103993] Writing DB stats neutron:SELECT=3 {{(pid=103993) stat_writer /opt/stack/data/venv/lib/python3.12/site-packages/dbcounter.py:115}}
Mar 19 09:33:33.994595 np0000159971 neutron-periodic-workers[103998]: DEBUG dbcounter [-] [103998] Writing DB stats neutron:SELECT=1 {{(pid=103998) stat_writer /opt/stack/data/venv/lib/python3.12/site-packages/dbcounter.py:115}}
Mar 19 09:33:34.058424 np0000159971 neutron-periodic-workers[104009]: DEBUG oslo.service.backend._threading.loopingcall [None req-542fa7c6-88bf-49b2-887c-0362113eb01e None None] Fixed interval looping call 'neutron.db.quota.driver_nolock.DbQuotaNoLockDriver._remove_expired_reservations' sleeping for 119.99 seconds {{(pid=104009) _run_loop /opt/stack/data/venv/lib/python3.12/site-packages/oslo_service/backend/_threading/loopingcall.py:125}}
Mar 19 09:33:44.056891 np0000159971 neutron-periodic-workers[104009]: DEBUG dbcounter [-] [104009] Writing DB stats neutron:DELETE=1 {{(pid=104009) stat_writer /opt/stack/data/venv/lib/python3.12/site-packages/dbcounter.py:115}}
Mar 19 09:34:00.993214 np0000159971 neutron-periodic-workers[103998]: DEBUG neutron.db.agents_db [None req-a3c2f465-c531-40ad-ab43-a762cc8cfadf None None] Agent healthcheck: found 0 active agents {{(pid=103998) agent_health_check /opt/stack/neutron/neutron/db/agents_db.py:317}}
Mar 19 09:34:00.994004 np0000159971 neutron-periodic-workers[103998]: DEBUG oslo.service.backend._threading.loopingcall [None req-a3c2f465-c531-40ad-ab43-a762cc8cfadf None None] Fixed interval looping call 'neutron.plugins.ml2.plugin.AgentDbMixin.agent_health_check' sleeping for 36.99 seconds {{(pid=103998) _run_loop /opt/stack/data/venv/lib/python3.12/site-packages/oslo_service/backend/_threading/loopingcall.py:125}}
Mar 19 09:34:00.998496 np0000159971 neutron-periodic-workers[103993]: DEBUG oslo.service.backend._threading.loopingcall [None req-7c9dafa2-03c3-4657-b040-70a47f3203e6 None None] Fixed interval looping call 'neutron.plugins.ml2.plugin.DhcpAgentSchedulerDbMixin.remove_networks_from_down_agents' sleeping for 36.99 seconds {{(pid=103993) _run_loop /opt/stack/data/venv/lib/python3.12/site-packages/oslo_service/backend/_threading/loopingcall.py:125}}
Mar 19 09:34:10.991217 np0000159971 neutron-periodic-workers[103998]: DEBUG dbcounter [-] [103998] Writing DB stats neutron:SELECT=1 {{(pid=103998) stat_writer /opt/stack/data/venv/lib/python3.12/site-packages/dbcounter.py:115}}
Mar 19 09:34:10.997116 np0000159971 neutron-periodic-workers[103993]: DEBUG dbcounter [-] [103993] Writing DB stats neutron:SELECT=3 {{(pid=103993) stat_writer /opt/stack/data/venv/lib/python3.12/site-packages/dbcounter.py:115}}
Mar 19 09:34:37.987923 np0000159971 neutron-periodic-workers[103998]: DEBUG neutron.db.agents_db [None req-a3c2f465-c531-40ad-ab43-a762cc8cfadf None None] Agent healthcheck: found 0 active agents {{(pid=103998) agent_health_check /opt/stack/neutron/neutron/db/agents_db.py:317}}
Mar 19 09:34:37.987923 np0000159971 neutron-periodic-workers[103998]: DEBUG oslo.service.backend._threading.loopingcall [None req-a3c2f465-c531-40ad-ab43-a762cc8cfadf None None] Fixed interval looping call 'neutron.plugins.ml2.plugin.AgentDbMixin.agent_health_check' sleeping for 37.00 seconds {{(pid=103998) _run_loop /opt/stack/data/venv/lib/python3.12/site-packages/oslo_service/backend/_threading/loopingcall.py:125}}
Mar 19 09:34:38.006285 np0000159971 neutron-periodic-workers[103993]: DEBUG oslo.service.backend._threading.loopingcall [None req-7c9dafa2-03c3-4657-b040-70a47f3203e6 None None] Fixed interval looping call 'neutron.plugins.ml2.plugin.DhcpAgentSchedulerDbMixin.remove_networks_from_down_agents' sleeping for 36.99 seconds {{(pid=103993) _run_loop /opt/stack/data/venv/lib/python3.12/site-packages/oslo_service/backend/_threading/loopingcall.py:125}}
Mar 19 09:34:47.986826 np0000159971 neutron-periodic-workers[103998]: DEBUG dbcounter [-] [103998] Writing DB stats neutron:SELECT=1 {{(pid=103998) stat_writer /opt/stack/data/venv/lib/python3.12/site-packages/dbcounter.py:115}}
Mar 19 09:34:48.000296 np0000159971 neutron-periodic-workers[103993]: DEBUG dbcounter [-] [103993] Writing DB stats neutron:SELECT=3 {{(pid=103993) stat_writer /opt/stack/data/venv/lib/python3.12/site-packages/dbcounter.py:115}}
Mar 19 09:35:14.995731 np0000159971 neutron-periodic-workers[103998]: DEBUG neutron.db.agents_db [None req-a3c2f465-c531-40ad-ab43-a762cc8cfadf None None] Agent healthcheck: found 0 active agents {{(pid=103998) agent_health_check /opt/stack/neutron/neutron/db/agents_db.py:317}}
Mar 19 09:35:14.996401 np0000159971 neutron-periodic-workers[103998]: DEBUG oslo.service.backend._threading.loopingcall [None req-a3c2f465-c531-40ad-ab43-a762cc8cfadf None None] Fixed interval looping call 'neutron.plugins.ml2.plugin.AgentDbMixin.agent_health_check' sleeping for 36.99 seconds {{(pid=103998) _run_loop /opt/stack/data/venv/lib/python3.12/site-packages/oslo_service/backend/_threading/loopingcall.py:125}}
Mar 19 09:35:15.002899 np0000159971 neutron-periodic-workers[103993]: DEBUG oslo.service.backend._threading.loopingcall [None req-7c9dafa2-03c3-4657-b040-70a47f3203e6 None None] Fixed interval looping call 'neutron.plugins.ml2.plugin.DhcpAgentSchedulerDbMixin.remove_networks_from_down_agents' sleeping for 36.99 seconds {{(pid=103993) _run_loop /opt/stack/data/venv/lib/python3.12/site-packages/oslo_service/backend/_threading/loopingcall.py:125}}
