2026-04-22 19:50:08.084 9 INFO neutron.api.wsgi [None req-21cc9ded-c383-4077-9787-503fc0d49408 1b0876df02334129b92b2d722f1cd77c 0260cfb263d24a3c98a9634187bd71e5 - - default default] 10.0.0.103 "GET /v2.0/security-groups?tenant_id=537f0c0580df49beba812be4e33ab004&name=default HTTP/1.1" status: 200 len: 3124 time: 0.2033489
2026-04-22 19:50:08.149 10 INFO neutron.api.wsgi [-] 10.0.0.222 "GET / HTTP/1.1" status: 200 len: 284 time: 0.0024884
2026-04-22 19:50:08.197 9 INFO neutron.api.wsgi [None req-5f99d639-f80e-44f2-a666-9d10d2812488 ddfea3dd21c04d448b7bffc72d46c09a 5c820721ffa34e0daebc5f384071a949 - - default default] 10.0.0.222 "GET /v2.0/subnets/112a4243-d28b-453a-83f4-46287c08d67f HTTP/1.1" status: 200 len: 855 time: 0.0291140
2026-04-22 19:50:08.307 9 INFO neutron.api.wsgi [None req-84b10be1-acd1-4a9a-b662-00e0dde5a7d6 1b0876df02334129b92b2d722f1cd77c 0260cfb263d24a3c98a9634187bd71e5 - - default default] 10.0.0.103 "DELETE /v2.0/security-groups/45594d4f-d403-4297-9758-ca15b2054b75 HTTP/1.1" status: 204 len: 168 time: 0.2168782
2026-04-22 19:50:08.412 9 INFO neutron.api.wsgi [None req-3a5b860e-ac46-4cb7-bacd-9cdb7eadef2e 1b0876df02334129b92b2d722f1cd77c 0260cfb263d24a3c98a9634187bd71e5 - - default default] 10.0.0.103 "GET /v2.0/security-groups?tenant_id=d909bbc7392d4e11bef334e6e17452ff&name=default HTTP/1.1" status: 200 len: 3124 time: 0.0316913
2026-04-22 19:50:08.719 9 INFO neutron.api.wsgi [None req-6578f23e-2ca2-4330-8414-11660729eebd 1b0876df02334129b92b2d722f1cd77c 0260cfb263d24a3c98a9634187bd71e5 - - default default] 10.0.0.103 "DELETE /v2.0/security-groups/a96f6467-cb28-4cb2-964e-e847acaa515d HTTP/1.1" status: 204 len: 168 time: 0.3012462
2026-04-22 19:50:09.877 10 INFO neutron.api.wsgi [None req-24f474c1-daa4-4424-bd54-d925294f13ec 1b0876df02334129b92b2d722f1cd77c 0260cfb263d24a3c98a9634187bd71e5 - - default default] 199.19.213.47 "GET /v2.0/extensions/security-group HTTP/1.1" status: 200 len: 369 time: 0.0074673
2026-04-22 19:50:09.884 10 INFO neutron.api.wsgi [None req-703221dd-c558-4751-9c9a-95f5b3806f96 1b0876df02334129b92b2d722f1cd77c 0260cfb263d24a3c98a9634187bd71e5 - - default default] 199.19.213.47 "GET /v2.0/extensions/dns-integration HTTP/1.1" status: 200 len: 371 time: 0.0026517
2026-04-22 19:50:09.891 10 INFO neutron.api.wsgi [None req-193664fc-db04-40e3-b26d-f9fa4539f52f 1b0876df02334129b92b2d722f1cd77c 0260cfb263d24a3c98a9634187bd71e5 - - default default] 199.19.213.47 "GET /v2.0/extensions/qos HTTP/1.1" status: 200 len: 365 time: 0.0035496
2026-04-22 19:50:09.899 10 INFO neutron.api.wsgi [None req-fec58fd0-5536-4b94-a1f9-955dbc997b8c 1b0876df02334129b92b2d722f1cd77c 0260cfb263d24a3c98a9634187bd71e5 - - default default] 199.19.213.47 "GET /v2.0/extensions/allowed-address-pairs HTTP/1.1" status: 200 len: 383 time: 0.0042782
2026-04-22 19:50:09.933 10 INFO neutron.api.wsgi [None req-a94f0a15-ce97-47b0-a57a-a42a2ff73ba4 1b0876df02334129b92b2d722f1cd77c 0260cfb263d24a3c98a9634187bd71e5 - - default default] 199.19.213.47 "GET /v2.0/subnets/91b3ba14-2676-49bd-af30-cc033b41a311 HTTP/1.1" status: 200 len: 872 time: 0.0293720
2026-04-22 19:50:09.973 10 INFO neutron.api.wsgi [None req-fed5081d-a8a7-48fb-b1cd-04ad631fd789 1b0876df02334129b92b2d722f1cd77c 0260cfb263d24a3c98a9634187bd71e5 - - default default] 199.19.213.47 "GET /v2.0/subnets/112a4243-d28b-453a-83f4-46287c08d67f HTTP/1.1" status: 200 len: 873 time: 0.0352957
2026-04-22 19:50:10.006 10 INFO neutron.api.wsgi [None req-5513806f-da87-4ec7-a06e-05af5cf46740 1b0876df02334129b92b2d722f1cd77c 0260cfb263d24a3c98a9634187bd71e5 - - default default] 199.19.213.47 "GET /v2.0/ports?device_id=8e10e520-af8a-47fe-8208-8310ba97e0ae HTTP/1.1" status: 200 len: 3922 time: 0.0302100
2026-04-22 19:50:10.505 10 INFO neutron.api.wsgi [None req-327dc419-141f-49cf-9eb8-d0a9188603cd 1b0876df02334129b92b2d722f1cd77c 0260cfb263d24a3c98a9634187bd71e5 - - default default] 199.19.213.47 "GET /v2.0/extensions/security-group HTTP/1.1" status: 200 len: 369 time: 0.0057850
2026-04-22 19:50:10.512 10 INFO neutron.api.wsgi [None req-169fbe11-3610-4ccc-995e-e19388d87fc7 1b0876df02334129b92b2d722f1cd77c 0260cfb263d24a3c98a9634187bd71e5 - - default default] 199.19.213.47 "GET /v2.0/extensions/dns-integration HTTP/1.1" status: 200 len: 371 time: 0.0036631
2026-04-22 19:50:10.518 10 INFO neutron.api.wsgi [None req-acf8e1d3-e649-4731-a1cf-861f9680b719 1b0876df02334129b92b2d722f1cd77c 0260cfb263d24a3c98a9634187bd71e5 - - default default] 199.19.213.47 "GET /v2.0/extensions/qos HTTP/1.1" status: 200 len: 365 time: 0.0037429
2026-04-22 19:50:10.524 10 INFO neutron.api.wsgi [None req-106b40f0-257f-4d40-9b96-1c5fe416fb11 1b0876df02334129b92b2d722f1cd77c 0260cfb263d24a3c98a9634187bd71e5 - - default default] 199.19.213.47 "GET /v2.0/extensions/allowed-address-pairs HTTP/1.1" status: 200 len: 383 time: 0.0041707
2026-04-22 19:50:11.635 9 INFO neutron.api.wsgi [req-33ff06d7-f806-4813-8f7f-168ed2ac6740 req-0c37dea5-45af-4066-b962-bc8867ab7a67 5b8bc9d8e0a74885a86066df41559879 5e1b14b435884ae1b334f182f97409c4 - - 383bb181a3304024b71730a456140254 383bb181a3304024b71730a456140254] 199.19.213.47 "GET /v2.0/networks/c3a388fd-6cb4-4b1b-91db-0af24d4ae09a?fields=segments HTTP/1.1" status: 200 len: 212 time: 0.0413909
2026-04-22 19:50:11.688 9 INFO neutron.api.wsgi [req-33ff06d7-f806-4813-8f7f-168ed2ac6740 req-f2f643ea-6574-4216-98a3-fe5d94a6e5bc 5b8bc9d8e0a74885a86066df41559879 5e1b14b435884ae1b334f182f97409c4 - - 383bb181a3304024b71730a456140254 383bb181a3304024b71730a456140254] 199.19.213.47 "GET /v2.0/networks/c3a388fd-6cb4-4b1b-91db-0af24d4ae09a?fields=provider%3Aphysical_network&fields=provider%3Anetwork_type HTTP/1.1" status: 200 len: 277 time: 0.0436695
2026-04-22 19:50:12.240 9 INFO neutron.api.wsgi [req-33ff06d7-f806-4813-8f7f-168ed2ac6740 req-f10d6dc7-5c49-4445-ad5c-8dc2438a0a26 1b0876df02334129b92b2d722f1cd77c 0260cfb263d24a3c98a9634187bd71e5 - - default default] 199.19.213.47 "GET /v2.0/networks?id=c3a388fd-6cb4-4b1b-91db-0af24d4ae09a HTTP/1.1" status: 200 len: 1003 time: 0.0442100
2026-04-22 19:50:12.514 9 WARNING neutron.scheduler.dhcp_agent_scheduler [req-33ff06d7-f806-4813-8f7f-168ed2ac6740 req-5ccf4ebd-af13-4dc2-b692-fdabe71e602d 1b0876df02334129b92b2d722f1cd77c 0260cfb263d24a3c98a9634187bd71e5 - - default default] No more DHCP agents
2026-04-22 19:50:12.517 9 WARNING neutron.api.rpc.agentnotifiers.dhcp_rpc_agent_api [req-33ff06d7-f806-4813-8f7f-168ed2ac6740 req-5ccf4ebd-af13-4dc2-b692-fdabe71e602d 1b0876df02334129b92b2d722f1cd77c 0260cfb263d24a3c98a9634187bd71e5 - - default default] Unable to schedule network c3a388fd-6cb4-4b1b-91db-0af24d4ae09a: no agents available; will retry on subsequent port and subnet creation events.
2026-04-22 19:50:12.660 9 INFO neutron.db.ovn_revision_numbers_db [req-33ff06d7-f806-4813-8f7f-168ed2ac6740 req-5ccf4ebd-af13-4dc2-b692-fdabe71e602d 1b0876df02334129b92b2d722f1cd77c 0260cfb263d24a3c98a9634187bd71e5 - - default default] Successfully bumped revision number for resource 8f6a0a4b-08ea-4d2e-ac1f-ead8a5399701 (type: ports) to 1
2026-04-22 19:50:12.680 9 INFO neutron.api.wsgi [req-33ff06d7-f806-4813-8f7f-168ed2ac6740 req-5ccf4ebd-af13-4dc2-b692-fdabe71e602d 1b0876df02334129b92b2d722f1cd77c 0260cfb263d24a3c98a9634187bd71e5 - - default default] 199.19.213.47 "POST /v2.0/ports HTTP/1.1" status: 201 len: 1512 time: 0.4359045 /var/lib/openstack/lib/python3.12/site-packages/pycadf/identifier.py:71: UserWarning: Invalid uuid: neutron. To ensure interoperability, identifiers should be a valid uuid. warnings.warn(('Invalid uuid: %s. To ensure interoperability, '
2026-04-22 19:50:13.006 9 INFO neutron.db.ovn_revision_numbers_db [req-33ff06d7-f806-4813-8f7f-168ed2ac6740 req-6ddb4c15-10a0-48b9-803f-2dbcac21be05 5b8bc9d8e0a74885a86066df41559879 5e1b14b435884ae1b334f182f97409c4 - - 383bb181a3304024b71730a456140254 383bb181a3304024b71730a456140254] Successfully bumped revision number for resource 8f6a0a4b-08ea-4d2e-ac1f-ead8a5399701 (type: ports) to 2
2026-04-22 19:50:13.169 10 WARNING neutron_lib.context [None req-8ec782fb-f7e7-4df2-b6fa-93b39e4cfbc9 389999d4d36e4fa384b62f6735aa79a7 75c5f1d336b74b5bac49fc28877e8a52 - - default default] Method 'is_advsvc' is deprecated since 2023.2 release (neutron-lib 3.8.0) and will be removed once support for the old RBAC API policies will be removed from Neutron. Please use method 'is_service_role' instead.
2026-04-22 19:50:13.220 9 INFO neutron.db.ovn_revision_numbers_db [req-33ff06d7-f806-4813-8f7f-168ed2ac6740 req-6ddb4c15-10a0-48b9-803f-2dbcac21be05 5b8bc9d8e0a74885a86066df41559879 5e1b14b435884ae1b334f182f97409c4 - - 383bb181a3304024b71730a456140254 383bb181a3304024b71730a456140254] Successfully bumped revision number for resource 8f6a0a4b-08ea-4d2e-ac1f-ead8a5399701 (type: ports) to 4
2026-04-22 19:50:13.238 9 INFO neutron.api.wsgi [req-33ff06d7-f806-4813-8f7f-168ed2ac6740 req-6ddb4c15-10a0-48b9-803f-2dbcac21be05 5b8bc9d8e0a74885a86066df41559879 5e1b14b435884ae1b334f182f97409c4 - - 383bb181a3304024b71730a456140254 383bb181a3304024b71730a456140254] 199.19.213.47 "PUT /v2.0/ports/8f6a0a4b-08ea-4d2e-ac1f-ead8a5399701 HTTP/1.1" status: 200 len: 1637 time: 0.5515981
2026-04-22 19:50:13.271 9 INFO neutron.notifiers.nova [-] Nova event matching ['req-f8635f7b-b0fa-4cec-b437-595a4bff2c1b'] response: {'name': 'network-changed', 'server_uuid': '8e10e520-af8a-47fe-8208-8310ba97e0ae', 'tag': '8f6a0a4b-08ea-4d2e-ac1f-ead8a5399701', 'status': 'completed', 'code': 200}
2026-04-22 19:50:13.302 10 INFO neutron.db.ovn_revision_numbers_db [None req-8ec782fb-f7e7-4df2-b6fa-93b39e4cfbc9 389999d4d36e4fa384b62f6735aa79a7 75c5f1d336b74b5bac49fc28877e8a52 - - default default] Successfully bumped revision number for resource 8bc4cd2d-e761-436f-8215-d2c806dbd3ab (type: security_groups) to 1
2026-04-22 19:50:13.314 10 INFO neutron.db.ovn_revision_numbers_db [None req-8ec782fb-f7e7-4df2-b6fa-93b39e4cfbc9 389999d4d36e4fa384b62f6735aa79a7 75c5f1d336b74b5bac49fc28877e8a52 - - default default] Successfully bumped revision number for resource 36a9ce2f-f498-4575-a17c-45064a2752cc (type: security_group_rules) to 0
2026-04-22 19:50:13.325 10 INFO neutron.db.ovn_revision_numbers_db [None req-8ec782fb-f7e7-4df2-b6fa-93b39e4cfbc9 389999d4d36e4fa384b62f6735aa79a7 75c5f1d336b74b5bac49fc28877e8a52 - - default default] Successfully bumped revision number for resource 50a50866-4e90-4ea8-8868-495aa8378337 (type: security_group_rules) to 0
2026-04-22 19:50:13.338 10 INFO neutron.db.ovn_revision_numbers_db [None req-8ec782fb-f7e7-4df2-b6fa-93b39e4cfbc9 389999d4d36e4fa384b62f6735aa79a7 75c5f1d336b74b5bac49fc28877e8a52 - - default default] Successfully bumped revision number for resource 9f04d089-3393-45e9-a07c-1873bb043c8f (type: security_group_rules) to 0
2026-04-22 19:50:13.353 10 INFO neutron.db.ovn_revision_numbers_db [None req-8ec782fb-f7e7-4df2-b6fa-93b39e4cfbc9 389999d4d36e4fa384b62f6735aa79a7 75c5f1d336b74b5bac49fc28877e8a52 - - default default] Successfully bumped revision number for resource f66720ad-c034-47d4-be27-eadad3c0cb04 (type: security_group_rules) to 0
2026-04-22 19:50:13.424 10 INFO neutron.db.segments_db [None req-8ec782fb-f7e7-4df2-b6fa-93b39e4cfbc9 389999d4d36e4fa384b62f6735aa79a7 75c5f1d336b74b5bac49fc28877e8a52 - - default default] Added segment 49fff8cf-0192-4624-92af-8d2851d3ad1c of type geneve for network 035a55d6-97d6-4b9e-ab02-83cda8122027
2026-04-22 19:50:13.554 10 INFO neutron.db.ovn_revision_numbers_db [None req-8ec782fb-f7e7-4df2-b6fa-93b39e4cfbc9 389999d4d36e4fa384b62f6735aa79a7 75c5f1d336b74b5bac49fc28877e8a52 - - default default] Successfully bumped revision number for resource 035a55d6-97d6-4b9e-ab02-83cda8122027 (type: networks) to 1
2026-04-22 19:50:13.697 10 WARNING neutron.scheduler.dhcp_agent_scheduler [None req-8ec782fb-f7e7-4df2-b6fa-93b39e4cfbc9 389999d4d36e4fa384b62f6735aa79a7 75c5f1d336b74b5bac49fc28877e8a52 - - default default] No more DHCP agents
2026-04-22 19:50:13.698 10 WARNING neutron.api.rpc.agentnotifiers.dhcp_rpc_agent_api [None req-8ec782fb-f7e7-4df2-b6fa-93b39e4cfbc9 389999d4d36e4fa384b62f6735aa79a7 75c5f1d336b74b5bac49fc28877e8a52 - - default default] Unable to schedule network 035a55d6-97d6-4b9e-ab02-83cda8122027: no agents available; will retry on subsequent port and subnet creation events.
2026-04-22 19:50:13.747 10 INFO neutron.db.ovn_revision_numbers_db [None req-8ec782fb-f7e7-4df2-b6fa-93b39e4cfbc9 389999d4d36e4fa384b62f6735aa79a7 75c5f1d336b74b5bac49fc28877e8a52 - - default default] Successfully bumped revision number for resource 05dfd89f-bd75-489a-b1b2-e7c29b734aae (type: ports) to 1
2026-04-22 19:50:13.765 10 INFO neutron.api.wsgi [None req-8ec782fb-f7e7-4df2-b6fa-93b39e4cfbc9 389999d4d36e4fa384b62f6735aa79a7 75c5f1d336b74b5bac49fc28877e8a52 - - default default] 10.0.0.103 "POST /v2.0/networks HTTP/1.1" status: 201 len: 830 time: 0.7108514
2026-04-22 19:50:13.773 10 WARNING neutron_lib.context [None req-94492e17-fc68-48f2-aa40-e4828743ee40 389999d4d36e4fa384b62f6735aa79a7 75c5f1d336b74b5bac49fc28877e8a52 - - default default] Method 'is_advsvc' is deprecated since 2023.2 release (neutron-lib 3.8.0) and will be removed once support for the old RBAC API policies will be removed from Neutron. Please use method 'is_service_role' instead. /var/lib/openstack/lib/python3.12/site-packages/pycadf/identifier.py:71: UserWarning: Invalid uuid: neutron. To ensure interoperability, identifiers should be a valid uuid. warnings.warn(('Invalid uuid: %s. To ensure interoperability, '
2026-04-22 19:50:13.824 9 INFO neutron.api.wsgi [req-1de1fff2-ebbd-469f-882f-bbfc027c67f1 req-6b2eea9c-a5bd-42d9-917a-e8fb49ed2558 5b8bc9d8e0a74885a86066df41559879 5e1b14b435884ae1b334f182f97409c4 - - 383bb181a3304024b71730a456140254 383bb181a3304024b71730a456140254] 199.19.213.47 "GET /v2.0/ports?tenant_id=0260cfb263d24a3c98a9634187bd71e5&device_id=8e10e520-af8a-47fe-8208-8310ba97e0ae HTTP/1.1" status: 200 len: 5351 time: 0.0437672
2026-04-22 19:50:13.870 9 INFO neutron.api.wsgi [req-1de1fff2-ebbd-469f-882f-bbfc027c67f1 req-3a98fa35-6f0e-419f-a00d-7e0b279429c8 5b8bc9d8e0a74885a86066df41559879 5e1b14b435884ae1b334f182f97409c4 - - 383bb181a3304024b71730a456140254 383bb181a3304024b71730a456140254] 199.19.213.47 "GET /v2.0/networks?id=c3a388fd-6cb4-4b1b-91db-0af24d4ae09a HTTP/1.1" status: 200 len: 1003 time: 0.0400398
2026-04-22 19:50:13.890 9 INFO neutron.api.wsgi [req-1de1fff2-ebbd-469f-882f-bbfc027c67f1 req-37ea9cfa-6bd5-4044-a41b-25a214e88520 5b8bc9d8e0a74885a86066df41559879 5e1b14b435884ae1b334f182f97409c4 - - 383bb181a3304024b71730a456140254 383bb181a3304024b71730a456140254] 199.19.213.47 "GET /v2.0/floatingips?fixed_ip_address=10.2.2.157&port_id=8f6a0a4b-08ea-4d2e-ac1f-ead8a5399701 HTTP/1.1" status: 200 len: 217 time: 0.0156977
2026-04-22 19:50:13.911 9 INFO neutron.api.wsgi [req-1de1fff2-ebbd-469f-882f-bbfc027c67f1 req-3a0d3a4c-9816-46b4-93b3-d99b0db3f375 5b8bc9d8e0a74885a86066df41559879 5e1b14b435884ae1b334f182f97409c4 - - 383bb181a3304024b71730a456140254 383bb181a3304024b71730a456140254] 199.19.213.47 "GET /v2.0/floatingips?fixed_ip_address=fd77%3A1457%3A4cf0%3A26a8%3A%3A1bd&port_id=8f6a0a4b-08ea-4d2e-ac1f-ead8a5399701 HTTP/1.1" status: 200 len: 217 time: 0.0140939
2026-04-22 19:50:13.943 9 INFO neutron.api.wsgi [req-1de1fff2-ebbd-469f-882f-bbfc027c67f1 req-49a5ee37-8f56-41a7-8b4b-484ec0d171b5 5b8bc9d8e0a74885a86066df41559879 5e1b14b435884ae1b334f182f97409c4 - - 383bb181a3304024b71730a456140254 383bb181a3304024b71730a456140254] 199.19.213.47 "GET /v2.0/subnets?id=b9487dcf-37f7-489f-92af-1d1cd3d62a86&id=112a4243-d28b-453a-83f4-46287c08d67f HTTP/1.1" status: 200 len: 1615 time: 0.0256529
2026-04-22 19:50:13.963 9 INFO neutron.api.wsgi [req-1de1fff2-ebbd-469f-882f-bbfc027c67f1 req-1dec2859-fa61-423f-9148-15b6ff9e76b3 5b8bc9d8e0a74885a86066df41559879 5e1b14b435884ae1b334f182f97409c4 - - 383bb181a3304024b71730a456140254 383bb181a3304024b71730a456140254] 199.19.213.47 "GET /v2.0/ports?network_id=c3a388fd-6cb4-4b1b-91db-0af24d4ae09a&device_owner=network%3Adhcp HTTP/1.1" status: 200 len: 210 time: 0.0156777
2026-04-22 19:50:13.986 9 INFO neutron.api.wsgi [req-1de1fff2-ebbd-469f-882f-bbfc027c67f1 req-68182595-71ed-4ad8-9dd8-fd84cecb44cd 5b8bc9d8e0a74885a86066df41559879 5e1b14b435884ae1b334f182f97409c4 - - 383bb181a3304024b71730a456140254 383bb181a3304024b71730a456140254] 199.19.213.47 "GET /v2.0/ports?network_id=c3a388fd-6cb4-4b1b-91db-0af24d4ae09a&device_owner=network%3Adhcp HTTP/1.1" status: 200 len: 210 time: 0.0166733
2026-04-22 19:50:13.993 10 WARNING neutron.scheduler.dhcp_agent_scheduler [None req-94492e17-fc68-48f2-aa40-e4828743ee40 389999d4d36e4fa384b62f6735aa79a7 75c5f1d336b74b5bac49fc28877e8a52 - - default default] No more DHCP agents
2026-04-22 19:50:13.995 10 WARNING neutron.api.rpc.agentnotifiers.dhcp_rpc_agent_api [None req-94492e17-fc68-48f2-aa40-e4828743ee40 389999d4d36e4fa384b62f6735aa79a7 75c5f1d336b74b5bac49fc28877e8a52 - - default default] Unable to schedule network 035a55d6-97d6-4b9e-ab02-83cda8122027: no agents available; will retry on subsequent port and subnet creation events.
2026-04-22 19:50:14.033 9 INFO neutron.api.wsgi [req-1de1fff2-ebbd-469f-882f-bbfc027c67f1 req-6de4a163-b5ff-4fb1-aa0b-8039368415d0 5b8bc9d8e0a74885a86066df41559879 5e1b14b435884ae1b334f182f97409c4 - - 383bb181a3304024b71730a456140254 383bb181a3304024b71730a456140254] 199.19.213.47 "GET /v2.0/networks/c3a388fd-6cb4-4b1b-91db-0af24d4ae09a?fields=segments HTTP/1.1" status: 200 len: 212 time: 0.0409660
2026-04-22 19:50:14.057 10 INFO neutron.db.ovn_revision_numbers_db [None req-94492e17-fc68-48f2-aa40-e4828743ee40 389999d4d36e4fa384b62f6735aa79a7 75c5f1d336b74b5bac49fc28877e8a52 - - default default] Successfully bumped revision number for resource d06781d9-7927-4aec-b708-d7ca9a806da7 (type: ports) to 1
2026-04-22 19:50:14.078 10 INFO neutron.api.wsgi [None req-94492e17-fc68-48f2-aa40-e4828743ee40 389999d4d36e4fa384b62f6735aa79a7 75c5f1d336b74b5bac49fc28877e8a52 - - default default] 10.0.0.103 "POST /v2.0/ports HTTP/1.1" status: 201 len: 942 time: 0.3081603
2026-04-22 19:50:14.082 9 INFO neutron.api.wsgi [req-1de1fff2-ebbd-469f-882f-bbfc027c67f1 req-4ed08637-4444-4403-931b-c8bc6fced079 5b8bc9d8e0a74885a86066df41559879 5e1b14b435884ae1b334f182f97409c4 - - 383bb181a3304024b71730a456140254 383bb181a3304024b71730a456140254] 199.19.213.47 "GET /v2.0/networks/c3a388fd-6cb4-4b1b-91db-0af24d4ae09a?fields=provider%3Aphysical_network&fields=provider%3Anetwork_type HTTP/1.1" status: 200 len: 277 time: 0.0439749 /var/lib/openstack/lib/python3.12/site-packages/pycadf/identifier.py:71: UserWarning: Invalid uuid: neutron. To ensure interoperability, identifiers should be a valid uuid. warnings.warn(('Invalid uuid: %s. To ensure interoperability, '
2026-04-22 19:50:14.087 10 WARNING neutron_lib.context [None req-54acae27-6ff6-4e3e-91e4-818903105541 389999d4d36e4fa384b62f6735aa79a7 75c5f1d336b74b5bac49fc28877e8a52 - - default default] Method 'is_advsvc' is deprecated since 2023.2 release (neutron-lib 3.8.0) and will be removed once support for the old RBAC API policies will be removed from Neutron. Please use method 'is_service_role' instead.
2026-04-22 19:50:14.166 10 INFO neutron.db.segments_db [None req-54acae27-6ff6-4e3e-91e4-818903105541 389999d4d36e4fa384b62f6735aa79a7 75c5f1d336b74b5bac49fc28877e8a52 - - default default] Added segment adecc33e-18d8-4d99-9d88-8676c0fec58b of type geneve for network 801b2bf8-01dd-4d13-8777-e0f163a0c798
2026-04-22 19:50:14.284 10 INFO neutron.db.ovn_revision_numbers_db [None req-54acae27-6ff6-4e3e-91e4-818903105541 389999d4d36e4fa384b62f6735aa79a7 75c5f1d336b74b5bac49fc28877e8a52 - - default default] Successfully bumped revision number for resource 801b2bf8-01dd-4d13-8777-e0f163a0c798 (type: networks) to 1
2026-04-22 19:50:14.442 10 WARNING neutron.scheduler.dhcp_agent_scheduler [None req-54acae27-6ff6-4e3e-91e4-818903105541 389999d4d36e4fa384b62f6735aa79a7 75c5f1d336b74b5bac49fc28877e8a52 - - default default] No more DHCP agents
2026-04-22 19:50:14.443 10 WARNING neutron.api.rpc.agentnotifiers.dhcp_rpc_agent_api [None req-54acae27-6ff6-4e3e-91e4-818903105541 389999d4d36e4fa384b62f6735aa79a7 75c5f1d336b74b5bac49fc28877e8a52 - - default default] Unable to schedule network 801b2bf8-01dd-4d13-8777-e0f163a0c798: no agents available; will retry on subsequent port and subnet creation events.
2026-04-22 19:50:14.530 10 INFO neutron.db.ovn_revision_numbers_db [None req-54acae27-6ff6-4e3e-91e4-818903105541 389999d4d36e4fa384b62f6735aa79a7 75c5f1d336b74b5bac49fc28877e8a52 - - default default] Successfully bumped revision number for resource 47f2c35e-8801-4aa3-849e-1dc59b788456 (type: ports) to 1
2026-04-22 19:50:14.552 10 INFO neutron.api.wsgi [None req-54acae27-6ff6-4e3e-91e4-818903105541 389999d4d36e4fa384b62f6735aa79a7 75c5f1d336b74b5bac49fc28877e8a52 - - default default] 10.0.0.103 "POST /v2.0/networks HTTP/1.1" status: 201 len: 831 time: 0.4686322
2026-04-22 19:50:14.561 10 WARNING neutron_lib.context [None req-dd0c5e9e-ff74-4379-bf8f-df03cddb7a3d 389999d4d36e4fa384b62f6735aa79a7 75c5f1d336b74b5bac49fc28877e8a52 - - default default] Method 'is_advsvc' is deprecated since 2023.2 release (neutron-lib 3.8.0) and will be removed once support for the old RBAC API policies will be removed from Neutron. Please use method 'is_service_role' instead.
2026-04-22 19:50:14.810 10 WARNING neutron.scheduler.dhcp_agent_scheduler [None req-dd0c5e9e-ff74-4379-bf8f-df03cddb7a3d 389999d4d36e4fa384b62f6735aa79a7 75c5f1d336b74b5bac49fc28877e8a52 - - default default] No more DHCP agents
2026-04-22 19:50:14.812 10 WARNING neutron.api.rpc.agentnotifiers.dhcp_rpc_agent_api [None req-dd0c5e9e-ff74-4379-bf8f-df03cddb7a3d 389999d4d36e4fa384b62f6735aa79a7 75c5f1d336b74b5bac49fc28877e8a52 - - default default] Unable to schedule network 801b2bf8-01dd-4d13-8777-e0f163a0c798: no agents available; will retry on subsequent port and subnet creation events.
2026-04-22 19:50:14.889 10 INFO neutron.db.ovn_revision_numbers_db [None req-dd0c5e9e-ff74-4379-bf8f-df03cddb7a3d 389999d4d36e4fa384b62f6735aa79a7 75c5f1d336b74b5bac49fc28877e8a52 - - default default] Successfully bumped revision number for resource 4f686414-4d40-4496-934c-9ac52da736fe (type: ports) to 1
2026-04-22 19:50:14.915 10 INFO neutron.api.wsgi [None req-dd0c5e9e-ff74-4379-bf8f-df03cddb7a3d 389999d4d36e4fa384b62f6735aa79a7 75c5f1d336b74b5bac49fc28877e8a52 - - default default] 10.0.0.103 "POST /v2.0/ports HTTP/1.1" status: 201 len: 942 time: 0.3577569
2026-04-22 19:50:14.924 9 WARNING neutron_lib.context [None req-d6ffbe06-d406-4b25-8d2b-62d62a98ad57 389999d4d36e4fa384b62f6735aa79a7 75c5f1d336b74b5bac49fc28877e8a52 - - default default] Method 'is_advsvc' is deprecated since 2023.2 release (neutron-lib 3.8.0) and will be removed once support for the old RBAC API policies will be removed from Neutron. Please use method 'is_service_role' instead.
2026-04-22 19:50:15.003 9 INFO neutron.db.segments_db [None req-d6ffbe06-d406-4b25-8d2b-62d62a98ad57 389999d4d36e4fa384b62f6735aa79a7 75c5f1d336b74b5bac49fc28877e8a52 - - default default] Added segment 8eca37e4-8dc9-459e-b027-f6b5ca4c0909 of type geneve for network f4789f2c-be0a-4ba4-95c1-1f20f2af744f
2026-04-22 19:50:15.095 9 INFO neutron.db.ovn_revision_numbers_db [None req-d6ffbe06-d406-4b25-8d2b-62d62a98ad57 389999d4d36e4fa384b62f6735aa79a7 75c5f1d336b74b5bac49fc28877e8a52 - - default default] Successfully bumped revision number for resource f4789f2c-be0a-4ba4-95c1-1f20f2af744f (type: networks) to 1
2026-04-22 19:50:15.143 9 INFO neutron.api.wsgi [req-33ff06d7-f806-4813-8f7f-168ed2ac6740 req-0c532f14-609c-4e35-b67a-832e07c26de8 5b8bc9d8e0a74885a86066df41559879 5e1b14b435884ae1b334f182f97409c4 - - 383bb181a3304024b71730a456140254 383bb181a3304024b71730a456140254] 199.19.213.47 "GET /v2.0/ports?tenant_id=0260cfb263d24a3c98a9634187bd71e5&device_id=8e10e520-af8a-47fe-8208-8310ba97e0ae HTTP/1.1" status: 200 len: 5351 time: 0.0437448
2026-04-22 19:50:15.168 9 INFO neutron.api.wsgi [req-33ff06d7-f806-4813-8f7f-168ed2ac6740 req-c9bec579-3af9-4655-bfbc-a03870315b54 5b8bc9d8e0a74885a86066df41559879 5e1b14b435884ae1b334f182f97409c4 - - 383bb181a3304024b71730a456140254 383bb181a3304024b71730a456140254] 199.19.213.47 "GET /v2.0/floatingips?fixed_ip_address=172.24.1.212&port_id=8c880601-9cca-4821-9683-186a38d51c3c HTTP/1.1" status: 200 len: 217 time: 0.0177660
2026-04-22 19:50:15.198 9 INFO neutron.api.wsgi [req-33ff06d7-f806-4813-8f7f-168ed2ac6740 req-f9deff13-05f3-4135-9255-508361356967 5b8bc9d8e0a74885a86066df41559879 5e1b14b435884ae1b334f182f97409c4 - - 383bb181a3304024b71730a456140254 383bb181a3304024b71730a456140254] 199.19.213.47 "GET /v2.0/subnets?id=b1a0877e-6d5e-4d65-b1e1-e8c2566b2267 HTTP/1.1" status: 200 len: 853 time: 0.0240910
2026-04-22 19:50:15.222 9 INFO neutron.api.wsgi [req-33ff06d7-f806-4813-8f7f-168ed2ac6740 req-4f22fe5e-7c7e-4558-8ebf-6827bd6ae2e8 5b8bc9d8e0a74885a86066df41559879 5e1b14b435884ae1b334f182f97409c4 - - 383bb181a3304024b71730a456140254 383bb181a3304024b71730a456140254] 199.19.213.47 "GET /v2.0/ports?network_id=a9910545-dd15-4e35-9807-e9c738725b18&device_owner=network%3Adhcp HTTP/1.1" status: 200 len: 210 time: 0.0185192
2026-04-22 19:50:15.268 9 INFO neutron.api.wsgi [req-33ff06d7-f806-4813-8f7f-168ed2ac6740 req-bee6486f-2e70-4ab7-862a-beda81740a11 5b8bc9d8e0a74885a86066df41559879 5e1b14b435884ae1b334f182f97409c4 - - 383bb181a3304024b71730a456140254 383bb181a3304024b71730a456140254] 199.19.213.47 "GET /v2.0/networks/a9910545-dd15-4e35-9807-e9c738725b18?fields=segments HTTP/1.1" status: 200 len: 212 time: 0.0409837
2026-04-22 19:50:15.272 9 WARNING neutron.scheduler.dhcp_agent_scheduler [None req-d6ffbe06-d406-4b25-8d2b-62d62a98ad57 389999d4d36e4fa384b62f6735aa79a7 75c5f1d336b74b5bac49fc28877e8a52 - - default default] No more DHCP agents
2026-04-22 19:50:15.274 9 WARNING neutron.api.rpc.agentnotifiers.dhcp_rpc_agent_api [None req-d6ffbe06-d406-4b25-8d2b-62d62a98ad57 389999d4d36e4fa384b62f6735aa79a7 75c5f1d336b74b5bac49fc28877e8a52 - - default default] Unable to schedule network f4789f2c-be0a-4ba4-95c1-1f20f2af744f: no agents available; will retry on subsequent port and subnet creation events.
2026-04-22 19:50:15.312 9 INFO neutron.api.wsgi [req-33ff06d7-f806-4813-8f7f-168ed2ac6740 req-bae1f64c-c807-4266-8b35-83b17004d5d8 5b8bc9d8e0a74885a86066df41559879 5e1b14b435884ae1b334f182f97409c4 - - 383bb181a3304024b71730a456140254 383bb181a3304024b71730a456140254] 199.19.213.47 "GET /v2.0/networks/a9910545-dd15-4e35-9807-e9c738725b18?fields=provider%3Aphysical_network&fields=provider%3Anetwork_type HTTP/1.1" status: 200 len: 277 time: 0.0390849
2026-04-22 19:50:15.350 9 INFO neutron.api.wsgi [req-33ff06d7-f806-4813-8f7f-168ed2ac6740 req-fb96620c-9cbb-4214-91a4-ff6a1385ac0d 5b8bc9d8e0a74885a86066df41559879 5e1b14b435884ae1b334f182f97409c4 - - 383bb181a3304024b71730a456140254 383bb181a3304024b71730a456140254] 199.19.213.47 "GET /v2.0/floatingips?fixed_ip_address=10.1.1.56&port_id=e47bf6b6-d468-419c-b35e-1caa25d0e8f3 HTTP/1.1" status: 200 len: 217 time: 0.0278363
2026-04-22 19:50:15.356 9 INFO neutron.db.ovn_revision_numbers_db [None req-d6ffbe06-d406-4b25-8d2b-62d62a98ad57 389999d4d36e4fa384b62f6735aa79a7 75c5f1d336b74b5bac49fc28877e8a52 - - default default] Successfully bumped revision number for resource 716b2f1b-121f-4b5f-b091-aac31b2b2a72 (type: ports) to 1
2026-04-22 19:50:15.382 9 INFO neutron.api.wsgi [None req-d6ffbe06-d406-4b25-8d2b-62d62a98ad57 389999d4d36e4fa384b62f6735aa79a7 75c5f1d336b74b5bac49fc28877e8a52 - - default default] 10.0.0.103 "POST /v2.0/networks HTTP/1.1" status: 201 len: 831 time: 0.4631646
2026-04-22 19:50:15.385 9 INFO neutron.api.wsgi [req-33ff06d7-f806-4813-8f7f-168ed2ac6740 req-7d923fe2-eec0-4178-ace0-21b1b451b211 5b8bc9d8e0a74885a86066df41559879 5e1b14b435884ae1b334f182f97409c4 - - 383bb181a3304024b71730a456140254 383bb181a3304024b71730a456140254] 199.19.213.47 "GET /v2.0/subnets?id=10cfa525-1a01-4e08-9f17-34a9e790fbfc HTTP/1.1" status: 200 len: 878 time: 0.0253615
2026-04-22 19:50:15.389 9 WARNING neutron_lib.context [None req-42b6f8b1-8051-4047-a5f2-9cce9bc87a90 389999d4d36e4fa384b62f6735aa79a7 75c5f1d336b74b5bac49fc28877e8a52 - - default default] Method 'is_advsvc' is deprecated since 2023.2 release (neutron-lib 3.8.0) and will be removed once support for the old RBAC API policies will be removed from Neutron. Please use method 'is_service_role' instead.
2026-04-22 19:50:15.406 9 INFO neutron.api.wsgi [req-33ff06d7-f806-4813-8f7f-168ed2ac6740 req-7010e228-a76e-459e-97c8-3c095a4dd8e5 5b8bc9d8e0a74885a86066df41559879 5e1b14b435884ae1b334f182f97409c4 - - 383bb181a3304024b71730a456140254 383bb181a3304024b71730a456140254] 199.19.213.47 "GET /v2.0/ports?network_id=ab0fd10b-81d6-44d9-ade3-7a4fd2232205&device_owner=network%3Adhcp HTTP/1.1" status: 200 len: 210 time: 0.0151436
2026-04-22 19:50:15.453 9 INFO neutron.api.wsgi [req-33ff06d7-f806-4813-8f7f-168ed2ac6740 req-d34e37e1-ce24-43cd-9436-4837c854420d 5b8bc9d8e0a74885a86066df41559879 5e1b14b435884ae1b334f182f97409c4 - - 383bb181a3304024b71730a456140254 383bb181a3304024b71730a456140254] 199.19.213.47 "GET /v2.0/networks/ab0fd10b-81d6-44d9-ade3-7a4fd2232205?fields=segments HTTP/1.1" status: 200 len: 212 time: 0.0426512
2026-04-22 19:50:15.503 9 INFO neutron.api.wsgi [req-33ff06d7-f806-4813-8f7f-168ed2ac6740 req-50315dad-ae70-4cea-876f-998b1daf85a6 5b8bc9d8e0a74885a86066df41559879 5e1b14b435884ae1b334f182f97409c4 - - 383bb181a3304024b71730a456140254 383bb181a3304024b71730a456140254] 199.19.213.47 "GET /v2.0/networks/ab0fd10b-81d6-44d9-ade3-7a4fd2232205?fields=provider%3Aphysical_network&fields=provider%3Anetwork_type HTTP/1.1" status: 200 len: 277 time: 0.0448618
2026-04-22 19:50:15.528 9 INFO neutron.api.wsgi [req-33ff06d7-f806-4813-8f7f-168ed2ac6740 req-e2a60aef-437e-452e-8ae8-2d241402816d 5b8bc9d8e0a74885a86066df41559879 5e1b14b435884ae1b334f182f97409c4 - - 383bb181a3304024b71730a456140254 383bb181a3304024b71730a456140254] 199.19.213.47 "GET /v2.0/floatingips?fixed_ip_address=10.2.1.188&port_id=1a03a70b-ba7d-4042-8bd0-775e6387c225 HTTP/1.1" status: 200 len: 217 time: 0.0167427
2026-04-22 19:50:15.557 9 INFO neutron.api.wsgi [req-33ff06d7-f806-4813-8f7f-168ed2ac6740 req-43bab5b6-1bf3-489a-9abb-5be7fb65bb31 5b8bc9d8e0a74885a86066df41559879 5e1b14b435884ae1b334f182f97409c4 - - 383bb181a3304024b71730a456140254 383bb181a3304024b71730a456140254] 199.19.213.47 "GET /v2.0/subnets?id=91b3ba14-2676-49bd-af30-cc033b41a311 HTTP/1.1" status: 200 len: 875 time: 0.0243392
2026-04-22 19:50:15.579 9 INFO neutron.api.wsgi [req-33ff06d7-f806-4813-8f7f-168ed2ac6740 req-e5ee2e1c-16c4-4d8e-b6ca-76d49e016161 5b8bc9d8e0a74885a86066df41559879 5e1b14b435884ae1b334f182f97409c4 - - 383bb181a3304024b71730a456140254 383bb181a3304024b71730a456140254] 199.19.213.47 "GET /v2.0/ports?network_id=688b7d31-e5bf-4583-bdfd-a062003664c0&device_owner=network%3Adhcp HTTP/1.1" status: 200 len: 210 time: 0.0148787 /var/lib/openstack/lib/python3.12/site-packages/pycadf/identifier.py:71: UserWarning: Invalid uuid: neutron. To ensure interoperability, identifiers should be a valid uuid. warnings.warn(('Invalid uuid: %s. To ensure interoperability, '
2026-04-22 19:50:15.628 9 INFO neutron.api.wsgi [req-33ff06d7-f806-4813-8f7f-168ed2ac6740 req-8d87d054-c310-418f-89fa-3e300315b792 5b8bc9d8e0a74885a86066df41559879 5e1b14b435884ae1b334f182f97409c4 - - 383bb181a3304024b71730a456140254 383bb181a3304024b71730a456140254] 199.19.213.47 "GET /v2.0/networks/688b7d31-e5bf-4583-bdfd-a062003664c0?fields=segments HTTP/1.1" status: 200 len: 212 time: 0.0421708
2026-04-22 19:50:15.632 9 WARNING neutron.scheduler.dhcp_agent_scheduler [None req-42b6f8b1-8051-4047-a5f2-9cce9bc87a90 389999d4d36e4fa384b62f6735aa79a7 75c5f1d336b74b5bac49fc28877e8a52 - - default default] No more DHCP agents
2026-04-22 19:50:15.633 9 WARNING neutron.api.rpc.agentnotifiers.dhcp_rpc_agent_api [None req-42b6f8b1-8051-4047-a5f2-9cce9bc87a90 389999d4d36e4fa384b62f6735aa79a7 75c5f1d336b74b5bac49fc28877e8a52 - - default default] Unable to schedule network f4789f2c-be0a-4ba4-95c1-1f20f2af744f: no agents available; will retry on subsequent port and subnet creation events. /var/lib/openstack/lib/python3.12/site-packages/pycadf/identifier.py:71: UserWarning: Invalid uuid: neutron. To ensure interoperability, identifiers should be a valid uuid. warnings.warn(('Invalid uuid: %s. To ensure interoperability, '
2026-04-22 19:50:15.687 9 INFO neutron.api.wsgi [req-33ff06d7-f806-4813-8f7f-168ed2ac6740 req-7f84aeb2-b935-4ac2-b924-507777915ed2 5b8bc9d8e0a74885a86066df41559879 5e1b14b435884ae1b334f182f97409c4 - - 383bb181a3304024b71730a456140254 383bb181a3304024b71730a456140254] 199.19.213.47 "GET /v2.0/networks/688b7d31-e5bf-4583-bdfd-a062003664c0?fields=provider%3Aphysical_network&fields=provider%3Anetwork_type HTTP/1.1" status: 200 len: 277 time: 0.0511200
2026-04-22 19:50:15.710 9 INFO neutron.db.ovn_revision_numbers_db [None req-42b6f8b1-8051-4047-a5f2-9cce9bc87a90 389999d4d36e4fa384b62f6735aa79a7 75c5f1d336b74b5bac49fc28877e8a52 - - default default] Successfully bumped revision number for resource 53c3f7e9-1a13-4fcd-8b87-f4573399266b (type: ports) to 1
2026-04-22 19:50:15.712 9 INFO neutron.api.wsgi [req-33ff06d7-f806-4813-8f7f-168ed2ac6740 req-77a9e970-9cc8-4945-ab34-2e71f0521d67 5b8bc9d8e0a74885a86066df41559879 5e1b14b435884ae1b334f182f97409c4 - - 383bb181a3304024b71730a456140254 383bb181a3304024b71730a456140254] 199.19.213.47 "GET /v2.0/floatingips?fixed_ip_address=10.2.2.157&port_id=8f6a0a4b-08ea-4d2e-ac1f-ead8a5399701 HTTP/1.1" status: 200 len: 217 time: 0.0177386
2026-04-22 19:50:15.731 9 INFO neutron.api.wsgi [req-33ff06d7-f806-4813-8f7f-168ed2ac6740 req-6be86db1-5f6f-4b7d-ad14-0957fed4371a 5b8bc9d8e0a74885a86066df41559879 5e1b14b435884ae1b334f182f97409c4 - - 383bb181a3304024b71730a456140254 383bb181a3304024b71730a456140254] 199.19.213.47 "GET /v2.0/floatingips?fixed_ip_address=fd77%3A1457%3A4cf0%3A26a8%3A%3A1bd&port_id=8f6a0a4b-08ea-4d2e-ac1f-ead8a5399701 HTTP/1.1" status: 200 len: 217 time: 0.0128207
2026-04-22 19:50:15.734 9 INFO neutron.api.wsgi [None req-42b6f8b1-8051-4047-a5f2-9cce9bc87a90 389999d4d36e4fa384b62f6735aa79a7 75c5f1d336b74b5bac49fc28877e8a52 - - default default] 10.0.0.103 "POST /v2.0/ports HTTP/1.1" status: 201 len: 942 time: 0.3476043 /var/lib/openstack/lib/python3.12/site-packages/pycadf/identifier.py:71: UserWarning: Invalid uuid: neutron. To ensure interoperability, identifiers should be a valid uuid. warnings.warn(('Invalid uuid: %s. To ensure interoperability, '
2026-04-22 19:50:15.743 10 WARNING neutron_lib.context [None req-a4b1114f-0ab0-4927-93ae-ceeb4fb9eeb8 389999d4d36e4fa384b62f6735aa79a7 75c5f1d336b74b5bac49fc28877e8a52 - - default default] Method 'is_advsvc' is deprecated since 2023.2 release (neutron-lib 3.8.0) and will be removed once support for the old RBAC API policies will be removed from Neutron. Please use method 'is_service_role' instead.
2026-04-22 19:50:15.757 9 INFO neutron.api.wsgi [req-33ff06d7-f806-4813-8f7f-168ed2ac6740 req-eedce98f-6d5a-48af-b566-c52c80eb8d6a 5b8bc9d8e0a74885a86066df41559879 5e1b14b435884ae1b334f182f97409c4 - - 383bb181a3304024b71730a456140254 383bb181a3304024b71730a456140254] 199.19.213.47 "GET /v2.0/subnets?id=b9487dcf-37f7-489f-92af-1d1cd3d62a86&id=112a4243-d28b-453a-83f4-46287c08d67f HTTP/1.1" status: 200 len: 1615 time: 0.0224640
2026-04-22 19:50:15.775 9 INFO neutron.api.wsgi [req-33ff06d7-f806-4813-8f7f-168ed2ac6740 req-fd729cd0-91e8-4a9c-9705-dd0250cd1c12 5b8bc9d8e0a74885a86066df41559879 5e1b14b435884ae1b334f182f97409c4 - - 383bb181a3304024b71730a456140254 383bb181a3304024b71730a456140254] 199.19.213.47 "GET /v2.0/ports?network_id=c3a388fd-6cb4-4b1b-91db-0af24d4ae09a&device_owner=network%3Adhcp HTTP/1.1" status: 200 len: 210 time: 0.0146465
2026-04-22 19:50:15.793 9 INFO neutron.api.wsgi [req-33ff06d7-f806-4813-8f7f-168ed2ac6740 req-191b95aa-1a2a-44b1-bcaf-20c6b59d1b93 5b8bc9d8e0a74885a86066df41559879 5e1b14b435884ae1b334f182f97409c4 - - 383bb181a3304024b71730a456140254 383bb181a3304024b71730a456140254] 199.19.213.47 "GET /v2.0/ports?network_id=c3a388fd-6cb4-4b1b-91db-0af24d4ae09a&device_owner=network%3Adhcp HTTP/1.1" status: 200 len: 210 time: 0.0142663
2026-04-22 19:50:15.821 10 INFO neutron.db.segments_db [None req-a4b1114f-0ab0-4927-93ae-ceeb4fb9eeb8 389999d4d36e4fa384b62f6735aa79a7 75c5f1d336b74b5bac49fc28877e8a52 - - default default] Added segment 79e8d94e-80b0-4b75-b9b9-920d6b9fc75e of type geneve for network 8bed5b47-2213-473c-8cb4-9d147ddfbcb5
2026-04-22 19:50:15.832 9 INFO neutron.api.wsgi [req-33ff06d7-f806-4813-8f7f-168ed2ac6740 req-4b878731-fe19-4a7b-afd5-19f16a93acaa 5b8bc9d8e0a74885a86066df41559879 5e1b14b435884ae1b334f182f97409c4 - - 383bb181a3304024b71730a456140254 383bb181a3304024b71730a456140254] 199.19.213.47 "GET /v2.0/networks/c3a388fd-6cb4-4b1b-91db-0af24d4ae09a?fields=segments HTTP/1.1" status: 200 len: 212 time: 0.0336599
2026-04-22 19:50:15.881 9 INFO neutron.api.wsgi [req-33ff06d7-f806-4813-8f7f-168ed2ac6740 req-01fd56b9-c0e5-46dd-ba6c-5bdde486d8f3 5b8bc9d8e0a74885a86066df41559879 5e1b14b435884ae1b334f182f97409c4 - - 383bb181a3304024b71730a456140254 383bb181a3304024b71730a456140254] 199.19.213.47 "GET /v2.0/networks/c3a388fd-6cb4-4b1b-91db-0af24d4ae09a?fields=provider%3Aphysical_network&fields=provider%3Anetwork_type HTTP/1.1" status: 200 len: 277 time: 0.0425746
2026-04-22 19:50:15.930 10 INFO neutron.db.ovn_revision_numbers_db [None req-a4b1114f-0ab0-4927-93ae-ceeb4fb9eeb8 389999d4d36e4fa384b62f6735aa79a7 75c5f1d336b74b5bac49fc28877e8a52 - - default default] Successfully bumped revision number for resource 8bed5b47-2213-473c-8cb4-9d147ddfbcb5 (type: networks) to 1
2026-04-22 19:50:16.116 10 WARNING neutron.scheduler.dhcp_agent_scheduler [None req-a4b1114f-0ab0-4927-93ae-ceeb4fb9eeb8 389999d4d36e4fa384b62f6735aa79a7 75c5f1d336b74b5bac49fc28877e8a52 - - default default] No more DHCP agents
2026-04-22 19:50:16.119 10 WARNING neutron.api.rpc.agentnotifiers.dhcp_rpc_agent_api [None req-a4b1114f-0ab0-4927-93ae-ceeb4fb9eeb8 389999d4d36e4fa384b62f6735aa79a7 75c5f1d336b74b5bac49fc28877e8a52 - - default default] Unable to schedule network 8bed5b47-2213-473c-8cb4-9d147ddfbcb5: no agents available; will retry on subsequent port and subnet creation events.
2026-04-22 19:50:16.184 10 INFO neutron.db.ovn_revision_numbers_db [None req-a4b1114f-0ab0-4927-93ae-ceeb4fb9eeb8 389999d4d36e4fa384b62f6735aa79a7 75c5f1d336b74b5bac49fc28877e8a52 - - default default] Successfully bumped revision number for resource 4118d11d-0b03-455b-9238-e37f1c294c8d (type: ports) to 1
2026-04-22 19:50:16.203 10 INFO neutron.api.wsgi [None req-a4b1114f-0ab0-4927-93ae-ceeb4fb9eeb8 389999d4d36e4fa384b62f6735aa79a7 75c5f1d336b74b5bac49fc28877e8a52 - - default default] 10.0.0.103 "POST /v2.0/networks HTTP/1.1" status: 201 len: 831 time: 0.4638333
2026-04-22 19:50:16.210 10 WARNING neutron_lib.context [None req-f8051e49-dc16-4c8e-a2a3-38ead3d9907e 389999d4d36e4fa384b62f6735aa79a7 75c5f1d336b74b5bac49fc28877e8a52 - - default default] Method 'is_advsvc' is deprecated since 2023.2 release (neutron-lib 3.8.0) and will be removed once support for the old RBAC API policies will be removed from Neutron. Please use method 'is_service_role' instead.
2026-04-22 19:50:16.412 10 WARNING neutron.scheduler.dhcp_agent_scheduler [None req-f8051e49-dc16-4c8e-a2a3-38ead3d9907e 389999d4d36e4fa384b62f6735aa79a7 75c5f1d336b74b5bac49fc28877e8a52 - - default default] No more DHCP agents
2026-04-22 19:50:16.415 10 WARNING neutron.api.rpc.agentnotifiers.dhcp_rpc_agent_api [None req-f8051e49-dc16-4c8e-a2a3-38ead3d9907e 389999d4d36e4fa384b62f6735aa79a7 75c5f1d336b74b5bac49fc28877e8a52 - - default default] Unable to schedule network 8bed5b47-2213-473c-8cb4-9d147ddfbcb5: no agents available; will retry on subsequent port and subnet creation events.
2026-04-22 19:50:16.467 9 INFO neutron.plugins.ml2.drivers.ovn.mech_driver.mech_driver [None req-619a4c44-5d18-45f5-a012-2610d355d45b - - - - - -] OVN reports status up for port: 8f6a0a4b-08ea-4d2e-ac1f-ead8a5399701
2026-04-22 19:50:16.477 9 INFO neutron.plugins.ml2.plugin [None req-619a4c44-5d18-45f5-a012-2610d355d45b - - - - - -] Attempt 1 to provision port 8f6a0a4b-08ea-4d2e-ac1f-ead8a5399701
2026-04-22 19:50:16.485 10 INFO neutron.db.ovn_revision_numbers_db [None req-f8051e49-dc16-4c8e-a2a3-38ead3d9907e 389999d4d36e4fa384b62f6735aa79a7 75c5f1d336b74b5bac49fc28877e8a52 - - default default] Successfully bumped revision number for resource 3de11fb5-9932-4eda-a105-7b0fb2c06a74 (type: ports) to 1
2026-04-22 19:50:16.516 10 INFO neutron.api.wsgi [None req-f8051e49-dc16-4c8e-a2a3-38ead3d9907e 389999d4d36e4fa384b62f6735aa79a7 75c5f1d336b74b5bac49fc28877e8a52 - - default default] 10.0.0.103 "POST /v2.0/ports HTTP/1.1" status: 201 len: 942 time: 0.3093183 /var/lib/openstack/lib/python3.12/site-packages/pycadf/identifier.py:71: UserWarning: Invalid uuid: neutron. To ensure interoperability, identifiers should be a valid uuid. warnings.warn(('Invalid uuid: %s. To ensure interoperability, '
2026-04-22 19:50:16.526 10 WARNING neutron_lib.context [None req-90f5cd6f-b1cd-49c3-a128-7ca2f5e8fb47 389999d4d36e4fa384b62f6735aa79a7 75c5f1d336b74b5bac49fc28877e8a52 - - default default] Method 'is_advsvc' is deprecated since 2023.2 release (neutron-lib 3.8.0) and will be removed once support for the old RBAC API policies will be removed from Neutron. Please use method 'is_service_role' instead.
2026-04-22 19:50:16.586 9 INFO neutron.notifiers.nova [-] Nova event matching ['req-ada955c2-9eb0-4ebf-965a-105d6a3d9bb8'] response: {'server_uuid': '8e10e520-af8a-47fe-8208-8310ba97e0ae', 'name': 'network-vif-plugged', 'status': 'completed', 'tag': '8f6a0a4b-08ea-4d2e-ac1f-ead8a5399701', 'code': 200}
2026-04-22 19:50:16.602 10 INFO neutron.db.segments_db [None req-90f5cd6f-b1cd-49c3-a128-7ca2f5e8fb47 389999d4d36e4fa384b62f6735aa79a7 75c5f1d336b74b5bac49fc28877e8a52 - - default default] Added segment acc8ea7a-a2af-48a7-a406-496b5a69881b of type geneve for network e99d637f-a47f-485b-97b3-2e376b65a6ca
2026-04-22 19:50:16.696 9 INFO neutron.db.ovn_revision_numbers_db [None req-619a4c44-5d18-45f5-a012-2610d355d45b - - - - - -] Successfully bumped revision number for resource 8f6a0a4b-08ea-4d2e-ac1f-ead8a5399701 (type: ports) to 5
2026-04-22 19:50:16.702 10 INFO neutron.db.ovn_revision_numbers_db [None req-90f5cd6f-b1cd-49c3-a128-7ca2f5e8fb47 389999d4d36e4fa384b62f6735aa79a7 75c5f1d336b74b5bac49fc28877e8a52 - - default default] Successfully bumped revision number for resource e99d637f-a47f-485b-97b3-2e376b65a6ca (type: networks) to 1
2026-04-22 19:50:16.839 10 WARNING neutron.scheduler.dhcp_agent_scheduler [None req-90f5cd6f-b1cd-49c3-a128-7ca2f5e8fb47 389999d4d36e4fa384b62f6735aa79a7 75c5f1d336b74b5bac49fc28877e8a52 - - default default] No more DHCP agents
2026-04-22 19:50:16.840 10 WARNING neutron.api.rpc.agentnotifiers.dhcp_rpc_agent_api [None req-90f5cd6f-b1cd-49c3-a128-7ca2f5e8fb47 389999d4d36e4fa384b62f6735aa79a7 75c5f1d336b74b5bac49fc28877e8a52 - - default default] Unable to schedule network e99d637f-a47f-485b-97b3-2e376b65a6ca: no agents available; will retry on subsequent port and subnet creation events.
2026-04-22 19:50:16.888 10 INFO neutron.db.ovn_revision_numbers_db [None req-90f5cd6f-b1cd-49c3-a128-7ca2f5e8fb47 389999d4d36e4fa384b62f6735aa79a7 75c5f1d336b74b5bac49fc28877e8a52 - - default default] Successfully bumped revision number for resource d52e7f20-eb40-4dee-9a14-3c4608e35422 (type: ports) to 1
2026-04-22 19:50:16.909 10 INFO neutron.api.wsgi [None req-90f5cd6f-b1cd-49c3-a128-7ca2f5e8fb47 389999d4d36e4fa384b62f6735aa79a7 75c5f1d336b74b5bac49fc28877e8a52 - - default default] 10.0.0.103 "POST /v2.0/networks HTTP/1.1" status: 201 len: 830 time: 0.3872960
2026-04-22 19:50:16.918 10 WARNING neutron_lib.context [None req-add3eda1-08ea-4de7-936c-680099891180 389999d4d36e4fa384b62f6735aa79a7 75c5f1d336b74b5bac49fc28877e8a52 - - default default] Method 'is_advsvc' is deprecated since 2023.2 release (neutron-lib 3.8.0) and will be removed once support for the old RBAC API policies will be removed from Neutron. Please use method 'is_service_role' instead.
2026-04-22 19:50:17.152 10 WARNING neutron.scheduler.dhcp_agent_scheduler [None req-add3eda1-08ea-4de7-936c-680099891180 389999d4d36e4fa384b62f6735aa79a7 75c5f1d336b74b5bac49fc28877e8a52 - - default default] No more DHCP agents
2026-04-22 19:50:17.157 10 WARNING neutron.api.rpc.agentnotifiers.dhcp_rpc_agent_api [None req-add3eda1-08ea-4de7-936c-680099891180 389999d4d36e4fa384b62f6735aa79a7 75c5f1d336b74b5bac49fc28877e8a52 - - default default] Unable to schedule network e99d637f-a47f-485b-97b3-2e376b65a6ca: no agents available; will retry on subsequent port and subnet creation events.
2026-04-22 19:50:17.545 10 INFO neutron.db.ovn_revision_numbers_db [None req-add3eda1-08ea-4de7-936c-680099891180 389999d4d36e4fa384b62f6735aa79a7 75c5f1d336b74b5bac49fc28877e8a52 - - default default] Successfully bumped revision number for resource 5c29df0c-1ce4-4d1b-8dbc-1005ca895af0 (type: ports) to 1
2026-04-22 19:50:17.567 10 INFO neutron.api.wsgi [None req-add3eda1-08ea-4de7-936c-680099891180 389999d4d36e4fa384b62f6735aa79a7 75c5f1d336b74b5bac49fc28877e8a52 - - default default] 10.0.0.103 "POST /v2.0/ports HTTP/1.1" status: 201 len: 942 time: 0.6525564 /var/lib/openstack/lib/python3.12/site-packages/pycadf/identifier.py:71: UserWarning: Invalid uuid: neutron. To ensure interoperability, identifiers should be a valid uuid. warnings.warn(('Invalid uuid: %s. To ensure interoperability, '
2026-04-22 19:50:17.610 10 INFO neutron.api.wsgi [None req-8b33d9b0-0cc1-49d4-93bb-b1c606999637 389999d4d36e4fa384b62f6735aa79a7 75c5f1d336b74b5bac49fc28877e8a52 - - default default] 10.0.0.103 "PUT /v2.0/ports/d06781d9-7927-4aec-b708-d7ca9a806da7/tags HTTP/1.1" status: 200 len: 210 time: 0.0378141
2026-04-22 19:50:17.652 10 INFO neutron.api.wsgi [None req-afa6a1e3-23d3-4b99-8236-69242f03570b 389999d4d36e4fa384b62f6735aa79a7 75c5f1d336b74b5bac49fc28877e8a52 - - default default] 10.0.0.103 "PUT /v2.0/ports/4f686414-4d40-4496-934c-9ac52da736fe/tags HTTP/1.1" status: 200 len: 218 time: 0.0366945
2026-04-22 19:50:17.691 10 INFO neutron.api.wsgi [None req-33aa5616-8c2c-4aaa-9162-9220c4170858 389999d4d36e4fa384b62f6735aa79a7 75c5f1d336b74b5bac49fc28877e8a52 - - default default] 10.0.0.103 "PUT /v2.0/ports/53c3f7e9-1a13-4fcd-8b87-f4573399266b/tags HTTP/1.1" status: 200 len: 227 time: 0.0345557
2026-04-22 19:50:17.733 10 INFO neutron.api.wsgi [None req-cf9f348d-de2d-4e4a-8264-33f618942244 389999d4d36e4fa384b62f6735aa79a7 75c5f1d336b74b5bac49fc28877e8a52 - - default default] 10.0.0.103 "PUT /v2.0/ports/3de11fb5-9932-4eda-a105-7b0fb2c06a74/tags HTTP/1.1" status: 200 len: 212 time: 0.0360999
2026-04-22 19:50:17.869 10 INFO neutron.api.wsgi [None req-9deeca20-cc1a-4bf8-8c07-e79b06820a26 389999d4d36e4fa384b62f6735aa79a7 75c5f1d336b74b5bac49fc28877e8a52 - - default default] 10.0.0.103 "GET /v2.0/ports?tags=red HTTP/1.1" status: 200 len: 2448 time: 0.1309783
2026-04-22 19:50:17.928 10 INFO neutron.api.wsgi [None req-ab827904-a6db-4f5a-bacc-582196c031a1 389999d4d36e4fa384b62f6735aa79a7 75c5f1d336b74b5bac49fc28877e8a52 - - default default] 10.0.0.103 "GET /v2.0/ports?tags=red%2Cblue HTTP/1.1" status: 200 len: 1708 time: 0.0534220
2026-04-22 19:50:17.985 10 INFO neutron.api.wsgi [None req-38e66926-b210-4415-b831-ac46616a5bb8 389999d4d36e4fa384b62f6735aa79a7 75c5f1d336b74b5bac49fc28877e8a52 - - default default] 10.0.0.103 "GET /v2.0/ports?tags-any=blue HTTP/1.1" status: 200 len: 1708 time: 0.0526292
2026-04-22 19:50:18.027 10 INFO neutron.api.wsgi [None req-ad8ffb86-e9bf-432d-bb64-432b9aa35ecf 389999d4d36e4fa384b62f6735aa79a7 75c5f1d336b74b5bac49fc28877e8a52 - - default default] 10.0.0.103 "GET /v2.0/ports?tags-any=red%2Cblue HTTP/1.1" status: 200 len: 2448 time: 0.0372856
2026-04-22 19:50:18.136 10 INFO neutron.api.wsgi [None req-16603fc1-211c-4ca3-a430-693fade71a85 389999d4d36e4fa384b62f6735aa79a7 75c5f1d336b74b5bac49fc28877e8a52 - - default default] 10.0.0.103 "GET /v2.0/ports?not-tags=red HTTP/1.1" status: 200 len: 5463 time: 0.1047001
2026-04-22 19:50:18.208 10 INFO neutron.api.wsgi [None req-bdd37d38-a456-42ff-860b-ddb7f84a32e4 389999d4d36e4fa384b62f6735aa79a7 75c5f1d336b74b5bac49fc28877e8a52 - - default default] 10.0.0.103 "GET /v2.0/ports?not-tags=red%2Cblue HTTP/1.1" status: 200 len: 6203 time: 0.0673327
2026-04-22 19:50:18.271 10 INFO neutron.api.wsgi [None req-35e29daf-685b-44b6-bbea-67707963b24c 389999d4d36e4fa384b62f6735aa79a7 75c5f1d336b74b5bac49fc28877e8a52 - - default default] 10.0.0.103 "GET /v2.0/ports?not-tags-any=blue HTTP/1.1" status: 200 len: 6203 time: 0.0593324
2026-04-22 19:50:18.323 10 INFO neutron.api.wsgi [None req-fe0da894-b73f-4b6b-a7a4-e3907671713a 389999d4d36e4fa384b62f6735aa79a7 75c5f1d336b74b5bac49fc28877e8a52 - - default default] 10.0.0.103 "GET /v2.0/ports?not-tags-any=red%2Cblue HTTP/1.1" status: 200 len: 5463 time: 0.0458879
2026-04-22 19:50:18.546 10 INFO neutron.api.wsgi [None req-53f2e5a8-274b-430b-ac47-4d54ad56ff24 389999d4d36e4fa384b62f6735aa79a7 75c5f1d336b74b5bac49fc28877e8a52 - - default default] 10.0.0.103 "DELETE /v2.0/ports/d06781d9-7927-4aec-b708-d7ca9a806da7 HTTP/1.1" status: 204 len: 168 time: 0.2188213
2026-04-22 19:50:18.621 9 INFO neutron.notifiers.nova [-] Nova event matching ['req-cd8928bd-8973-4b33-98f6-aa14327c117f'] response: {'server_uuid': '8e10e520-af8a-47fe-8208-8310ba97e0ae', 'name': 'network-vif-plugged', 'status': 'completed', 'tag': '8f6a0a4b-08ea-4d2e-ac1f-ead8a5399701', 'code': 200}
2026-04-22 19:50:18.741 10 INFO neutron.api.wsgi [None req-c5bd2c60-4208-408d-89a7-e62becd61fe8 389999d4d36e4fa384b62f6735aa79a7 75c5f1d336b74b5bac49fc28877e8a52 - - default default] 10.0.0.103 "DELETE /v2.0/ports/4f686414-4d40-4496-934c-9ac52da736fe HTTP/1.1" status: 204 len: 168 time: 0.1912441
2026-04-22 19:50:18.792 9 INFO neutron.api.wsgi [-] 10.0.0.125 "GET / HTTP/1.1" status: 200 len: 246 time: 0.0016866
2026-04-22 19:50:18.794 9 INFO neutron.api.wsgi [-] 10.0.0.125 "GET / HTTP/1.1" status: 200 len: 246 time: 0.0014179
