2026-04-22 19:47:33.930 9 INFO neutron.api.wsgi [req-3b5a2cdd-5847-4ddc-bb15-5b5454bd28d1 req-8c699c65-b33d-4fcf-96b5-1d34f73b24fc 138328e575634c02914e66083a2af7df 5d0e0f19fe7044239f75823def78ae74 - - default default] 10.0.0.110 "GET /v2.0/ports?device_id=ad4db866-6184-40ca-82a8-36e4f0b6db84 HTTP/1.1" status: 200 len: 1168 time: 0.0367956
2026-04-22 19:47:33.975 9 INFO neutron.api.wsgi [req-3b5a2cdd-5847-4ddc-bb15-5b5454bd28d1 req-801dc0b3-42d1-496a-b22c-dc6c010a8be7 138328e575634c02914e66083a2af7df 5d0e0f19fe7044239f75823def78ae74 - - default default] 10.0.0.110 "GET /v2.0/security-groups?id=244d4304-1365-4a00-9cef-65ea9f68f1dc&fields=id&fields=name HTTP/1.1" status: 200 len: 313 time: 0.0393751
2026-04-22 19:47:34.309 10 INFO neutron.db.ovn_revision_numbers_db [None req-77860749-80cd-4281-b3ee-84d85281ee68 1b0876df02334129b92b2d722f1cd77c 0260cfb263d24a3c98a9634187bd71e5 - - default default] Successfully bumped revision number for resource 2d80e43d-a6d9-42d3-8038-28c7b4ad129c (type: security_groups) to 1
2026-04-22 19:47:34.323 10 INFO neutron.db.ovn_revision_numbers_db [None req-77860749-80cd-4281-b3ee-84d85281ee68 1b0876df02334129b92b2d722f1cd77c 0260cfb263d24a3c98a9634187bd71e5 - - default default] Successfully bumped revision number for resource 52793256-f3ad-4fc0-b29b-43617fd521cb (type: security_group_rules) to 0
2026-04-22 19:47:34.337 10 INFO neutron.db.ovn_revision_numbers_db [None req-77860749-80cd-4281-b3ee-84d85281ee68 1b0876df02334129b92b2d722f1cd77c 0260cfb263d24a3c98a9634187bd71e5 - - default default] Successfully bumped revision number for resource 5da6c254-a6da-478d-a022-3093f4dd7efa (type: security_group_rules) to 0
2026-04-22 19:47:34.350 10 INFO neutron.db.ovn_revision_numbers_db [None req-77860749-80cd-4281-b3ee-84d85281ee68 1b0876df02334129b92b2d722f1cd77c 0260cfb263d24a3c98a9634187bd71e5 - - default default] Successfully bumped revision number for resource 6e0f1033-5294-48a7-816a-a790ac0b9296 (type: security_group_rules) to 0
2026-04-22 19:47:34.365 10 INFO neutron.db.ovn_revision_numbers_db [None req-77860749-80cd-4281-b3ee-84d85281ee68 1b0876df02334129b92b2d722f1cd77c 0260cfb263d24a3c98a9634187bd71e5 - - default default] Successfully bumped revision number for resource f4ad901d-6f62-49fb-9366-d2ce8e7df454 (type: security_group_rules) to 0
2026-04-22 19:47:34.403 10 INFO neutron.api.wsgi [None req-77860749-80cd-4281-b3ee-84d85281ee68 1b0876df02334129b92b2d722f1cd77c 0260cfb263d24a3c98a9634187bd71e5 - - default default] 10.0.0.103 "GET /v2.0/security-groups?tenant_id=111265575ee943acbed579f22a0c5b25&name=default HTTP/1.1" status: 200 len: 3120 time: 0.3586392
2026-04-22 19:47:34.606 10 INFO neutron.api.wsgi [None req-89e1bc05-7144-4cec-aee1-e1410be26ac0 1b0876df02334129b92b2d722f1cd77c 0260cfb263d24a3c98a9634187bd71e5 - - default default] 10.0.0.103 "DELETE /v2.0/security-groups/2d80e43d-a6d9-42d3-8038-28c7b4ad129c HTTP/1.1" status: 204 len: 168 time: 0.1982391
2026-04-22 19:47:35.097 10 INFO neutron.api.wsgi [req-a55a1acc-4204-4438-8279-513710ddbc84 req-62a12b28-e0db-4298-8d98-3d9c6756e323 138328e575634c02914e66083a2af7df 5d0e0f19fe7044239f75823def78ae74 - - default default] 10.0.0.110 "GET /v2.0/ports?device_id=ad4db866-6184-40ca-82a8-36e4f0b6db84 HTTP/1.1" status: 200 len: 1168 time: 0.0444386
2026-04-22 19:47:35.141 10 INFO neutron.api.wsgi [req-a55a1acc-4204-4438-8279-513710ddbc84 req-f8d6e80a-fabc-4082-9ca0-a2300e30023f 138328e575634c02914e66083a2af7df 5d0e0f19fe7044239f75823def78ae74 - - default default] 10.0.0.110 "GET /v2.0/security-groups?id=244d4304-1365-4a00-9cef-65ea9f68f1dc&fields=id&fields=name HTTP/1.1" status: 200 len: 313 time: 0.0379965
2026-04-22 19:47:35.638 9 WARNING neutron.plugins.ml2.drivers.ovn.mech_driver.ovsdb.ovn_client [None req-2479a406-e5cc-4023-bb6e-f43ce725e8bc - - - - - -] No hosting information found for port 27617112-ba3b-42b8-b01b-e619c97e41fa: RuntimeError: No hosting information found for port 27617112-ba3b-42b8-b01b-e619c97e41fa
2026-04-22 19:47:35.716 9 INFO neutron.db.ovn_revision_numbers_db [None req-2479a406-e5cc-4023-bb6e-f43ce725e8bc - - - - - -] Successfully bumped revision number for resource 27617112-ba3b-42b8-b01b-e619c97e41fa (type: router_ports) to 2
2026-04-22 19:47:35.717 9 INFO neutron.plugins.ml2.drivers.ovn.mech_driver.mech_driver [None req-2479a406-e5cc-4023-bb6e-f43ce725e8bc - - - - - -] OVN reports status up for port: 3ab41fde-613b-4291-813c-1001f13b850a
2026-04-22 19:47:35.725 9 INFO neutron.plugins.ml2.plugin [None req-2479a406-e5cc-4023-bb6e-f43ce725e8bc - - - - - -] Attempt 1 to provision port 3ab41fde-613b-4291-813c-1001f13b850a
2026-04-22 19:47:35.863 9 INFO neutron.api.wsgi [req-2ffcdbc6-6ed0-4187-bde4-affa5ea7e416 req-3538eeb3-045f-4918-9888-643549520d8a ddfea3dd21c04d448b7bffc72d46c09a 5c820721ffa34e0daebc5f384071a949 - - default default] 199.19.213.47 "GET /v2.0/networks?id=688b7d31-e5bf-4583-bdfd-a062003664c0 HTTP/1.1" status: 200 len: 903 time: 0.0539732
2026-04-22 19:47:35.917 9 INFO neutron.api.wsgi [req-2ffcdbc6-6ed0-4187-bde4-affa5ea7e416 req-be010692-7085-4945-8ec7-467ed0d22fa4 ddfea3dd21c04d448b7bffc72d46c09a 5c820721ffa34e0daebc5f384071a949 - - default default] 199.19.213.47 "GET /v2.0/security-groups?fields=id&fields=name&tenant_id=5c820721ffa34e0daebc5f384071a949 HTTP/1.1" status: 200 len: 377 time: 0.0474141
2026-04-22 19:47:35.927 9 WARNING neutron_lib.context [req-2ffcdbc6-6ed0-4187-bde4-affa5ea7e416 req-0165b093-f959-4cb8-b330-37f4300e3492 ddfea3dd21c04d448b7bffc72d46c09a 5c820721ffa34e0daebc5f384071a949 - - default default] Method 'is_advsvc' is deprecated since 2023.2 release (neutron-lib 3.8.0) and will be removed once support for the old RBAC API policies will be removed from Neutron. Please use method 'is_service_role' instead.
2026-04-22 19:47:36.489 10 WARNING neutron_lib.context [None req-e354b2b3-436c-4fa1-94d8-2148d8f1ccfd 333bf2e5f303413d8aed77880d042cba f40d13210421494c9dd598fd1f807fc0 - - default default] Method 'is_advsvc' is deprecated since 2023.2 release (neutron-lib 3.8.0) and will be removed once support for the old RBAC API policies will be removed from Neutron. Please use method 'is_service_role' instead.
2026-04-22 19:47:36.602 10 INFO neutron.api.wsgi [req-111b59e8-2e0d-42dc-adce-7c003f99a674 req-3f393b56-0004-4ced-98db-418d24c0e435 ddfea3dd21c04d448b7bffc72d46c09a 5c820721ffa34e0daebc5f384071a949 - - default default] 10.0.0.110 "GET /v2.0/ports?device_id=d6546452-21de-4846-93fe-7d328e3c1dd0 HTTP/1.1" status: 200 len: 210 time: 0.0184705
2026-04-22 19:47:36.652 10 INFO neutron.db.ovn_revision_numbers_db [None req-e354b2b3-436c-4fa1-94d8-2148d8f1ccfd 333bf2e5f303413d8aed77880d042cba f40d13210421494c9dd598fd1f807fc0 - - default default] Successfully bumped revision number for resource f95b12a6-f8e5-4e71-8233-dfd84de7d6a7 (type: security_groups) to 1
2026-04-22 19:47:36.665 10 INFO neutron.db.ovn_revision_numbers_db [None req-e354b2b3-436c-4fa1-94d8-2148d8f1ccfd 333bf2e5f303413d8aed77880d042cba f40d13210421494c9dd598fd1f807fc0 - - default default] Successfully bumped revision number for resource 52225b7b-82ea-4dc4-82d6-80c42b482f5a (type: security_group_rules) to 0
2026-04-22 19:47:36.681 10 INFO neutron.db.ovn_revision_numbers_db [None req-e354b2b3-436c-4fa1-94d8-2148d8f1ccfd 333bf2e5f303413d8aed77880d042cba f40d13210421494c9dd598fd1f807fc0 - - default default] Successfully bumped revision number for resource 5acc52c5-6a20-4f16-b309-81080717e840 (type: security_group_rules) to 0
2026-04-22 19:47:36.695 10 INFO neutron.db.ovn_revision_numbers_db [None req-e354b2b3-436c-4fa1-94d8-2148d8f1ccfd 333bf2e5f303413d8aed77880d042cba f40d13210421494c9dd598fd1f807fc0 - - default default] Successfully bumped revision number for resource 6d3500a3-688f-415b-abd3-cb7d36eea87a (type: security_group_rules) to 0
2026-04-22 19:47:36.710 10 INFO neutron.db.ovn_revision_numbers_db [None req-e354b2b3-436c-4fa1-94d8-2148d8f1ccfd 333bf2e5f303413d8aed77880d042cba f40d13210421494c9dd598fd1f807fc0 - - default default] Successfully bumped revision number for resource da36ff2d-ce3f-4fb9-8d72-37172af23f2e (type: security_group_rules) to 0
2026-04-22 19:47:36.782 10 INFO neutron.db.segments_db [None req-e354b2b3-436c-4fa1-94d8-2148d8f1ccfd 333bf2e5f303413d8aed77880d042cba f40d13210421494c9dd598fd1f807fc0 - - default default] Added segment cbde6a8b-c041-442a-b32c-2aa82c420c66 of type geneve for network 7157e932-2c25-494b-9fb1-d89d93360d8c
2026-04-22 19:47:36.862 9 INFO neutron.db.ovn_revision_numbers_db [None req-2479a406-e5cc-4023-bb6e-f43ce725e8bc - - - - - -] Successfully bumped revision number for resource 3ab41fde-613b-4291-813c-1001f13b850a (type: ports) to 2
2026-04-22 19:47:36.877 9 INFO neutron.api.wsgi [req-72bb4539-2d6a-469b-b4aa-828ea32228d1 req-925e06b1-54c6-4b84-a646-d69e46817fea 138328e575634c02914e66083a2af7df 5d0e0f19fe7044239f75823def78ae74 - - default default] 10.0.0.110 "GET /v2.0/ports?device_id=ad4db866-6184-40ca-82a8-36e4f0b6db84 HTTP/1.1" status: 200 len: 1168 time: 0.6703320 /var/lib/openstack/lib/python3.12/site-packages/pycadf/identifier.py:71: UserWarning: Invalid uuid: neutron. To ensure interoperability, identifiers should be a valid uuid. warnings.warn(('Invalid uuid: %s. To ensure interoperability, '
2026-04-22 19:47:36.903 10 INFO neutron.db.ovn_revision_numbers_db [None req-e354b2b3-436c-4fa1-94d8-2148d8f1ccfd 333bf2e5f303413d8aed77880d042cba f40d13210421494c9dd598fd1f807fc0 - - default default] Successfully bumped revision number for resource 7157e932-2c25-494b-9fb1-d89d93360d8c (type: networks) to 1
2026-04-22 19:47:36.939 9 INFO neutron.api.wsgi [req-72bb4539-2d6a-469b-b4aa-828ea32228d1 req-e4c75d78-1dae-4079-b3dd-2a7059bee48b 138328e575634c02914e66083a2af7df 5d0e0f19fe7044239f75823def78ae74 - - default default] 10.0.0.110 "GET /v2.0/security-groups?id=244d4304-1365-4a00-9cef-65ea9f68f1dc&fields=id&fields=name HTTP/1.1" status: 200 len: 313 time: 0.0541644
2026-04-22 19:47:36.950 9 WARNING neutron.scheduler.dhcp_agent_scheduler [req-2ffcdbc6-6ed0-4187-bde4-affa5ea7e416 req-0165b093-f959-4cb8-b330-37f4300e3492 ddfea3dd21c04d448b7bffc72d46c09a 5c820721ffa34e0daebc5f384071a949 - - default default] No more DHCP agents
2026-04-22 19:47:36.955 9 WARNING neutron.api.rpc.agentnotifiers.dhcp_rpc_agent_api [req-2ffcdbc6-6ed0-4187-bde4-affa5ea7e416 req-0165b093-f959-4cb8-b330-37f4300e3492 ddfea3dd21c04d448b7bffc72d46c09a 5c820721ffa34e0daebc5f384071a949 - - default default] Unable to schedule network 688b7d31-e5bf-4583-bdfd-a062003664c0: no agents available; will retry on subsequent port and subnet creation events.
2026-04-22 19:47:37.085 10 WARNING neutron.scheduler.dhcp_agent_scheduler [None req-e354b2b3-436c-4fa1-94d8-2148d8f1ccfd 333bf2e5f303413d8aed77880d042cba f40d13210421494c9dd598fd1f807fc0 - - default default] No more DHCP agents
2026-04-22 19:47:37.086 10 WARNING neutron.api.rpc.agentnotifiers.dhcp_rpc_agent_api [None req-e354b2b3-436c-4fa1-94d8-2148d8f1ccfd 333bf2e5f303413d8aed77880d042cba f40d13210421494c9dd598fd1f807fc0 - - default default] Unable to schedule network 7157e932-2c25-494b-9fb1-d89d93360d8c: no agents available; will retry on subsequent port and subnet creation events.
2026-04-22 19:47:37.130 9 INFO neutron.db.ovn_revision_numbers_db [req-2ffcdbc6-6ed0-4187-bde4-affa5ea7e416 req-0165b093-f959-4cb8-b330-37f4300e3492 ddfea3dd21c04d448b7bffc72d46c09a 5c820721ffa34e0daebc5f384071a949 - - default default] Successfully bumped revision number for resource 44cfef44-8560-4073-972a-7dbe4bdf8bb3 (type: ports) to 1
2026-04-22 19:47:37.153 10 INFO neutron.db.ovn_revision_numbers_db [None req-e354b2b3-436c-4fa1-94d8-2148d8f1ccfd 333bf2e5f303413d8aed77880d042cba f40d13210421494c9dd598fd1f807fc0 - - default default] Successfully bumped revision number for resource 0deb6f0d-4c7e-400e-8f62-0d0cbd191afa (type: ports) to 1
2026-04-22 19:47:37.170 9 INFO neutron.api.wsgi [req-2ffcdbc6-6ed0-4187-bde4-affa5ea7e416 req-0165b093-f959-4cb8-b330-37f4300e3492 ddfea3dd21c04d448b7bffc72d46c09a 5c820721ffa34e0daebc5f384071a949 - - default default] 199.19.213.47 "POST /v2.0/ports HTTP/1.1" status: 201 len: 1388 time: 1.2479157
2026-04-22 19:47:37.192 10 INFO neutron.api.wsgi [None req-e354b2b3-436c-4fa1-94d8-2148d8f1ccfd 333bf2e5f303413d8aed77880d042cba f40d13210421494c9dd598fd1f807fc0 - - default default] 10.0.0.103 "POST /v2.0/networks HTTP/1.1" status: 201 len: 847 time: 0.8336418 /var/lib/openstack/lib/python3.12/site-packages/pycadf/identifier.py:71: UserWarning: Invalid uuid: neutron. To ensure interoperability, identifiers should be a valid uuid. warnings.warn(('Invalid uuid: %s. To ensure interoperability, '
2026-04-22 19:47:37.590 9 INFO neutron.db.ovn_revision_numbers_db [req-2ffcdbc6-6ed0-4187-bde4-affa5ea7e416 req-530ce88e-0385-4dd0-9832-fc8a3e2b07e4 5b8bc9d8e0a74885a86066df41559879 5e1b14b435884ae1b334f182f97409c4 - - 383bb181a3304024b71730a456140254 383bb181a3304024b71730a456140254] Successfully bumped revision number for resource 44cfef44-8560-4073-972a-7dbe4bdf8bb3 (type: ports) to 2
2026-04-22 19:47:37.705 10 WARNING neutron_lib.context [None req-ad567c21-271c-4469-ad7b-104e0abf0241 333bf2e5f303413d8aed77880d042cba f40d13210421494c9dd598fd1f807fc0 - - default default] Method 'is_advsvc' is deprecated since 2023.2 release (neutron-lib 3.8.0) and will be removed once support for the old RBAC API policies will be removed from Neutron. Please use method 'is_service_role' instead.
2026-04-22 19:47:37.790 9 INFO neutron.db.ovn_revision_numbers_db [req-2ffcdbc6-6ed0-4187-bde4-affa5ea7e416 req-530ce88e-0385-4dd0-9832-fc8a3e2b07e4 5b8bc9d8e0a74885a86066df41559879 5e1b14b435884ae1b334f182f97409c4 - - 383bb181a3304024b71730a456140254 383bb181a3304024b71730a456140254] Successfully bumped revision number for resource 44cfef44-8560-4073-972a-7dbe4bdf8bb3 (type: ports) to 4
2026-04-22 19:47:37.815 9 INFO neutron.api.wsgi [req-2ffcdbc6-6ed0-4187-bde4-affa5ea7e416 req-530ce88e-0385-4dd0-9832-fc8a3e2b07e4 5b8bc9d8e0a74885a86066df41559879 5e1b14b435884ae1b334f182f97409c4 - - 383bb181a3304024b71730a456140254 383bb181a3304024b71730a456140254] 199.19.213.47 "PUT /v2.0/ports/44cfef44-8560-4073-972a-7dbe4bdf8bb3 HTTP/1.1" status: 200 len: 1633 time: 0.6367621
2026-04-22 19:47:37.849 9 INFO neutron.notifiers.nova [-] Nova event matching ['req-2b24955a-da9d-4890-93e0-3932b8bc6817'] response: {'name': 'network-changed', 'server_uuid': 'd6546452-21de-4846-93fe-7d328e3c1dd0', 'tag': '44cfef44-8560-4073-972a-7dbe4bdf8bb3', 'status': 'completed', 'code': 200}
2026-04-22 19:47:37.883 10 WARNING neutron.scheduler.dhcp_agent_scheduler [None req-ad567c21-271c-4469-ad7b-104e0abf0241 333bf2e5f303413d8aed77880d042cba f40d13210421494c9dd598fd1f807fc0 - - default default] No more DHCP agents
2026-04-22 19:47:37.884 10 WARNING neutron.api.rpc.agentnotifiers.dhcp_rpc_agent_api [None req-ad567c21-271c-4469-ad7b-104e0abf0241 333bf2e5f303413d8aed77880d042cba f40d13210421494c9dd598fd1f807fc0 - - default default] Unable to schedule network 7157e932-2c25-494b-9fb1-d89d93360d8c: no agents available; will retry on subsequent port and subnet creation events.
2026-04-22 19:47:37.913 10 INFO neutron.db.ovn_revision_numbers_db [None req-ad567c21-271c-4469-ad7b-104e0abf0241 333bf2e5f303413d8aed77880d042cba f40d13210421494c9dd598fd1f807fc0 - - default default] Successfully bumped revision number for resource 4f639752-f3bf-4e1c-a2a2-75dff82dcd40 (type: subnets) to 0
2026-04-22 19:47:37.932 10 INFO neutron.api.wsgi [None req-ad567c21-271c-4469-ad7b-104e0abf0241 333bf2e5f303413d8aed77880d042cba f40d13210421494c9dd598fd1f807fc0 - - default default] 10.0.0.103 "POST /v2.0/subnets HTTP/1.1" status: 201 len: 872 time: 0.2316988
2026-04-22 19:47:37.941 10 WARNING neutron_lib.context [None req-311e8175-c3c2-4a07-a669-8ee85f49b6e4 333bf2e5f303413d8aed77880d042cba f40d13210421494c9dd598fd1f807fc0 - - default default] Method 'is_advsvc' is deprecated since 2023.2 release (neutron-lib 3.8.0) and will be removed once support for the old RBAC API policies will be removed from Neutron. Please use method 'is_service_role' instead. /var/lib/openstack/lib/python3.12/site-packages/pycadf/identifier.py:71: UserWarning: Invalid uuid: neutron. To ensure interoperability, identifiers should be a valid uuid. warnings.warn(('Invalid uuid: %s. To ensure interoperability, '
2026-04-22 19:47:38.013 10 INFO neutron.db.segments_db [None req-311e8175-c3c2-4a07-a669-8ee85f49b6e4 333bf2e5f303413d8aed77880d042cba f40d13210421494c9dd598fd1f807fc0 - - default default] Added segment 5a99cc52-6fb9-435f-b9e5-a92e7d72e8ae of type geneve for network 7ebf7a1c-f347-4e05-ae1d-0d40f79cdd61
2026-04-22 19:47:38.043 9 INFO neutron.api.wsgi [req-a46a11e3-b0ad-44eb-bd58-097c46fe3b73 req-c0250cc0-b494-44c2-8960-42261a872154 138328e575634c02914e66083a2af7df 5d0e0f19fe7044239f75823def78ae74 - - default default] 10.0.0.110 "GET /v2.0/ports?device_id=ad4db866-6184-40ca-82a8-36e4f0b6db84 HTTP/1.1" status: 200 len: 1168 time: 0.0405045
2026-04-22 19:47:38.085 9 INFO neutron.api.wsgi [req-a46a11e3-b0ad-44eb-bd58-097c46fe3b73 req-4d5da496-5230-4d70-80cf-cec832b4db31 138328e575634c02914e66083a2af7df 5d0e0f19fe7044239f75823def78ae74 - - default default] 10.0.0.110 "GET /v2.0/security-groups?id=244d4304-1365-4a00-9cef-65ea9f68f1dc&fields=id&fields=name HTTP/1.1" status: 200 len: 313 time: 0.0343542
2026-04-22 19:47:38.129 10 INFO neutron.db.ovn_revision_numbers_db [None req-311e8175-c3c2-4a07-a669-8ee85f49b6e4 333bf2e5f303413d8aed77880d042cba f40d13210421494c9dd598fd1f807fc0 - - default default] Successfully bumped revision number for resource 7ebf7a1c-f347-4e05-ae1d-0d40f79cdd61 (type: networks) to 1
2026-04-22 19:47:38.292 10 WARNING neutron.scheduler.dhcp_agent_scheduler [None req-311e8175-c3c2-4a07-a669-8ee85f49b6e4 333bf2e5f303413d8aed77880d042cba f40d13210421494c9dd598fd1f807fc0 - - default default] No more DHCP agents
2026-04-22 19:47:38.293 10 WARNING neutron.api.rpc.agentnotifiers.dhcp_rpc_agent_api [None req-311e8175-c3c2-4a07-a669-8ee85f49b6e4 333bf2e5f303413d8aed77880d042cba f40d13210421494c9dd598fd1f807fc0 - - default default] Unable to schedule network 7ebf7a1c-f347-4e05-ae1d-0d40f79cdd61: no agents available; will retry on subsequent port and subnet creation events.
2026-04-22 19:47:38.353 10 INFO neutron.db.ovn_revision_numbers_db [None req-311e8175-c3c2-4a07-a669-8ee85f49b6e4 333bf2e5f303413d8aed77880d042cba f40d13210421494c9dd598fd1f807fc0 - - default default] Successfully bumped revision number for resource dd55b798-42dc-4276-a0bb-236246b20b58 (type: ports) to 1
2026-04-22 19:47:38.376 10 INFO neutron.api.wsgi [None req-311e8175-c3c2-4a07-a669-8ee85f49b6e4 333bf2e5f303413d8aed77880d042cba f40d13210421494c9dd598fd1f807fc0 - - default default] 10.0.0.103 "POST /v2.0/networks HTTP/1.1" status: 201 len: 847 time: 0.4389374
2026-04-22 19:47:38.396 9 INFO neutron.api.wsgi [req-2ecc738d-0a81-42b4-b7f5-99dce2027160 req-277d814b-b160-4ce2-b8cb-fcbcb9420250 5b8bc9d8e0a74885a86066df41559879 5e1b14b435884ae1b334f182f97409c4 - - 383bb181a3304024b71730a456140254 383bb181a3304024b71730a456140254] 199.19.213.47 "GET /v2.0/ports?tenant_id=5c820721ffa34e0daebc5f384071a949&device_id=d6546452-21de-4846-93fe-7d328e3c1dd0 HTTP/1.1" status: 200 len: 1636 time: 0.0355756
2026-04-22 19:47:38.452 9 INFO neutron.api.wsgi [req-2ecc738d-0a81-42b4-b7f5-99dce2027160 req-5fa7642a-cc2a-4ce8-b3f0-924bbf2a6db9 5b8bc9d8e0a74885a86066df41559879 5e1b14b435884ae1b334f182f97409c4 - - 383bb181a3304024b71730a456140254 383bb181a3304024b71730a456140254] 199.19.213.47 "GET /v2.0/networks?tenant_id=5c820721ffa34e0daebc5f384071a949&shared=False HTTP/1.1" status: 200 len: 2584 time: 0.0504854
2026-04-22 19:47:38.503 9 INFO neutron.api.wsgi [req-2ecc738d-0a81-42b4-b7f5-99dce2027160 req-4fbc3682-713a-47d1-ac6c-330d9693bebe 5b8bc9d8e0a74885a86066df41559879 5e1b14b435884ae1b334f182f97409c4 - - 383bb181a3304024b71730a456140254 383bb181a3304024b71730a456140254] 199.19.213.47 "GET /v2.0/networks?shared=True HTTP/1.1" status: 200 len: 952 time: 0.0455384
2026-04-22 19:47:38.528 10 INFO neutron.db.ovn_revision_numbers_db [None req-78807df5-e9ee-40b1-a350-1e8f24b970eb 333bf2e5f303413d8aed77880d042cba f40d13210421494c9dd598fd1f807fc0 - - default default] Successfully bumped revision number for resource 7ebf7a1c-f347-4e05-ae1d-0d40f79cdd61 (type: networks) to 2
2026-04-22 19:47:38.532 10 INFO neutron.api.wsgi [None req-78807df5-e9ee-40b1-a350-1e8f24b970eb 333bf2e5f303413d8aed77880d042cba f40d13210421494c9dd598fd1f807fc0 - - default default] 10.0.0.103 "PUT /v2.0/networks/7ebf7a1c-f347-4e05-ae1d-0d40f79cdd61 HTTP/1.1" status: 200 len: 792 time: 0.1501601
2026-04-22 19:47:38.542 10 WARNING neutron_lib.context [None req-4110fec4-280b-4f78-8aa3-7d1f3c228e79 333bf2e5f303413d8aed77880d042cba f40d13210421494c9dd598fd1f807fc0 - - default default] Method 'is_advsvc' is deprecated since 2023.2 release (neutron-lib 3.8.0) and will be removed once support for the old RBAC API policies will be removed from Neutron. Please use method 'is_service_role' instead.
2026-04-22 19:47:38.700 10 WARNING neutron.scheduler.dhcp_agent_scheduler [None req-4110fec4-280b-4f78-8aa3-7d1f3c228e79 333bf2e5f303413d8aed77880d042cba f40d13210421494c9dd598fd1f807fc0 - - default default] No more DHCP agents
2026-04-22 19:47:38.702 10 WARNING neutron.api.rpc.agentnotifiers.dhcp_rpc_agent_api [None req-4110fec4-280b-4f78-8aa3-7d1f3c228e79 333bf2e5f303413d8aed77880d042cba f40d13210421494c9dd598fd1f807fc0 - - default default] Unable to schedule network 7ebf7a1c-f347-4e05-ae1d-0d40f79cdd61: no agents available; will retry on subsequent port and subnet creation events.
2026-04-22 19:47:38.731 10 INFO neutron.db.ovn_revision_numbers_db [None req-4110fec4-280b-4f78-8aa3-7d1f3c228e79 333bf2e5f303413d8aed77880d042cba f40d13210421494c9dd598fd1f807fc0 - - default default] Successfully bumped revision number for resource 6a591fc8-bb37-4c17-8158-e17e4b2b61c8 (type: subnets) to 0
2026-04-22 19:47:38.744 10 INFO neutron.api.wsgi [None req-4110fec4-280b-4f78-8aa3-7d1f3c228e79 333bf2e5f303413d8aed77880d042cba f40d13210421494c9dd598fd1f807fc0 - - default default] 10.0.0.103 "POST /v2.0/subnets HTTP/1.1" status: 201 len: 845 time: 0.2061639
2026-04-22 19:47:39.224 10 INFO neutron.api.wsgi [req-7d638f04-50cb-43af-a11b-285baafc82c5 req-021d7be1-7f13-46d5-90e5-e6fba74397ff 138328e575634c02914e66083a2af7df 5d0e0f19fe7044239f75823def78ae74 - - default default] 10.0.0.110 "GET /v2.0/ports?device_id=ad4db866-6184-40ca-82a8-36e4f0b6db84 HTTP/1.1" status: 200 len: 1168 time: 0.0731246
2026-04-22 19:47:39.267 10 INFO neutron.api.wsgi [req-7d638f04-50cb-43af-a11b-285baafc82c5 req-43304b38-123a-45f9-a57b-3edecfb4e8d9 138328e575634c02914e66083a2af7df 5d0e0f19fe7044239f75823def78ae74 - - default default] 10.0.0.110 "GET /v2.0/security-groups?id=244d4304-1365-4a00-9cef-65ea9f68f1dc&fields=id&fields=name HTTP/1.1" status: 200 len: 313 time: 0.0364919
2026-04-22 19:47:39.366 10 INFO neutron.db.ovn_revision_numbers_db [None req-69c8276a-831c-43b7-9e9a-8dd19fec9094 - - - - - -] Successfully bumped revision number for resource dd55b798-42dc-4276-a0bb-236246b20b58 (type: ports) to 2
2026-04-22 19:47:39.398 10 INFO neutron.db.ovn_revision_numbers_db [None req-69c8276a-831c-43b7-9e9a-8dd19fec9094 - - - - - -] Successfully bumped revision number for resource 6a591fc8-bb37-4c17-8158-e17e4b2b61c8 (type: subnets) to 1
2026-04-22 19:47:39.401 10 INFO neutron.api.wsgi [None req-c632b127-8c7a-473d-9037-2580c1354e81 333bf2e5f303413d8aed77880d042cba f40d13210421494c9dd598fd1f807fc0 - - default default] 10.0.0.103 "PUT /v2.0/subnets/6a591fc8-bb37-4c17-8158-e17e4b2b61c8 HTTP/1.1" status: 200 len: 850 time: 0.6519682
2026-04-22 19:47:39.552 9 INFO neutron.api.wsgi [req-2ffcdbc6-6ed0-4187-bde4-affa5ea7e416 req-a99ad95a-5244-45bb-8837-183ef04fc86d 5b8bc9d8e0a74885a86066df41559879 5e1b14b435884ae1b334f182f97409c4 - - 383bb181a3304024b71730a456140254 383bb181a3304024b71730a456140254] 199.19.213.47 "GET /v2.0/ports?tenant_id=5c820721ffa34e0daebc5f384071a949&device_id=d6546452-21de-4846-93fe-7d328e3c1dd0 HTTP/1.1" status: 200 len: 1636 time: 0.0348372
2026-04-22 19:47:39.571 9 INFO neutron.api.wsgi [req-2ffcdbc6-6ed0-4187-bde4-affa5ea7e416 req-a9de88d1-c9e7-4a1d-9433-906cbdc2f5b0 5b8bc9d8e0a74885a86066df41559879 5e1b14b435884ae1b334f182f97409c4 - - 383bb181a3304024b71730a456140254 383bb181a3304024b71730a456140254] 199.19.213.47 "GET /v2.0/floatingips?fixed_ip_address=10.2.1.113&port_id=44cfef44-8560-4073-972a-7dbe4bdf8bb3 HTTP/1.1" status: 200 len: 217 time: 0.0148785
2026-04-22 19:47:39.594 9 INFO neutron.api.wsgi [req-2ffcdbc6-6ed0-4187-bde4-affa5ea7e416 req-e7d67e5d-77c3-4dbc-b6dd-b2252a307b6e 5b8bc9d8e0a74885a86066df41559879 5e1b14b435884ae1b334f182f97409c4 - - 383bb181a3304024b71730a456140254 383bb181a3304024b71730a456140254] 199.19.213.47 "GET /v2.0/floatingips?fixed_ip_address=fd7b%3Af9f7%3Afff%3A4eca%3A%3A2e1&port_id=44cfef44-8560-4073-972a-7dbe4bdf8bb3 HTTP/1.1" status: 200 len: 217 time: 0.0176804
2026-04-22 19:47:39.640 9 INFO neutron.api.wsgi [req-2ffcdbc6-6ed0-4187-bde4-affa5ea7e416 req-7e42fe34-70fc-4bdf-ad1f-9e6a4355d514 5b8bc9d8e0a74885a86066df41559879 5e1b14b435884ae1b334f182f97409c4 - - 383bb181a3304024b71730a456140254 383bb181a3304024b71730a456140254] 199.19.213.47 "GET /v2.0/subnets?id=91b3ba14-2676-49bd-af30-cc033b41a311&id=b88d972e-7464-4810-afaf-6d301e698699 HTTP/1.1" status: 200 len: 1610 time: 0.0390201
2026-04-22 19:47:39.664 9 INFO neutron.api.wsgi [req-2ffcdbc6-6ed0-4187-bde4-affa5ea7e416 req-1c118b9c-94af-4b71-9b0f-0d9130a9f1ec 5b8bc9d8e0a74885a86066df41559879 5e1b14b435884ae1b334f182f97409c4 - - 383bb181a3304024b71730a456140254 383bb181a3304024b71730a456140254] 199.19.213.47 "GET /v2.0/ports?network_id=688b7d31-e5bf-4583-bdfd-a062003664c0&device_owner=network%3Adhcp HTTP/1.1" status: 200 len: 210 time: 0.0192835
2026-04-22 19:47:39.683 9 INFO neutron.api.wsgi [req-2ffcdbc6-6ed0-4187-bde4-affa5ea7e416 req-d3102909-7f32-4b7b-97fc-f75e92cfb555 5b8bc9d8e0a74885a86066df41559879 5e1b14b435884ae1b334f182f97409c4 - - 383bb181a3304024b71730a456140254 383bb181a3304024b71730a456140254] 199.19.213.47 "GET /v2.0/ports?network_id=688b7d31-e5bf-4583-bdfd-a062003664c0&device_owner=network%3Adhcp HTTP/1.1" status: 200 len: 210 time: 0.0153482
2026-04-22 19:47:39.740 9 INFO neutron.api.wsgi [req-2ffcdbc6-6ed0-4187-bde4-affa5ea7e416 req-bc3e9ee4-b114-4ce2-8e91-c84157383dab 5b8bc9d8e0a74885a86066df41559879 5e1b14b435884ae1b334f182f97409c4 - - 383bb181a3304024b71730a456140254 383bb181a3304024b71730a456140254] 199.19.213.47 "GET /v2.0/networks/688b7d31-e5bf-4583-bdfd-a062003664c0?fields=segments HTTP/1.1" status: 200 len: 212 time: 0.0501759
2026-04-22 19:47:39.784 9 INFO neutron.api.wsgi [req-2ffcdbc6-6ed0-4187-bde4-affa5ea7e416 req-f5c1d250-5770-438e-8f3e-27ce88a084e4 5b8bc9d8e0a74885a86066df41559879 5e1b14b435884ae1b334f182f97409c4 - - 383bb181a3304024b71730a456140254 383bb181a3304024b71730a456140254] 199.19.213.47 "GET /v2.0/networks/688b7d31-e5bf-4583-bdfd-a062003664c0?fields=provider%3Aphysical_network&fields=provider%3Anetwork_type HTTP/1.1" status: 200 len: 277 time: 0.0411997
2026-04-22 19:47:39.815 10 INFO neutron.services.segments.plugin [-] Segment 5a99cc52-6fb9-435f-b9e5-a92e7d72e8ae resource provider aggregate not found
2026-04-22 19:47:39.819 10 INFO neutron.services.segments.plugin [-] Segment 5a99cc52-6fb9-435f-b9e5-a92e7d72e8ae resource provider aggregate not found
2026-04-22 19:47:39.826 10 INFO neutron.services.segments.plugin [-] Segment 5a99cc52-6fb9-435f-b9e5-a92e7d72e8ae resource provider not found; error: Placement Client Error (4xx): {"errors": [{"status": 404, "title": "Not Found", "detail": "The resource could not be found.\n\n No resource provider with uuid 5a99cc52-6fb9-435f-b9e5-a92e7d72e8ae found for delete ", "request_id": "req-3eb5e049-192d-4068-bf78-fa487c5dd648"}]}
2026-04-22 19:47:39.839 10 INFO neutron.services.segments.plugin [-] Segment 5a99cc52-6fb9-435f-b9e5-a92e7d72e8ae resource provider not found; error: Placement Client Error (4xx): {"errors": [{"status": 404, "title": "Not Found", "detail": "The resource could not be found.\n\n No resource provider with uuid 5a99cc52-6fb9-435f-b9e5-a92e7d72e8ae found for delete ", "request_id": "req-4e774465-df31-4134-8968-452cdd8961f7"}]}
2026-04-22 19:47:39.851 10 INFO neutron.api.wsgi [None req-46267d0a-a549-4212-bc48-e468ebace65e 333bf2e5f303413d8aed77880d042cba f40d13210421494c9dd598fd1f807fc0 - - default default] 10.0.0.103 "DELETE /v2.0/networks/7ebf7a1c-f347-4e05-ae1d-0d40f79cdd61 HTTP/1.1" status: 204 len: 168 time: 0.4442294
2026-04-22 19:47:39.866 10 INFO neutron.pecan_wsgi.hooks.translation [None req-21fec230-295b-47a4-b937-ea85b5c28cc3 333bf2e5f303413d8aed77880d042cba f40d13210421494c9dd598fd1f807fc0 - - default default] DELETE failed (client error): The resource could not be found.
2026-04-22 19:47:39.868 10 INFO neutron.api.wsgi [None req-21fec230-295b-47a4-b937-ea85b5c28cc3 333bf2e5f303413d8aed77880d042cba f40d13210421494c9dd598fd1f807fc0 - - default default] 10.0.0.103 "DELETE /v2.0/networks/7ebf7a1c-f347-4e05-ae1d-0d40f79cdd61 HTTP/1.1" status: 404 len: 339 time: 0.0119591
2026-04-22 19:47:39.923 10 INFO neutron.api.wsgi [None req-a9033301-8956-4a9d-b7d2-b5625d724216 333bf2e5f303413d8aed77880d042cba f40d13210421494c9dd598fd1f807fc0 - - default default] 10.0.0.103 "GET /v2.0/networks?router%3Aexternal=True HTTP/1.1" status: 200 len: 845 time: 0.0479124
2026-04-22 19:47:39.964 10 INFO neutron.api.wsgi [None req-348c98c7-09b2-4eb8-9f2e-17e9c8f1b10a 333bf2e5f303413d8aed77880d042cba f40d13210421494c9dd598fd1f807fc0 - - default default] 10.0.0.103 "GET /v2.0/subnets?network_id=65b9ae3a-a70d-4cb9-87fc-09a70acd4df8 HTTP/1.1" status: 200 len: 843 time: 0.0346944
2026-04-22 19:47:39.972 10 INFO neutron.api.wsgi [None req-65b5466c-730e-4f77-995f-856c3c60e87f 333bf2e5f303413d8aed77880d042cba f40d13210421494c9dd598fd1f807fc0 - - default default] 10.0.0.103 "GET /v2.0/extensions HTTP/1.1" status: 200 len: 19293 time: 0.0038598
2026-04-22 19:47:40.019 10 INFO neutron.api.wsgi [None req-8770baaa-9783-434a-aafa-9d6de9a3b16b 333bf2e5f303413d8aed77880d042cba f40d13210421494c9dd598fd1f807fc0 - - default default] 10.0.0.103 "GET /v2.0/networks HTTP/1.1" status: 200 len: 1508 time: 0.0411496
2026-04-22 19:47:40.056 10 INFO neutron.api.wsgi [None req-ace99c09-fda0-4746-a5d9-05e87cb20aef 333bf2e5f303413d8aed77880d042cba f40d13210421494c9dd598fd1f807fc0 - - default default] 10.0.0.103 "GET /v2.0/subnets HTTP/1.1" status: 200 len: 1507 time: 0.0292296
2026-04-22 19:47:40.111 10 INFO neutron.api.wsgi [None req-4bf53fcc-0ae4-47b9-8549-efa8916618cb 333bf2e5f303413d8aed77880d042cba f40d13210421494c9dd598fd1f807fc0 - - default default] 10.0.0.103 "GET /v2.0/networks/7157e932-2c25-494b-9fb1-d89d93360d8c HTTP/1.1" status: 200 len: 867 time: 0.0490847
2026-04-22 19:47:40.139 10 INFO neutron.api.wsgi [None req-5ff21c64-ee0c-426e-98af-5b2a80a66091 333bf2e5f303413d8aed77880d042cba f40d13210421494c9dd598fd1f807fc0 - - default default] 10.0.0.103 "GET /v2.0/subnets/4f639752-f3bf-4e1c-a2a2-75dff82dcd40 HTTP/1.1" status: 200 len: 867 time: 0.0219102
2026-04-22 19:47:40.158 10 INFO neutron.pecan_wsgi.hooks.translation [None req-007b61d9-dd24-4e00-952a-ab3b6eedc93d 333bf2e5f303413d8aed77880d042cba f40d13210421494c9dd598fd1f807fc0 - - default default] DELETE failed (client error): The resource could not be found.
2026-04-22 19:47:40.161 10 INFO neutron.api.wsgi [None req-007b61d9-dd24-4e00-952a-ab3b6eedc93d 333bf2e5f303413d8aed77880d042cba f40d13210421494c9dd598fd1f807fc0 - - default default] 10.0.0.103 "DELETE /v2.0/subnets/6a591fc8-bb37-4c17-8158-e17e4b2b61c8 HTTP/1.1" status: 404 len: 337 time: 0.0132117
2026-04-22 19:47:40.183 9 INFO neutron.pecan_wsgi.hooks.translation [None req-8396284b-bc6c-4e51-a8df-b35578f6c0d0 333bf2e5f303413d8aed77880d042cba f40d13210421494c9dd598fd1f807fc0 - - default default] DELETE failed (client error): The resource could not be found.
2026-04-22 19:47:40.185 9 INFO neutron.api.wsgi [None req-8396284b-bc6c-4e51-a8df-b35578f6c0d0 333bf2e5f303413d8aed77880d042cba f40d13210421494c9dd598fd1f807fc0 - - default default] 10.0.0.103 "DELETE /v2.0/networks/7ebf7a1c-f347-4e05-ae1d-0d40f79cdd61 HTTP/1.1" status: 404 len: 339 time: 0.0169113
2026-04-22 19:47:40.322 9 INFO neutron.api.wsgi [None req-c5ddb8f5-4d8a-4879-8248-243fedce1106 333bf2e5f303413d8aed77880d042cba f40d13210421494c9dd598fd1f807fc0 - - default default] 10.0.0.103 "DELETE /v2.0/subnets/4f639752-f3bf-4e1c-a2a2-75dff82dcd40 HTTP/1.1" status: 204 len: 168 time: 0.1321352
2026-04-22 19:47:40.386 9 INFO neutron.api.wsgi [req-5af23aa9-cbfb-4397-a504-a8d5f28ac8f0 req-f87d3003-62d5-4099-901e-8201ffe056f6 138328e575634c02914e66083a2af7df 5d0e0f19fe7044239f75823def78ae74 - - default default] 10.0.0.110 "GET /v2.0/ports?device_id=ad4db866-6184-40ca-82a8-36e4f0b6db84 HTTP/1.1" status: 200 len: 1168 time: 0.0593073
2026-04-22 19:47:40.434 9 INFO neutron.api.wsgi [req-5af23aa9-cbfb-4397-a504-a8d5f28ac8f0 req-950ed2d6-c8b2-4b47-a5c0-a4f99a7166f7 138328e575634c02914e66083a2af7df 5d0e0f19fe7044239f75823def78ae74 - - default default] 10.0.0.110 "GET /v2.0/security-groups?id=244d4304-1365-4a00-9cef-65ea9f68f1dc&fields=id&fields=name HTTP/1.1" status: 200 len: 313 time: 0.0398486
2026-04-22 19:47:40.656 9 INFO neutron.services.segments.plugin [-] Segment cbde6a8b-c041-442a-b32c-2aa82c420c66 resource provider aggregate not found
2026-04-22 19:47:40.660 9 INFO neutron.services.segments.plugin [-] Segment cbde6a8b-c041-442a-b32c-2aa82c420c66 resource provider aggregate not found
2026-04-22 19:47:40.674 9 INFO neutron.services.segments.plugin [-] Segment cbde6a8b-c041-442a-b32c-2aa82c420c66 resource provider not found; error: Placement Client Error (4xx): {"errors": [{"status": 404, "title": "Not Found", "detail": "The resource could not be found.\n\n No resource provider with uuid cbde6a8b-c041-442a-b32c-2aa82c420c66 found for delete ", "request_id": "req-221433f9-09b8-4965-bfc4-3e898648878f"}]}
2026-04-22 19:47:40.676 9 INFO neutron.services.segments.plugin [-] Segment cbde6a8b-c041-442a-b32c-2aa82c420c66 resource provider not found; error: Placement Client Error (4xx): {"errors": [{"status": 404, "title": "Not Found", "detail": "The resource could not be found.\n\n No resource provider with uuid cbde6a8b-c041-442a-b32c-2aa82c420c66 found for delete ", "request_id": "req-1aca2f9f-ce04-497a-ba58-54c3ff8d1402"}]}
2026-04-22 19:47:40.682 9 INFO neutron.api.wsgi [None req-4fa5a704-0f89-4894-8f9b-c773394fdade 333bf2e5f303413d8aed77880d042cba f40d13210421494c9dd598fd1f807fc0 - - default default] 10.0.0.103 "DELETE /v2.0/networks/7157e932-2c25-494b-9fb1-d89d93360d8c HTTP/1.1" status: 204 len: 168 time: 0.3553927
2026-04-22 19:47:41.316 10 INFO neutron.api.wsgi [None req-40762cd6-b89c-45ee-858e-6c7b6db5345b 1b0876df02334129b92b2d722f1cd77c 0260cfb263d24a3c98a9634187bd71e5 - - default default] 10.0.0.103 "GET /v2.0/security-groups?tenant_id=f40d13210421494c9dd598fd1f807fc0&name=default HTTP/1.1" status: 200 len: 3120 time: 0.1128521
2026-04-22 19:47:41.456 9 WARNING neutron.plugins.ml2.drivers.ovn.mech_driver.ovsdb.ovn_client [None req-30d7e33b-1343-4a1f-86c0-0b744733eeec - - - - - -] No hosting information found for port 3ab41fde-613b-4291-813c-1001f13b850a: RuntimeError: No hosting information found for port 3ab41fde-613b-4291-813c-1001f13b850a
2026-04-22 19:47:41.525 9 INFO neutron.db.ovn_revision_numbers_db [None req-30d7e33b-1343-4a1f-86c0-0b744733eeec - - - - - -] Successfully bumped revision number for resource 3ab41fde-613b-4291-813c-1001f13b850a (type: router_ports) to 2
2026-04-22 19:47:41.531 10 INFO neutron.api.wsgi [None req-f45dcd71-a802-4044-b027-5515a41b79ae 1b0876df02334129b92b2d722f1cd77c 0260cfb263d24a3c98a9634187bd71e5 - - default default] 10.0.0.103 "DELETE /v2.0/security-groups/f95b12a6-f8e5-4e71-8233-dfd84de7d6a7 HTTP/1.1" status: 204 len: 168 time: 0.2086291
2026-04-22 19:47:41.539 10 INFO neutron.api.wsgi [req-82a2726e-d679-4e9b-9500-5a9f7ac0e7c0 req-2fdeb135-40e7-43ba-9502-5e598d68d822 138328e575634c02914e66083a2af7df 5d0e0f19fe7044239f75823def78ae74 - - default default] 10.0.0.110 "GET /v2.0/ports?device_id=ad4db866-6184-40ca-82a8-36e4f0b6db84 HTTP/1.1" status: 200 len: 1168 time: 0.0406394
2026-04-22 19:47:41.565 9 INFO neutron.plugins.ml2.drivers.ovn.mech_driver.mech_driver [None req-30d7e33b-1343-4a1f-86c0-0b744733eeec - - - - - -] OVN reports status up for port: dd462cae-b48c-431e-b0ae-77983edc0a46
2026-04-22 19:47:41.575 9 INFO neutron.plugins.ml2.plugin [None req-30d7e33b-1343-4a1f-86c0-0b744733eeec - - - - - -] Attempt 1 to provision port dd462cae-b48c-431e-b0ae-77983edc0a46
2026-04-22 19:47:41.578 10 INFO neutron.api.wsgi [req-82a2726e-d679-4e9b-9500-5a9f7ac0e7c0 req-ef36f454-6eff-47e9-beee-b312fcdb6c50 138328e575634c02914e66083a2af7df 5d0e0f19fe7044239f75823def78ae74 - - default default] 10.0.0.110 "GET /v2.0/security-groups?id=244d4304-1365-4a00-9cef-65ea9f68f1dc&fields=id&fields=name HTTP/1.1" status: 200 len: 313 time: 0.0319436
2026-04-22 19:47:41.670 9 INFO neutron.notifiers.nova [-] Nova event matching ['req-6cccdf9b-8fa6-4218-b321-bd35e5a1248e'] response: {'server_uuid': 'ad4db866-6184-40ca-82a8-36e4f0b6db84', 'name': 'network-vif-plugged', 'status': 'completed', 'tag': 'dd462cae-b48c-431e-b0ae-77983edc0a46', 'code': 200}
2026-04-22 19:47:41.733 9 INFO neutron.api.wsgi [req-7edb1bbb-8b10-48e0-bb8f-8d551e7070bc req-bc7847e5-4eaf-4b39-8930-f092866dab3a ddfea3dd21c04d448b7bffc72d46c09a 5c820721ffa34e0daebc5f384071a949 - - default default] 10.0.0.110 "GET /v2.0/ports?device_id=d6546452-21de-4846-93fe-7d328e3c1dd0 HTTP/1.1" status: 200 len: 1398 time: 0.0721209
2026-04-22 19:47:41.777 9 INFO neutron.api.wsgi [req-7edb1bbb-8b10-48e0-bb8f-8d551e7070bc req-3d7bab73-7afa-4894-8cd0-5e9f0dfb0e8b ddfea3dd21c04d448b7bffc72d46c09a 5c820721ffa34e0daebc5f384071a949 - - default default] 10.0.0.110 "GET /v2.0/security-groups?id=9dafe2e2-aacb-4896-b1f6-d4248d7d3ff7&fields=id&fields=name HTTP/1.1" status: 200 len: 310 time: 0.0370803
2026-04-22 19:47:41.795 9 INFO neutron.db.ovn_revision_numbers_db [None req-30d7e33b-1343-4a1f-86c0-0b744733eeec - - - - - -] Successfully bumped revision number for resource dd462cae-b48c-431e-b0ae-77983edc0a46 (type: ports) to 5
2026-04-22 19:47:41.957 9 INFO neutron.plugins.ml2.drivers.ovn.mech_driver.mech_driver [None req-ff1f4bbd-e2a1-4de4-afac-f9be69e8167c - - - - - -] OVN reports status up for port: 44cfef44-8560-4073-972a-7dbe4bdf8bb3
2026-04-22 19:47:41.979 9 INFO neutron.plugins.ml2.plugin [None req-ff1f4bbd-e2a1-4de4-afac-f9be69e8167c - - - - - -] Attempt 1 to provision port 44cfef44-8560-4073-972a-7dbe4bdf8bb3
2026-04-22 19:47:42.292 9 INFO neutron.db.ovn_revision_numbers_db [None req-ff1f4bbd-e2a1-4de4-afac-f9be69e8167c - - - - - -] Successfully bumped revision number for resource 44cfef44-8560-4073-972a-7dbe4bdf8bb3 (type: ports) to 5 /var/lib/openstack/lib/python3.12/site-packages/pycadf/identifier.py:71: UserWarning: Invalid uuid: neutron. To ensure interoperability, identifiers should be a valid uuid. warnings.warn(('Invalid uuid: %s. To ensure interoperability, '
2026-04-22 19:47:42.708 9 INFO neutron.api.wsgi [req-cf45a7aa-d01a-4bd6-9494-cf66e9b99040 req-3b416a30-aa8e-4b77-aeb3-f0d6e0314a33 138328e575634c02914e66083a2af7df 5d0e0f19fe7044239f75823def78ae74 - - default default] 10.0.0.110 "GET /v2.0/ports?device_id=ad4db866-6184-40ca-82a8-36e4f0b6db84 HTTP/1.1" status: 200 len: 1170 time: 0.0723679
2026-04-22 19:47:42.750 9 INFO neutron.api.wsgi [req-cf45a7aa-d01a-4bd6-9494-cf66e9b99040 req-3ed9e6fd-2583-4d2e-8258-c51b15fda0a6 138328e575634c02914e66083a2af7df 5d0e0f19fe7044239f75823def78ae74 - - default default] 10.0.0.110 "GET /v2.0/security-groups?id=244d4304-1365-4a00-9cef-65ea9f68f1dc&fields=id&fields=name HTTP/1.1" status: 200 len: 313 time: 0.0358686
2026-04-22 19:47:43.371 9 WARNING neutron_lib.context [None req-af53ccbc-90fc-42ef-b492-ba1067e65917 0ca41f77846e40139841667b925eaa62 13537b69a8ea465cb4c02cb52880d126 - - default default] Method 'is_advsvc' is deprecated since 2023.2 release (neutron-lib 3.8.0) and will be removed once support for the old RBAC API policies will be removed from Neutron. Please use method 'is_service_role' instead.
2026-04-22 19:47:43.523 9 INFO neutron.db.ovn_revision_numbers_db [None req-af53ccbc-90fc-42ef-b492-ba1067e65917 0ca41f77846e40139841667b925eaa62 13537b69a8ea465cb4c02cb52880d126 - - default default] Successfully bumped revision number for resource 1c5b08d9-8d8c-47f8-ab9d-6b5d98abb9a4 (type: security_groups) to 1
2026-04-22 19:47:43.536 9 INFO neutron.db.ovn_revision_numbers_db [None req-af53ccbc-90fc-42ef-b492-ba1067e65917 0ca41f77846e40139841667b925eaa62 13537b69a8ea465cb4c02cb52880d126 - - default default] Successfully bumped revision number for resource 1259ff2f-d725-4f92-90bf-44091e340e88 (type: security_group_rules) to 0
2026-04-22 19:47:43.549 9 INFO neutron.db.ovn_revision_numbers_db [None req-af53ccbc-90fc-42ef-b492-ba1067e65917 0ca41f77846e40139841667b925eaa62 13537b69a8ea465cb4c02cb52880d126 - - default default] Successfully bumped revision number for resource 22d03901-7e3a-45c5-a093-c4249368984a (type: security_group_rules) to 0
2026-04-22 19:47:43.562 9 INFO neutron.db.ovn_revision_numbers_db [None req-af53ccbc-90fc-42ef-b492-ba1067e65917 0ca41f77846e40139841667b925eaa62 13537b69a8ea465cb4c02cb52880d126 - - default default] Successfully bumped revision number for resource 3fa4db23-257e-4bed-978c-bfb290391313 (type: security_group_rules) to 0
2026-04-22 19:47:43.574 9 INFO neutron.db.ovn_revision_numbers_db [None req-af53ccbc-90fc-42ef-b492-ba1067e65917 0ca41f77846e40139841667b925eaa62 13537b69a8ea465cb4c02cb52880d126 - - default default] Successfully bumped revision number for resource 4d26ab0c-9b47-41cb-a94f-61701234083a (type: security_group_rules) to 0
2026-04-22 19:47:43.655 9 INFO neutron.db.segments_db [None req-af53ccbc-90fc-42ef-b492-ba1067e65917 0ca41f77846e40139841667b925eaa62 13537b69a8ea465cb4c02cb52880d126 - - default default] Added segment 68de4bd0-4b2e-4e4f-bdf8-14665d44d1ee of type geneve for network 28983785-6e8e-4f9e-8114-1a9b0800aa0f
2026-04-22 19:47:43.707 9 INFO neutron.notifiers.nova [-] Nova event matching ['req-2668b95a-5f17-4dbd-9636-33838ef88f57'] response: {'server_uuid': 'ad4db866-6184-40ca-82a8-36e4f0b6db84', 'name': 'network-vif-plugged', 'status': 'completed', 'tag': 'dd462cae-b48c-431e-b0ae-77983edc0a46', 'code': 200}
2026-04-22 19:47:43.707 9 INFO neutron.notifiers.nova [-] Nova event matching ['req-2668b95a-5f17-4dbd-9636-33838ef88f57'] response: {'server_uuid': 'd6546452-21de-4846-93fe-7d328e3c1dd0', 'name': 'network-vif-plugged', 'status': 'completed', 'tag': '44cfef44-8560-4073-972a-7dbe4bdf8bb3', 'code': 200}
2026-04-22 19:47:43.707 9 INFO neutron.notifiers.nova [-] Nova event matching ['req-2668b95a-5f17-4dbd-9636-33838ef88f57'] response: {'server_uuid': 'd6546452-21de-4846-93fe-7d328e3c1dd0', 'name': 'network-vif-plugged', 'status': 'completed', 'tag': '44cfef44-8560-4073-972a-7dbe4bdf8bb3', 'code': 200}
2026-04-22 19:47:43.777 9 INFO neutron.db.ovn_revision_numbers_db [None req-af53ccbc-90fc-42ef-b492-ba1067e65917 0ca41f77846e40139841667b925eaa62 13537b69a8ea465cb4c02cb52880d126 - - default default] Successfully bumped revision number for resource 28983785-6e8e-4f9e-8114-1a9b0800aa0f (type: networks) to 1
2026-04-22 19:47:43.849 9 INFO neutron.api.wsgi [req-34078fd7-c9dd-4a04-8892-7657f0ea96ea req-d8179ae6-5ec5-4128-8350-f914298fda6d 138328e575634c02914e66083a2af7df 5d0e0f19fe7044239f75823def78ae74 - - default default] 10.0.0.110 "GET /v2.0/ports?device_id=ad4db866-6184-40ca-82a8-36e4f0b6db84 HTTP/1.1" status: 200 len: 1170 time: 0.0384912
2026-04-22 19:47:43.895 9 INFO neutron.api.wsgi [req-34078fd7-c9dd-4a04-8892-7657f0ea96ea req-8c44350d-2a33-4470-9676-d65503b32f85 138328e575634c02914e66083a2af7df 5d0e0f19fe7044239f75823def78ae74 - - default default] 10.0.0.110 "GET /v2.0/security-groups?id=244d4304-1365-4a00-9cef-65ea9f68f1dc&fields=id&fields=name HTTP/1.1" status: 200 len: 313 time: 0.0393963
2026-04-22 19:47:43.970 9 WARNING neutron.scheduler.dhcp_agent_scheduler [None req-af53ccbc-90fc-42ef-b492-ba1067e65917 0ca41f77846e40139841667b925eaa62 13537b69a8ea465cb4c02cb52880d126 - - default default] No more DHCP agents
2026-04-22 19:47:43.971 9 WARNING neutron.api.rpc.agentnotifiers.dhcp_rpc_agent_api [None req-af53ccbc-90fc-42ef-b492-ba1067e65917 0ca41f77846e40139841667b925eaa62 13537b69a8ea465cb4c02cb52880d126 - - default default] Unable to schedule network 28983785-6e8e-4f9e-8114-1a9b0800aa0f: no agents available; will retry on subsequent port and subnet creation events.
2026-04-22 19:47:43.998 10 INFO neutron.api.wsgi [req-ea7d6b92-f339-41d0-b108-909875ae602d req-6cb49e2b-96ef-4d4e-8717-e50e96ef88b3 138328e575634c02914e66083a2af7df 5d0e0f19fe7044239f75823def78ae74 - - default default] 10.0.0.110 "GET /v2.0/ports?device_id=ad4db866-6184-40ca-82a8-36e4f0b6db84 HTTP/1.1" status: 200 len: 1170 time: 0.0349576
2026-04-22 19:47:44.029 9 INFO neutron.db.ovn_revision_numbers_db [None req-af53ccbc-90fc-42ef-b492-ba1067e65917 0ca41f77846e40139841667b925eaa62 13537b69a8ea465cb4c02cb52880d126 - - default default] Successfully bumped revision number for resource 0fe90bfc-53a3-4ecc-8f9e-3a8612843a4b (type: ports) to 1
2026-04-22 19:47:44.034 10 INFO neutron.api.wsgi [req-ea7d6b92-f339-41d0-b108-909875ae602d req-ec2bc909-9ee5-4720-9141-f1a6a4456409 138328e575634c02914e66083a2af7df 5d0e0f19fe7044239f75823def78ae74 - - default default] 10.0.0.110 "GET /v2.0/security-groups?id=244d4304-1365-4a00-9cef-65ea9f68f1dc&fields=id&fields=name HTTP/1.1" status: 200 len: 313 time: 0.0306294
2026-04-22 19:47:44.055 9 INFO neutron.api.wsgi [None req-af53ccbc-90fc-42ef-b492-ba1067e65917 0ca41f77846e40139841667b925eaa62 13537b69a8ea465cb4c02cb52880d126 - - default default] 10.0.0.103 "POST /v2.0/networks HTTP/1.1" status: 201 len: 842 time: 0.7921638
2026-04-22 19:47:44.089 9 INFO neutron.api.wsgi [None req-981d79d2-df17-4080-9957-c0c20d2a5ff9 2cd08e5320ff451391e3520b805bbda2 7acf643cdb194249a628afac27bf81b1 - - default default] 10.0.0.103 "GET /v2.0/ports?device_id=ad4db866-6184-40ca-82a8-36e4f0b6db84 HTTP/1.1" status: 200 len: 1404 time: 0.0294075
2026-04-22 19:47:44.103 10 WARNING neutron_lib.context [None req-c5135b50-ce25-49a3-992d-49eaba064449 0ca41f77846e40139841667b925eaa62 13537b69a8ea465cb4c02cb52880d126 - - default default] Method 'is_advsvc' is deprecated since 2023.2 release (neutron-lib 3.8.0) and will be removed once support for the old RBAC API policies will be removed from Neutron. Please use method 'is_service_role' instead.
2026-04-22 19:47:44.319 10 WARNING neutron.scheduler.dhcp_agent_scheduler [None req-c5135b50-ce25-49a3-992d-49eaba064449 0ca41f77846e40139841667b925eaa62 13537b69a8ea465cb4c02cb52880d126 - - default default] No more DHCP agents
2026-04-22 19:47:44.320 10 WARNING neutron.api.rpc.agentnotifiers.dhcp_rpc_agent_api [None req-c5135b50-ce25-49a3-992d-49eaba064449 0ca41f77846e40139841667b925eaa62 13537b69a8ea465cb4c02cb52880d126 - - default default] Unable to schedule network 28983785-6e8e-4f9e-8114-1a9b0800aa0f: no agents available; will retry on subsequent port and subnet creation events.
2026-04-22 19:47:44.555 9 INFO neutron.db.ovn_revision_numbers_db [None req-0cc8a636-83e9-4ecf-bb7e-3c5ef1d64006 138328e575634c02914e66083a2af7df 5d0e0f19fe7044239f75823def78ae74 - - default default] Successfully bumped revision number for resource 576cd6f3-46c3-417b-874d-90ebcbe6ebc8 (type: floatingips) to 4
2026-04-22 19:47:44.684 9 INFO neutron.db.ovn_revision_numbers_db [None req-0cc8a636-83e9-4ecf-bb7e-3c5ef1d64006 138328e575634c02914e66083a2af7df 5d0e0f19fe7044239f75823def78ae74 - - default default] Successfully bumped revision number for resource 576cd6f3-46c3-417b-874d-90ebcbe6ebc8 (type: floatingips) to 5
2026-04-22 19:47:44.685 9 INFO neutron.db.l3_db [None req-0cc8a636-83e9-4ecf-bb7e-3c5ef1d64006 138328e575634c02914e66083a2af7df 5d0e0f19fe7044239f75823def78ae74 - - default default] Floating IP 576cd6f3-46c3-417b-874d-90ebcbe6ebc8 associated. External IP: 10.96.250.214, port: dd462cae-b48c-431e-b0ae-77983edc0a46.
2026-04-22 19:47:44.714 9 INFO neutron.api.wsgi [None req-0cc8a636-83e9-4ecf-bb7e-3c5ef1d64006 138328e575634c02914e66083a2af7df 5d0e0f19fe7044239f75823def78ae74 - - default default] 10.0.0.103 "PUT /v2.0/floatingips/576cd6f3-46c3-417b-874d-90ebcbe6ebc8 HTTP/1.1" status: 200 len: 1049 time: 0.6197176
2026-04-22 19:47:44.754 9 INFO neutron.api.wsgi [None req-b8b594c8-ae49-40cf-98a5-87768f71d850 138328e575634c02914e66083a2af7df 5d0e0f19fe7044239f75823def78ae74 - - default default] 10.0.0.103 "GET /v2.0/floatingips/576cd6f3-46c3-417b-874d-90ebcbe6ebc8 HTTP/1.1" status: 200 len: 1051 time: 0.0348995
2026-04-22 19:47:44.862 10 INFO neutron.db.ovn_revision_numbers_db [None req-a873c00e-56b4-4a01-bee6-5a383ebae1a5 - - - - - -] Successfully bumped revision number for resource 0fe90bfc-53a3-4ecc-8f9e-3a8612843a4b (type: ports) to 2
2026-04-22 19:47:44.891 10 INFO neutron.db.ovn_revision_numbers_db [None req-a873c00e-56b4-4a01-bee6-5a383ebae1a5 - - - - - -] Successfully bumped revision number for resource 0d864cac-feaf-4686-86a9-edc5b5af50d5 (type: subnets) to 0
2026-04-22 19:47:44.910 10 INFO neutron.api.wsgi [None req-c5135b50-ce25-49a3-992d-49eaba064449 0ca41f77846e40139841667b925eaa62 13537b69a8ea465cb4c02cb52880d126 - - default default] 10.0.0.103 "POST /v2.0/subnets HTTP/1.1" status: 201 len: 840 time: 0.8112938 /var/lib/openstack/lib/python3.12/site-packages/pycadf/identifier.py:71: UserWarning: Invalid uuid: neutron. To ensure interoperability, identifiers should be a valid uuid. warnings.warn(('Invalid uuid: %s. To ensure interoperability, '
2026-04-22 19:47:44.922 10 WARNING neutron_lib.context [None req-b1816f6d-1f44-4dbe-a9d5-8376b3dc95e1 0ca41f77846e40139841667b925eaa62 13537b69a8ea465cb4c02cb52880d126 - - default default] Method 'is_advsvc' is deprecated since 2023.2 release (neutron-lib 3.8.0) and will be removed once support for the old RBAC API policies will be removed from Neutron. Please use method 'is_service_role' instead.
