2026-04-22 19:45:55.891 10 INFO neutron.api.wsgi [None req-26509735-72f9-4627-9e79-ca438bb6f16d 0de88f7cfb0449978249fb85af52fea2 0f5c0b7297024a4eb3f73b91b0132209 - - default default] 10.0.0.103 "POST /v2.0/floatingips HTTP/1.1" status: 201 len: 751 time: 0.6839001
2026-04-22 19:45:55.903 10 WARNING neutron_lib.context [None req-42ba9db3-65dd-45ab-9e0d-095f0450fa45 0de88f7cfb0449978249fb85af52fea2 0f5c0b7297024a4eb3f73b91b0132209 - - default default] Method 'is_advsvc' is deprecated since 2023.2 release (neutron-lib 3.8.0) and will be removed once support for the old RBAC API policies will be removed from Neutron. Please use method 'is_service_role' instead.
2026-04-22 19:45:56.051 9 WARNING neutron.plugins.ml2.drivers.ovn.mech_driver.ovsdb.ovn_client [None req-0e29a2a9-c0de-4288-ace2-ec58eb0822cb - - - - - -] No hosting information found for port 8715e6d4-c8a0-4ba5-80d2-fecb1e2f40ce: RuntimeError: No hosting information found for port 8715e6d4-c8a0-4ba5-80d2-fecb1e2f40ce
2026-04-22 19:45:56.129 9 INFO neutron.db.ovn_revision_numbers_db [None req-0e29a2a9-c0de-4288-ace2-ec58eb0822cb - - - - - -] Successfully bumped revision number for resource 8715e6d4-c8a0-4ba5-80d2-fecb1e2f40ce (type: router_ports) to 2
2026-04-22 19:45:56.141 9 WARNING neutron.scheduler.dhcp_agent_scheduler [None req-8ce40cf8-7b5a-422a-9366-28ed076ed507 04f65e3897904dc5be19191d7568e90b 2a2e4b75482e43a5847393796ffb3d6f - - default default] No more DHCP agents
2026-04-22 19:45:56.142 9 WARNING neutron.api.rpc.agentnotifiers.dhcp_rpc_agent_api [None req-8ce40cf8-7b5a-422a-9366-28ed076ed507 04f65e3897904dc5be19191d7568e90b 2a2e4b75482e43a5847393796ffb3d6f - - default default] Unable to schedule network a2e24f51-83d0-4d50-a8db-c9314f9c869c: no agents available; will retry on subsequent port and subnet creation events.
2026-04-22 19:45:56.145 10 WARNING neutron.scheduler.dhcp_agent_scheduler [None req-42ba9db3-65dd-45ab-9e0d-095f0450fa45 0de88f7cfb0449978249fb85af52fea2 0f5c0b7297024a4eb3f73b91b0132209 - - default default] No more DHCP agents
2026-04-22 19:45:56.146 10 WARNING neutron.api.rpc.agentnotifiers.dhcp_rpc_agent_api [None req-42ba9db3-65dd-45ab-9e0d-095f0450fa45 0de88f7cfb0449978249fb85af52fea2 0f5c0b7297024a4eb3f73b91b0132209 - - default default] Unable to schedule network 65b9ae3a-a70d-4cb9-87fc-09a70acd4df8: no agents available; will retry on subsequent port and subnet creation events.
2026-04-22 19:45:56.168 9 INFO neutron.plugins.ml2.drivers.ovn.mech_driver.mech_driver [None req-0e29a2a9-c0de-4288-ace2-ec58eb0822cb - - - - - -] OVN reports status up for port: 78c79afd-94c4-4f8a-a375-2c1a2cefc48e
2026-04-22 19:45:56.175 9 INFO neutron.plugins.ml2.plugin [None req-0e29a2a9-c0de-4288-ace2-ec58eb0822cb - - - - - -] Attempt 1 to provision port 78c79afd-94c4-4f8a-a375-2c1a2cefc48e
2026-04-22 19:45:56.225 9 INFO neutron.db.ovn_revision_numbers_db [None req-8ce40cf8-7b5a-422a-9366-28ed076ed507 04f65e3897904dc5be19191d7568e90b 2a2e4b75482e43a5847393796ffb3d6f - - default default] Successfully bumped revision number for resource 79b48314-a981-45ef-a593-1ec7fc4c275e (type: ports) to 1
2026-04-22 19:45:56.374 10 INFO neutron.api.wsgi [None req-42ba9db3-65dd-45ab-9e0d-095f0450fa45 0de88f7cfb0449978249fb85af52fea2 0f5c0b7297024a4eb3f73b91b0132209 - - default default] 10.0.0.103 "POST /v2.0/floatingips HTTP/1.1" status: 201 len: 751 time: 0.4764934
2026-04-22 19:45:56.400 10 WARNING neutron_lib.context [None req-afd995f1-820d-4402-9f86-aa78efc2d4a5 0de88f7cfb0449978249fb85af52fea2 0f5c0b7297024a4eb3f73b91b0132209 - - default default] Method 'is_advsvc' is deprecated since 2023.2 release (neutron-lib 3.8.0) and will be removed once support for the old RBAC API policies will be removed from Neutron. Please use method 'is_service_role' instead.
2026-04-22 19:45:56.471 9 INFO neutron.api.wsgi [req-ab40f12b-65f7-4307-9984-0ba337926c91 req-4feb3b60-a2ae-4b7c-b869-7c1e62adcce2 137897a46f3444bf875fd96ed52acdc6 74bb8759db1044858ba571117f0be50c - - default default] 199.19.213.47 "GET /v2.0/networks?id=461d5e3a-330e-41f8-a4d6-1bd1acd4ec34 HTTP/1.1" status: 200 len: 875 time: 0.0651793
2026-04-22 19:45:56.535 9 INFO neutron.api.wsgi [req-ab40f12b-65f7-4307-9984-0ba337926c91 req-78b916eb-087b-4dfc-9be7-9fb857aaf961 137897a46f3444bf875fd96ed52acdc6 74bb8759db1044858ba571117f0be50c - - default default] 199.19.213.47 "GET /v2.0/security-groups?fields=id&fields=name&tenant_id=74bb8759db1044858ba571117f0be50c HTTP/1.1" status: 200 len: 379 time: 0.0561070
2026-04-22 19:45:56.545 9 WARNING neutron_lib.context [req-ab40f12b-65f7-4307-9984-0ba337926c91 req-5619d865-6341-4066-898b-9a3b1ec1a3fa 137897a46f3444bf875fd96ed52acdc6 74bb8759db1044858ba571117f0be50c - - default default] Method 'is_advsvc' is deprecated since 2023.2 release (neutron-lib 3.8.0) and will be removed once support for the old RBAC API policies will be removed from Neutron. Please use method 'is_service_role' instead.
2026-04-22 19:45:56.591 10 INFO neutron.api.wsgi [req-7aa55693-c1b3-4c3d-acd3-2927b1ce566e req-980de7da-baf0-4589-a775-4e032bafef00 137897a46f3444bf875fd96ed52acdc6 74bb8759db1044858ba571117f0be50c - - default default] 10.0.0.110 "GET /v2.0/ports?device_id=1f243ffe-0af6-4f85-bbd5-f1161dbd4280 HTTP/1.1" status: 200 len: 210 time: 0.0217330
2026-04-22 19:45:56.593 9 INFO neutron.db.ovn_revision_numbers_db [None req-0e29a2a9-c0de-4288-ace2-ec58eb0822cb - - - - - -] Successfully bumped revision number for resource 78c79afd-94c4-4f8a-a375-2c1a2cefc48e (type: ports) to 2
2026-04-22 19:45:56.621 10 WARNING neutron.scheduler.dhcp_agent_scheduler [None req-afd995f1-820d-4402-9f86-aa78efc2d4a5 0de88f7cfb0449978249fb85af52fea2 0f5c0b7297024a4eb3f73b91b0132209 - - default default] No more DHCP agents
2026-04-22 19:45:56.622 10 WARNING neutron.api.rpc.agentnotifiers.dhcp_rpc_agent_api [None req-afd995f1-820d-4402-9f86-aa78efc2d4a5 0de88f7cfb0449978249fb85af52fea2 0f5c0b7297024a4eb3f73b91b0132209 - - default default] Unable to schedule network 65b9ae3a-a70d-4cb9-87fc-09a70acd4df8: no agents available; will retry on subsequent port and subnet creation events.
2026-04-22 19:45:56.854 9 INFO neutron.db.ovn_revision_numbers_db [None req-8ce40cf8-7b5a-422a-9366-28ed076ed507 04f65e3897904dc5be19191d7568e90b 2a2e4b75482e43a5847393796ffb3d6f - - default default] Successfully bumped revision number for resource 79b48314-a981-45ef-a593-1ec7fc4c275e (type: ports) to 1
2026-04-22 19:45:56.861 9 WARNING neutron.scheduler.dhcp_agent_scheduler [req-ab40f12b-65f7-4307-9984-0ba337926c91 req-5619d865-6341-4066-898b-9a3b1ec1a3fa 137897a46f3444bf875fd96ed52acdc6 74bb8759db1044858ba571117f0be50c - - default default] No more DHCP agents
2026-04-22 19:45:56.862 9 WARNING neutron.api.rpc.agentnotifiers.dhcp_rpc_agent_api [req-ab40f12b-65f7-4307-9984-0ba337926c91 req-5619d865-6341-4066-898b-9a3b1ec1a3fa 137897a46f3444bf875fd96ed52acdc6 74bb8759db1044858ba571117f0be50c - - default default] Unable to schedule network 461d5e3a-330e-41f8-a4d6-1bd1acd4ec34: no agents available; will retry on subsequent port and subnet creation events.
2026-04-22 19:45:56.876 10 INFO neutron.api.wsgi [None req-afd995f1-820d-4402-9f86-aa78efc2d4a5 0de88f7cfb0449978249fb85af52fea2 0f5c0b7297024a4eb3f73b91b0132209 - - default default] 10.0.0.103 "POST /v2.0/floatingips HTTP/1.1" status: 201 len: 751 time: 0.4842350
2026-04-22 19:45:56.885 10 WARNING neutron_lib.context [None req-2270575d-de13-470a-959a-1f3f3d04361f 0de88f7cfb0449978249fb85af52fea2 0f5c0b7297024a4eb3f73b91b0132209 - - default default] Method 'is_advsvc' is deprecated since 2023.2 release (neutron-lib 3.8.0) and will be removed once support for the old RBAC API policies will be removed from Neutron. Please use method 'is_service_role' instead.
2026-04-22 19:45:56.908 9 WARNING neutron.scheduler.dhcp_agent_scheduler [None req-8ce40cf8-7b5a-422a-9366-28ed076ed507 04f65e3897904dc5be19191d7568e90b 2a2e4b75482e43a5847393796ffb3d6f - - default default] No more DHCP agents
2026-04-22 19:45:56.910 9 WARNING neutron.api.rpc.agentnotifiers.dhcp_rpc_agent_api [None req-8ce40cf8-7b5a-422a-9366-28ed076ed507 04f65e3897904dc5be19191d7568e90b 2a2e4b75482e43a5847393796ffb3d6f - - default default] Unable to schedule network a2e24f51-83d0-4d50-a8db-c9314f9c869c: no agents available; will retry on subsequent port and subnet creation events.
2026-04-22 19:45:57.013 9 INFO neutron.db.ovn_revision_numbers_db [req-ab40f12b-65f7-4307-9984-0ba337926c91 req-5619d865-6341-4066-898b-9a3b1ec1a3fa 137897a46f3444bf875fd96ed52acdc6 74bb8759db1044858ba571117f0be50c - - default default] Successfully bumped revision number for resource 2d45f94a-1ab7-4104-9709-a4c6a4481347 (type: ports) to 1
2026-04-22 19:45:57.038 9 INFO neutron.api.wsgi [req-ab40f12b-65f7-4307-9984-0ba337926c91 req-5619d865-6341-4066-898b-9a3b1ec1a3fa 137897a46f3444bf875fd96ed52acdc6 74bb8759db1044858ba571117f0be50c - - default default] 199.19.213.47 "POST /v2.0/ports HTTP/1.1" status: 201 len: 1158 time: 0.4982290 /var/lib/openstack/lib/python3.12/site-packages/pycadf/identifier.py:71: UserWarning: Invalid uuid: neutron. To ensure interoperability, identifiers should be a valid uuid. warnings.warn(('Invalid uuid: %s. To ensure interoperability, '
2026-04-22 19:45:57.116 10 WARNING neutron.scheduler.dhcp_agent_scheduler [None req-2270575d-de13-470a-959a-1f3f3d04361f 0de88f7cfb0449978249fb85af52fea2 0f5c0b7297024a4eb3f73b91b0132209 - - default default] No more DHCP agents
2026-04-22 19:45:57.116 10 WARNING neutron.api.rpc.agentnotifiers.dhcp_rpc_agent_api [None req-2270575d-de13-470a-959a-1f3f3d04361f 0de88f7cfb0449978249fb85af52fea2 0f5c0b7297024a4eb3f73b91b0132209 - - default default] Unable to schedule network 65b9ae3a-a70d-4cb9-87fc-09a70acd4df8: no agents available; will retry on subsequent port and subnet creation events.
2026-04-22 19:45:57.141 9 INFO neutron.db.ovn_revision_numbers_db [None req-8ce40cf8-7b5a-422a-9366-28ed076ed507 04f65e3897904dc5be19191d7568e90b 2a2e4b75482e43a5847393796ffb3d6f - - default default] Successfully bumped revision number for resource 79b48314-a981-45ef-a593-1ec7fc4c275e (type: router_ports) to 1
2026-04-22 19:45:57.146 9 INFO neutron.api.wsgi [None req-8ce40cf8-7b5a-422a-9366-28ed076ed507 04f65e3897904dc5be19191d7568e90b 2a2e4b75482e43a5847393796ffb3d6f - - default default] 10.0.0.103 "PUT /v2.0/routers/9070816e-c4f2-4ea7-a28c-1ca94f604949/add_router_interface HTTP/1.1" status: 200 len: 503 time: 1.6111062
2026-04-22 19:45:57.229 9 INFO neutron.api.wsgi [None req-6400ff3d-8d59-4435-8d7f-5030099d8a78 04f65e3897904dc5be19191d7568e90b 2a2e4b75482e43a5847393796ffb3d6f - - default default] 10.0.0.103 "GET /v2.0/ports/79b48314-a981-45ef-a593-1ec7fc4c275e HTTP/1.1" status: 200 len: 1147 time: 0.0790474
2026-04-22 19:45:57.265 9 INFO neutron.api.wsgi [None req-3f327ce4-d538-47a5-b71b-078b660188fa 04f65e3897904dc5be19191d7568e90b 2a2e4b75482e43a5847393796ffb3d6f - - default default] 10.0.0.103 "GET /v2.0/ports/79b48314-a981-45ef-a593-1ec7fc4c275e HTTP/1.1" status: 200 len: 1147 time: 0.0303876
2026-04-22 19:45:57.375 10 INFO neutron.db.ovn_revision_numbers_db [None req-1553d587-daba-4205-ae59-f264cdb99f60 1b0876df02334129b92b2d722f1cd77c 0260cfb263d24a3c98a9634187bd71e5 - - default default] Successfully bumped revision number for resource e03d7283-1de3-495f-9c01-029c9f0117e6 (type: security_groups) to 1
2026-04-22 19:45:57.391 10 INFO neutron.db.ovn_revision_numbers_db [None req-1553d587-daba-4205-ae59-f264cdb99f60 1b0876df02334129b92b2d722f1cd77c 0260cfb263d24a3c98a9634187bd71e5 - - default default] Successfully bumped revision number for resource 69eed3ee-9644-4820-8a5f-b6779413867f (type: security_group_rules) to 0
2026-04-22 19:45:57.407 10 INFO neutron.db.ovn_revision_numbers_db [None req-1553d587-daba-4205-ae59-f264cdb99f60 1b0876df02334129b92b2d722f1cd77c 0260cfb263d24a3c98a9634187bd71e5 - - default default] Successfully bumped revision number for resource 8dc79627-e757-4bdf-b976-029b32b2347f (type: security_group_rules) to 0
2026-04-22 19:45:57.422 10 INFO neutron.db.ovn_revision_numbers_db [None req-1553d587-daba-4205-ae59-f264cdb99f60 1b0876df02334129b92b2d722f1cd77c 0260cfb263d24a3c98a9634187bd71e5 - - default default] Successfully bumped revision number for resource 90d4525b-a7fb-4f10-a400-6caee4b30ffd (type: security_group_rules) to 0
2026-04-22 19:45:57.423 9 INFO neutron.db.ovn_revision_numbers_db [req-ab40f12b-65f7-4307-9984-0ba337926c91 req-571a8693-b196-48f4-9ce3-d1b9006d7647 5b8bc9d8e0a74885a86066df41559879 5e1b14b435884ae1b334f182f97409c4 - - 383bb181a3304024b71730a456140254 383bb181a3304024b71730a456140254] Successfully bumped revision number for resource 2d45f94a-1ab7-4104-9709-a4c6a4481347 (type: ports) to 2
2026-04-22 19:45:57.434 10 INFO neutron.db.ovn_revision_numbers_db [None req-1553d587-daba-4205-ae59-f264cdb99f60 1b0876df02334129b92b2d722f1cd77c 0260cfb263d24a3c98a9634187bd71e5 - - default default] Successfully bumped revision number for resource f270f7a1-2957-4dd3-9d24-d8c47025b6c9 (type: security_group_rules) to 0
2026-04-22 19:45:57.444 10 INFO neutron.api.wsgi [None req-2270575d-de13-470a-959a-1f3f3d04361f 0de88f7cfb0449978249fb85af52fea2 0f5c0b7297024a4eb3f73b91b0132209 - - default default] 10.0.0.103 "POST /v2.0/floatingips HTTP/1.1" status: 201 len: 751 time: 0.5629294 /var/lib/openstack/lib/python3.12/site-packages/pycadf/identifier.py:71: UserWarning: Invalid uuid: neutron. To ensure interoperability, identifiers should be a valid uuid. warnings.warn(('Invalid uuid: %s. To ensure interoperability, '
2026-04-22 19:45:57.457 9 WARNING neutron_lib.context [None req-7b488030-1853-47d0-bc24-8fa25d7175c8 0de88f7cfb0449978249fb85af52fea2 0f5c0b7297024a4eb3f73b91b0132209 - - default default] Method 'is_advsvc' is deprecated since 2023.2 release (neutron-lib 3.8.0) and will be removed once support for the old RBAC API policies will be removed from Neutron. Please use method 'is_service_role' instead.
2026-04-22 19:45:57.470 10 INFO neutron.api.wsgi [None req-1553d587-daba-4205-ae59-f264cdb99f60 1b0876df02334129b92b2d722f1cd77c 0260cfb263d24a3c98a9634187bd71e5 - - default default] 10.0.0.103 "GET /v2.0/security-groups?tenant_id=6ce998324f5646c6bae9bc652aceec42&name=default HTTP/1.1" status: 200 len: 3120 time: 0.4069848
2026-04-22 19:45:57.645 9 INFO neutron.db.ovn_revision_numbers_db [req-ab40f12b-65f7-4307-9984-0ba337926c91 req-571a8693-b196-48f4-9ce3-d1b9006d7647 5b8bc9d8e0a74885a86066df41559879 5e1b14b435884ae1b334f182f97409c4 - - 383bb181a3304024b71730a456140254 383bb181a3304024b71730a456140254] Successfully bumped revision number for resource 2d45f94a-1ab7-4104-9709-a4c6a4481347 (type: ports) to 4
2026-04-22 19:45:57.667 9 INFO neutron.api.wsgi [req-ab40f12b-65f7-4307-9984-0ba337926c91 req-571a8693-b196-48f4-9ce3-d1b9006d7647 5b8bc9d8e0a74885a86066df41559879 5e1b14b435884ae1b334f182f97409c4 - - 383bb181a3304024b71730a456140254 383bb181a3304024b71730a456140254] 199.19.213.47 "PUT /v2.0/ports/2d45f94a-1ab7-4104-9709-a4c6a4481347 HTTP/1.1" status: 200 len: 1404 time: 0.6244810 /var/lib/openstack/lib/python3.12/site-packages/pycadf/identifier.py:71: UserWarning: Invalid uuid: neutron. To ensure interoperability, identifiers should be a valid uuid. warnings.warn(('Invalid uuid: %s. To ensure interoperability, '
2026-04-22 19:45:57.676 10 INFO neutron.api.wsgi [None req-a717cad6-2a5d-4f46-81a5-677713fcdef9 1b0876df02334129b92b2d722f1cd77c 0260cfb263d24a3c98a9634187bd71e5 - - default default] 10.0.0.103 "DELETE /v2.0/security-groups/e03d7283-1de3-495f-9c01-029c9f0117e6 HTTP/1.1" status: 204 len: 168 time: 0.2013431
2026-04-22 19:45:57.696 9 WARNING neutron.scheduler.dhcp_agent_scheduler [None req-7b488030-1853-47d0-bc24-8fa25d7175c8 0de88f7cfb0449978249fb85af52fea2 0f5c0b7297024a4eb3f73b91b0132209 - - default default] No more DHCP agents
2026-04-22 19:45:57.697 9 WARNING neutron.api.rpc.agentnotifiers.dhcp_rpc_agent_api [None req-7b488030-1853-47d0-bc24-8fa25d7175c8 0de88f7cfb0449978249fb85af52fea2 0f5c0b7297024a4eb3f73b91b0132209 - - default default] Unable to schedule network 65b9ae3a-a70d-4cb9-87fc-09a70acd4df8: no agents available; will retry on subsequent port and subnet creation events.
2026-04-22 19:45:57.715 9 INFO neutron.notifiers.nova [-] Nova event matching ['req-262e015d-7fdc-417a-b07c-90cb349150e0'] response: {'name': 'network-changed', 'server_uuid': '1f243ffe-0af6-4f85-bbd5-f1161dbd4280', 'tag': '2d45f94a-1ab7-4104-9709-a4c6a4481347', 'status': 'completed', 'code': 200}
2026-04-22 19:45:57.742 9 INFO neutron.api.wsgi [req-91300a59-3014-40c9-89ec-a78169e1261d req-9e65520f-c8d2-47c3-943b-ed323adf1f42 137897a46f3444bf875fd96ed52acdc6 74bb8759db1044858ba571117f0be50c - - default default] 10.0.0.110 "GET /v2.0/ports?device_id=1f243ffe-0af6-4f85-bbd5-f1161dbd4280 HTTP/1.1" status: 200 len: 1168 time: 0.0718360
2026-04-22 19:45:57.788 9 INFO neutron.api.wsgi [req-91300a59-3014-40c9-89ec-a78169e1261d req-099d539d-d530-472f-bebb-1e36cf8a66b4 137897a46f3444bf875fd96ed52acdc6 74bb8759db1044858ba571117f0be50c - - default default] 10.0.0.110 "GET /v2.0/security-groups?id=44730e89-398e-4e2e-b0d4-19c1378402ea&fields=id&fields=name HTTP/1.1" status: 200 len: 312 time: 0.0361927
2026-04-22 19:45:57.968 9 INFO neutron.api.wsgi [None req-7b488030-1853-47d0-bc24-8fa25d7175c8 0de88f7cfb0449978249fb85af52fea2 0f5c0b7297024a4eb3f73b91b0132209 - - default default] 10.0.0.103 "POST /v2.0/floatingips HTTP/1.1" status: 201 len: 751 time: 0.5172133
2026-04-22 19:45:58.015 9 INFO neutron.api.wsgi [None req-add51806-dc36-430b-b396-e49dfd99f515 0de88f7cfb0449978249fb85af52fea2 0f5c0b7297024a4eb3f73b91b0132209 - - default default] 10.0.0.103 "PUT /v2.0/floatingips/b91f1802-9da1-4ed2-906d-b9ba1d249856/tags HTTP/1.1" status: 200 len: 210 time: 0.0437953
2026-04-22 19:45:58.051 9 INFO neutron.api.wsgi [None req-eb11dcd0-341f-438a-bddf-3755a6784928 0de88f7cfb0449978249fb85af52fea2 0f5c0b7297024a4eb3f73b91b0132209 - - default default] 10.0.0.103 "PUT /v2.0/floatingips/5747c1b7-9ae8-4338-853e-5f789ff3bd2e/tags HTTP/1.1" status: 200 len: 218 time: 0.0311289
2026-04-22 19:45:58.083 9 INFO neutron.api.wsgi [None req-56d35b80-2535-4825-b194-5ea2a1cd4d6d 0de88f7cfb0449978249fb85af52fea2 0f5c0b7297024a4eb3f73b91b0132209 - - default default] 10.0.0.103 "PUT /v2.0/floatingips/7cf1fb55-3d6e-42c3-8e4b-71f801e941f5/tags HTTP/1.1" status: 200 len: 227 time: 0.0286610
2026-04-22 19:45:58.125 9 INFO neutron.api.wsgi [None req-ba710677-36af-49f8-94e2-aa84cf97c0a5 0de88f7cfb0449978249fb85af52fea2 0f5c0b7297024a4eb3f73b91b0132209 - - default default] 10.0.0.103 "PUT /v2.0/floatingips/1dc4fb32-9447-4639-96d2-72e735249a4b/tags HTTP/1.1" status: 200 len: 212 time: 0.0363340
2026-04-22 19:45:58.171 9 INFO neutron.api.wsgi [None req-b3c1f8e7-caee-4373-9dbe-2c09177673c6 0de88f7cfb0449978249fb85af52fea2 0f5c0b7297024a4eb3f73b91b0132209 - - default default] 10.0.0.103 "GET /v2.0/floatingips?tags=red HTTP/1.1" status: 200 len: 1866 time: 0.0365672
2026-04-22 19:45:58.209 9 INFO neutron.api.wsgi [None req-f1b5f8b1-dd36-4f96-b424-16675e163fd8 0de88f7cfb0449978249fb85af52fea2 0f5c0b7297024a4eb3f73b91b0132209 - - default default] 10.0.0.103 "GET /v2.0/floatingips?tags=red%2Cblue HTTP/1.1" status: 200 len: 1323 time: 0.0338037
2026-04-22 19:45:58.255 9 INFO neutron.api.wsgi [None req-b1b35f6d-c604-46e2-9179-47557d483927 0de88f7cfb0449978249fb85af52fea2 0f5c0b7297024a4eb3f73b91b0132209 - - default default] 10.0.0.103 "GET /v2.0/floatingips?tags-any=blue HTTP/1.1" status: 200 len: 1323 time: 0.0395913
2026-04-22 19:45:58.269 9 INFO neutron.api.wsgi [req-622e5101-feb7-40e8-bc01-fb212e88049b req-9dd74611-d861-4302-a4de-e83e24911efc 5b8bc9d8e0a74885a86066df41559879 5e1b14b435884ae1b334f182f97409c4 - - 383bb181a3304024b71730a456140254 383bb181a3304024b71730a456140254] 199.19.213.47 "GET /v2.0/ports?tenant_id=74bb8759db1044858ba571117f0be50c&device_id=1f243ffe-0af6-4f85-bbd5-f1161dbd4280 HTTP/1.1" status: 200 len: 1407 time: 0.0349560
2026-04-22 19:45:58.308 10 INFO neutron.api.wsgi [None req-c29ee848-031a-4eb7-bb27-9457721be454 0de88f7cfb0449978249fb85af52fea2 0f5c0b7297024a4eb3f73b91b0132209 - - default default] 10.0.0.103 "GET /v2.0/floatingips?tags-any=red%2Cblue HTTP/1.1" status: 200 len: 1866 time: 0.0473230
2026-04-22 19:45:58.309 9 INFO neutron.api.wsgi [None req-029c798a-c0a0-4606-85f4-3972d3d8947a 04f65e3897904dc5be19191d7568e90b 2a2e4b75482e43a5847393796ffb3d6f - - default default] 10.0.0.103 "GET /v2.0/ports/79b48314-a981-45ef-a593-1ec7fc4c275e HTTP/1.1" status: 200 len: 1147 time: 0.0381391
2026-04-22 19:45:58.322 9 INFO neutron.api.wsgi [req-622e5101-feb7-40e8-bc01-fb212e88049b req-c2aa91ad-5f26-4565-ac9b-5192ed727155 5b8bc9d8e0a74885a86066df41559879 5e1b14b435884ae1b334f182f97409c4 - - 383bb181a3304024b71730a456140254 383bb181a3304024b71730a456140254] 199.19.213.47 "GET /v2.0/networks?tenant_id=74bb8759db1044858ba571117f0be50c&shared=False HTTP/1.1" status: 200 len: 974 time: 0.0440643
2026-04-22 19:45:58.353 10 INFO neutron.api.wsgi [None req-4b5c5c3e-158f-4741-ba62-07e7474a8e81 0de88f7cfb0449978249fb85af52fea2 0f5c0b7297024a4eb3f73b91b0132209 - - default default] 10.0.0.103 "GET /v2.0/floatingips?not-tags=red HTTP/1.1" status: 200 len: 1295 time: 0.0419102
2026-04-22 19:45:58.397 9 INFO neutron.api.wsgi [req-622e5101-feb7-40e8-bc01-fb212e88049b req-d881326d-0122-472e-b8b7-530e424ea094 5b8bc9d8e0a74885a86066df41559879 5e1b14b435884ae1b334f182f97409c4 - - 383bb181a3304024b71730a456140254 383bb181a3304024b71730a456140254] 199.19.213.47 "GET /v2.0/networks?shared=True HTTP/1.1" status: 200 len: 952 time: 0.0700996
2026-04-22 19:45:58.400 9 INFO neutron.api.wsgi [None req-60215b13-ee26-4b52-ae4d-a301167deb8b 0de88f7cfb0449978249fb85af52fea2 0f5c0b7297024a4eb3f73b91b0132209 - - default default] 10.0.0.103 "GET /v2.0/floatingips?not-tags=red%2Cblue HTTP/1.1" status: 200 len: 1838 time: 0.0410709
2026-04-22 19:45:58.438 9 INFO neutron.api.wsgi [None req-bb5395c7-6a5c-441d-aa5e-8b95d28734c6 0de88f7cfb0449978249fb85af52fea2 0f5c0b7297024a4eb3f73b91b0132209 - - default default] 10.0.0.103 "GET /v2.0/floatingips?not-tags-any=blue HTTP/1.1" status: 200 len: 1838 time: 0.0344801
2026-04-22 19:45:58.472 9 INFO neutron.api.wsgi [None req-03209f55-69ce-4bbe-b84e-d2d93ef33361 0de88f7cfb0449978249fb85af52fea2 0f5c0b7297024a4eb3f73b91b0132209 - - default default] 10.0.0.103 "GET /v2.0/floatingips?not-tags-any=red%2Cblue HTTP/1.1" status: 200 len: 1295 time: 0.0286851
2026-04-22 19:45:58.738 9 INFO neutron.api.wsgi [None req-941c364d-89da-43e2-b74f-62b1e6937af5 0de88f7cfb0449978249fb85af52fea2 0f5c0b7297024a4eb3f73b91b0132209 - - default default] 10.0.0.103 "DELETE /v2.0/floatingips/b91f1802-9da1-4ed2-906d-b9ba1d249856 HTTP/1.1" status: 204 len: 168 time: 0.2608354
2026-04-22 19:45:58.957 10 INFO neutron.api.wsgi [req-75ff2331-fe14-4cdf-b2f6-75aeb2ce2ec9 req-743eaaf1-9447-4358-b77d-108ee9282f7a 137897a46f3444bf875fd96ed52acdc6 74bb8759db1044858ba571117f0be50c - - default default] 10.0.0.110 "GET /v2.0/ports?device_id=1f243ffe-0af6-4f85-bbd5-f1161dbd4280 HTTP/1.1" status: 200 len: 1168 time: 0.0819781
2026-04-22 19:45:58.998 9 INFO neutron.api.wsgi [None req-0c44785f-d661-4db0-8a11-4c47a13b976f 0de88f7cfb0449978249fb85af52fea2 0f5c0b7297024a4eb3f73b91b0132209 - - default default] 10.0.0.103 "DELETE /v2.0/floatingips/5747c1b7-9ae8-4338-853e-5f789ff3bd2e HTTP/1.1" status: 204 len: 168 time: 0.2543867
2026-04-22 19:45:59.014 10 INFO neutron.api.wsgi [req-75ff2331-fe14-4cdf-b2f6-75aeb2ce2ec9 req-4545bc98-d504-46a2-984e-54a73093c6bc 137897a46f3444bf875fd96ed52acdc6 74bb8759db1044858ba571117f0be50c - - default default] 10.0.0.110 "GET /v2.0/security-groups?id=44730e89-398e-4e2e-b0d4-19c1378402ea&fields=id&fields=name HTTP/1.1" status: 200 len: 312 time: 0.0508327
2026-04-22 19:45:59.245 10 INFO neutron.api.wsgi [None req-b4678d99-c660-4f58-b9a4-d53dbc338468 0de88f7cfb0449978249fb85af52fea2 0f5c0b7297024a4eb3f73b91b0132209 - - default default] 10.0.0.103 "DELETE /v2.0/floatingips/7cf1fb55-3d6e-42c3-8e4b-71f801e941f5 HTTP/1.1" status: 204 len: 168 time: 0.2415535
2026-04-22 19:45:59.343 9 INFO neutron.api.wsgi [None req-15d98880-74cf-43cb-ab78-0adcb1f9b01e 04f65e3897904dc5be19191d7568e90b 2a2e4b75482e43a5847393796ffb3d6f - - default default] 10.0.0.103 "GET /v2.0/ports/79b48314-a981-45ef-a593-1ec7fc4c275e HTTP/1.1" status: 200 len: 1147 time: 0.0284564
2026-04-22 19:45:59.442 9 INFO neutron.api.wsgi [req-ab40f12b-65f7-4307-9984-0ba337926c91 req-275b5e9b-d15c-40c5-92a4-c23b481d2458 5b8bc9d8e0a74885a86066df41559879 5e1b14b435884ae1b334f182f97409c4 - - 383bb181a3304024b71730a456140254 383bb181a3304024b71730a456140254] 199.19.213.47 "GET /v2.0/ports?tenant_id=74bb8759db1044858ba571117f0be50c&device_id=1f243ffe-0af6-4f85-bbd5-f1161dbd4280 HTTP/1.1" status: 200 len: 1407 time: 0.0321233
2026-04-22 19:45:59.464 9 WARNING neutron_lib.context [None req-f1f00d72-9fc1-4469-a28f-690615908849 458bf187da564df2ab366ed078d6c41a 12fe1ac685af49cfbc66b54fd665e780 - - default default] Method 'is_advsvc' is deprecated since 2023.2 release (neutron-lib 3.8.0) and will be removed once support for the old RBAC API policies will be removed from Neutron. Please use method 'is_service_role' instead.
2026-04-22 19:45:59.464 9 WARNING neutron_lib.context [None req-f1f00d72-9fc1-4469-a28f-690615908849 458bf187da564df2ab366ed078d6c41a 12fe1ac685af49cfbc66b54fd665e780 - - default default] Method 'is_advsvc' is deprecated since 2023.2 release (neutron-lib 3.8.0) and will be removed once support for the old RBAC API policies will be removed from Neutron. Please use method 'is_service_role' instead.
2026-04-22 19:45:59.466 9 INFO neutron.api.wsgi [req-ab40f12b-65f7-4307-9984-0ba337926c91 req-ebc8784a-b060-4412-8566-f9d3071c6f0c 5b8bc9d8e0a74885a86066df41559879 5e1b14b435884ae1b334f182f97409c4 - - 383bb181a3304024b71730a456140254 383bb181a3304024b71730a456140254] 199.19.213.47 "GET /v2.0/floatingips?fixed_ip_address=10.100.0.5&port_id=2d45f94a-1ab7-4104-9709-a4c6a4481347 HTTP/1.1" status: 200 len: 217 time: 0.0175529
2026-04-22 19:45:59.494 9 INFO neutron.api.wsgi [req-ab40f12b-65f7-4307-9984-0ba337926c91 req-1f5e7c88-78b9-4b51-85d3-a9196756502d 5b8bc9d8e0a74885a86066df41559879 5e1b14b435884ae1b334f182f97409c4 - - 383bb181a3304024b71730a456140254 383bb181a3304024b71730a456140254] 199.19.213.47 "GET /v2.0/subnets?id=5f752a4a-fb9f-47b0-9cd1-3806200766d0 HTTP/1.1" status: 200 len: 893 time: 0.0230651
2026-04-22 19:45:59.512 10 INFO neutron.api.wsgi [None req-fd463d2b-5ab8-4945-be67-fe5d00f69323 0de88f7cfb0449978249fb85af52fea2 0f5c0b7297024a4eb3f73b91b0132209 - - default default] 10.0.0.103 "DELETE /v2.0/floatingips/1dc4fb32-9447-4639-96d2-72e735249a4b HTTP/1.1" status: 204 len: 168 time: 0.2615716
2026-04-22 19:45:59.523 9 INFO neutron.api.wsgi [req-ab40f12b-65f7-4307-9984-0ba337926c91 req-e84b2ccb-f344-4596-b6f1-94c39fd9175b 5b8bc9d8e0a74885a86066df41559879 5e1b14b435884ae1b334f182f97409c4 - - 383bb181a3304024b71730a456140254 383bb181a3304024b71730a456140254] 199.19.213.47 "GET /v2.0/ports?network_id=461d5e3a-330e-41f8-a4d6-1bd1acd4ec34&device_owner=network%3Adhcp HTTP/1.1" status: 200 len: 210 time: 0.0235827
2026-04-22 19:45:59.577 9 INFO neutron.api.wsgi [req-ab40f12b-65f7-4307-9984-0ba337926c91 req-a51fe7e2-05a3-42f1-b209-11ceb0f71fd9 5b8bc9d8e0a74885a86066df41559879 5e1b14b435884ae1b334f182f97409c4 - - 383bb181a3304024b71730a456140254 383bb181a3304024b71730a456140254] 199.19.213.47 "GET /v2.0/networks/461d5e3a-330e-41f8-a4d6-1bd1acd4ec34?fields=segments HTTP/1.1" status: 200 len: 212 time: 0.0475652
2026-04-22 19:45:59.631 9 INFO neutron.api.wsgi [req-ab40f12b-65f7-4307-9984-0ba337926c91 req-c9cd98ae-0732-4a0b-bbb3-b10469e81b7f 5b8bc9d8e0a74885a86066df41559879 5e1b14b435884ae1b334f182f97409c4 - - 383bb181a3304024b71730a456140254 383bb181a3304024b71730a456140254] 199.19.213.47 "GET /v2.0/networks/461d5e3a-330e-41f8-a4d6-1bd1acd4ec34?fields=provider%3Aphysical_network&fields=provider%3Anetwork_type HTTP/1.1" status: 200 len: 277 time: 0.0476859
2026-04-22 19:45:59.651 9 INFO neutron.db.ovn_revision_numbers_db [None req-f1f00d72-9fc1-4469-a28f-690615908849 458bf187da564df2ab366ed078d6c41a 12fe1ac685af49cfbc66b54fd665e780 - - default default] Successfully bumped revision number for resource 4bacb7a7-4e31-4366-a5b9-216222bf17c0 (type: security_groups) to 1
2026-04-22 19:45:59.666 9 INFO neutron.db.ovn_revision_numbers_db [None req-f1f00d72-9fc1-4469-a28f-690615908849 458bf187da564df2ab366ed078d6c41a 12fe1ac685af49cfbc66b54fd665e780 - - default default] Successfully bumped revision number for resource 23a553b9-a92b-44e9-9f33-7cc17c4a297d (type: security_group_rules) to 0
2026-04-22 19:45:59.677 9 INFO neutron.db.ovn_revision_numbers_db [None req-f1f00d72-9fc1-4469-a28f-690615908849 458bf187da564df2ab366ed078d6c41a 12fe1ac685af49cfbc66b54fd665e780 - - default default] Successfully bumped revision number for resource 2e6cb206-eb98-41b9-a071-47f9494b2595 (type: security_group_rules) to 0
2026-04-22 19:45:59.691 9 INFO neutron.db.ovn_revision_numbers_db [None req-f1f00d72-9fc1-4469-a28f-690615908849 458bf187da564df2ab366ed078d6c41a 12fe1ac685af49cfbc66b54fd665e780 - - default default] Successfully bumped revision number for resource b1ed7494-45c4-4eb9-b722-5e7863f5f1e1 (type: security_group_rules) to 0
2026-04-22 19:45:59.704 9 INFO neutron.db.ovn_revision_numbers_db [None req-f1f00d72-9fc1-4469-a28f-690615908849 458bf187da564df2ab366ed078d6c41a 12fe1ac685af49cfbc66b54fd665e780 - - default default] Successfully bumped revision number for resource dfc86671-a8a7-46c5-ade8-c001d15d100c (type: security_group_rules) to 0
2026-04-22 19:45:59.735 10 INFO neutron.api.wsgi [None req-6efcea14-5cc7-4582-8d4d-2687eeeccf99 0de88f7cfb0449978249fb85af52fea2 0f5c0b7297024a4eb3f73b91b0132209 - - default default] 10.0.0.103 "DELETE /v2.0/floatingips/79948747-7245-4176-a3de-f317719c223f HTTP/1.1" status: 204 len: 168 time: 0.2192192
2026-04-22 19:45:59.787 9 INFO neutron.db.segments_db [None req-f1f00d72-9fc1-4469-a28f-690615908849 458bf187da564df2ab366ed078d6c41a 12fe1ac685af49cfbc66b54fd665e780 - - default default] Added segment 553c2f00-f94f-4b53-925b-fa4c2d411a1b of type geneve for network 6f87f78b-ae2c-4b39-81c7-a6c8eb546492
2026-04-22 19:45:59.888 9 INFO neutron.db.segments_db [None req-f1f00d72-9fc1-4469-a28f-690615908849 458bf187da564df2ab366ed078d6c41a 12fe1ac685af49cfbc66b54fd665e780 - - default default] Added segment 80cf0bba-b7f7-4567-b126-a6f3447f28a0 of type geneve for network abc8edda-e4ec-4624-80f5-51d6e91ffafe
2026-04-22 19:46:00.015 9 INFO neutron.db.ovn_revision_numbers_db [None req-f1f00d72-9fc1-4469-a28f-690615908849 458bf187da564df2ab366ed078d6c41a 12fe1ac685af49cfbc66b54fd665e780 - - default default] Successfully bumped revision number for resource 6f87f78b-ae2c-4b39-81c7-a6c8eb546492 (type: networks) to 1
2026-04-22 19:46:00.135 9 INFO neutron.api.wsgi [req-add730f6-2f36-451d-9dbc-2ad426691772 req-ab1d6102-8e2d-4fa3-a373-9c4b5934a761 137897a46f3444bf875fd96ed52acdc6 74bb8759db1044858ba571117f0be50c - - default default] 10.0.0.110 "GET /v2.0/ports?device_id=1f243ffe-0af6-4f85-bbd5-f1161dbd4280 HTTP/1.1" status: 200 len: 1168 time: 0.0416527
2026-04-22 19:46:00.181 9 INFO neutron.api.wsgi [req-add730f6-2f36-451d-9dbc-2ad426691772 req-a503f550-5f82-44c2-88c7-bdd2d2da3fee 137897a46f3444bf875fd96ed52acdc6 74bb8759db1044858ba571117f0be50c - - default default] 10.0.0.110 "GET /v2.0/security-groups?id=44730e89-398e-4e2e-b0d4-19c1378402ea&fields=id&fields=name HTTP/1.1" status: 200 len: 312 time: 0.0416365
2026-04-22 19:46:00.209 9 WARNING neutron.scheduler.dhcp_agent_scheduler [None req-f1f00d72-9fc1-4469-a28f-690615908849 458bf187da564df2ab366ed078d6c41a 12fe1ac685af49cfbc66b54fd665e780 - - default default] No more DHCP agents
2026-04-22 19:46:00.211 9 WARNING neutron.api.rpc.agentnotifiers.dhcp_rpc_agent_api [None req-f1f00d72-9fc1-4469-a28f-690615908849 458bf187da564df2ab366ed078d6c41a 12fe1ac685af49cfbc66b54fd665e780 - - default default] Unable to schedule network 6f87f78b-ae2c-4b39-81c7-a6c8eb546492: no agents available; will retry on subsequent port and subnet creation events.
2026-04-22 19:46:00.268 9 INFO neutron.db.ovn_revision_numbers_db [None req-f1f00d72-9fc1-4469-a28f-690615908849 458bf187da564df2ab366ed078d6c41a 12fe1ac685af49cfbc66b54fd665e780 - - default default] Successfully bumped revision number for resource 4e869160-5cc9-49b1-b6b2-b69dba75b046 (type: ports) to 1
2026-04-22 19:46:00.361 9 INFO neutron.db.ovn_revision_numbers_db [None req-f1f00d72-9fc1-4469-a28f-690615908849 458bf187da564df2ab366ed078d6c41a 12fe1ac685af49cfbc66b54fd665e780 - - default default] Successfully bumped revision number for resource abc8edda-e4ec-4624-80f5-51d6e91ffafe (type: networks) to 1
2026-04-22 19:46:00.406 9 INFO neutron.api.wsgi [None req-eaece797-d247-49dd-8129-837abdf0ae04 04f65e3897904dc5be19191d7568e90b 2a2e4b75482e43a5847393796ffb3d6f - - default default] 10.0.0.103 "GET /v2.0/ports/79b48314-a981-45ef-a593-1ec7fc4c275e HTTP/1.1" status: 200 len: 1147 time: 0.0513313
2026-04-22 19:46:00.523 9 WARNING neutron.scheduler.dhcp_agent_scheduler [None req-f1f00d72-9fc1-4469-a28f-690615908849 458bf187da564df2ab366ed078d6c41a 12fe1ac685af49cfbc66b54fd665e780 - - default default] No more DHCP agents
2026-04-22 19:46:00.524 9 WARNING neutron.api.rpc.agentnotifiers.dhcp_rpc_agent_api [None req-f1f00d72-9fc1-4469-a28f-690615908849 458bf187da564df2ab366ed078d6c41a 12fe1ac685af49cfbc66b54fd665e780 - - default default] Unable to schedule network abc8edda-e4ec-4624-80f5-51d6e91ffafe: no agents available; will retry on subsequent port and subnet creation events.
2026-04-22 19:46:00.596 9 INFO neutron.db.ovn_revision_numbers_db [None req-f1f00d72-9fc1-4469-a28f-690615908849 458bf187da564df2ab366ed078d6c41a 12fe1ac685af49cfbc66b54fd665e780 - - default default] Successfully bumped revision number for resource 5e5d2e87-21ea-4cc2-b19d-1d09db9a9d6d (type: ports) to 1
2026-04-22 19:46:00.619 9 INFO neutron.api.wsgi [None req-f1f00d72-9fc1-4469-a28f-690615908849 458bf187da564df2ab366ed078d6c41a 12fe1ac685af49cfbc66b54fd665e780 - - default default] 10.0.0.103 "POST /v2.0/networks HTTP/1.1" status: 201 len: 1445 time: 1.3151195
2026-04-22 19:46:00.679 10 INFO neutron.api.wsgi [None req-435a9db7-2a60-4cd8-8a46-1e5b8ec4a50a 458bf187da564df2ab366ed078d6c41a 12fe1ac685af49cfbc66b54fd665e780 - - default default] 10.0.0.103 "GET /v2.0/networks HTTP/1.1" status: 200 len: 2051 time: 0.0552745
2026-04-22 19:46:00.805 10 INFO neutron.db.ovn_revision_numbers_db [None req-9b12e470-8fa9-408f-aa8f-16b8e8a36e77 1b0876df02334129b92b2d722f1cd77c 0260cfb263d24a3c98a9634187bd71e5 - - default default] Successfully bumped revision number for resource 048955f1-a347-4f12-8760-8e932b65b1d1 (type: security_groups) to 1
2026-04-22 19:46:00.818 10 INFO neutron.db.ovn_revision_numbers_db [None req-9b12e470-8fa9-408f-aa8f-16b8e8a36e77 1b0876df02334129b92b2d722f1cd77c 0260cfb263d24a3c98a9634187bd71e5 - - default default] Successfully bumped revision number for resource 04bc0527-9346-4a2e-a378-f104619e2032 (type: security_group_rules) to 0
2026-04-22 19:46:00.835 10 INFO neutron.db.ovn_revision_numbers_db [None req-9b12e470-8fa9-408f-aa8f-16b8e8a36e77 1b0876df02334129b92b2d722f1cd77c 0260cfb263d24a3c98a9634187bd71e5 - - default default] Successfully bumped revision number for resource 12019ee1-57e6-4b2a-84c4-4c9c6fea7514 (type: security_group_rules) to 0
2026-04-22 19:46:00.847 10 INFO neutron.db.ovn_revision_numbers_db [None req-9b12e470-8fa9-408f-aa8f-16b8e8a36e77 1b0876df02334129b92b2d722f1cd77c 0260cfb263d24a3c98a9634187bd71e5 - - default default] Successfully bumped revision number for resource b45ed200-7982-47f8-9583-c982aaccd86a (type: security_group_rules) to 0
2026-04-22 19:46:00.857 10 INFO neutron.db.ovn_revision_numbers_db [None req-9b12e470-8fa9-408f-aa8f-16b8e8a36e77 1b0876df02334129b92b2d722f1cd77c 0260cfb263d24a3c98a9634187bd71e5 - - default default] Successfully bumped revision number for resource e6f1dd29-b429-4770-b83b-2ad456a142ec (type: security_group_rules) to 0
2026-04-22 19:46:00.895 10 INFO neutron.api.wsgi [None req-9b12e470-8fa9-408f-aa8f-16b8e8a36e77 1b0876df02334129b92b2d722f1cd77c 0260cfb263d24a3c98a9634187bd71e5 - - default default] 10.0.0.103 "GET /v2.0/security-groups?tenant_id=7b02dd8ca6754244ab226ec44a051631&name=default HTTP/1.1" status: 200 len: 3120 time: 0.3403225
2026-04-22 19:46:00.977 10 INFO neutron.services.segments.plugin [-] Segment 553c2f00-f94f-4b53-925b-fa4c2d411a1b resource provider aggregate not found
2026-04-22 19:46:00.979 10 INFO neutron.services.segments.plugin [-] Segment 553c2f00-f94f-4b53-925b-fa4c2d411a1b resource provider aggregate not found
2026-04-22 19:46:00.993 10 INFO neutron.services.segments.plugin [-] Segment 553c2f00-f94f-4b53-925b-fa4c2d411a1b resource provider not found; error: Placement Client Error (4xx): {"errors": [{"status": 404, "title": "Not Found", "detail": "The resource could not be found.\n\n No resource provider with uuid 553c2f00-f94f-4b53-925b-fa4c2d411a1b found for delete ", "request_id": "req-b271cec8-7205-4ef7-8ce7-5aa19d7392ec"}]}
2026-04-22 19:46:00.994 10 INFO neutron.services.segments.plugin [-] Segment 553c2f00-f94f-4b53-925b-fa4c2d411a1b resource provider not found; error: Placement Client Error (4xx): {"errors": [{"status": 404, "title": "Not Found", "detail": "The resource could not be found.\n\n No resource provider with uuid 553c2f00-f94f-4b53-925b-fa4c2d411a1b found for delete ", "request_id": "req-675d6a1a-b92a-425c-b943-0db27c228978"}]}
2026-04-22 19:46:01.012 10 INFO neutron.api.wsgi [None req-64b7f174-745b-4179-8a1f-5fff0a667776 458bf187da564df2ab366ed078d6c41a 12fe1ac685af49cfbc66b54fd665e780 - - default default] 10.0.0.103 "DELETE /v2.0/networks/6f87f78b-ae2c-4b39-81c7-a6c8eb546492 HTTP/1.1" status: 204 len: 168 time: 0.3289769
2026-04-22 19:46:01.116 10 INFO neutron.api.wsgi [None req-726aaf66-445c-4ac5-affb-4fa5b287ca5e 1b0876df02334129b92b2d722f1cd77c 0260cfb263d24a3c98a9634187bd71e5 - - default default] 10.0.0.103 "DELETE /v2.0/security-groups/048955f1-a347-4f12-8760-8e932b65b1d1 HTTP/1.1" status: 204 len: 168 time: 0.2133482
2026-04-22 19:46:01.274 10 INFO neutron.api.wsgi [req-b7fe26d8-c5e3-4020-b2e7-8301f2ada99d req-55b27674-7747-40da-a582-1d53328519c8 137897a46f3444bf875fd96ed52acdc6 74bb8759db1044858ba571117f0be50c - - default default] 10.0.0.110 "GET /v2.0/ports?device_id=1f243ffe-0af6-4f85-bbd5-f1161dbd4280 HTTP/1.1" status: 200 len: 1168 time: 0.0379045
2026-04-22 19:46:01.309 10 INFO neutron.api.wsgi [req-b7fe26d8-c5e3-4020-b2e7-8301f2ada99d req-a5db40f4-7cab-42de-bf3e-4c9d0d7a8930 137897a46f3444bf875fd96ed52acdc6 74bb8759db1044858ba571117f0be50c - - default default] 10.0.0.110 "GET /v2.0/security-groups?id=44730e89-398e-4e2e-b0d4-19c1378402ea&fields=id&fields=name HTTP/1.1" status: 200 len: 312 time: 0.0324907
2026-04-22 19:46:01.333 10 INFO neutron.api.wsgi [None req-b9fa7812-493c-486f-90b1-c4c989382505 458bf187da564df2ab366ed078d6c41a 12fe1ac685af49cfbc66b54fd665e780 - - default default] 10.0.0.103 "DELETE /v2.0/networks/abc8edda-e4ec-4624-80f5-51d6e91ffafe HTTP/1.1" status: 204 len: 168 time: 0.3146350
2026-04-22 19:46:01.377 10 INFO neutron.api.wsgi [None req-68ab73b4-c6c3-49fd-8bea-fe20d7fb9d45 458bf187da564df2ab366ed078d6c41a 12fe1ac685af49cfbc66b54fd665e780 - - default default] 10.0.0.103 "GET /v2.0/networks HTTP/1.1" status: 200 len: 845 time: 0.0408404
2026-04-22 19:46:01.389 9 WARNING neutron_lib.context [None req-561b82e4-0891-45cf-b449-b12deafb0e1a 458bf187da564df2ab366ed078d6c41a 12fe1ac685af49cfbc66b54fd665e780 - - default default] Method 'is_advsvc' is deprecated since 2023.2 release (neutron-lib 3.8.0) and will be removed once support for the old RBAC API policies will be removed from Neutron. Please use method 'is_service_role' instead.
2026-04-22 19:46:01.395 9 INFO neutron.db.ovn_revision_numbers_db [None req-861b766e-17e4-4647-a538-5f5cf57d1e26 1b0876df02334129b92b2d722f1cd77c 0260cfb263d24a3c98a9634187bd71e5 - - default default] Successfully bumped revision number for resource 48315a24-6d26-48ac-b637-46ca04a1dfee (type: security_groups) to 1
2026-04-22 19:46:01.408 9 INFO neutron.db.ovn_revision_numbers_db [None req-861b766e-17e4-4647-a538-5f5cf57d1e26 1b0876df02334129b92b2d722f1cd77c 0260cfb263d24a3c98a9634187bd71e5 - - default default] Successfully bumped revision number for resource 26dcea39-5855-41f1-8bb3-2c722a984732 (type: security_group_rules) to 0
2026-04-22 19:46:01.424 9 INFO neutron.db.ovn_revision_numbers_db [None req-861b766e-17e4-4647-a538-5f5cf57d1e26 1b0876df02334129b92b2d722f1cd77c 0260cfb263d24a3c98a9634187bd71e5 - - default default] Successfully bumped revision number for resource 35b9d6c3-4e80-4f1c-a0f2-87ee1bebeb21 (type: security_group_rules) to 0
2026-04-22 19:46:01.434 9 INFO neutron.db.ovn_revision_numbers_db [None req-861b766e-17e4-4647-a538-5f5cf57d1e26 1b0876df02334129b92b2d722f1cd77c 0260cfb263d24a3c98a9634187bd71e5 - - default default] Successfully bumped revision number for resource 534f1ba6-1816-4e7c-90d1-f8566e731ab5 (type: security_group_rules) to 0
2026-04-22 19:46:01.446 9 INFO neutron.db.ovn_revision_numbers_db [None req-861b766e-17e4-4647-a538-5f5cf57d1e26 1b0876df02334129b92b2d722f1cd77c 0260cfb263d24a3c98a9634187bd71e5 - - default default] Successfully bumped revision number for resource a9179361-d4d3-4b39-adb7-ec8852806d58 (type: security_group_rules) to 0
2026-04-22 19:46:01.482 9 INFO neutron.db.segments_db [None req-561b82e4-0891-45cf-b449-b12deafb0e1a 458bf187da564df2ab366ed078d6c41a 12fe1ac685af49cfbc66b54fd665e780 - - default default] Added segment ec5b9249-cc6e-477c-8749-f793c19fcabd of type geneve for network 99caa93e-4a8b-4796-bd3d-c0af9e9e1eea
2026-04-22 19:46:01.485 10 INFO neutron.api.wsgi [None req-631869c1-de8f-4056-9fbb-6999726194b3 04f65e3897904dc5be19191d7568e90b 2a2e4b75482e43a5847393796ffb3d6f - - default default] 10.0.0.103 "GET /v2.0/ports/79b48314-a981-45ef-a593-1ec7fc4c275e HTTP/1.1" status: 200 len: 1147 time: 0.0732265
2026-04-22 19:46:01.510 9 INFO neutron.api.wsgi [None req-861b766e-17e4-4647-a538-5f5cf57d1e26 1b0876df02334129b92b2d722f1cd77c 0260cfb263d24a3c98a9634187bd71e5 - - default default] 10.0.0.103 "GET /v2.0/security-groups?tenant_id=78859c9d8c9842b5bcd296c198ff430f&name=default HTTP/1.1" status: 200 len: 3120 time: 0.2477221
2026-04-22 19:46:01.526 9 INFO neutron.api.wsgi [None req-7266839e-f37d-4364-ac1e-b03ba4a420c6 1b0876df02334129b92b2d722f1cd77c 0260cfb263d24a3c98a9634187bd71e5 - - default default] 10.0.0.79 "GET /v2.0/security-groups HTTP/1.1" status: 200 len: 32058 time: 0.1586771
2026-04-22 19:46:01.591 9 INFO neutron.api.wsgi [None req-941e73f4-6eea-4555-95b6-8169eb846f56 1b0876df02334129b92b2d722f1cd77c 0260cfb263d24a3c98a9634187bd71e5 - - default default] 10.0.0.79 "GET /v2.0/ports HTTP/1.1" status: 200 len: 14643 time: 0.0568497
2026-04-22 19:46:01.630 9 INFO neutron.api.wsgi [None req-92c75b54-725a-45af-8e24-34aa305cbe3a 1b0876df02334129b92b2d722f1cd77c 0260cfb263d24a3c98a9634187bd71e5 - - default default] 10.0.0.79 "GET /v2.0/subnets HTTP/1.1" status: 200 len: 3482 time: 0.0278547
2026-04-22 19:46:01.646 9 INFO neutron.api.wsgi [None req-2ade2b5a-eb50-47d1-99b7-0e1e3eec6ac1 1b0876df02334129b92b2d722f1cd77c 0260cfb263d24a3c98a9634187bd71e5 - - default default] 10.0.0.79 "GET /v2.0/agents HTTP/1.1" status: 200 len: 1390 time: 0.0137489
2026-04-22 19:46:01.663 9 INFO neutron.api.wsgi [None req-b43aa39e-0a88-4432-bc6d-98d71afc7020 1b0876df02334129b92b2d722f1cd77c 0260cfb263d24a3c98a9634187bd71e5 - - default default] 10.0.0.79 "GET /v2.0/network-ip-availabilities HTTP/1.1" status: 200 len: 2951 time: 0.0131173
2026-04-22 19:46:01.663 9 INFO neutron.db.ovn_revision_numbers_db [None req-561b82e4-0891-45cf-b449-b12deafb0e1a 458bf187da564df2ab366ed078d6c41a 12fe1ac685af49cfbc66b54fd665e780 - - default default] Successfully bumped revision number for resource 99caa93e-4a8b-4796-bd3d-c0af9e9e1eea (type: networks) to 1
2026-04-22 19:46:01.697 9 INFO neutron.api.wsgi [None req-1abcb8d3-7509-4c1b-a121-ba3712ed57ea 1b0876df02334129b92b2d722f1cd77c 0260cfb263d24a3c98a9634187bd71e5 - - default default] 10.0.0.79 "GET /v2.0/subnets HTTP/1.1" status: 200 len: 3482 time: 0.0325875
2026-04-22 19:46:01.706 9 INFO neutron.api.wsgi [None req-64f89464-ac00-4823-9615-b8dd1650efdf 1b0876df02334129b92b2d722f1cd77c 0260cfb263d24a3c98a9634187bd71e5 - - default default] 10.0.0.79 "GET /v2.0/subnetpools HTTP/1.1" status: 200 len: 193 time: 0.0069439
2026-04-22 19:46:01.706 10 INFO neutron.api.wsgi [None req-18300028-9af9-4ebf-8577-1803444e0f9d 1b0876df02334129b92b2d722f1cd77c 0260cfb263d24a3c98a9634187bd71e5 - - default default] 10.0.0.103 "DELETE /v2.0/security-groups/48315a24-6d26-48ac-b637-46ca04a1dfee HTTP/1.1" status: 204 len: 168 time: 0.1903615
2026-04-22 19:46:01.730 9 INFO neutron.api.wsgi [None req-5ba62156-26b5-4a76-bdb9-c16cebca1ffb 1b0876df02334129b92b2d722f1cd77c 0260cfb263d24a3c98a9634187bd71e5 - - default default] 10.0.0.79 "GET /v2.0/floatingips HTTP/1.1" status: 200 len: 730 time: 0.0213227
2026-04-22 19:46:01.798 9 INFO neutron.api.wsgi [None req-9c4b5f01-8c82-40de-b066-c9b92abcb4f8 1b0876df02334129b92b2d722f1cd77c 0260cfb263d24a3c98a9634187bd71e5 - - default default] 10.0.0.79 "GET /v2.0/networks HTTP/1.1" status: 200 len: 5329 time: 0.0657761
2026-04-22 19:46:01.884 9 INFO neutron.api.wsgi [None req-5f7005a6-5f62-40a8-9262-4135572dde65 1b0876df02334129b92b2d722f1cd77c 0260cfb263d24a3c98a9634187bd71e5 - - default default] 10.0.0.79 "GET /v2.0/routers HTTP/1.1" status: 200 len: 1767 time: 0.0834143
2026-04-22 19:46:01.895 9 INFO neutron.api.wsgi [None req-0d63749e-c43d-4f50-a52c-54418d7e5782 1b0876df02334129b92b2d722f1cd77c 0260cfb263d24a3c98a9634187bd71e5 - - default default] 10.0.0.79 "GET /v2.0/agents?binary=ovn-controller HTTP/1.1" status: 200 len: 591 time: 0.0094771
2026-04-22 19:46:01.900 9 WARNING neutron.scheduler.dhcp_agent_scheduler [None req-561b82e4-0891-45cf-b449-b12deafb0e1a 458bf187da564df2ab366ed078d6c41a 12fe1ac685af49cfbc66b54fd665e780 - - default default] No more DHCP agents
2026-04-22 19:46:01.903 9 WARNING neutron.api.rpc.agentnotifiers.dhcp_rpc_agent_api [None req-561b82e4-0891-45cf-b449-b12deafb0e1a 458bf187da564df2ab366ed078d6c41a 12fe1ac685af49cfbc66b54fd665e780 - - default default] Unable to schedule network 99caa93e-4a8b-4796-bd3d-c0af9e9e1eea: no agents available; will retry on subsequent port and subnet creation events.
2026-04-22 19:46:01.977 9 INFO neutron.db.ovn_revision_numbers_db [None req-d1cfb159-0cd5-498f-a257-9d5747f85364 1b0876df02334129b92b2d722f1cd77c 0260cfb263d24a3c98a9634187bd71e5 - - default default] Successfully bumped revision number for resource ab86c720-1a5b-4d28-96bf-01542fbd52ce (type: security_groups) to 1
2026-04-22 19:46:01.981 9 INFO neutron.db.ovn_revision_numbers_db [None req-561b82e4-0891-45cf-b449-b12deafb0e1a 458bf187da564df2ab366ed078d6c41a 12fe1ac685af49cfbc66b54fd665e780 - - default default] Successfully bumped revision number for resource 5d91364a-759a-4282-8194-5694b31b5490 (type: ports) to 1
2026-04-22 19:46:01.994 9 INFO neutron.db.ovn_revision_numbers_db [None req-d1cfb159-0cd5-498f-a257-9d5747f85364 1b0876df02334129b92b2d722f1cd77c 0260cfb263d24a3c98a9634187bd71e5 - - default default] Successfully bumped revision number for resource b08f6792-28da-4710-bad5-04ca7e835d02 (type: security_group_rules) to 0
2026-04-22 19:46:02.002 9 INFO neutron.api.wsgi [None req-561b82e4-0891-45cf-b449-b12deafb0e1a 458bf187da564df2ab366ed078d6c41a 12fe1ac685af49cfbc66b54fd665e780 - - default default] 10.0.0.103 "POST /v2.0/networks HTTP/1.1" status: 201 len: 849 time: 0.6175339
2026-04-22 19:46:02.008 9 WARNING neutron_lib.context [None req-1af8cb0e-f488-49ea-82da-6cfc9ce52a8a 458bf187da564df2ab366ed078d6c41a 12fe1ac685af49cfbc66b54fd665e780 - - default default] Method 'is_advsvc' is deprecated since 2023.2 release (neutron-lib 3.8.0) and will be removed once support for the old RBAC API policies will be removed from Neutron. Please use method 'is_service_role' instead.
2026-04-22 19:46:02.011 9 INFO neutron.db.ovn_revision_numbers_db [None req-d1cfb159-0cd5-498f-a257-9d5747f85364 1b0876df02334129b92b2d722f1cd77c 0260cfb263d24a3c98a9634187bd71e5 - - default default] Successfully bumped revision number for resource d21221b2-2664-482b-85f6-e31dc5569b37 (type: security_group_rules) to 0
2026-04-22 19:46:02.031 9 INFO neutron.db.ovn_revision_numbers_db [None req-d1cfb159-0cd5-498f-a257-9d5747f85364 1b0876df02334129b92b2d722f1cd77c 0260cfb263d24a3c98a9634187bd71e5 - - default default] Successfully bumped revision number for resource e43839a3-c3f8-4955-ab9d-5f459b7fdebe (type: security_group_rules) to 0
2026-04-22 19:46:02.053 9 INFO neutron.db.ovn_revision_numbers_db [None req-d1cfb159-0cd5-498f-a257-9d5747f85364 1b0876df02334129b92b2d722f1cd77c 0260cfb263d24a3c98a9634187bd71e5 - - default default] Successfully bumped revision number for resource f391ac90-9f38-4321-a72c-5ff2a053cafb (type: security_group_rules) to 0
2026-04-22 19:46:02.317 9 INFO neutron.db.segments_db [None req-1af8cb0e-f488-49ea-82da-6cfc9ce52a8a 458bf187da564df2ab366ed078d6c41a 12fe1ac685af49cfbc66b54fd665e780 - - default default] Added segment 729901be-cbb1-4424-bb09-8e914fc9e910 of type geneve for network 9a696d22-50fb-417b-980b-7995a59f9ce6
2026-04-22 19:46:02.326 9 WARNING neutron.plugins.ml2.drivers.ovn.mech_driver.ovsdb.ovn_client [None req-aa4a5b16-8645-40a6-98a3-34533ad0e7c1 - - - - - -] No hosting information found for port 78c79afd-94c4-4f8a-a375-2c1a2cefc48e: RuntimeError: No hosting information found for port 78c79afd-94c4-4f8a-a375-2c1a2cefc48e
2026-04-22 19:46:02.331 9 INFO neutron.api.wsgi [None req-d1cfb159-0cd5-498f-a257-9d5747f85364 1b0876df02334129b92b2d722f1cd77c 0260cfb263d24a3c98a9634187bd71e5 - - default default] 10.0.0.103 "GET /v2.0/security-groups?tenant_id=0f5c0b7297024a4eb3f73b91b0132209&name=default HTTP/1.1" status: 200 len: 3120 time: 0.4855618
