2026-04-22 19:48:19.756 10 INFO neutron.api.wsgi [req-1c9dc4a8-81c1-40fd-b1bb-7648e7def5fd req-ab8b7447-1b9b-43c0-9dd3-6ed55cd0e42d 756008c5cea04afba598b0b2deec1c43 c5bc13675a434994a69d275e4bd04641 - - default default] 10.0.0.110 "GET /v2.0/security-groups?id=e5ba7b3e-99f9-41ad-bd88-6eb9648ad6fb&fields=id&fields=name HTTP/1.1" status: 200 len: 286 time: 0.0413723
2026-04-22 19:48:19.910 10 WARNING neutron.scheduler.dhcp_agent_scheduler [None req-ee40fadd-f24c-4063-81a3-4d14b0ad4aea bb988f6ad4c441cca41bdf4b0da3f2fc 5a817e43961b4b21b1fdbb5728eb0c88 - - default default] No more DHCP agents
2026-04-22 19:48:19.911 10 WARNING neutron.api.rpc.agentnotifiers.dhcp_rpc_agent_api [None req-ee40fadd-f24c-4063-81a3-4d14b0ad4aea bb988f6ad4c441cca41bdf4b0da3f2fc 5a817e43961b4b21b1fdbb5728eb0c88 - - default default] Unable to schedule network fa4405bf-dfc8-4770-8420-5df762f19d43: no agents available; will retry on subsequent port and subnet creation events.
2026-04-22 19:48:20.076 10 INFO neutron.api.wsgi [None req-13750cb7-e3bb-4e46-87ab-7ad2bfed6a4a 1b0876df02334129b92b2d722f1cd77c 0260cfb263d24a3c98a9634187bd71e5 - - default default] 199.19.213.47 "GET /v2.0/extensions/security-group HTTP/1.1" status: 200 len: 369 time: 0.0457911
2026-04-22 19:48:20.089 10 INFO neutron.api.wsgi [None req-441458d6-b037-411c-88f6-b6aa11ea2bdb 1b0876df02334129b92b2d722f1cd77c 0260cfb263d24a3c98a9634187bd71e5 - - default default] 199.19.213.47 "GET /v2.0/extensions/dns-integration HTTP/1.1" status: 200 len: 371 time: 0.0051672
2026-04-22 19:48:20.100 10 INFO neutron.api.wsgi [None req-0fe2a8c2-0143-4d3e-b4a2-a786446d4f9a 1b0876df02334129b92b2d722f1cd77c 0260cfb263d24a3c98a9634187bd71e5 - - default default] 199.19.213.47 "GET /v2.0/extensions/qos HTTP/1.1" status: 200 len: 365 time: 0.0073073
2026-04-22 19:48:20.110 10 INFO neutron.api.wsgi [None req-069c74f0-4323-4e73-aa1b-ed179f0d18c5 1b0876df02334129b92b2d722f1cd77c 0260cfb263d24a3c98a9634187bd71e5 - - default default] 199.19.213.47 "GET /v2.0/extensions/allowed-address-pairs HTTP/1.1" status: 200 len: 383 time: 0.0033844
2026-04-22 19:48:20.157 10 INFO neutron.api.wsgi [None req-eb64035e-c3b0-4bcc-a5ca-401611063213 1b0876df02334129b92b2d722f1cd77c 0260cfb263d24a3c98a9634187bd71e5 - - default default] 199.19.213.47 "GET /v2.0/ports/e8386850-0fc8-4bf0-bae3-c017830c85b5 HTTP/1.1" status: 200 len: 1332 time: 0.0379524
2026-04-22 19:48:20.261 10 INFO neutron.notifiers.nova [-] Nova event matching ['req-fc07b10c-0c4c-4937-af0e-4e412e7a77f2'] response: {'server_uuid': '1bb46e6f-8331-4e5a-939e-a8c33f5b4c0b', 'name': 'network-vif-plugged', 'status': 'completed', 'tag': '7d141d75-3bea-4b96-a5e8-6e245677056e', 'code': 200}
2026-04-22 19:48:20.377 10 INFO neutron.api.wsgi [None req-95c43bda-d319-4e77-9cfd-d7d65a6a68b8 1b0876df02334129b92b2d722f1cd77c 0260cfb263d24a3c98a9634187bd71e5 - - default default] 199.19.213.47 "GET /v2.0/extensions/security-group HTTP/1.1" status: 200 len: 369 time: 0.0052588
2026-04-22 19:48:20.384 10 INFO neutron.api.wsgi [None req-d8a54e32-ecad-4fce-8a2b-f21629a7ade4 1b0876df02334129b92b2d722f1cd77c 0260cfb263d24a3c98a9634187bd71e5 - - default default] 199.19.213.47 "GET /v2.0/extensions/dns-integration HTTP/1.1" status: 200 len: 371 time: 0.0037310
2026-04-22 19:48:20.385 10 INFO neutron.db.ovn_revision_numbers_db [None req-dceb570d-3b52-4190-bb9a-9e515fca6947 - - - - - -] Successfully bumped revision number for resource 2f9ff493-f6a3-45a5-b624-5544b4aa2ef1 (type: ports) to 2
2026-04-22 19:48:20.391 10 INFO neutron.api.wsgi [None req-6b98ec63-d22f-4630-9118-e0f71226bb66 1b0876df02334129b92b2d722f1cd77c 0260cfb263d24a3c98a9634187bd71e5 - - default default] 199.19.213.47 "GET /v2.0/extensions/qos HTTP/1.1" status: 200 len: 365 time: 0.0037427
2026-04-22 19:48:20.399 10 INFO neutron.api.wsgi [None req-c60b6be2-e3bd-4341-bdd8-634063d2dd52 1b0876df02334129b92b2d722f1cd77c 0260cfb263d24a3c98a9634187bd71e5 - - default default] 199.19.213.47 "GET /v2.0/extensions/allowed-address-pairs HTTP/1.1" status: 200 len: 383 time: 0.0041609
2026-04-22 19:48:20.412 10 INFO neutron.api.v2.resource [None req-39dc5f37-3c88-4ddc-8cb8-08a4084da0a5 1b0876df02334129b92b2d722f1cd77c 0260cfb263d24a3c98a9634187bd71e5 - - default default] show failed (client error): The resource could not be found.
2026-04-22 19:48:20.413 10 INFO neutron.api.wsgi [None req-39dc5f37-3c88-4ddc-8cb8-08a4084da0a5 1b0876df02334129b92b2d722f1cd77c 0260cfb263d24a3c98a9634187bd71e5 - - default default] 199.19.213.47 "GET /v2.0/security-groups/lb-1265f7a5-b6ea-48fe-93fe-aabcc0572a12 HTTP/1.1" status: 404 len: 355 time: 0.0084438
2026-04-22 19:48:20.434 10 INFO neutron.db.ovn_revision_numbers_db [None req-dceb570d-3b52-4190-bb9a-9e515fca6947 - - - - - -] Successfully bumped revision number for resource 289f8b8a-0fbb-488a-bb89-89f1b8ac266f (type: subnets) to 0
2026-04-22 19:48:20.441 10 INFO neutron.api.wsgi [None req-b50d76f3-dc58-4868-9c5a-0450c8c20e4d 1b0876df02334129b92b2d722f1cd77c 0260cfb263d24a3c98a9634187bd71e5 - - default default] 199.19.213.47 "GET /v2.0/security-groups?name=lb-1265f7a5-b6ea-48fe-93fe-aabcc0572a12 HTTP/1.1" status: 200 len: 221 time: 0.0239000
2026-04-22 19:48:20.446 10 INFO neutron.api.wsgi [None req-ee40fadd-f24c-4063-81a3-4d14b0ad4aea bb988f6ad4c441cca41bdf4b0da3f2fc 5a817e43961b4b21b1fdbb5728eb0c88 - - default default] 10.0.0.103 "POST /v2.0/subnets HTTP/1.1" status: 201 len: 846 time: 0.7013316
2026-04-22 19:48:20.557 10 INFO neutron.db.ovn_revision_numbers_db [None req-ea87af79-8be5-4099-8540-2a797497b17d 1b0876df02334129b92b2d722f1cd77c 0260cfb263d24a3c98a9634187bd71e5 - - default default] Successfully bumped revision number for resource 41f41aad-d1af-404e-a845-daa316773566 (type: security_groups) to 1
2026-04-22 19:48:20.577 10 INFO neutron.db.ovn_revision_numbers_db [None req-ea87af79-8be5-4099-8540-2a797497b17d 1b0876df02334129b92b2d722f1cd77c 0260cfb263d24a3c98a9634187bd71e5 - - default default] Successfully bumped revision number for resource 205edd8c-195c-4c29-bcc1-d6bb5af7819c (type: security_group_rules) to 0
2026-04-22 19:48:20.595 10 INFO neutron.db.ovn_revision_numbers_db [None req-ea87af79-8be5-4099-8540-2a797497b17d 1b0876df02334129b92b2d722f1cd77c 0260cfb263d24a3c98a9634187bd71e5 - - default default] Successfully bumped revision number for resource 2bb08f97-14ee-4414-9f1e-f05a5ef6bcdb (type: security_group_rules) to 0
2026-04-22 19:48:20.634 10 INFO neutron.api.wsgi [None req-ea87af79-8be5-4099-8540-2a797497b17d 1b0876df02334129b92b2d722f1cd77c 0260cfb263d24a3c98a9634187bd71e5 - - default default] 199.19.213.47 "POST /v2.0/security-groups HTTP/1.1" status: 201 len: 1841 time: 0.1869593
2026-04-22 19:48:20.660 9 INFO neutron.api.wsgi [None req-a0afb051-a334-479b-ac6e-de9888afadc4 bb988f6ad4c441cca41bdf4b0da3f2fc 5a817e43961b4b21b1fdbb5728eb0c88 - - default default] 10.0.0.103 "POST /v2.0/rbac-policies HTTP/1.1" status: 201 len: 523 time: 0.2097051
2026-04-22 19:48:20.678 10 INFO neutron.api.wsgi [None req-7ff6315c-7c23-42af-9762-f73ee600e1ba 1b0876df02334129b92b2d722f1cd77c 0260cfb263d24a3c98a9634187bd71e5 - - default default] 199.19.213.47 "GET /v2.0/security-group-rules?security_group_id=41f41aad-d1af-404e-a845-daa316773566 HTTP/1.1" status: 200 len: 1382 time: 0.0390759
2026-04-22 19:48:20.997 10 INFO neutron.db.ovn_revision_numbers_db [None req-28841e70-b5bd-48c5-af3b-566f90549d09 1b0876df02334129b92b2d722f1cd77c 0260cfb263d24a3c98a9634187bd71e5 - - default default] Successfully bumped revision number for resource e8386850-0fc8-4bf0-bae3-c017830c85b5 (type: ports) to 2
2026-04-22 19:48:21.006 10 INFO neutron.api.wsgi [None req-28841e70-b5bd-48c5-af3b-566f90549d09 1b0876df02334129b92b2d722f1cd77c 0260cfb263d24a3c98a9634187bd71e5 - - default default] 199.19.213.47 "PUT /v2.0/ports/e8386850-0fc8-4bf0-bae3-c017830c85b5 HTTP/1.1" status: 200 len: 1332 time: 0.3206396 /var/lib/openstack/lib/python3.12/site-packages/pycadf/identifier.py:71: UserWarning: Invalid uuid: neutron. To ensure interoperability, identifiers should be a valid uuid. warnings.warn(('Invalid uuid: %s. To ensure interoperability, '
2026-04-22 19:48:21.078 10 INFO neutron.api.wsgi [None req-108d19ab-65ce-449e-b275-81db882310ae 1b0876df02334129b92b2d722f1cd77c 0260cfb263d24a3c98a9634187bd71e5 - - default default] 199.19.213.47 "GET /v2.0/extensions/security-group HTTP/1.1" status: 200 len: 369 time: 0.0067186
2026-04-22 19:48:21.085 10 INFO neutron.api.wsgi [None req-c50912a4-19e3-4477-a8bb-80b1c7905667 1b0876df02334129b92b2d722f1cd77c 0260cfb263d24a3c98a9634187bd71e5 - - default default] 199.19.213.47 "GET /v2.0/extensions/dns-integration HTTP/1.1" status: 200 len: 371 time: 0.0028877
2026-04-22 19:48:21.098 10 INFO neutron.api.wsgi [None req-2449f47a-0a3f-4de4-8b68-241a096cb02b 1b0876df02334129b92b2d722f1cd77c 0260cfb263d24a3c98a9634187bd71e5 - - default default] 199.19.213.47 "GET /v2.0/extensions/qos HTTP/1.1" status: 200 len: 365 time: 0.0047126
2026-04-22 19:48:21.105 10 INFO neutron.api.wsgi [None req-b7c986df-ede4-4404-868a-d1a379d0585e 1b0876df02334129b92b2d722f1cd77c 0260cfb263d24a3c98a9634187bd71e5 - - default default] 199.19.213.47 "GET /v2.0/extensions/allowed-address-pairs HTTP/1.1" status: 200 len: 383 time: 0.0040839
2026-04-22 19:48:21.138 10 INFO neutron.api.wsgi [None req-f1443aeb-59c9-4716-b062-dbb920d8ebce c922998a63d94ddeb7cbccfd56e888ca e4cf2ac6207b47ca98f83ba8f8222051 - - default default] 10.0.0.103 "GET /v2.0/networks/fa4405bf-dfc8-4770-8420-5df762f19d43 HTTP/1.1" status: 200 len: 849 time: 0.1038909
2026-04-22 19:48:21.144 10 INFO neutron.api.wsgi [None req-b0b1e764-ea26-4dbd-8e10-f4158f488972 1b0876df02334129b92b2d722f1cd77c 0260cfb263d24a3c98a9634187bd71e5 - - default default] 199.19.213.47 "GET /v2.0/subnets/10cfa525-1a01-4e08-9f17-34a9e790fbfc HTTP/1.1" status: 200 len: 875 time: 0.0330272
2026-04-22 19:48:21.193 9 INFO neutron.api.wsgi [req-f497ac53-2e24-405d-90d9-430a82bfb529 req-916ff1ae-aa1a-4155-b271-60045b70a8e3 756008c5cea04afba598b0b2deec1c43 c5bc13675a434994a69d275e4bd04641 - - default default] 10.0.0.110 "GET /v2.0/ports?device_id=1bb46e6f-8331-4e5a-939e-a8c33f5b4c0b HTTP/1.1" status: 200 len: 1174 time: 0.0849223
2026-04-22 19:48:21.231 9 INFO neutron.api.wsgi [req-f497ac53-2e24-405d-90d9-430a82bfb529 req-6cd57a26-817c-4a85-8167-854692709960 756008c5cea04afba598b0b2deec1c43 c5bc13675a434994a69d275e4bd04641 - - default default] 10.0.0.110 "GET /v2.0/security-groups?id=e5ba7b3e-99f9-41ad-bd88-6eb9648ad6fb&fields=id&fields=name HTTP/1.1" status: 200 len: 286 time: 0.0306864
2026-04-22 19:48:21.542 10 INFO neutron.pecan_wsgi.hooks.translation [None req-b67cd067-53d1-4a34-9744-2f1165c9704b fd5cbd977a8a4855af7012832476a7b4 2bdae4ce67cc44f099a8000e7e0f1413 - - default default] GET failed (client error): The resource could not be found.
2026-04-22 19:48:21.543 10 INFO neutron.api.wsgi [None req-b67cd067-53d1-4a34-9744-2f1165c9704b fd5cbd977a8a4855af7012832476a7b4 2bdae4ce67cc44f099a8000e7e0f1413 - - default default] 10.0.0.103 "GET /v2.0/networks/fa4405bf-dfc8-4770-8420-5df762f19d43 HTTP/1.1" status: 404 len: 339 time: 0.0385737
2026-04-22 19:48:21.621 10 INFO neutron.plugins.ml2.drivers.ovn.mech_driver.mech_driver [None req-9cd6ad20-5f5c-471f-b85d-5dbbe53028c2 - - - - - -] OVN reports status down for port: 7d141d75-3bea-4b96-a5e8-6e245677056e
2026-04-22 19:48:21.882 10 INFO neutron.db.ovn_revision_numbers_db [None req-9cd6ad20-5f5c-471f-b85d-5dbbe53028c2 - - - - - -] Successfully bumped revision number for resource 7d141d75-3bea-4b96-a5e8-6e245677056e (type: ports) to 6
2026-04-22 19:48:21.997 10 INFO neutron.services.segments.plugin [-] Segment fa41760f-ecb8-4a63-bbe1-3789aaeb4e95 resource provider aggregate not found
2026-04-22 19:48:22.000 10 INFO neutron.services.segments.plugin [-] Segment fa41760f-ecb8-4a63-bbe1-3789aaeb4e95 resource provider aggregate not found
2026-04-22 19:48:22.010 10 INFO neutron.services.segments.plugin [-] Segment fa41760f-ecb8-4a63-bbe1-3789aaeb4e95 resource provider not found; error: Placement Client Error (4xx): {"errors": [{"status": 404, "title": "Not Found", "detail": "The resource could not be found.\n\n No resource provider with uuid fa41760f-ecb8-4a63-bbe1-3789aaeb4e95 found for delete ", "request_id": "req-17db2d4c-2f43-460d-b371-59fb66555a4d"}]}
2026-04-22 19:48:22.013 10 INFO neutron.services.segments.plugin [-] Segment fa41760f-ecb8-4a63-bbe1-3789aaeb4e95 resource provider not found; error: Placement Client Error (4xx): {"errors": [{"status": 404, "title": "Not Found", "detail": "The resource could not be found.\n\n No resource provider with uuid fa41760f-ecb8-4a63-bbe1-3789aaeb4e95 found for delete ", "request_id": "req-57738624-29f8-498a-9c01-dfd9b173acce"}]}
2026-04-22 19:48:22.034 10 INFO neutron.api.wsgi [None req-23465eac-4e2e-4ec9-9786-1dd435764c54 bb988f6ad4c441cca41bdf4b0da3f2fc 5a817e43961b4b21b1fdbb5728eb0c88 - - default default] 10.0.0.103 "DELETE /v2.0/networks/fa4405bf-dfc8-4770-8420-5df762f19d43 HTTP/1.1" status: 204 len: 168 time: 0.4859493 /var/lib/openstack/lib/python3.12/site-packages/pycadf/identifier.py:71: UserWarning: Invalid uuid: neutron. To ensure interoperability, identifiers should be a valid uuid. warnings.warn(('Invalid uuid: %s. To ensure interoperability, '
2026-04-22 19:48:22.052 10 INFO neutron.pecan_wsgi.hooks.translation [None req-37576d0a-0373-420d-b4ca-4dd501d10763 bb988f6ad4c441cca41bdf4b0da3f2fc 5a817e43961b4b21b1fdbb5728eb0c88 - - default default] DELETE failed (client error): The resource could not be found.
2026-04-22 19:48:22.054 10 INFO neutron.api.wsgi [None req-37576d0a-0373-420d-b4ca-4dd501d10763 bb988f6ad4c441cca41bdf4b0da3f2fc 5a817e43961b4b21b1fdbb5728eb0c88 - - default default] 10.0.0.103 "DELETE /v2.0/subnets/cf619988-a907-4828-bdf0-8eb95fb8ed8a HTTP/1.1" status: 404 len: 337 time: 0.0115776
2026-04-22 19:48:22.066 10 INFO neutron.pecan_wsgi.hooks.translation [None req-5cbc517a-7e89-49d3-87ba-d00e3973ac46 bb988f6ad4c441cca41bdf4b0da3f2fc 5a817e43961b4b21b1fdbb5728eb0c88 - - default default] DELETE failed (client error): The resource could not be found.
2026-04-22 19:48:22.069 10 INFO neutron.api.wsgi [None req-5cbc517a-7e89-49d3-87ba-d00e3973ac46 bb988f6ad4c441cca41bdf4b0da3f2fc 5a817e43961b4b21b1fdbb5728eb0c88 - - default default] 10.0.0.103 "DELETE /v2.0/subnets/4c193006-4876-478b-888b-08c0d704b67c HTTP/1.1" status: 404 len: 337 time: 0.0099359
2026-04-22 19:48:22.082 10 INFO neutron.pecan_wsgi.hooks.translation [None req-f8d6fcd8-3884-4576-a4a7-43f4f5601f55 bb988f6ad4c441cca41bdf4b0da3f2fc 5a817e43961b4b21b1fdbb5728eb0c88 - - default default] DELETE failed (client error): The resource could not be found.
2026-04-22 19:48:22.085 10 INFO neutron.api.wsgi [None req-f8d6fcd8-3884-4576-a4a7-43f4f5601f55 bb988f6ad4c441cca41bdf4b0da3f2fc 5a817e43961b4b21b1fdbb5728eb0c88 - - default default] 10.0.0.103 "DELETE /v2.0/subnets/289f8b8a-0fbb-488a-bb89-89f1b8ac266f HTTP/1.1" status: 404 len: 337 time: 0.0118535
2026-04-22 19:48:22.291 10 INFO neutron.notifiers.nova [-] Nova event matching ['req-e45088a5-338f-42e5-85f2-3dc1d5d722f5'] response: {'server_uuid': '1bb46e6f-8331-4e5a-939e-a8c33f5b4c0b', 'name': 'network-vif-unplugged', 'status': 'completed', 'tag': '7d141d75-3bea-4b96-a5e8-6e245677056e', 'code': 200}
2026-04-22 19:48:22.292 10 INFO neutron.notifiers.nova [-] Nova event matching ['req-e45088a5-338f-42e5-85f2-3dc1d5d722f5'] response: {'server_uuid': '1bb46e6f-8331-4e5a-939e-a8c33f5b4c0b', 'name': 'network-vif-unplugged', 'status': 'completed', 'tag': '7d141d75-3bea-4b96-a5e8-6e245677056e', 'code': 200}
2026-04-22 19:48:22.388 10 INFO neutron.api.wsgi [req-9e265244-1add-4525-b43b-a0f5ca1207ca req-00cdf506-e78b-4e72-8e11-5e23d242ada0 756008c5cea04afba598b0b2deec1c43 c5bc13675a434994a69d275e4bd04641 - - default default] 10.0.0.110 "GET /v2.0/ports?device_id=1bb46e6f-8331-4e5a-939e-a8c33f5b4c0b HTTP/1.1" status: 200 len: 1172 time: 0.0953043
2026-04-22 19:48:22.426 10 INFO neutron.api.wsgi [req-9e265244-1add-4525-b43b-a0f5ca1207ca req-da93ecde-2d8a-4d9d-b44d-196348715896 756008c5cea04afba598b0b2deec1c43 c5bc13675a434994a69d275e4bd04641 - - default default] 10.0.0.110 "GET /v2.0/security-groups?id=e5ba7b3e-99f9-41ad-bd88-6eb9648ad6fb&fields=id&fields=name HTTP/1.1" status: 200 len: 286 time: 0.0336375
2026-04-22 19:48:22.883 9 INFO neutron.api.wsgi [req-bfc3fe3a-7874-4ed3-9f84-0c432d6fcaed req-97d1fffe-f569-4b5d-9c56-ee6f86898283 756008c5cea04afba598b0b2deec1c43 c5bc13675a434994a69d275e4bd04641 - - default default] 199.19.213.47 "GET /v2.0/ports?device_id=1bb46e6f-8331-4e5a-939e-a8c33f5b4c0b HTTP/1.1" status: 200 len: 1172 time: 0.0347974
2026-04-22 19:48:23.086 10 INFO neutron.db.ovn_revision_numbers_db [None req-dc7fe5bb-fd82-415d-a43a-00aa9abd836d 1b0876df02334129b92b2d722f1cd77c 0260cfb263d24a3c98a9634187bd71e5 - - default default] Successfully bumped revision number for resource d369b0fc-89b4-481f-bdd3-2f3c3c90ed08 (type: security_groups) to 1
2026-04-22 19:48:23.099 10 INFO neutron.db.ovn_revision_numbers_db [None req-dc7fe5bb-fd82-415d-a43a-00aa9abd836d 1b0876df02334129b92b2d722f1cd77c 0260cfb263d24a3c98a9634187bd71e5 - - default default] Successfully bumped revision number for resource 1a73302a-b6ee-46f9-bcf7-06c3c91872f5 (type: security_group_rules) to 0
2026-04-22 19:48:23.115 10 INFO neutron.db.ovn_revision_numbers_db [None req-dc7fe5bb-fd82-415d-a43a-00aa9abd836d 1b0876df02334129b92b2d722f1cd77c 0260cfb263d24a3c98a9634187bd71e5 - - default default] Successfully bumped revision number for resource 780a74ed-c151-43c6-a166-ed8d1488ac7d (type: security_group_rules) to 0
2026-04-22 19:48:23.125 9 INFO neutron.api.wsgi [req-bfc3fe3a-7874-4ed3-9f84-0c432d6fcaed req-daaabf65-8f15-438a-baa9-1a0850afa5ef 756008c5cea04afba598b0b2deec1c43 c5bc13675a434994a69d275e4bd04641 - - default default] 199.19.213.47 "DELETE /v2.0/ports/7d141d75-3bea-4b96-a5e8-6e245677056e HTTP/1.1" status: 204 len: 173 time: 0.2376182
2026-04-22 19:48:23.128 10 INFO neutron.db.ovn_revision_numbers_db [None req-dc7fe5bb-fd82-415d-a43a-00aa9abd836d 1b0876df02334129b92b2d722f1cd77c 0260cfb263d24a3c98a9634187bd71e5 - - default default] Successfully bumped revision number for resource 84346893-b1a1-4a9f-a087-0c872202c65d (type: security_group_rules) to 0
2026-04-22 19:48:23.138 10 INFO neutron.db.ovn_revision_numbers_db [None req-dc7fe5bb-fd82-415d-a43a-00aa9abd836d 1b0876df02334129b92b2d722f1cd77c 0260cfb263d24a3c98a9634187bd71e5 - - default default] Successfully bumped revision number for resource 89d3694f-aa32-4f53-b350-7744ee716e23 (type: security_group_rules) to 0
2026-04-22 19:48:23.153 9 INFO neutron.notifiers.nova [-] Nova event matching ['req-f3b473fb-6e7b-44dd-963f-cd908804b9b2'] response: {'server_uuid': '1bb46e6f-8331-4e5a-939e-a8c33f5b4c0b', 'name': 'network-vif-deleted', 'tag': '7d141d75-3bea-4b96-a5e8-6e245677056e', 'status': 'completed', 'code': 200}
2026-04-22 19:48:23.170 10 INFO neutron.api.wsgi [None req-dc7fe5bb-fd82-415d-a43a-00aa9abd836d 1b0876df02334129b92b2d722f1cd77c 0260cfb263d24a3c98a9634187bd71e5 - - default default] 10.0.0.103 "GET /v2.0/security-groups?tenant_id=2bdae4ce67cc44f099a8000e7e0f1413&name=default HTTP/1.1" status: 200 len: 3120 time: 0.3184750
2026-04-22 19:48:23.360 9 INFO neutron.api.wsgi [None req-279fefe6-d5ce-467b-8cca-18259d0719b4 1b0876df02334129b92b2d722f1cd77c 0260cfb263d24a3c98a9634187bd71e5 - - default default] 10.0.0.103 "DELETE /v2.0/security-groups/d369b0fc-89b4-481f-bdd3-2f3c3c90ed08 HTTP/1.1" status: 204 len: 168 time: 0.1855044
2026-04-22 19:48:23.478 10 INFO neutron.api.wsgi [None req-2974bf5b-09a5-4a9a-91e6-e27394c199cb 1b0876df02334129b92b2d722f1cd77c 0260cfb263d24a3c98a9634187bd71e5 - - default default] 10.0.0.103 "GET /v2.0/security-groups?tenant_id=5a817e43961b4b21b1fdbb5728eb0c88&name=default HTTP/1.1" status: 200 len: 3120 time: 0.0431092
2026-04-22 19:48:23.508 9 INFO neutron.api.wsgi [req-bdcc5b28-6308-406b-8400-2ce8a88b67c0 req-f796ff27-42ba-450f-9209-aa9f86f8a934 756008c5cea04afba598b0b2deec1c43 c5bc13675a434994a69d275e4bd04641 - - default default] 10.0.0.110 "GET /v2.0/ports?device_id=1bb46e6f-8331-4e5a-939e-a8c33f5b4c0b HTTP/1.1" status: 200 len: 210 time: 0.0186737
2026-04-22 19:48:23.683 10 INFO neutron.api.wsgi [None req-4d0647c6-06fa-4b9e-ad5e-49bd434245c2 1b0876df02334129b92b2d722f1cd77c 0260cfb263d24a3c98a9634187bd71e5 - - default default] 10.0.0.103 "DELETE /v2.0/security-groups/03199d53-a407-4fdd-9fb3-926e2e7b6887 HTTP/1.1" status: 204 len: 168 time: 0.1996462
2026-04-22 19:48:23.928 10 INFO neutron.db.ovn_revision_numbers_db [None req-9c1bc1d4-1e66-4ee2-b652-4a1dbcb2c78c 1b0876df02334129b92b2d722f1cd77c 0260cfb263d24a3c98a9634187bd71e5 - - default default] Successfully bumped revision number for resource 056e23a4-44a9-430b-a12a-427ad1bd0692 (type: security_groups) to 1
2026-04-22 19:48:23.943 10 INFO neutron.db.ovn_revision_numbers_db [None req-9c1bc1d4-1e66-4ee2-b652-4a1dbcb2c78c 1b0876df02334129b92b2d722f1cd77c 0260cfb263d24a3c98a9634187bd71e5 - - default default] Successfully bumped revision number for resource 1b200264-bc51-45a6-9f91-fc24cc16dbec (type: security_group_rules) to 0
2026-04-22 19:48:23.954 10 INFO neutron.db.ovn_revision_numbers_db [None req-9c1bc1d4-1e66-4ee2-b652-4a1dbcb2c78c 1b0876df02334129b92b2d722f1cd77c 0260cfb263d24a3c98a9634187bd71e5 - - default default] Successfully bumped revision number for resource 75a63246-4888-4914-8684-4470537d9c3e (type: security_group_rules) to 0
2026-04-22 19:48:23.965 10 INFO neutron.db.ovn_revision_numbers_db [None req-9c1bc1d4-1e66-4ee2-b652-4a1dbcb2c78c 1b0876df02334129b92b2d722f1cd77c 0260cfb263d24a3c98a9634187bd71e5 - - default default] Successfully bumped revision number for resource aced8ac1-0097-4348-abd0-aefdedc65eff (type: security_group_rules) to 0
2026-04-22 19:48:23.978 10 INFO neutron.db.ovn_revision_numbers_db [None req-9c1bc1d4-1e66-4ee2-b652-4a1dbcb2c78c 1b0876df02334129b92b2d722f1cd77c 0260cfb263d24a3c98a9634187bd71e5 - - default default] Successfully bumped revision number for resource af9b9bcc-957c-4c44-bcac-1820a1acb47b (type: security_group_rules) to 0
2026-04-22 19:48:24.010 10 INFO neutron.api.wsgi [None req-9c1bc1d4-1e66-4ee2-b652-4a1dbcb2c78c 1b0876df02334129b92b2d722f1cd77c 0260cfb263d24a3c98a9634187bd71e5 - - default default] 10.0.0.103 "GET /v2.0/security-groups?tenant_id=e4cf2ac6207b47ca98f83ba8f8222051&name=default HTTP/1.1" status: 200 len: 3120 time: 0.2064438
2026-04-22 19:48:24.192 10 INFO neutron.api.wsgi [None req-0cbd3227-df41-40b8-807b-6b80bbfe5cc3 1b0876df02334129b92b2d722f1cd77c 0260cfb263d24a3c98a9634187bd71e5 - - default default] 10.0.0.103 "DELETE /v2.0/security-groups/056e23a4-44a9-430b-a12a-427ad1bd0692 HTTP/1.1" status: 204 len: 168 time: 0.1765411
2026-04-22 19:48:24.591 10 INFO neutron.api.wsgi [req-49398d22-aa63-4073-8ac5-90a2edf20504 req-1f5dc93d-3c82-4c6f-b901-1228c3aedbf4 756008c5cea04afba598b0b2deec1c43 c5bc13675a434994a69d275e4bd04641 - - default default] 10.0.0.110 "GET /v2.0/ports?device_id=1bb46e6f-8331-4e5a-939e-a8c33f5b4c0b HTTP/1.1" status: 200 len: 210 time: 0.0170290
2026-04-22 19:48:25.680 9 INFO neutron.api.wsgi [req-4c3f87c5-7b35-462b-bced-b82659019708 req-a72707e9-ad82-4e48-9079-a10a2b366d8d 756008c5cea04afba598b0b2deec1c43 c5bc13675a434994a69d275e4bd04641 - - default default] 10.0.0.110 "GET /v2.0/ports?device_id=1bb46e6f-8331-4e5a-939e-a8c33f5b4c0b HTTP/1.1" status: 200 len: 210 time: 0.0213816
2026-04-22 19:48:28.195 9 WARNING neutron_lib.context [None req-027b09e4-c791-449a-a9c1-0001e534b513 ee26fa0df20847f5ad9ca94496ae290c c6b09baca9224474bf480376c6e5ac6d - - default default] Method 'is_advsvc' is deprecated since 2023.2 release (neutron-lib 3.8.0) and will be removed once support for the old RBAC API policies will be removed from Neutron. Please use method 'is_service_role' instead.
2026-04-22 19:48:28.327 9 INFO neutron.db.ovn_revision_numbers_db [None req-027b09e4-c791-449a-a9c1-0001e534b513 ee26fa0df20847f5ad9ca94496ae290c c6b09baca9224474bf480376c6e5ac6d - - default default] Successfully bumped revision number for resource 3d982905-81f2-4087-b5ca-4f7578633524 (type: security_groups) to 1
2026-04-22 19:48:28.342 9 INFO neutron.db.ovn_revision_numbers_db [None req-027b09e4-c791-449a-a9c1-0001e534b513 ee26fa0df20847f5ad9ca94496ae290c c6b09baca9224474bf480376c6e5ac6d - - default default] Successfully bumped revision number for resource 28483faf-2277-4a19-8ce0-48bbf5259f94 (type: security_group_rules) to 0
2026-04-22 19:48:28.354 9 INFO neutron.db.ovn_revision_numbers_db [None req-027b09e4-c791-449a-a9c1-0001e534b513 ee26fa0df20847f5ad9ca94496ae290c c6b09baca9224474bf480376c6e5ac6d - - default default] Successfully bumped revision number for resource cfe15396-b1bb-4fcf-b3b1-ad8933015d81 (type: security_group_rules) to 0
2026-04-22 19:48:28.367 9 INFO neutron.db.ovn_revision_numbers_db [None req-027b09e4-c791-449a-a9c1-0001e534b513 ee26fa0df20847f5ad9ca94496ae290c c6b09baca9224474bf480376c6e5ac6d - - default default] Successfully bumped revision number for resource db4b5326-94a3-42d8-add2-5abef9af6e7f (type: security_group_rules) to 0
2026-04-22 19:48:28.378 9 INFO neutron.db.ovn_revision_numbers_db [None req-027b09e4-c791-449a-a9c1-0001e534b513 ee26fa0df20847f5ad9ca94496ae290c c6b09baca9224474bf480376c6e5ac6d - - default default] Successfully bumped revision number for resource e9467f0e-7f47-4756-ac6b-eef2fa257332 (type: security_group_rules) to 0
2026-04-22 19:48:28.463 9 INFO neutron.db.segments_db [None req-027b09e4-c791-449a-a9c1-0001e534b513 ee26fa0df20847f5ad9ca94496ae290c c6b09baca9224474bf480376c6e5ac6d - - default default] Added segment 27357928-c3a6-4cd2-9cd7-436c5ab9975a of type geneve for network 5178dd38-0fd4-46f5-8fa6-ea4714acb3bc
2026-04-22 19:48:28.575 9 INFO neutron.db.ovn_revision_numbers_db [None req-027b09e4-c791-449a-a9c1-0001e534b513 ee26fa0df20847f5ad9ca94496ae290c c6b09baca9224474bf480376c6e5ac6d - - default default] Successfully bumped revision number for resource 5178dd38-0fd4-46f5-8fa6-ea4714acb3bc (type: networks) to 1
2026-04-22 19:48:28.736 9 WARNING neutron.scheduler.dhcp_agent_scheduler [None req-027b09e4-c791-449a-a9c1-0001e534b513 ee26fa0df20847f5ad9ca94496ae290c c6b09baca9224474bf480376c6e5ac6d - - default default] No more DHCP agents
2026-04-22 19:48:28.737 9 WARNING neutron.api.rpc.agentnotifiers.dhcp_rpc_agent_api [None req-027b09e4-c791-449a-a9c1-0001e534b513 ee26fa0df20847f5ad9ca94496ae290c c6b09baca9224474bf480376c6e5ac6d - - default default] Unable to schedule network 5178dd38-0fd4-46f5-8fa6-ea4714acb3bc: no agents available; will retry on subsequent port and subnet creation events.
2026-04-22 19:48:28.802 9 INFO neutron.db.ovn_revision_numbers_db [None req-027b09e4-c791-449a-a9c1-0001e534b513 ee26fa0df20847f5ad9ca94496ae290c c6b09baca9224474bf480376c6e5ac6d - - default default] Successfully bumped revision number for resource 9101b2bb-b30c-401d-a5e6-dfa0a75bc5de (type: ports) to 1
2026-04-22 19:48:28.824 9 INFO neutron.api.wsgi [None req-027b09e4-c791-449a-a9c1-0001e534b513 ee26fa0df20847f5ad9ca94496ae290c c6b09baca9224474bf480376c6e5ac6d - - default default] 10.0.0.103 "POST /v2.0/networks HTTP/1.1" status: 201 len: 831 time: 0.7945306
2026-04-22 19:48:28.832 9 WARNING neutron_lib.context [None req-909c6c4f-d9a4-4885-a522-d2dc8ac778bc ee26fa0df20847f5ad9ca94496ae290c c6b09baca9224474bf480376c6e5ac6d - - default default] Method 'is_advsvc' is deprecated since 2023.2 release (neutron-lib 3.8.0) and will be removed once support for the old RBAC API policies will be removed from Neutron. Please use method 'is_service_role' instead.
2026-04-22 19:48:28.886 10 INFO neutron.api.wsgi [None req-ced7c603-1455-4d7f-9904-cfd4fee47a76 1b0876df02334129b92b2d722f1cd77c 0260cfb263d24a3c98a9634187bd71e5 - - default default] 10.0.0.103 "PUT /v2.0/routers/904715c7-a17c-4c16-8ae2-0a924c66f3fb/remove_router_interface HTTP/1.1" status: 200 len: 503 time: 0.9942911 /var/lib/openstack/lib/python3.12/site-packages/pycadf/identifier.py:71: UserWarning: Invalid uuid: neutron. To ensure interoperability, identifiers should be a valid uuid. warnings.warn(('Invalid uuid: %s. To ensure interoperability, '
2026-04-22 19:48:29.006 9 WARNING neutron.scheduler.dhcp_agent_scheduler [None req-909c6c4f-d9a4-4885-a522-d2dc8ac778bc ee26fa0df20847f5ad9ca94496ae290c c6b09baca9224474bf480376c6e5ac6d - - default default] No more DHCP agents
2026-04-22 19:48:29.007 9 WARNING neutron.api.rpc.agentnotifiers.dhcp_rpc_agent_api [None req-909c6c4f-d9a4-4885-a522-d2dc8ac778bc ee26fa0df20847f5ad9ca94496ae290c c6b09baca9224474bf480376c6e5ac6d - - default default] Unable to schedule network 5178dd38-0fd4-46f5-8fa6-ea4714acb3bc: no agents available; will retry on subsequent port and subnet creation events.
2026-04-22 19:48:29.289 9 INFO neutron.api.wsgi [req-b49c5f05-7a40-4fdf-8f53-a7da48eeadf8 req-ad43e2a4-1b18-4917-a036-17c64259436e 1b0876df02334129b92b2d722f1cd77c 0260cfb263d24a3c98a9634187bd71e5 - - default default] 10.0.0.110 "GET /v2.0/security-groups?id=fe5f31c3-a3be-4c52-a5a0-6a5ab2c5bed4&fields=id HTTP/1.1" status: 200 len: 267 time: 0.0345433
2026-04-22 19:48:29.337 9 INFO neutron.api.wsgi [req-b49c5f05-7a40-4fdf-8f53-a7da48eeadf8 req-527c2f13-aca9-46c3-9f53-b82a520724f9 1b0876df02334129b92b2d722f1cd77c 0260cfb263d24a3c98a9634187bd71e5 - - default default] 10.0.0.110 "GET /v2.0/networks?id=a9910545-dd15-4e35-9807-e9c738725b18 HTTP/1.1" status: 200 len: 937 time: 0.0398936
2026-04-22 19:48:29.372 9 INFO neutron.api.wsgi [req-b49c5f05-7a40-4fdf-8f53-a7da48eeadf8 req-6e6fc9c0-b735-4af8-8a34-53caa9165893 1b0876df02334129b92b2d722f1cd77c 0260cfb263d24a3c98a9634187bd71e5 - - default default] 10.0.0.110 "GET /v2.0/quotas/0260cfb263d24a3c98a9634187bd71e5 HTTP/1.1" status: 200 len: 490 time: 0.0270002
2026-04-22 19:48:29.439 9 INFO neutron.api.wsgi [req-b49c5f05-7a40-4fdf-8f53-a7da48eeadf8 req-99374647-c402-499b-87eb-7e706f2eaf09 1b0876df02334129b92b2d722f1cd77c 0260cfb263d24a3c98a9634187bd71e5 - - default default] 10.0.0.110 "GET /v2.0/ports?tenant_id=0260cfb263d24a3c98a9634187bd71e5&fields=id HTTP/1.1" status: 200 len: 348 time: 0.0596614
2026-04-22 19:48:29.449 9 INFO neutron.db.ovn_revision_numbers_db [None req-acc9e894-9d09-492d-932b-20a2b02a4f4b - - - - - -] Successfully bumped revision number for resource 9101b2bb-b30c-401d-a5e6-dfa0a75bc5de (type: ports) to 2
2026-04-22 19:48:29.506 9 INFO neutron.db.ovn_revision_numbers_db [None req-acc9e894-9d09-492d-932b-20a2b02a4f4b - - - - - -] Successfully bumped revision number for resource a8077888-9ba5-4b2f-bf86-8f11f2c1c794 (type: subnets) to 0
2026-04-22 19:48:29.514 9 INFO neutron.api.wsgi [req-b49c5f05-7a40-4fdf-8f53-a7da48eeadf8 req-e1679f59-cb87-429f-be9c-caf3e8b8f08a 5b8bc9d8e0a74885a86066df41559879 5e1b14b435884ae1b334f182f97409c4 - - 383bb181a3304024b71730a456140254 383bb181a3304024b71730a456140254] 10.0.0.110 "GET /v2.0/networks/a9910545-dd15-4e35-9807-e9c738725b18?fields=segments HTTP/1.1" status: 200 len: 212 time: 0.0622830
2026-04-22 19:48:29.535 9 INFO neutron.api.wsgi [None req-909c6c4f-d9a4-4885-a522-d2dc8ac778bc ee26fa0df20847f5ad9ca94496ae290c c6b09baca9224474bf480376c6e5ac6d - - default default] 10.0.0.103 "POST /v2.0/subnets HTTP/1.1" status: 201 len: 825 time: 0.7069628
2026-04-22 19:48:29.543 9 WARNING neutron_lib.context [None req-d65adbff-6cde-402d-88cd-93bd72983133 ee26fa0df20847f5ad9ca94496ae290c c6b09baca9224474bf480376c6e5ac6d - - default default] Method 'is_advsvc' is deprecated since 2023.2 release (neutron-lib 3.8.0) and will be removed once support for the old RBAC API policies will be removed from Neutron. Please use method 'is_service_role' instead.
2026-04-22 19:48:29.572 9 INFO neutron.api.wsgi [req-b49c5f05-7a40-4fdf-8f53-a7da48eeadf8 req-81e0e1bc-346c-4ae6-9a4f-c4113575c14d 5b8bc9d8e0a74885a86066df41559879 5e1b14b435884ae1b334f182f97409c4 - - 383bb181a3304024b71730a456140254 383bb181a3304024b71730a456140254] 10.0.0.110 "GET /v2.0/networks/a9910545-dd15-4e35-9807-e9c738725b18?fields=provider%3Aphysical_network&fields=provider%3Anetwork_type HTTP/1.1" status: 200 len: 277 time: 0.0524347
2026-04-22 19:48:29.633 9 INFO neutron.db.segments_db [None req-d65adbff-6cde-402d-88cd-93bd72983133 ee26fa0df20847f5ad9ca94496ae290c c6b09baca9224474bf480376c6e5ac6d - - default default] Added segment 083e2123-92e4-4baf-8927-84b7a50aa244 of type geneve for network ad1e6046-7a8d-444a-9b0f-ab38ffc9841d
2026-04-22 19:48:29.754 9 INFO neutron.db.ovn_revision_numbers_db [None req-d65adbff-6cde-402d-88cd-93bd72983133 ee26fa0df20847f5ad9ca94496ae290c c6b09baca9224474bf480376c6e5ac6d - - default default] Successfully bumped revision number for resource ad1e6046-7a8d-444a-9b0f-ab38ffc9841d (type: networks) to 1
2026-04-22 19:48:29.792 10 INFO neutron.api.wsgi [None req-fe2479e1-b158-4214-8301-8ee3ef2c9a25 1b0876df02334129b92b2d722f1cd77c 0260cfb263d24a3c98a9634187bd71e5 - - default default] 10.0.0.103 "DELETE /v2.0/routers/904715c7-a17c-4c16-8ae2-0a924c66f3fb HTTP/1.1" status: 204 len: 168 time: 0.8996375
2026-04-22 19:48:29.930 9 WARNING neutron.scheduler.dhcp_agent_scheduler [None req-d65adbff-6cde-402d-88cd-93bd72983133 ee26fa0df20847f5ad9ca94496ae290c c6b09baca9224474bf480376c6e5ac6d - - default default] No more DHCP agents
2026-04-22 19:48:29.932 9 WARNING neutron.api.rpc.agentnotifiers.dhcp_rpc_agent_api [None req-d65adbff-6cde-402d-88cd-93bd72983133 ee26fa0df20847f5ad9ca94496ae290c c6b09baca9224474bf480376c6e5ac6d - - default default] Unable to schedule network ad1e6046-7a8d-444a-9b0f-ab38ffc9841d: no agents available; will retry on subsequent port and subnet creation events.
2026-04-22 19:48:29.965 10 INFO neutron.api.wsgi [None req-de389ffe-f191-4dc1-8b2b-990161b7000a 1b0876df02334129b92b2d722f1cd77c 0260cfb263d24a3c98a9634187bd71e5 - - default default] 10.0.0.103 "DELETE /v2.0/subnets/8c95d87b-77cb-4983-9043-424d701d33ea HTTP/1.1" status: 204 len: 168 time: 0.1687050
2026-04-22 19:48:30.005 9 INFO neutron.db.ovn_revision_numbers_db [None req-d65adbff-6cde-402d-88cd-93bd72983133 ee26fa0df20847f5ad9ca94496ae290c c6b09baca9224474bf480376c6e5ac6d - - default default] Successfully bumped revision number for resource f13951c5-11a6-423b-8ce4-9c4fc2b6c55e (type: ports) to 1
2026-04-22 19:48:30.029 9 INFO neutron.api.wsgi [None req-d65adbff-6cde-402d-88cd-93bd72983133 ee26fa0df20847f5ad9ca94496ae290c c6b09baca9224474bf480376c6e5ac6d - - default default] 10.0.0.103 "POST /v2.0/networks HTTP/1.1" status: 201 len: 831 time: 0.4892128
2026-04-22 19:48:30.038 9 WARNING neutron_lib.context [None req-36ab55f5-edb5-4c61-8625-ecf6799e971a ee26fa0df20847f5ad9ca94496ae290c c6b09baca9224474bf480376c6e5ac6d - - default default] Method 'is_advsvc' is deprecated since 2023.2 release (neutron-lib 3.8.0) and will be removed once support for the old RBAC API policies will be removed from Neutron. Please use method 'is_service_role' instead.
2026-04-22 19:48:30.095 10 INFO neutron.api.wsgi [req-e42d3a30-3981-47f5-b6f7-d6a212644c3c req-c48e903b-0ae1-44b0-aef9-9377a7f1bc77 1b0876df02334129b92b2d722f1cd77c 0260cfb263d24a3c98a9634187bd71e5 - - default default] 10.0.0.110 "GET /v2.0/ports?device_id=8e10e520-af8a-47fe-8208-8310ba97e0ae HTTP/1.1" status: 200 len: 210 time: 0.0305419
2026-04-22 19:48:30.164 9 INFO neutron.api.wsgi [req-202d21fc-9e09-47e9-a522-8268cb4c5a36 req-3d3a016d-8cc1-4713-b727-4d910469a445 1b0876df02334129b92b2d722f1cd77c 0260cfb263d24a3c98a9634187bd71e5 - - default default] 10.0.0.110 "GET /v2.0/ports?device_id=8e10e520-af8a-47fe-8208-8310ba97e0ae HTTP/1.1" status: 200 len: 210 time: 0.0192988
2026-04-22 19:48:30.210 9 WARNING neutron.scheduler.dhcp_agent_scheduler [None req-36ab55f5-edb5-4c61-8625-ecf6799e971a ee26fa0df20847f5ad9ca94496ae290c c6b09baca9224474bf480376c6e5ac6d - - default default] No more DHCP agents
2026-04-22 19:48:30.211 9 WARNING neutron.api.rpc.agentnotifiers.dhcp_rpc_agent_api [None req-36ab55f5-edb5-4c61-8625-ecf6799e971a ee26fa0df20847f5ad9ca94496ae290c c6b09baca9224474bf480376c6e5ac6d - - default default] Unable to schedule network ad1e6046-7a8d-444a-9b0f-ab38ffc9841d: no agents available; will retry on subsequent port and subnet creation events.
2026-04-22 19:48:30.291 10 INFO neutron.services.segments.plugin [-] Segment 1ab14ada-934d-49eb-9d15-359dd5e356ee resource provider aggregate not found
2026-04-22 19:48:30.298 10 INFO neutron.services.segments.plugin [-] Segment 1ab14ada-934d-49eb-9d15-359dd5e356ee resource provider aggregate not found
2026-04-22 19:48:30.310 10 INFO neutron.services.segments.plugin [-] Segment 1ab14ada-934d-49eb-9d15-359dd5e356ee resource provider not found; error: Placement Client Error (4xx): {"errors": [{"status": 404, "title": "Not Found", "detail": "The resource could not be found.\n\n No resource provider with uuid 1ab14ada-934d-49eb-9d15-359dd5e356ee found for delete ", "request_id": "req-8a823565-c330-4056-8b2c-ce2091897643"}]}
2026-04-22 19:48:30.313 10 INFO neutron.services.segments.plugin [-] Segment 1ab14ada-934d-49eb-9d15-359dd5e356ee resource provider not found; error: Placement Client Error (4xx): {"errors": [{"status": 404, "title": "Not Found", "detail": "The resource could not be found.\n\n No resource provider with uuid 1ab14ada-934d-49eb-9d15-359dd5e356ee found for delete ", "request_id": "req-f7c5988d-9595-4203-86d7-f5925dfc883a"}]}
2026-04-22 19:48:30.323 10 INFO neutron.api.wsgi [None req-d90522c6-bcb9-4430-b2de-fc1e43a0d938 1b0876df02334129b92b2d722f1cd77c 0260cfb263d24a3c98a9634187bd71e5 - - default default] 10.0.0.103 "DELETE /v2.0/networks/6483e1bf-97be-4962-aa6b-f14ac6633172 HTTP/1.1" status: 204 len: 168 time: 0.3512099
2026-04-22 19:48:30.464 9 INFO neutron.api.wsgi [None req-72defe2e-013b-4a70-bf29-8db8c6d73e43 1b0876df02334129b92b2d722f1cd77c 0260cfb263d24a3c98a9634187bd71e5 - - default default] 10.0.0.103 "GET /v2.0/security-groups?tenant_id=c5bc13675a434994a69d275e4bd04641&name=default HTTP/1.1" status: 200 len: 3120 time: 0.0349054
2026-04-22 19:48:30.615 9 INFO neutron.db.ovn_revision_numbers_db [None req-0c284d01-5ab6-4530-a836-7c9f68935911 - - - - - -] Successfully bumped revision number for resource f13951c5-11a6-423b-8ce4-9c4fc2b6c55e (type: ports) to 2
2026-04-22 19:48:30.644 9 INFO neutron.db.ovn_revision_numbers_db [None req-0c284d01-5ab6-4530-a836-7c9f68935911 - - - - - -] Successfully bumped revision number for resource a4123ed8-89e4-4cdc-8f69-e3a12938f275 (type: subnets) to 0
2026-04-22 19:48:30.657 9 INFO neutron.api.wsgi [None req-36ab55f5-edb5-4c61-8625-ecf6799e971a ee26fa0df20847f5ad9ca94496ae290c c6b09baca9224474bf480376c6e5ac6d - - default default] 10.0.0.103 "POST /v2.0/subnets HTTP/1.1" status: 201 len: 828 time: 0.6227794
2026-04-22 19:48:30.661 10 INFO neutron.api.wsgi [None req-8c82a632-b90c-4d4a-8d12-135cdf46f2bd 1b0876df02334129b92b2d722f1cd77c 0260cfb263d24a3c98a9634187bd71e5 - - default default] 10.0.0.103 "DELETE /v2.0/security-groups/e5ba7b3e-99f9-41ad-bd88-6eb9648ad6fb HTTP/1.1" status: 204 len: 168 time: 0.1917369
2026-04-22 19:48:30.665 9 WARNING neutron_lib.context [None req-58adfccd-d6c2-493e-b22f-721f81b3d5ea ee26fa0df20847f5ad9ca94496ae290c c6b09baca9224474bf480376c6e5ac6d - - default default] Method 'is_advsvc' is deprecated since 2023.2 release (neutron-lib 3.8.0) and will be removed once support for the old RBAC API policies will be removed from Neutron. Please use method 'is_service_role' instead.
2026-04-22 19:48:30.739 9 INFO neutron.db.segments_db [None req-58adfccd-d6c2-493e-b22f-721f81b3d5ea ee26fa0df20847f5ad9ca94496ae290c c6b09baca9224474bf480376c6e5ac6d - - default default] Added segment 111aca90-da88-4bc9-925d-85a4090e376d of type geneve for network 0510adde-bf82-498c-b89c-3c4e4776d46a
2026-04-22 19:48:30.833 9 INFO neutron.db.ovn_revision_numbers_db [None req-58adfccd-d6c2-493e-b22f-721f81b3d5ea ee26fa0df20847f5ad9ca94496ae290c c6b09baca9224474bf480376c6e5ac6d - - default default] Successfully bumped revision number for resource 0510adde-bf82-498c-b89c-3c4e4776d46a (type: networks) to 1
2026-04-22 19:48:30.978 9 WARNING neutron.scheduler.dhcp_agent_scheduler [None req-58adfccd-d6c2-493e-b22f-721f81b3d5ea ee26fa0df20847f5ad9ca94496ae290c c6b09baca9224474bf480376c6e5ac6d - - default default] No more DHCP agents
2026-04-22 19:48:30.979 9 WARNING neutron.api.rpc.agentnotifiers.dhcp_rpc_agent_api [None req-58adfccd-d6c2-493e-b22f-721f81b3d5ea ee26fa0df20847f5ad9ca94496ae290c c6b09baca9224474bf480376c6e5ac6d - - default default] Unable to schedule network 0510adde-bf82-498c-b89c-3c4e4776d46a: no agents available; will retry on subsequent port and subnet creation events.
2026-04-22 19:48:31.034 9 INFO neutron.db.ovn_revision_numbers_db [None req-58adfccd-d6c2-493e-b22f-721f81b3d5ea ee26fa0df20847f5ad9ca94496ae290c c6b09baca9224474bf480376c6e5ac6d - - default default] Successfully bumped revision number for resource ca0ee84b-d65c-4f5d-8731-daa66f9dd2e6 (type: ports) to 1
2026-04-22 19:48:31.049 9 INFO neutron.api.wsgi [None req-58adfccd-d6c2-493e-b22f-721f81b3d5ea ee26fa0df20847f5ad9ca94496ae290c c6b09baca9224474bf480376c6e5ac6d - - default default] 10.0.0.103 "POST /v2.0/networks HTTP/1.1" status: 201 len: 831 time: 0.3884146
2026-04-22 19:48:31.057 9 WARNING neutron_lib.context [None req-88101118-7310-4959-a612-63940c05cebc ee26fa0df20847f5ad9ca94496ae290c c6b09baca9224474bf480376c6e5ac6d - - default default] Method 'is_advsvc' is deprecated since 2023.2 release (neutron-lib 3.8.0) and will be removed once support for the old RBAC API policies will be removed from Neutron. Please use method 'is_service_role' instead.
2026-04-22 19:48:31.210 9 WARNING neutron.scheduler.dhcp_agent_scheduler [None req-88101118-7310-4959-a612-63940c05cebc ee26fa0df20847f5ad9ca94496ae290c c6b09baca9224474bf480376c6e5ac6d - - default default] No more DHCP agents
2026-04-22 19:48:31.211 9 WARNING neutron.api.rpc.agentnotifiers.dhcp_rpc_agent_api [None req-88101118-7310-4959-a612-63940c05cebc ee26fa0df20847f5ad9ca94496ae290c c6b09baca9224474bf480376c6e5ac6d - - default default] Unable to schedule network 0510adde-bf82-498c-b89c-3c4e4776d46a: no agents available; will retry on subsequent port and subnet creation events.
2026-04-22 19:48:31.604 9 INFO neutron.db.ovn_revision_numbers_db [None req-ee3d1623-6537-425f-a1d9-4729953251c0 - - - - - -] Successfully bumped revision number for resource ca0ee84b-d65c-4f5d-8731-daa66f9dd2e6 (type: ports) to 2
2026-04-22 19:48:31.629 9 INFO neutron.db.ovn_revision_numbers_db [None req-ee3d1623-6537-425f-a1d9-4729953251c0 - - - - - -] Successfully bumped revision number for resource 77d90c88-48b2-45d2-a598-f3d27e45e6a6 (type: subnets) to 0
2026-04-22 19:48:31.640 9 INFO neutron.api.wsgi [None req-88101118-7310-4959-a612-63940c05cebc ee26fa0df20847f5ad9ca94496ae290c c6b09baca9224474bf480376c6e5ac6d - - default default] 10.0.0.103 "POST /v2.0/subnets HTTP/1.1" status: 201 len: 828 time: 0.5861802
2026-04-22 19:48:31.649 9 WARNING neutron_lib.context [None req-0a87fcf7-f935-42b2-b92c-fd0ca73f5a71 ee26fa0df20847f5ad9ca94496ae290c c6b09baca9224474bf480376c6e5ac6d - - default default] Method 'is_advsvc' is deprecated since 2023.2 release (neutron-lib 3.8.0) and will be removed once support for the old RBAC API policies will be removed from Neutron. Please use method 'is_service_role' instead.
2026-04-22 19:48:31.722 9 INFO neutron.db.segments_db [None req-0a87fcf7-f935-42b2-b92c-fd0ca73f5a71 ee26fa0df20847f5ad9ca94496ae290c c6b09baca9224474bf480376c6e5ac6d - - default default] Added segment 40978fe9-101f-4982-8fed-e480e33b4b13 of type geneve for network e76090e9-1d51-4c36-a0e6-59c81ddd4b69
2026-04-22 19:48:31.837 9 INFO neutron.db.ovn_revision_numbers_db [None req-0a87fcf7-f935-42b2-b92c-fd0ca73f5a71 ee26fa0df20847f5ad9ca94496ae290c c6b09baca9224474bf480376c6e5ac6d - - default default] Successfully bumped revision number for resource e76090e9-1d51-4c36-a0e6-59c81ddd4b69 (type: networks) to 1
2026-04-22 19:48:31.857 9 INFO neutron.api.wsgi [req-a785959d-0928-4c7d-819f-c49f55d8818f req-4b2265ac-36af-4ffd-9358-76fb428fb55c 5b8bc9d8e0a74885a86066df41559879 5e1b14b435884ae1b334f182f97409c4 - - 383bb181a3304024b71730a456140254 383bb181a3304024b71730a456140254] 199.19.213.47 "GET /v2.0/ports?device_id=d6546452-21de-4846-93fe-7d328e3c1dd0&fields=binding%3Ahost_id&fields=binding%3Avif_type HTTP/1.1" status: 200 len: 265 time: 0.0403619
2026-04-22 19:48:31.996 9 WARNING neutron.scheduler.dhcp_agent_scheduler [None req-0a87fcf7-f935-42b2-b92c-fd0ca73f5a71 ee26fa0df20847f5ad9ca94496ae290c c6b09baca9224474bf480376c6e5ac6d - - default default] No more DHCP agents
2026-04-22 19:48:31.997 9 WARNING neutron.api.rpc.agentnotifiers.dhcp_rpc_agent_api [None req-0a87fcf7-f935-42b2-b92c-fd0ca73f5a71 ee26fa0df20847f5ad9ca94496ae290c c6b09baca9224474bf480376c6e5ac6d - - default default] Unable to schedule network e76090e9-1d51-4c36-a0e6-59c81ddd4b69: no agents available; will retry on subsequent port and subnet creation events.
2026-04-22 19:48:32.054 9 INFO neutron.db.ovn_revision_numbers_db [None req-0a87fcf7-f935-42b2-b92c-fd0ca73f5a71 ee26fa0df20847f5ad9ca94496ae290c c6b09baca9224474bf480376c6e5ac6d - - default default] Successfully bumped revision number for resource 95f27c08-3e9f-4f12-a6c0-dfa3949ea18f (type: ports) to 1
2026-04-22 19:48:32.073 9 INFO neutron.api.wsgi [None req-0a87fcf7-f935-42b2-b92c-fd0ca73f5a71 ee26fa0df20847f5ad9ca94496ae290c c6b09baca9224474bf480376c6e5ac6d - - default default] 10.0.0.103 "POST /v2.0/networks HTTP/1.1" status: 201 len: 830 time: 0.4285529
2026-04-22 19:48:32.082 9 WARNING neutron_lib.context [None req-251478c5-2104-4199-921d-9d8de181eebd ee26fa0df20847f5ad9ca94496ae290c c6b09baca9224474bf480376c6e5ac6d - - default default] Method 'is_advsvc' is deprecated since 2023.2 release (neutron-lib 3.8.0) and will be removed once support for the old RBAC API policies will be removed from Neutron. Please use method 'is_service_role' instead.
2026-04-22 19:48:32.275 9 WARNING neutron.scheduler.dhcp_agent_scheduler [None req-251478c5-2104-4199-921d-9d8de181eebd ee26fa0df20847f5ad9ca94496ae290c c6b09baca9224474bf480376c6e5ac6d - - default default] No more DHCP agents
2026-04-22 19:48:32.276 9 WARNING neutron.api.rpc.agentnotifiers.dhcp_rpc_agent_api [None req-251478c5-2104-4199-921d-9d8de181eebd ee26fa0df20847f5ad9ca94496ae290c c6b09baca9224474bf480376c6e5ac6d - - default default] Unable to schedule network e76090e9-1d51-4c36-a0e6-59c81ddd4b69: no agents available; will retry on subsequent port and subnet creation events.
2026-04-22 19:48:32.664 9 INFO neutron.db.ovn_revision_numbers_db [None req-b67db018-2f42-4b6b-a0cd-e4b375a41d48 - - - - - -] Successfully bumped revision number for resource 95f27c08-3e9f-4f12-a6c0-dfa3949ea18f (type: ports) to 2
2026-04-22 19:48:32.695 9 INFO neutron.db.ovn_revision_numbers_db [None req-b67db018-2f42-4b6b-a0cd-e4b375a41d48 - - - - - -] Successfully bumped revision number for resource 385113f6-3647-4393-a9b5-1ac8f5af88d9 (type: subnets) to 0
2026-04-22 19:48:32.711 9 INFO neutron.api.wsgi [None req-251478c5-2104-4199-921d-9d8de181eebd ee26fa0df20847f5ad9ca94496ae290c c6b09baca9224474bf480376c6e5ac6d - - default default] 10.0.0.103 "POST /v2.0/subnets HTTP/1.1" status: 201 len: 828 time: 0.6323440
2026-04-22 19:48:32.720 9 WARNING neutron_lib.context [None req-c0ce89f2-6133-490f-a10f-5b89b978fc84 ee26fa0df20847f5ad9ca94496ae290c c6b09baca9224474bf480376c6e5ac6d - - default default] Method 'is_advsvc' is deprecated since 2023.2 release (neutron-lib 3.8.0) and will be removed once support for the old RBAC API policies will be removed from Neutron. Please use method 'is_service_role' instead.
2026-04-22 19:48:32.811 9 INFO neutron.api.wsgi [req-8c2e917a-4bf8-4c97-a2c3-db0db61b5580 req-6a83e7aa-940e-4dbb-88b3-65b38f5d15d0 1b0876df02334129b92b2d722f1cd77c 0260cfb263d24a3c98a9634187bd71e5 - - default default] 10.0.0.110 "GET /v2.0/ports?device_id=8e10e520-af8a-47fe-8208-8310ba97e0ae HTTP/1.1" status: 200 len: 210 time: 0.0204337
2026-04-22 19:48:32.814 9 INFO neutron.db.segments_db [None req-c0ce89f2-6133-490f-a10f-5b89b978fc84 ee26fa0df20847f5ad9ca94496ae290c c6b09baca9224474bf480376c6e5ac6d - - default default] Added segment 7924a975-55e6-4d62-a6bf-d548a1c2c024 of type geneve for network b86dda08-15a4-4d02-92c3-2be6a0f2f4a8
2026-04-22 19:48:32.907 9 INFO neutron.api.wsgi [req-a785959d-0928-4c7d-819f-c49f55d8818f req-66e8f120-ff2a-43e8-91b8-a21b487fbc72 5b8bc9d8e0a74885a86066df41559879 5e1b14b435884ae1b334f182f97409c4 - - 383bb181a3304024b71730a456140254 383bb181a3304024b71730a456140254] 199.19.213.47 "GET /v2.0/ports?tenant_id=5c820721ffa34e0daebc5f384071a949&device_id=d6546452-21de-4846-93fe-7d328e3c1dd0 HTTP/1.1" status: 200 len: 1638 time: 0.0357683
2026-04-22 19:48:32.913 10 INFO neutron.api.wsgi [req-1f8f4d61-804d-4801-a186-17bcb5d93e00 req-69c7aada-7c82-427a-817d-58e382ff87e1 1b0876df02334129b92b2d722f1cd77c 0260cfb263d24a3c98a9634187bd71e5 - - default default] 10.0.0.110 "GET /v2.0/ports?device_id=8e10e520-af8a-47fe-8208-8310ba97e0ae HTTP/1.1" status: 200 len: 210 time: 0.0249851
2026-04-22 19:48:32.931 9 INFO neutron.db.ovn_revision_numbers_db [None req-c0ce89f2-6133-490f-a10f-5b89b978fc84 ee26fa0df20847f5ad9ca94496ae290c c6b09baca9224474bf480376c6e5ac6d - - default default] Successfully bumped revision number for resource b86dda08-15a4-4d02-92c3-2be6a0f2f4a8 (type: networks) to 1
2026-04-22 19:48:33.068 9 WARNING neutron.scheduler.dhcp_agent_scheduler [None req-c0ce89f2-6133-490f-a10f-5b89b978fc84 ee26fa0df20847f5ad9ca94496ae290c c6b09baca9224474bf480376c6e5ac6d - - default default] No more DHCP agents
2026-04-22 19:48:33.069 9 WARNING neutron.api.rpc.agentnotifiers.dhcp_rpc_agent_api [None req-c0ce89f2-6133-490f-a10f-5b89b978fc84 ee26fa0df20847f5ad9ca94496ae290c c6b09baca9224474bf480376c6e5ac6d - - default default] Unable to schedule network b86dda08-15a4-4d02-92c3-2be6a0f2f4a8: no agents available; will retry on subsequent port and subnet creation events.
