2026-04-22 19:46:35.821 10 INFO neutron.api.wsgi [req-5256495c-cca7-4c13-b800-705daf7d78a3 req-319ffbc5-c30c-45dc-9f64-530636198371 137897a46f3444bf875fd96ed52acdc6 74bb8759db1044858ba571117f0be50c - - default default] 10.0.0.110 "GET /v2.0/security-groups?id=44730e89-398e-4e2e-b0d4-19c1378402ea&fields=id&fields=name HTTP/1.1" status: 200 len: 312 time: 0.0296073
2026-04-22 19:46:35.856 9 INFO neutron.db.ovn_revision_numbers_db [None req-bfb89f98-099a-4056-8ea4-c38bda7ba3a3 1b0876df02334129b92b2d722f1cd77c 0260cfb263d24a3c98a9634187bd71e5 - - default default] Successfully bumped revision number for resource 966d8bc8-4d01-4b59-bb68-440d3afabfa9 (type: security_groups) to 1
2026-04-22 19:46:35.877 9 INFO neutron.db.ovn_revision_numbers_db [None req-bfb89f98-099a-4056-8ea4-c38bda7ba3a3 1b0876df02334129b92b2d722f1cd77c 0260cfb263d24a3c98a9634187bd71e5 - - default default] Successfully bumped revision number for resource 29e3ba53-1c23-4789-9118-1e00e2fd5fc2 (type: security_group_rules) to 0
2026-04-22 19:46:35.889 9 WARNING neutron.plugins.ml2.drivers.ovn.mech_driver.ovsdb.ovn_client [None req-db78dd93-f2b5-4f77-97c4-450f714ec1da - - - - - -] No port found with ID a1e98010-f018-461e-a3b5-adbc3159cfce: RuntimeError: No port found with ID a1e98010-f018-461e-a3b5-adbc3159cfce
2026-04-22 19:46:35.889 9 INFO neutron.plugins.ml2.drivers.ovn.mech_driver.mech_driver [None req-db78dd93-f2b5-4f77-97c4-450f714ec1da - - - - - -] OVN reports status down for port: 2d45f94a-1ab7-4104-9709-a4c6a4481347
2026-04-22 19:46:35.900 9 INFO neutron.db.ovn_revision_numbers_db [None req-bfb89f98-099a-4056-8ea4-c38bda7ba3a3 1b0876df02334129b92b2d722f1cd77c 0260cfb263d24a3c98a9634187bd71e5 - - default default] Successfully bumped revision number for resource 50d03389-db3d-4a95-baa9-aeed4264d769 (type: security_group_rules) to 0
2026-04-22 19:46:35.911 10 INFO neutron.db.ovn_revision_numbers_db [None req-11a45fdc-2607-4130-ac9c-05d8bef7961f - - - - - -] Successfully bumped revision number for resource 1dbb23c4-ae3e-4a1b-a4c8-54242584788b (type: ports) to 2
2026-04-22 19:46:35.922 9 INFO neutron.db.ovn_revision_numbers_db [None req-bfb89f98-099a-4056-8ea4-c38bda7ba3a3 1b0876df02334129b92b2d722f1cd77c 0260cfb263d24a3c98a9634187bd71e5 - - default default] Successfully bumped revision number for resource 74023dbd-6a16-4303-b019-e7e83ca69c9d (type: security_group_rules) to 0
2026-04-22 19:46:35.942 9 INFO neutron.db.ovn_revision_numbers_db [None req-bfb89f98-099a-4056-8ea4-c38bda7ba3a3 1b0876df02334129b92b2d722f1cd77c 0260cfb263d24a3c98a9634187bd71e5 - - default default] Successfully bumped revision number for resource e49a1824-ebea-4305-bd39-a2cc17184aad (type: security_group_rules) to 0
2026-04-22 19:46:35.991 9 INFO neutron.api.wsgi [None req-bfb89f98-099a-4056-8ea4-c38bda7ba3a3 1b0876df02334129b92b2d722f1cd77c 0260cfb263d24a3c98a9634187bd71e5 - - default default] 10.0.0.103 "GET /v2.0/security-groups?tenant_id=598516e0491548c2b8006e8c224f2dd8&name=default HTTP/1.1" status: 200 len: 3120 time: 0.4563200
2026-04-22 19:46:36.081 9 INFO neutron.notifiers.nova [-] Nova event matching ['req-3d997a26-16e4-4b47-9a6c-e2b8f3b4add2'] response: {'server_uuid': '1f243ffe-0af6-4f85-bbd5-f1161dbd4280', 'name': 'network-vif-unplugged', 'status': 'completed', 'tag': '2d45f94a-1ab7-4104-9709-a4c6a4481347', 'code': 200}
2026-04-22 19:46:36.272 9 INFO neutron.db.ovn_revision_numbers_db [None req-db78dd93-f2b5-4f77-97c4-450f714ec1da - - - - - -] Successfully bumped revision number for resource 2d45f94a-1ab7-4104-9709-a4c6a4481347 (type: ports) to 6
2026-04-22 19:46:36.360 9 INFO neutron.api.wsgi [None req-0b96a987-8849-4596-a637-4949056f3d11 1b0876df02334129b92b2d722f1cd77c 0260cfb263d24a3c98a9634187bd71e5 - - default default] 10.0.0.103 "DELETE /v2.0/security-groups/966d8bc8-4d01-4b59-bb68-440d3afabfa9 HTTP/1.1" status: 204 len: 168 time: 0.3644800
2026-04-22 19:46:36.369 9 WARNING neutron.plugins.ml2.drivers.ovn.mech_driver.ovsdb.ovn_client [None req-14a173fb-e548-48e4-8aa3-b34b4224d883 - - - - - -] Logical_Switch_Port %s host information not removed, the port state is up
2026-04-22 19:46:36.376 9 INFO neutron.plugins.ml2.drivers.ovn.mech_driver.mech_driver [None req-14a173fb-e548-48e4-8aa3-b34b4224d883 - - - - - -] OVN reports status up for port: 2d45f94a-1ab7-4104-9709-a4c6a4481347
2026-04-22 19:46:36.391 9 INFO neutron.plugins.ml2.plugin [None req-14a173fb-e548-48e4-8aa3-b34b4224d883 - - - - - -] Attempt 1 to provision port 2d45f94a-1ab7-4104-9709-a4c6a4481347
2026-04-22 19:46:36.561 9 INFO neutron.api.wsgi [None req-7cb7a29d-8cca-4eaf-92e4-ed9a7c2c38f8 1daa8da48ef7496dbda9b1369b02482f efcbb50e0c8b43438427c86b23d987fa - - default default] 10.0.0.103 "PUT /v2.0/routers/af00163f-79ef-4d4c-a1ab-3998d0984154/remove_router_interface HTTP/1.1" status: 200 len: 503 time: 0.7528887 /var/lib/openstack/lib/python3.12/site-packages/pycadf/identifier.py:71: UserWarning: Invalid uuid: neutron. To ensure interoperability, identifiers should be a valid uuid. warnings.warn(('Invalid uuid: %s. To ensure interoperability, '
2026-04-22 19:46:36.597 9 INFO neutron.api.wsgi [None req-a3bc6336-a0bd-4e8b-9384-a090c1002d27 1daa8da48ef7496dbda9b1369b02482f efcbb50e0c8b43438427c86b23d987fa - - default default] 10.0.0.103 "GET /v2.0/ports?device_id=af00163f-79ef-4d4c-a1ab-3998d0984154 HTTP/1.1" status: 200 len: 205 time: 0.0282493
2026-04-22 19:46:36.696 10 INFO neutron.db.ovn_revision_numbers_db [None req-67801522-5107-4b2c-8c22-d902785b98dd 1b0876df02334129b92b2d722f1cd77c 0260cfb263d24a3c98a9634187bd71e5 - - default default] Successfully bumped revision number for resource 6c739195-52d3-4423-a530-23abadb7b04e (type: security_groups) to 1
2026-04-22 19:46:36.709 10 INFO neutron.db.ovn_revision_numbers_db [None req-67801522-5107-4b2c-8c22-d902785b98dd 1b0876df02334129b92b2d722f1cd77c 0260cfb263d24a3c98a9634187bd71e5 - - default default] Successfully bumped revision number for resource 0962c990-c15f-4862-974d-0e33a9393cf5 (type: security_group_rules) to 0
2026-04-22 19:46:36.723 10 INFO neutron.db.ovn_revision_numbers_db [None req-67801522-5107-4b2c-8c22-d902785b98dd 1b0876df02334129b92b2d722f1cd77c 0260cfb263d24a3c98a9634187bd71e5 - - default default] Successfully bumped revision number for resource 1d0709f3-e795-4fc0-832d-77c1e0dc6200 (type: security_group_rules) to 0
2026-04-22 19:46:36.743 10 INFO neutron.db.ovn_revision_numbers_db [None req-67801522-5107-4b2c-8c22-d902785b98dd 1b0876df02334129b92b2d722f1cd77c 0260cfb263d24a3c98a9634187bd71e5 - - default default] Successfully bumped revision number for resource 9287253d-9fa2-43ab-b46d-19c31575c12a (type: security_group_rules) to 0
2026-04-22 19:46:36.758 10 INFO neutron.db.ovn_revision_numbers_db [None req-67801522-5107-4b2c-8c22-d902785b98dd 1b0876df02334129b92b2d722f1cd77c 0260cfb263d24a3c98a9634187bd71e5 - - default default] Successfully bumped revision number for resource f3c21b6a-a00b-40c9-ad8e-3d3c70acd4a1 (type: security_group_rules) to 0
2026-04-22 19:46:36.773 9 INFO neutron.db.ovn_revision_numbers_db [None req-14a173fb-e548-48e4-8aa3-b34b4224d883 - - - - - -] Successfully bumped revision number for resource 2d45f94a-1ab7-4104-9709-a4c6a4481347 (type: ports) to 7
2026-04-22 19:46:36.795 10 INFO neutron.api.wsgi [None req-67801522-5107-4b2c-8c22-d902785b98dd 1b0876df02334129b92b2d722f1cd77c 0260cfb263d24a3c98a9634187bd71e5 - - default default] 10.0.0.103 "GET /v2.0/security-groups?tenant_id=fc67f65df5dc4818a609ae59f2e1aabb&name=default HTTP/1.1" status: 200 len: 3120 time: 0.4002440
2026-04-22 19:46:36.815 9 INFO neutron.api.wsgi [None req-885d6c4d-aa02-49aa-bc43-d202183b993e 1daa8da48ef7496dbda9b1369b02482f efcbb50e0c8b43438427c86b23d987fa - - default default] 10.0.0.103 "DELETE /v2.0/routers/af00163f-79ef-4d4c-a1ab-3998d0984154 HTTP/1.1" status: 204 len: 168 time: 0.2008836 /var/lib/openstack/lib/python3.12/site-packages/pycadf/identifier.py:71: UserWarning: Invalid uuid: neutron. To ensure interoperability, identifiers should be a valid uuid. warnings.warn(('Invalid uuid: %s. To ensure interoperability, '
2026-04-22 19:46:36.994 9 INFO neutron.api.wsgi [None req-432ad928-0fc5-447f-a0a4-1f1d78e1cfb0 1daa8da48ef7496dbda9b1369b02482f efcbb50e0c8b43438427c86b23d987fa - - default default] 10.0.0.103 "DELETE /v2.0/subnets/0ecce8b3-5727-48ba-966a-1fb8092e1b2b HTTP/1.1" status: 204 len: 168 time: 0.1713104
2026-04-22 19:46:37.011 10 INFO neutron.api.wsgi [None req-45702305-9ca5-4587-ace3-d4c268993661 1b0876df02334129b92b2d722f1cd77c 0260cfb263d24a3c98a9634187bd71e5 - - default default] 10.0.0.103 "DELETE /v2.0/security-groups/6c739195-52d3-4423-a530-23abadb7b04e HTTP/1.1" status: 204 len: 168 time: 0.2103722
2026-04-22 19:46:37.194 10 INFO neutron.db.ovn_revision_numbers_db [None req-b74a5d68-738a-47e6-b0ed-e96a1e4958d5 1b0876df02334129b92b2d722f1cd77c 0260cfb263d24a3c98a9634187bd71e5 - - default default] Successfully bumped revision number for resource ed346bf3-b1f6-4f83-b0c3-dfc69d3c7737 (type: security_groups) to 1
2026-04-22 19:46:37.212 10 INFO neutron.db.ovn_revision_numbers_db [None req-b74a5d68-738a-47e6-b0ed-e96a1e4958d5 1b0876df02334129b92b2d722f1cd77c 0260cfb263d24a3c98a9634187bd71e5 - - default default] Successfully bumped revision number for resource 4eb53f04-f44b-4e2f-99cc-ad39eb1f247c (type: security_group_rules) to 0
2026-04-22 19:46:37.226 10 INFO neutron.db.ovn_revision_numbers_db [None req-b74a5d68-738a-47e6-b0ed-e96a1e4958d5 1b0876df02334129b92b2d722f1cd77c 0260cfb263d24a3c98a9634187bd71e5 - - default default] Successfully bumped revision number for resource a030cfff-ab13-4190-9d02-a8b038a1a4ec (type: security_group_rules) to 0
2026-04-22 19:46:37.242 10 INFO neutron.db.ovn_revision_numbers_db [None req-b74a5d68-738a-47e6-b0ed-e96a1e4958d5 1b0876df02334129b92b2d722f1cd77c 0260cfb263d24a3c98a9634187bd71e5 - - default default] Successfully bumped revision number for resource b6eb8d38-8deb-4081-be9f-51943d4955ac (type: security_group_rules) to 0
2026-04-22 19:46:37.256 10 INFO neutron.db.ovn_revision_numbers_db [None req-b74a5d68-738a-47e6-b0ed-e96a1e4958d5 1b0876df02334129b92b2d722f1cd77c 0260cfb263d24a3c98a9634187bd71e5 - - default default] Successfully bumped revision number for resource d836e5c1-bd42-4ff6-9c51-dfcacf2f4364 (type: security_group_rules) to 0
2026-04-22 19:46:37.282 9 INFO neutron.services.segments.plugin [-] Segment b88d803b-e1cd-4106-b5be-6968fc021a04 resource provider aggregate not found
2026-04-22 19:46:37.286 9 INFO neutron.services.segments.plugin [-] Segment b88d803b-e1cd-4106-b5be-6968fc021a04 resource provider aggregate not found
2026-04-22 19:46:37.305 9 INFO neutron.services.segments.plugin [-] Segment b88d803b-e1cd-4106-b5be-6968fc021a04 resource provider not found; error: Placement Client Error (4xx): {"errors": [{"status": 404, "title": "Not Found", "detail": "The resource could not be found.\n\n No resource provider with uuid b88d803b-e1cd-4106-b5be-6968fc021a04 found for delete ", "request_id": "req-a1c092f3-c8f8-4916-b214-19edb51bed53"}]}
2026-04-22 19:46:37.311 9 INFO neutron.services.segments.plugin [-] Segment b88d803b-e1cd-4106-b5be-6968fc021a04 resource provider not found; error: Placement Client Error (4xx): {"errors": [{"status": 404, "title": "Not Found", "detail": "The resource could not be found.\n\n No resource provider with uuid b88d803b-e1cd-4106-b5be-6968fc021a04 found for delete ", "request_id": "req-5c40cb16-2468-4105-b32e-c2030d213791"}]}
2026-04-22 19:46:37.314 10 INFO neutron.api.wsgi [None req-b74a5d68-738a-47e6-b0ed-e96a1e4958d5 1b0876df02334129b92b2d722f1cd77c 0260cfb263d24a3c98a9634187bd71e5 - - default default] 10.0.0.103 "GET /v2.0/security-groups?tenant_id=58e0e8cfefd54927a75dc04d68045a2d&name=default HTTP/1.1" status: 200 len: 3120 time: 0.2222996
2026-04-22 19:46:37.319 9 INFO neutron.api.wsgi [None req-18d43450-7a62-4ad7-a359-09552a1fca0a 1daa8da48ef7496dbda9b1369b02482f efcbb50e0c8b43438427c86b23d987fa - - default default] 10.0.0.103 "DELETE /v2.0/networks/7bce400a-0568-4bb5-b3a0-d530387db1bc HTTP/1.1" status: 204 len: 168 time: 0.3191810
2026-04-22 19:46:37.339 9 WARNING neutron_lib.context [None req-9a2f8a11-c4fd-4fcd-8d7e-2b42f975cbd6 1daa8da48ef7496dbda9b1369b02482f efcbb50e0c8b43438427c86b23d987fa - - default default] Method 'is_advsvc' is deprecated since 2023.2 release (neutron-lib 3.8.0) and will be removed once support for the old RBAC API policies will be removed from Neutron. Please use method 'is_service_role' instead.
2026-04-22 19:46:37.548 10 INFO neutron.api.wsgi [None req-78ffd773-55af-4a5d-ba05-3939d20238cb 1b0876df02334129b92b2d722f1cd77c 0260cfb263d24a3c98a9634187bd71e5 - - default default] 10.0.0.103 "DELETE /v2.0/security-groups/ed346bf3-b1f6-4f83-b0c3-dfc69d3c7737 HTTP/1.1" status: 204 len: 168 time: 0.2225862
2026-04-22 19:46:37.721 9 WARNING neutron.scheduler.dhcp_agent_scheduler [None req-9a2f8a11-c4fd-4fcd-8d7e-2b42f975cbd6 1daa8da48ef7496dbda9b1369b02482f efcbb50e0c8b43438427c86b23d987fa - - default default] No more DHCP agents
2026-04-22 19:46:37.727 9 WARNING neutron.api.rpc.agentnotifiers.dhcp_rpc_agent_api [None req-9a2f8a11-c4fd-4fcd-8d7e-2b42f975cbd6 1daa8da48ef7496dbda9b1369b02482f efcbb50e0c8b43438427c86b23d987fa - - default default] Unable to schedule network 65b9ae3a-a70d-4cb9-87fc-09a70acd4df8: no agents available; will retry on subsequent port and subnet creation events.
2026-04-22 19:46:37.855 9 INFO neutron.db.ovn_revision_numbers_db [None req-9a2f8a11-c4fd-4fcd-8d7e-2b42f975cbd6 1daa8da48ef7496dbda9b1369b02482f efcbb50e0c8b43438427c86b23d987fa - - default default] Successfully bumped revision number for resource be0d5d7c-b39c-4fd4-b53f-a3438e3b06d2 (type: ports) to 1
2026-04-22 19:46:38.114 9 INFO neutron.notifiers.nova [-] Nova event matching ['req-92989cd3-2a89-4255-a261-59c581c13901'] response: {'server_uuid': '1f243ffe-0af6-4f85-bbd5-f1161dbd4280', 'name': 'network-vif-unplugged', 'status': 'completed', 'tag': '2d45f94a-1ab7-4104-9709-a4c6a4481347', 'code': 200}
2026-04-22 19:46:38.115 9 INFO neutron.notifiers.nova [-] Nova event matching ['req-92989cd3-2a89-4255-a261-59c581c13901'] response: {'server_uuid': '1f243ffe-0af6-4f85-bbd5-f1161dbd4280', 'name': 'network-vif-plugged', 'status': 'completed', 'tag': '2d45f94a-1ab7-4104-9709-a4c6a4481347', 'code': 200}
2026-04-22 19:46:38.115 9 INFO neutron.notifiers.nova [-] Nova event matching ['req-92989cd3-2a89-4255-a261-59c581c13901'] response: {'server_uuid': '1f243ffe-0af6-4f85-bbd5-f1161dbd4280', 'name': 'network-vif-plugged', 'status': 'completed', 'tag': '2d45f94a-1ab7-4104-9709-a4c6a4481347', 'code': 200}
2026-04-22 19:46:38.404 9 INFO neutron.plugins.ml2.drivers.ovn.mech_driver.ovsdb.commands [None req-32a65334-f548-4f09-8a46-e05dc656623a - - - - - -] Schedule LRP lrp-be0d5d7c-b39c-4fd4-b53f-a3438e3b06d2 on gateway 390f2752-d405-4cd1-a80f-8561e0f774de with priority 1
2026-04-22 19:46:38.415 9 INFO neutron.plugins.ml2.drivers.ovn.mech_driver.mech_driver [None req-71dd0540-eb11-4800-a6af-a17f0734fcab - - - - - -] OVN reports status up for port: be0d5d7c-b39c-4fd4-b53f-a3438e3b06d2
2026-04-22 19:46:38.432 9 INFO neutron.plugins.ml2.plugin [None req-71dd0540-eb11-4800-a6af-a17f0734fcab - - - - - -] Attempt 1 to provision port be0d5d7c-b39c-4fd4-b53f-a3438e3b06d2
2026-04-22 19:46:38.448 9 INFO neutron.db.ovn_revision_numbers_db [None req-9a2f8a11-c4fd-4fcd-8d7e-2b42f975cbd6 1daa8da48ef7496dbda9b1369b02482f efcbb50e0c8b43438427c86b23d987fa - - default default] Successfully bumped revision number for resource be0d5d7c-b39c-4fd4-b53f-a3438e3b06d2 (type: router_ports) to 1
2026-04-22 19:46:38.537 9 INFO neutron.db.ovn_revision_numbers_db [None req-9a2f8a11-c4fd-4fcd-8d7e-2b42f975cbd6 1daa8da48ef7496dbda9b1369b02482f efcbb50e0c8b43438427c86b23d987fa - - default default] Successfully bumped revision number for resource 08174b4f-ebc9-4bea-ba4b-2eb75de889ac (type: routers) to 2
2026-04-22 19:46:38.555 9 INFO neutron.api.wsgi [None req-9a2f8a11-c4fd-4fcd-8d7e-2b42f975cbd6 1daa8da48ef7496dbda9b1369b02482f efcbb50e0c8b43438427c86b23d987fa - - default default] 10.0.0.103 "POST /v2.0/routers HTTP/1.1" status: 201 len: 1147 time: 1.2224965
2026-04-22 19:46:38.625 9 INFO neutron.api.wsgi [None req-25ee4979-7d1e-434e-87dc-47a15b9ec906 1daa8da48ef7496dbda9b1369b02482f efcbb50e0c8b43438427c86b23d987fa - - default default] 10.0.0.103 "GET /v2.0/routers/08174b4f-ebc9-4bea-ba4b-2eb75de889ac HTTP/1.1" status: 200 len: 1148 time: 0.0659506
2026-04-22 19:46:38.704 9 INFO neutron.api.wsgi [None req-ea378a5b-3f0e-4b44-8e94-0482687ac9fc 1daa8da48ef7496dbda9b1369b02482f efcbb50e0c8b43438427c86b23d987fa - - default default] 10.0.0.103 "GET /v2.0/routers HTTP/1.1" status: 200 len: 1151 time: 0.0730588
2026-04-22 19:46:39.091 9 INFO neutron.db.ovn_revision_numbers_db [None req-725a0959-41a2-407e-91b2-7690b8a2f17a 1daa8da48ef7496dbda9b1369b02482f efcbb50e0c8b43438427c86b23d987fa - - default default] Successfully bumped revision number for resource 08174b4f-ebc9-4bea-ba4b-2eb75de889ac (type: routers) to 3
2026-04-22 19:46:39.098 9 INFO neutron.api.wsgi [None req-725a0959-41a2-407e-91b2-7690b8a2f17a 1daa8da48ef7496dbda9b1369b02482f efcbb50e0c8b43438427c86b23d987fa - - default default] 10.0.0.103 "PUT /v2.0/routers/08174b4f-ebc9-4bea-ba4b-2eb75de889ac HTTP/1.1" status: 200 len: 1155 time: 0.3841755
2026-04-22 19:46:39.168 9 INFO neutron.api.wsgi [None req-76e0986b-8bc1-4007-b0ed-f8a6784f2ba3 1daa8da48ef7496dbda9b1369b02482f efcbb50e0c8b43438427c86b23d987fa - - default default] 10.0.0.103 "GET /v2.0/routers/08174b4f-ebc9-4bea-ba4b-2eb75de889ac HTTP/1.1" status: 200 len: 1155 time: 0.0650747
2026-04-22 19:46:39.199 10 INFO neutron.api.wsgi [None req-0c4e9c87-223e-436e-8ccc-1f1fc174ba44 1daa8da48ef7496dbda9b1369b02482f efcbb50e0c8b43438427c86b23d987fa - - default default] 10.0.0.103 "GET /v2.0/ports?device_id=08174b4f-ebc9-4bea-ba4b-2eb75de889ac HTTP/1.1" status: 200 len: 205 time: 0.0234785
2026-04-22 19:46:39.946 10 INFO neutron.api.wsgi [None req-91255501-0b6e-45a4-b180-e60c54e890a3 1daa8da48ef7496dbda9b1369b02482f efcbb50e0c8b43438427c86b23d987fa - - default default] 10.0.0.103 "DELETE /v2.0/routers/08174b4f-ebc9-4bea-ba4b-2eb75de889ac HTTP/1.1" status: 204 len: 168 time: 0.7426798
2026-04-22 19:46:39.974 10 INFO neutron.api.wsgi [None req-b49a534d-c720-45cb-bf40-685aece9e7c7 1daa8da48ef7496dbda9b1369b02482f efcbb50e0c8b43438427c86b23d987fa - - default default] 10.0.0.103 "GET /v2.0/ports?device_id=08174b4f-ebc9-4bea-ba4b-2eb75de889ac HTTP/1.1" status: 200 len: 205 time: 0.0192201
2026-04-22 19:46:39.993 10 INFO neutron.api.v2.resource [None req-a07c75af-c342-40de-b0ac-432fec107c75 1daa8da48ef7496dbda9b1369b02482f efcbb50e0c8b43438427c86b23d987fa - - default default] delete failed (client error): The resource could not be found.
2026-04-22 19:46:39.994 10 INFO neutron.api.wsgi [None req-a07c75af-c342-40de-b0ac-432fec107c75 1daa8da48ef7496dbda9b1369b02482f efcbb50e0c8b43438427c86b23d987fa - - default default] 10.0.0.103 "DELETE /v2.0/routers/08174b4f-ebc9-4bea-ba4b-2eb75de889ac HTTP/1.1" status: 404 len: 336 time: 0.0143127
2026-04-22 19:46:40.009 9 INFO neutron.db.ovn_revision_numbers_db [None req-ef9853e5-29a2-46c5-824c-12b10f67ebb2 1b0876df02334129b92b2d722f1cd77c 0260cfb263d24a3c98a9634187bd71e5 - - default default] Successfully bumped revision number for resource 45b45b3e-9439-42f6-beb8-a07602910912 (type: security_groups) to 1
2026-04-22 19:46:40.020 10 INFO neutron.api.wsgi [None req-09b59c2c-0a8a-49b8-8335-a44ca2fba5d4 1daa8da48ef7496dbda9b1369b02482f efcbb50e0c8b43438427c86b23d987fa - - default default] 10.0.0.103 "GET /v2.0/ports?device_id=af00163f-79ef-4d4c-a1ab-3998d0984154 HTTP/1.1" status: 200 len: 205 time: 0.0183940
2026-04-22 19:46:40.041 9 INFO neutron.db.ovn_revision_numbers_db [None req-ef9853e5-29a2-46c5-824c-12b10f67ebb2 1b0876df02334129b92b2d722f1cd77c 0260cfb263d24a3c98a9634187bd71e5 - - default default] Successfully bumped revision number for resource 072e6903-a6b5-4a70-bf8b-7c95693ba607 (type: security_group_rules) to 0
2026-04-22 19:46:40.043 10 INFO neutron.api.v2.resource [None req-b3eae3e9-4bb3-490e-83c2-c51661a9c2bc 1daa8da48ef7496dbda9b1369b02482f efcbb50e0c8b43438427c86b23d987fa - - default default] delete failed (client error): The resource could not be found.
2026-04-22 19:46:40.043 10 INFO neutron.api.wsgi [None req-b3eae3e9-4bb3-490e-83c2-c51661a9c2bc 1daa8da48ef7496dbda9b1369b02482f efcbb50e0c8b43438427c86b23d987fa - - default default] 10.0.0.103 "DELETE /v2.0/routers/af00163f-79ef-4d4c-a1ab-3998d0984154 HTTP/1.1" status: 404 len: 336 time: 0.0164866
2026-04-22 19:46:40.057 9 INFO neutron.db.ovn_revision_numbers_db [None req-ef9853e5-29a2-46c5-824c-12b10f67ebb2 1b0876df02334129b92b2d722f1cd77c 0260cfb263d24a3c98a9634187bd71e5 - - default default] Successfully bumped revision number for resource 26c755b1-ad03-410d-a3a9-603c00638125 (type: security_group_rules) to 0
2026-04-22 19:46:40.061 10 INFO neutron.pecan_wsgi.hooks.translation [None req-f4f034af-d334-45dc-a2c0-354cb6913c71 1daa8da48ef7496dbda9b1369b02482f efcbb50e0c8b43438427c86b23d987fa - - default default] DELETE failed (client error): The resource could not be found.
2026-04-22 19:46:40.063 10 INFO neutron.api.wsgi [None req-f4f034af-d334-45dc-a2c0-354cb6913c71 1daa8da48ef7496dbda9b1369b02482f efcbb50e0c8b43438427c86b23d987fa - - default default] 10.0.0.103 "DELETE /v2.0/subnets/0ecce8b3-5727-48ba-966a-1fb8092e1b2b HTTP/1.1" status: 404 len: 337 time: 0.0123284
2026-04-22 19:46:40.071 9 INFO neutron.db.ovn_revision_numbers_db [None req-ef9853e5-29a2-46c5-824c-12b10f67ebb2 1b0876df02334129b92b2d722f1cd77c 0260cfb263d24a3c98a9634187bd71e5 - - default default] Successfully bumped revision number for resource 94a760fc-5ed4-4ad6-8adb-099a8aa1e3bf (type: security_group_rules) to 0
2026-04-22 19:46:40.083 10 INFO neutron.api.wsgi [None req-ab895e4a-b600-46a1-bc67-beb6abe61633 1daa8da48ef7496dbda9b1369b02482f efcbb50e0c8b43438427c86b23d987fa - - default default] 10.0.0.103 "GET /v2.0/ports?device_id=ee1b0e1b-341c-41c2-931d-efd40bf95fa9 HTTP/1.1" status: 200 len: 205 time: 0.0153148
2026-04-22 19:46:40.085 9 INFO neutron.db.ovn_revision_numbers_db [None req-ef9853e5-29a2-46c5-824c-12b10f67ebb2 1b0876df02334129b92b2d722f1cd77c 0260cfb263d24a3c98a9634187bd71e5 - - default default] Successfully bumped revision number for resource dd2b1302-3306-404b-aaa0-0501db28a378 (type: security_group_rules) to 0
2026-04-22 19:46:40.103 10 INFO neutron.api.v2.resource [None req-c493fd55-e7fd-49e6-9288-3d8794ffaf16 1daa8da48ef7496dbda9b1369b02482f efcbb50e0c8b43438427c86b23d987fa - - default default] delete failed (client error): The resource could not be found.
2026-04-22 19:46:40.105 10 INFO neutron.api.wsgi [None req-c493fd55-e7fd-49e6-9288-3d8794ffaf16 1daa8da48ef7496dbda9b1369b02482f efcbb50e0c8b43438427c86b23d987fa - - default default] 10.0.0.103 "DELETE /v2.0/routers/ee1b0e1b-341c-41c2-931d-efd40bf95fa9 HTTP/1.1" status: 404 len: 336 time: 0.0173471
2026-04-22 19:46:40.142 10 INFO neutron.pecan_wsgi.hooks.translation [None req-b169f29b-60ae-44ba-91ae-89b67e32a1fe 1daa8da48ef7496dbda9b1369b02482f efcbb50e0c8b43438427c86b23d987fa - - default default] DELETE failed (client error): The resource could not be found.
2026-04-22 19:46:40.145 10 INFO neutron.api.wsgi [None req-b169f29b-60ae-44ba-91ae-89b67e32a1fe 1daa8da48ef7496dbda9b1369b02482f efcbb50e0c8b43438427c86b23d987fa - - default default] 10.0.0.103 "DELETE /v2.0/subnets/d76f8716-750d-4810-b1b1-bde9ff2d3b5c HTTP/1.1" status: 404 len: 337 time: 0.0320618
2026-04-22 19:46:40.164 9 INFO neutron.api.wsgi [None req-ef9853e5-29a2-46c5-824c-12b10f67ebb2 1b0876df02334129b92b2d722f1cd77c 0260cfb263d24a3c98a9634187bd71e5 - - default default] 10.0.0.103 "GET /v2.0/security-groups?tenant_id=70fa6478a644487b969946cef0a39059&name=default HTTP/1.1" status: 200 len: 3120 time: 0.4352283
2026-04-22 19:46:40.168 10 INFO neutron.api.wsgi [None req-358a6d44-ac83-4316-bff1-4eb19a98bdab 1daa8da48ef7496dbda9b1369b02482f efcbb50e0c8b43438427c86b23d987fa - - default default] 10.0.0.103 "GET /v2.0/ports?device_id=ccd3d6af-a96f-480e-9157-b0f2c9c9e4d3 HTTP/1.1" status: 200 len: 205 time: 0.0141897
2026-04-22 19:46:40.189 9 INFO neutron.api.v2.resource [None req-8324490e-61ca-4cbb-883d-ce154434a8b6 1daa8da48ef7496dbda9b1369b02482f efcbb50e0c8b43438427c86b23d987fa - - default default] delete failed (client error): The resource could not be found.
2026-04-22 19:46:40.190 9 INFO neutron.api.wsgi [None req-8324490e-61ca-4cbb-883d-ce154434a8b6 1daa8da48ef7496dbda9b1369b02482f efcbb50e0c8b43438427c86b23d987fa - - default default] 10.0.0.103 "DELETE /v2.0/routers/ccd3d6af-a96f-480e-9157-b0f2c9c9e4d3 HTTP/1.1" status: 404 len: 336 time: 0.0175538
2026-04-22 19:46:40.207 10 INFO neutron.pecan_wsgi.hooks.translation [None req-67dfa1bd-8a6e-4500-bb20-df77b44d766f 1daa8da48ef7496dbda9b1369b02482f efcbb50e0c8b43438427c86b23d987fa - - default default] DELETE failed (client error): The resource could not be found.
2026-04-22 19:46:40.209 10 INFO neutron.api.wsgi [None req-67dfa1bd-8a6e-4500-bb20-df77b44d766f 1daa8da48ef7496dbda9b1369b02482f efcbb50e0c8b43438427c86b23d987fa - - default default] 10.0.0.103 "DELETE /v2.0/subnets/f71c488f-2747-4cdd-b556-38e97fd0fdb8 HTTP/1.1" status: 404 len: 337 time: 0.0129197
2026-04-22 19:46:40.224 10 INFO neutron.pecan_wsgi.hooks.translation [None req-8a6246aa-b0fe-45f5-a238-e9494c5a6589 1daa8da48ef7496dbda9b1369b02482f efcbb50e0c8b43438427c86b23d987fa - - default default] DELETE failed (client error): The resource could not be found.
2026-04-22 19:46:40.226 10 INFO neutron.api.wsgi [None req-8a6246aa-b0fe-45f5-a238-e9494c5a6589 1daa8da48ef7496dbda9b1369b02482f efcbb50e0c8b43438427c86b23d987fa - - default default] 10.0.0.103 "DELETE /v2.0/subnets/dfef1bd7-af10-476c-9a7f-48e2cc4caa14 HTTP/1.1" status: 404 len: 337 time: 0.0134211
2026-04-22 19:46:40.377 10 INFO neutron.api.wsgi [None req-6a6f0ef4-4299-4f32-a46f-6bf5797809d2 1b0876df02334129b92b2d722f1cd77c 0260cfb263d24a3c98a9634187bd71e5 - - default default] 10.0.0.103 "DELETE /v2.0/security-groups/45b45b3e-9439-42f6-beb8-a07602910912 HTTP/1.1" status: 204 len: 168 time: 0.2070224
2026-04-22 19:46:40.697 10 WARNING neutron_lib.context [None req-6d71f67e-1671-4665-87ca-4a945a162197 55b8c8262dd74edf9fda8002f0336535 1844824331214d01a7fc4ce4b5715cbc - - default default] Method 'is_advsvc' is deprecated since 2023.2 release (neutron-lib 3.8.0) and will be removed once support for the old RBAC API policies will be removed from Neutron. Please use method 'is_service_role' instead.
2026-04-22 19:46:40.715 10 WARNING neutron.plugins.ml2.drivers.ovn.mech_driver.ovsdb.ovn_client [None req-8195f085-8304-47aa-9a91-5d97000625d6 - - - - - -] No port found with ID 1dbb23c4-ae3e-4a1b-a4c8-54242584788b: RuntimeError: No port found with ID 1dbb23c4-ae3e-4a1b-a4c8-54242584788b
2026-04-22 19:46:40.784 10 INFO neutron.api.wsgi [None req-39c8f08f-d2ae-4c78-b784-94b19f6362cb 1b0876df02334129b92b2d722f1cd77c 0260cfb263d24a3c98a9634187bd71e5 - - default default] 10.0.0.103 "GET /v2.0/security-groups?tenant_id=efcbb50e0c8b43438427c86b23d987fa&name=default HTTP/1.1" status: 200 len: 3120 time: 0.0783842
2026-04-22 19:46:40.866 10 INFO neutron.db.ovn_revision_numbers_db [None req-6d71f67e-1671-4665-87ca-4a945a162197 55b8c8262dd74edf9fda8002f0336535 1844824331214d01a7fc4ce4b5715cbc - - default default] Successfully bumped revision number for resource 2b1cd222-2062-45b1-8516-2268edb99798 (type: security_groups) to 1
2026-04-22 19:46:40.890 10 INFO neutron.db.ovn_revision_numbers_db [None req-6d71f67e-1671-4665-87ca-4a945a162197 55b8c8262dd74edf9fda8002f0336535 1844824331214d01a7fc4ce4b5715cbc - - default default] Successfully bumped revision number for resource 0579d401-a008-49ca-b070-51b99d68e628 (type: security_group_rules) to 0
2026-04-22 19:46:40.913 10 INFO neutron.db.ovn_revision_numbers_db [None req-6d71f67e-1671-4665-87ca-4a945a162197 55b8c8262dd74edf9fda8002f0336535 1844824331214d01a7fc4ce4b5715cbc - - default default] Successfully bumped revision number for resource 0caaf4ba-d6b2-45cb-94fb-323d780700a5 (type: security_group_rules) to 0
2026-04-22 19:46:40.931 10 INFO neutron.db.ovn_revision_numbers_db [None req-6d71f67e-1671-4665-87ca-4a945a162197 55b8c8262dd74edf9fda8002f0336535 1844824331214d01a7fc4ce4b5715cbc - - default default] Successfully bumped revision number for resource 2ef695fc-9925-4fdb-968a-759565156f7b (type: security_group_rules) to 0
2026-04-22 19:46:40.951 10 INFO neutron.db.ovn_revision_numbers_db [None req-6d71f67e-1671-4665-87ca-4a945a162197 55b8c8262dd74edf9fda8002f0336535 1844824331214d01a7fc4ce4b5715cbc - - default default] Successfully bumped revision number for resource 9eb220d2-9d68-4cbe-8b49-d150a639b0ba (type: security_group_rules) to 0
2026-04-22 19:46:41.030 10 INFO neutron.api.wsgi [None req-1ac92b16-fcb1-4498-be83-af1f9dd1648c 1b0876df02334129b92b2d722f1cd77c 0260cfb263d24a3c98a9634187bd71e5 - - default default] 10.0.0.103 "DELETE /v2.0/security-groups/22e15617-a71b-4b6e-a5be-b6528fab1fec HTTP/1.1" status: 204 len: 168 time: 0.2416096
2026-04-22 19:46:41.032 10 INFO neutron.db.segments_db [None req-6d71f67e-1671-4665-87ca-4a945a162197 55b8c8262dd74edf9fda8002f0336535 1844824331214d01a7fc4ce4b5715cbc - - default default] Added segment 736a5b07-2c35-45fd-b2e7-d86fad10b872 of type geneve for network d4e4ad47-baa5-41da-83d6-e563b5e5c583
2026-04-22 19:46:41.141 10 INFO neutron.db.ovn_revision_numbers_db [None req-6d71f67e-1671-4665-87ca-4a945a162197 55b8c8262dd74edf9fda8002f0336535 1844824331214d01a7fc4ce4b5715cbc - - default default] Successfully bumped revision number for resource d4e4ad47-baa5-41da-83d6-e563b5e5c583 (type: networks) to 1
2026-04-22 19:46:41.310 10 WARNING neutron.scheduler.dhcp_agent_scheduler [None req-6d71f67e-1671-4665-87ca-4a945a162197 55b8c8262dd74edf9fda8002f0336535 1844824331214d01a7fc4ce4b5715cbc - - default default] No more DHCP agents
2026-04-22 19:46:41.315 10 WARNING neutron.api.rpc.agentnotifiers.dhcp_rpc_agent_api [None req-6d71f67e-1671-4665-87ca-4a945a162197 55b8c8262dd74edf9fda8002f0336535 1844824331214d01a7fc4ce4b5715cbc - - default default] Unable to schedule network d4e4ad47-baa5-41da-83d6-e563b5e5c583: no agents available; will retry on subsequent port and subnet creation events.
2026-04-22 19:46:41.379 10 INFO neutron.db.ovn_revision_numbers_db [None req-6d71f67e-1671-4665-87ca-4a945a162197 55b8c8262dd74edf9fda8002f0336535 1844824331214d01a7fc4ce4b5715cbc - - default default] Successfully bumped revision number for resource 76c115ee-ffbc-4d58-9698-7cc4b5e70a69 (type: ports) to 1
2026-04-22 19:46:41.399 10 INFO neutron.api.wsgi [None req-6d71f67e-1671-4665-87ca-4a945a162197 55b8c8262dd74edf9fda8002f0336535 1844824331214d01a7fc4ce4b5715cbc - - default default] 10.0.0.103 "POST /v2.0/networks HTTP/1.1" status: 201 len: 830 time: 0.8142302
2026-04-22 19:46:41.408 10 WARNING neutron_lib.context [None req-e9ddbb98-e4f4-4e04-89d8-c5052ad96e39 55b8c8262dd74edf9fda8002f0336535 1844824331214d01a7fc4ce4b5715cbc - - default default] Method 'is_advsvc' is deprecated since 2023.2 release (neutron-lib 3.8.0) and will be removed once support for the old RBAC API policies will be removed from Neutron. Please use method 'is_service_role' instead.
2026-04-22 19:46:41.584 10 WARNING neutron.scheduler.dhcp_agent_scheduler [None req-e9ddbb98-e4f4-4e04-89d8-c5052ad96e39 55b8c8262dd74edf9fda8002f0336535 1844824331214d01a7fc4ce4b5715cbc - - default default] No more DHCP agents
2026-04-22 19:46:41.585 10 WARNING neutron.api.rpc.agentnotifiers.dhcp_rpc_agent_api [None req-e9ddbb98-e4f4-4e04-89d8-c5052ad96e39 55b8c8262dd74edf9fda8002f0336535 1844824331214d01a7fc4ce4b5715cbc - - default default] Unable to schedule network d4e4ad47-baa5-41da-83d6-e563b5e5c583: no agents available; will retry on subsequent port and subnet creation events.
2026-04-22 19:46:41.983 10 INFO neutron.db.ovn_revision_numbers_db [None req-b9f75d8b-073d-472f-a4ec-539a14863c7e - - - - - -] Successfully bumped revision number for resource 76c115ee-ffbc-4d58-9698-7cc4b5e70a69 (type: ports) to 2
2026-04-22 19:46:42.008 10 INFO neutron.db.ovn_revision_numbers_db [None req-b9f75d8b-073d-472f-a4ec-539a14863c7e - - - - - -] Successfully bumped revision number for resource 78901e82-d455-407d-ba62-8927d46227dc (type: subnets) to 0
2026-04-22 19:46:42.024 10 INFO neutron.api.wsgi [None req-e9ddbb98-e4f4-4e04-89d8-c5052ad96e39 55b8c8262dd74edf9fda8002f0336535 1844824331214d01a7fc4ce4b5715cbc - - default default] 10.0.0.103 "POST /v2.0/subnets HTTP/1.1" status: 201 len: 825 time: 0.6199131
2026-04-22 19:46:42.081 10 INFO neutron.api.wsgi [None req-8bce9b18-fd87-422d-af9f-d85b31e56da8 55b8c8262dd74edf9fda8002f0336535 1844824331214d01a7fc4ce4b5715cbc - - default default] 10.0.0.103 "PUT /v2.0/subnets/78901e82-d455-407d-ba62-8927d46227dc/tags HTTP/1.1" status: 200 len: 218 time: 0.0464005
2026-04-22 19:46:42.116 10 INFO neutron.api.wsgi [None req-9e460c41-01c1-4fd7-b4ec-22918379718a 55b8c8262dd74edf9fda8002f0336535 1844824331214d01a7fc4ce4b5715cbc - - default default] 10.0.0.103 "GET /v2.0/subnets/78901e82-d455-407d-ba62-8927d46227dc/tags HTTP/1.1" status: 200 len: 218 time: 0.0288811
2026-04-22 19:46:42.166 10 INFO neutron.api.wsgi [None req-cd056d99-dc78-44a8-880e-a6ec297cf3d1 55b8c8262dd74edf9fda8002f0336535 1844824331214d01a7fc4ce4b5715cbc - - default default] 10.0.0.103 "PUT /v2.0/subnets/78901e82-d455-407d-ba62-8927d46227dc/tags/green HTTP/1.1" status: 201 len: 201 time: 0.0409803
2026-04-22 19:46:42.197 10 INFO neutron.api.wsgi [None req-2e0194bc-7e1e-42a4-9456-6470f15bbd57 55b8c8262dd74edf9fda8002f0336535 1844824331214d01a7fc4ce4b5715cbc - - default default] 10.0.0.103 "GET /v2.0/subnets/78901e82-d455-407d-ba62-8927d46227dc/tags HTTP/1.1" status: 200 len: 227 time: 0.0255468
2026-04-22 19:46:42.228 10 INFO neutron.api.wsgi [None req-1b00882c-0b8f-429e-8866-443f91dc52c8 55b8c8262dd74edf9fda8002f0336535 1844824331214d01a7fc4ce4b5715cbc - - default default] 10.0.0.103 "PUT /v2.0/subnets/78901e82-d455-407d-ba62-8927d46227dc/tags/red HTTP/1.1" status: 201 len: 201 time: 0.0227532
2026-04-22 19:46:42.261 10 INFO neutron.api.wsgi [None req-f87e31d9-bd16-4e60-b08c-a0f83d1de803 55b8c8262dd74edf9fda8002f0336535 1844824331214d01a7fc4ce4b5715cbc - - default default] 10.0.0.103 "GET /v2.0/subnets/78901e82-d455-407d-ba62-8927d46227dc/tags HTTP/1.1" status: 200 len: 227 time: 0.0279212
2026-04-22 19:46:42.324 10 INFO neutron.api.wsgi [None req-ffd17e0f-87d2-41be-a992-4f2f656cd85f 55b8c8262dd74edf9fda8002f0336535 1844824331214d01a7fc4ce4b5715cbc - - default default] 10.0.0.103 "PUT /v2.0/subnets/78901e82-d455-407d-ba62-8927d46227dc/tags/black.or.white HTTP/1.1" status: 201 len: 201 time: 0.0569277
2026-04-22 19:46:42.361 10 INFO neutron.api.wsgi [None req-08e95b73-ada3-40c9-aace-5f75c8166739 55b8c8262dd74edf9fda8002f0336535 1844824331214d01a7fc4ce4b5715cbc - - default default] 10.0.0.103 "GET /v2.0/subnets/78901e82-d455-407d-ba62-8927d46227dc/tags HTTP/1.1" status: 200 len: 245 time: 0.0321326
2026-04-22 19:46:42.409 10 INFO neutron.api.wsgi [None req-97a4f769-d954-4e56-9c04-8d8ca059241a 55b8c8262dd74edf9fda8002f0336535 1844824331214d01a7fc4ce4b5715cbc - - default default] 10.0.0.103 "PUT /v2.0/subnets/78901e82-d455-407d-ba62-8927d46227dc/tags HTTP/1.1" status: 200 len: 230 time: 0.0420203
2026-04-22 19:46:42.437 10 INFO neutron.api.wsgi [None req-f0ee0391-0254-4fc1-b6fa-1f822da4db0f 55b8c8262dd74edf9fda8002f0336535 1844824331214d01a7fc4ce4b5715cbc - - default default] 10.0.0.103 "GET /v2.0/subnets/78901e82-d455-407d-ba62-8927d46227dc/tags HTTP/1.1" status: 200 len: 230 time: 0.0232458
2026-04-22 19:46:42.464 10 INFO neutron.api.wsgi [None req-06d3b5f7-0df6-4e55-8757-fb9f30a133c2 55b8c8262dd74edf9fda8002f0336535 1844824331214d01a7fc4ce4b5715cbc - - default default] 10.0.0.103 "GET /v2.0/subnets/78901e82-d455-407d-ba62-8927d46227dc/tags/red HTTP/1.1" status: 204 len: 168 time: 0.0229502
2026-04-22 19:46:42.492 10 INFO neutron.api.v2.resource [None req-dac8b6d0-f29c-4d38-8f29-563d3f3c9cf1 55b8c8262dd74edf9fda8002f0336535 1844824331214d01a7fc4ce4b5715cbc - - default default] show failed (client error): The resource could not be found.
2026-04-22 19:46:42.493 10 INFO neutron.api.wsgi [None req-dac8b6d0-f29c-4d38-8f29-563d3f3c9cf1 55b8c8262dd74edf9fda8002f0336535 1844824331214d01a7fc4ce4b5715cbc - - default default] 10.0.0.103 "GET /v2.0/subnets/78901e82-d455-407d-ba62-8927d46227dc/tags/green HTTP/1.1" status: 404 len: 299 time: 0.0230162
2026-04-22 19:46:42.534 10 INFO neutron.api.wsgi [None req-c332ace3-1707-4013-a65a-a951ade16f0e 55b8c8262dd74edf9fda8002f0336535 1844824331214d01a7fc4ce4b5715cbc - - default default] 10.0.0.103 "DELETE /v2.0/subnets/78901e82-d455-407d-ba62-8927d46227dc/tags/red HTTP/1.1" status: 204 len: 168 time: 0.0363750
2026-04-22 19:46:42.563 10 INFO neutron.api.wsgi [None req-9f59ce81-b821-4e2a-ba9e-787dc7d0a7be 55b8c8262dd74edf9fda8002f0336535 1844824331214d01a7fc4ce4b5715cbc - - default default] 10.0.0.103 "GET /v2.0/subnets/78901e82-d455-407d-ba62-8927d46227dc/tags HTTP/1.1" status: 200 len: 223 time: 0.0251539
2026-04-22 19:46:42.593 10 INFO neutron.api.v2.resource [None req-cc5fcb0b-90f6-4f10-8b2a-a9c1b67e18c3 55b8c8262dd74edf9fda8002f0336535 1844824331214d01a7fc4ce4b5715cbc - - default default] delete failed (client error): The resource could not be found.
2026-04-22 19:46:42.594 10 INFO neutron.api.wsgi [None req-cc5fcb0b-90f6-4f10-8b2a-a9c1b67e18c3 55b8c8262dd74edf9fda8002f0336535 1844824331214d01a7fc4ce4b5715cbc - - default default] 10.0.0.103 "DELETE /v2.0/subnets/78901e82-d455-407d-ba62-8927d46227dc/tags/green HTTP/1.1" status: 404 len: 299 time: 0.0268173
2026-04-22 19:46:42.633 10 INFO neutron.api.wsgi [None req-d6c09b99-e8ee-4947-a281-aa104ee6949c 55b8c8262dd74edf9fda8002f0336535 1844824331214d01a7fc4ce4b5715cbc - - default default] 10.0.0.103 "DELETE /v2.0/subnets/78901e82-d455-407d-ba62-8927d46227dc/tags HTTP/1.1" status: 204 len: 168 time: 0.0320685
2026-04-22 19:46:42.663 10 INFO neutron.api.wsgi [None req-0a15db50-383c-480a-a145-c0b2913fdd99 55b8c8262dd74edf9fda8002f0336535 1844824331214d01a7fc4ce4b5715cbc - - default default] 10.0.0.103 "GET /v2.0/subnets/78901e82-d455-407d-ba62-8927d46227dc/tags HTTP/1.1" status: 200 len: 205 time: 0.0239935
2026-04-22 19:46:42.759 9 WARNING neutron.plugins.ml2.drivers.ovn.mech_driver.ovsdb.ovn_client [None req-71dd0540-eb11-4800-a6af-a17f0734fcab - - - - - -] No port found with ID be0d5d7c-b39c-4fd4-b53f-a3438e3b06d2: RuntimeError: No port found with ID be0d5d7c-b39c-4fd4-b53f-a3438e3b06d2
2026-04-22 19:46:42.842 10 INFO neutron.api.wsgi [None req-a0f2a3c5-b53e-4f05-8d55-170af02cf014 55b8c8262dd74edf9fda8002f0336535 1844824331214d01a7fc4ce4b5715cbc - - default default] 10.0.0.103 "DELETE /v2.0/subnets/78901e82-d455-407d-ba62-8927d46227dc HTTP/1.1" status: 204 len: 168 time: 0.1592009
2026-04-22 19:46:43.145 10 INFO neutron.services.segments.plugin [-] Segment 736a5b07-2c35-45fd-b2e7-d86fad10b872 resource provider aggregate not found
2026-04-22 19:46:43.149 10 INFO neutron.services.segments.plugin [-] Segment 736a5b07-2c35-45fd-b2e7-d86fad10b872 resource provider aggregate not found
2026-04-22 19:46:43.163 10 INFO neutron.services.segments.plugin [-] Segment 736a5b07-2c35-45fd-b2e7-d86fad10b872 resource provider not found; error: Placement Client Error (4xx): {"errors": [{"status": 404, "title": "Not Found", "detail": "The resource could not be found.\n\n No resource provider with uuid 736a5b07-2c35-45fd-b2e7-d86fad10b872 found for delete ", "request_id": "req-957fbf93-888a-450c-859c-740518fdb463"}]}
2026-04-22 19:46:43.165 10 INFO neutron.services.segments.plugin [-] Segment 736a5b07-2c35-45fd-b2e7-d86fad10b872 resource provider not found; error: Placement Client Error (4xx): {"errors": [{"status": 404, "title": "Not Found", "detail": "The resource could not be found.\n\n No resource provider with uuid 736a5b07-2c35-45fd-b2e7-d86fad10b872 found for delete ", "request_id": "req-5c367cdd-1860-47c0-8f3d-2afc1d17cc3d"}]}
2026-04-22 19:46:43.191 10 INFO neutron.api.wsgi [None req-eb130da9-1dd2-4770-84d9-85ddc4f18fa9 55b8c8262dd74edf9fda8002f0336535 1844824331214d01a7fc4ce4b5715cbc - - default default] 10.0.0.103 "DELETE /v2.0/networks/d4e4ad47-baa5-41da-83d6-e563b5e5c583 HTTP/1.1" status: 204 len: 168 time: 0.3427868
2026-04-22 19:46:43.983 9 INFO neutron.api.wsgi [None req-31346a0a-bdef-415b-bf77-d85275e74992 1b0876df02334129b92b2d722f1cd77c 0260cfb263d24a3c98a9634187bd71e5 - - default default] 10.0.0.103 "GET /v2.0/security-groups?tenant_id=1844824331214d01a7fc4ce4b5715cbc&name=default HTTP/1.1" status: 200 len: 3120 time: 0.1600604
2026-04-22 19:46:44.193 10 INFO neutron.api.wsgi [None req-b766295a-6d4f-4979-a55c-a1c139e069a8 1b0876df02334129b92b2d722f1cd77c 0260cfb263d24a3c98a9634187bd71e5 - - default default] 10.0.0.103 "DELETE /v2.0/security-groups/2b1cd222-2062-45b1-8516-2268edb99798 HTTP/1.1" status: 204 len: 168 time: 0.2043531
2026-04-22 19:46:44.418 10 INFO neutron.db.ovn_revision_numbers_db [None req-007a7531-0c33-4d25-9c1f-aff94f18017a 1b0876df02334129b92b2d722f1cd77c 0260cfb263d24a3c98a9634187bd71e5 - - default default] Successfully bumped revision number for resource 02c68cd4-b3f9-4131-b422-5d3f922e1aba (type: security_groups) to 1
2026-04-22 19:46:44.434 10 INFO neutron.db.ovn_revision_numbers_db [None req-007a7531-0c33-4d25-9c1f-aff94f18017a 1b0876df02334129b92b2d722f1cd77c 0260cfb263d24a3c98a9634187bd71e5 - - default default] Successfully bumped revision number for resource 62fee9ed-6c5d-49e4-836a-0fe288024163 (type: security_group_rules) to 0
2026-04-22 19:46:44.450 10 INFO neutron.db.ovn_revision_numbers_db [None req-007a7531-0c33-4d25-9c1f-aff94f18017a 1b0876df02334129b92b2d722f1cd77c 0260cfb263d24a3c98a9634187bd71e5 - - default default] Successfully bumped revision number for resource 82a9a157-4697-4783-bc68-7d361f4790ad (type: security_group_rules) to 0
2026-04-22 19:46:44.463 10 INFO neutron.db.ovn_revision_numbers_db [None req-007a7531-0c33-4d25-9c1f-aff94f18017a 1b0876df02334129b92b2d722f1cd77c 0260cfb263d24a3c98a9634187bd71e5 - - default default] Successfully bumped revision number for resource 9d429a97-0bfb-4acc-807c-b4735cb31310 (type: security_group_rules) to 0
2026-04-22 19:46:44.477 10 INFO neutron.db.ovn_revision_numbers_db [None req-007a7531-0c33-4d25-9c1f-aff94f18017a 1b0876df02334129b92b2d722f1cd77c 0260cfb263d24a3c98a9634187bd71e5 - - default default] Successfully bumped revision number for resource b88af28e-a599-4d48-8b1a-a5a05ce177d2 (type: security_group_rules) to 0
2026-04-22 19:46:44.517 10 INFO neutron.api.wsgi [None req-007a7531-0c33-4d25-9c1f-aff94f18017a 1b0876df02334129b92b2d722f1cd77c 0260cfb263d24a3c98a9634187bd71e5 - - default default] 10.0.0.103 "GET /v2.0/security-groups?tenant_id=26d39f4f0bba4d179d28f2a9ea3962dd&name=default HTTP/1.1" status: 200 len: 3120 time: 0.2147775
2026-04-22 19:46:44.670 9 WARNING neutron_lib.context [None req-099fee32-3071-4199-aefd-9cbbe3d716d2 858a223025164de5bf679a14d50fcc3d 6a01a21210654a1bb18474b1f4b69930 - - default default] Method 'is_advsvc' is deprecated since 2023.2 release (neutron-lib 3.8.0) and will be removed once support for the old RBAC API policies will be removed from Neutron. Please use method 'is_service_role' instead.
2026-04-22 19:46:44.747 10 INFO neutron.api.wsgi [None req-05b1ea82-f7c1-4f94-b348-e30122b144be 1b0876df02334129b92b2d722f1cd77c 0260cfb263d24a3c98a9634187bd71e5 - - default default] 10.0.0.103 "DELETE /v2.0/security-groups/02c68cd4-b3f9-4131-b422-5d3f922e1aba HTTP/1.1" status: 204 len: 168 time: 0.2220080
2026-04-22 19:46:44.770 9 INFO neutron.api.wsgi [req-83c2f722-f419-4bba-b4e5-278cbaee9585 req-a4430c7c-e1ac-44f3-bdb1-4c5ce8bf4fe1 5b8bc9d8e0a74885a86066df41559879 5e1b14b435884ae1b334f182f97409c4 - - 383bb181a3304024b71730a456140254 383bb181a3304024b71730a456140254] 10.0.0.155 "GET /v2.0/ports?device_id=1f243ffe-0af6-4f85-bbd5-f1161dbd4280 HTTP/1.1" status: 200 len: 1409 time: 0.0426795
2026-04-22 19:46:44.811 9 INFO neutron.api.wsgi [req-83c2f722-f419-4bba-b4e5-278cbaee9585 req-c2d8bd63-df82-4e6c-acc4-69ab35744a37 5b8bc9d8e0a74885a86066df41559879 5e1b14b435884ae1b334f182f97409c4 - - 383bb181a3304024b71730a456140254 383bb181a3304024b71730a456140254] 10.0.0.155 "GET /v2.0/security-groups?id=44730e89-398e-4e2e-b0d4-19c1378402ea&fields=id&fields=name HTTP/1.1" status: 200 len: 312 time: 0.0367179
2026-04-22 19:46:44.849 9 INFO neutron.db.ovn_revision_numbers_db [None req-099fee32-3071-4199-aefd-9cbbe3d716d2 858a223025164de5bf679a14d50fcc3d 6a01a21210654a1bb18474b1f4b69930 - - default default] Successfully bumped revision number for resource f3d198e1-fec0-40d7-88fb-13aeb34ede9a (type: security_groups) to 1
2026-04-22 19:46:44.864 9 INFO neutron.db.ovn_revision_numbers_db [None req-099fee32-3071-4199-aefd-9cbbe3d716d2 858a223025164de5bf679a14d50fcc3d 6a01a21210654a1bb18474b1f4b69930 - - default default] Successfully bumped revision number for resource 0cffefb4-198a-45c0-a310-dbd68b398474 (type: security_group_rules) to 0
2026-04-22 19:46:44.880 9 INFO neutron.db.ovn_revision_numbers_db [None req-099fee32-3071-4199-aefd-9cbbe3d716d2 858a223025164de5bf679a14d50fcc3d 6a01a21210654a1bb18474b1f4b69930 - - default default] Successfully bumped revision number for resource 35b00e0d-0bbe-4be6-8548-8ca4298dc4ee (type: security_group_rules) to 0
2026-04-22 19:46:44.902 9 INFO neutron.db.ovn_revision_numbers_db [None req-099fee32-3071-4199-aefd-9cbbe3d716d2 858a223025164de5bf679a14d50fcc3d 6a01a21210654a1bb18474b1f4b69930 - - default default] Successfully bumped revision number for resource 80d7d50f-d21e-4257-8eac-7b0ae9c854dc (type: security_group_rules) to 0
2026-04-22 19:46:44.932 9 INFO neutron.db.ovn_revision_numbers_db [None req-099fee32-3071-4199-aefd-9cbbe3d716d2 858a223025164de5bf679a14d50fcc3d 6a01a21210654a1bb18474b1f4b69930 - - default default] Successfully bumped revision number for resource a048e590-b036-4ede-94ed-dac96b628b12 (type: security_group_rules) to 0
2026-04-22 19:46:45.037 9 INFO neutron.db.segments_db [None req-099fee32-3071-4199-aefd-9cbbe3d716d2 858a223025164de5bf679a14d50fcc3d 6a01a21210654a1bb18474b1f4b69930 - - default default] Added segment 4076c58a-dafc-4bab-935b-7a317782077e of type geneve for network f4ca2cd0-93d1-4ad8-a16b-fe0d4680d2ef
2026-04-22 19:46:45.169 9 INFO neutron.db.ovn_revision_numbers_db [None req-099fee32-3071-4199-aefd-9cbbe3d716d2 858a223025164de5bf679a14d50fcc3d 6a01a21210654a1bb18474b1f4b69930 - - default default] Successfully bumped revision number for resource f4ca2cd0-93d1-4ad8-a16b-fe0d4680d2ef (type: networks) to 1
2026-04-22 19:46:45.352 9 WARNING neutron.scheduler.dhcp_agent_scheduler [None req-099fee32-3071-4199-aefd-9cbbe3d716d2 858a223025164de5bf679a14d50fcc3d 6a01a21210654a1bb18474b1f4b69930 - - default default] No more DHCP agents
2026-04-22 19:46:45.353 9 WARNING neutron.api.rpc.agentnotifiers.dhcp_rpc_agent_api [None req-099fee32-3071-4199-aefd-9cbbe3d716d2 858a223025164de5bf679a14d50fcc3d 6a01a21210654a1bb18474b1f4b69930 - - default default] Unable to schedule network f4ca2cd0-93d1-4ad8-a16b-fe0d4680d2ef: no agents available; will retry on subsequent port and subnet creation events.
2026-04-22 19:46:45.409 9 INFO neutron.db.ovn_revision_numbers_db [None req-099fee32-3071-4199-aefd-9cbbe3d716d2 858a223025164de5bf679a14d50fcc3d 6a01a21210654a1bb18474b1f4b69930 - - default default] Successfully bumped revision number for resource 8509555c-6f46-47c5-88fc-440a4ee27f5a (type: ports) to 1
2026-04-22 19:46:45.432 9 INFO neutron.api.wsgi [None req-099fee32-3071-4199-aefd-9cbbe3d716d2 858a223025164de5bf679a14d50fcc3d 6a01a21210654a1bb18474b1f4b69930 - - default default] 10.0.0.103 "POST /v2.0/networks HTTP/1.1" status: 201 len: 831 time: 0.8581378
2026-04-22 19:46:45.443 9 WARNING neutron_lib.context [None req-164966ab-7a71-4622-9bce-161f3540513e 858a223025164de5bf679a14d50fcc3d 6a01a21210654a1bb18474b1f4b69930 - - default default] Method 'is_advsvc' is deprecated since 2023.2 release (neutron-lib 3.8.0) and will be removed once support for the old RBAC API policies will be removed from Neutron. Please use method 'is_service_role' instead.
2026-04-22 19:46:45.660 9 WARNING neutron.scheduler.dhcp_agent_scheduler [None req-164966ab-7a71-4622-9bce-161f3540513e 858a223025164de5bf679a14d50fcc3d 6a01a21210654a1bb18474b1f4b69930 - - default default] No more DHCP agents
2026-04-22 19:46:45.661 9 WARNING neutron.api.rpc.agentnotifiers.dhcp_rpc_agent_api [None req-164966ab-7a71-4622-9bce-161f3540513e 858a223025164de5bf679a14d50fcc3d 6a01a21210654a1bb18474b1f4b69930 - - default default] Unable to schedule network f4ca2cd0-93d1-4ad8-a16b-fe0d4680d2ef: no agents available; will retry on subsequent port and subnet creation events.
2026-04-22 19:46:45.723 9 INFO neutron.db.ovn_revision_numbers_db [None req-164966ab-7a71-4622-9bce-161f3540513e 858a223025164de5bf679a14d50fcc3d 6a01a21210654a1bb18474b1f4b69930 - - default default] Successfully bumped revision number for resource dfd4dfd5-421d-430c-b2cd-e5de5c86b8fd (type: ports) to 1
2026-04-22 19:46:45.742 9 INFO neutron.api.wsgi [None req-164966ab-7a71-4622-9bce-161f3540513e 858a223025164de5bf679a14d50fcc3d 6a01a21210654a1bb18474b1f4b69930 - - default default] 10.0.0.103 "POST /v2.0/ports HTTP/1.1" status: 201 len: 942 time: 0.3036468
2026-04-22 19:46:45.754 10 WARNING neutron_lib.context [None req-9bd07cb4-6af7-4176-9def-cd1af2ee5695 858a223025164de5bf679a14d50fcc3d 6a01a21210654a1bb18474b1f4b69930 - - default default] Method 'is_advsvc' is deprecated since 2023.2 release (neutron-lib 3.8.0) and will be removed once support for the old RBAC API policies will be removed from Neutron. Please use method 'is_service_role' instead.
