2026-04-22 19:45:21.182 9 INFO neutron.api.wsgi [None req-71e21327-4819-4b42-ba36-7d8104ce12ce 8c3b7010cc6f426f8f0edf92ba4bd5eb cafca31e16bf466fa9792ff51a7cc9b0 - - default default] 10.0.0.103 "PUT /v2.0/floatingips/a0aa38ca-b191-464b-a253-5273e6a23f8c HTTP/1.1" status: 200 len: 748 time: 0.3537817 /var/lib/openstack/lib/python3.12/site-packages/pycadf/identifier.py:71: UserWarning: Invalid uuid: neutron. To ensure interoperability, identifiers should be a valid uuid. warnings.warn(('Invalid uuid: %s. To ensure interoperability, '
2026-04-22 19:45:21.210 9 INFO neutron.api.wsgi [req-45e7ba0c-19e0-4672-bf82-44e3c1a3449d req-324ecec5-e853-448b-a116-abb53fe0b81b 5b8bc9d8e0a74885a86066df41559879 5e1b14b435884ae1b334f182f97409c4 - - 383bb181a3304024b71730a456140254 383bb181a3304024b71730a456140254] 199.19.213.47 "GET /v2.0/networks/1f3511af-d906-4ac5-8e46-636a9c99db6f?fields=segments HTTP/1.1" status: 200 len: 212 time: 0.0469186
2026-04-22 19:45:21.270 9 INFO neutron.api.wsgi [req-45e7ba0c-19e0-4672-bf82-44e3c1a3449d req-24ad8078-4473-486b-9821-77fcc70da3fa 5b8bc9d8e0a74885a86066df41559879 5e1b14b435884ae1b334f182f97409c4 - - 383bb181a3304024b71730a456140254 383bb181a3304024b71730a456140254] 199.19.213.47 "GET /v2.0/networks/1f3511af-d906-4ac5-8e46-636a9c99db6f?fields=provider%3Aphysical_network&fields=provider%3Anetwork_type HTTP/1.1" status: 200 len: 277 time: 0.0542300
2026-04-22 19:45:21.453 10 INFO neutron.api.wsgi [None req-80ab676a-7051-447c-a9ff-4c6ca67ad68f 8c3b7010cc6f426f8f0edf92ba4bd5eb cafca31e16bf466fa9792ff51a7cc9b0 - - default default] 10.0.0.103 "DELETE /v2.0/floatingips/a0aa38ca-b191-464b-a253-5273e6a23f8c HTTP/1.1" status: 204 len: 168 time: 0.2663925
2026-04-22 19:45:21.474 10 INFO neutron.api.v2.resource [None req-2aec43fa-13ee-4652-9054-e237421a869f 8c3b7010cc6f426f8f0edf92ba4bd5eb cafca31e16bf466fa9792ff51a7cc9b0 - - default default] delete failed (client error): The resource could not be found.
2026-04-22 19:45:21.475 10 INFO neutron.api.wsgi [None req-2aec43fa-13ee-4652-9054-e237421a869f 8c3b7010cc6f426f8f0edf92ba4bd5eb cafca31e16bf466fa9792ff51a7cc9b0 - - default default] 10.0.0.103 "DELETE /v2.0/floatingips/a0aa38ca-b191-464b-a253-5273e6a23f8c HTTP/1.1" status: 404 len: 345 time: 0.0158453
2026-04-22 19:45:21.544 9 INFO neutron.db.ovn_revision_numbers_db [None req-8555dd5c-1ca6-4d40-8a0b-ff2ae8b57f8f - - - - - -] Successfully bumped revision number for resource 47a948a3-3bf7-4989-879c-0a288be88675 (type: ports) to 2
2026-04-22 19:45:21.804 10 INFO neutron.api.wsgi [req-678bf5e9-a12e-4ad0-b232-dd7fcdc30197 req-9601aa40-e9d7-47e3-8c69-cd2f7776c219 4fa234b93ec749cbbe136cf2c6410cfb 025f8fd9f99e452189b1a35eaca4a511 - - default default] 10.0.0.110 "GET /v2.0/ports?device_id=c5f4f6c6-1c19-45eb-97af-1bd6b1c80788 HTTP/1.1" status: 200 len: 1170 time: 0.0962167
2026-04-22 19:45:21.816 10 INFO neutron.api.wsgi [None req-6b6d7e6a-a22c-408a-a338-4daa82ec81de 8c3b7010cc6f426f8f0edf92ba4bd5eb cafca31e16bf466fa9792ff51a7cc9b0 - - default default] 10.0.0.103 "DELETE /v2.0/ports/9bf273f2-9595-42e2-85d1-2cf67b7187d4 HTTP/1.1" status: 204 len: 168 time: 0.3348126
2026-04-22 19:45:21.856 9 INFO neutron.api.wsgi [req-ef5c2cac-b594-46db-ac84-0213d137bb5d req-a18c1e5a-fd83-4e32-96e7-97956723b1ed c9f0c3d157c446f4941deb6bc23f102a 7f94e1fd9a964f61bb081358a7d7bb25 - - default default] 10.0.0.110 "GET /v2.0/ports?device_id=161eeffd-7258-408d-b9fc-2d787729bd6e HTTP/1.1" status: 200 len: 210 time: 0.0194743
2026-04-22 19:45:21.858 10 INFO neutron.api.wsgi [req-678bf5e9-a12e-4ad0-b232-dd7fcdc30197 req-10829211-e755-4d08-8a50-91515dcca965 4fa234b93ec749cbbe136cf2c6410cfb 025f8fd9f99e452189b1a35eaca4a511 - - default default] 10.0.0.110 "GET /v2.0/security-groups?id=62ca605d-4212-4ddd-9b48-4876d1a7e488&fields=id&fields=name HTTP/1.1" status: 200 len: 312 time: 0.0454810
2026-04-22 19:45:22.091 10 INFO neutron.api.wsgi [None req-caa959b1-a5fe-4af7-8d7b-c60cb45cfc55 8c3b7010cc6f426f8f0edf92ba4bd5eb cafca31e16bf466fa9792ff51a7cc9b0 - - default default] 10.0.0.103 "DELETE /v2.0/ports/6fc3bbc9-aa64-486a-9498-abd6d3eb4b6e HTTP/1.1" status: 204 len: 168 time: 0.2701774
2026-04-22 19:45:22.170 9 INFO neutron.api.wsgi [None req-629abddc-c796-4ca9-a400-ac6a54ed78a4 8c3b7010cc6f426f8f0edf92ba4bd5eb cafca31e16bf466fa9792ff51a7cc9b0 - - default default] 10.0.0.103 "GET /v2.0/ports?device_id=eeb37470-bcc8-4169-bc7d-b800068492c8 HTTP/1.1" status: 200 len: 1140 time: 0.0742953
2026-04-22 19:45:22.330 9 INFO neutron.api.wsgi [req-cddeea5d-cbda-44c8-908a-cf74553779c0 req-4c868a84-d7bd-4f68-87c6-9088bf1272ec 4fa234b93ec749cbbe136cf2c6410cfb 025f8fd9f99e452189b1a35eaca4a511 - - default default] 199.19.213.47 "GET /v2.0/ports?device_id=c5f4f6c6-1c19-45eb-97af-1bd6b1c80788 HTTP/1.1" status: 200 len: 1170 time: 0.0358689
2026-04-22 19:45:22.440 9 INFO neutron.db.ovn_revision_numbers_db [None req-39d44b90-f9bf-4aca-8278-331c13e6440e 1b0876df02334129b92b2d722f1cd77c 0260cfb263d24a3c98a9634187bd71e5 - - default default] Successfully bumped revision number for resource 7b0a83c8-b62e-442b-afbe-28d8b106d4fa (type: security_groups) to 1
2026-04-22 19:45:22.460 9 INFO neutron.db.ovn_revision_numbers_db [None req-39d44b90-f9bf-4aca-8278-331c13e6440e 1b0876df02334129b92b2d722f1cd77c 0260cfb263d24a3c98a9634187bd71e5 - - default default] Successfully bumped revision number for resource 38c41986-d1d6-48ee-a663-d9041fb17435 (type: security_group_rules) to 0
2026-04-22 19:45:22.475 9 INFO neutron.db.ovn_revision_numbers_db [None req-39d44b90-f9bf-4aca-8278-331c13e6440e 1b0876df02334129b92b2d722f1cd77c 0260cfb263d24a3c98a9634187bd71e5 - - default default] Successfully bumped revision number for resource 647b6952-cbc1-48e6-9ba8-29ce1fb086f7 (type: security_group_rules) to 0
2026-04-22 19:45:22.497 9 INFO neutron.db.ovn_revision_numbers_db [None req-39d44b90-f9bf-4aca-8278-331c13e6440e 1b0876df02334129b92b2d722f1cd77c 0260cfb263d24a3c98a9634187bd71e5 - - default default] Successfully bumped revision number for resource b729083a-2325-4cbc-b985-dfebcc156279 (type: security_group_rules) to 0
2026-04-22 19:45:22.518 9 INFO neutron.db.ovn_revision_numbers_db [None req-39d44b90-f9bf-4aca-8278-331c13e6440e 1b0876df02334129b92b2d722f1cd77c 0260cfb263d24a3c98a9634187bd71e5 - - default default] Successfully bumped revision number for resource bfefe520-e9d7-4de1-900c-b731001812aa (type: security_group_rules) to 0
2026-04-22 19:45:22.562 9 INFO neutron.api.wsgi [None req-39d44b90-f9bf-4aca-8278-331c13e6440e 1b0876df02334129b92b2d722f1cd77c 0260cfb263d24a3c98a9634187bd71e5 - - default default] 10.0.0.103 "GET /v2.0/security-groups?tenant_id=58827af7ea524fe6a92c3ec2d1ee43a1&name=default HTTP/1.1" status: 200 len: 3120 time: 0.4265082
2026-04-22 19:45:22.647 9 INFO neutron.db.l3_db [req-cddeea5d-cbda-44c8-908a-cf74553779c0 req-7e019cdf-5354-4932-b0ad-ea50b9025877 4fa234b93ec749cbbe136cf2c6410cfb 025f8fd9f99e452189b1a35eaca4a511 - - default default] Floating IP 6f296a0a-a3fc-428f-ac49-d1e1a307262f disassociated. External IP: 10.96.250.209, port: 74fc018c-236b-4f7f-bb28-b5351368c838.
2026-04-22 19:45:22.751 9 INFO neutron.api.wsgi [req-cddeea5d-cbda-44c8-908a-cf74553779c0 req-7e019cdf-5354-4932-b0ad-ea50b9025877 4fa234b93ec749cbbe136cf2c6410cfb 025f8fd9f99e452189b1a35eaca4a511 - - default default] 199.19.213.47 "DELETE /v2.0/ports/74fc018c-236b-4f7f-bb28-b5351368c838 HTTP/1.1" status: 204 len: 173 time: 0.4168155
2026-04-22 19:45:22.782 9 INFO neutron.notifiers.nova [-] Nova event matching ['req-0e649277-1984-4780-bcb7-8016d84adba1'] response: {'server_uuid': 'c5f4f6c6-1c19-45eb-97af-1bd6b1c80788', 'name': 'network-vif-deleted', 'tag': '74fc018c-236b-4f7f-bb28-b5351368c838', 'status': 'completed', 'code': 200}
2026-04-22 19:45:22.808 10 INFO neutron.api.wsgi [None req-3283643b-65f7-48cb-8e56-3994c4844b53 1b0876df02334129b92b2d722f1cd77c 0260cfb263d24a3c98a9634187bd71e5 - - default default] 10.0.0.103 "DELETE /v2.0/security-groups/7b0a83c8-b62e-442b-afbe-28d8b106d4fa HTTP/1.1" status: 204 len: 168 time: 0.2389610 /var/lib/openstack/lib/python3.12/site-packages/pycadf/identifier.py:71: UserWarning: Invalid uuid: neutron. To ensure interoperability, identifiers should be a valid uuid. warnings.warn(('Invalid uuid: %s. To ensure interoperability, '
2026-04-22 19:45:22.935 9 INFO neutron.api.wsgi [req-575f16aa-a62c-44d6-bdd6-a2b56229850f req-effeae20-84a7-46e1-8102-298de12c66d8 c9f0c3d157c446f4941deb6bc23f102a 7f94e1fd9a964f61bb081358a7d7bb25 - - default default] 10.0.0.110 "GET /v2.0/ports?device_id=161eeffd-7258-408d-b9fc-2d787729bd6e HTTP/1.1" status: 200 len: 210 time: 0.0193219
2026-04-22 19:45:22.955 10 INFO neutron.api.wsgi [req-1fd5e97a-044a-4ca8-81f1-70e2eef868c5 req-e95720f9-1716-4c97-bbce-e0df66a38b78 4fa234b93ec749cbbe136cf2c6410cfb 025f8fd9f99e452189b1a35eaca4a511 - - default default] 10.0.0.110 "GET /v2.0/ports?device_id=c5f4f6c6-1c19-45eb-97af-1bd6b1c80788 HTTP/1.1" status: 200 len: 210 time: 0.0263431
2026-04-22 19:45:22.958 10 INFO neutron.api.wsgi [None req-4a6edd76-6952-4b00-aca8-f442d9e18314 8c3b7010cc6f426f8f0edf92ba4bd5eb cafca31e16bf466fa9792ff51a7cc9b0 - - default default] 10.0.0.103 "PUT /v2.0/routers/eeb37470-bcc8-4169-bc7d-b800068492c8/remove_router_interface HTTP/1.1" status: 200 len: 503 time: 0.7829962
2026-04-22 19:45:23.021 9 INFO neutron.db.ovn_revision_numbers_db [None req-5eae2999-7ddd-4a11-a1e8-c2b32359b0b8 1b0876df02334129b92b2d722f1cd77c 0260cfb263d24a3c98a9634187bd71e5 - - default default] Successfully bumped revision number for resource 8e203f80-dd74-4af0-ab13-e263abca091c (type: security_groups) to 1
2026-04-22 19:45:23.034 9 INFO neutron.db.ovn_revision_numbers_db [None req-5eae2999-7ddd-4a11-a1e8-c2b32359b0b8 1b0876df02334129b92b2d722f1cd77c 0260cfb263d24a3c98a9634187bd71e5 - - default default] Successfully bumped revision number for resource 0be4aebd-395e-4a13-affc-50e7cf79f8a0 (type: security_group_rules) to 0
2026-04-22 19:45:23.046 9 INFO neutron.db.ovn_revision_numbers_db [None req-5eae2999-7ddd-4a11-a1e8-c2b32359b0b8 1b0876df02334129b92b2d722f1cd77c 0260cfb263d24a3c98a9634187bd71e5 - - default default] Successfully bumped revision number for resource 1a1c67fe-16d3-430a-963f-248870b42a5a (type: security_group_rules) to 0
2026-04-22 19:45:23.060 9 INFO neutron.db.ovn_revision_numbers_db [None req-5eae2999-7ddd-4a11-a1e8-c2b32359b0b8 1b0876df02334129b92b2d722f1cd77c 0260cfb263d24a3c98a9634187bd71e5 - - default default] Successfully bumped revision number for resource 85ee7832-00ab-445f-9da8-3b43000e756e (type: security_group_rules) to 0
2026-04-22 19:45:23.073 9 INFO neutron.db.ovn_revision_numbers_db [None req-5eae2999-7ddd-4a11-a1e8-c2b32359b0b8 1b0876df02334129b92b2d722f1cd77c 0260cfb263d24a3c98a9634187bd71e5 - - default default] Successfully bumped revision number for resource edd59249-ea31-4a1e-a592-045093790698 (type: security_group_rules) to 0
2026-04-22 19:45:23.108 9 INFO neutron.api.wsgi [None req-5eae2999-7ddd-4a11-a1e8-c2b32359b0b8 1b0876df02334129b92b2d722f1cd77c 0260cfb263d24a3c98a9634187bd71e5 - - default default] 10.0.0.103 "GET /v2.0/security-groups?tenant_id=b99aaa83d19547a6bb939dba6ec00ab0&name=default HTTP/1.1" status: 200 len: 3120 time: 0.2101438
2026-04-22 19:45:23.302 9 INFO neutron.api.wsgi [None req-f012751b-9eec-4c20-ba6d-50c7a1f45bb4 1b0876df02334129b92b2d722f1cd77c 0260cfb263d24a3c98a9634187bd71e5 - - default default] 10.0.0.103 "DELETE /v2.0/security-groups/8e203f80-dd74-4af0-ab13-e263abca091c HTTP/1.1" status: 204 len: 168 time: 0.1861253
2026-04-22 19:45:23.739 10 INFO neutron.api.wsgi [None req-b54b72e4-8b06-4c60-9997-50ad46c12367 8c3b7010cc6f426f8f0edf92ba4bd5eb cafca31e16bf466fa9792ff51a7cc9b0 - - default default] 10.0.0.103 "DELETE /v2.0/routers/eeb37470-bcc8-4169-bc7d-b800068492c8 HTTP/1.1" status: 204 len: 168 time: 0.7763126
2026-04-22 19:45:23.864 10 INFO neutron.api.wsgi [None req-e4f9f145-dbb4-488f-9754-e58f4fb5d0b7 8c3b7010cc6f426f8f0edf92ba4bd5eb cafca31e16bf466fa9792ff51a7cc9b0 - - default default] 10.0.0.103 "DELETE /v2.0/subnets/164d0be3-eee3-4fc3-bb24-68d2401504e9 HTTP/1.1" status: 204 len: 168 time: 0.1194866
2026-04-22 19:45:24.045 9 INFO neutron.api.wsgi [req-c705d39a-ede6-4b20-9b4c-793b66a8b684 req-2b231b71-6c87-4548-8359-375a788992a4 c9f0c3d157c446f4941deb6bc23f102a 7f94e1fd9a964f61bb081358a7d7bb25 - - default default] 10.0.0.110 "GET /v2.0/ports?device_id=161eeffd-7258-408d-b9fc-2d787729bd6e HTTP/1.1" status: 200 len: 210 time: 0.0402515
2026-04-22 19:45:24.058 10 INFO neutron.api.wsgi [req-36ceef01-86d4-4aea-a51b-c4dfec3b9a0a req-0d77354a-7456-4108-83b3-fd8e7aac20c5 4fa234b93ec749cbbe136cf2c6410cfb 025f8fd9f99e452189b1a35eaca4a511 - - default default] 10.0.0.110 "GET /v2.0/ports?device_id=c5f4f6c6-1c19-45eb-97af-1bd6b1c80788 HTTP/1.1" status: 200 len: 210 time: 0.0191867
2026-04-22 19:45:24.164 10 INFO neutron.services.segments.plugin [-] Segment 06090dc9-87f7-41bb-ade9-b5cf215c1644 resource provider aggregate not found
2026-04-22 19:45:24.170 10 INFO neutron.services.segments.plugin [-] Segment 06090dc9-87f7-41bb-ade9-b5cf215c1644 resource provider aggregate not found
2026-04-22 19:45:24.180 10 INFO neutron.services.segments.plugin [-] Segment 06090dc9-87f7-41bb-ade9-b5cf215c1644 resource provider not found; error: Placement Client Error (4xx): {"errors": [{"status": 404, "title": "Not Found", "detail": "The resource could not be found.\n\n No resource provider with uuid 06090dc9-87f7-41bb-ade9-b5cf215c1644 found for delete ", "request_id": "req-4a096ce6-4c1c-47a8-94f9-a0be2043a082"}]}
2026-04-22 19:45:24.181 10 INFO neutron.services.segments.plugin [-] Segment 06090dc9-87f7-41bb-ade9-b5cf215c1644 resource provider not found; error: Placement Client Error (4xx): {"errors": [{"status": 404, "title": "Not Found", "detail": "The resource could not be found.\n\n No resource provider with uuid 06090dc9-87f7-41bb-ade9-b5cf215c1644 found for delete ", "request_id": "req-d2d41742-7106-4684-93a8-ae54a8c3051c"}]}
2026-04-22 19:45:24.209 10 INFO neutron.api.wsgi [None req-0343968b-b3e9-47e3-8395-ba7360653b1d 8c3b7010cc6f426f8f0edf92ba4bd5eb cafca31e16bf466fa9792ff51a7cc9b0 - - default default] 10.0.0.103 "DELETE /v2.0/networks/f79de58f-5616-4804-b244-5c16f08c26f6 HTTP/1.1" status: 204 len: 168 time: 0.3403261
2026-04-22 19:45:24.898 10 INFO neutron.api.wsgi [None req-17160f1d-6ede-4896-bc17-946caf143335 1b0876df02334129b92b2d722f1cd77c 0260cfb263d24a3c98a9634187bd71e5 - - default default] 10.0.0.103 "GET /v2.0/security-groups?tenant_id=cafca31e16bf466fa9792ff51a7cc9b0&name=default HTTP/1.1" status: 200 len: 3120 time: 0.2611406
2026-04-22 19:45:25.081 9 INFO neutron.api.wsgi [req-d248027c-bd53-42ae-9948-311dc67b849c req-425c4b92-bfb5-4d09-b555-92c1c43d4893 c9f0c3d157c446f4941deb6bc23f102a 7f94e1fd9a964f61bb081358a7d7bb25 - - default default] 199.19.213.47 "GET /v2.0/networks?id=f8cacc6a-131b-4ed2-ac7d-65b9fb07f611 HTTP/1.1" status: 200 len: 873 time: 0.0565054
2026-04-22 19:45:25.121 10 INFO neutron.api.wsgi [None req-e57609f1-62fe-469e-9d1d-d6c638f11c9f 1b0876df02334129b92b2d722f1cd77c 0260cfb263d24a3c98a9634187bd71e5 - - default default] 10.0.0.103 "DELETE /v2.0/security-groups/927f361c-6e3c-4170-a9e7-d411f04a45ba HTTP/1.1" status: 204 len: 168 time: 0.2114074
2026-04-22 19:45:25.138 9 INFO neutron.api.wsgi [req-c9026e7b-5a7b-43b5-89f6-55f1d490318f req-4addb714-23e9-4c08-b3e9-3eb03112f5bc c9f0c3d157c446f4941deb6bc23f102a 7f94e1fd9a964f61bb081358a7d7bb25 - - default default] 10.0.0.110 "GET /v2.0/ports?device_id=161eeffd-7258-408d-b9fc-2d787729bd6e HTTP/1.1" status: 200 len: 210 time: 0.0219245
2026-04-22 19:45:25.142 9 INFO neutron.api.wsgi [req-d248027c-bd53-42ae-9948-311dc67b849c req-36be6375-f5e1-44f8-bf2b-f5b778e4cec4 c9f0c3d157c446f4941deb6bc23f102a 7f94e1fd9a964f61bb081358a7d7bb25 - - default default] 199.19.213.47 "GET /v2.0/security-groups?fields=id&fields=name&tenant_id=7f94e1fd9a964f61bb081358a7d7bb25 HTTP/1.1" status: 200 len: 380 time: 0.0560992
2026-04-22 19:45:25.145 10 INFO neutron.api.wsgi [req-aed692e2-b8e0-4bc7-b338-2fc22cf59772 req-f60c080e-0150-4615-8413-2ca194b6e910 4fa234b93ec749cbbe136cf2c6410cfb 025f8fd9f99e452189b1a35eaca4a511 - - default default] 10.0.0.110 "GET /v2.0/ports?device_id=c5f4f6c6-1c19-45eb-97af-1bd6b1c80788 HTTP/1.1" status: 200 len: 210 time: 0.0148461
2026-04-22 19:45:25.150 9 WARNING neutron_lib.context [req-d248027c-bd53-42ae-9948-311dc67b849c req-eaa9380d-2c50-4955-bedc-fb98d698655b c9f0c3d157c446f4941deb6bc23f102a 7f94e1fd9a964f61bb081358a7d7bb25 - - default default] Method 'is_advsvc' is deprecated since 2023.2 release (neutron-lib 3.8.0) and will be removed once support for the old RBAC API policies will be removed from Neutron. Please use method 'is_service_role' instead.
2026-04-22 19:45:25.401 9 WARNING neutron.scheduler.dhcp_agent_scheduler [req-d248027c-bd53-42ae-9948-311dc67b849c req-eaa9380d-2c50-4955-bedc-fb98d698655b c9f0c3d157c446f4941deb6bc23f102a 7f94e1fd9a964f61bb081358a7d7bb25 - - default default] No more DHCP agents
2026-04-22 19:45:25.403 9 WARNING neutron.api.rpc.agentnotifiers.dhcp_rpc_agent_api [req-d248027c-bd53-42ae-9948-311dc67b849c req-eaa9380d-2c50-4955-bedc-fb98d698655b c9f0c3d157c446f4941deb6bc23f102a 7f94e1fd9a964f61bb081358a7d7bb25 - - default default] Unable to schedule network f8cacc6a-131b-4ed2-ac7d-65b9fb07f611: no agents available; will retry on subsequent port and subnet creation events.
2026-04-22 19:45:25.530 9 INFO neutron.db.ovn_revision_numbers_db [req-d248027c-bd53-42ae-9948-311dc67b849c req-eaa9380d-2c50-4955-bedc-fb98d698655b c9f0c3d157c446f4941deb6bc23f102a 7f94e1fd9a964f61bb081358a7d7bb25 - - default default] Successfully bumped revision number for resource 06e7307a-c831-49cf-96d8-ff69630f39a5 (type: ports) to 1
2026-04-22 19:45:25.552 9 INFO neutron.api.wsgi [req-d248027c-bd53-42ae-9948-311dc67b849c req-eaa9380d-2c50-4955-bedc-fb98d698655b c9f0c3d157c446f4941deb6bc23f102a 7f94e1fd9a964f61bb081358a7d7bb25 - - default default] 199.19.213.47 "POST /v2.0/ports HTTP/1.1" status: 201 len: 1158 time: 0.4053004 /var/lib/openstack/lib/python3.12/site-packages/pycadf/identifier.py:71: UserWarning: Invalid uuid: neutron. To ensure interoperability, identifiers should be a valid uuid. warnings.warn(('Invalid uuid: %s. To ensure interoperability, '
2026-04-22 19:45:25.919 9 INFO neutron.db.ovn_revision_numbers_db [req-d248027c-bd53-42ae-9948-311dc67b849c req-d00ebb7b-b53e-4493-89d3-4d99d4a9be27 5b8bc9d8e0a74885a86066df41559879 5e1b14b435884ae1b334f182f97409c4 - - 383bb181a3304024b71730a456140254 383bb181a3304024b71730a456140254] Successfully bumped revision number for resource 06e7307a-c831-49cf-96d8-ff69630f39a5 (type: ports) to 2
2026-04-22 19:45:26.179 9 INFO neutron.db.ovn_revision_numbers_db [req-d248027c-bd53-42ae-9948-311dc67b849c req-d00ebb7b-b53e-4493-89d3-4d99d4a9be27 5b8bc9d8e0a74885a86066df41559879 5e1b14b435884ae1b334f182f97409c4 - - 383bb181a3304024b71730a456140254 383bb181a3304024b71730a456140254] Successfully bumped revision number for resource 06e7307a-c831-49cf-96d8-ff69630f39a5 (type: ports) to 4
2026-04-22 19:45:26.202 9 INFO neutron.api.wsgi [req-d248027c-bd53-42ae-9948-311dc67b849c req-d00ebb7b-b53e-4493-89d3-4d99d4a9be27 5b8bc9d8e0a74885a86066df41559879 5e1b14b435884ae1b334f182f97409c4 - - 383bb181a3304024b71730a456140254 383bb181a3304024b71730a456140254] 199.19.213.47 "PUT /v2.0/ports/06e7307a-c831-49cf-96d8-ff69630f39a5 HTTP/1.1" status: 200 len: 1404 time: 0.6468756 /var/lib/openstack/lib/python3.12/site-packages/pycadf/identifier.py:71: UserWarning: Invalid uuid: neutron. To ensure interoperability, identifiers should be a valid uuid. warnings.warn(('Invalid uuid: %s. To ensure interoperability, '
2026-04-22 19:45:26.221 10 INFO neutron.api.wsgi [req-6f31ae79-4b95-4747-b97c-2eec209b1efd req-71f9d494-7060-4e7c-9d7f-cbc20ee72a85 4fa234b93ec749cbbe136cf2c6410cfb 025f8fd9f99e452189b1a35eaca4a511 - - default default] 10.0.0.110 "GET /v2.0/ports?device_id=c5f4f6c6-1c19-45eb-97af-1bd6b1c80788 HTTP/1.1" status: 200 len: 210 time: 0.0205431
2026-04-22 19:45:26.256 9 INFO neutron.notifiers.nova [-] Nova event matching ['req-08e259e8-9073-440d-8919-8ad413cbff3a'] response: {'name': 'network-changed', 'server_uuid': '161eeffd-7258-408d-b9fc-2d787729bd6e', 'tag': '06e7307a-c831-49cf-96d8-ff69630f39a5', 'status': 'completed', 'code': 200}
2026-04-22 19:45:26.278 9 INFO neutron.api.wsgi [req-397d8947-0f39-425b-8550-adddc9b8d4ee req-738979a4-485f-4711-908c-8fe9032d462c c9f0c3d157c446f4941deb6bc23f102a 7f94e1fd9a964f61bb081358a7d7bb25 - - default default] 10.0.0.110 "GET /v2.0/ports?device_id=161eeffd-7258-408d-b9fc-2d787729bd6e HTTP/1.1" status: 200 len: 1168 time: 0.0740480
2026-04-22 19:45:26.313 9 INFO neutron.api.wsgi [req-397d8947-0f39-425b-8550-adddc9b8d4ee req-e7a6d46d-6808-4a86-8109-d2ccc819e26e c9f0c3d157c446f4941deb6bc23f102a 7f94e1fd9a964f61bb081358a7d7bb25 - - default default] 10.0.0.110 "GET /v2.0/security-groups?id=2dd2134e-c97c-468c-be84-f1488cdd0aa2&fields=id&fields=name HTTP/1.1" status: 200 len: 313 time: 0.0300572
2026-04-22 19:45:26.539 9 WARNING neutron.plugins.ml2.drivers.ovn.mech_driver.ovsdb.ovn_client [None req-a99c9ded-8c9f-4025-9034-752f22eec49d - - - - - -] No hosting information found for port 47a948a3-3bf7-4989-879c-0a288be88675: RuntimeError: No hosting information found for port 47a948a3-3bf7-4989-879c-0a288be88675
2026-04-22 19:45:26.609 9 INFO neutron.db.ovn_revision_numbers_db [None req-a99c9ded-8c9f-4025-9034-752f22eec49d - - - - - -] Successfully bumped revision number for resource 47a948a3-3bf7-4989-879c-0a288be88675 (type: router_ports) to 2
2026-04-22 19:45:26.706 9 INFO neutron.plugins.ml2.drivers.ovn.mech_driver.mech_driver [None req-a99c9ded-8c9f-4025-9034-752f22eec49d - - - - - -] OVN reports status down for port: 74fc018c-236b-4f7f-bb28-b5351368c838 /var/lib/openstack/lib/python3.12/site-packages/pycadf/identifier.py:71: UserWarning: Invalid uuid: neutron. To ensure interoperability, identifiers should be a valid uuid. warnings.warn(('Invalid uuid: %s. To ensure interoperability, '
2026-04-22 19:45:26.818 9 INFO neutron.api.wsgi [req-6294a6b8-de18-453c-962e-bef02c793fe2 req-5c893921-1654-4a5d-8de1-189ca5aee634 5b8bc9d8e0a74885a86066df41559879 5e1b14b435884ae1b334f182f97409c4 - - 383bb181a3304024b71730a456140254 383bb181a3304024b71730a456140254] 199.19.213.47 "GET /v2.0/ports?tenant_id=7f94e1fd9a964f61bb081358a7d7bb25&device_id=161eeffd-7258-408d-b9fc-2d787729bd6e HTTP/1.1" status: 200 len: 1407 time: 0.0407066
2026-04-22 19:45:26.880 9 INFO neutron.api.wsgi [req-6294a6b8-de18-453c-962e-bef02c793fe2 req-f3acdbd8-a31f-49b1-b89f-65cc29d0bc0e 5b8bc9d8e0a74885a86066df41559879 5e1b14b435884ae1b334f182f97409c4 - - 383bb181a3304024b71730a456140254 383bb181a3304024b71730a456140254] 199.19.213.47 "GET /v2.0/networks?tenant_id=7f94e1fd9a964f61bb081358a7d7bb25&shared=False HTTP/1.1" status: 200 len: 970 time: 0.0560060
2026-04-22 19:45:26.938 9 INFO neutron.api.wsgi [req-6294a6b8-de18-453c-962e-bef02c793fe2 req-e50220d6-4e3d-40ef-858f-2c0cacbae154 5b8bc9d8e0a74885a86066df41559879 5e1b14b435884ae1b334f182f97409c4 - - 383bb181a3304024b71730a456140254 383bb181a3304024b71730a456140254] 199.19.213.47 "GET /v2.0/networks?shared=True HTTP/1.1" status: 200 len: 952 time: 0.0506849
2026-04-22 19:45:27.039 10 WARNING neutron_lib.context [None req-66d095e1-759a-42d5-b421-b500d943a386 d5719ac8e1564274be3cc2cc78ffc577 bf78a1cc1f824737a222eafc7a3046fa - - default default] Method 'is_advsvc' is deprecated since 2023.2 release (neutron-lib 3.8.0) and will be removed once support for the old RBAC API policies will be removed from Neutron. Please use method 'is_service_role' instead.
2026-04-22 19:45:27.171 10 INFO neutron.db.ovn_revision_numbers_db [None req-66d095e1-759a-42d5-b421-b500d943a386 d5719ac8e1564274be3cc2cc78ffc577 bf78a1cc1f824737a222eafc7a3046fa - - default default] Successfully bumped revision number for resource 13fc8f50-699e-47b2-8448-61989ab2a613 (type: security_groups) to 1
2026-04-22 19:45:27.182 10 INFO neutron.db.ovn_revision_numbers_db [None req-726bbe9c-dcb0-41ef-9e7d-901194494a88 1b0876df02334129b92b2d722f1cd77c 0260cfb263d24a3c98a9634187bd71e5 - - default default] Successfully bumped revision number for resource 3d614682-2457-4423-bf9a-369594f72c38 (type: security_groups) to 1
2026-04-22 19:45:27.186 10 INFO neutron.db.ovn_revision_numbers_db [None req-66d095e1-759a-42d5-b421-b500d943a386 d5719ac8e1564274be3cc2cc78ffc577 bf78a1cc1f824737a222eafc7a3046fa - - default default] Successfully bumped revision number for resource 4fda80ae-f77e-4664-9d21-a506cd78990b (type: security_group_rules) to 0
2026-04-22 19:45:27.195 10 INFO neutron.db.ovn_revision_numbers_db [None req-726bbe9c-dcb0-41ef-9e7d-901194494a88 1b0876df02334129b92b2d722f1cd77c 0260cfb263d24a3c98a9634187bd71e5 - - default default] Successfully bumped revision number for resource 3217a247-d8d8-4731-90b9-95b86bafa521 (type: security_group_rules) to 0
2026-04-22 19:45:27.201 10 INFO neutron.db.ovn_revision_numbers_db [None req-66d095e1-759a-42d5-b421-b500d943a386 d5719ac8e1564274be3cc2cc78ffc577 bf78a1cc1f824737a222eafc7a3046fa - - default default] Successfully bumped revision number for resource 63f9abaf-371c-42c4-977e-0d6760364592 (type: security_group_rules) to 0
2026-04-22 19:45:27.207 10 INFO neutron.db.ovn_revision_numbers_db [None req-726bbe9c-dcb0-41ef-9e7d-901194494a88 1b0876df02334129b92b2d722f1cd77c 0260cfb263d24a3c98a9634187bd71e5 - - default default] Successfully bumped revision number for resource 64e5b115-2cfe-461d-ba8c-4562e1c9b7bd (type: security_group_rules) to 0
2026-04-22 19:45:27.215 10 INFO neutron.db.ovn_revision_numbers_db [None req-66d095e1-759a-42d5-b421-b500d943a386 d5719ac8e1564274be3cc2cc78ffc577 bf78a1cc1f824737a222eafc7a3046fa - - default default] Successfully bumped revision number for resource 99ff230e-c78f-4cc4-8f04-e7fd67d13730 (type: security_group_rules) to 0
2026-04-22 19:45:27.221 10 INFO neutron.db.ovn_revision_numbers_db [None req-726bbe9c-dcb0-41ef-9e7d-901194494a88 1b0876df02334129b92b2d722f1cd77c 0260cfb263d24a3c98a9634187bd71e5 - - default default] Successfully bumped revision number for resource 71a8f49f-d486-4179-b767-73b554e37f45 (type: security_group_rules) to 0
2026-04-22 19:45:27.228 10 INFO neutron.db.ovn_revision_numbers_db [None req-66d095e1-759a-42d5-b421-b500d943a386 d5719ac8e1564274be3cc2cc78ffc577 bf78a1cc1f824737a222eafc7a3046fa - - default default] Successfully bumped revision number for resource a5d3e8d7-3952-45f6-a8b9-18b04f87ea84 (type: security_group_rules) to 0
2026-04-22 19:45:27.235 10 INFO neutron.db.ovn_revision_numbers_db [None req-726bbe9c-dcb0-41ef-9e7d-901194494a88 1b0876df02334129b92b2d722f1cd77c 0260cfb263d24a3c98a9634187bd71e5 - - default default] Successfully bumped revision number for resource f9912f69-aeb6-4fd7-8ca4-b4c6a11ffbef (type: security_group_rules) to 0
2026-04-22 19:45:27.279 10 INFO neutron.api.wsgi [None req-726bbe9c-dcb0-41ef-9e7d-901194494a88 1b0876df02334129b92b2d722f1cd77c 0260cfb263d24a3c98a9634187bd71e5 - - default default] 10.0.0.103 "GET /v2.0/security-groups?tenant_id=5b9348d2c7524bc1b1ee977df2033912&name=default HTTP/1.1" status: 200 len: 3120 time: 0.2878926
2026-04-22 19:45:27.361 10 INFO neutron.db.ovn_revision_numbers_db [None req-66d095e1-759a-42d5-b421-b500d943a386 d5719ac8e1564274be3cc2cc78ffc577 bf78a1cc1f824737a222eafc7a3046fa - - default default] Successfully bumped revision number for resource daab8edb-1364-496a-8eaa-a821c7dbaa3b (type: security_groups) to 1
2026-04-22 19:45:27.389 10 INFO neutron.db.ovn_revision_numbers_db [None req-66d095e1-759a-42d5-b421-b500d943a386 d5719ac8e1564274be3cc2cc78ffc577 bf78a1cc1f824737a222eafc7a3046fa - - default default] Successfully bumped revision number for resource 4c75a673-e091-4c85-aa49-1ac492bc466e (type: security_group_rules) to 0
2026-04-22 19:45:27.413 10 INFO neutron.db.ovn_revision_numbers_db [None req-66d095e1-759a-42d5-b421-b500d943a386 d5719ac8e1564274be3cc2cc78ffc577 bf78a1cc1f824737a222eafc7a3046fa - - default default] Successfully bumped revision number for resource 918fbf19-33c0-41d0-a9fa-10bad4e9de12 (type: security_group_rules) to 0
2026-04-22 19:45:27.458 10 INFO neutron.api.wsgi [req-72529268-6414-40a0-a8e6-2fab90974ed5 req-d4e004a4-d8bc-4ed9-98fa-70089b86ad73 c9f0c3d157c446f4941deb6bc23f102a 7f94e1fd9a964f61bb081358a7d7bb25 - - default default] 10.0.0.110 "GET /v2.0/ports?device_id=161eeffd-7258-408d-b9fc-2d787729bd6e HTTP/1.1" status: 200 len: 1168 time: 0.0901742
2026-04-22 19:45:27.460 10 INFO neutron.api.wsgi [None req-66d095e1-759a-42d5-b421-b500d943a386 d5719ac8e1564274be3cc2cc78ffc577 bf78a1cc1f824737a222eafc7a3046fa - - default default] 10.0.0.103 "POST /v2.0/security-groups HTTP/1.1" status: 201 len: 1823 time: 0.5869823
2026-04-22 19:45:27.484 10 INFO neutron.api.wsgi [None req-2eed04e2-ea47-455d-ab74-5af489a0618a 4fa234b93ec749cbbe136cf2c6410cfb 025f8fd9f99e452189b1a35eaca4a511 - - default default] 10.0.0.103 "DELETE /v2.0/security-groups/62ca605d-4212-4ddd-9b48-4876d1a7e488 HTTP/1.1" status: 204 len: 168 time: 0.1698201
2026-04-22 19:45:27.500 10 INFO neutron.api.wsgi [req-72529268-6414-40a0-a8e6-2fab90974ed5 req-ab02b317-57db-4fb7-b9da-d965e689daf2 c9f0c3d157c446f4941deb6bc23f102a 7f94e1fd9a964f61bb081358a7d7bb25 - - default default] 10.0.0.110 "GET /v2.0/security-groups?id=2dd2134e-c97c-468c-be84-f1488cdd0aa2&fields=id&fields=name HTTP/1.1" status: 200 len: 313 time: 0.0363076
2026-04-22 19:45:27.501 10 INFO neutron.api.v2.resource [None req-fe1804be-55f9-4f47-ba2f-4e7ee59051ac 4fa234b93ec749cbbe136cf2c6410cfb 025f8fd9f99e452189b1a35eaca4a511 - - default default] show failed (client error): The resource could not be found.
2026-04-22 19:45:27.502 10 INFO neutron.api.wsgi [None req-fe1804be-55f9-4f47-ba2f-4e7ee59051ac 4fa234b93ec749cbbe136cf2c6410cfb 025f8fd9f99e452189b1a35eaca4a511 - - default default] 10.0.0.103 "GET /v2.0/security-groups/62ca605d-4212-4ddd-9b48-4876d1a7e488 HTTP/1.1" status: 404 len: 347 time: 0.0119257
2026-04-22 19:45:27.510 9 INFO neutron.api.wsgi [None req-22ac57c7-ad9f-44a5-ae3a-863ff3d746fd d5719ac8e1564274be3cc2cc78ffc577 bf78a1cc1f824737a222eafc7a3046fa - - default default] 10.0.0.103 "GET /v2.0/security-groups HTTP/1.1" status: 200 len: 4723 time: 0.0432661
2026-04-22 19:45:27.512 9 INFO neutron.api.wsgi [None req-e82696e2-3d94-4d7f-b564-fa87c0ff005a 1b0876df02334129b92b2d722f1cd77c 0260cfb263d24a3c98a9634187bd71e5 - - default default] 10.0.0.103 "DELETE /v2.0/security-groups/3d614682-2457-4423-bf9a-369594f72c38 HTTP/1.1" status: 204 len: 168 time: 0.2272944
2026-04-22 19:45:27.581 9 INFO neutron.db.ovn_revision_numbers_db [None req-a8e2a083-6931-4a67-9c02-6e3c2ff79fcf d5719ac8e1564274be3cc2cc78ffc577 bf78a1cc1f824737a222eafc7a3046fa - - default default] Successfully bumped revision number for resource daab8edb-1364-496a-8eaa-a821c7dbaa3b (type: security_groups) to 2
2026-04-22 19:45:27.605 9 INFO neutron.api.wsgi [None req-a8e2a083-6931-4a67-9c02-6e3c2ff79fcf d5719ac8e1564274be3cc2cc78ffc577 bf78a1cc1f824737a222eafc7a3046fa - - default default] 10.0.0.103 "PUT /v2.0/security-groups/daab8edb-1364-496a-8eaa-a821c7dbaa3b HTTP/1.1" status: 200 len: 1859 time: 0.0906453
2026-04-22 19:45:27.637 10 INFO neutron.api.wsgi [None req-d4f4014a-4668-4387-9add-6dee56a7bb47 d5719ac8e1564274be3cc2cc78ffc577 bf78a1cc1f824737a222eafc7a3046fa - - default default] 10.0.0.103 "GET /v2.0/security-groups/daab8edb-1364-496a-8eaa-a821c7dbaa3b HTTP/1.1" status: 200 len: 1859 time: 0.0254178
2026-04-22 19:45:27.725 9 INFO neutron.db.ovn_revision_numbers_db [None req-14fb7a0b-9f90-48eb-8292-181ef9458654 1b0876df02334129b92b2d722f1cd77c 0260cfb263d24a3c98a9634187bd71e5 - - default default] Successfully bumped revision number for resource 2846fec5-2037-4f57-a2af-461f67950f12 (type: security_groups) to 1
2026-04-22 19:45:27.741 9 INFO neutron.db.ovn_revision_numbers_db [None req-14fb7a0b-9f90-48eb-8292-181ef9458654 1b0876df02334129b92b2d722f1cd77c 0260cfb263d24a3c98a9634187bd71e5 - - default default] Successfully bumped revision number for resource 2c1b52a9-0274-4d35-91d7-a9dc7427cab6 (type: security_group_rules) to 0
2026-04-22 19:45:27.757 9 INFO neutron.db.ovn_revision_numbers_db [None req-14fb7a0b-9f90-48eb-8292-181ef9458654 1b0876df02334129b92b2d722f1cd77c 0260cfb263d24a3c98a9634187bd71e5 - - default default] Successfully bumped revision number for resource 3ca8eb5a-67dc-4409-934f-b803c923c897 (type: security_group_rules) to 0
2026-04-22 19:45:27.769 9 INFO neutron.api.wsgi [None req-93c47550-5b21-4db3-a92e-f51bb19a278f d5719ac8e1564274be3cc2cc78ffc577 bf78a1cc1f824737a222eafc7a3046fa - - default default] 10.0.0.103 "DELETE /v2.0/security-groups/daab8edb-1364-496a-8eaa-a821c7dbaa3b HTTP/1.1" status: 204 len: 168 time: 0.1276753
2026-04-22 19:45:27.778 9 INFO neutron.db.ovn_revision_numbers_db [None req-14fb7a0b-9f90-48eb-8292-181ef9458654 1b0876df02334129b92b2d722f1cd77c 0260cfb263d24a3c98a9634187bd71e5 - - default default] Successfully bumped revision number for resource 96600e89-f41c-48f0-bd90-8dceee8ac177 (type: security_group_rules) to 0
2026-04-22 19:45:27.790 10 INFO neutron.api.wsgi [None req-35834334-67db-49c6-a74e-e52f05519bf0 4fa234b93ec749cbbe136cf2c6410cfb 025f8fd9f99e452189b1a35eaca4a511 - - default default] 10.0.0.103 "DELETE /v2.0/floatingips/6f296a0a-a3fc-428f-ac49-d1e1a307262f HTTP/1.1" status: 204 len: 168 time: 0.2836525
2026-04-22 19:45:27.802 9 INFO neutron.db.ovn_revision_numbers_db [None req-14fb7a0b-9f90-48eb-8292-181ef9458654 1b0876df02334129b92b2d722f1cd77c 0260cfb263d24a3c98a9634187bd71e5 - - default default] Successfully bumped revision number for resource f58ab3be-cb6f-42ca-a052-82a81287e0e2 (type: security_group_rules) to 0
2026-04-22 19:45:27.811 9 INFO neutron.api.wsgi [None req-2fd090b2-2541-4ad6-ac14-f0436e3ac3a0 d5719ac8e1564274be3cc2cc78ffc577 bf78a1cc1f824737a222eafc7a3046fa - - default default] 10.0.0.103 "GET /v2.0/security-groups HTTP/1.1" status: 200 len: 3120 time: 0.0377216
2026-04-22 19:45:27.827 10 INFO neutron.api.v2.resource [None req-500ad92b-6265-450c-a242-731342273346 d5719ac8e1564274be3cc2cc78ffc577 bf78a1cc1f824737a222eafc7a3046fa - - default default] delete failed (client error): The resource could not be found.
2026-04-22 19:45:27.828 10 INFO neutron.api.wsgi [None req-500ad92b-6265-450c-a242-731342273346 d5719ac8e1564274be3cc2cc78ffc577 bf78a1cc1f824737a222eafc7a3046fa - - default default] 10.0.0.103 "DELETE /v2.0/security-groups/daab8edb-1364-496a-8eaa-a821c7dbaa3b HTTP/1.1" status: 404 len: 347 time: 0.0117943
2026-04-22 19:45:27.837 9 INFO neutron.api.wsgi [None req-14fb7a0b-9f90-48eb-8292-181ef9458654 1b0876df02334129b92b2d722f1cd77c 0260cfb263d24a3c98a9634187bd71e5 - - default default] 10.0.0.103 "GET /v2.0/security-groups?tenant_id=54a5809ed27e45ddb53a4b6724662f15&name=default HTTP/1.1" status: 200 len: 3120 time: 0.2450292
2026-04-22 19:45:27.838 10 WARNING neutron_lib.context [None req-562f4c9c-3727-4110-a5ff-40a477df57c8 d5719ac8e1564274be3cc2cc78ffc577 bf78a1cc1f824737a222eafc7a3046fa - - default default] Method 'is_advsvc' is deprecated since 2023.2 release (neutron-lib 3.8.0) and will be removed once support for the old RBAC API policies will be removed from Neutron. Please use method 'is_service_role' instead.
2026-04-22 19:45:27.977 10 INFO neutron.db.ovn_revision_numbers_db [None req-562f4c9c-3727-4110-a5ff-40a477df57c8 d5719ac8e1564274be3cc2cc78ffc577 bf78a1cc1f824737a222eafc7a3046fa - - default default] Successfully bumped revision number for resource e39a4702-1ad8-4ef1-9693-df4469244c4f (type: security_groups) to 1
2026-04-22 19:45:27.986 9 INFO neutron.api.wsgi [req-d248027c-bd53-42ae-9948-311dc67b849c req-a8585073-befc-47bc-b2f8-7eebeebec6c6 5b8bc9d8e0a74885a86066df41559879 5e1b14b435884ae1b334f182f97409c4 - - 383bb181a3304024b71730a456140254 383bb181a3304024b71730a456140254] 199.19.213.47 "GET /v2.0/ports?tenant_id=7f94e1fd9a964f61bb081358a7d7bb25&device_id=161eeffd-7258-408d-b9fc-2d787729bd6e HTTP/1.1" status: 200 len: 1407 time: 0.0367677
2026-04-22 19:45:27.994 10 INFO neutron.db.ovn_revision_numbers_db [None req-562f4c9c-3727-4110-a5ff-40a477df57c8 d5719ac8e1564274be3cc2cc78ffc577 bf78a1cc1f824737a222eafc7a3046fa - - default default] Successfully bumped revision number for resource 1b4e3906-6349-42b3-bbd5-f234fbe5910e (type: security_group_rules) to 0
2026-04-22 19:45:28.011 10 INFO neutron.db.ovn_revision_numbers_db [None req-562f4c9c-3727-4110-a5ff-40a477df57c8 d5719ac8e1564274be3cc2cc78ffc577 bf78a1cc1f824737a222eafc7a3046fa - - default default] Successfully bumped revision number for resource 5f0a7e02-dd04-4ed5-ae11-d29e6eed43a5 (type: security_group_rules) to 0
2026-04-22 19:45:28.014 9 INFO neutron.api.wsgi [req-d248027c-bd53-42ae-9948-311dc67b849c req-39c0e9b9-b864-4ff9-bc91-3b6a0a3c2b25 5b8bc9d8e0a74885a86066df41559879 5e1b14b435884ae1b334f182f97409c4 - - 383bb181a3304024b71730a456140254 383bb181a3304024b71730a456140254] 199.19.213.47 "GET /v2.0/floatingips?fixed_ip_address=10.100.0.6&port_id=06e7307a-c831-49cf-96d8-ff69630f39a5 HTTP/1.1" status: 200 len: 217 time: 0.0242393
2026-04-22 19:45:28.047 9 INFO neutron.api.wsgi [req-d248027c-bd53-42ae-9948-311dc67b849c req-09dc4ca5-4da6-4ec8-869d-26d0a8f70efe 5b8bc9d8e0a74885a86066df41559879 5e1b14b435884ae1b334f182f97409c4 - - 383bb181a3304024b71730a456140254 383bb181a3304024b71730a456140254] 199.19.213.47 "GET /v2.0/subnets?id=fcdcfc10-d8a3-4316-94a6-086bc6fdc156 HTTP/1.1" status: 200 len: 891 time: 0.0284925
2026-04-22 19:45:28.054 10 INFO neutron.api.wsgi [None req-562f4c9c-3727-4110-a5ff-40a477df57c8 d5719ac8e1564274be3cc2cc78ffc577 bf78a1cc1f824737a222eafc7a3046fa - - default default] 10.0.0.103 "POST /v2.0/security-groups HTTP/1.1" status: 201 len: 1825 time: 0.2214019
2026-04-22 19:45:28.068 9 INFO neutron.api.wsgi [req-d248027c-bd53-42ae-9948-311dc67b849c req-1fbe7703-8033-4d1d-8a7a-0d5b110ef3bd 5b8bc9d8e0a74885a86066df41559879 5e1b14b435884ae1b334f182f97409c4 - - 383bb181a3304024b71730a456140254 383bb181a3304024b71730a456140254] 199.19.213.47 "GET /v2.0/ports?network_id=f8cacc6a-131b-4ed2-ac7d-65b9fb07f611&device_owner=network%3Adhcp HTTP/1.1" status: 200 len: 210 time: 0.0173085
2026-04-22 19:45:28.071 10 WARNING neutron_lib.context [None req-7f9f4ce6-2ebc-467e-9b58-17b25669dbef d5719ac8e1564274be3cc2cc78ffc577 bf78a1cc1f824737a222eafc7a3046fa - - default default] Method 'is_advsvc' is deprecated since 2023.2 release (neutron-lib 3.8.0) and will be removed once support for the old RBAC API policies will be removed from Neutron. Please use method 'is_service_role' instead.
2026-04-22 19:45:28.100 9 INFO neutron.api.wsgi [None req-54f77721-e4a5-4d2e-97a3-bf876ee2db44 1b0876df02334129b92b2d722f1cd77c 0260cfb263d24a3c98a9634187bd71e5 - - default default] 10.0.0.103 "DELETE /v2.0/security-groups/2846fec5-2037-4f57-a2af-461f67950f12 HTTP/1.1" status: 204 len: 168 time: 0.2582879
2026-04-22 19:45:28.125 9 INFO neutron.api.wsgi [req-d248027c-bd53-42ae-9948-311dc67b849c req-ac9ced3d-935c-4cea-ab9a-272f2b3c6f43 5b8bc9d8e0a74885a86066df41559879 5e1b14b435884ae1b334f182f97409c4 - - 383bb181a3304024b71730a456140254 383bb181a3304024b71730a456140254] 199.19.213.47 "GET /v2.0/networks/f8cacc6a-131b-4ed2-ac7d-65b9fb07f611?fields=segments HTTP/1.1" status: 200 len: 212 time: 0.0504954
2026-04-22 19:45:28.173 9 INFO neutron.api.wsgi [req-d248027c-bd53-42ae-9948-311dc67b849c req-883d306e-38d2-4c47-9658-3404f5dff363 5b8bc9d8e0a74885a86066df41559879 5e1b14b435884ae1b334f182f97409c4 - - 383bb181a3304024b71730a456140254 383bb181a3304024b71730a456140254] 199.19.213.47 "GET /v2.0/networks/f8cacc6a-131b-4ed2-ac7d-65b9fb07f611?fields=provider%3Aphysical_network&fields=provider%3Anetwork_type HTTP/1.1" status: 200 len: 277 time: 0.0443454
2026-04-22 19:45:28.237 10 INFO neutron.db.ovn_revision_numbers_db [None req-7f9f4ce6-2ebc-467e-9b58-17b25669dbef d5719ac8e1564274be3cc2cc78ffc577 bf78a1cc1f824737a222eafc7a3046fa - - default default] Successfully bumped revision number for resource 036dd49e-1ebd-488e-b65f-d9c4ddb42b8e (type: security_group_rules) to 0
2026-04-22 19:45:28.275 10 INFO neutron.api.wsgi [None req-7f9f4ce6-2ebc-467e-9b58-17b25669dbef d5719ac8e1564274be3cc2cc78ffc577 bf78a1cc1f824737a222eafc7a3046fa - - default default] 10.0.0.103 "POST /v2.0/security-group-rules HTTP/1.1" status: 201 len: 800 time: 0.2101076
2026-04-22 19:45:28.299 10 INFO neutron.api.wsgi [None req-462f321f-652d-445a-b214-51aab12f85fb d5719ac8e1564274be3cc2cc78ffc577 bf78a1cc1f824737a222eafc7a3046fa - - default default] 10.0.0.103 "GET /v2.0/security-group-rules/036dd49e-1ebd-488e-b65f-d9c4ddb42b8e HTTP/1.1" status: 200 len: 795 time: 0.0189669
2026-04-22 19:45:28.373 10 INFO neutron.api.wsgi [None req-0b0bc853-46e6-4864-b9fd-6a393709578e d5719ac8e1564274be3cc2cc78ffc577 bf78a1cc1f824737a222eafc7a3046fa - - default default] 10.0.0.103 "GET /v2.0/security-group-rules HTTP/1.1" status: 200 len: 4333 time: 0.0701427
2026-04-22 19:45:28.515 10 INFO neutron.api.wsgi [None req-44383d90-de0d-43d1-b747-506a29bd9b51 d5719ac8e1564274be3cc2cc78ffc577 bf78a1cc1f824737a222eafc7a3046fa - - default default] 10.0.0.103 "DELETE /v2.0/security-group-rules/036dd49e-1ebd-488e-b65f-d9c4ddb42b8e HTTP/1.1" status: 204 len: 168 time: 0.1371706
2026-04-22 19:45:28.587 10 INFO neutron.api.wsgi [None req-cc4d8c75-ce80-4343-bc4a-6033df3b568e d5719ac8e1564274be3cc2cc78ffc577 bf78a1cc1f824737a222eafc7a3046fa - - default default] 10.0.0.103 "GET /v2.0/security-group-rules HTTP/1.1" status: 200 len: 3755 time: 0.0653083
2026-04-22 19:45:28.595 9 INFO neutron.api.wsgi [req-b789281f-c4ff-4e74-be92-01ba6a647365 req-217c0eee-3c14-4ecf-8eb5-f64581e63976 c9f0c3d157c446f4941deb6bc23f102a 7f94e1fd9a964f61bb081358a7d7bb25 - - default default] 10.0.0.110 "GET /v2.0/ports?device_id=161eeffd-7258-408d-b9fc-2d787729bd6e HTTP/1.1" status: 200 len: 1168 time: 0.0364459
2026-04-22 19:45:28.600 10 WARNING neutron_lib.context [None req-50f2456a-1448-42ae-adbf-3f3e13578dc1 d5719ac8e1564274be3cc2cc78ffc577 bf78a1cc1f824737a222eafc7a3046fa - - default default] Method 'is_advsvc' is deprecated since 2023.2 release (neutron-lib 3.8.0) and will be removed once support for the old RBAC API policies will be removed from Neutron. Please use method 'is_service_role' instead.
2026-04-22 19:45:28.632 9 INFO neutron.api.wsgi [req-b789281f-c4ff-4e74-be92-01ba6a647365 req-9a6d437e-ef32-4c88-abd1-814ebcc71c6e c9f0c3d157c446f4941deb6bc23f102a 7f94e1fd9a964f61bb081358a7d7bb25 - - default default] 10.0.0.110 "GET /v2.0/security-groups?id=2dd2134e-c97c-468c-be84-f1488cdd0aa2&fields=id&fields=name HTTP/1.1" status: 200 len: 313 time: 0.0318930
2026-04-22 19:45:28.731 10 INFO neutron.db.ovn_revision_numbers_db [None req-50f2456a-1448-42ae-adbf-3f3e13578dc1 d5719ac8e1564274be3cc2cc78ffc577 bf78a1cc1f824737a222eafc7a3046fa - - default default] Successfully bumped revision number for resource 472ccf72-3cc6-48f3-9507-cae3a8b89fc8 (type: security_group_rules) to 0
2026-04-22 19:45:28.765 10 INFO neutron.api.wsgi [None req-50f2456a-1448-42ae-adbf-3f3e13578dc1 d5719ac8e1564274be3cc2cc78ffc577 bf78a1cc1f824737a222eafc7a3046fa - - default default] 10.0.0.103 "POST /v2.0/security-group-rules HTTP/1.1" status: 201 len: 800 time: 0.1720724
2026-04-22 19:45:28.801 9 INFO neutron.api.wsgi [None req-1543c8be-d237-495d-a6f2-3eaa96b2d838 d5719ac8e1564274be3cc2cc78ffc577 bf78a1cc1f824737a222eafc7a3046fa - - default default] 10.0.0.103 "GET /v2.0/security-group-rules/472ccf72-3cc6-48f3-9507-cae3a8b89fc8 HTTP/1.1" status: 200 len: 795 time: 0.0299923
2026-04-22 19:45:28.878 9 INFO neutron.api.wsgi [None req-aa564ce5-dc93-432d-ae47-1b237ec6ea40 d5719ac8e1564274be3cc2cc78ffc577 bf78a1cc1f824737a222eafc7a3046fa - - default default] 10.0.0.103 "GET /v2.0/security-group-rules HTTP/1.1" status: 200 len: 4333 time: 0.0701063
2026-04-22 19:45:28.914 10 INFO neutron.api.wsgi [None req-54e07f5f-bf94-4104-88f6-6bb0756d0567 1b0876df02334129b92b2d722f1cd77c 0260cfb263d24a3c98a9634187bd71e5 - - default default] 10.0.0.103 "PUT /v2.0/routers/9c2f537f-efb1-4430-90f0-b3439696939b/remove_router_interface HTTP/1.1" status: 200 len: 503 time: 1.0529220 /var/lib/openstack/lib/python3.12/site-packages/pycadf/identifier.py:71: UserWarning: Invalid uuid: neutron. To ensure interoperability, identifiers should be a valid uuid. warnings.warn(('Invalid uuid: %s. To ensure interoperability, '
2026-04-22 19:45:28.982 9 INFO neutron.api.wsgi [None req-80c217b7-3612-4e6c-b597-777129a36254 d5719ac8e1564274be3cc2cc78ffc577 bf78a1cc1f824737a222eafc7a3046fa - - default default] 10.0.0.103 "DELETE /v2.0/security-group-rules/472ccf72-3cc6-48f3-9507-cae3a8b89fc8 HTTP/1.1" status: 204 len: 168 time: 0.0989113
2026-04-22 19:45:29.035 9 INFO neutron.api.wsgi [None req-70e1b973-338f-462d-818d-e36da5bd9409 d5719ac8e1564274be3cc2cc78ffc577 bf78a1cc1f824737a222eafc7a3046fa - - default default] 10.0.0.103 "GET /v2.0/security-group-rules HTTP/1.1" status: 200 len: 3755 time: 0.0494716
2026-04-22 19:45:29.043 9 WARNING neutron_lib.context [None req-134c1049-8d82-4ab3-8801-8840e22a667e d5719ac8e1564274be3cc2cc78ffc577 bf78a1cc1f824737a222eafc7a3046fa - - default default] Method 'is_advsvc' is deprecated since 2023.2 release (neutron-lib 3.8.0) and will be removed once support for the old RBAC API policies will be removed from Neutron. Please use method 'is_service_role' instead.
2026-04-22 19:45:29.148 9 INFO neutron.db.ovn_revision_numbers_db [None req-134c1049-8d82-4ab3-8801-8840e22a667e d5719ac8e1564274be3cc2cc78ffc577 bf78a1cc1f824737a222eafc7a3046fa - - default default] Successfully bumped revision number for resource 9fe46193-f307-4438-93d0-20e99e0dff9b (type: security_group_rules) to 0
2026-04-22 19:45:29.175 9 INFO neutron.api.wsgi [None req-134c1049-8d82-4ab3-8801-8840e22a667e d5719ac8e1564274be3cc2cc78ffc577 bf78a1cc1f824737a222eafc7a3046fa - - default default] 10.0.0.103 "POST /v2.0/security-group-rules HTTP/1.1" status: 201 len: 801 time: 0.1346931
2026-04-22 19:45:29.198 9 INFO neutron.api.wsgi [None req-42205c1a-74c2-4530-a75c-c22400e02fa9 d5719ac8e1564274be3cc2cc78ffc577 bf78a1cc1f824737a222eafc7a3046fa - - default default] 10.0.0.103 "GET /v2.0/security-group-rules/9fe46193-f307-4438-93d0-20e99e0dff9b HTTP/1.1" status: 200 len: 796 time: 0.0172641
2026-04-22 19:45:29.263 9 INFO neutron.api.wsgi [None req-3cb6f31b-8157-4e4d-aaf4-5577f09d0f33 d5719ac8e1564274be3cc2cc78ffc577 bf78a1cc1f824737a222eafc7a3046fa - - default default] 10.0.0.103 "GET /v2.0/security-group-rules HTTP/1.1" status: 200 len: 4334 time: 0.0573678
2026-04-22 19:45:29.386 9 INFO neutron.api.wsgi [None req-bb64f7b2-1c6d-43c3-83a2-fbe3dc9e8875 d5719ac8e1564274be3cc2cc78ffc577 bf78a1cc1f824737a222eafc7a3046fa - - default default] 10.0.0.103 "DELETE /v2.0/security-group-rules/9fe46193-f307-4438-93d0-20e99e0dff9b HTTP/1.1" status: 204 len: 168 time: 0.1179497
2026-04-22 19:45:29.442 9 INFO neutron.api.wsgi [None req-2918f327-0c70-4b7e-a087-90b14e639159 d5719ac8e1564274be3cc2cc78ffc577 bf78a1cc1f824737a222eafc7a3046fa - - default default] 10.0.0.103 "GET /v2.0/security-group-rules HTTP/1.1" status: 200 len: 3755 time: 0.0496416
2026-04-22 19:45:29.518 10 INFO neutron.api.wsgi [None req-bfc4d1f3-8e83-4091-84f7-1e32cb77ea10 1b0876df02334129b92b2d722f1cd77c 0260cfb263d24a3c98a9634187bd71e5 - - default default] 10.0.0.103 "DELETE /v2.0/routers/9c2f537f-efb1-4430-90f0-b3439696939b HTTP/1.1" status: 204 len: 168 time: 0.5994840
2026-04-22 19:45:29.557 9 INFO neutron.api.wsgi [None req-3189ae5b-6f79-499e-8538-78a6173dd0b7 d5719ac8e1564274be3cc2cc78ffc577 bf78a1cc1f824737a222eafc7a3046fa - - default default] 10.0.0.103 "DELETE /v2.0/security-groups/e39a4702-1ad8-4ef1-9693-df4469244c4f HTTP/1.1" status: 204 len: 168 time: 0.1105275
2026-04-22 19:45:29.594 9 INFO neutron.api.wsgi [None req-d25b0a40-2c1f-4518-bd0a-780a2ce5cec8 d5719ac8e1564274be3cc2cc78ffc577 bf78a1cc1f824737a222eafc7a3046fa - - default default] 10.0.0.103 "GET /v2.0/security-groups HTTP/1.1" status: 200 len: 3120 time: 0.0327339
2026-04-22 19:45:29.633 9 INFO neutron.api.wsgi [None req-933e95cb-d0f4-4736-af6c-c6049db871ad d5719ac8e1564274be3cc2cc78ffc577 bf78a1cc1f824737a222eafc7a3046fa - - default default] 10.0.0.103 "GET /v2.0/security-groups HTTP/1.1" status: 200 len: 3120 time: 0.0338223
2026-04-22 19:45:29.690 10 INFO neutron.api.wsgi [None req-bd8d820f-558c-42ec-b38f-4a8d3ad83936 1b0876df02334129b92b2d722f1cd77c 0260cfb263d24a3c98a9634187bd71e5 - - default default] 10.0.0.103 "DELETE /v2.0/subnets/c5f65e1f-24a6-4f81-8b85-7eb057be6fae HTTP/1.1" status: 204 len: 168 time: 0.1676764
2026-04-22 19:45:29.755 10 INFO neutron.api.wsgi [req-d23f3c54-6143-4a55-9386-1465ad352df3 req-48b0711d-0592-4b0d-a12d-442af0ed0352 c9f0c3d157c446f4941deb6bc23f102a 7f94e1fd9a964f61bb081358a7d7bb25 - - default default] 10.0.0.110 "GET /v2.0/ports?device_id=161eeffd-7258-408d-b9fc-2d787729bd6e HTTP/1.1" status: 200 len: 1168 time: 0.0362322
2026-04-22 19:45:29.795 10 INFO neutron.api.wsgi [req-d23f3c54-6143-4a55-9386-1465ad352df3 req-89340a14-3ae9-4429-af67-2494c34cf8c4 c9f0c3d157c446f4941deb6bc23f102a 7f94e1fd9a964f61bb081358a7d7bb25 - - default default] 10.0.0.110 "GET /v2.0/security-groups?id=2dd2134e-c97c-468c-be84-f1488cdd0aa2&fields=id&fields=name HTTP/1.1" status: 200 len: 313 time: 0.0353210
2026-04-22 19:45:30.086 9 INFO neutron.api.wsgi [None req-6ce9c4d2-4f97-4bbc-b545-507f5d918c3b 1b0876df02334129b92b2d722f1cd77c 0260cfb263d24a3c98a9634187bd71e5 - - default default] 10.0.0.103 "DELETE /v2.0/networks/1f3511af-d906-4ac5-8e46-636a9c99db6f HTTP/1.1" status: 204 len: 168 time: 0.3831286
2026-04-22 19:45:30.298 10 INFO neutron.api.wsgi [None req-ceb2496b-e4bb-4438-8b3e-ca707fe13ad0 1b0876df02334129b92b2d722f1cd77c 0260cfb263d24a3c98a9634187bd71e5 - - default default] 10.0.0.103 "GET /v2.0/security-groups?tenant_id=025f8fd9f99e452189b1a35eaca4a511&name=default HTTP/1.1" status: 200 len: 3116 time: 0.0512428
2026-04-22 19:45:30.357 9 INFO neutron.plugins.ml2.drivers.ovn.mech_driver.mech_driver [None req-a99c9ded-8c9f-4025-9034-752f22eec49d - - - - - -] OVN reports status up for port: 06e7307a-c831-49cf-96d8-ff69630f39a5
