2026-04-22 19:47:45.012 10 INFO neutron.db.segments_db [None req-b1816f6d-1f44-4dbe-a9d5-8376b3dc95e1 0ca41f77846e40139841667b925eaa62 13537b69a8ea465cb4c02cb52880d126 - - default default] Added segment e9228ba7-ada0-4e8b-9159-1ac72f08719f of type geneve for network 0be59783-5587-4baf-85e2-dcee21d5a38b
2026-04-22 19:47:45.143 10 INFO neutron.db.ovn_revision_numbers_db [None req-b1816f6d-1f44-4dbe-a9d5-8376b3dc95e1 0ca41f77846e40139841667b925eaa62 13537b69a8ea465cb4c02cb52880d126 - - default default] Successfully bumped revision number for resource 0be59783-5587-4baf-85e2-dcee21d5a38b (type: networks) to 1
2026-04-22 19:47:45.305 10 WARNING neutron.scheduler.dhcp_agent_scheduler [None req-b1816f6d-1f44-4dbe-a9d5-8376b3dc95e1 0ca41f77846e40139841667b925eaa62 13537b69a8ea465cb4c02cb52880d126 - - default default] No more DHCP agents
2026-04-22 19:47:45.307 10 WARNING neutron.api.rpc.agentnotifiers.dhcp_rpc_agent_api [None req-b1816f6d-1f44-4dbe-a9d5-8376b3dc95e1 0ca41f77846e40139841667b925eaa62 13537b69a8ea465cb4c02cb52880d126 - - default default] Unable to schedule network 0be59783-5587-4baf-85e2-dcee21d5a38b: no agents available; will retry on subsequent port and subnet creation events.
2026-04-22 19:47:45.359 10 INFO neutron.db.ovn_revision_numbers_db [None req-b1816f6d-1f44-4dbe-a9d5-8376b3dc95e1 0ca41f77846e40139841667b925eaa62 13537b69a8ea465cb4c02cb52880d126 - - default default] Successfully bumped revision number for resource 9d09de24-139e-499d-b83e-b186af283570 (type: ports) to 1
2026-04-22 19:47:45.392 10 INFO neutron.api.wsgi [None req-b1816f6d-1f44-4dbe-a9d5-8376b3dc95e1 0ca41f77846e40139841667b925eaa62 13537b69a8ea465cb4c02cb52880d126 - - default default] 10.0.0.103 "POST /v2.0/networks HTTP/1.1" status: 201 len: 843 time: 0.4746079
2026-04-22 19:47:45.544 10 INFO neutron.db.ovn_revision_numbers_db [None req-9123276d-18cd-4a77-b9ee-1022e42eea22 0ca41f77846e40139841667b925eaa62 13537b69a8ea465cb4c02cb52880d126 - - default default] Successfully bumped revision number for resource 0be59783-5587-4baf-85e2-dcee21d5a38b (type: networks) to 2
2026-04-22 19:47:45.548 10 INFO neutron.api.wsgi [None req-9123276d-18cd-4a77-b9ee-1022e42eea22 0ca41f77846e40139841667b925eaa62 13537b69a8ea465cb4c02cb52880d126 - - default default] 10.0.0.103 "PUT /v2.0/networks/0be59783-5587-4baf-85e2-dcee21d5a38b HTTP/1.1" status: 200 len: 792 time: 0.1524780
2026-04-22 19:47:45.558 10 WARNING neutron_lib.context [None req-c0a3d025-556a-4a3f-9d7d-1423d4556a05 0ca41f77846e40139841667b925eaa62 13537b69a8ea465cb4c02cb52880d126 - - default default] Method 'is_advsvc' is deprecated since 2023.2 release (neutron-lib 3.8.0) and will be removed once support for the old RBAC API policies will be removed from Neutron. Please use method 'is_service_role' instead.
2026-04-22 19:47:45.737 9 INFO neutron.notifiers.nova [-] Nova event matching ['req-abc8ce16-737b-4d04-8588-62215f1ae7cd'] response: {'name': 'network-changed', 'server_uuid': 'ad4db866-6184-40ca-82a8-36e4f0b6db84', 'tag': 'dd462cae-b48c-431e-b0ae-77983edc0a46', 'status': 'completed', 'code': 200}
2026-04-22 19:47:45.742 10 WARNING neutron.scheduler.dhcp_agent_scheduler [None req-c0a3d025-556a-4a3f-9d7d-1423d4556a05 0ca41f77846e40139841667b925eaa62 13537b69a8ea465cb4c02cb52880d126 - - default default] No more DHCP agents
2026-04-22 19:47:45.747 10 WARNING neutron.api.rpc.agentnotifiers.dhcp_rpc_agent_api [None req-c0a3d025-556a-4a3f-9d7d-1423d4556a05 0ca41f77846e40139841667b925eaa62 13537b69a8ea465cb4c02cb52880d126 - - default default] Unable to schedule network 0be59783-5587-4baf-85e2-dcee21d5a38b: no agents available; will retry on subsequent port and subnet creation events.
2026-04-22 19:47:46.250 10 INFO neutron.db.ovn_revision_numbers_db [None req-b1210331-a70b-460f-ae09-e26c59523b90 - - - - - -] Successfully bumped revision number for resource 9d09de24-139e-499d-b83e-b186af283570 (type: ports) to 2
2026-04-22 19:47:46.282 10 INFO neutron.db.ovn_revision_numbers_db [None req-b1210331-a70b-460f-ae09-e26c59523b90 - - - - - -] Successfully bumped revision number for resource 39f26756-1c6f-4a1d-a8f5-3c9ca3a1b922 (type: subnets) to 0
2026-04-22 19:47:46.286 9 INFO neutron.api.wsgi [req-b18f905c-d7c9-4dd9-aa60-abce98f47479 req-7832c6dd-88a2-4111-a2a7-0cbe97afb541 5b8bc9d8e0a74885a86066df41559879 5e1b14b435884ae1b334f182f97409c4 - - 383bb181a3304024b71730a456140254 383bb181a3304024b71730a456140254] 199.19.213.47 "GET /v2.0/ports?tenant_id=5d0e0f19fe7044239f75823def78ae74&device_id=ad4db866-6184-40ca-82a8-36e4f0b6db84 HTTP/1.1" status: 200 len: 1409 time: 0.0341749
2026-04-22 19:47:46.296 10 INFO neutron.api.wsgi [None req-c0a3d025-556a-4a3f-9d7d-1423d4556a05 0ca41f77846e40139841667b925eaa62 13537b69a8ea465cb4c02cb52880d126 - - default default] 10.0.0.103 "POST /v2.0/subnets HTTP/1.1" status: 201 len: 825 time: 0.7422755
2026-04-22 19:47:46.340 9 INFO neutron.api.wsgi [req-b18f905c-d7c9-4dd9-aa60-abce98f47479 req-df09dea1-fb4c-469a-8dd4-70a21dfb7548 5b8bc9d8e0a74885a86066df41559879 5e1b14b435884ae1b334f182f97409c4 - - 383bb181a3304024b71730a456140254 383bb181a3304024b71730a456140254] 199.19.213.47 "GET /v2.0/networks?id=2abc5401-e317-49ad-9e6a-26c2f767e801 HTTP/1.1" status: 200 len: 959 time: 0.0501618
2026-04-22 19:47:46.381 9 INFO neutron.api.wsgi [req-b18f905c-d7c9-4dd9-aa60-abce98f47479 req-d1b78cac-10a1-4cd6-bd44-70d7da1f7541 5b8bc9d8e0a74885a86066df41559879 5e1b14b435884ae1b334f182f97409c4 - - 383bb181a3304024b71730a456140254 383bb181a3304024b71730a456140254] 199.19.213.47 "GET /v2.0/floatingips?fixed_ip_address=10.100.0.7&port_id=dd462cae-b48c-431e-b0ae-77983edc0a46 HTTP/1.1" status: 200 len: 1059 time: 0.0354822
2026-04-22 19:47:46.412 9 INFO neutron.api.wsgi [req-b18f905c-d7c9-4dd9-aa60-abce98f47479 req-d4219484-bb3a-4444-8392-be709b6b8ff9 5b8bc9d8e0a74885a86066df41559879 5e1b14b435884ae1b334f182f97409c4 - - 383bb181a3304024b71730a456140254 383bb181a3304024b71730a456140254] 199.19.213.47 "GET /v2.0/subnets?id=d2080bed-79ec-446e-8fde-8ccb0f3cc26a HTTP/1.1" status: 200 len: 875 time: 0.0251234
2026-04-22 19:47:46.435 9 INFO neutron.api.wsgi [req-b18f905c-d7c9-4dd9-aa60-abce98f47479 req-353362d8-2f8e-43f2-ad64-4adc3f2ee2b5 5b8bc9d8e0a74885a86066df41559879 5e1b14b435884ae1b334f182f97409c4 - - 383bb181a3304024b71730a456140254 383bb181a3304024b71730a456140254] 199.19.213.47 "GET /v2.0/ports?network_id=2abc5401-e317-49ad-9e6a-26c2f767e801&device_owner=network%3Adhcp HTTP/1.1" status: 200 len: 210 time: 0.0166633
2026-04-22 19:47:46.490 9 INFO neutron.api.wsgi [req-b18f905c-d7c9-4dd9-aa60-abce98f47479 req-0210ff1b-e977-4504-b49e-d07d169c0ae8 5b8bc9d8e0a74885a86066df41559879 5e1b14b435884ae1b334f182f97409c4 - - 383bb181a3304024b71730a456140254 383bb181a3304024b71730a456140254] 199.19.213.47 "GET /v2.0/networks/2abc5401-e317-49ad-9e6a-26c2f767e801?fields=segments HTTP/1.1" status: 200 len: 212 time: 0.0441108
2026-04-22 19:47:46.550 9 INFO neutron.api.wsgi [req-b18f905c-d7c9-4dd9-aa60-abce98f47479 req-8bb6ddd2-3e68-4ad4-b2d4-84aadd123327 5b8bc9d8e0a74885a86066df41559879 5e1b14b435884ae1b334f182f97409c4 - - 383bb181a3304024b71730a456140254 383bb181a3304024b71730a456140254] 199.19.213.47 "GET /v2.0/networks/2abc5401-e317-49ad-9e6a-26c2f767e801?fields=provider%3Aphysical_network&fields=provider%3Anetwork_type HTTP/1.1" status: 200 len: 277 time: 0.0571952
2026-04-22 19:47:46.559 10 INFO neutron.db.ovn_revision_numbers_db [None req-bdfc036a-49af-4f69-b5be-f13bcde127ae 0ca41f77846e40139841667b925eaa62 13537b69a8ea465cb4c02cb52880d126 - - default default] Successfully bumped revision number for resource 39f26756-1c6f-4a1d-a8f5-3c9ca3a1b922 (type: subnets) to 1
2026-04-22 19:47:46.563 10 INFO neutron.api.wsgi [None req-bdfc036a-49af-4f69-b5be-f13bcde127ae 0ca41f77846e40139841667b925eaa62 13537b69a8ea465cb4c02cb52880d126 - - default default] 10.0.0.103 "PUT /v2.0/subnets/39f26756-1c6f-4a1d-a8f5-3c9ca3a1b922 HTTP/1.1" status: 200 len: 830 time: 0.2621174
2026-04-22 19:47:46.920 10 INFO neutron.api.wsgi [req-f1e2a39a-0788-4dad-b3b2-df01186abca9 req-7414a0dc-65e7-49d2-bed3-5ac166d5aa19 ddfea3dd21c04d448b7bffc72d46c09a 5c820721ffa34e0daebc5f384071a949 - - default default] 10.0.0.110 "GET /v2.0/ports?device_id=d6546452-21de-4846-93fe-7d328e3c1dd0 HTTP/1.1" status: 200 len: 1400 time: 0.0833318
2026-04-22 19:47:46.965 10 INFO neutron.api.wsgi [req-f1e2a39a-0788-4dad-b3b2-df01186abca9 req-3b113754-ad78-4144-be8f-75dbcbc38e9f ddfea3dd21c04d448b7bffc72d46c09a 5c820721ffa34e0daebc5f384071a949 - - default default] 10.0.0.110 "GET /v2.0/security-groups?id=9dafe2e2-aacb-4896-b1f6-d4248d7d3ff7&fields=id&fields=name HTTP/1.1" status: 200 len: 310 time: 0.0375545
2026-04-22 19:47:47.033 10 INFO neutron.services.segments.plugin [-] Segment e9228ba7-ada0-4e8b-9159-1ac72f08719f resource provider aggregate not found
2026-04-22 19:47:47.040 10 INFO neutron.services.segments.plugin [-] Segment e9228ba7-ada0-4e8b-9159-1ac72f08719f resource provider aggregate not found
2026-04-22 19:47:47.048 10 INFO neutron.services.segments.plugin [-] Segment e9228ba7-ada0-4e8b-9159-1ac72f08719f resource provider not found; error: Placement Client Error (4xx): {"errors": [{"status": 404, "title": "Not Found", "detail": "The resource could not be found.\n\n No resource provider with uuid e9228ba7-ada0-4e8b-9159-1ac72f08719f found for delete ", "request_id": "req-1313db7c-9384-4b19-a64f-c7e1a0da2a79"}]}
2026-04-22 19:47:47.065 10 INFO neutron.services.segments.plugin [-] Segment e9228ba7-ada0-4e8b-9159-1ac72f08719f resource provider not found; error: Placement Client Error (4xx): {"errors": [{"status": 404, "title": "Not Found", "detail": "The resource could not be found.\n\n No resource provider with uuid e9228ba7-ada0-4e8b-9159-1ac72f08719f found for delete ", "request_id": "req-d5f006c0-1e69-4ee2-a7e2-9956189975fa"}]}
2026-04-22 19:47:47.078 10 INFO neutron.api.wsgi [None req-a6764dff-0eb5-4ce4-bdd9-c055a748e457 0ca41f77846e40139841667b925eaa62 13537b69a8ea465cb4c02cb52880d126 - - default default] 10.0.0.103 "DELETE /v2.0/networks/0be59783-5587-4baf-85e2-dcee21d5a38b HTTP/1.1" status: 204 len: 168 time: 0.5098379
2026-04-22 19:47:47.091 9 INFO neutron.api.wsgi [None req-d90369e0-2306-4fba-833e-2f5c90ca707f ddfea3dd21c04d448b7bffc72d46c09a 5c820721ffa34e0daebc5f384071a949 - - default default] 10.0.0.103 "GET /v2.0/ports?network_id=688b7d31-e5bf-4583-bdfd-a062003664c0&mac_address=fa%3A16%3A3e%3A7e%3Aa0%3A36 HTTP/1.1" status: 200 len: 1395 time: 0.1020670
2026-04-22 19:47:47.094 10 INFO neutron.pecan_wsgi.hooks.translation [None req-aea82675-c399-4312-a8c3-d540e3d2716f 0ca41f77846e40139841667b925eaa62 13537b69a8ea465cb4c02cb52880d126 - - default default] DELETE failed (client error): The resource could not be found.
2026-04-22 19:47:47.097 10 INFO neutron.api.wsgi [None req-aea82675-c399-4312-a8c3-d540e3d2716f 0ca41f77846e40139841667b925eaa62 13537b69a8ea465cb4c02cb52880d126 - - default default] 10.0.0.103 "DELETE /v2.0/networks/0be59783-5587-4baf-85e2-dcee21d5a38b HTTP/1.1" status: 404 len: 339 time: 0.0131760
2026-04-22 19:47:47.098 9 WARNING neutron_lib.context [None req-a06e56a5-247e-4182-9473-5fe6fc563d15 ddfea3dd21c04d448b7bffc72d46c09a 5c820721ffa34e0daebc5f384071a949 - - default default] Method 'is_advsvc' is deprecated since 2023.2 release (neutron-lib 3.8.0) and will be removed once support for the old RBAC API policies will be removed from Neutron. Please use method 'is_service_role' instead.
2026-04-22 19:47:47.149 10 INFO neutron.api.wsgi [None req-76791cf4-5487-4fc3-9fd3-2ce043d28c31 0ca41f77846e40139841667b925eaa62 13537b69a8ea465cb4c02cb52880d126 - - default default] 10.0.0.103 "GET /v2.0/networks?router%3Aexternal=True HTTP/1.1" status: 200 len: 845 time: 0.0466144
2026-04-22 19:47:47.185 10 INFO neutron.api.wsgi [None req-449bf50b-acaa-4ee1-bc18-b08230ba4997 0ca41f77846e40139841667b925eaa62 13537b69a8ea465cb4c02cb52880d126 - - default default] 10.0.0.103 "GET /v2.0/subnets?network_id=65b9ae3a-a70d-4cb9-87fc-09a70acd4df8 HTTP/1.1" status: 200 len: 843 time: 0.0299871
2026-04-22 19:47:47.198 10 INFO neutron.api.wsgi [None req-6c664ddf-f1f8-4dc0-af09-a664ac42ad7e 0ca41f77846e40139841667b925eaa62 13537b69a8ea465cb4c02cb52880d126 - - default default] 10.0.0.103 "GET /v2.0/extensions HTTP/1.1" status: 200 len: 19293 time: 0.0064285
2026-04-22 19:47:47.264 10 INFO neutron.api.wsgi [None req-a5cfe97a-82f5-49a6-a046-534fd00607a0 0ca41f77846e40139841667b925eaa62 13537b69a8ea465cb4c02cb52880d126 - - default default] 10.0.0.103 "GET /v2.0/networks HTTP/1.1" status: 200 len: 1503 time: 0.0600586
2026-04-22 19:47:47.303 10 INFO neutron.api.wsgi [None req-18d2f518-9f37-4dfc-bf33-2483129bd77e 0ca41f77846e40139841667b925eaa62 13537b69a8ea465cb4c02cb52880d126 - - default default] 10.0.0.103 "GET /v2.0/subnets HTTP/1.1" status: 200 len: 1475 time: 0.0303533
2026-04-22 19:47:47.352 10 INFO neutron.api.wsgi [None req-a16699eb-d53a-4f6f-a7ca-2ed67e97a4d1 0ca41f77846e40139841667b925eaa62 13537b69a8ea465cb4c02cb52880d126 - - default default] 10.0.0.103 "GET /v2.0/networks/28983785-6e8e-4f9e-8114-1a9b0800aa0f HTTP/1.1" status: 200 len: 862 time: 0.0414469
2026-04-22 19:47:47.374 9 WARNING neutron.scheduler.dhcp_agent_scheduler [None req-a06e56a5-247e-4182-9473-5fe6fc563d15 ddfea3dd21c04d448b7bffc72d46c09a 5c820721ffa34e0daebc5f384071a949 - - default default] No more DHCP agents
2026-04-22 19:47:47.375 9 WARNING neutron.api.rpc.agentnotifiers.dhcp_rpc_agent_api [None req-a06e56a5-247e-4182-9473-5fe6fc563d15 ddfea3dd21c04d448b7bffc72d46c09a 5c820721ffa34e0daebc5f384071a949 - - default default] Unable to schedule network 65b9ae3a-a70d-4cb9-87fc-09a70acd4df8: no agents available; will retry on subsequent port and subnet creation events.
2026-04-22 19:47:47.392 10 INFO neutron.api.wsgi [None req-fb952823-327e-4a7e-81d6-cd2befcdba9c 0ca41f77846e40139841667b925eaa62 13537b69a8ea465cb4c02cb52880d126 - - default default] 10.0.0.103 "GET /v2.0/subnets/0d864cac-feaf-4686-86a9-edc5b5af50d5 HTTP/1.1" status: 200 len: 835 time: 0.0270102
2026-04-22 19:47:47.408 10 INFO neutron.pecan_wsgi.hooks.translation [None req-54cd63d2-d8d3-4cf0-b500-2d8e05652c2f 0ca41f77846e40139841667b925eaa62 13537b69a8ea465cb4c02cb52880d126 - - default default] DELETE failed (client error): The resource could not be found.
2026-04-22 19:47:47.411 10 INFO neutron.api.wsgi [None req-54cd63d2-d8d3-4cf0-b500-2d8e05652c2f 0ca41f77846e40139841667b925eaa62 13537b69a8ea465cb4c02cb52880d126 - - default default] 10.0.0.103 "DELETE /v2.0/subnets/39f26756-1c6f-4a1d-a8f5-3c9ca3a1b922 HTTP/1.1" status: 404 len: 337 time: 0.0137639
2026-04-22 19:47:47.426 10 INFO neutron.pecan_wsgi.hooks.translation [None req-ee4bbe94-f4ea-499f-b5e9-e626218a3303 0ca41f77846e40139841667b925eaa62 13537b69a8ea465cb4c02cb52880d126 - - default default] DELETE failed (client error): The resource could not be found.
2026-04-22 19:47:47.429 10 INFO neutron.api.wsgi [None req-ee4bbe94-f4ea-499f-b5e9-e626218a3303 0ca41f77846e40139841667b925eaa62 13537b69a8ea465cb4c02cb52880d126 - - default default] 10.0.0.103 "DELETE /v2.0/networks/0be59783-5587-4baf-85e2-dcee21d5a38b HTTP/1.1" status: 404 len: 339 time: 0.0131335
2026-04-22 19:47:47.645 9 INFO neutron.api.wsgi [None req-37292111-ccd0-4875-a3d0-a652b51bdb27 0ca41f77846e40139841667b925eaa62 13537b69a8ea465cb4c02cb52880d126 - - default default] 10.0.0.103 "DELETE /v2.0/subnets/0d864cac-feaf-4686-86a9-edc5b5af50d5 HTTP/1.1" status: 204 len: 168 time: 0.2122238
2026-04-22 19:47:47.983 9 INFO neutron.services.segments.plugin [-] Segment 68de4bd0-4b2e-4e4f-bdf8-14665d44d1ee resource provider aggregate not found
2026-04-22 19:47:47.987 9 INFO neutron.services.segments.plugin [-] Segment 68de4bd0-4b2e-4e4f-bdf8-14665d44d1ee resource provider aggregate not found
2026-04-22 19:47:47.999 9 INFO neutron.services.segments.plugin [-] Segment 68de4bd0-4b2e-4e4f-bdf8-14665d44d1ee resource provider not found; error: Placement Client Error (4xx): {"errors": [{"status": 404, "title": "Not Found", "detail": "The resource could not be found.\n\n No resource provider with uuid 68de4bd0-4b2e-4e4f-bdf8-14665d44d1ee found for delete ", "request_id": "req-dcee76b2-efa6-4f69-95fa-6989f22df03f"}]}
2026-04-22 19:47:48.003 9 INFO neutron.services.segments.plugin [-] Segment 68de4bd0-4b2e-4e4f-bdf8-14665d44d1ee resource provider not found; error: Placement Client Error (4xx): {"errors": [{"status": 404, "title": "Not Found", "detail": "The resource could not be found.\n\n No resource provider with uuid 68de4bd0-4b2e-4e4f-bdf8-14665d44d1ee found for delete ", "request_id": "req-d6fe88d5-640a-438b-aded-d417c0a7cb10"}]}
2026-04-22 19:47:48.036 9 INFO neutron.api.wsgi [None req-a990b06b-3acd-4a0c-99b3-11c835b282ac 0ca41f77846e40139841667b925eaa62 13537b69a8ea465cb4c02cb52880d126 - - default default] 10.0.0.103 "DELETE /v2.0/networks/28983785-6e8e-4f9e-8114-1a9b0800aa0f HTTP/1.1" status: 204 len: 168 time: 0.3857841
2026-04-22 19:47:48.102 9 INFO neutron.db.ovn_revision_numbers_db [None req-a06e56a5-247e-4182-9473-5fe6fc563d15 ddfea3dd21c04d448b7bffc72d46c09a 5c820721ffa34e0daebc5f384071a949 - - default default] Successfully bumped revision number for resource 47a15b5a-f639-4b8c-9584-3a620a58a170 (type: floatingips) to -1
2026-04-22 19:47:48.189 9 INFO neutron.db.ovn_revision_numbers_db [None req-a06e56a5-247e-4182-9473-5fe6fc563d15 ddfea3dd21c04d448b7bffc72d46c09a 5c820721ffa34e0daebc5f384071a949 - - default default] Successfully bumped revision number for resource 47a15b5a-f639-4b8c-9584-3a620a58a170 (type: floatingips) to 1
2026-04-22 19:47:48.190 9 INFO neutron.db.l3_db [None req-a06e56a5-247e-4182-9473-5fe6fc563d15 ddfea3dd21c04d448b7bffc72d46c09a 5c820721ffa34e0daebc5f384071a949 - - default default] Floating IP 47a15b5a-f639-4b8c-9584-3a620a58a170 associated. External IP: 10.96.250.219, port: 44cfef44-8560-4073-972a-7dbe4bdf8bb3.
2026-04-22 19:47:48.223 9 INFO neutron.api.wsgi [None req-a06e56a5-247e-4182-9473-5fe6fc563d15 ddfea3dd21c04d448b7bffc72d46c09a 5c820721ffa34e0daebc5f384071a949 - - default default] 10.0.0.103 "POST /v2.0/floatingips HTTP/1.1" status: 201 len: 1054 time: 1.1277769
2026-04-22 19:47:48.252 9 INFO neutron.notifiers.nova [-] Nova event matching ['req-30d5dc8a-29d7-4106-a808-9541471d3c56'] response: {'name': 'network-changed', 'server_uuid': 'd6546452-21de-4846-93fe-7d328e3c1dd0', 'tag': '44cfef44-8560-4073-972a-7dbe4bdf8bb3', 'status': 'completed', 'code': 200}
2026-04-22 19:47:48.327 10 INFO neutron.api.wsgi [req-79aa16ad-29a6-4e56-8aa9-d8d4251be959 req-6cd5f29b-f276-4433-a781-39badbff0e3f ddfea3dd21c04d448b7bffc72d46c09a 5c820721ffa34e0daebc5f384071a949 - - default default] 10.0.0.110 "GET /v2.0/security-groups?name=tempest-lb_member_SG-632465632&fields=id&tenant_id=5c820721ffa34e0daebc5f384071a949 HTTP/1.1" status: 200 len: 267 time: 0.0357149
2026-04-22 19:47:48.380 10 INFO neutron.api.wsgi [req-79aa16ad-29a6-4e56-8aa9-d8d4251be959 req-39ce32a9-208d-46e0-99e2-38df7084dc86 ddfea3dd21c04d448b7bffc72d46c09a 5c820721ffa34e0daebc5f384071a949 - - default default] 10.0.0.110 "GET /v2.0/networks?id=c3a388fd-6cb4-4b1b-91db-0af24d4ae09a HTTP/1.1" status: 200 len: 904 time: 0.0429432
2026-04-22 19:47:48.397 10 INFO neutron.api.wsgi [req-79aa16ad-29a6-4e56-8aa9-d8d4251be959 req-1478d7be-da3b-4471-b332-b3ef508df65b ddfea3dd21c04d448b7bffc72d46c09a 5c820721ffa34e0daebc5f384071a949 - - default default] 10.0.0.110 "GET /v2.0/quotas/5c820721ffa34e0daebc5f384071a949 HTTP/1.1" status: 200 len: 491 time: 0.0080576
2026-04-22 19:47:48.510 10 INFO neutron.api.wsgi [req-79aa16ad-29a6-4e56-8aa9-d8d4251be959 req-4c63b397-e9f2-449b-a0dc-17b58aabf808 ddfea3dd21c04d448b7bffc72d46c09a 5c820721ffa34e0daebc5f384071a949 - - default default] 10.0.0.110 "GET /v2.0/ports?tenant_id=5c820721ffa34e0daebc5f384071a949&fields=id HTTP/1.1" status: 200 len: 532 time: 0.1047401
2026-04-22 19:47:48.556 10 INFO neutron.api.wsgi [req-79aa16ad-29a6-4e56-8aa9-d8d4251be959 req-eadf939d-4b76-4a6c-87f3-65089d867670 5b8bc9d8e0a74885a86066df41559879 5e1b14b435884ae1b334f182f97409c4 - - 383bb181a3304024b71730a456140254 383bb181a3304024b71730a456140254] 10.0.0.110 "GET /v2.0/networks/c3a388fd-6cb4-4b1b-91db-0af24d4ae09a?fields=segments HTTP/1.1" status: 200 len: 212 time: 0.0349021
2026-04-22 19:47:48.610 10 INFO neutron.api.wsgi [req-79aa16ad-29a6-4e56-8aa9-d8d4251be959 req-eca29713-39dd-4a16-b4c8-28017b015fb0 5b8bc9d8e0a74885a86066df41559879 5e1b14b435884ae1b334f182f97409c4 - - 383bb181a3304024b71730a456140254 383bb181a3304024b71730a456140254] 10.0.0.110 "GET /v2.0/networks/c3a388fd-6cb4-4b1b-91db-0af24d4ae09a?fields=provider%3Aphysical_network&fields=provider%3Anetwork_type HTTP/1.1" status: 200 len: 277 time: 0.0474517 /var/lib/openstack/lib/python3.12/site-packages/pycadf/identifier.py:71: UserWarning: Invalid uuid: neutron. To ensure interoperability, identifiers should be a valid uuid. warnings.warn(('Invalid uuid: %s. To ensure interoperability, '
2026-04-22 19:47:48.673 9 INFO neutron.api.wsgi [None req-1e39f005-cf28-4560-9cea-210526ff959b 1b0876df02334129b92b2d722f1cd77c 0260cfb263d24a3c98a9634187bd71e5 - - default default] 10.0.0.103 "GET /v2.0/security-groups?tenant_id=13537b69a8ea465cb4c02cb52880d126&name=default HTTP/1.1" status: 200 len: 3120 time: 0.1344409
2026-04-22 19:47:48.723 9 INFO neutron.api.wsgi [req-6c9bd186-77ab-425c-a236-63d53aeb2d12 req-599f00f7-3cc7-43e7-9b4c-a6d453e7fa4b ddfea3dd21c04d448b7bffc72d46c09a 5c820721ffa34e0daebc5f384071a949 - - default default] 10.0.0.110 "GET /v2.0/ports?device_id=fbbde4d1-073d-4bc1-b3c6-6907e2195ab2 HTTP/1.1" status: 200 len: 210 time: 0.0192876
2026-04-22 19:47:48.791 9 INFO neutron.api.wsgi [-] 10.0.0.125 "GET / HTTP/1.1" status: 200 len: 246 time: 0.0013747
2026-04-22 19:47:48.794 10 INFO neutron.api.wsgi [-] 10.0.0.125 "GET / HTTP/1.1" status: 200 len: 246 time: 0.0026250
2026-04-22 19:47:48.801 9 INFO neutron.api.wsgi [req-0218e386-598b-4b0a-b4fa-d3a7b72ce040 req-f5c28280-44f9-4e8c-8105-cf7505d4cd96 5b8bc9d8e0a74885a86066df41559879 5e1b14b435884ae1b334f182f97409c4 - - 383bb181a3304024b71730a456140254 383bb181a3304024b71730a456140254] 199.19.213.47 "GET /v2.0/ports?tenant_id=5c820721ffa34e0daebc5f384071a949&device_id=d6546452-21de-4846-93fe-7d328e3c1dd0 HTTP/1.1" status: 200 len: 1638 time: 0.0401723
2026-04-22 19:47:48.869 9 INFO neutron.api.wsgi [req-0218e386-598b-4b0a-b4fa-d3a7b72ce040 req-d96df538-a548-4941-9637-0bb062811520 5b8bc9d8e0a74885a86066df41559879 5e1b14b435884ae1b334f182f97409c4 - - 383bb181a3304024b71730a456140254 383bb181a3304024b71730a456140254] 199.19.213.47 "GET /v2.0/networks?id=688b7d31-e5bf-4583-bdfd-a062003664c0 HTTP/1.1" status: 200 len: 1002 time: 0.0619023
2026-04-22 19:47:48.913 9 INFO neutron.api.wsgi [req-0218e386-598b-4b0a-b4fa-d3a7b72ce040 req-40ddaf0d-71ed-4bbb-ac85-2df244cb28ed 5b8bc9d8e0a74885a86066df41559879 5e1b14b435884ae1b334f182f97409c4 - - 383bb181a3304024b71730a456140254 383bb181a3304024b71730a456140254] 199.19.213.47 "GET /v2.0/floatingips?fixed_ip_address=10.2.1.113&port_id=44cfef44-8560-4073-972a-7dbe4bdf8bb3 HTTP/1.1" status: 200 len: 1059 time: 0.0368354
2026-04-22 19:47:48.936 9 INFO neutron.api.wsgi [req-0218e386-598b-4b0a-b4fa-d3a7b72ce040 req-b5fdbd3b-e394-497c-be8d-6eab6488a83f 5b8bc9d8e0a74885a86066df41559879 5e1b14b435884ae1b334f182f97409c4 - - 383bb181a3304024b71730a456140254 383bb181a3304024b71730a456140254] 199.19.213.47 "GET /v2.0/floatingips?fixed_ip_address=fd7b%3Af9f7%3Afff%3A4eca%3A%3A2e1&port_id=44cfef44-8560-4073-972a-7dbe4bdf8bb3 HTTP/1.1" status: 200 len: 217 time: 0.0160470
2026-04-22 19:47:48.942 9 INFO neutron.api.wsgi [None req-e89f7028-9124-4b29-9e9a-64ccbc3863fe 1b0876df02334129b92b2d722f1cd77c 0260cfb263d24a3c98a9634187bd71e5 - - default default] 10.0.0.103 "DELETE /v2.0/security-groups/1c5b08d9-8d8c-47f8-ab9d-6b5d98abb9a4 HTTP/1.1" status: 204 len: 168 time: 0.2641075
2026-04-22 19:47:48.969 9 INFO neutron.api.wsgi [req-0218e386-598b-4b0a-b4fa-d3a7b72ce040 req-900f3cb6-3e3b-4ba3-82b5-c247a0446507 5b8bc9d8e0a74885a86066df41559879 5e1b14b435884ae1b334f182f97409c4 - - 383bb181a3304024b71730a456140254 383bb181a3304024b71730a456140254] 199.19.213.47 "GET /v2.0/subnets?id=91b3ba14-2676-49bd-af30-cc033b41a311&id=b88d972e-7464-4810-afaf-6d301e698699 HTTP/1.1" status: 200 len: 1610 time: 0.0266647
2026-04-22 19:47:48.996 9 INFO neutron.api.wsgi [req-0218e386-598b-4b0a-b4fa-d3a7b72ce040 req-6353fb00-6b8d-41f1-9b50-b49189831cc5 5b8bc9d8e0a74885a86066df41559879 5e1b14b435884ae1b334f182f97409c4 - - 383bb181a3304024b71730a456140254 383bb181a3304024b71730a456140254] 199.19.213.47 "GET /v2.0/ports?network_id=688b7d31-e5bf-4583-bdfd-a062003664c0&device_owner=network%3Adhcp HTTP/1.1" status: 200 len: 210 time: 0.0222044
2026-04-22 19:47:49.016 9 INFO neutron.api.wsgi [req-0218e386-598b-4b0a-b4fa-d3a7b72ce040 req-9edd43be-df47-47a0-ae1d-2f56d13966d3 5b8bc9d8e0a74885a86066df41559879 5e1b14b435884ae1b334f182f97409c4 - - 383bb181a3304024b71730a456140254 383bb181a3304024b71730a456140254] 199.19.213.47 "GET /v2.0/ports?network_id=688b7d31-e5bf-4583-bdfd-a062003664c0&device_owner=network%3Adhcp HTTP/1.1" status: 200 len: 210 time: 0.0162594
2026-04-22 19:47:49.065 9 INFO neutron.api.wsgi [req-0218e386-598b-4b0a-b4fa-d3a7b72ce040 req-c19890f0-4939-4c0a-9954-fb99b442f230 5b8bc9d8e0a74885a86066df41559879 5e1b14b435884ae1b334f182f97409c4 - - 383bb181a3304024b71730a456140254 383bb181a3304024b71730a456140254] 199.19.213.47 "GET /v2.0/networks/688b7d31-e5bf-4583-bdfd-a062003664c0?fields=segments HTTP/1.1" status: 200 len: 212 time: 0.0425186
2026-04-22 19:47:49.106 9 INFO neutron.api.wsgi [req-0218e386-598b-4b0a-b4fa-d3a7b72ce040 req-bc2a9ea5-60a4-40df-9243-5b00152439b2 5b8bc9d8e0a74885a86066df41559879 5e1b14b435884ae1b334f182f97409c4 - - 383bb181a3304024b71730a456140254 383bb181a3304024b71730a456140254] 199.19.213.47 "GET /v2.0/networks/688b7d31-e5bf-4583-bdfd-a062003664c0?fields=provider%3Aphysical_network&fields=provider%3Anetwork_type HTTP/1.1" status: 200 len: 277 time: 0.0355921
2026-04-22 19:47:50.768 10 WARNING neutron_lib.context [None req-136f8fc7-79d1-49db-9028-4a0a716ee739 c6640bea8cce47a58be97059cf2cb684 facb8f428aec414ab9bfbe109c930b95 - - default default] Method 'is_advsvc' is deprecated since 2023.2 release (neutron-lib 3.8.0) and will be removed once support for the old RBAC API policies will be removed from Neutron. Please use method 'is_service_role' instead.
2026-04-22 19:47:50.905 10 INFO neutron.db.ovn_revision_numbers_db [None req-136f8fc7-79d1-49db-9028-4a0a716ee739 c6640bea8cce47a58be97059cf2cb684 facb8f428aec414ab9bfbe109c930b95 - - default default] Successfully bumped revision number for resource b703c1e4-3353-4106-8f3b-e92cb69ef33f (type: security_groups) to 1
2026-04-22 19:47:50.918 10 INFO neutron.db.ovn_revision_numbers_db [None req-136f8fc7-79d1-49db-9028-4a0a716ee739 c6640bea8cce47a58be97059cf2cb684 facb8f428aec414ab9bfbe109c930b95 - - default default] Successfully bumped revision number for resource 668c754c-b66b-4ed5-a5a7-71de06cf99e6 (type: security_group_rules) to 0
2026-04-22 19:47:50.929 10 INFO neutron.db.ovn_revision_numbers_db [None req-136f8fc7-79d1-49db-9028-4a0a716ee739 c6640bea8cce47a58be97059cf2cb684 facb8f428aec414ab9bfbe109c930b95 - - default default] Successfully bumped revision number for resource c64671c9-626c-4f9f-9d56-370c3a25deac (type: security_group_rules) to 0
2026-04-22 19:47:50.943 10 INFO neutron.db.ovn_revision_numbers_db [None req-136f8fc7-79d1-49db-9028-4a0a716ee739 c6640bea8cce47a58be97059cf2cb684 facb8f428aec414ab9bfbe109c930b95 - - default default] Successfully bumped revision number for resource d2a8010e-e9b9-4bf6-9aa8-0d9baa561262 (type: security_group_rules) to 0
2026-04-22 19:47:50.956 10 INFO neutron.db.ovn_revision_numbers_db [None req-136f8fc7-79d1-49db-9028-4a0a716ee739 c6640bea8cce47a58be97059cf2cb684 facb8f428aec414ab9bfbe109c930b95 - - default default] Successfully bumped revision number for resource d4d5741f-c711-4ae9-a407-1d32a19f126b (type: security_group_rules) to 0
2026-04-22 19:47:51.028 10 INFO neutron.db.segments_db [None req-136f8fc7-79d1-49db-9028-4a0a716ee739 c6640bea8cce47a58be97059cf2cb684 facb8f428aec414ab9bfbe109c930b95 - - default default] Added segment 6cc789d6-2d91-4d37-b8b1-cfe47769385c of type geneve for network cc45048d-8984-4b30-92c3-579ed780e286
2026-04-22 19:47:51.149 10 INFO neutron.db.ovn_revision_numbers_db [None req-136f8fc7-79d1-49db-9028-4a0a716ee739 c6640bea8cce47a58be97059cf2cb684 facb8f428aec414ab9bfbe109c930b95 - - default default] Successfully bumped revision number for resource cc45048d-8984-4b30-92c3-579ed780e286 (type: networks) to 1
2026-04-22 19:47:51.296 10 WARNING neutron.scheduler.dhcp_agent_scheduler [None req-136f8fc7-79d1-49db-9028-4a0a716ee739 c6640bea8cce47a58be97059cf2cb684 facb8f428aec414ab9bfbe109c930b95 - - default default] No more DHCP agents
2026-04-22 19:47:51.298 10 WARNING neutron.api.rpc.agentnotifiers.dhcp_rpc_agent_api [None req-136f8fc7-79d1-49db-9028-4a0a716ee739 c6640bea8cce47a58be97059cf2cb684 facb8f428aec414ab9bfbe109c930b95 - - default default] Unable to schedule network cc45048d-8984-4b30-92c3-579ed780e286: no agents available; will retry on subsequent port and subnet creation events.
2026-04-22 19:47:51.351 10 INFO neutron.db.ovn_revision_numbers_db [None req-136f8fc7-79d1-49db-9028-4a0a716ee739 c6640bea8cce47a58be97059cf2cb684 facb8f428aec414ab9bfbe109c930b95 - - default default] Successfully bumped revision number for resource 058658b1-6fea-4cbf-8239-70019a605a4a (type: ports) to 1
2026-04-22 19:47:51.377 10 INFO neutron.api.wsgi [None req-136f8fc7-79d1-49db-9028-4a0a716ee739 c6640bea8cce47a58be97059cf2cb684 facb8f428aec414ab9bfbe109c930b95 - - default default] 10.0.0.103 "POST /v2.0/networks HTTP/1.1" status: 201 len: 843 time: 0.7519255
2026-04-22 19:47:51.388 10 WARNING neutron_lib.context [None req-9b594a52-24de-4fdc-8b52-74fe57eadb0c c6640bea8cce47a58be97059cf2cb684 facb8f428aec414ab9bfbe109c930b95 - - default default] Method 'is_advsvc' is deprecated since 2023.2 release (neutron-lib 3.8.0) and will be removed once support for the old RBAC API policies will be removed from Neutron. Please use method 'is_service_role' instead.
2026-04-22 19:47:51.607 10 WARNING neutron.scheduler.dhcp_agent_scheduler [None req-9b594a52-24de-4fdc-8b52-74fe57eadb0c c6640bea8cce47a58be97059cf2cb684 facb8f428aec414ab9bfbe109c930b95 - - default default] No more DHCP agents
2026-04-22 19:47:51.609 10 WARNING neutron.api.rpc.agentnotifiers.dhcp_rpc_agent_api [None req-9b594a52-24de-4fdc-8b52-74fe57eadb0c c6640bea8cce47a58be97059cf2cb684 facb8f428aec414ab9bfbe109c930b95 - - default default] Unable to schedule network cc45048d-8984-4b30-92c3-579ed780e286: no agents available; will retry on subsequent port and subnet creation events.
2026-04-22 19:47:51.673 10 INFO neutron.db.ovn_revision_numbers_db [None req-9b594a52-24de-4fdc-8b52-74fe57eadb0c c6640bea8cce47a58be97059cf2cb684 facb8f428aec414ab9bfbe109c930b95 - - default default] Successfully bumped revision number for resource 954907ae-11c5-45a6-ac44-d4c82ceb3453 (type: ports) to 1
2026-04-22 19:47:51.693 10 INFO neutron.api.wsgi [None req-9b594a52-24de-4fdc-8b52-74fe57eadb0c c6640bea8cce47a58be97059cf2cb684 facb8f428aec414ab9bfbe109c930b95 - - default default] 10.0.0.103 "POST /v2.0/ports HTTP/1.1" status: 201 len: 974 time: 0.3097620 /var/lib/openstack/lib/python3.12/site-packages/pycadf/identifier.py:71: UserWarning: Invalid uuid: neutron. To ensure interoperability, identifiers should be a valid uuid. warnings.warn(('Invalid uuid: %s. To ensure interoperability, '
2026-04-22 19:47:51.703 10 WARNING neutron_lib.context [None req-6cb56c9b-b3d5-4083-9e38-e1c63557e2cc c6640bea8cce47a58be97059cf2cb684 facb8f428aec414ab9bfbe109c930b95 - - default default] Method 'is_advsvc' is deprecated since 2023.2 release (neutron-lib 3.8.0) and will be removed once support for the old RBAC API policies will be removed from Neutron. Please use method 'is_service_role' instead.
2026-04-22 19:47:51.785 10 INFO neutron.db.segments_db [None req-6cb56c9b-b3d5-4083-9e38-e1c63557e2cc c6640bea8cce47a58be97059cf2cb684 facb8f428aec414ab9bfbe109c930b95 - - default default] Added segment 19a0d77c-28a0-479a-ac2f-45049b6a43e3 of type geneve for network 83f694f1-0f49-4799-9908-62508c7f3692
2026-04-22 19:47:51.889 10 INFO neutron.db.ovn_revision_numbers_db [None req-6cb56c9b-b3d5-4083-9e38-e1c63557e2cc c6640bea8cce47a58be97059cf2cb684 facb8f428aec414ab9bfbe109c930b95 - - default default] Successfully bumped revision number for resource 83f694f1-0f49-4799-9908-62508c7f3692 (type: networks) to 1
2026-04-22 19:47:52.047 10 WARNING neutron.scheduler.dhcp_agent_scheduler [None req-6cb56c9b-b3d5-4083-9e38-e1c63557e2cc c6640bea8cce47a58be97059cf2cb684 facb8f428aec414ab9bfbe109c930b95 - - default default] No more DHCP agents
2026-04-22 19:47:52.048 10 WARNING neutron.api.rpc.agentnotifiers.dhcp_rpc_agent_api [None req-6cb56c9b-b3d5-4083-9e38-e1c63557e2cc c6640bea8cce47a58be97059cf2cb684 facb8f428aec414ab9bfbe109c930b95 - - default default] Unable to schedule network 83f694f1-0f49-4799-9908-62508c7f3692: no agents available; will retry on subsequent port and subnet creation events.
2026-04-22 19:47:52.107 10 INFO neutron.db.ovn_revision_numbers_db [None req-6cb56c9b-b3d5-4083-9e38-e1c63557e2cc c6640bea8cce47a58be97059cf2cb684 facb8f428aec414ab9bfbe109c930b95 - - default default] Successfully bumped revision number for resource 40300280-0d0f-4655-84a4-19b3d174a116 (type: ports) to 1
2026-04-22 19:47:52.130 10 INFO neutron.api.wsgi [None req-6cb56c9b-b3d5-4083-9e38-e1c63557e2cc c6640bea8cce47a58be97059cf2cb684 facb8f428aec414ab9bfbe109c930b95 - - default default] 10.0.0.103 "POST /v2.0/networks HTTP/1.1" status: 201 len: 830 time: 0.4321580
2026-04-22 19:47:52.143 10 WARNING neutron_lib.context [None req-ccec5e28-eb45-4076-b032-e328dfc0ff30 c6640bea8cce47a58be97059cf2cb684 facb8f428aec414ab9bfbe109c930b95 - - default default] Method 'is_advsvc' is deprecated since 2023.2 release (neutron-lib 3.8.0) and will be removed once support for the old RBAC API policies will be removed from Neutron. Please use method 'is_service_role' instead.
2026-04-22 19:47:52.304 10 WARNING neutron.scheduler.dhcp_agent_scheduler [None req-ccec5e28-eb45-4076-b032-e328dfc0ff30 c6640bea8cce47a58be97059cf2cb684 facb8f428aec414ab9bfbe109c930b95 - - default default] No more DHCP agents
2026-04-22 19:47:52.306 10 WARNING neutron.api.rpc.agentnotifiers.dhcp_rpc_agent_api [None req-ccec5e28-eb45-4076-b032-e328dfc0ff30 c6640bea8cce47a58be97059cf2cb684 facb8f428aec414ab9bfbe109c930b95 - - default default] Unable to schedule network 83f694f1-0f49-4799-9908-62508c7f3692: no agents available; will retry on subsequent port and subnet creation events.
2026-04-22 19:47:52.705 10 INFO neutron.db.ovn_revision_numbers_db [None req-5adbb7a1-15a7-4894-b54a-3ec64008323f - - - - - -] Successfully bumped revision number for resource 40300280-0d0f-4655-84a4-19b3d174a116 (type: ports) to 2
2026-04-22 19:47:52.733 10 INFO neutron.db.ovn_revision_numbers_db [None req-5adbb7a1-15a7-4894-b54a-3ec64008323f - - - - - -] Successfully bumped revision number for resource ff639a55-4f50-4833-a4eb-4c6e3c07f246 (type: subnets) to 0
2026-04-22 19:47:52.747 10 INFO neutron.api.wsgi [None req-ccec5e28-eb45-4076-b032-e328dfc0ff30 c6640bea8cce47a58be97059cf2cb684 facb8f428aec414ab9bfbe109c930b95 - - default default] 10.0.0.103 "POST /v2.0/subnets HTTP/1.1" status: 201 len: 825 time: 0.6107738
2026-04-22 19:47:52.756 10 WARNING neutron_lib.context [None req-edbb549f-92c3-40c9-98e3-f8f8f467ab1f c6640bea8cce47a58be97059cf2cb684 facb8f428aec414ab9bfbe109c930b95 - - default default] Method 'is_advsvc' is deprecated since 2023.2 release (neutron-lib 3.8.0) and will be removed once support for the old RBAC API policies will be removed from Neutron. Please use method 'is_service_role' instead.
2026-04-22 19:47:53.020 9 INFO neutron.api.wsgi [req-79aa16ad-29a6-4e56-8aa9-d8d4251be959 req-b575288e-3225-45e0-99da-65308bf7ccda ddfea3dd21c04d448b7bffc72d46c09a 5c820721ffa34e0daebc5f384071a949 - - default default] 199.19.213.47 "GET /v2.0/networks?id=c3a388fd-6cb4-4b1b-91db-0af24d4ae09a HTTP/1.1" status: 200 len: 904 time: 0.0475924
2026-04-22 19:47:53.036 10 WARNING neutron.scheduler.dhcp_agent_scheduler [None req-edbb549f-92c3-40c9-98e3-f8f8f467ab1f c6640bea8cce47a58be97059cf2cb684 facb8f428aec414ab9bfbe109c930b95 - - default default] No more DHCP agents
2026-04-22 19:47:53.037 10 WARNING neutron.api.rpc.agentnotifiers.dhcp_rpc_agent_api [None req-edbb549f-92c3-40c9-98e3-f8f8f467ab1f c6640bea8cce47a58be97059cf2cb684 facb8f428aec414ab9bfbe109c930b95 - - default default] Unable to schedule network 83f694f1-0f49-4799-9908-62508c7f3692: no agents available; will retry on subsequent port and subnet creation events.
2026-04-22 19:47:53.060 9 INFO neutron.api.wsgi [req-79aa16ad-29a6-4e56-8aa9-d8d4251be959 req-0f876d3f-9304-469d-8ba4-5cb07cdd311a ddfea3dd21c04d448b7bffc72d46c09a 5c820721ffa34e0daebc5f384071a949 - - default default] 199.19.213.47 "GET /v2.0/security-groups?fields=id&fields=name&tenant_id=5c820721ffa34e0daebc5f384071a949 HTTP/1.1" status: 200 len: 377 time: 0.0357916
2026-04-22 19:47:53.069 9 WARNING neutron_lib.context [req-79aa16ad-29a6-4e56-8aa9-d8d4251be959 req-86675105-84e5-4516-91ba-a009de53f585 ddfea3dd21c04d448b7bffc72d46c09a 5c820721ffa34e0daebc5f384071a949 - - default default] Method 'is_advsvc' is deprecated since 2023.2 release (neutron-lib 3.8.0) and will be removed once support for the old RBAC API policies will be removed from Neutron. Please use method 'is_service_role' instead.
2026-04-22 19:47:53.163 10 INFO neutron.db.ovn_revision_numbers_db [None req-edbb549f-92c3-40c9-98e3-f8f8f467ab1f c6640bea8cce47a58be97059cf2cb684 facb8f428aec414ab9bfbe109c930b95 - - default default] Successfully bumped revision number for resource 2bbc7063-b4cd-45c6-89cd-917f9384b5da (type: ports) to 1
2026-04-22 19:47:53.184 10 INFO neutron.api.wsgi [None req-edbb549f-92c3-40c9-98e3-f8f8f467ab1f c6640bea8cce47a58be97059cf2cb684 facb8f428aec414ab9bfbe109c930b95 - - default default] 10.0.0.103 "POST /v2.0/ports HTTP/1.1" status: 201 len: 1149 time: 0.4314280 /var/lib/openstack/lib/python3.12/site-packages/pycadf/identifier.py:71: UserWarning: Invalid uuid: neutron. To ensure interoperability, identifiers should be a valid uuid. warnings.warn(('Invalid uuid: %s. To ensure interoperability, '
2026-04-22 19:47:53.385 9 WARNING neutron.scheduler.dhcp_agent_scheduler [req-79aa16ad-29a6-4e56-8aa9-d8d4251be959 req-86675105-84e5-4516-91ba-a009de53f585 ddfea3dd21c04d448b7bffc72d46c09a 5c820721ffa34e0daebc5f384071a949 - - default default] No more DHCP agents
2026-04-22 19:47:53.386 9 WARNING neutron.api.rpc.agentnotifiers.dhcp_rpc_agent_api [req-79aa16ad-29a6-4e56-8aa9-d8d4251be959 req-86675105-84e5-4516-91ba-a009de53f585 ddfea3dd21c04d448b7bffc72d46c09a 5c820721ffa34e0daebc5f384071a949 - - default default] Unable to schedule network c3a388fd-6cb4-4b1b-91db-0af24d4ae09a: no agents available; will retry on subsequent port and subnet creation events.
2026-04-22 19:47:53.480 10 INFO neutron.api.wsgi [None req-16de669e-0255-4360-b206-2f13f13d4fde c6640bea8cce47a58be97059cf2cb684 facb8f428aec414ab9bfbe109c930b95 - - default default] 10.0.0.103 "DELETE /v2.0/ports/2bbc7063-b4cd-45c6-89cd-917f9384b5da HTTP/1.1" status: 204 len: 168 time: 0.2906508
2026-04-22 19:47:53.502 10 INFO neutron.pecan_wsgi.hooks.translation [None req-5ec7ec0c-0d2b-417f-a5f8-869d889a19fc c6640bea8cce47a58be97059cf2cb684 facb8f428aec414ab9bfbe109c930b95 - - default default] DELETE failed (client error): The resource could not be found.
2026-04-22 19:47:53.505 10 INFO neutron.api.wsgi [None req-5ec7ec0c-0d2b-417f-a5f8-869d889a19fc c6640bea8cce47a58be97059cf2cb684 facb8f428aec414ab9bfbe109c930b95 - - default default] 10.0.0.103 "DELETE /v2.0/ports/2bbc7063-b4cd-45c6-89cd-917f9384b5da HTTP/1.1" status: 404 len: 333 time: 0.0184863
2026-04-22 19:47:53.518 9 INFO neutron.db.ovn_revision_numbers_db [req-79aa16ad-29a6-4e56-8aa9-d8d4251be959 req-86675105-84e5-4516-91ba-a009de53f585 ddfea3dd21c04d448b7bffc72d46c09a 5c820721ffa34e0daebc5f384071a949 - - default default] Successfully bumped revision number for resource ba41adf9-658f-4a5c-a8fc-fbc28643b8f1 (type: ports) to 1
2026-04-22 19:47:53.521 10 INFO neutron.pecan_wsgi.hooks.translation [None req-d100ea3f-bc6c-4516-86fd-405ff3e0da94 c6640bea8cce47a58be97059cf2cb684 facb8f428aec414ab9bfbe109c930b95 - - default default] GET failed (client error): The resource could not be found.
2026-04-22 19:47:53.522 10 INFO neutron.api.wsgi [None req-d100ea3f-bc6c-4516-86fd-405ff3e0da94 c6640bea8cce47a58be97059cf2cb684 facb8f428aec414ab9bfbe109c930b95 - - default default] 10.0.0.103 "GET /v2.0/ports/2bbc7063-b4cd-45c6-89cd-917f9384b5da HTTP/1.1" status: 404 len: 333 time: 0.0128393
2026-04-22 19:47:53.540 9 INFO neutron.api.wsgi [req-79aa16ad-29a6-4e56-8aa9-d8d4251be959 req-86675105-84e5-4516-91ba-a009de53f585 ddfea3dd21c04d448b7bffc72d46c09a 5c820721ffa34e0daebc5f384071a949 - - default default] 199.19.213.47 "POST /v2.0/ports HTTP/1.1" status: 201 len: 1392 time: 0.4748144 /var/lib/openstack/lib/python3.12/site-packages/pycadf/identifier.py:71: UserWarning: Invalid uuid: neutron. To ensure interoperability, identifiers should be a valid uuid. warnings.warn(('Invalid uuid: %s. To ensure interoperability, '
2026-04-22 19:47:53.671 10 INFO neutron.api.wsgi [None req-0dc4c457-1bee-4968-89bb-f599d297834c c6640bea8cce47a58be97059cf2cb684 facb8f428aec414ab9bfbe109c930b95 - - default default] 10.0.0.103 "DELETE /v2.0/subnets/ff639a55-4f50-4833-a4eb-4c6e3c07f246 HTTP/1.1" status: 204 len: 168 time: 0.1439550
2026-04-22 19:47:53.862 9 INFO neutron.api.wsgi [req-bd8c9e9a-c51d-4bed-ae38-9ec1d0be1395 req-d7976da4-227f-4d01-8e02-7d056fbfd2a7 ddfea3dd21c04d448b7bffc72d46c09a 5c820721ffa34e0daebc5f384071a949 - - default default] 10.0.0.110 "GET /v2.0/ports?device_id=fbbde4d1-073d-4bc1-b3c6-6907e2195ab2 HTTP/1.1" status: 200 len: 1402 time: 0.0824130 /var/lib/openstack/lib/python3.12/site-packages/pycadf/identifier.py:71: UserWarning: Invalid uuid: neutron. To ensure interoperability, identifiers should be a valid uuid. warnings.warn(('Invalid uuid: %s. To ensure interoperability, '
2026-04-22 19:47:53.910 9 INFO neutron.api.wsgi [req-bd8c9e9a-c51d-4bed-ae38-9ec1d0be1395 req-9b0da8f2-0494-41e1-8caa-4676091121ae ddfea3dd21c04d448b7bffc72d46c09a 5c820721ffa34e0daebc5f384071a949 - - default default] 10.0.0.110 "GET /v2.0/security-groups?id=9dafe2e2-aacb-4896-b1f6-d4248d7d3ff7&fields=id&fields=name HTTP/1.1" status: 200 len: 310 time: 0.0418243
2026-04-22 19:47:53.945 9 INFO neutron.db.ovn_revision_numbers_db [req-79aa16ad-29a6-4e56-8aa9-d8d4251be959 req-60a2fd23-ea03-4ffc-bebc-2ac918dfebec 5b8bc9d8e0a74885a86066df41559879 5e1b14b435884ae1b334f182f97409c4 - - 383bb181a3304024b71730a456140254 383bb181a3304024b71730a456140254] Successfully bumped revision number for resource ba41adf9-658f-4a5c-a8fc-fbc28643b8f1 (type: ports) to 2
2026-04-22 19:47:53.950 10 INFO neutron.services.segments.plugin [-] Segment 19a0d77c-28a0-479a-ac2f-45049b6a43e3 resource provider aggregate not found
2026-04-22 19:47:53.955 10 INFO neutron.services.segments.plugin [-] Segment 19a0d77c-28a0-479a-ac2f-45049b6a43e3 resource provider aggregate not found
2026-04-22 19:47:53.961 10 INFO neutron.services.segments.plugin [-] Segment 19a0d77c-28a0-479a-ac2f-45049b6a43e3 resource provider not found; error: Placement Client Error (4xx): {"errors": [{"status": 404, "title": "Not Found", "detail": "The resource could not be found.\n\n No resource provider with uuid 19a0d77c-28a0-479a-ac2f-45049b6a43e3 found for delete ", "request_id": "req-078902db-e43f-4cfa-85c9-81ee8bd94357"}]}
2026-04-22 19:47:53.972 10 INFO neutron.services.segments.plugin [-] Segment 19a0d77c-28a0-479a-ac2f-45049b6a43e3 resource provider not found; error: Placement Client Error (4xx): {"errors": [{"status": 404, "title": "Not Found", "detail": "The resource could not be found.\n\n No resource provider with uuid 19a0d77c-28a0-479a-ac2f-45049b6a43e3 found for delete ", "request_id": "req-6a45f2a4-d102-406c-9e86-a7017daf7e0c"}]}
2026-04-22 19:47:53.980 10 INFO neutron.api.wsgi [None req-b739dae6-9fe3-4170-aefd-8c49aaf8f80a c6640bea8cce47a58be97059cf2cb684 facb8f428aec414ab9bfbe109c930b95 - - default default] 10.0.0.103 "DELETE /v2.0/networks/83f694f1-0f49-4799-9908-62508c7f3692 HTTP/1.1" status: 204 len: 168 time: 0.3037429
2026-04-22 19:47:53.990 10 WARNING neutron_lib.context [None req-4b533843-274d-45ad-93c1-d193e7609d0f c6640bea8cce47a58be97059cf2cb684 facb8f428aec414ab9bfbe109c930b95 - - default default] Method 'is_advsvc' is deprecated since 2023.2 release (neutron-lib 3.8.0) and will be removed once support for the old RBAC API policies will be removed from Neutron. Please use method 'is_service_role' instead.
2026-04-22 19:47:54.061 10 INFO neutron.db.segments_db [None req-4b533843-274d-45ad-93c1-d193e7609d0f c6640bea8cce47a58be97059cf2cb684 facb8f428aec414ab9bfbe109c930b95 - - default default] Added segment 90ab7e1d-c6d2-4544-8c13-d41fe910aa9c of type geneve for network afaade4d-ca8d-4bc9-aaa9-d40b24e8d125
2026-04-22 19:47:54.152 9 INFO neutron.db.ovn_revision_numbers_db [req-79aa16ad-29a6-4e56-8aa9-d8d4251be959 req-60a2fd23-ea03-4ffc-bebc-2ac918dfebec 5b8bc9d8e0a74885a86066df41559879 5e1b14b435884ae1b334f182f97409c4 - - 383bb181a3304024b71730a456140254 383bb181a3304024b71730a456140254] Successfully bumped revision number for resource ba41adf9-658f-4a5c-a8fc-fbc28643b8f1 (type: ports) to 4
2026-04-22 19:47:54.161 10 INFO neutron.db.ovn_revision_numbers_db [None req-4b533843-274d-45ad-93c1-d193e7609d0f c6640bea8cce47a58be97059cf2cb684 facb8f428aec414ab9bfbe109c930b95 - - default default] Successfully bumped revision number for resource afaade4d-ca8d-4bc9-aaa9-d40b24e8d125 (type: networks) to 1 /var/lib/openstack/lib/python3.12/site-packages/pycadf/identifier.py:71: UserWarning: Invalid uuid: neutron. To ensure interoperability, identifiers should be a valid uuid. warnings.warn(('Invalid uuid: %s. To ensure interoperability, '
2026-04-22 19:47:54.172 9 INFO neutron.api.wsgi [req-79aa16ad-29a6-4e56-8aa9-d8d4251be959 req-60a2fd23-ea03-4ffc-bebc-2ac918dfebec 5b8bc9d8e0a74885a86066df41559879 5e1b14b435884ae1b334f182f97409c4 - - 383bb181a3304024b71730a456140254 383bb181a3304024b71730a456140254] 199.19.213.47 "PUT /v2.0/ports/ba41adf9-658f-4a5c-a8fc-fbc28643b8f1 HTTP/1.1" status: 200 len: 1637 time: 0.6257279
2026-04-22 19:47:54.195 9 INFO neutron.api.wsgi [req-a351ab48-1b34-4f4a-b077-348ae910a8eb req-23230f23-ac36-46a7-b4d0-9007ae379ade 5b8bc9d8e0a74885a86066df41559879 5e1b14b435884ae1b334f182f97409c4 - - 383bb181a3304024b71730a456140254 383bb181a3304024b71730a456140254] 10.0.0.155 "GET /v2.0/ports?device_id=ad4db866-6184-40ca-82a8-36e4f0b6db84 HTTP/1.1" status: 200 len: 1409 time: 0.0328789
2026-04-22 19:47:54.200 9 INFO neutron.notifiers.nova [-] Nova event matching ['req-4b08a7c6-05ff-4514-976b-d70eeb02d31a'] response: {'name': 'network-changed', 'server_uuid': 'fbbde4d1-073d-4bc1-b3c6-6907e2195ab2', 'tag': 'ba41adf9-658f-4a5c-a8fc-fbc28643b8f1', 'status': 'completed', 'code': 200}
2026-04-22 19:47:54.231 9 INFO neutron.api.wsgi [req-a351ab48-1b34-4f4a-b077-348ae910a8eb req-c5b2dade-5959-45c6-ab5e-67e10ea2b77b 5b8bc9d8e0a74885a86066df41559879 5e1b14b435884ae1b334f182f97409c4 - - 383bb181a3304024b71730a456140254 383bb181a3304024b71730a456140254] 10.0.0.155 "GET /v2.0/security-groups?id=244d4304-1365-4a00-9cef-65ea9f68f1dc&fields=id&fields=name HTTP/1.1" status: 200 len: 313 time: 0.0292218
2026-04-22 19:47:54.309 10 WARNING neutron.scheduler.dhcp_agent_scheduler [None req-4b533843-274d-45ad-93c1-d193e7609d0f c6640bea8cce47a58be97059cf2cb684 facb8f428aec414ab9bfbe109c930b95 - - default default] No more DHCP agents
2026-04-22 19:47:54.311 10 WARNING neutron.api.rpc.agentnotifiers.dhcp_rpc_agent_api [None req-4b533843-274d-45ad-93c1-d193e7609d0f c6640bea8cce47a58be97059cf2cb684 facb8f428aec414ab9bfbe109c930b95 - - default default] Unable to schedule network afaade4d-ca8d-4bc9-aaa9-d40b24e8d125: no agents available; will retry on subsequent port and subnet creation events.
2026-04-22 19:47:54.367 10 INFO neutron.db.ovn_revision_numbers_db [None req-4b533843-274d-45ad-93c1-d193e7609d0f c6640bea8cce47a58be97059cf2cb684 facb8f428aec414ab9bfbe109c930b95 - - default default] Successfully bumped revision number for resource 1673a070-71e6-41a9-8ade-310f8425e520 (type: ports) to 1
2026-04-22 19:47:54.385 10 INFO neutron.api.wsgi [None req-4b533843-274d-45ad-93c1-d193e7609d0f c6640bea8cce47a58be97059cf2cb684 facb8f428aec414ab9bfbe109c930b95 - - default default] 10.0.0.103 "POST /v2.0/networks HTTP/1.1" status: 201 len: 831 time: 0.3987656
2026-04-22 19:47:54.397 10 WARNING neutron_lib.context [None req-64e476ef-4f9b-4b6b-86bb-e62f68b367fa c6640bea8cce47a58be97059cf2cb684 facb8f428aec414ab9bfbe109c930b95 - - default default] Method 'is_advsvc' is deprecated since 2023.2 release (neutron-lib 3.8.0) and will be removed once support for the old RBAC API policies will be removed from Neutron. Please use method 'is_service_role' instead.
2026-04-22 19:47:54.576 10 WARNING neutron.scheduler.dhcp_agent_scheduler [None req-64e476ef-4f9b-4b6b-86bb-e62f68b367fa c6640bea8cce47a58be97059cf2cb684 facb8f428aec414ab9bfbe109c930b95 - - default default] No more DHCP agents
2026-04-22 19:47:54.577 10 WARNING neutron.api.rpc.agentnotifiers.dhcp_rpc_agent_api [None req-64e476ef-4f9b-4b6b-86bb-e62f68b367fa c6640bea8cce47a58be97059cf2cb684 facb8f428aec414ab9bfbe109c930b95 - - default default] Unable to schedule network afaade4d-ca8d-4bc9-aaa9-d40b24e8d125: no agents available; will retry on subsequent port and subnet creation events.
