2026-04-22 19:49:13.881 9 INFO neutron.db.ovn_revision_numbers_db [None req-9450b493-3771-4de9-ad36-3bc0c0c365c4 0fc2df6c030b42b28589dc5e760d6064 5951d3b79c4644b2aa193252779cb61d - - default default] Successfully bumped revision number for resource b3e4c73f-15a5-45d3-966c-0ef91c93a0a9 (type: ports) to 1
2026-04-22 19:49:13.914 9 INFO neutron.api.wsgi [None req-9450b493-3771-4de9-ad36-3bc0c0c365c4 0fc2df6c030b42b28589dc5e760d6064 5951d3b79c4644b2aa193252779cb61d - - default default] 10.0.0.103 "POST /v2.0/networks HTTP/1.1" status: 201 len: 831 time: 0.4974666
2026-04-22 19:49:13.956 9 INFO neutron.api.wsgi [None req-2c28f39f-de75-417e-aefb-5832a99daa0c 0fc2df6c030b42b28589dc5e760d6064 5951d3b79c4644b2aa193252779cb61d - - default default] 10.0.0.103 "PUT /v2.0/networks/3f45ae9f-c5bf-4a5d-859c-3a60de4d4a30/tags HTTP/1.1" status: 200 len: 218 time: 0.0375133
2026-04-22 19:49:13.990 9 INFO neutron.api.wsgi [None req-2385de72-36bd-4465-bdd4-a0f09c20fe06 0fc2df6c030b42b28589dc5e760d6064 5951d3b79c4644b2aa193252779cb61d - - default default] 10.0.0.103 "GET /v2.0/networks/3f45ae9f-c5bf-4a5d-859c-3a60de4d4a30/tags HTTP/1.1" status: 200 len: 218 time: 0.0291147
2026-04-22 19:49:14.031 9 INFO neutron.api.wsgi [None req-a03ddc4b-67b0-4d93-a699-3bb59649249f 0fc2df6c030b42b28589dc5e760d6064 5951d3b79c4644b2aa193252779cb61d - - default default] 10.0.0.103 "PUT /v2.0/networks/d8e43a50-5fde-4b42-ac77-45a157428958/tags HTTP/1.1" status: 200 len: 210 time: 0.0349615
2026-04-22 19:49:14.062 9 INFO neutron.api.wsgi [None req-b10d5976-1cad-4d0f-a121-aafb36afc64e 0fc2df6c030b42b28589dc5e760d6064 5951d3b79c4644b2aa193252779cb61d - - default default] 10.0.0.103 "GET /v2.0/networks/d8e43a50-5fde-4b42-ac77-45a157428958/tags HTTP/1.1" status: 200 len: 210 time: 0.0260575
2026-04-22 19:49:14.105 9 INFO neutron.api.wsgi [None req-7ae59397-2656-4c28-9fe7-96a400101e7e 0fc2df6c030b42b28589dc5e760d6064 5951d3b79c4644b2aa193252779cb61d - - default default] 10.0.0.103 "PUT /v2.0/networks/d8e43a50-5fde-4b42-ac77-45a157428958/tags HTTP/1.1" status: 200 len: 205 time: 0.0386767
2026-04-22 19:49:14.138 9 INFO neutron.api.wsgi [None req-d0a93f16-28f4-4722-9b00-7c65cb59cca2 0fc2df6c030b42b28589dc5e760d6064 5951d3b79c4644b2aa193252779cb61d - - default default] 10.0.0.103 "GET /v2.0/networks/d8e43a50-5fde-4b42-ac77-45a157428958/tags HTTP/1.1" status: 200 len: 205 time: 0.0266616
2026-04-22 19:49:14.169 9 INFO neutron.api.wsgi [None req-d23efef4-46a8-4346-bce0-f5fb5d197d83 0fc2df6c030b42b28589dc5e760d6064 5951d3b79c4644b2aa193252779cb61d - - default default] 10.0.0.103 "GET /v2.0/networks/3f45ae9f-c5bf-4a5d-859c-3a60de4d4a30/tags HTTP/1.1" status: 200 len: 218 time: 0.0268145
2026-04-22 19:49:14.392 9 WARNING neutron.plugins.ml2.drivers.ovn.mech_driver.ovsdb.ovn_client [None req-4b73a7b1-f87e-4dde-8053-4ef11be1c158 - - - - - -] No hosting information found for port 0250ecb7-1a76-41b8-b8e0-b2a6e3fdbf35: RuntimeError: No hosting information found for port 0250ecb7-1a76-41b8-b8e0-b2a6e3fdbf35
2026-04-22 19:49:14.473 9 INFO neutron.db.ovn_revision_numbers_db [None req-4b73a7b1-f87e-4dde-8053-4ef11be1c158 - - - - - -] Successfully bumped revision number for resource 0250ecb7-1a76-41b8-b8e0-b2a6e3fdbf35 (type: router_ports) to 2
2026-04-22 19:49:14.515 9 INFO neutron.services.segments.plugin [-] Segment d8fcc931-ac22-49a0-b66f-02eb71a7ab85 resource provider aggregate not found
2026-04-22 19:49:14.519 9 INFO neutron.services.segments.plugin [-] Segment d8fcc931-ac22-49a0-b66f-02eb71a7ab85 resource provider aggregate not found
2026-04-22 19:49:14.534 9 INFO neutron.services.segments.plugin [-] Segment d8fcc931-ac22-49a0-b66f-02eb71a7ab85 resource provider not found; error: Placement Client Error (4xx): {"errors": [{"status": 404, "title": "Not Found", "detail": "The resource could not be found.\n\n No resource provider with uuid d8fcc931-ac22-49a0-b66f-02eb71a7ab85 found for delete ", "request_id": "req-89188aad-39ec-4598-9740-242e00de947e"}]}
2026-04-22 19:49:14.535 9 INFO neutron.services.segments.plugin [-] Segment d8fcc931-ac22-49a0-b66f-02eb71a7ab85 resource provider not found; error: Placement Client Error (4xx): {"errors": [{"status": 404, "title": "Not Found", "detail": "The resource could not be found.\n\n No resource provider with uuid d8fcc931-ac22-49a0-b66f-02eb71a7ab85 found for delete ", "request_id": "req-f301a215-401b-4fdc-bc42-11a81e618598"}]}
2026-04-22 19:49:14.554 9 INFO neutron.api.wsgi [None req-57db405e-6be3-44af-aec0-bd2e364370c4 0fc2df6c030b42b28589dc5e760d6064 5951d3b79c4644b2aa193252779cb61d - - default default] 10.0.0.103 "DELETE /v2.0/networks/3f45ae9f-c5bf-4a5d-859c-3a60de4d4a30 HTTP/1.1" status: 204 len: 168 time: 0.3628168
2026-04-22 19:49:14.597 9 INFO neutron.api.wsgi [req-d0727ec5-9707-47cb-a296-f355d0d97783 req-e2cb6858-9435-450a-a86f-556f73c2cffc 68ef311ffe9f4363b184c897227b62c6 91ed70cc93a245a1be9a30e50f8b9a6d - - default default] 10.0.0.110 "GET /v2.0/ports?device_id=d510bbd1-6294-4ec8-a362-fd688d0bc938 HTTP/1.1" status: 200 len: 210 time: 0.0158193
2026-04-22 19:49:14.871 9 INFO neutron.api.wsgi [None req-1bd6e4d7-f91e-47f3-b271-ebbe2a2f2e39 0fc2df6c030b42b28589dc5e760d6064 5951d3b79c4644b2aa193252779cb61d - - default default] 10.0.0.103 "DELETE /v2.0/networks/d8e43a50-5fde-4b42-ac77-45a157428958 HTTP/1.1" status: 204 len: 168 time: 0.3121853
2026-04-22 19:49:15.668 10 INFO neutron.api.wsgi [req-f7115cba-3659-483a-9a7a-4cbfb778a748 req-0e2dd019-e399-419c-88cb-764eb5e4e4b2 68ef311ffe9f4363b184c897227b62c6 91ed70cc93a245a1be9a30e50f8b9a6d - - default default] 10.0.0.110 "GET /v2.0/ports?device_id=d510bbd1-6294-4ec8-a362-fd688d0bc938 HTTP/1.1" status: 200 len: 210 time: 0.0159860
2026-04-22 19:49:15.708 9 INFO neutron.db.ovn_revision_numbers_db [None req-b1d8a538-596e-472a-9fbf-92d31e688c05 1b0876df02334129b92b2d722f1cd77c 0260cfb263d24a3c98a9634187bd71e5 - - default default] Successfully bumped revision number for resource 283c9f9b-cfc4-453b-8449-456ce6c6d632 (type: security_groups) to 1
2026-04-22 19:49:15.726 9 INFO neutron.db.ovn_revision_numbers_db [None req-b1d8a538-596e-472a-9fbf-92d31e688c05 1b0876df02334129b92b2d722f1cd77c 0260cfb263d24a3c98a9634187bd71e5 - - default default] Successfully bumped revision number for resource 501a543f-eb57-4286-8994-346be3d7e8f0 (type: security_group_rules) to 0
2026-04-22 19:49:15.742 9 INFO neutron.db.ovn_revision_numbers_db [None req-b1d8a538-596e-472a-9fbf-92d31e688c05 1b0876df02334129b92b2d722f1cd77c 0260cfb263d24a3c98a9634187bd71e5 - - default default] Successfully bumped revision number for resource 584e410b-051d-4367-b945-703cbe933871 (type: security_group_rules) to 0
2026-04-22 19:49:15.764 9 INFO neutron.db.ovn_revision_numbers_db [None req-b1d8a538-596e-472a-9fbf-92d31e688c05 1b0876df02334129b92b2d722f1cd77c 0260cfb263d24a3c98a9634187bd71e5 - - default default] Successfully bumped revision number for resource 6fc2d350-4417-4f2d-b856-acfe4e0dab23 (type: security_group_rules) to 0
2026-04-22 19:49:15.783 9 INFO neutron.db.ovn_revision_numbers_db [None req-b1d8a538-596e-472a-9fbf-92d31e688c05 1b0876df02334129b92b2d722f1cd77c 0260cfb263d24a3c98a9634187bd71e5 - - default default] Successfully bumped revision number for resource f41bd452-25b4-4d4e-9f61-c323a284d829 (type: security_group_rules) to 0
2026-04-22 19:49:15.815 9 INFO neutron.api.wsgi [None req-b1d8a538-596e-472a-9fbf-92d31e688c05 1b0876df02334129b92b2d722f1cd77c 0260cfb263d24a3c98a9634187bd71e5 - - default default] 10.0.0.103 "GET /v2.0/security-groups?tenant_id=e01e0a9dfc814f439e4438ab7888cefb&name=default HTTP/1.1" status: 200 len: 3124 time: 0.3383064
2026-04-22 19:49:16.109 9 INFO neutron.api.wsgi [None req-77b9ba21-488f-4e85-8f3a-496930c4ed4d 1b0876df02334129b92b2d722f1cd77c 0260cfb263d24a3c98a9634187bd71e5 - - default default] 10.0.0.103 "DELETE /v2.0/security-groups/283c9f9b-cfc4-453b-8449-456ce6c6d632 HTTP/1.1" status: 204 len: 168 time: 0.2879560
2026-04-22 19:49:16.271 10 INFO neutron.api.wsgi [None req-cb0e1f14-b7c9-4fba-b81b-31713e2bc470 1b0876df02334129b92b2d722f1cd77c 0260cfb263d24a3c98a9634187bd71e5 - - default default] 10.0.0.103 "GET /v2.0/security-groups?tenant_id=5951d3b79c4644b2aa193252779cb61d&name=default HTTP/1.1" status: 200 len: 3124 time: 0.0465100
2026-04-22 19:49:16.555 9 INFO neutron.services.segments.plugin [-] Segment c17c6589-e27e-44eb-8334-67e22438d472 resource provider aggregate not found
2026-04-22 19:49:16.559 9 INFO neutron.services.segments.plugin [-] Segment c17c6589-e27e-44eb-8334-67e22438d472 resource provider aggregate not found
2026-04-22 19:49:16.575 9 INFO neutron.services.segments.plugin [-] Segment c17c6589-e27e-44eb-8334-67e22438d472 resource provider not found; error: Placement Client Error (4xx): {"errors": [{"status": 404, "title": "Not Found", "detail": "The resource could not be found.\n\n No resource provider with uuid c17c6589-e27e-44eb-8334-67e22438d472 found for delete ", "request_id": "req-aa105d84-aa8d-43ac-a83a-6af3a395e985"}]}
2026-04-22 19:49:16.576 9 INFO neutron.services.segments.plugin [-] Segment c17c6589-e27e-44eb-8334-67e22438d472 resource provider not found; error: Placement Client Error (4xx): {"errors": [{"status": 404, "title": "Not Found", "detail": "The resource could not be found.\n\n No resource provider with uuid c17c6589-e27e-44eb-8334-67e22438d472 found for delete ", "request_id": "req-ddff77f8-1ad3-4713-95d7-0e413eb65d39"}]}
2026-04-22 19:49:16.657 10 INFO neutron.api.wsgi [None req-fc2525f1-457c-4129-9fd7-c13215eb03f0 1b0876df02334129b92b2d722f1cd77c 0260cfb263d24a3c98a9634187bd71e5 - - default default] 10.0.0.103 "DELETE /v2.0/security-groups/68440da4-b3d9-4461-a82b-769005373b31 HTTP/1.1" status: 204 len: 168 time: 0.3813260
2026-04-22 19:49:16.747 9 INFO neutron.api.wsgi [req-bc063304-f51a-4f96-88e0-993783116967 req-a0adb16c-59e6-4d23-8a4b-28b90857511f 68ef311ffe9f4363b184c897227b62c6 91ed70cc93a245a1be9a30e50f8b9a6d - - default default] 10.0.0.110 "GET /v2.0/ports?device_id=d510bbd1-6294-4ec8-a362-fd688d0bc938 HTTP/1.1" status: 200 len: 210 time: 0.0221729
2026-04-22 19:49:16.801 9 INFO neutron.api.wsgi [req-a5b35d7c-3934-4e62-8d07-5054d6cefefd req-e71d7311-35ff-42d0-9623-e74ee0d45e7f 68ef311ffe9f4363b184c897227b62c6 91ed70cc93a245a1be9a30e50f8b9a6d - - default default] 199.19.213.47 "GET /v2.0/networks?id=13615cf0-bc73-40ec-b0a2-aa3aa5c4331a HTTP/1.1" status: 200 len: 872 time: 0.0449686
2026-04-22 19:49:16.838 9 INFO neutron.api.wsgi [req-a5b35d7c-3934-4e62-8d07-5054d6cefefd req-56be0bcc-c0b0-402c-b049-7037602f83f8 68ef311ffe9f4363b184c897227b62c6 91ed70cc93a245a1be9a30e50f8b9a6d - - default default] 199.19.213.47 "GET /v2.0/security-groups?fields=id&fields=name&tenant_id=91ed70cc93a245a1be9a30e50f8b9a6d HTTP/1.1" status: 200 len: 471 time: 0.0299890
2026-04-22 19:49:16.848 9 WARNING neutron_lib.context [req-a5b35d7c-3934-4e62-8d07-5054d6cefefd req-565c2453-1afd-41f9-a59c-64c1771975a8 68ef311ffe9f4363b184c897227b62c6 91ed70cc93a245a1be9a30e50f8b9a6d - - default default] Method 'is_advsvc' is deprecated since 2023.2 release (neutron-lib 3.8.0) and will be removed once support for the old RBAC API policies will be removed from Neutron. Please use method 'is_service_role' instead.
2026-04-22 19:49:17.138 9 WARNING neutron.scheduler.dhcp_agent_scheduler [req-a5b35d7c-3934-4e62-8d07-5054d6cefefd req-565c2453-1afd-41f9-a59c-64c1771975a8 68ef311ffe9f4363b184c897227b62c6 91ed70cc93a245a1be9a30e50f8b9a6d - - default default] No more DHCP agents
2026-04-22 19:49:17.140 9 WARNING neutron.api.rpc.agentnotifiers.dhcp_rpc_agent_api [req-a5b35d7c-3934-4e62-8d07-5054d6cefefd req-565c2453-1afd-41f9-a59c-64c1771975a8 68ef311ffe9f4363b184c897227b62c6 91ed70cc93a245a1be9a30e50f8b9a6d - - default default] Unable to schedule network 13615cf0-bc73-40ec-b0a2-aa3aa5c4331a: no agents available; will retry on subsequent port and subnet creation events.
2026-04-22 19:49:17.267 9 INFO neutron.db.ovn_revision_numbers_db [req-a5b35d7c-3934-4e62-8d07-5054d6cefefd req-565c2453-1afd-41f9-a59c-64c1771975a8 68ef311ffe9f4363b184c897227b62c6 91ed70cc93a245a1be9a30e50f8b9a6d - - default default] Successfully bumped revision number for resource 4efb2581-6bd8-4b89-bd39-77a128b539cf (type: ports) to 1
2026-04-22 19:49:17.293 9 INFO neutron.api.wsgi [req-a5b35d7c-3934-4e62-8d07-5054d6cefefd req-565c2453-1afd-41f9-a59c-64c1771975a8 68ef311ffe9f4363b184c897227b62c6 91ed70cc93a245a1be9a30e50f8b9a6d - - default default] 199.19.213.47 "POST /v2.0/ports HTTP/1.1" status: 201 len: 1201 time: 0.4491854 /var/lib/openstack/lib/python3.12/site-packages/pycadf/identifier.py:71: UserWarning: Invalid uuid: neutron. To ensure interoperability, identifiers should be a valid uuid. warnings.warn(('Invalid uuid: %s. To ensure interoperability, '
2026-04-22 19:49:17.621 9 INFO neutron.db.ovn_revision_numbers_db [req-a5b35d7c-3934-4e62-8d07-5054d6cefefd req-4c8ba367-1d5a-494c-b6da-7227a462a4e4 5b8bc9d8e0a74885a86066df41559879 5e1b14b435884ae1b334f182f97409c4 - - 383bb181a3304024b71730a456140254 383bb181a3304024b71730a456140254] Successfully bumped revision number for resource 4efb2581-6bd8-4b89-bd39-77a128b539cf (type: ports) to 2
2026-04-22 19:49:17.812 9 INFO neutron.db.ovn_revision_numbers_db [req-a5b35d7c-3934-4e62-8d07-5054d6cefefd req-4c8ba367-1d5a-494c-b6da-7227a462a4e4 5b8bc9d8e0a74885a86066df41559879 5e1b14b435884ae1b334f182f97409c4 - - 383bb181a3304024b71730a456140254 383bb181a3304024b71730a456140254] Successfully bumped revision number for resource 4efb2581-6bd8-4b89-bd39-77a128b539cf (type: ports) to 4
2026-04-22 19:49:17.831 9 INFO neutron.api.wsgi [req-a5b35d7c-3934-4e62-8d07-5054d6cefefd req-4c8ba367-1d5a-494c-b6da-7227a462a4e4 5b8bc9d8e0a74885a86066df41559879 5e1b14b435884ae1b334f182f97409c4 - - 383bb181a3304024b71730a456140254 383bb181a3304024b71730a456140254] 199.19.213.47 "PUT /v2.0/ports/4efb2581-6bd8-4b89-bd39-77a128b539cf HTTP/1.1" status: 200 len: 1447 time: 0.5335085
2026-04-22 19:49:17.865 9 INFO neutron.notifiers.nova [-] Nova event matching ['req-bd0189f6-91bb-4b9f-99ed-c49cfcedcea4'] response: {'name': 'network-changed', 'server_uuid': 'd510bbd1-6294-4ec8-a362-fd688d0bc938', 'tag': '4efb2581-6bd8-4b89-bd39-77a128b539cf', 'status': 'completed', 'code': 200}
2026-04-22 19:49:17.876 10 INFO neutron.api.wsgi [req-97e26c36-c601-47bb-9b1d-66f70b69b69a req-0dc9321b-1f6f-4431-86a6-4cfa456d638e 68ef311ffe9f4363b184c897227b62c6 91ed70cc93a245a1be9a30e50f8b9a6d - - default default] 10.0.0.110 "GET /v2.0/ports?device_id=d510bbd1-6294-4ec8-a362-fd688d0bc938 HTTP/1.1" status: 200 len: 1212 time: 0.0681596
2026-04-22 19:49:17.927 10 INFO neutron.api.wsgi [req-97e26c36-c601-47bb-9b1d-66f70b69b69a req-20916419-fe59-45f6-b91e-e13562245910 68ef311ffe9f4363b184c897227b62c6 91ed70cc93a245a1be9a30e50f8b9a6d - - default default] 10.0.0.110 "GET /v2.0/security-groups?id=cb19560c-7fd6-4c26-890a-950a69f8836b&id=0de1f0bf-2382-4f4d-8708-4e9364cb41f5&fields=id&fields=name HTTP/1.1" status: 200 len: 404 time: 0.0420191
2026-04-22 19:49:18.170 10 INFO neutron.api.wsgi [None req-ab377f13-4718-4f78-8802-525ceda178d8 1b0876df02334129b92b2d722f1cd77c 0260cfb263d24a3c98a9634187bd71e5 - - default default] 199.19.213.47 "GET /v2.0/extensions/security-group HTTP/1.1" status: 200 len: 369 time: 0.0090120
2026-04-22 19:49:18.179 10 INFO neutron.api.wsgi [None req-3837a6c2-5abb-45ab-8a28-f9feef9f66da 1b0876df02334129b92b2d722f1cd77c 0260cfb263d24a3c98a9634187bd71e5 - - default default] 199.19.213.47 "GET /v2.0/extensions/dns-integration HTTP/1.1" status: 200 len: 371 time: 0.0032070
2026-04-22 19:49:18.186 10 INFO neutron.api.wsgi [None req-c11456f3-7bce-4f3f-9ce9-72b912804fc3 1b0876df02334129b92b2d722f1cd77c 0260cfb263d24a3c98a9634187bd71e5 - - default default] 199.19.213.47 "GET /v2.0/extensions/qos HTTP/1.1" status: 200 len: 365 time: 0.0041573
2026-04-22 19:49:18.197 10 INFO neutron.api.wsgi [None req-ab37aa02-c14f-4583-a626-45e53df48e52 1b0876df02334129b92b2d722f1cd77c 0260cfb263d24a3c98a9634187bd71e5 - - default default] 199.19.213.47 "GET /v2.0/extensions/allowed-address-pairs HTTP/1.1" status: 200 len: 383 time: 0.0068877
2026-04-22 19:49:18.227 10 INFO neutron.api.wsgi [None req-e8ff9fbb-1326-4702-acf4-d6570cd6c9c8 1b0876df02334129b92b2d722f1cd77c 0260cfb263d24a3c98a9634187bd71e5 - - default default] 199.19.213.47 "GET /v2.0/subnets/10cfa525-1a01-4e08-9f17-34a9e790fbfc HTTP/1.1" status: 200 len: 875 time: 0.0254586
2026-04-22 19:49:18.271 10 INFO neutron.api.wsgi [None req-4b7fcc56-b531-422d-8416-57b3442a50ec 1b0876df02334129b92b2d722f1cd77c 0260cfb263d24a3c98a9634187bd71e5 - - default default] 199.19.213.47 "GET /v2.0/ports?device_id=8e10e520-af8a-47fe-8208-8310ba97e0ae HTTP/1.1" status: 200 len: 1417 time: 0.0319791 /var/lib/openstack/lib/python3.12/site-packages/pycadf/identifier.py:71: UserWarning: Invalid uuid: neutron. To ensure interoperability, identifiers should be a valid uuid. warnings.warn(('Invalid uuid: %s. To ensure interoperability, '
2026-04-22 19:49:18.405 9 INFO neutron.api.wsgi [req-47af8a35-eb5a-49b0-917e-573eef9b7912 req-566a514d-ea6f-4c72-ba16-4cc4beb11606 5b8bc9d8e0a74885a86066df41559879 5e1b14b435884ae1b334f182f97409c4 - - 383bb181a3304024b71730a456140254 383bb181a3304024b71730a456140254] 199.19.213.47 "GET /v2.0/ports?tenant_id=91ed70cc93a245a1be9a30e50f8b9a6d&device_id=d510bbd1-6294-4ec8-a362-fd688d0bc938 HTTP/1.1" status: 200 len: 1450 time: 0.0322948
2026-04-22 19:49:18.458 9 INFO neutron.api.wsgi [req-47af8a35-eb5a-49b0-917e-573eef9b7912 req-a4a17549-b11b-46dd-ab59-27da389135e9 5b8bc9d8e0a74885a86066df41559879 5e1b14b435884ae1b334f182f97409c4 - - 383bb181a3304024b71730a456140254 383bb181a3304024b71730a456140254] 199.19.213.47 "GET /v2.0/networks?tenant_id=91ed70cc93a245a1be9a30e50f8b9a6d&shared=False HTTP/1.1" status: 200 len: 971 time: 0.0476029
2026-04-22 19:49:18.507 9 INFO neutron.api.wsgi [req-47af8a35-eb5a-49b0-917e-573eef9b7912 req-c6bbf8a9-5944-436b-81b9-930c63f53e71 5b8bc9d8e0a74885a86066df41559879 5e1b14b435884ae1b334f182f97409c4 - - 383bb181a3304024b71730a456140254 383bb181a3304024b71730a456140254] 199.19.213.47 "GET /v2.0/networks?shared=True HTTP/1.1" status: 200 len: 952 time: 0.0437312
2026-04-22 19:49:18.541 10 WARNING neutron.scheduler.dhcp_agent_scheduler [None req-0a7e11c5-f0a6-4e44-91e2-2ed198841b45 1b0876df02334129b92b2d722f1cd77c 0260cfb263d24a3c98a9634187bd71e5 - - default default] No more DHCP agents
2026-04-22 19:49:18.543 10 WARNING neutron.api.rpc.agentnotifiers.dhcp_rpc_agent_api [None req-0a7e11c5-f0a6-4e44-91e2-2ed198841b45 1b0876df02334129b92b2d722f1cd77c 0260cfb263d24a3c98a9634187bd71e5 - - default default] Unable to schedule network ab0fd10b-81d6-44d9-ade3-7a4fd2232205: no agents available; will retry on subsequent port and subnet creation events.
2026-04-22 19:49:18.655 10 INFO neutron.db.ovn_revision_numbers_db [None req-0a7e11c5-f0a6-4e44-91e2-2ed198841b45 1b0876df02334129b92b2d722f1cd77c 0260cfb263d24a3c98a9634187bd71e5 - - default default] Successfully bumped revision number for resource e47bf6b6-d468-419c-b35e-1caa25d0e8f3 (type: ports) to 1
2026-04-22 19:49:18.676 10 INFO neutron.api.wsgi [None req-0a7e11c5-f0a6-4e44-91e2-2ed198841b45 1b0876df02334129b92b2d722f1cd77c 0260cfb263d24a3c98a9634187bd71e5 - - default default] 199.19.213.47 "POST /v2.0/ports HTTP/1.1" status: 201 len: 1298 time: 0.3937969
2026-04-22 19:49:18.752 9 INFO neutron.api.wsgi [req-57df0d7c-6d8b-4044-a302-f477b399ba8d req-dcb87f08-0c32-4f98-a563-3468a875f2ac 1b0876df02334129b92b2d722f1cd77c 0260cfb263d24a3c98a9634187bd71e5 - - default default] 10.0.0.110 "GET /v2.0/ports/e47bf6b6-d468-419c-b35e-1caa25d0e8f3 HTTP/1.1" status: 200 len: 1293 time: 0.0323164
2026-04-22 19:49:18.763 9 INFO neutron.api.wsgi [req-57df0d7c-6d8b-4044-a302-f477b399ba8d req-3fe2e071-d0b5-484a-9567-e09d7d6861a7 1b0876df02334129b92b2d722f1cd77c 0260cfb263d24a3c98a9634187bd71e5 - - default default] 10.0.0.110 "GET /v2.0/extensions HTTP/1.1" status: 200 len: 19298 time: 0.0058968
2026-04-22 19:49:18.792 9 INFO neutron.api.wsgi [-] 10.0.0.125 "GET / HTTP/1.1" status: 200 len: 246 time: 0.0021572
2026-04-22 19:49:18.793 10 INFO neutron.api.wsgi [-] 10.0.0.125 "GET / HTTP/1.1" status: 200 len: 246 time: 0.0027239 /var/lib/openstack/lib/python3.12/site-packages/pycadf/identifier.py:71: UserWarning: Invalid uuid: neutron. To ensure interoperability, identifiers should be a valid uuid. warnings.warn(('Invalid uuid: %s. To ensure interoperability, '
2026-04-22 19:49:19.044 10 INFO neutron.api.wsgi [req-e0c9e2c8-3918-4e57-86c2-cc1dec3133af req-c0b6ed57-ba54-4bbf-a3df-4d73a39be2bd 68ef311ffe9f4363b184c897227b62c6 91ed70cc93a245a1be9a30e50f8b9a6d - - default default] 10.0.0.110 "GET /v2.0/ports?device_id=d510bbd1-6294-4ec8-a362-fd688d0bc938 HTTP/1.1" status: 200 len: 1212 time: 0.0378892
2026-04-22 19:49:19.073 9 INFO neutron.api.wsgi [req-a5b35d7c-3934-4e62-8d07-5054d6cefefd req-f6ae3767-1327-49c7-9b54-ec76fc2334fe 5b8bc9d8e0a74885a86066df41559879 5e1b14b435884ae1b334f182f97409c4 - - 383bb181a3304024b71730a456140254 383bb181a3304024b71730a456140254] 199.19.213.47 "GET /v2.0/ports?tenant_id=91ed70cc93a245a1be9a30e50f8b9a6d&device_id=d510bbd1-6294-4ec8-a362-fd688d0bc938 HTTP/1.1" status: 200 len: 1450 time: 0.0348027
2026-04-22 19:49:19.083 10 INFO neutron.api.wsgi [req-e0c9e2c8-3918-4e57-86c2-cc1dec3133af req-73958811-539b-4c36-98e9-718b37eed60e 68ef311ffe9f4363b184c897227b62c6 91ed70cc93a245a1be9a30e50f8b9a6d - - default default] 10.0.0.110 "GET /v2.0/security-groups?id=cb19560c-7fd6-4c26-890a-950a69f8836b&id=0de1f0bf-2382-4f4d-8708-4e9364cb41f5&fields=id&fields=name HTTP/1.1" status: 200 len: 404 time: 0.0342939
2026-04-22 19:49:19.095 9 INFO neutron.api.wsgi [req-a5b35d7c-3934-4e62-8d07-5054d6cefefd req-44bdb811-8ff1-4ce0-b4f6-694714550919 5b8bc9d8e0a74885a86066df41559879 5e1b14b435884ae1b334f182f97409c4 - - 383bb181a3304024b71730a456140254 383bb181a3304024b71730a456140254] 199.19.213.47 "GET /v2.0/floatingips?fixed_ip_address=10.100.0.10&port_id=4efb2581-6bd8-4b89-bd39-77a128b539cf HTTP/1.1" status: 200 len: 217 time: 0.0160732
2026-04-22 19:49:19.117 9 INFO neutron.api.wsgi [req-a5b35d7c-3934-4e62-8d07-5054d6cefefd req-cce9ba61-c7e8-4918-8f95-16ed1598408c 5b8bc9d8e0a74885a86066df41559879 5e1b14b435884ae1b334f182f97409c4 - - 383bb181a3304024b71730a456140254 383bb181a3304024b71730a456140254] 199.19.213.47 "GET /v2.0/subnets?id=c2f0ee1b-015a-46e0-867c-953023cff75a HTTP/1.1" status: 200 len: 890 time: 0.0189302
2026-04-22 19:49:19.139 9 INFO neutron.api.wsgi [req-a5b35d7c-3934-4e62-8d07-5054d6cefefd req-429688c9-6d83-40fa-a37e-9020113b0cbb 5b8bc9d8e0a74885a86066df41559879 5e1b14b435884ae1b334f182f97409c4 - - 383bb181a3304024b71730a456140254 383bb181a3304024b71730a456140254] 199.19.213.47 "GET /v2.0/ports?network_id=13615cf0-bc73-40ec-b0a2-aa3aa5c4331a&device_owner=network%3Adhcp HTTP/1.1" status: 200 len: 210 time: 0.0153399
2026-04-22 19:49:19.185 9 INFO neutron.api.wsgi [req-a5b35d7c-3934-4e62-8d07-5054d6cefefd req-9dc97f6a-a859-43d0-b223-4413bbcd35db 5b8bc9d8e0a74885a86066df41559879 5e1b14b435884ae1b334f182f97409c4 - - 383bb181a3304024b71730a456140254 383bb181a3304024b71730a456140254] 199.19.213.47 "GET /v2.0/networks/13615cf0-bc73-40ec-b0a2-aa3aa5c4331a?fields=segments HTTP/1.1" status: 200 len: 212 time: 0.0427880
2026-04-22 19:49:19.224 9 INFO neutron.api.wsgi [req-a5b35d7c-3934-4e62-8d07-5054d6cefefd req-81be85c3-67d5-4689-b1e7-7412002009ab 5b8bc9d8e0a74885a86066df41559879 5e1b14b435884ae1b334f182f97409c4 - - 383bb181a3304024b71730a456140254 383bb181a3304024b71730a456140254] 199.19.213.47 "GET /v2.0/networks/13615cf0-bc73-40ec-b0a2-aa3aa5c4331a?fields=provider%3Aphysical_network&fields=provider%3Anetwork_type HTTP/1.1" status: 200 len: 277 time: 0.0344512
2026-04-22 19:49:19.827 9 INFO neutron.api.wsgi [req-57df0d7c-6d8b-4044-a302-f477b399ba8d req-64770076-0d37-42cf-95f6-810609d50d55 5b8bc9d8e0a74885a86066df41559879 5e1b14b435884ae1b334f182f97409c4 - - 383bb181a3304024b71730a456140254 383bb181a3304024b71730a456140254] 199.19.213.47 "GET /v2.0/ports/e47bf6b6-d468-419c-b35e-1caa25d0e8f3?fields=binding%3Avnic_type&fields=binding%3Aprofile&fields=network_id&fields=resource_request&fields=numa_affinity_policy&fields=device_profile HTTP/1.1" status: 200 len: 335 time: 0.0401373
2026-04-22 19:49:19.878 9 INFO neutron.api.wsgi [req-57df0d7c-6d8b-4044-a302-f477b399ba8d req-3bb77566-b3c4-44ba-bc4a-2db83c030e9c 5b8bc9d8e0a74885a86066df41559879 5e1b14b435884ae1b334f182f97409c4 - - 383bb181a3304024b71730a456140254 383bb181a3304024b71730a456140254] 199.19.213.47 "GET /v2.0/networks/ab0fd10b-81d6-44d9-ade3-7a4fd2232205?fields=segments HTTP/1.1" status: 200 len: 212 time: 0.0451026
2026-04-22 19:49:19.928 9 INFO neutron.api.wsgi [req-57df0d7c-6d8b-4044-a302-f477b399ba8d req-d5625c00-a06c-4996-bbd0-eb19821c8574 5b8bc9d8e0a74885a86066df41559879 5e1b14b435884ae1b334f182f97409c4 - - 383bb181a3304024b71730a456140254 383bb181a3304024b71730a456140254] 199.19.213.47 "GET /v2.0/networks/ab0fd10b-81d6-44d9-ade3-7a4fd2232205?fields=provider%3Aphysical_network&fields=provider%3Anetwork_type HTTP/1.1" status: 200 len: 277 time: 0.0455246
2026-04-22 19:49:20.167 10 INFO neutron.api.wsgi [req-f40091ae-10e8-48b7-b2b6-b4cc46229278 req-5c94acbb-592e-4302-99ff-8391665ba45c 68ef311ffe9f4363b184c897227b62c6 91ed70cc93a245a1be9a30e50f8b9a6d - - default default] 10.0.0.110 "GET /v2.0/ports?device_id=d510bbd1-6294-4ec8-a362-fd688d0bc938 HTTP/1.1" status: 200 len: 1212 time: 0.0286884
2026-04-22 19:49:20.202 10 INFO neutron.api.wsgi [req-f40091ae-10e8-48b7-b2b6-b4cc46229278 req-f1734bb5-0fae-4e42-8cd6-2351f6796336 68ef311ffe9f4363b184c897227b62c6 91ed70cc93a245a1be9a30e50f8b9a6d - - default default] 10.0.0.110 "GET /v2.0/security-groups?id=cb19560c-7fd6-4c26-890a-950a69f8836b&id=0de1f0bf-2382-4f4d-8708-4e9364cb41f5&fields=id&fields=name HTTP/1.1" status: 200 len: 404 time: 0.0307939
2026-04-22 19:49:20.469 9 INFO neutron.api.wsgi [req-57df0d7c-6d8b-4044-a302-f477b399ba8d req-ecfb0b8d-ba1c-40e0-98eb-197b6a425aa2 5b8bc9d8e0a74885a86066df41559879 5e1b14b435884ae1b334f182f97409c4 - - 383bb181a3304024b71730a456140254 383bb181a3304024b71730a456140254] 199.19.213.47 "GET /v2.0/ports/e47bf6b6-d468-419c-b35e-1caa25d0e8f3 HTTP/1.1" status: 200 len: 1293 time: 0.0288303
2026-04-22 19:49:20.513 9 INFO neutron.api.wsgi [req-57df0d7c-6d8b-4044-a302-f477b399ba8d req-d0eb2a21-b19d-4ef0-9a9e-e239b455e83f 1b0876df02334129b92b2d722f1cd77c 0260cfb263d24a3c98a9634187bd71e5 - - default default] 199.19.213.47 "GET /v2.0/networks?id=ab0fd10b-81d6-44d9-ade3-7a4fd2232205 HTTP/1.1" status: 200 len: 1004 time: 0.0419588
2026-04-22 19:49:20.885 9 INFO neutron.db.ovn_revision_numbers_db [req-57df0d7c-6d8b-4044-a302-f477b399ba8d req-d24ee699-bc92-4b48-b1bc-fcee2046c605 5b8bc9d8e0a74885a86066df41559879 5e1b14b435884ae1b334f182f97409c4 - - 383bb181a3304024b71730a456140254 383bb181a3304024b71730a456140254] Successfully bumped revision number for resource e47bf6b6-d468-419c-b35e-1caa25d0e8f3 (type: ports) to 2
2026-04-22 19:49:21.106 9 INFO neutron.db.ovn_revision_numbers_db [req-57df0d7c-6d8b-4044-a302-f477b399ba8d req-d24ee699-bc92-4b48-b1bc-fcee2046c605 5b8bc9d8e0a74885a86066df41559879 5e1b14b435884ae1b334f182f97409c4 - - 383bb181a3304024b71730a456140254 383bb181a3304024b71730a456140254] Successfully bumped revision number for resource e47bf6b6-d468-419c-b35e-1caa25d0e8f3 (type: ports) to 4
2026-04-22 19:49:21.123 9 INFO neutron.api.wsgi [req-57df0d7c-6d8b-4044-a302-f477b399ba8d req-d24ee699-bc92-4b48-b1bc-fcee2046c605 5b8bc9d8e0a74885a86066df41559879 5e1b14b435884ae1b334f182f97409c4 - - 383bb181a3304024b71730a456140254 383bb181a3304024b71730a456140254] 199.19.213.47 "PUT /v2.0/ports/e47bf6b6-d468-419c-b35e-1caa25d0e8f3 HTTP/1.1" status: 200 len: 1452 time: 0.6064613
2026-04-22 19:49:21.151 9 INFO neutron.notifiers.nova [-] Nova event matching ['req-3d20dfd5-1e8e-47b9-acd9-d416b84693e1'] response: {'name': 'network-changed', 'server_uuid': '8e10e520-af8a-47fe-8208-8310ba97e0ae', 'tag': 'e47bf6b6-d468-419c-b35e-1caa25d0e8f3', 'status': 'completed', 'code': 200}
2026-04-22 19:49:21.306 10 INFO neutron.api.wsgi [req-051a51b6-af28-42b5-b9c8-66b3be69151c req-66de8d3c-060c-45eb-b589-490847d3b1d3 68ef311ffe9f4363b184c897227b62c6 91ed70cc93a245a1be9a30e50f8b9a6d - - default default] 10.0.0.110 "GET /v2.0/ports?device_id=d510bbd1-6294-4ec8-a362-fd688d0bc938 HTTP/1.1" status: 200 len: 1212 time: 0.0335052
2026-04-22 19:49:21.343 10 INFO neutron.api.wsgi [req-051a51b6-af28-42b5-b9c8-66b3be69151c req-7d6fd80a-5401-4d27-92f7-b36882535ff9 68ef311ffe9f4363b184c897227b62c6 91ed70cc93a245a1be9a30e50f8b9a6d - - default default] 10.0.0.110 "GET /v2.0/security-groups?id=cb19560c-7fd6-4c26-890a-950a69f8836b&id=0de1f0bf-2382-4f4d-8708-4e9364cb41f5&fields=id&fields=name HTTP/1.1" status: 200 len: 404 time: 0.0316262 /var/lib/openstack/lib/python3.12/site-packages/pycadf/identifier.py:71: UserWarning: Invalid uuid: neutron. To ensure interoperability, identifiers should be a valid uuid. warnings.warn(('Invalid uuid: %s. To ensure interoperability, '
2026-04-22 19:49:21.695 9 INFO neutron.api.wsgi [req-72c65005-40bc-4e8d-9b95-c8f0c944984f req-ad3aa0e8-0fa5-4ed1-8ca2-ecefe0d361ea 5b8bc9d8e0a74885a86066df41559879 5e1b14b435884ae1b334f182f97409c4 - - 383bb181a3304024b71730a456140254 383bb181a3304024b71730a456140254] 199.19.213.47 "GET /v2.0/ports?tenant_id=0260cfb263d24a3c98a9634187bd71e5&device_id=8e10e520-af8a-47fe-8208-8310ba97e0ae HTTP/1.1" status: 200 len: 2661 time: 0.0360096
2026-04-22 19:49:21.741 9 INFO neutron.api.wsgi [req-72c65005-40bc-4e8d-9b95-c8f0c944984f req-0ea31061-e694-44ee-9e70-f54ab79fe651 5b8bc9d8e0a74885a86066df41559879 5e1b14b435884ae1b334f182f97409c4 - - 383bb181a3304024b71730a456140254 383bb181a3304024b71730a456140254] 199.19.213.47 "GET /v2.0/networks?id=ab0fd10b-81d6-44d9-ade3-7a4fd2232205 HTTP/1.1" status: 200 len: 1004 time: 0.0409746
2026-04-22 19:49:21.764 9 INFO neutron.api.wsgi [req-72c65005-40bc-4e8d-9b95-c8f0c944984f req-1e240663-3ca7-4cc7-bac1-35203ab13668 5b8bc9d8e0a74885a86066df41559879 5e1b14b435884ae1b334f182f97409c4 - - 383bb181a3304024b71730a456140254 383bb181a3304024b71730a456140254] 199.19.213.47 "GET /v2.0/floatingips?fixed_ip_address=10.1.1.56&port_id=e47bf6b6-d468-419c-b35e-1caa25d0e8f3 HTTP/1.1" status: 200 len: 217 time: 0.0157239
2026-04-22 19:49:21.795 9 INFO neutron.api.wsgi [req-72c65005-40bc-4e8d-9b95-c8f0c944984f req-3a764292-abf6-45e0-8f1d-c5fb6371cd6e 5b8bc9d8e0a74885a86066df41559879 5e1b14b435884ae1b334f182f97409c4 - - 383bb181a3304024b71730a456140254 383bb181a3304024b71730a456140254] 199.19.213.47 "GET /v2.0/subnets?id=10cfa525-1a01-4e08-9f17-34a9e790fbfc HTTP/1.1" status: 200 len: 878 time: 0.0267158
2026-04-22 19:49:21.833 9 INFO neutron.api.wsgi [req-72c65005-40bc-4e8d-9b95-c8f0c944984f req-f7af7b79-e70b-4253-b116-e72abb6d5821 5b8bc9d8e0a74885a86066df41559879 5e1b14b435884ae1b334f182f97409c4 - - 383bb181a3304024b71730a456140254 383bb181a3304024b71730a456140254] 199.19.213.47 "GET /v2.0/ports?network_id=ab0fd10b-81d6-44d9-ade3-7a4fd2232205&device_owner=network%3Adhcp HTTP/1.1" status: 200 len: 210 time: 0.0261784
2026-04-22 19:49:21.859 9 INFO neutron.api.wsgi [req-dffe7614-0a2a-4db3-93aa-b0861539587a req-6a2ef382-298b-44a1-994e-9ceb9d8ee0e0 5b8bc9d8e0a74885a86066df41559879 5e1b14b435884ae1b334f182f97409c4 - - 383bb181a3304024b71730a456140254 383bb181a3304024b71730a456140254] 199.19.213.47 "GET /v2.0/ports?device_id=d510bbd1-6294-4ec8-a362-fd688d0bc938 HTTP/1.1" status: 200 len: 1450 time: 0.0493307
2026-04-22 19:49:21.896 9 INFO neutron.api.wsgi [req-72c65005-40bc-4e8d-9b95-c8f0c944984f req-bcfb4a77-cb10-47b2-a8f2-5d35ead92822 5b8bc9d8e0a74885a86066df41559879 5e1b14b435884ae1b334f182f97409c4 - - 383bb181a3304024b71730a456140254 383bb181a3304024b71730a456140254] 199.19.213.47 "GET /v2.0/networks/ab0fd10b-81d6-44d9-ade3-7a4fd2232205?fields=segments HTTP/1.1" status: 200 len: 212 time: 0.0574765
2026-04-22 19:49:21.912 9 INFO neutron.api.wsgi [req-dffe7614-0a2a-4db3-93aa-b0861539587a req-3d76c390-5d8c-4ed9-b83a-320f03678d34 5b8bc9d8e0a74885a86066df41559879 5e1b14b435884ae1b334f182f97409c4 - - 383bb181a3304024b71730a456140254 383bb181a3304024b71730a456140254] 199.19.213.47 "GET /v2.0/security-groups?id=cb19560c-7fd6-4c26-890a-950a69f8836b&id=0de1f0bf-2382-4f4d-8708-4e9364cb41f5&fields=id&fields=name HTTP/1.1" status: 200 len: 404 time: 0.0472929
2026-04-22 19:49:21.944 9 INFO neutron.api.wsgi [req-72c65005-40bc-4e8d-9b95-c8f0c944984f req-13171e43-b263-487f-a9c3-df04f6960b57 5b8bc9d8e0a74885a86066df41559879 5e1b14b435884ae1b334f182f97409c4 - - 383bb181a3304024b71730a456140254 383bb181a3304024b71730a456140254] 199.19.213.47 "GET /v2.0/networks/ab0fd10b-81d6-44d9-ade3-7a4fd2232205?fields=provider%3Aphysical_network&fields=provider%3Anetwork_type HTTP/1.1" status: 200 len: 277 time: 0.0422404
2026-04-22 19:49:22.026 10 INFO neutron.plugins.ml2.drivers.ovn.mech_driver.mech_driver [None req-30fdd58a-33aa-4055-b506-00777f78663b - - - - - -] OVN reports status up for port: 4efb2581-6bd8-4b89-bd39-77a128b539cf
2026-04-22 19:49:22.066 10 INFO neutron.plugins.ml2.plugin [None req-30fdd58a-33aa-4055-b506-00777f78663b - - - - - -] Attempt 1 to provision port 4efb2581-6bd8-4b89-bd39-77a128b539cf
2026-04-22 19:49:22.188 10 INFO neutron.notifiers.nova [-] Nova event matching ['req-19d2bb5c-ddc7-4e33-ae59-aea456b720f5'] response: {'server_uuid': 'd510bbd1-6294-4ec8-a362-fd688d0bc938', 'name': 'network-vif-plugged', 'status': 'completed', 'tag': '4efb2581-6bd8-4b89-bd39-77a128b539cf', 'code': 200}
2026-04-22 19:49:22.432 10 INFO neutron.db.ovn_revision_numbers_db [None req-30fdd58a-33aa-4055-b506-00777f78663b - - - - - -] Successfully bumped revision number for resource 4efb2581-6bd8-4b89-bd39-77a128b539cf (type: ports) to 5
2026-04-22 19:49:22.449 10 INFO neutron.api.wsgi [req-9e0ff600-af61-4b0b-b43a-8d1879ee52ee req-4e97f7ef-8fd3-41b8-88b4-09eb644ad582 68ef311ffe9f4363b184c897227b62c6 91ed70cc93a245a1be9a30e50f8b9a6d - - default default] 10.0.0.110 "GET /v2.0/ports?device_id=d510bbd1-6294-4ec8-a362-fd688d0bc938 HTTP/1.1" status: 200 len: 1214 time: 0.0340676
2026-04-22 19:49:22.497 10 INFO neutron.api.wsgi [req-9e0ff600-af61-4b0b-b43a-8d1879ee52ee req-498087ed-8569-43d9-8c7f-2d2634acbcce 68ef311ffe9f4363b184c897227b62c6 91ed70cc93a245a1be9a30e50f8b9a6d - - default default] 10.0.0.110 "GET /v2.0/security-groups?id=cb19560c-7fd6-4c26-890a-950a69f8836b&id=0de1f0bf-2382-4f4d-8708-4e9364cb41f5&fields=id&fields=name HTTP/1.1" status: 200 len: 404 time: 0.0383351
2026-04-22 19:49:23.000 9 INFO neutron.api.wsgi [req-57df0d7c-6d8b-4044-a302-f477b399ba8d req-29db05ea-8d7c-4d4c-a650-d74246b18caa 5b8bc9d8e0a74885a86066df41559879 5e1b14b435884ae1b334f182f97409c4 - - 383bb181a3304024b71730a456140254 383bb181a3304024b71730a456140254] 199.19.213.47 "GET /v2.0/ports?tenant_id=0260cfb263d24a3c98a9634187bd71e5&device_id=8e10e520-af8a-47fe-8208-8310ba97e0ae HTTP/1.1" status: 200 len: 2661 time: 0.0330663
2026-04-22 19:49:23.025 9 INFO neutron.api.wsgi [req-57df0d7c-6d8b-4044-a302-f477b399ba8d req-996033a9-93f1-4afa-b405-5c206a3d7ca3 5b8bc9d8e0a74885a86066df41559879 5e1b14b435884ae1b334f182f97409c4 - - 383bb181a3304024b71730a456140254 383bb181a3304024b71730a456140254] 199.19.213.47 "GET /v2.0/floatingips?fixed_ip_address=172.24.1.212&port_id=8c880601-9cca-4821-9683-186a38d51c3c HTTP/1.1" status: 200 len: 217 time: 0.0172732
2026-04-22 19:49:23.051 9 INFO neutron.api.wsgi [req-57df0d7c-6d8b-4044-a302-f477b399ba8d req-285d8104-da9a-496a-a536-394d0eb2a4b4 5b8bc9d8e0a74885a86066df41559879 5e1b14b435884ae1b334f182f97409c4 - - 383bb181a3304024b71730a456140254 383bb181a3304024b71730a456140254] 199.19.213.47 "GET /v2.0/subnets?id=b1a0877e-6d5e-4d65-b1e1-e8c2566b2267 HTTP/1.1" status: 200 len: 853 time: 0.0203800
2026-04-22 19:49:23.074 9 INFO neutron.api.wsgi [req-57df0d7c-6d8b-4044-a302-f477b399ba8d req-654166ca-6479-40b3-8d4e-f128e58b1988 5b8bc9d8e0a74885a86066df41559879 5e1b14b435884ae1b334f182f97409c4 - - 383bb181a3304024b71730a456140254 383bb181a3304024b71730a456140254] 199.19.213.47 "GET /v2.0/ports?network_id=a9910545-dd15-4e35-9807-e9c738725b18&device_owner=network%3Adhcp HTTP/1.1" status: 200 len: 210 time: 0.0184238
2026-04-22 19:49:23.122 9 INFO neutron.api.wsgi [req-57df0d7c-6d8b-4044-a302-f477b399ba8d req-b65da778-621a-49ff-a89c-2b591ed28714 5b8bc9d8e0a74885a86066df41559879 5e1b14b435884ae1b334f182f97409c4 - - 383bb181a3304024b71730a456140254 383bb181a3304024b71730a456140254] 199.19.213.47 "GET /v2.0/networks/a9910545-dd15-4e35-9807-e9c738725b18?fields=segments HTTP/1.1" status: 200 len: 212 time: 0.0421813
2026-04-22 19:49:23.162 9 INFO neutron.api.wsgi [req-57df0d7c-6d8b-4044-a302-f477b399ba8d req-557affca-142c-465f-b82b-b434f233aa82 5b8bc9d8e0a74885a86066df41559879 5e1b14b435884ae1b334f182f97409c4 - - 383bb181a3304024b71730a456140254 383bb181a3304024b71730a456140254] 199.19.213.47 "GET /v2.0/networks/a9910545-dd15-4e35-9807-e9c738725b18?fields=provider%3Aphysical_network&fields=provider%3Anetwork_type HTTP/1.1" status: 200 len: 277 time: 0.0358124
2026-04-22 19:49:23.184 9 INFO neutron.api.wsgi [req-57df0d7c-6d8b-4044-a302-f477b399ba8d req-ae773596-8f49-4c7b-84d9-72ebc93da13b 5b8bc9d8e0a74885a86066df41559879 5e1b14b435884ae1b334f182f97409c4 - - 383bb181a3304024b71730a456140254 383bb181a3304024b71730a456140254] 199.19.213.47 "GET /v2.0/floatingips?fixed_ip_address=10.1.1.56&port_id=e47bf6b6-d468-419c-b35e-1caa25d0e8f3 HTTP/1.1" status: 200 len: 217 time: 0.0149055
2026-04-22 19:49:23.212 9 INFO neutron.api.wsgi [req-57df0d7c-6d8b-4044-a302-f477b399ba8d req-bc4475cf-90ec-44e4-91f9-4e0d3949903e 5b8bc9d8e0a74885a86066df41559879 5e1b14b435884ae1b334f182f97409c4 - - 383bb181a3304024b71730a456140254 383bb181a3304024b71730a456140254] 199.19.213.47 "GET /v2.0/subnets?id=10cfa525-1a01-4e08-9f17-34a9e790fbfc HTTP/1.1" status: 200 len: 878 time: 0.0231023
2026-04-22 19:49:23.234 9 INFO neutron.api.wsgi [req-57df0d7c-6d8b-4044-a302-f477b399ba8d req-5a9c9844-ee1e-4f10-bdd8-2bbd6a066100 5b8bc9d8e0a74885a86066df41559879 5e1b14b435884ae1b334f182f97409c4 - - 383bb181a3304024b71730a456140254 383bb181a3304024b71730a456140254] 199.19.213.47 "GET /v2.0/ports?network_id=ab0fd10b-81d6-44d9-ade3-7a4fd2232205&device_owner=network%3Adhcp HTTP/1.1" status: 200 len: 210 time: 0.0160613
2026-04-22 19:49:23.275 9 INFO neutron.api.wsgi [req-57df0d7c-6d8b-4044-a302-f477b399ba8d req-03b36e57-20d8-47d0-9bda-0b82d0eb51fc 5b8bc9d8e0a74885a86066df41559879 5e1b14b435884ae1b334f182f97409c4 - - 383bb181a3304024b71730a456140254 383bb181a3304024b71730a456140254] 199.19.213.47 "GET /v2.0/networks/ab0fd10b-81d6-44d9-ade3-7a4fd2232205?fields=segments HTTP/1.1" status: 200 len: 212 time: 0.0353978
2026-04-22 19:49:23.320 9 INFO neutron.api.wsgi [req-57df0d7c-6d8b-4044-a302-f477b399ba8d req-6f7cf98c-1b2f-41a6-806c-c1fef77b6208 5b8bc9d8e0a74885a86066df41559879 5e1b14b435884ae1b334f182f97409c4 - - 383bb181a3304024b71730a456140254 383bb181a3304024b71730a456140254] 199.19.213.47 "GET /v2.0/networks/ab0fd10b-81d6-44d9-ade3-7a4fd2232205?fields=provider%3Aphysical_network&fields=provider%3Anetwork_type HTTP/1.1" status: 200 len: 277 time: 0.0419426 /var/lib/openstack/lib/python3.12/site-packages/pycadf/identifier.py:71: UserWarning: Invalid uuid: neutron. To ensure interoperability, identifiers should be a valid uuid. warnings.warn(('Invalid uuid: %s. To ensure interoperability, '
2026-04-22 19:49:23.635 10 INFO neutron.api.wsgi [req-19085779-1dc9-48a1-9aba-e236a2ff20ae req-e793ea88-f4fc-425b-8e1f-1da8017593a6 68ef311ffe9f4363b184c897227b62c6 91ed70cc93a245a1be9a30e50f8b9a6d - - default default] 10.0.0.110 "GET /v2.0/ports?device_id=d510bbd1-6294-4ec8-a362-fd688d0bc938 HTTP/1.1" status: 200 len: 1214 time: 0.0706308
2026-04-22 19:49:23.679 10 INFO neutron.api.wsgi [req-19085779-1dc9-48a1-9aba-e236a2ff20ae req-5267871d-8b43-4bc7-99a0-730867afc14c 68ef311ffe9f4363b184c897227b62c6 91ed70cc93a245a1be9a30e50f8b9a6d - - default default] 10.0.0.110 "GET /v2.0/security-groups?id=cb19560c-7fd6-4c26-890a-950a69f8836b&id=0de1f0bf-2382-4f4d-8708-4e9364cb41f5&fields=id&fields=name HTTP/1.1" status: 200 len: 404 time: 0.0352869
2026-04-22 19:49:23.910 9 INFO neutron.plugins.ml2.drivers.ovn.mech_driver.mech_driver [None req-4b73a7b1-f87e-4dde-8053-4ef11be1c158 - - - - - -] OVN reports status up for port: e47bf6b6-d468-419c-b35e-1caa25d0e8f3
2026-04-22 19:49:23.926 9 INFO neutron.plugins.ml2.plugin [None req-4b73a7b1-f87e-4dde-8053-4ef11be1c158 - - - - - -] Attempt 1 to provision port e47bf6b6-d468-419c-b35e-1caa25d0e8f3
2026-04-22 19:49:24.058 9 INFO neutron.notifiers.nova [-] Nova event matching ['req-433bcc88-773a-41b4-aea3-e7682f0bf5f3'] response: {'server_uuid': '8e10e520-af8a-47fe-8208-8310ba97e0ae', 'name': 'network-vif-plugged', 'status': 'completed', 'tag': 'e47bf6b6-d468-419c-b35e-1caa25d0e8f3', 'code': 200}
2026-04-22 19:49:24.165 9 INFO neutron.db.ovn_revision_numbers_db [None req-4b73a7b1-f87e-4dde-8053-4ef11be1c158 - - - - - -] Successfully bumped revision number for resource e47bf6b6-d468-419c-b35e-1caa25d0e8f3 (type: ports) to 5
2026-04-22 19:49:24.223 10 INFO neutron.notifiers.nova [-] Nova event matching ['req-3d0c6d7a-e63d-4139-ab82-dc835787cc3f'] response: {'server_uuid': 'd510bbd1-6294-4ec8-a362-fd688d0bc938', 'name': 'network-vif-plugged', 'status': 'completed', 'tag': '4efb2581-6bd8-4b89-bd39-77a128b539cf', 'code': 200}
2026-04-22 19:49:24.779 10 INFO neutron.api.wsgi [req-a6d5335d-0b14-4bc6-9b03-73d998fb9b71 req-f535c416-3d76-4692-8fdf-fec7c4e365bc 68ef311ffe9f4363b184c897227b62c6 91ed70cc93a245a1be9a30e50f8b9a6d - - default default] 10.0.0.110 "GET /v2.0/ports?device_id=d510bbd1-6294-4ec8-a362-fd688d0bc938 HTTP/1.1" status: 200 len: 1214 time: 0.0353751
2026-04-22 19:49:24.818 10 INFO neutron.api.wsgi [req-a6d5335d-0b14-4bc6-9b03-73d998fb9b71 req-796b776e-eba6-4a22-9650-b04f1ee643a6 68ef311ffe9f4363b184c897227b62c6 91ed70cc93a245a1be9a30e50f8b9a6d - - default default] 10.0.0.110 "GET /v2.0/security-groups?id=cb19560c-7fd6-4c26-890a-950a69f8836b&id=0de1f0bf-2382-4f4d-8708-4e9364cb41f5&fields=id&fields=name HTTP/1.1" status: 200 len: 404 time: 0.0331242
2026-04-22 19:49:24.923 10 INFO neutron.api.wsgi [req-ac54c726-99c7-4d5a-b569-0a6648102fe9 req-2eb25307-686b-4f9a-a6e3-c9a9ea7e319c 68ef311ffe9f4363b184c897227b62c6 91ed70cc93a245a1be9a30e50f8b9a6d - - default default] 10.0.0.110 "GET /v2.0/ports?device_id=d510bbd1-6294-4ec8-a362-fd688d0bc938 HTTP/1.1" status: 200 len: 1214 time: 0.0550337 /var/lib/openstack/lib/python3.12/site-packages/pycadf/identifier.py:71: UserWarning: Invalid uuid: neutron. To ensure interoperability, identifiers should be a valid uuid. warnings.warn(('Invalid uuid: %s. To ensure interoperability, '
2026-04-22 19:49:25.356 9 INFO neutron.db.ovn_revision_numbers_db [None req-335c71c0-928d-4736-a0e4-f9398cd7b0c2 68ef311ffe9f4363b184c897227b62c6 91ed70cc93a245a1be9a30e50f8b9a6d - - default default] Successfully bumped revision number for resource c674ed69-608b-4153-9f28-1458344fb90e (type: floatingips) to 1
2026-04-22 19:49:25.466 9 INFO neutron.db.ovn_revision_numbers_db [None req-335c71c0-928d-4736-a0e4-f9398cd7b0c2 68ef311ffe9f4363b184c897227b62c6 91ed70cc93a245a1be9a30e50f8b9a6d - - default default] Successfully bumped revision number for resource c674ed69-608b-4153-9f28-1458344fb90e (type: floatingips) to 2
2026-04-22 19:49:25.466 9 INFO neutron.db.l3_db [None req-335c71c0-928d-4736-a0e4-f9398cd7b0c2 68ef311ffe9f4363b184c897227b62c6 91ed70cc93a245a1be9a30e50f8b9a6d - - default default] Floating IP c674ed69-608b-4153-9f28-1458344fb90e associated. External IP: 10.96.250.216, port: 4efb2581-6bd8-4b89-bd39-77a128b539cf.
2026-04-22 19:49:25.504 9 INFO neutron.api.wsgi [None req-335c71c0-928d-4736-a0e4-f9398cd7b0c2 68ef311ffe9f4363b184c897227b62c6 91ed70cc93a245a1be9a30e50f8b9a6d - - default default] 10.0.0.103 "PUT /v2.0/floatingips/c674ed69-608b-4153-9f28-1458344fb90e HTTP/1.1" status: 200 len: 1050 time: 0.5644939
2026-04-22 19:49:26.095 9 INFO neutron.notifiers.nova [-] Nova event matching ['req-ceadb99e-c8c9-4f65-b17a-f08d2ef4317e'] response: {'server_uuid': '8e10e520-af8a-47fe-8208-8310ba97e0ae', 'name': 'network-vif-plugged', 'status': 'completed', 'tag': 'e47bf6b6-d468-419c-b35e-1caa25d0e8f3', 'code': 200}
2026-04-22 19:49:26.095 9 INFO neutron.notifiers.nova [-] Nova event matching ['req-ceadb99e-c8c9-4f65-b17a-f08d2ef4317e'] response: {'name': 'network-changed', 'server_uuid': 'd510bbd1-6294-4ec8-a362-fd688d0bc938', 'tag': '4efb2581-6bd8-4b89-bd39-77a128b539cf', 'status': 'completed', 'code': 200} /var/lib/openstack/lib/python3.12/site-packages/pycadf/identifier.py:71: UserWarning: Invalid uuid: neutron. To ensure interoperability, identifiers should be a valid uuid. warnings.warn(('Invalid uuid: %s. To ensure interoperability, '
2026-04-22 19:49:26.644 9 INFO neutron.api.wsgi [req-7296cc12-8240-4b76-952c-8c31831cb11e req-630b276f-41f9-4bd1-a441-c0022a7e9f83 5b8bc9d8e0a74885a86066df41559879 5e1b14b435884ae1b334f182f97409c4 - - 383bb181a3304024b71730a456140254 383bb181a3304024b71730a456140254] 199.19.213.47 "GET /v2.0/ports?tenant_id=91ed70cc93a245a1be9a30e50f8b9a6d&device_id=d510bbd1-6294-4ec8-a362-fd688d0bc938 HTTP/1.1" status: 200 len: 1452 time: 0.0359347
2026-04-22 19:49:26.695 9 INFO neutron.api.wsgi [req-7296cc12-8240-4b76-952c-8c31831cb11e req-1bb53d8d-6ee5-42a0-b494-60cfd8fcf305 5b8bc9d8e0a74885a86066df41559879 5e1b14b435884ae1b334f182f97409c4 - - 383bb181a3304024b71730a456140254 383bb181a3304024b71730a456140254] 199.19.213.47 "GET /v2.0/networks?id=13615cf0-bc73-40ec-b0a2-aa3aa5c4331a HTTP/1.1" status: 200 len: 971 time: 0.0448306
2026-04-22 19:49:26.743 9 INFO neutron.api.wsgi [req-7296cc12-8240-4b76-952c-8c31831cb11e req-b526556a-0939-462d-ae59-d3315084f329 5b8bc9d8e0a74885a86066df41559879 5e1b14b435884ae1b334f182f97409c4 - - 383bb181a3304024b71730a456140254 383bb181a3304024b71730a456140254] 199.19.213.47 "GET /v2.0/floatingips?fixed_ip_address=10.100.0.10&port_id=4efb2581-6bd8-4b89-bd39-77a128b539cf HTTP/1.1" status: 200 len: 1060 time: 0.0418909
2026-04-22 19:49:26.772 9 INFO neutron.api.wsgi [req-7296cc12-8240-4b76-952c-8c31831cb11e req-ee5bdfb9-d82a-4f5f-8f2f-6af695799e3f 5b8bc9d8e0a74885a86066df41559879 5e1b14b435884ae1b334f182f97409c4 - - 383bb181a3304024b71730a456140254 383bb181a3304024b71730a456140254] 199.19.213.47 "GET /v2.0/subnets?id=c2f0ee1b-015a-46e0-867c-953023cff75a HTTP/1.1" status: 200 len: 890 time: 0.0240178
2026-04-22 19:49:26.793 9 INFO neutron.api.wsgi [req-7296cc12-8240-4b76-952c-8c31831cb11e req-83a60e88-f52a-4790-8dd0-9444f8b3be4e 5b8bc9d8e0a74885a86066df41559879 5e1b14b435884ae1b334f182f97409c4 - - 383bb181a3304024b71730a456140254 383bb181a3304024b71730a456140254] 199.19.213.47 "GET /v2.0/ports?network_id=13615cf0-bc73-40ec-b0a2-aa3aa5c4331a&device_owner=network%3Adhcp HTTP/1.1" status: 200 len: 210 time: 0.0155048
2026-04-22 19:49:26.846 9 INFO neutron.api.wsgi [req-57df0d7c-6d8b-4044-a302-f477b399ba8d req-54303b5d-af7e-441e-9d52-efa41f1abfaa 1b0876df02334129b92b2d722f1cd77c 0260cfb263d24a3c98a9634187bd71e5 - - default default] 10.0.0.110 "GET /v2.0/ports/e47bf6b6-d468-419c-b35e-1caa25d0e8f3 HTTP/1.1" status: 200 len: 1454 time: 0.0391295
2026-04-22 19:49:26.857 9 INFO neutron.api.wsgi [req-7296cc12-8240-4b76-952c-8c31831cb11e req-bbf40d03-c2d0-4d35-a86a-7670c2118e34 5b8bc9d8e0a74885a86066df41559879 5e1b14b435884ae1b334f182f97409c4 - - 383bb181a3304024b71730a456140254 383bb181a3304024b71730a456140254] 199.19.213.47 "GET /v2.0/networks/13615cf0-bc73-40ec-b0a2-aa3aa5c4331a?fields=segments HTTP/1.1" status: 200 len: 212 time: 0.0577576
2026-04-22 19:49:26.898 9 INFO neutron.api.wsgi [req-7296cc12-8240-4b76-952c-8c31831cb11e req-26fa74cb-8875-45b3-959a-2b828e313818 5b8bc9d8e0a74885a86066df41559879 5e1b14b435884ae1b334f182f97409c4 - - 383bb181a3304024b71730a456140254 383bb181a3304024b71730a456140254] 199.19.213.47 "GET /v2.0/networks/13615cf0-bc73-40ec-b0a2-aa3aa5c4331a?fields=provider%3Aphysical_network&fields=provider%3Anetwork_type HTTP/1.1" status: 200 len: 277 time: 0.0364497
2026-04-22 19:49:27.171 10 INFO neutron.db.ovn_revision_numbers_db [None req-db57aac4-dfa1-420b-9e11-e598aa4391a2 1b0876df02334129b92b2d722f1cd77c 0260cfb263d24a3c98a9634187bd71e5 - - default default] Successfully bumped revision number for resource e47bf6b6-d468-419c-b35e-1caa25d0e8f3 (type: ports) to 6
2026-04-22 19:49:27.182 10 INFO neutron.api.wsgi [None req-db57aac4-dfa1-420b-9e11-e598aa4391a2 1b0876df02334129b92b2d722f1cd77c 0260cfb263d24a3c98a9634187bd71e5 - - default default] 199.19.213.47 "PUT /v2.0/ports/e47bf6b6-d468-419c-b35e-1caa25d0e8f3 HTTP/1.1" status: 200 len: 1487 time: 0.3266561 /var/lib/openstack/lib/python3.12/site-packages/pycadf/identifier.py:71: UserWarning: Invalid uuid: neutron. To ensure interoperability, identifiers should be a valid uuid. warnings.warn(('Invalid uuid: %s. To ensure interoperability, '
2026-04-22 19:49:27.199 10 INFO neutron.api.v2.resource [None req-477b7e7d-fc6c-464d-af9d-32428b9a531f 1b0876df02334129b92b2d722f1cd77c 0260cfb263d24a3c98a9634187bd71e5 - - default default] show failed (client error): The resource could not be found.
2026-04-22 19:49:27.200 10 INFO neutron.api.wsgi [None req-477b7e7d-fc6c-464d-af9d-32428b9a531f 1b0876df02334129b92b2d722f1cd77c 0260cfb263d24a3c98a9634187bd71e5 - - default default] 199.19.213.47 "GET /v2.0/security-groups/lb-1265f7a5-b6ea-48fe-93fe-aabcc0572a12 HTTP/1.1" status: 404 len: 355 time: 0.0095375
2026-04-22 19:49:27.213 10 INFO neutron.notifiers.nova [-] Nova event matching ['req-437b22f5-ed84-43bb-a3ea-36d4e27373bb'] response: {'name': 'network-changed', 'server_uuid': '8e10e520-af8a-47fe-8208-8310ba97e0ae', 'tag': 'e47bf6b6-d468-419c-b35e-1caa25d0e8f3', 'status': 'completed', 'code': 200}
2026-04-22 19:49:27.234 10 INFO neutron.api.wsgi [None req-1dc447a9-7876-4519-9161-8b601bfeb057 1b0876df02334129b92b2d722f1cd77c 0260cfb263d24a3c98a9634187bd71e5 - - default default] 199.19.213.47 "GET /v2.0/security-groups?name=lb-1265f7a5-b6ea-48fe-93fe-aabcc0572a12 HTTP/1.1" status: 200 len: 1837 time: 0.0308750
