2026-04-22 19:44:01.518 9 INFO neutron.api.wsgi [None req-a0214557-4e7b-4548-a04b-1c4ce23d6241 1b0876df02334129b92b2d722f1cd77c 0260cfb263d24a3c98a9634187bd71e5 - - default default] 10.0.0.79 "GET /v2.0/network-ip-availabilities HTTP/1.1" status: 200 len: 1280 time: 0.0113509
2026-04-22 19:44:01.546 9 INFO neutron.api.wsgi [None req-05114fad-80d6-4d23-9487-8decc5c42740 1b0876df02334129b92b2d722f1cd77c 0260cfb263d24a3c98a9634187bd71e5 - - default default] 10.0.0.79 "GET /v2.0/subnets HTTP/1.1" status: 200 len: 1484 time: 0.0269141
2026-04-22 19:44:01.594 9 INFO neutron.api.wsgi [None req-810fbcf0-8e92-4ae1-a460-5893e5e84a6b 1b0876df02334129b92b2d722f1cd77c 0260cfb263d24a3c98a9634187bd71e5 - - default default] 10.0.0.79 "GET /v2.0/networks HTTP/1.1" status: 200 len: 2350 time: 0.0472906
2026-04-22 19:44:01.611 9 INFO neutron.api.wsgi [None req-3477ca3a-0163-4d7c-9ff4-ed79903da37f 1b0876df02334129b92b2d722f1cd77c 0260cfb263d24a3c98a9634187bd71e5 - - default default] 10.0.0.79 "GET /v2.0/routers HTTP/1.1" status: 200 len: 189 time: 0.0142119
2026-04-22 19:44:01.636 9 INFO neutron.api.wsgi [None req-b5a7df17-2ecc-478e-a2a6-43eb8021e271 1b0876df02334129b92b2d722f1cd77c 0260cfb263d24a3c98a9634187bd71e5 - - default default] 10.0.0.79 "GET /v2.0/agents?binary=ovn-controller HTTP/1.1" status: 200 len: 591 time: 0.0240915
2026-04-22 19:44:01.645 9 INFO neutron.api.wsgi [None req-ada7baad-baa6-46da-bced-36701d2361d6 1b0876df02334129b92b2d722f1cd77c 0260cfb263d24a3c98a9634187bd71e5 - - default default] 10.0.0.79 "GET /v2.0/agents HTTP/1.1" status: 200 len: 1390 time: 0.0088274
2026-04-22 19:44:01.668 9 INFO neutron.api.wsgi [None req-80a348a0-4230-4196-a921-2e22e2e6f8fa 1b0876df02334129b92b2d722f1cd77c 0260cfb263d24a3c98a9634187bd71e5 - - default default] 10.0.0.79 "GET /v2.0/subnets HTTP/1.1" status: 200 len: 1484 time: 0.0213604
2026-04-22 19:44:01.675 9 INFO neutron.api.wsgi [None req-934ac9d3-c692-4db0-9a9b-a8c5a43e6708 1b0876df02334129b92b2d722f1cd77c 0260cfb263d24a3c98a9634187bd71e5 - - default default] 10.0.0.79 "GET /v2.0/subnetpools HTTP/1.1" status: 200 len: 193 time: 0.0056722
2026-04-22 19:44:01.689 9 INFO neutron.api.wsgi [None req-e5aba6b3-e2f2-44ad-9cac-3abcc37398e9 1b0876df02334129b92b2d722f1cd77c 0260cfb263d24a3c98a9634187bd71e5 - - default default] 10.0.0.79 "GET /v2.0/floatingips HTTP/1.1" status: 200 len: 193 time: 0.0133076
2026-04-22 19:44:03.794 9 INFO neutron.api.wsgi [-] 10.0.0.125 "GET / HTTP/1.1" status: 200 len: 246 time: 0.0035498
2026-04-22 19:44:03.797 9 INFO neutron.api.wsgi [-] 10.0.0.125 "GET / HTTP/1.1" status: 200 len: 246 time: 0.0021327
2026-04-22 19:44:15.314 9 INFO neutron.api.wsgi [None req-1554c4a6-44c3-4ec8-9a5f-8f54338bb103 1b0876df02334129b92b2d722f1cd77c 0260cfb263d24a3c98a9634187bd71e5 - - default default] 10.0.0.103 "GET /v2.0/networks HTTP/1.1" status: 200 len: 2369 time: 0.0925505
2026-04-22 19:44:16.408 10 INFO neutron.api.wsgi [None req-e1c5fee3-6cfc-40e4-8575-7674ee2a95ce 1b0876df02334129b92b2d722f1cd77c 0260cfb263d24a3c98a9634187bd71e5 - - default default] 10.0.0.103 "GET /v2.0/floatingips HTTP/1.1" status: 200 len: 212 time: 0.0286732
2026-04-22 19:44:16.428 9 INFO neutron.api.wsgi [None req-105fd47c-5de9-4bf2-9f93-343130084284 1b0876df02334129b92b2d722f1cd77c 0260cfb263d24a3c98a9634187bd71e5 - - default default] 10.0.0.103 "GET /v2.0/routers HTTP/1.1" status: 200 len: 208 time: 0.0156608
2026-04-22 19:44:16.469 9 INFO neutron.api.wsgi [None req-5db1726d-1260-4c2b-84d3-cbe40028863b 1b0876df02334129b92b2d722f1cd77c 0260cfb263d24a3c98a9634187bd71e5 - - default default] 10.0.0.103 "GET /v2.0/ports HTTP/1.1" status: 200 len: 5370 time: 0.0367944
2026-04-22 19:44:16.493 9 INFO neutron.api.wsgi [None req-6ef57aaf-cb5b-49f1-9311-4ad9c1a58b71 1b0876df02334129b92b2d722f1cd77c 0260cfb263d24a3c98a9634187bd71e5 - - default default] 10.0.0.103 "GET /v2.0/subnets HTTP/1.1" status: 200 len: 1503 time: 0.0201690
2026-04-22 19:44:16.541 9 INFO neutron.api.wsgi [None req-9058c519-caa8-4b5b-877b-b4494f4867ab 1b0876df02334129b92b2d722f1cd77c 0260cfb263d24a3c98a9634187bd71e5 - - default default] 10.0.0.103 "GET /v2.0/networks HTTP/1.1" status: 200 len: 2369 time: 0.0434663
2026-04-22 19:44:16.579 9 INFO neutron.api.wsgi [None req-28319760-7aa9-4970-9740-d3bdfbb35455 1b0876df02334129b92b2d722f1cd77c 0260cfb263d24a3c98a9634187bd71e5 - - default default] 10.0.0.103 "GET /v2.0/security-groups HTTP/1.1" status: 200 len: 17597 time: 0.0341318
2026-04-22 19:44:16.591 9 INFO neutron.api.wsgi [None req-a915ce3a-e55d-49d7-b9a9-3158e59dfd0c 1b0876df02334129b92b2d722f1cd77c 0260cfb263d24a3c98a9634187bd71e5 - - default default] 10.0.0.103 "GET /v2.0/subnetpools HTTP/1.1" status: 200 len: 212 time: 0.0063546
2026-04-22 19:44:18.791 9 INFO neutron.api.wsgi [-] 10.0.0.125 "GET / HTTP/1.1" status: 200 len: 246 time: 0.0017571
2026-04-22 19:44:18.792 10 INFO neutron.api.wsgi [-] 10.0.0.125 "GET / HTTP/1.1" status: 200 len: 246 time: 0.0026066
2026-04-22 19:44:27.353 10 INFO neutron.db.ovn_revision_numbers_db [None req-a6673f72-9dd9-4801-8caa-151a462683b9 1b0876df02334129b92b2d722f1cd77c 0260cfb263d24a3c98a9634187bd71e5 - - default default] Successfully bumped revision number for resource b2211534-f8a7-470d-acb7-37f226c58c29 (type: security_groups) to 1
2026-04-22 19:44:27.358 9 INFO neutron.db.ovn_revision_numbers_db [None req-66762f9e-0799-48a4-bea9-e03a469ef50e 1b0876df02334129b92b2d722f1cd77c 0260cfb263d24a3c98a9634187bd71e5 - - default default] Successfully bumped revision number for resource fbdd18ad-dc92-4dc4-8a7b-0d2e0ebf9a1a (type: security_groups) to 1
2026-04-22 19:44:27.360 10 INFO neutron.db.ovn_revision_numbers_db [None req-550a6170-c0c3-4182-bc76-131a49d6f2d6 1b0876df02334129b92b2d722f1cd77c 0260cfb263d24a3c98a9634187bd71e5 - - default default] Successfully bumped revision number for resource 68cb6ff3-bdcc-4750-a562-3e51097c7247 (type: security_groups) to 1
2026-04-22 19:44:27.365 10 INFO neutron.db.ovn_revision_numbers_db [None req-a6673f72-9dd9-4801-8caa-151a462683b9 1b0876df02334129b92b2d722f1cd77c 0260cfb263d24a3c98a9634187bd71e5 - - default default] Successfully bumped revision number for resource 412978af-7ab6-4e15-9783-a9d2238317d7 (type: security_group_rules) to 0
2026-04-22 19:44:27.374 10 INFO neutron.db.ovn_revision_numbers_db [None req-550a6170-c0c3-4182-bc76-131a49d6f2d6 1b0876df02334129b92b2d722f1cd77c 0260cfb263d24a3c98a9634187bd71e5 - - default default] Successfully bumped revision number for resource 234d39d2-6f00-4eb8-b0e5-c52b07a648d2 (type: security_group_rules) to 0
2026-04-22 19:44:27.375 9 INFO neutron.db.ovn_revision_numbers_db [None req-66762f9e-0799-48a4-bea9-e03a469ef50e 1b0876df02334129b92b2d722f1cd77c 0260cfb263d24a3c98a9634187bd71e5 - - default default] Successfully bumped revision number for resource 0fdf8037-3947-43d1-8f64-b9681ca43039 (type: security_group_rules) to 0
2026-04-22 19:44:27.378 10 INFO neutron.db.ovn_revision_numbers_db [None req-a6673f72-9dd9-4801-8caa-151a462683b9 1b0876df02334129b92b2d722f1cd77c 0260cfb263d24a3c98a9634187bd71e5 - - default default] Successfully bumped revision number for resource 62c210e1-048f-4939-b273-18a0ab070e6d (type: security_group_rules) to 0
2026-04-22 19:44:27.389 10 INFO neutron.db.ovn_revision_numbers_db [None req-550a6170-c0c3-4182-bc76-131a49d6f2d6 1b0876df02334129b92b2d722f1cd77c 0260cfb263d24a3c98a9634187bd71e5 - - default default] Successfully bumped revision number for resource 4ae61c6b-76a6-4d4c-bd54-f7208c712f9d (type: security_group_rules) to 0
2026-04-22 19:44:27.393 9 INFO neutron.db.ovn_revision_numbers_db [None req-66762f9e-0799-48a4-bea9-e03a469ef50e 1b0876df02334129b92b2d722f1cd77c 0260cfb263d24a3c98a9634187bd71e5 - - default default] Successfully bumped revision number for resource 1dc446ce-50dc-4971-8707-f3e30d32fb85 (type: security_group_rules) to 0
2026-04-22 19:44:27.395 10 INFO neutron.db.ovn_revision_numbers_db [None req-a6673f72-9dd9-4801-8caa-151a462683b9 1b0876df02334129b92b2d722f1cd77c 0260cfb263d24a3c98a9634187bd71e5 - - default default] Successfully bumped revision number for resource c4e53533-b1ed-4fa1-ad3c-7bf9c8f682f7 (type: security_group_rules) to 0
2026-04-22 19:44:27.402 10 INFO neutron.db.ovn_revision_numbers_db [None req-550a6170-c0c3-4182-bc76-131a49d6f2d6 1b0876df02334129b92b2d722f1cd77c 0260cfb263d24a3c98a9634187bd71e5 - - default default] Successfully bumped revision number for resource 56a87e0c-b56b-4062-a3e0-9ef708755b27 (type: security_group_rules) to 0
2026-04-22 19:44:27.408 9 INFO neutron.db.ovn_revision_numbers_db [None req-66762f9e-0799-48a4-bea9-e03a469ef50e 1b0876df02334129b92b2d722f1cd77c 0260cfb263d24a3c98a9634187bd71e5 - - default default] Successfully bumped revision number for resource 2df9c1cc-77fd-4f09-bda8-d65c69994c2d (type: security_group_rules) to 0
2026-04-22 19:44:27.409 10 INFO neutron.db.ovn_revision_numbers_db [None req-a6673f72-9dd9-4801-8caa-151a462683b9 1b0876df02334129b92b2d722f1cd77c 0260cfb263d24a3c98a9634187bd71e5 - - default default] Successfully bumped revision number for resource dc719395-8b00-4c3d-895f-1e98a10f973a (type: security_group_rules) to 0
2026-04-22 19:44:27.418 10 INFO neutron.db.ovn_revision_numbers_db [None req-550a6170-c0c3-4182-bc76-131a49d6f2d6 1b0876df02334129b92b2d722f1cd77c 0260cfb263d24a3c98a9634187bd71e5 - - default default] Successfully bumped revision number for resource db33b9b8-a593-4d4b-b585-0fde55e755c8 (type: security_group_rules) to 0
2026-04-22 19:44:27.423 9 INFO neutron.db.ovn_revision_numbers_db [None req-66762f9e-0799-48a4-bea9-e03a469ef50e 1b0876df02334129b92b2d722f1cd77c 0260cfb263d24a3c98a9634187bd71e5 - - default default] Successfully bumped revision number for resource 361b4b9d-7262-4ada-a2c6-ca96e92dc55a (type: security_group_rules) to 0
2026-04-22 19:44:27.521 10 INFO neutron.db.segments_db [None req-a6673f72-9dd9-4801-8caa-151a462683b9 1b0876df02334129b92b2d722f1cd77c 0260cfb263d24a3c98a9634187bd71e5 - - default default] Added segment abe319d0-a301-44ab-a1d2-96caaa37cf19 of type geneve for network 1f3511af-d906-4ac5-8e46-636a9c99db6f
2026-04-22 19:44:27.526 10 INFO neutron.db.segments_db [None req-550a6170-c0c3-4182-bc76-131a49d6f2d6 1b0876df02334129b92b2d722f1cd77c 0260cfb263d24a3c98a9634187bd71e5 - - default default] Added segment 05d95a2f-2b28-4acf-9d93-3f1594caab98 of type geneve for network 37eda0b5-06fc-4ea0-8a38-f9143a7e3e4b
2026-04-22 19:44:27.526 9 INFO neutron.db.segments_db [None req-66762f9e-0799-48a4-bea9-e03a469ef50e 1b0876df02334129b92b2d722f1cd77c 0260cfb263d24a3c98a9634187bd71e5 - - default default] Added segment 2936061e-ab3d-4955-9989-a8889edd8413 of type geneve for network 3e8fce04-bcff-45f7-bf7d-b8ddc314d64c
2026-04-22 19:44:27.650 10 INFO neutron.db.ovn_revision_numbers_db [None req-a6673f72-9dd9-4801-8caa-151a462683b9 1b0876df02334129b92b2d722f1cd77c 0260cfb263d24a3c98a9634187bd71e5 - - default default] Successfully bumped revision number for resource 1f3511af-d906-4ac5-8e46-636a9c99db6f (type: networks) to 1
2026-04-22 19:44:27.652 9 INFO neutron.db.ovn_revision_numbers_db [None req-66762f9e-0799-48a4-bea9-e03a469ef50e 1b0876df02334129b92b2d722f1cd77c 0260cfb263d24a3c98a9634187bd71e5 - - default default] Successfully bumped revision number for resource 3e8fce04-bcff-45f7-bf7d-b8ddc314d64c (type: networks) to 1
2026-04-22 19:44:27.686 10 INFO neutron.db.ovn_revision_numbers_db [None req-550a6170-c0c3-4182-bc76-131a49d6f2d6 1b0876df02334129b92b2d722f1cd77c 0260cfb263d24a3c98a9634187bd71e5 - - default default] Successfully bumped revision number for resource 37eda0b5-06fc-4ea0-8a38-f9143a7e3e4b (type: networks) to 1
2026-04-22 19:44:27.828 10 WARNING neutron.scheduler.dhcp_agent_scheduler [None req-a6673f72-9dd9-4801-8caa-151a462683b9 1b0876df02334129b92b2d722f1cd77c 0260cfb263d24a3c98a9634187bd71e5 - - default default] No more DHCP agents
2026-04-22 19:44:27.830 10 WARNING neutron.api.rpc.agentnotifiers.dhcp_rpc_agent_api [None req-a6673f72-9dd9-4801-8caa-151a462683b9 1b0876df02334129b92b2d722f1cd77c 0260cfb263d24a3c98a9634187bd71e5 - - default default] Unable to schedule network 1f3511af-d906-4ac5-8e46-636a9c99db6f: no agents available; will retry on subsequent port and subnet creation events.
2026-04-22 19:44:27.841 9 WARNING neutron.scheduler.dhcp_agent_scheduler [None req-66762f9e-0799-48a4-bea9-e03a469ef50e 1b0876df02334129b92b2d722f1cd77c 0260cfb263d24a3c98a9634187bd71e5 - - default default] No more DHCP agents
2026-04-22 19:44:27.842 9 WARNING neutron.api.rpc.agentnotifiers.dhcp_rpc_agent_api [None req-66762f9e-0799-48a4-bea9-e03a469ef50e 1b0876df02334129b92b2d722f1cd77c 0260cfb263d24a3c98a9634187bd71e5 - - default default] Unable to schedule network 3e8fce04-bcff-45f7-bf7d-b8ddc314d64c: no agents available; will retry on subsequent port and subnet creation events.
2026-04-22 19:44:27.861 10 WARNING neutron.scheduler.dhcp_agent_scheduler [None req-550a6170-c0c3-4182-bc76-131a49d6f2d6 1b0876df02334129b92b2d722f1cd77c 0260cfb263d24a3c98a9634187bd71e5 - - default default] No more DHCP agents
2026-04-22 19:44:27.862 10 WARNING neutron.api.rpc.agentnotifiers.dhcp_rpc_agent_api [None req-550a6170-c0c3-4182-bc76-131a49d6f2d6 1b0876df02334129b92b2d722f1cd77c 0260cfb263d24a3c98a9634187bd71e5 - - default default] Unable to schedule network 37eda0b5-06fc-4ea0-8a38-f9143a7e3e4b: no agents available; will retry on subsequent port and subnet creation events.
2026-04-22 19:44:27.904 10 INFO neutron.db.ovn_revision_numbers_db [None req-a6673f72-9dd9-4801-8caa-151a462683b9 1b0876df02334129b92b2d722f1cd77c 0260cfb263d24a3c98a9634187bd71e5 - - default default] Successfully bumped revision number for resource 0f2a603c-a6ac-490c-a696-3ff5abeb5d6e (type: ports) to 1
2026-04-22 19:44:27.909 9 INFO neutron.db.ovn_revision_numbers_db [None req-66762f9e-0799-48a4-bea9-e03a469ef50e 1b0876df02334129b92b2d722f1cd77c 0260cfb263d24a3c98a9634187bd71e5 - - default default] Successfully bumped revision number for resource 4165654a-3d4e-4282-b486-7c38c18da9c0 (type: ports) to 1
2026-04-22 19:44:27.926 10 INFO neutron.api.wsgi [None req-a6673f72-9dd9-4801-8caa-151a462683b9 1b0876df02334129b92b2d722f1cd77c 0260cfb263d24a3c98a9634187bd71e5 - - default default] 10.0.0.103 "POST /v2.0/networks HTTP/1.1" status: 201 len: 953 time: 0.8609822
2026-04-22 19:44:27.938 10 INFO neutron.db.ovn_revision_numbers_db [None req-550a6170-c0c3-4182-bc76-131a49d6f2d6 1b0876df02334129b92b2d722f1cd77c 0260cfb263d24a3c98a9634187bd71e5 - - default default] Successfully bumped revision number for resource 431981f7-4c2a-4c30-a884-26af6a23e767 (type: ports) to 1
2026-04-22 19:44:27.946 9 INFO neutron.api.wsgi [None req-66762f9e-0799-48a4-bea9-e03a469ef50e 1b0876df02334129b92b2d722f1cd77c 0260cfb263d24a3c98a9634187bd71e5 - - default default] 10.0.0.103 "POST /v2.0/networks HTTP/1.1" status: 201 len: 949 time: 0.8439584
2026-04-22 19:44:27.962 10 INFO neutron.api.wsgi [None req-550a6170-c0c3-4182-bc76-131a49d6f2d6 1b0876df02334129b92b2d722f1cd77c 0260cfb263d24a3c98a9634187bd71e5 - - default default] 10.0.0.103 "POST /v2.0/networks HTTP/1.1" status: 201 len: 940 time: 0.8606501
2026-04-22 19:44:28.083 10 WARNING neutron.scheduler.dhcp_agent_scheduler [None req-f8ac34c1-64ba-4353-9154-0c9227414164 1b0876df02334129b92b2d722f1cd77c 0260cfb263d24a3c98a9634187bd71e5 - - default default] No more DHCP agents
2026-04-22 19:44:28.086 10 WARNING neutron.api.rpc.agentnotifiers.dhcp_rpc_agent_api [None req-f8ac34c1-64ba-4353-9154-0c9227414164 1b0876df02334129b92b2d722f1cd77c 0260cfb263d24a3c98a9634187bd71e5 - - default default] Unable to schedule network 1f3511af-d906-4ac5-8e46-636a9c99db6f: no agents available; will retry on subsequent port and subnet creation events.
2026-04-22 19:44:28.088 9 INFO neutron.db.ovn_revision_numbers_db [None req-10d143dc-5f05-4119-b77a-5a388946b981 1b0876df02334129b92b2d722f1cd77c 0260cfb263d24a3c98a9634187bd71e5 - - default default] Successfully bumped revision number for resource 8db4b57a-f84b-4586-b1ea-9f5329816171 (type: security_groups) to 1
2026-04-22 19:44:28.106 9 INFO neutron.db.ovn_revision_numbers_db [None req-10d143dc-5f05-4119-b77a-5a388946b981 1b0876df02334129b92b2d722f1cd77c 0260cfb263d24a3c98a9634187bd71e5 - - default default] Successfully bumped revision number for resource 1c8aeb41-58aa-44b6-ab46-ee7d3bf02c47 (type: security_group_rules) to 0
2026-04-22 19:44:28.118 9 WARNING neutron.scheduler.dhcp_agent_scheduler [None req-7979d923-6111-4f04-b125-41689a2d7587 1b0876df02334129b92b2d722f1cd77c 0260cfb263d24a3c98a9634187bd71e5 - - default default] No more DHCP agents
2026-04-22 19:44:28.119 9 INFO neutron.db.ovn_revision_numbers_db [None req-10d143dc-5f05-4119-b77a-5a388946b981 1b0876df02334129b92b2d722f1cd77c 0260cfb263d24a3c98a9634187bd71e5 - - default default] Successfully bumped revision number for resource 3b6a5f94-9835-49f9-8af9-62585900a278 (type: security_group_rules) to 0
2026-04-22 19:44:28.120 9 WARNING neutron.api.rpc.agentnotifiers.dhcp_rpc_agent_api [None req-7979d923-6111-4f04-b125-41689a2d7587 1b0876df02334129b92b2d722f1cd77c 0260cfb263d24a3c98a9634187bd71e5 - - default default] Unable to schedule network 3e8fce04-bcff-45f7-bf7d-b8ddc314d64c: no agents available; will retry on subsequent port and subnet creation events.
2026-04-22 19:44:28.122 10 WARNING neutron.scheduler.dhcp_agent_scheduler [None req-3167b6d6-7630-4223-a7c3-f59f7515196a 1b0876df02334129b92b2d722f1cd77c 0260cfb263d24a3c98a9634187bd71e5 - - default default] No more DHCP agents
2026-04-22 19:44:28.123 10 WARNING neutron.api.rpc.agentnotifiers.dhcp_rpc_agent_api [None req-3167b6d6-7630-4223-a7c3-f59f7515196a 1b0876df02334129b92b2d722f1cd77c 0260cfb263d24a3c98a9634187bd71e5 - - default default] Unable to schedule network 37eda0b5-06fc-4ea0-8a38-f9143a7e3e4b: no agents available; will retry on subsequent port and subnet creation events.
2026-04-22 19:44:28.144 9 INFO neutron.db.ovn_revision_numbers_db [None req-10d143dc-5f05-4119-b77a-5a388946b981 1b0876df02334129b92b2d722f1cd77c 0260cfb263d24a3c98a9634187bd71e5 - - default default] Successfully bumped revision number for resource 6b2dfbe8-9f52-42ba-949b-9e24b9832461 (type: security_group_rules) to 0
2026-04-22 19:44:28.161 9 INFO neutron.db.ovn_revision_numbers_db [None req-10d143dc-5f05-4119-b77a-5a388946b981 1b0876df02334129b92b2d722f1cd77c 0260cfb263d24a3c98a9634187bd71e5 - - default default] Successfully bumped revision number for resource f14a4f13-3a50-4af6-a0f7-812e85f3a6db (type: security_group_rules) to 0
2026-04-22 19:44:28.215 9 INFO neutron.api.wsgi [None req-10d143dc-5f05-4119-b77a-5a388946b981 1b0876df02334129b92b2d722f1cd77c 0260cfb263d24a3c98a9634187bd71e5 - - default default] 10.0.0.103 "GET /v2.0/security-groups?tenant_id=a945c4158e974c59857ea63c28aa95b0&name=default HTTP/1.1" status: 200 len: 3116 time: 0.3805714
2026-04-22 19:44:28.509 10 INFO neutron.db.ovn_revision_numbers_db [None req-a4273730-2438-40bc-9239-b5db30d7c5bf - - - - - -] Successfully bumped revision number for resource 0f2a603c-a6ac-490c-a696-3ff5abeb5d6e (type: ports) to 2
2026-04-22 19:44:28.534 10 INFO neutron.db.ovn_revision_numbers_db [None req-f3e1b9e3-22c6-4d29-ac50-27f3d8dfb19a - - - - - -] Successfully bumped revision number for resource 431981f7-4c2a-4c30-a884-26af6a23e767 (type: ports) to 2
2026-04-22 19:44:28.537 10 INFO neutron.db.ovn_revision_numbers_db [None req-a4273730-2438-40bc-9239-b5db30d7c5bf - - - - - -] Successfully bumped revision number for resource c5f65e1f-24a6-4f81-8b85-7eb057be6fae (type: subnets) to 0
2026-04-22 19:44:28.552 10 INFO neutron.api.wsgi [None req-f8ac34c1-64ba-4353-9154-0c9227414164 1b0876df02334129b92b2d722f1cd77c 0260cfb263d24a3c98a9634187bd71e5 - - default default] 10.0.0.103 "POST /v2.0/subnets HTTP/1.1" status: 201 len: 897 time: 0.6208611
2026-04-22 19:44:28.567 10 INFO neutron.db.ovn_revision_numbers_db [None req-f3e1b9e3-22c6-4d29-ac50-27f3d8dfb19a - - - - - -] Successfully bumped revision number for resource f67d56f9-e626-4e95-a873-335cbc6a665f (type: subnets) to 0
2026-04-22 19:44:28.581 10 INFO neutron.api.wsgi [None req-3167b6d6-7630-4223-a7c3-f59f7515196a 1b0876df02334129b92b2d722f1cd77c 0260cfb263d24a3c98a9634187bd71e5 - - default default] 10.0.0.103 "POST /v2.0/subnets HTTP/1.1" status: 201 len: 884 time: 0.6136048
2026-04-22 19:44:28.720 9 INFO neutron.api.wsgi [None req-847bb7ef-0e61-429c-abbc-54ca802d6f88 1b0876df02334129b92b2d722f1cd77c 0260cfb263d24a3c98a9634187bd71e5 - - default default] 10.0.0.103 "DELETE /v2.0/security-groups/8db4b57a-f84b-4586-b1ea-9f5329816171 HTTP/1.1" status: 204 len: 168 time: 0.4982855
2026-04-22 19:44:28.836 9 INFO neutron.db.ovn_revision_numbers_db [None req-ca5ccf83-09c3-4073-b172-6cbea5b32fa5 - - - - - -] Successfully bumped revision number for resource 4165654a-3d4e-4282-b486-7c38c18da9c0 (type: ports) to 2
2026-04-22 19:44:28.867 9 INFO neutron.db.ovn_revision_numbers_db [None req-ca5ccf83-09c3-4073-b172-6cbea5b32fa5 - - - - - -] Successfully bumped revision number for resource 63020df6-a537-433f-9eb2-a0ec97d94100 (type: subnets) to 0
2026-04-22 19:44:28.881 9 INFO neutron.api.wsgi [None req-7979d923-6111-4f04-b125-41689a2d7587 1b0876df02334129b92b2d722f1cd77c 0260cfb263d24a3c98a9634187bd71e5 - - default default] 10.0.0.103 "POST /v2.0/subnets HTTP/1.1" status: 201 len: 893 time: 0.9311423
2026-04-22 19:44:29.244 10 WARNING neutron.scheduler.dhcp_agent_scheduler [None req-b2af0801-3507-4cbc-a11f-73ffe57c2b0e 1b0876df02334129b92b2d722f1cd77c 0260cfb263d24a3c98a9634187bd71e5 - - default default] No more DHCP agents
2026-04-22 19:44:29.246 10 WARNING neutron.api.rpc.agentnotifiers.dhcp_rpc_agent_api [None req-b2af0801-3507-4cbc-a11f-73ffe57c2b0e 1b0876df02334129b92b2d722f1cd77c 0260cfb263d24a3c98a9634187bd71e5 - - default default] Unable to schedule network 65b9ae3a-a70d-4cb9-87fc-09a70acd4df8: no agents available; will retry on subsequent port and subnet creation events.
2026-04-22 19:44:29.258 10 WARNING neutron.scheduler.dhcp_agent_scheduler [None req-3402c091-f8de-474d-90b8-03e4071b2333 1b0876df02334129b92b2d722f1cd77c 0260cfb263d24a3c98a9634187bd71e5 - - default default] No more DHCP agents
2026-04-22 19:44:29.259 10 WARNING neutron.api.rpc.agentnotifiers.dhcp_rpc_agent_api [None req-3402c091-f8de-474d-90b8-03e4071b2333 1b0876df02334129b92b2d722f1cd77c 0260cfb263d24a3c98a9634187bd71e5 - - default default] Unable to schedule network 65b9ae3a-a70d-4cb9-87fc-09a70acd4df8: no agents available; will retry on subsequent port and subnet creation events.
2026-04-22 19:44:29.348 10 INFO neutron.db.ovn_revision_numbers_db [None req-b2af0801-3507-4cbc-a11f-73ffe57c2b0e 1b0876df02334129b92b2d722f1cd77c 0260cfb263d24a3c98a9634187bd71e5 - - default default] Successfully bumped revision number for resource 2517522e-6497-4ebe-aef3-dfc76b4bafb7 (type: ports) to 1
2026-04-22 19:44:29.377 10 INFO neutron.db.ovn_revision_numbers_db [None req-3402c091-f8de-474d-90b8-03e4071b2333 1b0876df02334129b92b2d722f1cd77c 0260cfb263d24a3c98a9634187bd71e5 - - default default] Successfully bumped revision number for resource a7ba6abd-0e3f-47e1-9a76-a5508e90785b (type: ports) to 1
2026-04-22 19:44:29.750 10 INFO neutron.plugins.ml2.drivers.ovn.mech_driver.ovsdb.extensions.qos [None req-b2af0801-3507-4cbc-a11f-73ffe57c2b0e 1b0876df02334129b92b2d722f1cd77c 0260cfb263d24a3c98a9634187bd71e5 - - default default] Starting OVNClientQosExtension
2026-04-22 19:44:29.959 9 WARNING neutron.scheduler.dhcp_agent_scheduler [None req-3c3335d5-47ff-4cbc-8e08-03e0156f1651 1b0876df02334129b92b2d722f1cd77c 0260cfb263d24a3c98a9634187bd71e5 - - default default] No more DHCP agents
2026-04-22 19:44:29.961 9 WARNING neutron.api.rpc.agentnotifiers.dhcp_rpc_agent_api [None req-3c3335d5-47ff-4cbc-8e08-03e0156f1651 1b0876df02334129b92b2d722f1cd77c 0260cfb263d24a3c98a9634187bd71e5 - - default default] Unable to schedule network 65b9ae3a-a70d-4cb9-87fc-09a70acd4df8: no agents available; will retry on subsequent port and subnet creation events.
2026-04-22 19:44:30.072 9 INFO neutron.db.ovn_revision_numbers_db [None req-3c3335d5-47ff-4cbc-8e08-03e0156f1651 1b0876df02334129b92b2d722f1cd77c 0260cfb263d24a3c98a9634187bd71e5 - - default default] Successfully bumped revision number for resource b51856c9-28e9-4172-b416-41b370b679b5 (type: ports) to 1
2026-04-22 19:44:30.135 10 INFO neutron.plugins.ml2.drivers.ovn.mech_driver.ovsdb.commands [None req-32a644b4-6b7f-482e-9872-12fefd0f51eb - - - - - -] Schedule LRP lrp-2517522e-6497-4ebe-aef3-dfc76b4bafb7 on gateway 390f2752-d405-4cd1-a80f-8561e0f774de with priority 1
2026-04-22 19:44:30.143 10 INFO neutron.plugins.ml2.drivers.ovn.mech_driver.mech_driver [None req-d536a9c6-3c54-41fe-af66-81fe3f27a913 - - - - - -] OVN reports status up for port: 2517522e-6497-4ebe-aef3-dfc76b4bafb7
2026-04-22 19:44:30.152 9 INFO neutron.plugins.ml2.drivers.ovn.mech_driver.ovsdb.ovsdb_monitor [-] Router 494ac878-e1a6-4442-ad02-c3845d29415d is bound to host instance
2026-04-22 19:44:30.169 10 INFO neutron.plugins.ml2.plugin [None req-d536a9c6-3c54-41fe-af66-81fe3f27a913 - - - - - -] Attempt 1 to provision port 2517522e-6497-4ebe-aef3-dfc76b4bafb7
2026-04-22 19:44:30.186 10 INFO neutron.db.ovn_revision_numbers_db [None req-b2af0801-3507-4cbc-a11f-73ffe57c2b0e 1b0876df02334129b92b2d722f1cd77c 0260cfb263d24a3c98a9634187bd71e5 - - default default] Successfully bumped revision number for resource 2517522e-6497-4ebe-aef3-dfc76b4bafb7 (type: router_ports) to 1
2026-04-22 19:44:30.214 10 INFO neutron.plugins.ml2.drivers.ovn.mech_driver.ovsdb.commands [None req-32a644b4-6b7f-482e-9872-12fefd0f51eb - - - - - -] Schedule LRP lrp-a7ba6abd-0e3f-47e1-9a76-a5508e90785b on gateway 390f2752-d405-4cd1-a80f-8561e0f774de with priority 1
2026-04-22 19:44:30.231 9 INFO neutron.plugins.ml2.drivers.ovn.mech_driver.mech_driver [None req-fc4b923a-a09b-416f-b1c9-14b957bb4b3b - - - - - -] OVN reports status up for port: a7ba6abd-0e3f-47e1-9a76-a5508e90785b
2026-04-22 19:44:30.250 9 INFO neutron.plugins.ml2.plugin [None req-fc4b923a-a09b-416f-b1c9-14b957bb4b3b - - - - - -] Attempt 1 to provision port a7ba6abd-0e3f-47e1-9a76-a5508e90785b
2026-04-22 19:44:30.255 10 INFO neutron.plugins.ml2.drivers.ovn.mech_driver.ovsdb.ovsdb_monitor [-] Router 9c2f537f-efb1-4430-90f0-b3439696939b is bound to host instance
2026-04-22 19:44:30.295 10 INFO neutron.db.ovn_revision_numbers_db [None req-b2af0801-3507-4cbc-a11f-73ffe57c2b0e 1b0876df02334129b92b2d722f1cd77c 0260cfb263d24a3c98a9634187bd71e5 - - default default] Successfully bumped revision number for resource 494ac878-e1a6-4442-ad02-c3845d29415d (type: routers) to 2
2026-04-22 19:44:30.306 10 INFO neutron.db.ovn_revision_numbers_db [None req-3402c091-f8de-474d-90b8-03e4071b2333 1b0876df02334129b92b2d722f1cd77c 0260cfb263d24a3c98a9634187bd71e5 - - default default] Successfully bumped revision number for resource a7ba6abd-0e3f-47e1-9a76-a5508e90785b (type: router_ports) to 1
2026-04-22 19:44:30.312 10 INFO neutron.api.wsgi [None req-b2af0801-3507-4cbc-a11f-73ffe57c2b0e 1b0876df02334129b92b2d722f1cd77c 0260cfb263d24a3c98a9634187bd71e5 - - default default] 10.0.0.103 "POST /v2.0/routers HTTP/1.1" status: 201 len: 1162 time: 1.7249887
2026-04-22 19:44:30.385 10 INFO neutron.db.ovn_revision_numbers_db [None req-3402c091-f8de-474d-90b8-03e4071b2333 1b0876df02334129b92b2d722f1cd77c 0260cfb263d24a3c98a9634187bd71e5 - - default default] Successfully bumped revision number for resource 9c2f537f-efb1-4430-90f0-b3439696939b (type: routers) to 2
2026-04-22 19:44:30.401 10 INFO neutron.api.wsgi [None req-3402c091-f8de-474d-90b8-03e4071b2333 1b0876df02334129b92b2d722f1cd77c 0260cfb263d24a3c98a9634187bd71e5 - - default default] 10.0.0.103 "POST /v2.0/routers HTTP/1.1" status: 201 len: 1175 time: 1.8443260
2026-04-22 19:44:30.713 9 INFO neutron.plugins.ml2.drivers.ovn.mech_driver.ovsdb.extensions.qos [None req-3c3335d5-47ff-4cbc-8e08-03e0156f1651 1b0876df02334129b92b2d722f1cd77c 0260cfb263d24a3c98a9634187bd71e5 - - default default] Starting OVNClientQosExtension
2026-04-22 19:44:30.809 10 INFO neutron.db.ovn_revision_numbers_db [None req-6c16fb5d-8355-4314-a973-063a21567fe0 1b0876df02334129b92b2d722f1cd77c 0260cfb263d24a3c98a9634187bd71e5 - - default default] Successfully bumped revision number for resource 7c3a6981-d738-4c79-a408-b07e512a0c3e (type: security_groups) to 1
2026-04-22 19:44:30.811 10 INFO neutron.db.ovn_revision_numbers_db [None req-9b122980-e244-4dd4-a9b1-74d8b755b63c - - - - - -] Successfully bumped revision number for resource a7ba6abd-0e3f-47e1-9a76-a5508e90785b (type: ports) to 1
2026-04-22 19:44:30.837 10 INFO neutron.db.ovn_revision_numbers_db [None req-6c16fb5d-8355-4314-a973-063a21567fe0 1b0876df02334129b92b2d722f1cd77c 0260cfb263d24a3c98a9634187bd71e5 - - default default] Successfully bumped revision number for resource 1da36f11-7960-42ab-acce-2c6955fc8d9a (type: security_group_rules) to 0
2026-04-22 19:44:30.862 10 INFO neutron.db.ovn_revision_numbers_db [None req-6c16fb5d-8355-4314-a973-063a21567fe0 1b0876df02334129b92b2d722f1cd77c 0260cfb263d24a3c98a9634187bd71e5 - - default default] Successfully bumped revision number for resource 42adda1e-bf02-42dc-8048-9727e6a6dff5 (type: security_group_rules) to 0
2026-04-22 19:44:30.882 10 INFO neutron.db.ovn_revision_numbers_db [None req-6c16fb5d-8355-4314-a973-063a21567fe0 1b0876df02334129b92b2d722f1cd77c 0260cfb263d24a3c98a9634187bd71e5 - - default default] Successfully bumped revision number for resource 799460b9-aed8-4290-aa2b-ec84a9a8ed4d (type: security_group_rules) to 0
2026-04-22 19:44:30.989 10 INFO neutron.db.ovn_revision_numbers_db [None req-6c16fb5d-8355-4314-a973-063a21567fe0 1b0876df02334129b92b2d722f1cd77c 0260cfb263d24a3c98a9634187bd71e5 - - default default] Successfully bumped revision number for resource 7c7693cf-9de5-4680-8b91-928f4a714074 (type: security_group_rules) to 0
2026-04-22 19:44:31.030 10 WARNING neutron.scheduler.dhcp_agent_scheduler [None req-64fb341a-5400-49ee-8ddc-1f4ffac26b1e 1b0876df02334129b92b2d722f1cd77c 0260cfb263d24a3c98a9634187bd71e5 - - default default] No more DHCP agents
2026-04-22 19:44:31.032 10 WARNING neutron.api.rpc.agentnotifiers.dhcp_rpc_agent_api [None req-64fb341a-5400-49ee-8ddc-1f4ffac26b1e 1b0876df02334129b92b2d722f1cd77c 0260cfb263d24a3c98a9634187bd71e5 - - default default] Unable to schedule network 1f3511af-d906-4ac5-8e46-636a9c99db6f: no agents available; will retry on subsequent port and subnet creation events.
2026-04-22 19:44:31.072 10 INFO neutron.db.segments_db [None req-6c16fb5d-8355-4314-a973-063a21567fe0 1b0876df02334129b92b2d722f1cd77c 0260cfb263d24a3c98a9634187bd71e5 - - default default] Added segment 60042609-d964-46d2-8b62-cc5b14688624 of type geneve for network 988b31b7-87b2-4fc1-bae4-bc6fc4008e38
2026-04-22 19:44:31.121 9 INFO neutron.db.ovn_revision_numbers_db [None req-007dd92e-0c7c-4a60-b0ad-6261cbfd5c16 - - - - - -] Successfully bumped revision number for resource 2517522e-6497-4ebe-aef3-dfc76b4bafb7 (type: ports) to 1
2026-04-22 19:44:31.188 10 INFO neutron.db.ovn_revision_numbers_db [None req-64fb341a-5400-49ee-8ddc-1f4ffac26b1e 1b0876df02334129b92b2d722f1cd77c 0260cfb263d24a3c98a9634187bd71e5 - - default default] Successfully bumped revision number for resource 03a92cd1-e036-4027-85d7-b758750dd3d8 (type: ports) to 1
2026-04-22 19:44:31.239 9 WARNING neutron.scheduler.dhcp_agent_scheduler [None req-cf4635dc-5e62-48c4-ad09-c731b7c3d0d9 1b0876df02334129b92b2d722f1cd77c 0260cfb263d24a3c98a9634187bd71e5 - - default default] No more DHCP agents
2026-04-22 19:44:31.243 9 WARNING neutron.api.rpc.agentnotifiers.dhcp_rpc_agent_api [None req-cf4635dc-5e62-48c4-ad09-c731b7c3d0d9 1b0876df02334129b92b2d722f1cd77c 0260cfb263d24a3c98a9634187bd71e5 - - default default] Unable to schedule network 37eda0b5-06fc-4ea0-8a38-f9143a7e3e4b: no agents available; will retry on subsequent port and subnet creation events.
2026-04-22 19:44:31.260 10 INFO neutron.db.ovn_revision_numbers_db [None req-6c16fb5d-8355-4314-a973-063a21567fe0 1b0876df02334129b92b2d722f1cd77c 0260cfb263d24a3c98a9634187bd71e5 - - default default] Successfully bumped revision number for resource 988b31b7-87b2-4fc1-bae4-bc6fc4008e38 (type: networks) to 1
2026-04-22 19:44:31.273 9 INFO neutron.plugins.ml2.drivers.ovn.mech_driver.ovsdb.commands [None req-32a65334-f548-4f09-8a46-e05dc656623a - - - - - -] Schedule LRP lrp-b51856c9-28e9-4172-b416-41b370b679b5 on gateway 390f2752-d405-4cd1-a80f-8561e0f774de with priority 1
2026-04-22 19:44:31.323 9 INFO neutron.db.ovn_revision_numbers_db [None req-3c3335d5-47ff-4cbc-8e08-03e0156f1651 1b0876df02334129b92b2d722f1cd77c 0260cfb263d24a3c98a9634187bd71e5 - - default default] Successfully bumped revision number for resource b51856c9-28e9-4172-b416-41b370b679b5 (type: router_ports) to 1
2026-04-22 19:44:31.411 9 INFO neutron.db.ovn_revision_numbers_db [None req-3c3335d5-47ff-4cbc-8e08-03e0156f1651 1b0876df02334129b92b2d722f1cd77c 0260cfb263d24a3c98a9634187bd71e5 - - default default] Successfully bumped revision number for resource d61412e9-cd00-407e-9652-a3f2506ab705 (type: routers) to 2
2026-04-22 19:44:31.420 10 INFO neutron.db.ovn_revision_numbers_db [None req-9b122980-e244-4dd4-a9b1-74d8b755b63c - - - - - -] Successfully bumped revision number for resource a7ba6abd-0e3f-47e1-9a76-a5508e90785b (type: ports) to 4
2026-04-22 19:44:31.440 9 INFO neutron.api.wsgi [None req-3c3335d5-47ff-4cbc-8e08-03e0156f1651 1b0876df02334129b92b2d722f1cd77c 0260cfb263d24a3c98a9634187bd71e5 - - default default] 10.0.0.103 "POST /v2.0/routers HTTP/1.1" status: 201 len: 1171 time: 2.5530455
2026-04-22 19:44:31.454 9 INFO neutron.db.ovn_revision_numbers_db [None req-cf4635dc-5e62-48c4-ad09-c731b7c3d0d9 1b0876df02334129b92b2d722f1cd77c 0260cfb263d24a3c98a9634187bd71e5 - - default default] Successfully bumped revision number for resource e4ad58f6-9b46-4d90-962d-985dd3d74b19 (type: ports) to 1
2026-04-22 19:44:31.522 10 WARNING neutron.scheduler.dhcp_agent_scheduler [None req-6c16fb5d-8355-4314-a973-063a21567fe0 1b0876df02334129b92b2d722f1cd77c 0260cfb263d24a3c98a9634187bd71e5 - - default default] No more DHCP agents
2026-04-22 19:44:31.526 10 WARNING neutron.api.rpc.agentnotifiers.dhcp_rpc_agent_api [None req-6c16fb5d-8355-4314-a973-063a21567fe0 1b0876df02334129b92b2d722f1cd77c 0260cfb263d24a3c98a9634187bd71e5 - - default default] Unable to schedule network 988b31b7-87b2-4fc1-bae4-bc6fc4008e38: no agents available; will retry on subsequent port and subnet creation events.
2026-04-22 19:44:31.637 10 INFO neutron.db.ovn_revision_numbers_db [None req-6c16fb5d-8355-4314-a973-063a21567fe0 1b0876df02334129b92b2d722f1cd77c 0260cfb263d24a3c98a9634187bd71e5 - - default default] Successfully bumped revision number for resource 3a8ab340-1d85-4d2a-a023-2aab9304d3b0 (type: ports) to 1
2026-04-22 19:44:31.675 10 INFO neutron.api.wsgi [None req-6c16fb5d-8355-4314-a973-063a21567fe0 1b0876df02334129b92b2d722f1cd77c 0260cfb263d24a3c98a9634187bd71e5 - - default default] 10.0.0.103 "POST /v2.0/networks HTTP/1.1" status: 201 len: 949 time: 1.2402203
2026-04-22 19:44:31.923 9 INFO neutron.db.ovn_revision_numbers_db [None req-007dd92e-0c7c-4a60-b0ad-6261cbfd5c16 - - - - - -] Successfully bumped revision number for resource 2517522e-6497-4ebe-aef3-dfc76b4bafb7 (type: ports) to 4
2026-04-22 19:44:31.945 10 WARNING neutron.scheduler.dhcp_agent_scheduler [None req-372e9c70-9b07-4ad2-ba3f-e5fea94e49a4 1b0876df02334129b92b2d722f1cd77c 0260cfb263d24a3c98a9634187bd71e5 - - default default] No more DHCP agents
2026-04-22 19:44:31.949 10 WARNING neutron.api.rpc.agentnotifiers.dhcp_rpc_agent_api [None req-372e9c70-9b07-4ad2-ba3f-e5fea94e49a4 1b0876df02334129b92b2d722f1cd77c 0260cfb263d24a3c98a9634187bd71e5 - - default default] Unable to schedule network 988b31b7-87b2-4fc1-bae4-bc6fc4008e38: no agents available; will retry on subsequent port and subnet creation events.
2026-04-22 19:44:31.964 10 INFO neutron.db.ovn_revision_numbers_db [None req-9b122980-e244-4dd4-a9b1-74d8b755b63c - - - - - -] Successfully bumped revision number for resource a7ba6abd-0e3f-47e1-9a76-a5508e90785b (type: ports) to 5
2026-04-22 19:44:32.105 10 INFO neutron.db.ovn_revision_numbers_db [None req-64fb341a-5400-49ee-8ddc-1f4ffac26b1e 1b0876df02334129b92b2d722f1cd77c 0260cfb263d24a3c98a9634187bd71e5 - - default default] Successfully bumped revision number for resource 03a92cd1-e036-4027-85d7-b758750dd3d8 (type: ports) to 1
2026-04-22 19:44:32.173 10 WARNING neutron.scheduler.dhcp_agent_scheduler [None req-64fb341a-5400-49ee-8ddc-1f4ffac26b1e 1b0876df02334129b92b2d722f1cd77c 0260cfb263d24a3c98a9634187bd71e5 - - default default] No more DHCP agents
2026-04-22 19:44:32.176 10 WARNING neutron.api.rpc.agentnotifiers.dhcp_rpc_agent_api [None req-64fb341a-5400-49ee-8ddc-1f4ffac26b1e 1b0876df02334129b92b2d722f1cd77c 0260cfb263d24a3c98a9634187bd71e5 - - default default] Unable to schedule network 1f3511af-d906-4ac5-8e46-636a9c99db6f: no agents available; will retry on subsequent port and subnet creation events.
2026-04-22 19:44:32.371 9 WARNING neutron.scheduler.dhcp_agent_scheduler [None req-2caf602b-85c1-4113-b56a-c7158a6b6e45 1b0876df02334129b92b2d722f1cd77c 0260cfb263d24a3c98a9634187bd71e5 - - default default] No more DHCP agents
2026-04-22 19:44:32.377 9 WARNING neutron.api.rpc.agentnotifiers.dhcp_rpc_agent_api [None req-2caf602b-85c1-4113-b56a-c7158a6b6e45 1b0876df02334129b92b2d722f1cd77c 0260cfb263d24a3c98a9634187bd71e5 - - default default] Unable to schedule network 3e8fce04-bcff-45f7-bf7d-b8ddc314d64c: no agents available; will retry on subsequent port and subnet creation events.
2026-04-22 19:44:32.411 9 INFO neutron.db.ovn_revision_numbers_db [None req-007dd92e-0c7c-4a60-b0ad-6261cbfd5c16 - - - - - -] Successfully bumped revision number for resource 2517522e-6497-4ebe-aef3-dfc76b4bafb7 (type: ports) to 5
2026-04-22 19:44:32.526 9 INFO neutron.plugins.ml2.drivers.ovn.mech_driver.ovsdb.ovsdb_monitor [None req-007dd92e-0c7c-4a60-b0ad-6261cbfd5c16 - - - - - -] Router d61412e9-cd00-407e-9652-a3f2506ab705 is bound to host instance
2026-04-22 19:44:32.541 9 INFO neutron.db.ovn_revision_numbers_db [None req-cf4635dc-5e62-48c4-ad09-c731b7c3d0d9 1b0876df02334129b92b2d722f1cd77c 0260cfb263d24a3c98a9634187bd71e5 - - default default] Successfully bumped revision number for resource e4ad58f6-9b46-4d90-962d-985dd3d74b19 (type: ports) to 1
2026-04-22 19:44:32.547 9 INFO neutron.db.ovn_revision_numbers_db [None req-2caf602b-85c1-4113-b56a-c7158a6b6e45 1b0876df02334129b92b2d722f1cd77c 0260cfb263d24a3c98a9634187bd71e5 - - default default] Successfully bumped revision number for resource 73803e0f-cb09-4ff3-ab53-48e749f9e24d (type: ports) to 1
2026-04-22 19:44:32.615 10 INFO neutron.db.ovn_revision_numbers_db [None req-8805cb00-f43d-497d-9d23-34e60931417d - - - - - -] Successfully bumped revision number for resource 3a8ab340-1d85-4d2a-a023-2aab9304d3b0 (type: ports) to 2
2026-04-22 19:44:32.626 9 WARNING neutron.scheduler.dhcp_agent_scheduler [None req-cf4635dc-5e62-48c4-ad09-c731b7c3d0d9 1b0876df02334129b92b2d722f1cd77c 0260cfb263d24a3c98a9634187bd71e5 - - default default] No more DHCP agents
2026-04-22 19:44:32.628 9 WARNING neutron.api.rpc.agentnotifiers.dhcp_rpc_agent_api [None req-cf4635dc-5e62-48c4-ad09-c731b7c3d0d9 1b0876df02334129b92b2d722f1cd77c 0260cfb263d24a3c98a9634187bd71e5 - - default default] Unable to schedule network 37eda0b5-06fc-4ea0-8a38-f9143a7e3e4b: no agents available; will retry on subsequent port and subnet creation events.
2026-04-22 19:44:32.654 10 INFO neutron.db.ovn_revision_numbers_db [None req-8805cb00-f43d-497d-9d23-34e60931417d - - - - - -] Successfully bumped revision number for resource 7d4d23e8-9654-44ca-bb6f-dc9de925222e (type: subnets) to 0
2026-04-22 19:44:32.668 10 INFO neutron.api.wsgi [None req-372e9c70-9b07-4ad2-ba3f-e5fea94e49a4 1b0876df02334129b92b2d722f1cd77c 0260cfb263d24a3c98a9634187bd71e5 - - default default] 10.0.0.103 "POST /v2.0/subnets HTTP/1.1" status: 201 len: 893 time: 0.9859612
2026-04-22 19:44:32.987 10 INFO neutron.db.ovn_revision_numbers_db [None req-64fb341a-5400-49ee-8ddc-1f4ffac26b1e 1b0876df02334129b92b2d722f1cd77c 0260cfb263d24a3c98a9634187bd71e5 - - default default] Successfully bumped revision number for resource 03a92cd1-e036-4027-85d7-b758750dd3d8 (type: router_ports) to 1
2026-04-22 19:44:32.993 10 INFO neutron.api.wsgi [None req-64fb341a-5400-49ee-8ddc-1f4ffac26b1e 1b0876df02334129b92b2d722f1cd77c 0260cfb263d24a3c98a9634187bd71e5 - - default default] 10.0.0.103 "PUT /v2.0/routers/9c2f537f-efb1-4430-90f0-b3439696939b/add_router_interface HTTP/1.1" status: 200 len: 503 time: 2.5847776
2026-04-22 19:44:33.169 9 INFO neutron.plugins.ml2.drivers.ovn.mech_driver.mech_driver [None req-fc4b923a-a09b-416f-b1c9-14b957bb4b3b - - - - - -] OVN reports status up for port: b51856c9-28e9-4172-b416-41b370b679b5
2026-04-22 19:44:33.192 9 INFO neutron.plugins.ml2.plugin [None req-fc4b923a-a09b-416f-b1c9-14b957bb4b3b - - - - - -] Attempt 1 to provision port b51856c9-28e9-4172-b416-41b370b679b5
2026-04-22 19:44:33.275 10 INFO neutron.plugins.ml2.drivers.ovn.mech_driver.mech_driver [None req-d536a9c6-3c54-41fe-af66-81fe3f27a913 - - - - - -] OVN reports status up for port: 03a92cd1-e036-4027-85d7-b758750dd3d8
2026-04-22 19:44:33.283 10 INFO neutron.plugins.ml2.plugin [None req-d536a9c6-3c54-41fe-af66-81fe3f27a913 - - - - - -] Attempt 1 to provision port 03a92cd1-e036-4027-85d7-b758750dd3d8
2026-04-22 19:44:33.504 10 WARNING neutron_lib.context [None req-6aa3a7df-5051-46d8-abf9-3a244aa29ead 4fa234b93ec749cbbe136cf2c6410cfb 025f8fd9f99e452189b1a35eaca4a511 - - default default] Method 'is_advsvc' is deprecated since 2023.2 release (neutron-lib 3.8.0) and will be removed once support for the old RBAC API policies will be removed from Neutron. Please use method 'is_service_role' instead.
2026-04-22 19:44:33.549 9 INFO neutron.db.ovn_revision_numbers_db [None req-c90ae3cb-3421-4e3a-b54c-aef9234583b8 - - - - - -] Successfully bumped revision number for resource b51856c9-28e9-4172-b416-41b370b679b5 (type: ports) to 1
2026-04-22 19:44:33.627 9 WARNING neutron.scheduler.dhcp_agent_scheduler [None req-bb8dc020-c8a8-42e8-8308-4e0a7e2eb3d9 1b0876df02334129b92b2d722f1cd77c 0260cfb263d24a3c98a9634187bd71e5 - - default default] No more DHCP agents
2026-04-22 19:44:33.634 9 WARNING neutron.api.rpc.agentnotifiers.dhcp_rpc_agent_api [None req-bb8dc020-c8a8-42e8-8308-4e0a7e2eb3d9 1b0876df02334129b92b2d722f1cd77c 0260cfb263d24a3c98a9634187bd71e5 - - default default] Unable to schedule network 65b9ae3a-a70d-4cb9-87fc-09a70acd4df8: no agents available; will retry on subsequent port and subnet creation events.
2026-04-22 19:44:33.682 10 INFO neutron.db.ovn_revision_numbers_db [None req-d536a9c6-3c54-41fe-af66-81fe3f27a913 - - - - - -] Successfully bumped revision number for resource 03a92cd1-e036-4027-85d7-b758750dd3d8 (type: ports) to 2
2026-04-22 19:44:33.696 10 INFO neutron.db.ovn_revision_numbers_db [None req-6aa3a7df-5051-46d8-abf9-3a244aa29ead 4fa234b93ec749cbbe136cf2c6410cfb 025f8fd9f99e452189b1a35eaca4a511 - - default default] Successfully bumped revision number for resource 62ca605d-4212-4ddd-9b48-4876d1a7e488 (type: security_groups) to 1
2026-04-22 19:44:33.745 10 INFO neutron.db.ovn_revision_numbers_db [None req-6aa3a7df-5051-46d8-abf9-3a244aa29ead 4fa234b93ec749cbbe136cf2c6410cfb 025f8fd9f99e452189b1a35eaca4a511 - - default default] Successfully bumped revision number for resource 19e3554f-781b-4b07-9f7d-e123dd2542be (type: security_group_rules) to 0
2026-04-22 19:44:33.765 10 INFO neutron.db.ovn_revision_numbers_db [None req-6aa3a7df-5051-46d8-abf9-3a244aa29ead 4fa234b93ec749cbbe136cf2c6410cfb 025f8fd9f99e452189b1a35eaca4a511 - - default default] Successfully bumped revision number for resource 8e11b496-c28b-44d2-9d7f-db3fe19aceb0 (type: security_group_rules) to 0
2026-04-22 19:44:33.790 10 INFO neutron.api.wsgi [-] 10.0.0.125 "GET / HTTP/1.1" status: 200 len: 246 time: 0.0012496
2026-04-22 19:44:33.795 9 INFO neutron.api.wsgi [-] 10.0.0.125 "GET / HTTP/1.1" status: 200 len: 246 time: 0.0014763
2026-04-22 19:44:33.798 9 INFO neutron.plugins.ml2.drivers.ovn.mech_driver.mech_driver [None req-fc4b923a-a09b-416f-b1c9-14b957bb4b3b - - - - - -] OVN reports status up for port: 73803e0f-cb09-4ff3-ab53-48e749f9e24d
2026-04-22 19:44:33.812 10 INFO neutron.api.wsgi [None req-6aa3a7df-5051-46d8-abf9-3a244aa29ead 4fa234b93ec749cbbe136cf2c6410cfb 025f8fd9f99e452189b1a35eaca4a511 - - default default] 10.0.0.103 "POST /v2.0/security-groups HTTP/1.1" status: 201 len: 1860 time: 0.3138974
2026-04-22 19:44:33.823 10 WARNING neutron_lib.context [None req-26988f45-1114-4274-9fa9-f20417980517 4fa234b93ec749cbbe136cf2c6410cfb 025f8fd9f99e452189b1a35eaca4a511 - - default default] Method 'is_advsvc' is deprecated since 2023.2 release (neutron-lib 3.8.0) and will be removed once support for the old RBAC API policies will be removed from Neutron. Please use method 'is_service_role' instead.
2026-04-22 19:44:33.823 9 INFO neutron.plugins.ml2.plugin [None req-fc4b923a-a09b-416f-b1c9-14b957bb4b3b - - - - - -] Attempt 1 to provision port 73803e0f-cb09-4ff3-ab53-48e749f9e24d
2026-04-22 19:44:33.874 9 INFO neutron.db.ovn_revision_numbers_db [None req-2caf602b-85c1-4113-b56a-c7158a6b6e45 1b0876df02334129b92b2d722f1cd77c 0260cfb263d24a3c98a9634187bd71e5 - - default default] Successfully bumped revision number for resource 73803e0f-cb09-4ff3-ab53-48e749f9e24d (type: ports) to 1
2026-04-22 19:44:33.937 9 INFO neutron.db.ovn_revision_numbers_db [None req-bb8dc020-c8a8-42e8-8308-4e0a7e2eb3d9 1b0876df02334129b92b2d722f1cd77c 0260cfb263d24a3c98a9634187bd71e5 - - default default] Successfully bumped revision number for resource 3da3563e-d2c8-4507-a933-fc3e3d98cc81 (type: ports) to 1
2026-04-22 19:44:33.941 10 INFO neutron.db.ovn_revision_numbers_db [None req-26988f45-1114-4274-9fa9-f20417980517 4fa234b93ec749cbbe136cf2c6410cfb 025f8fd9f99e452189b1a35eaca4a511 - - default default] Successfully bumped revision number for resource efc2ef85-9e0f-4283-accf-682ece6cf484 (type: security_group_rules) to 0
2026-04-22 19:44:33.968 10 INFO neutron.api.wsgi [None req-26988f45-1114-4274-9fa9-f20417980517 4fa234b93ec749cbbe136cf2c6410cfb 025f8fd9f99e452189b1a35eaca4a511 - - default default] 10.0.0.103 "POST /v2.0/security-group-rules HTTP/1.1" status: 201 len: 796 time: 0.1506355
2026-04-22 19:44:33.979 10 WARNING neutron_lib.context [None req-71a1580e-be9d-4d5a-aa1e-14fa66c9a5ec 4fa234b93ec749cbbe136cf2c6410cfb 025f8fd9f99e452189b1a35eaca4a511 - - default default] Method 'is_advsvc' is deprecated since 2023.2 release (neutron-lib 3.8.0) and will be removed once support for the old RBAC API policies will be removed from Neutron. Please use method 'is_service_role' instead.
2026-04-22 19:44:34.021 9 WARNING neutron.scheduler.dhcp_agent_scheduler [None req-2caf602b-85c1-4113-b56a-c7158a6b6e45 1b0876df02334129b92b2d722f1cd77c 0260cfb263d24a3c98a9634187bd71e5 - - default default] No more DHCP agents
2026-04-22 19:44:34.026 9 WARNING neutron.api.rpc.agentnotifiers.dhcp_rpc_agent_api [None req-2caf602b-85c1-4113-b56a-c7158a6b6e45 1b0876df02334129b92b2d722f1cd77c 0260cfb263d24a3c98a9634187bd71e5 - - default default] Unable to schedule network 3e8fce04-bcff-45f7-bf7d-b8ddc314d64c: no agents available; will retry on subsequent port and subnet creation events.
2026-04-22 19:44:34.114 10 INFO neutron.db.ovn_revision_numbers_db [None req-71a1580e-be9d-4d5a-aa1e-14fa66c9a5ec 4fa234b93ec749cbbe136cf2c6410cfb 025f8fd9f99e452189b1a35eaca4a511 - - default default] Successfully bumped revision number for resource 5bdea7c6-ad01-437f-b8e7-d692644caef7 (type: security_group_rules) to 0
2026-04-22 19:44:34.147 10 INFO neutron.api.wsgi [None req-71a1580e-be9d-4d5a-aa1e-14fa66c9a5ec 4fa234b93ec749cbbe136cf2c6410cfb 025f8fd9f99e452189b1a35eaca4a511 - - default default] 10.0.0.103 "POST /v2.0/security-group-rules HTTP/1.1" status: 201 len: 801 time: 0.1716835
2026-04-22 19:44:34.150 9 INFO neutron.db.ovn_revision_numbers_db [None req-cf4635dc-5e62-48c4-ad09-c731b7c3d0d9 1b0876df02334129b92b2d722f1cd77c 0260cfb263d24a3c98a9634187bd71e5 - - default default] Successfully bumped revision number for resource e4ad58f6-9b46-4d90-962d-985dd3d74b19 (type: router_ports) to 1
2026-04-22 19:44:34.156 10 WARNING neutron_lib.context [None req-b5622445-2d65-46e7-84a1-f109cad63cf2 4fa234b93ec749cbbe136cf2c6410cfb 025f8fd9f99e452189b1a35eaca4a511 - - default default] Method 'is_advsvc' is deprecated since 2023.2 release (neutron-lib 3.8.0) and will be removed once support for the old RBAC API policies will be removed from Neutron. Please use method 'is_service_role' instead.
2026-04-22 19:44:34.158 9 INFO neutron.api.wsgi [None req-cf4635dc-5e62-48c4-ad09-c731b7c3d0d9 1b0876df02334129b92b2d722f1cd77c 0260cfb263d24a3c98a9634187bd71e5 - - default default] 10.0.0.103 "PUT /v2.0/routers/494ac878-e1a6-4442-ad02-c3845d29415d/add_router_interface HTTP/1.1" status: 200 len: 503 time: 3.8348715
2026-04-22 19:44:34.376 10 WARNING neutron.scheduler.dhcp_agent_scheduler [None req-b5622445-2d65-46e7-84a1-f109cad63cf2 4fa234b93ec749cbbe136cf2c6410cfb 025f8fd9f99e452189b1a35eaca4a511 - - default default] No more DHCP agents
2026-04-22 19:44:34.377 10 WARNING neutron.api.rpc.agentnotifiers.dhcp_rpc_agent_api [None req-b5622445-2d65-46e7-84a1-f109cad63cf2 4fa234b93ec749cbbe136cf2c6410cfb 025f8fd9f99e452189b1a35eaca4a511 - - default default] Unable to schedule network 65b9ae3a-a70d-4cb9-87fc-09a70acd4df8: no agents available; will retry on subsequent port and subnet creation events.
2026-04-22 19:44:34.411 9 INFO neutron.db.ovn_revision_numbers_db [None req-c90ae3cb-3421-4e3a-b54c-aef9234583b8 - - - - - -] Successfully bumped revision number for resource b51856c9-28e9-4172-b416-41b370b679b5 (type: ports) to 4
2026-04-22 19:44:34.650 10 INFO neutron.api.wsgi [None req-b5622445-2d65-46e7-84a1-f109cad63cf2 4fa234b93ec749cbbe136cf2c6410cfb 025f8fd9f99e452189b1a35eaca4a511 - - default default] 10.0.0.103 "POST /v2.0/floatingips HTTP/1.1" status: 201 len: 751 time: 0.4978688
