May 20 07:35:07.972860 np0000175311 neutron-periodic-workers[105106]: DEBUG cotyledon.oslo_config_glue [-] database.max_overflow = 50 {{(pid=105106) log_opt_values /opt/stack/data/venv/lib/python3.12/site-packages/oslo_config/cfg.py:3256}}
May 20 07:35:07.972900 np0000175311 neutron-periodic-workers[105106]: DEBUG cotyledon.oslo_config_glue [-] database.max_pool_size = 5 {{(pid=105106) log_opt_values /opt/stack/data/venv/lib/python3.12/site-packages/oslo_config/cfg.py:3256}}
May 20 07:35:07.972936 np0000175311 neutron-periodic-workers[105106]: DEBUG cotyledon.oslo_config_glue [-] database.max_retries = 10 {{(pid=105106) log_opt_values /opt/stack/data/venv/lib/python3.12/site-packages/oslo_config/cfg.py:3256}}
May 20 07:35:07.972986 np0000175311 neutron-periodic-workers[105106]: DEBUG cotyledon.oslo_config_glue [-] database.mysql_sql_mode = TRADITIONAL {{(pid=105106) log_opt_values /opt/stack/data/venv/lib/python3.12/site-packages/oslo_config/cfg.py:3256}}
May 20 07:35:07.973035 np0000175311 neutron-periodic-workers[105106]: DEBUG cotyledon.oslo_config_glue [-] database.mysql_wsrep_sync_wait = None {{(pid=105106) log_opt_values /opt/stack/data/venv/lib/python3.12/site-packages/oslo_config/cfg.py:3256}}
May 20 07:35:07.973078 np0000175311 neutron-periodic-workers[105106]: DEBUG cotyledon.oslo_config_glue [-] database.pool_timeout = None {{(pid=105106) log_opt_values /opt/stack/data/venv/lib/python3.12/site-packages/oslo_config/cfg.py:3256}}
May 20 07:35:07.973113 np0000175311 neutron-periodic-workers[105106]: DEBUG cotyledon.oslo_config_glue [-] database.retry_interval = 10 {{(pid=105106) log_opt_values /opt/stack/data/venv/lib/python3.12/site-packages/oslo_config/cfg.py:3256}}
May 20 07:35:07.973155 np0000175311 neutron-periodic-workers[105106]: DEBUG cotyledon.oslo_config_glue [-] database.slave_connection = **** {{(pid=105106) log_opt_values /opt/stack/data/venv/lib/python3.12/site-packages/oslo_config/cfg.py:3256}}
May 20 07:35:07.973201 np0000175311 neutron-periodic-workers[105106]: DEBUG cotyledon.oslo_config_glue [-] database.sqlite_synchronous = True {{(pid=105106) log_opt_values /opt/stack/data/venv/lib/python3.12/site-packages/oslo_config/cfg.py:3256}}
May 20 07:35:07.973255 np0000175311 neutron-periodic-workers[105106]: DEBUG cotyledon.oslo_config_glue [-] database.synchronous_reader = True {{(pid=105106) log_opt_values /opt/stack/data/venv/lib/python3.12/site-packages/oslo_config/cfg.py:3256}}
May 20 07:35:07.973291 np0000175311 neutron-periodic-workers[105106]: DEBUG cotyledon.oslo_config_glue [-] database.use_db_reconnect = False {{(pid=105106) log_opt_values /opt/stack/data/venv/lib/python3.12/site-packages/oslo_config/cfg.py:3256}}
May 20 07:35:07.973364 np0000175311 neutron-periodic-workers[105106]: DEBUG cotyledon.oslo_config_glue [-] ovn.bfd_min_rx = 1000 {{(pid=105106) log_opt_values /opt/stack/data/venv/lib/python3.12/site-packages/oslo_config/cfg.py:3256}}
May 20 07:35:07.973403 np0000175311 neutron-periodic-workers[105106]: DEBUG cotyledon.oslo_config_glue [-] ovn.bfd_min_tx = 100 {{(pid=105106) log_opt_values /opt/stack/data/venv/lib/python3.12/site-packages/oslo_config/cfg.py:3256}}
May 20 07:35:07.973442 np0000175311 neutron-periodic-workers[105106]: DEBUG cotyledon.oslo_config_glue [-] ovn.bfd_mult = 3 {{(pid=105106) log_opt_values /opt/stack/data/venv/lib/python3.12/site-packages/oslo_config/cfg.py:3256}}
May 20 07:35:07.973482 np0000175311 neutron-periodic-workers[105106]: DEBUG cotyledon.oslo_config_glue [-] ovn.broadcast_arps_to_all_routers = True {{(pid=105106) log_opt_values /opt/stack/data/venv/lib/python3.12/site-packages/oslo_config/cfg.py:3256}}
May 20 07:35:07.973522 np0000175311 neutron-periodic-workers[105106]: DEBUG cotyledon.oslo_config_glue [-] ovn.dhcp_default_lease_time = 43200 {{(pid=105106) log_opt_values /opt/stack/data/venv/lib/python3.12/site-packages/oslo_config/cfg.py:3256}}
May 20 07:35:07.973560 np0000175311 neutron-periodic-workers[105106]: DEBUG cotyledon.oslo_config_glue [-] ovn.disable_ovn_dhcp_for_baremetal_ports = False {{(pid=105106) log_opt_values /opt/stack/data/venv/lib/python3.12/site-packages/oslo_config/cfg.py:3256}}
May 20 07:35:07.973600 np0000175311 neutron-periodic-workers[105106]: DEBUG cotyledon.oslo_config_glue [-] ovn.dns_records_ovn_owned = False {{(pid=105106) log_opt_values /opt/stack/data/venv/lib/python3.12/site-packages/oslo_config/cfg.py:3256}}
May 20 07:35:07.973638 np0000175311 neutron-periodic-workers[105106]: DEBUG cotyledon.oslo_config_glue [-] ovn.dns_servers = [] {{(pid=105106) log_opt_values /opt/stack/data/venv/lib/python3.12/site-packages/oslo_config/cfg.py:3256}}
May 20 07:35:07.973678 np0000175311 neutron-periodic-workers[105106]: DEBUG cotyledon.oslo_config_glue [-] ovn.enable_distributed_floating_ip = False {{(pid=105106) log_opt_values /opt/stack/data/venv/lib/python3.12/site-packages/oslo_config/cfg.py:3256}}
May 20 07:35:07.973713 np0000175311 neutron-periodic-workers[105106]: DEBUG cotyledon.oslo_config_glue [-] ovn.fdb_age_threshold = 300 {{(pid=105106) log_opt_values /opt/stack/data/venv/lib/python3.12/site-packages/oslo_config/cfg.py:3256}}
May 20 07:35:07.973748 np0000175311 neutron-periodic-workers[105106]: DEBUG cotyledon.oslo_config_glue [-] ovn.ha_failover_strategy = normal {{(pid=105106) log_opt_values /opt/stack/data/venv/lib/python3.12/site-packages/oslo_config/cfg.py:3256}}
May 20 07:35:07.973790 np0000175311 neutron-periodic-workers[105106]: DEBUG cotyledon.oslo_config_glue [-] ovn.live_migration_activation_strategy = rarp {{(pid=105106) log_opt_values /opt/stack/data/venv/lib/python3.12/site-packages/oslo_config/cfg.py:3256}}
May 20 07:35:07.973829 np0000175311 neutron-periodic-workers[105106]: DEBUG cotyledon.oslo_config_glue [-] ovn.localnet_learn_fdb = False {{(pid=105106) log_opt_values /opt/stack/data/venv/lib/python3.12/site-packages/oslo_config/cfg.py:3256}}
May 20 07:35:07.973864 np0000175311 neutron-periodic-workers[105106]: DEBUG cotyledon.oslo_config_glue [-] ovn.mac_binding_age_threshold = 300 {{(pid=105106) log_opt_values /opt/stack/data/venv/lib/python3.12/site-packages/oslo_config/cfg.py:3256}}
May 20 07:35:07.973914 np0000175311 neutron-periodic-workers[105106]: DEBUG cotyledon.oslo_config_glue [-] ovn.neutron_sync_mode = log {{(pid=105106) log_opt_values /opt/stack/data/venv/lib/python3.12/site-packages/oslo_config/cfg.py:3256}}
May 20 07:35:07.973955 np0000175311 neutron-periodic-workers[105106]: DEBUG cotyledon.oslo_config_glue [-] ovn.ovn_dhcp4_global_options = {} {{(pid=105106) log_opt_values /opt/stack/data/venv/lib/python3.12/site-packages/oslo_config/cfg.py:3256}}
May 20 07:35:07.973991 np0000175311 neutron-periodic-workers[105106]: DEBUG cotyledon.oslo_config_glue [-] ovn.ovn_dhcp6_global_options = {} {{(pid=105106) log_opt_values /opt/stack/data/venv/lib/python3.12/site-packages/oslo_config/cfg.py:3256}}
May 20 07:35:07.974024 np0000175311 neutron-periodic-workers[105106]: DEBUG cotyledon.oslo_config_glue [-] ovn.ovn_l3_scheduler = leastloaded {{(pid=105106) log_opt_values /opt/stack/data/venv/lib/python3.12/site-packages/oslo_config/cfg.py:3256}}
May 20 07:35:07.974062 np0000175311 neutron-periodic-workers[105106]: DEBUG cotyledon.oslo_config_glue [-] ovn.ovn_metadata_enabled = True {{(pid=105106) log_opt_values /opt/stack/data/venv/lib/python3.12/site-packages/oslo_config/cfg.py:3256}}
May 20 07:35:07.974113 np0000175311 neutron-periodic-workers[105106]: DEBUG cotyledon.oslo_config_glue [-] ovn.ovn_nb_ca_cert = /opt/stack/data/CA/int-ca/ca-chain.pem {{(pid=105106) log_opt_values /opt/stack/data/venv/lib/python3.12/site-packages/oslo_config/cfg.py:3256}}
May 20 07:35:07.974158 np0000175311 neutron-periodic-workers[105106]: DEBUG cotyledon.oslo_config_glue [-] ovn.ovn_nb_certificate = /opt/stack/data/CA/int-ca/devstack-cert.crt {{(pid=105106) log_opt_values /opt/stack/data/venv/lib/python3.12/site-packages/oslo_config/cfg.py:3256}}
May 20 07:35:07.974201 np0000175311 neutron-periodic-workers[105106]: DEBUG cotyledon.oslo_config_glue [-] ovn.ovn_nb_connection = ['ssl:199.204.45.109:6641'] {{(pid=105106) log_opt_values /opt/stack/data/venv/lib/python3.12/site-packages/oslo_config/cfg.py:3256}}
May 20 07:35:07.974993 np0000175311 neutron-periodic-workers[105106]: DEBUG cotyledon.oslo_config_glue [-] ovn.ovn_nb_private_key = /opt/stack/data/CA/int-ca/private/devstack-cert.key {{(pid=105106) log_opt_values /opt/stack/data/venv/lib/python3.12/site-packages/oslo_config/cfg.py:3256}}
May 20 07:35:07.975042 np0000175311 neutron-periodic-workers[105106]: DEBUG cotyledon.oslo_config_glue [-] ovn.ovn_router_indirect_snat = False {{(pid=105106) log_opt_values /opt/stack/data/venv/lib/python3.12/site-packages/oslo_config/cfg.py:3256}}
May 20 07:35:07.975077 np0000175311 neutron-periodic-workers[105106]: DEBUG cotyledon.oslo_config_glue [-] ovn.ovn_sb_ca_cert = /opt/stack/data/CA/int-ca/ca-chain.pem {{(pid=105106) log_opt_values /opt/stack/data/venv/lib/python3.12/site-packages/oslo_config/cfg.py:3256}}
May 20 07:35:07.975123 np0000175311 neutron-periodic-workers[105106]: DEBUG cotyledon.oslo_config_glue [-] ovn.ovn_sb_certificate = /opt/stack/data/CA/int-ca/devstack-cert.crt {{(pid=105106) log_opt_values /opt/stack/data/venv/lib/python3.12/site-packages/oslo_config/cfg.py:3256}}
May 20 07:35:07.975161 np0000175311 neutron-periodic-workers[105106]: DEBUG cotyledon.oslo_config_glue [-] ovn.ovn_sb_connection = ['ssl:199.204.45.109:6642'] {{(pid=105106) log_opt_values /opt/stack/data/venv/lib/python3.12/site-packages/oslo_config/cfg.py:3256}}
May 20 07:35:07.975195 np0000175311 neutron-periodic-workers[105106]: DEBUG cotyledon.oslo_config_glue [-] ovn.ovn_sb_private_key = /opt/stack/data/CA/int-ca/private/devstack-cert.key {{(pid=105106) log_opt_values /opt/stack/data/venv/lib/python3.12/site-packages/oslo_config/cfg.py:3256}}
May 20 07:35:07.975245 np0000175311 neutron-periodic-workers[105106]: DEBUG cotyledon.oslo_config_glue [-] ovn.ovs_create_tap = False {{(pid=105106) log_opt_values /opt/stack/data/venv/lib/python3.12/site-packages/oslo_config/cfg.py:3256}}
May 20 07:35:07.975292 np0000175311 neutron-periodic-workers[105106]: DEBUG cotyledon.oslo_config_glue [-] ovn.ovsdb_connection_timeout = 180 {{(pid=105106) log_opt_values /opt/stack/data/venv/lib/python3.12/site-packages/oslo_config/cfg.py:3256}}
May 20 07:35:07.975292 np0000175311 neutron-periodic-workers[105106]: DEBUG cotyledon.oslo_config_glue [-] ovn.ovsdb_log_level = INFO {{(pid=105106) log_opt_values /opt/stack/data/venv/lib/python3.12/site-packages/oslo_config/cfg.py:3256}}
May 20 07:35:07.975353 np0000175311 neutron-periodic-workers[105106]: DEBUG cotyledon.oslo_config_glue [-] ovn.ovsdb_probe_interval = 60000 {{(pid=105106) log_opt_values /opt/stack/data/venv/lib/python3.12/site-packages/oslo_config/cfg.py:3256}}
May 20 07:35:07.975388 np0000175311 neutron-periodic-workers[105106]: DEBUG cotyledon.oslo_config_glue [-] ovn.ovsdb_retry_max_interval = 180 {{(pid=105106) log_opt_values /opt/stack/data/venv/lib/python3.12/site-packages/oslo_config/cfg.py:3256}}
May 20 07:35:07.975421 np0000175311 neutron-periodic-workers[105106]: DEBUG cotyledon.oslo_config_glue [-] ovn.stateless_nat_enabled = False {{(pid=105106) log_opt_values /opt/stack/data/venv/lib/python3.12/site-packages/oslo_config/cfg.py:3256}}
May 20 07:35:07.975460 np0000175311 neutron-periodic-workers[105106]: DEBUG cotyledon.oslo_config_glue [-] ovn.vhost_sock_dir = /var/run/openvswitch {{(pid=105106) log_opt_values /opt/stack/data/venv/lib/python3.12/site-packages/oslo_config/cfg.py:3256}}
May 20 07:35:07.975500 np0000175311 neutron-periodic-workers[105106]: DEBUG cotyledon.oslo_config_glue [-] OVS.bridge_mac_table_size = 50000 {{(pid=105106) log_opt_values /opt/stack/data/venv/lib/python3.12/site-packages/oslo_config/cfg.py:3256}}
May 20 07:35:07.975544 np0000175311 neutron-periodic-workers[105106]: DEBUG cotyledon.oslo_config_glue [-] OVS.igmp_flood = False {{(pid=105106) log_opt_values /opt/stack/data/venv/lib/python3.12/site-packages/oslo_config/cfg.py:3256}}
May 20 07:35:07.975591 np0000175311 neutron-periodic-workers[105106]: DEBUG cotyledon.oslo_config_glue [-] OVS.igmp_flood_reports = True {{(pid=105106) log_opt_values /opt/stack/data/venv/lib/python3.12/site-packages/oslo_config/cfg.py:3256}}
May 20 07:35:07.975633 np0000175311 neutron-periodic-workers[105106]: DEBUG cotyledon.oslo_config_glue [-] OVS.igmp_flood_unregistered = False {{(pid=105106) log_opt_values /opt/stack/data/venv/lib/python3.12/site-packages/oslo_config/cfg.py:3256}}
May 20 07:35:07.975685 np0000175311 neutron-periodic-workers[105106]: DEBUG cotyledon.oslo_config_glue [-] OVS.igmp_snooping_enable = False {{(pid=105106) log_opt_values /opt/stack/data/venv/lib/python3.12/site-packages/oslo_config/cfg.py:3256}}
May 20 07:35:07.975725 np0000175311 neutron-periodic-workers[105106]: DEBUG cotyledon.oslo_config_glue [-] OVS.ovsdb_timeout = 10 {{(pid=105106) log_opt_values /opt/stack/data/venv/lib/python3.12/site-packages/oslo_config/cfg.py:3256}}
May 20 07:35:07.975760 np0000175311 neutron-periodic-workers[105106]: DEBUG cotyledon.oslo_config_glue [-] ovn_nb_global.fdb_removal_limit = 0 {{(pid=105106) log_opt_values /opt/stack/data/venv/lib/python3.12/site-packages/oslo_config/cfg.py:3256}}
May 20 07:35:07.975809 np0000175311 neutron-periodic-workers[105106]: DEBUG cotyledon.oslo_config_glue [-] ovn_nb_global.ignore_lsp_down = False {{(pid=105106) log_opt_values /opt/stack/data/venv/lib/python3.12/site-packages/oslo_config/cfg.py:3256}}
May 20 07:35:07.975862 np0000175311 neutron-periodic-workers[105106]: DEBUG cotyledon.oslo_config_glue [-] ovn_nb_global.mac_binding_removal_limit = 0 {{(pid=105106) log_opt_values /opt/stack/data/venv/lib/python3.12/site-packages/oslo_config/cfg.py:3256}}
May 20 07:35:07.975895 np0000175311 neutron-periodic-workers[105106]: DEBUG cotyledon.oslo_config_glue [-] ******************************************************************************** {{(pid=105106) log_opt_values /opt/stack/data/venv/lib/python3.12/site-packages/oslo_config/cfg.py:3263}}
May 20 07:35:07.976078 np0000175311 neutron-periodic-workers[105106]: DEBUG cotyledon._service_worker [-] Run service ServiceWrapper(0) [105106] {{(pid=105106) wait_forever /opt/stack/data/venv/lib/python3.12/site-packages/cotyledon/_service_worker.py:218}}
May 20 07:35:17.604392 np0000175311 neutron-periodic-workers[104312]: DEBUG dbcounter [-] [104312] Writing DB stats neutron:SELECT=4 {{(pid=104312) stat_writer /opt/stack/data/venv/lib/python3.12/site-packages/dbcounter.py:115}}
May 20 07:35:48.930051 np0000175311 neutron-periodic-workers[105085]: DEBUG oslo_db.sqlalchemy.engines [None req-af5003d8-ecdf-4a9c-9cb7-1e2a712921fa None None] Parent process 104312 forked (105085) with an open database connection, which is being discarded and recreated. {{(pid=105085) checkout /opt/stack/data/venv/lib/python3.12/site-packages/oslo_db/sqlalchemy/engines.py:402}}
May 20 07:35:48.938700 np0000175311 neutron-periodic-workers[105085]: DEBUG dbcounter [-] [105085] Writer thread running {{(pid=105085) stat_writer /opt/stack/data/venv/lib/python3.12/site-packages/dbcounter.py:102}}
May 20 07:35:48.949477 np0000175311 neutron-periodic-workers[105085]: DEBUG oslo.service.backend._threading.loopingcall [None req-af5003d8-ecdf-4a9c-9cb7-1e2a712921fa None None] Fixed interval looping call 'neutron.plugins.ml2.plugin.DhcpAgentSchedulerDbMixin.remove_networks_from_down_agents' sleeping for 36.97 seconds {{(pid=105085) _run_loop /opt/stack/data/venv/lib/python3.12/site-packages/oslo_service/backend/_threading/loopingcall.py:125}}
May 20 07:35:57.952216 np0000175311 neutron-periodic-workers[105091]: DEBUG dbcounter [-] [105091] Writer thread running {{(pid=105091) stat_writer /opt/stack/data/venv/lib/python3.12/site-packages/dbcounter.py:102}}
May 20 07:35:57.955822 np0000175311 neutron-periodic-workers[105091]: DEBUG neutron.db.agents_db [None req-e9a2d4d3-a5b1-49e4-b1ff-9a3820596898 None None] Agent healthcheck: found 0 active agents {{(pid=105091) agent_health_check /opt/stack/neutron/neutron/db/agents_db.py:322}}
May 20 07:35:57.956010 np0000175311 neutron-periodic-workers[105091]: DEBUG oslo.service.backend._threading.loopingcall [None req-e9a2d4d3-a5b1-49e4-b1ff-9a3820596898 None None] Fixed interval looping call 'neutron.plugins.ml2.plugin.AgentDbMixin.agent_health_check' sleeping for 36.98 seconds {{(pid=105091) _run_loop /opt/stack/data/venv/lib/python3.12/site-packages/oslo_service/backend/_threading/loopingcall.py:125}}
May 20 07:35:58.948368 np0000175311 neutron-periodic-workers[105085]: DEBUG dbcounter [-] [105085] Writing DB stats neutron:SELECT=3 {{(pid=105085) stat_writer /opt/stack/data/venv/lib/python3.12/site-packages/dbcounter.py:115}}
May 20 07:36:07.952882 np0000175311 neutron-periodic-workers[105091]: DEBUG dbcounter [-] [105091] Writing DB stats neutron:SELECT=1 {{(pid=105091) stat_writer /opt/stack/data/venv/lib/python3.12/site-packages/dbcounter.py:115}}
May 20 07:36:24.016653 np0000175311 neutron-periodic-workers[105106]: DEBUG dbcounter [-] [105106] Writer thread running {{(pid=105106) stat_writer /opt/stack/data/venv/lib/python3.12/site-packages/dbcounter.py:102}}
May 20 07:36:24.028045 np0000175311 neutron-periodic-workers[105106]: DEBUG oslo.service.backend._threading.loopingcall [None req-3fcd2ad7-dd7a-44ad-bb02-8f35e39ce5de None None] Fixed interval looping call 'neutron.services.ovn_l3.plugin.L3_NAT_dbonly_mixin._clean_garbage' sleeping for 299.95 seconds {{(pid=105106) _run_loop /opt/stack/data/venv/lib/python3.12/site-packages/oslo_service/backend/_threading/loopingcall.py:125}}
May 20 07:36:25.930749 np0000175311 neutron-periodic-workers[105085]: DEBUG oslo.service.backend._threading.loopingcall [None req-af5003d8-ecdf-4a9c-9cb7-1e2a712921fa None None] Fixed interval looping call 'neutron.plugins.ml2.plugin.DhcpAgentSchedulerDbMixin.remove_networks_from_down_agents' sleeping for 36.99 seconds {{(pid=105085) _run_loop /opt/stack/data/venv/lib/python3.12/site-packages/oslo_service/backend/_threading/loopingcall.py:125}}
May 20 07:36:34.024185 np0000175311 neutron-periodic-workers[105106]: DEBUG dbcounter [-] [105106] Writing DB stats neutron:SELECT=1 {{(pid=105106) stat_writer /opt/stack/data/venv/lib/python3.12/site-packages/dbcounter.py:115}}
May 20 07:36:34.943849 np0000175311 neutron-periodic-workers[105091]: DEBUG neutron.db.agents_db [None req-e9a2d4d3-a5b1-49e4-b1ff-9a3820596898 None None] Agent healthcheck: found 0 active agents {{(pid=105091) agent_health_check /opt/stack/neutron/neutron/db/agents_db.py:322}}
May 20 07:36:34.945389 np0000175311 neutron-periodic-workers[105091]: DEBUG oslo.service.backend._threading.loopingcall [None req-e9a2d4d3-a5b1-49e4-b1ff-9a3820596898 None None] Fixed interval looping call 'neutron.plugins.ml2.plugin.AgentDbMixin.agent_health_check' sleeping for 36.99 seconds {{(pid=105091) _run_loop /opt/stack/data/venv/lib/python3.12/site-packages/oslo_service/backend/_threading/loopingcall.py:125}}
May 20 07:36:35.929677 np0000175311 neutron-periodic-workers[105085]: DEBUG dbcounter [-] [105085] Writing DB stats neutron:SELECT=3 {{(pid=105085) stat_writer /opt/stack/data/venv/lib/python3.12/site-packages/dbcounter.py:115}}
May 20 07:36:44.941572 np0000175311 neutron-periodic-workers[105091]: DEBUG dbcounter [-] [105091] Writing DB stats neutron:SELECT=1 {{(pid=105091) stat_writer /opt/stack/data/venv/lib/python3.12/site-packages/dbcounter.py:115}}
May 20 07:37:02.938312 np0000175311 neutron-periodic-workers[105085]: DEBUG oslo.service.backend._threading.loopingcall [None req-af5003d8-ecdf-4a9c-9cb7-1e2a712921fa None None] Fixed interval looping call 'neutron.plugins.ml2.plugin.DhcpAgentSchedulerDbMixin.remove_networks_from_down_agents' sleeping for 36.98 seconds {{(pid=105085) _run_loop /opt/stack/data/venv/lib/python3.12/site-packages/oslo_service/backend/_threading/loopingcall.py:125}}
May 20 07:37:07.969720 np0000175311 neutron-periodic-workers[105096]: DEBUG dbcounter [-] [105096] Writer thread running {{(pid=105096) stat_writer /opt/stack/data/venv/lib/python3.12/site-packages/dbcounter.py:102}}
May 20 07:37:07.971743 np0000175311 neutron-periodic-workers[105096]: DEBUG oslo.service.backend._threading.loopingcall [None req-e498c023-9303-4133-98ad-0715a161997f None None] Fixed interval looping call 'neutron.db.quota.driver_nolock.DbQuotaNoLockDriver._remove_expired_reservations' sleeping for 119.98 seconds {{(pid=105096) _run_loop /opt/stack/data/venv/lib/python3.12/site-packages/oslo_service/backend/_threading/loopingcall.py:125}}
May 20 07:37:11.943889 np0000175311 neutron-periodic-workers[105091]: DEBUG neutron.db.agents_db [None req-e9a2d4d3-a5b1-49e4-b1ff-9a3820596898 None None] Agent healthcheck: found 0 active agents {{(pid=105091) agent_health_check /opt/stack/neutron/neutron/db/agents_db.py:322}}
May 20 07:37:11.944304 np0000175311 neutron-periodic-workers[105091]: DEBUG oslo.service.backend._threading.loopingcall [None req-e9a2d4d3-a5b1-49e4-b1ff-9a3820596898 None None] Fixed interval looping call 'neutron.plugins.ml2.plugin.AgentDbMixin.agent_health_check' sleeping for 36.99 seconds {{(pid=105091) _run_loop /opt/stack/data/venv/lib/python3.12/site-packages/oslo_service/backend/_threading/loopingcall.py:125}}
May 20 07:37:12.937453 np0000175311 neutron-periodic-workers[105085]: DEBUG dbcounter [-] [105085] Writing DB stats neutron:SELECT=3 {{(pid=105085) stat_writer /opt/stack/data/venv/lib/python3.12/site-packages/dbcounter.py:115}}
May 20 07:37:17.970899 np0000175311 neutron-periodic-workers[105096]: DEBUG dbcounter [-] [105096] Writing DB stats neutron:DELETE=1 {{(pid=105096) stat_writer /opt/stack/data/venv/lib/python3.12/site-packages/dbcounter.py:115}}
May 20 07:37:21.941739 np0000175311 neutron-periodic-workers[105091]: DEBUG dbcounter [-] [105091] Writing DB stats neutron:SELECT=1 {{(pid=105091) stat_writer /opt/stack/data/venv/lib/python3.12/site-packages/dbcounter.py:115}}
May 20 07:37:39.928082 np0000175311 neutron-periodic-workers[105085]: DEBUG oslo.service.backend._threading.loopingcall [None req-af5003d8-ecdf-4a9c-9cb7-1e2a712921fa None None] Fixed interval looping call 'neutron.plugins.ml2.plugin.DhcpAgentSchedulerDbMixin.remove_networks_from_down_agents' sleeping for 36.99 seconds {{(pid=105085) _run_loop /opt/stack/data/venv/lib/python3.12/site-packages/oslo_service/backend/_threading/loopingcall.py:125}}
May 20 07:37:48.941079 np0000175311 neutron-periodic-workers[105091]: DEBUG neutron.db.agents_db [None req-e9a2d4d3-a5b1-49e4-b1ff-9a3820596898 None None] Agent healthcheck: found 0 active agents {{(pid=105091) agent_health_check /opt/stack/neutron/neutron/db/agents_db.py:322}}
May 20 07:37:48.942118 np0000175311 neutron-periodic-workers[105091]: DEBUG oslo.service.backend._threading.loopingcall [None req-e9a2d4d3-a5b1-49e4-b1ff-9a3820596898 None None] Fixed interval looping call 'neutron.plugins.ml2.plugin.AgentDbMixin.agent_health_check' sleeping for 36.99 seconds {{(pid=105091) _run_loop /opt/stack/data/venv/lib/python3.12/site-packages/oslo_service/backend/_threading/loopingcall.py:125}}
May 20 07:37:49.927293 np0000175311 neutron-periodic-workers[105085]: DEBUG dbcounter [-] [105085] Writing DB stats neutron:SELECT=3 {{(pid=105085) stat_writer /opt/stack/data/venv/lib/python3.12/site-packages/dbcounter.py:115}}
May 20 07:37:58.939133 np0000175311 neutron-periodic-workers[105091]: DEBUG dbcounter [-] [105091] Writing DB stats neutron:SELECT=1 {{(pid=105091) stat_writer /opt/stack/data/venv/lib/python3.12/site-packages/dbcounter.py:115}}
May 20 07:38:16.928347 np0000175311 neutron-periodic-workers[105085]: DEBUG oslo.service.backend._threading.loopingcall [None req-af5003d8-ecdf-4a9c-9cb7-1e2a712921fa None None] Fixed interval looping call 'neutron.plugins.ml2.plugin.DhcpAgentSchedulerDbMixin.remove_networks_from_down_agents' sleeping for 36.99 seconds {{(pid=105085) _run_loop /opt/stack/data/venv/lib/python3.12/site-packages/oslo_service/backend/_threading/loopingcall.py:125}}
May 20 07:38:25.937399 np0000175311 neutron-periodic-workers[105091]: DEBUG neutron.db.agents_db [None req-e9a2d4d3-a5b1-49e4-b1ff-9a3820596898 None None] Agent healthcheck: found 0 active agents {{(pid=105091) agent_health_check /opt/stack/neutron/neutron/db/agents_db.py:322}}
May 20 07:38:25.937916 np0000175311 neutron-periodic-workers[105091]: DEBUG oslo.service.backend._threading.loopingcall [None req-e9a2d4d3-a5b1-49e4-b1ff-9a3820596898 None None] Fixed interval looping call 'neutron.plugins.ml2.plugin.AgentDbMixin.agent_health_check' sleeping for 36.99 seconds {{(pid=105091) _run_loop /opt/stack/data/venv/lib/python3.12/site-packages/oslo_service/backend/_threading/loopingcall.py:125}}
May 20 07:38:26.927806 np0000175311 neutron-periodic-workers[105085]: DEBUG dbcounter [-] [105085] Writing DB stats neutron:SELECT=3 {{(pid=105085) stat_writer /opt/stack/data/venv/lib/python3.12/site-packages/dbcounter.py:115}}
May 20 07:38:35.936033 np0000175311 neutron-periodic-workers[105091]: DEBUG dbcounter [-] [105091] Writing DB stats neutron:SELECT=1 {{(pid=105091) stat_writer /opt/stack/data/venv/lib/python3.12/site-packages/dbcounter.py:115}}
May 20 07:38:53.932811 np0000175311 neutron-periodic-workers[105085]: DEBUG oslo.service.backend._threading.loopingcall [None req-af5003d8-ecdf-4a9c-9cb7-1e2a712921fa None None] Fixed interval looping call 'neutron.plugins.ml2.plugin.DhcpAgentSchedulerDbMixin.remove_networks_from_down_agents' sleeping for 36.99 seconds {{(pid=105085) _run_loop /opt/stack/data/venv/lib/python3.12/site-packages/oslo_service/backend/_threading/loopingcall.py:125}}
May 20 07:39:02.934011 np0000175311 neutron-periodic-workers[105091]: DEBUG neutron.db.agents_db [None req-e9a2d4d3-a5b1-49e4-b1ff-9a3820596898 None None] Agent healthcheck: found 0 active agents {{(pid=105091) agent_health_check /opt/stack/neutron/neutron/db/agents_db.py:322}}
May 20 07:39:02.937431 np0000175311 neutron-periodic-workers[105091]: DEBUG oslo.service.backend._threading.loopingcall [None req-e9a2d4d3-a5b1-49e4-b1ff-9a3820596898 None None] Fixed interval looping call 'neutron.plugins.ml2.plugin.AgentDbMixin.agent_health_check' sleeping for 36.99 seconds {{(pid=105091) _run_loop /opt/stack/data/venv/lib/python3.12/site-packages/oslo_service/backend/_threading/loopingcall.py:125}}
May 20 07:39:03.931535 np0000175311 neutron-periodic-workers[105085]: DEBUG dbcounter [-] [105085] Writing DB stats neutron:SELECT=3 {{(pid=105085) stat_writer /opt/stack/data/venv/lib/python3.12/site-packages/dbcounter.py:115}}
May 20 07:39:07.958749 np0000175311 neutron-periodic-workers[105096]: DEBUG oslo.service.backend._threading.loopingcall [None req-e498c023-9303-4133-98ad-0715a161997f None None] Fixed interval looping call 'neutron.db.quota.driver_nolock.DbQuotaNoLockDriver._remove_expired_reservations' sleeping for 119.99 seconds {{(pid=105096) _run_loop /opt/stack/data/venv/lib/python3.12/site-packages/oslo_service/backend/_threading/loopingcall.py:125}}
May 20 07:39:12.932565 np0000175311 neutron-periodic-workers[105091]: DEBUG dbcounter [-] [105091] Writing DB stats neutron:SELECT=1 {{(pid=105091) stat_writer /opt/stack/data/venv/lib/python3.12/site-packages/dbcounter.py:115}}
May 20 07:39:17.957210 np0000175311 neutron-periodic-workers[105096]: DEBUG dbcounter [-] [105096] Writing DB stats neutron:DELETE=1 {{(pid=105096) stat_writer /opt/stack/data/venv/lib/python3.12/site-packages/dbcounter.py:115}}
May 20 07:39:30.932559 np0000175311 neutron-periodic-workers[105085]: DEBUG oslo.service.backend._threading.loopingcall [None req-af5003d8-ecdf-4a9c-9cb7-1e2a712921fa None None] Fixed interval looping call 'neutron.plugins.ml2.plugin.DhcpAgentSchedulerDbMixin.remove_networks_from_down_agents' sleeping for 36.99 seconds {{(pid=105085) _run_loop /opt/stack/data/venv/lib/python3.12/site-packages/oslo_service/backend/_threading/loopingcall.py:125}}
May 20 07:39:39.931399 np0000175311 neutron-periodic-workers[105091]: DEBUG neutron.db.agents_db [None req-e9a2d4d3-a5b1-49e4-b1ff-9a3820596898 None None] Agent healthcheck: found 0 active agents {{(pid=105091) agent_health_check /opt/stack/neutron/neutron/db/agents_db.py:322}}
May 20 07:39:39.931399 np0000175311 neutron-periodic-workers[105091]: DEBUG oslo.service.backend._threading.loopingcall [None req-e9a2d4d3-a5b1-49e4-b1ff-9a3820596898 None None] Fixed interval looping call 'neutron.plugins.ml2.plugin.AgentDbMixin.agent_health_check' sleeping for 36.99 seconds {{(pid=105091) _run_loop /opt/stack/data/venv/lib/python3.12/site-packages/oslo_service/backend/_threading/loopingcall.py:125}}
May 20 07:39:40.931494 np0000175311 neutron-periodic-workers[105085]: DEBUG dbcounter [-] [105085] Writing DB stats neutron:SELECT=3 {{(pid=105085) stat_writer /opt/stack/data/venv/lib/python3.12/site-packages/dbcounter.py:115}}
May 20 07:39:49.928637 np0000175311 neutron-periodic-workers[105091]: DEBUG dbcounter [-] [105091] Writing DB stats neutron:SELECT=1 {{(pid=105091) stat_writer /opt/stack/data/venv/lib/python3.12/site-packages/dbcounter.py:115}}
May 20 07:40:07.933454 np0000175311 neutron-periodic-workers[105085]: DEBUG oslo.service.backend._threading.loopingcall [None req-af5003d8-ecdf-4a9c-9cb7-1e2a712921fa None None] Fixed interval looping call 'neutron.plugins.ml2.plugin.DhcpAgentSchedulerDbMixin.remove_networks_from_down_agents' sleeping for 36.99 seconds {{(pid=105085) _run_loop /opt/stack/data/venv/lib/python3.12/site-packages/oslo_service/backend/_threading/loopingcall.py:125}}
May 20 07:40:16.928282 np0000175311 neutron-periodic-workers[105091]: DEBUG neutron.db.agents_db [None req-e9a2d4d3-a5b1-49e4-b1ff-9a3820596898 None None] Agent healthcheck: found 0 active agents {{(pid=105091) agent_health_check /opt/stack/neutron/neutron/db/agents_db.py:322}}
May 20 07:40:16.928985 np0000175311 neutron-periodic-workers[105091]: DEBUG oslo.service.backend._threading.loopingcall [None req-e9a2d4d3-a5b1-49e4-b1ff-9a3820596898 None None] Fixed interval looping call 'neutron.plugins.ml2.plugin.AgentDbMixin.agent_health_check' sleeping for 36.99 seconds {{(pid=105091) _run_loop /opt/stack/data/venv/lib/python3.12/site-packages/oslo_service/backend/_threading/loopingcall.py:125}}
May 20 07:40:17.932351 np0000175311 neutron-periodic-workers[105085]: DEBUG dbcounter [-] [105085] Writing DB stats neutron:SELECT=3 {{(pid=105085) stat_writer /opt/stack/data/venv/lib/python3.12/site-packages/dbcounter.py:115}}
May 20 07:40:26.926209 np0000175311 neutron-periodic-workers[105091]: DEBUG dbcounter [-] [105091] Writing DB stats neutron:SELECT=1 {{(pid=105091) stat_writer /opt/stack/data/venv/lib/python3.12/site-packages/dbcounter.py:115}}
May 20 07:40:44.936544 np0000175311 neutron-periodic-workers[105085]: DEBUG oslo.service.backend._threading.loopingcall [None req-af5003d8-ecdf-4a9c-9cb7-1e2a712921fa None None] Fixed interval looping call 'neutron.plugins.ml2.plugin.DhcpAgentSchedulerDbMixin.remove_networks_from_down_agents' sleeping for 36.99 seconds {{(pid=105085) _run_loop /opt/stack/data/venv/lib/python3.12/site-packages/oslo_service/backend/_threading/loopingcall.py:125}}
May 20 07:40:53.924528 np0000175311 neutron-periodic-workers[105091]: DEBUG neutron.db.agents_db [None req-e9a2d4d3-a5b1-49e4-b1ff-9a3820596898 None None] Agent healthcheck: found 0 active agents {{(pid=105091) agent_health_check /opt/stack/neutron/neutron/db/agents_db.py:322}}
May 20 07:40:53.925019 np0000175311 neutron-periodic-workers[105091]: DEBUG oslo.service.backend._threading.loopingcall [None req-e9a2d4d3-a5b1-49e4-b1ff-9a3820596898 None None] Fixed interval looping call 'neutron.plugins.ml2.plugin.AgentDbMixin.agent_health_check' sleeping for 36.99 seconds {{(pid=105091) _run_loop /opt/stack/data/venv/lib/python3.12/site-packages/oslo_service/backend/_threading/loopingcall.py:125}}
May 20 07:40:54.935379 np0000175311 neutron-periodic-workers[105085]: DEBUG dbcounter [-] [105085] Writing DB stats neutron:SELECT=3 {{(pid=105085) stat_writer /opt/stack/data/venv/lib/python3.12/site-packages/dbcounter.py:115}}