172.18.0.2 - - [05/Mar/2026:09:43:45 +0000] "GET /compute/v2.1/ HTTP/1.1" 200 3431 "-" "cluster-api-provider-openstack/v0.12.4 gophercloud/v2.7.0"
162.253.55.52 - - [05/Mar/2026:09:43:45 +0000] "GET /identity/v3/auth/tokens HTTP/1.1" 200 8083 "-" "python-keystoneclient"
162.253.55.52 - - [05/Mar/2026:09:43:45 +0000] "GET /identity/v3/auth/tokens HTTP/1.1" 200 8083 "-" "python-keystoneclient"
162.253.55.52 - - [05/Mar/2026:09:43:45 +0000] "GET /identity/v3/auth/tokens HTTP/1.1" 200 8083 "-" "python-keystoneclient"
162.253.55.52 - - [05/Mar/2026:09:43:45 +0000] "GET /networking/v2.0/ports?device_id=1cca8898-38de-45a7-b551-6c88065744fc HTTP/1.1" 200 3711 "-" "python-neutronclient"
162.253.55.52 - - [05/Mar/2026:09:43:45 +0000] "GET /networking/v2.0/ports?device_id=d22a8ce3-4d4d-4d4d-8c58-4241c8bd2c36 HTTP/1.1" 200 3731 "-" "python-neutronclient"
162.253.55.52 - - [05/Mar/2026:09:43:45 +0000] "GET /networking/v2.0/ports?device_id=13b8b953-5518-4636-addc-74e8a2b98fd3 HTTP/1.1" 200 3732 "-" "python-neutronclient"
162.253.55.52 - - [05/Mar/2026:09:43:45 +0000] "GET /networking/v2.0/security-groups?id=e8b66291-15ab-41d7-9b39-a921e8701f93&fields=id&fields=name HTTP/1.1" 200 3010 "-" "python-neutronclient"
162.253.55.52 - - [05/Mar/2026:09:43:45 +0000] "GET /networking/v2.0/security-groups?id=ffe015ba-6b88-416c-8837-2831dfd62d51&fields=id&fields=name HTTP/1.1" 200 3016 "-" "python-neutronclient"
172.18.0.2 - - [05/Mar/2026:09:43:45 +0000] "GET /compute/v2.1/servers/d22a8ce3-4d4d-4d4d-8c58-4241c8bd2c36 HTTP/1.1" 200 4641 "-" "cluster-api-provider-openstack/v0.12.4 gophercloud/v2.7.0"
162.253.55.52 - - [05/Mar/2026:09:43:45 +0000] "GET /networking/v2.0/security-groups?id=e8b66291-15ab-41d7-9b39-a921e8701f93&fields=id&fields=name HTTP/1.1" 200 3010 "-" "python-neutronclient"
172.18.0.2 - - [05/Mar/2026:09:43:45 +0000] "GET /compute/v2.1/servers/1cca8898-38de-45a7-b551-6c88065744fc HTTP/1.1" 200 4627 "-" "cluster-api-provider-openstack/v0.12.4 gophercloud/v2.7.0"
172.18.0.2 - - [05/Mar/2026:09:43:45 +0000] "GET /compute/v2.1/servers/13b8b953-5518-4636-addc-74e8a2b98fd3 HTTP/1.1" 200 4642 "-" "cluster-api-provider-openstack/v0.12.4 gophercloud/v2.7.0"
162.253.55.52 - - [05/Mar/2026:09:43:54 +0000] "GET /placement/resource_providers/817ec404-daa4-40f7-91e6-81220f423462/allocations HTTP/1.1" 200 3302 "-" "nova-compute keystoneauth1/5.13.1 python-requests/2.32.5 CPython/3.12.3"
162.253.55.52 - - [05/Mar/2026:09:43:54 +0000] "GET /placement/resource_providers/817ec404-daa4-40f7-91e6-81220f423462/allocations HTTP/1.1" 200 3302 "-" "nova-compute keystoneauth1/5.13.1 python-requests/2.32.5 CPython/3.12.3"
162.253.55.52 - - [05/Mar/2026:09:43:54 +0000] "GET /placement/allocations/d22a8ce3-4d4d-4d4d-8c58-4241c8bd2c36 HTTP/1.1" 200 3275 "-" "nova-compute keystoneauth1/5.13.1 python-requests/2.32.5 CPython/3.12.3"
162.253.55.52 - - [05/Mar/2026:09:43:54 +0000] "GET /placement/allocations/13b8b953-5518-4636-addc-74e8a2b98fd3 HTTP/1.1" 200 3275 "-" "nova-compute keystoneauth1/5.13.1 python-requests/2.32.5 CPython/3.12.3"
162.253.55.52 - - [05/Mar/2026:09:43:54 +0000] "GET /placement/allocations/1cca8898-38de-45a7-b551-6c88065744fc HTTP/1.1" 200 3275 "-" "nova-compute keystoneauth1/5.13.1 python-requests/2.32.5 CPython/3.12.3"
172.24.5.102 - - [05/Mar/2026:09:44:01 +0000] "GET /volume/v3/volumes/detail HTTP/1.1" 200 2988 "-" "cinder-csi-plugin/v1.32.0 gophercloud/v2.5.0"
172.18.0.2 - - [05/Mar/2026:09:44:23 +0000] "GET /networking/v2.0/networks/95f10c40-1324-4eac-94e4-47edabe6c940 HTTP/1.1" 200 3502 "-" "cluster-api-provider-openstack/v0.12.4 gophercloud/v2.7.0"
172.18.0.2 - - [05/Mar/2026:09:44:23 +0000] "GET /networking/v2.0/networks?name=k8s-clusterapi-cluster-magnum-system-kube-27v1z HTTP/1.1" 200 3490 "-" "cluster-api-provider-openstack/v0.12.4 gophercloud/v2.7.0"
172.18.0.2 - - [05/Mar/2026:09:44:23 +0000] "GET /networking/v2.0/subnets?cidr=192.168.24.0%2F24&network_id=0e617edf-c9c9-4946-8a61-674c20342936 HTTP/1.1" 200 3614 "-" "cluster-api-provider-openstack/v0.12.4 gophercloud/v2.7.0"
172.18.0.2 - - [05/Mar/2026:09:44:23 +0000] "GET /networking/v2.0/routers/cdd94abb-4338-4054-ad55-07be6a57edd1 HTTP/1.1" 200 4063 "-" "cluster-api-provider-openstack/v0.12.4 gophercloud/v2.7.0"
172.18.0.2 - - [05/Mar/2026:09:44:23 +0000] "GET /networking/v2.0/ports?device_id=cdd94abb-4338-4054-ad55-07be6a57edd1 HTTP/1.1" 200 3569 "-" "cluster-api-provider-openstack/v0.12.4 gophercloud/v2.7.0"
172.18.0.2 - - [05/Mar/2026:09:44:23 +0000] "GET /networking/v2.0/security-groups?name=k8s-cluster-magnum-system-kube-27v1z-secgroup-bastion HTTP/1.1" 200 2868 "-" "cluster-api-provider-openstack/v0.12.4 gophercloud/v2.7.0"
172.18.0.2 - - [05/Mar/2026:09:44:23 +0000] "GET /networking/v2.0/security-groups?name=k8s-cluster-magnum-system-kube-27v1z-secgroup-worker HTTP/1.1" 200 11151 "-" "cluster-api-provider-openstack/v0.12.4 gophercloud/v2.7.0"
172.18.0.2 - - [05/Mar/2026:09:44:23 +0000] "GET /networking/v2.0/security-groups?name=k8s-cluster-magnum-system-kube-27v1z-secgroup-controlplane HTTP/1.1" 200 7754 "-" "cluster-api-provider-openstack/v0.12.4 gophercloud/v2.7.0"
172.18.0.2 - - [05/Mar/2026:09:44:23 +0000] "GET /networking/v2.0/floatingips?floating_ip_address=172.24.5.177 HTTP/1.1" 200 3757 "-" "cluster-api-provider-openstack/v0.12.4 gophercloud/v2.7.0"
172.18.0.2 - - [05/Mar/2026:09:44:24 +0000] "GET /compute/v2.1/ HTTP/1.1" 200 3431 "-" "cluster-api-provider-openstack/v0.12.4 gophercloud/v2.7.0"
172.18.0.2 - - [05/Mar/2026:09:44:24 +0000] "GET /compute/v2.1/os-availability-zone HTTP/1.1" 200 3137 "-" "cluster-api-provider-openstack/v0.12.4 gophercloud/v2.7.0"
162.253.55.52 - - [05/Mar/2026:09:44:24 +0000] "GET /identity/v3/auth/tokens HTTP/1.1" 200 8209 "-" "python-keystoneclient"
162.253.55.52 - - [05/Mar/2026:09:44:25 +0000] "GET /networking/v2.0/ports?device_id=13b8b953-5518-4636-addc-74e8a2b98fd3 HTTP/1.1" 200 3732 "-" "python-neutronclient"
162.253.55.52 - - [05/Mar/2026:09:44:25 +0000] "GET /networking/v2.0/security-groups?id=e8b66291-15ab-41d7-9b39-a921e8701f93&fields=id&fields=name HTTP/1.1" 200 3010 "-" "python-neutronclient"
172.24.5.102 - - [05/Mar/2026:09:44:24 +0000] "GET /compute/v2.1/servers/13b8b953-5518-4636-addc-74e8a2b98fd3 HTTP/1.1" 200 4590 "-" "openstack-cloud-controller-manager/v1.32.1 gophercloud/v2.5.0"
172.24.5.102 - - [05/Mar/2026:09:44:25 +0000] "GET /compute/v2.1/flavors/4 HTTP/1.1" 200 3410 "-" "openstack-cloud-controller-manager/v1.32.1 gophercloud/v2.5.0"
172.24.5.102 - - [05/Mar/2026:09:44:25 +0000] "GET /networking/v2.0/ports?device_id=13b8b953-5518-4636-addc-74e8a2b98fd3 HTTP/1.1" 200 3701 "-" "openstack-cloud-controller-manager/v1.32.1 gophercloud/v2.5.0"
162.253.55.52 - - [05/Mar/2026:09:44:25 +0000] "GET /identity/v3/auth/tokens HTTP/1.1" 200 8083 "-" "python-keystoneclient"
162.253.55.52 - - [05/Mar/2026:09:44:25 +0000] "GET /networking/v2.0/ports?device_id=d22a8ce3-4d4d-4d4d-8c58-4241c8bd2c36 HTTP/1.1" 200 3731 "-" "python-neutronclient"
162.253.55.52 - - [05/Mar/2026:09:44:25 +0000] "GET /networking/v2.0/security-groups?id=e8b66291-15ab-41d7-9b39-a921e8701f93&fields=id&fields=name HTTP/1.1" 200 3010 "-" "python-neutronclient"
172.24.5.102 - - [05/Mar/2026:09:44:25 +0000] "GET /compute/v2.1/servers/d22a8ce3-4d4d-4d4d-8c58-4241c8bd2c36 HTTP/1.1" 200 4589 "-" "openstack-cloud-controller-manager/v1.32.1 gophercloud/v2.5.0"
172.24.5.102 - - [05/Mar/2026:09:44:25 +0000] "GET /compute/v2.1/flavors/4 HTTP/1.1" 200 3410 "-" "openstack-cloud-controller-manager/v1.32.1 gophercloud/v2.5.0"
172.24.5.102 - - [05/Mar/2026:09:44:25 +0000] "GET /networking/v2.0/ports?device_id=d22a8ce3-4d4d-4d4d-8c58-4241c8bd2c36 HTTP/1.1" 200 3700 "-" "openstack-cloud-controller-manager/v1.32.1 gophercloud/v2.5.0"
162.253.55.52 - - [05/Mar/2026:09:44:25 +0000] "GET /networking/v2.0/ports?device_id=1cca8898-38de-45a7-b551-6c88065744fc HTTP/1.1" 200 3711 "-" "python-neutronclient"
162.253.55.52 - - [05/Mar/2026:09:44:26 +0000] "GET /networking/v2.0/security-groups?id=ffe015ba-6b88-416c-8837-2831dfd62d51&fields=id&fields=name HTTP/1.1" 200 3016 "-" "python-neutronclient"
172.24.5.102 - - [05/Mar/2026:09:44:25 +0000] "GET /compute/v2.1/servers/1cca8898-38de-45a7-b551-6c88065744fc HTTP/1.1" 200 4575 "-" "openstack-cloud-controller-manager/v1.32.1 gophercloud/v2.5.0"
172.24.5.102 - - [05/Mar/2026:09:44:26 +0000] "GET /compute/v2.1/flavors/4 HTTP/1.1" 200 3410 "-" "openstack-cloud-controller-manager/v1.32.1 gophercloud/v2.5.0"
172.24.5.102 - - [05/Mar/2026:09:44:26 +0000] "GET /networking/v2.0/ports?device_id=1cca8898-38de-45a7-b551-6c88065744fc HTTP/1.1" 200 3680 "-" "openstack-cloud-controller-manager/v1.32.1 gophercloud/v2.5.0"
162.253.55.52 - - [05/Mar/2026:09:44:54 +0000] "GET /placement/resource_providers/817ec404-daa4-40f7-91e6-81220f423462/allocations HTTP/1.1" 200 3302 "-" "nova-compute keystoneauth1/5.13.1 python-requests/2.32.5 CPython/3.12.3"
162.253.55.52 - - [05/Mar/2026:09:44:54 +0000] "GET /placement/resource_providers/817ec404-daa4-40f7-91e6-81220f423462/allocations HTTP/1.1" 200 3302 "-" "nova-compute keystoneauth1/5.13.1 python-requests/2.32.5 CPython/3.12.3"
162.253.55.52 - - [05/Mar/2026:09:44:54 +0000] "GET /placement/allocations/d22a8ce3-4d4d-4d4d-8c58-4241c8bd2c36 HTTP/1.1" 200 3275 "-" "nova-compute keystoneauth1/5.13.1 python-requests/2.32.5 CPython/3.12.3"
162.253.55.52 - - [05/Mar/2026:09:44:54 +0000] "GET /placement/allocations/13b8b953-5518-4636-addc-74e8a2b98fd3 HTTP/1.1" 200 3275 "-" "nova-compute keystoneauth1/5.13.1 python-requests/2.32.5 CPython/3.12.3"
162.253.55.52 - - [05/Mar/2026:09:44:54 +0000] "GET /placement/allocations/1cca8898-38de-45a7-b551-6c88065744fc HTTP/1.1" 200 3275 "-" "nova-compute keystoneauth1/5.13.1 python-requests/2.32.5 CPython/3.12.3"
162.253.55.52 - - [05/Mar/2026:09:45:01 +0000] "GET /identity/v3/auth/tokens HTTP/1.1" 200 8209 "-" "python-keystoneclient"
172.24.5.102 - - [05/Mar/2026:09:45:01 +0000] "GET /volume/v3/volumes/detail HTTP/1.1" 200 2988 "-" "cinder-csi-plugin/v1.32.0 gophercloud/v2.5.0"
162.253.55.52 - - [05/Mar/2026:09:45:38 +0000] "GET /identity/v3/auth/tokens HTTP/1.1" 200 8209 "-" "python-keystoneclient"
162.253.55.52 - - [05/Mar/2026:09:45:38 +0000] "GET /identity/v3/auth/tokens HTTP/1.1" 200 8209 "-" "python-keystoneclient"
162.253.55.52 - - [05/Mar/2026:09:45:38 +0000] "GET /identity/v3/auth/tokens HTTP/1.1" 200 8209 "-" "python-keystoneclient"
172.18.0.2 - - [05/Mar/2026:09:45:38 +0000] "GET /networking/v2.0/ports?id=3d53ac90-eb5f-43af-87d3-f6bb1e1ecbdd&name=kube-27v1z-mtfr7-zz4d7-0&network_id=0e617edf-c9c9-4946-8a61-674c20342936 HTTP/1.1" 200 3680 "-" "cluster-api-provider-openstack/v0.12.4 gophercloud/v2.7.0"
172.18.0.2 - - [05/Mar/2026:09:45:38 +0000] "GET /networking/v2.0/ports?id=8ab4a510-902b-4b5f-a15f-c27857a190e0&name=kube-27v1z-default-worker-8qrh9-p9mdb-bz2c5-0&network_id=0e617edf-c9c9-4946-8a61-674c20342936 HTTP/1.1" 200 3701 "-" "cluster-api-provider-openstack/v0.12.4 gophercloud/v2.7.0"
172.18.0.2 - - [05/Mar/2026:09:45:38 +0000] "GET /compute/v2.1/ HTTP/1.1" 200 3431 "-" "cluster-api-provider-openstack/v0.12.4 gophercloud/v2.7.0"
172.18.0.2 - - [05/Mar/2026:09:45:38 +0000] "GET /networking/v2.0/ports?id=d57499cf-20bd-4522-8ebd-956564da5358&name=kube-27v1z-default-worker-8qrh9-p9mdb-n8c9v-0&network_id=0e617edf-c9c9-4946-8a61-674c20342936 HTTP/1.1" 200 3700 "-" "cluster-api-provider-openstack/v0.12.4 gophercloud/v2.7.0"
172.18.0.2 - - [05/Mar/2026:09:45:38 +0000] "GET /compute/v2.1/ HTTP/1.1" 200 3431 "-" "cluster-api-provider-openstack/v0.12.4 gophercloud/v2.7.0"
172.18.0.2 - - [05/Mar/2026:09:45:38 +0000] "GET /compute/v2.1/ HTTP/1.1" 200 3431 "-" "cluster-api-provider-openstack/v0.12.4 gophercloud/v2.7.0"
162.253.55.52 - - [05/Mar/2026:09:45:38 +0000] "GET /networking/v2.0/ports?device_id=1cca8898-38de-45a7-b551-6c88065744fc HTTP/1.1" 200 3711 "-" "python-neutronclient"
162.253.55.52 - - [05/Mar/2026:09:45:38 +0000] "GET /networking/v2.0/ports?device_id=d22a8ce3-4d4d-4d4d-8c58-4241c8bd2c36 HTTP/1.1" 200 3731 "-" "python-neutronclient"
162.253.55.52 - - [05/Mar/2026:09:45:38 +0000] "GET /networking/v2.0/ports?device_id=13b8b953-5518-4636-addc-74e8a2b98fd3 HTTP/1.1" 200 3732 "-" "python-neutronclient"
162.253.55.52 - - [05/Mar/2026:09:45:38 +0000] "GET /networking/v2.0/security-groups?id=ffe015ba-6b88-416c-8837-2831dfd62d51&fields=id&fields=name HTTP/1.1" 200 3016 "-" "python-neutronclient"
162.253.55.52 - - [05/Mar/2026:09:45:38 +0000] "GET /networking/v2.0/security-groups?id=e8b66291-15ab-41d7-9b39-a921e8701f93&fields=id&fields=name HTTP/1.1" 200 3010 "-" "python-neutronclient"
162.253.55.52 - - [05/Mar/2026:09:45:38 +0000] "GET /networking/v2.0/security-groups?id=e8b66291-15ab-41d7-9b39-a921e8701f93&fields=id&fields=name HTTP/1.1" 200 3010 "-" "python-neutronclient"
172.18.0.2 - - [05/Mar/2026:09:45:38 +0000] "GET /compute/v2.1/servers/13b8b953-5518-4636-addc-74e8a2b98fd3 HTTP/1.1" 200 4642 "-" "cluster-api-provider-openstack/v0.12.4 gophercloud/v2.7.0"
172.18.0.2 - - [05/Mar/2026:09:45:38 +0000] "GET /compute/v2.1/servers/1cca8898-38de-45a7-b551-6c88065744fc HTTP/1.1" 200 4627 "-" "cluster-api-provider-openstack/v0.12.4 gophercloud/v2.7.0"
172.18.0.2 - - [05/Mar/2026:09:45:38 +0000] "GET /compute/v2.1/servers/d22a8ce3-4d4d-4d4d-8c58-4241c8bd2c36 HTTP/1.1" 200 4641 "-" "cluster-api-provider-openstack/v0.12.4 gophercloud/v2.7.0"
162.253.55.52 - - [05/Mar/2026:09:45:54 +0000] "GET /placement/resource_providers/817ec404-daa4-40f7-91e6-81220f423462/allocations HTTP/1.1" 200 3302 "-" "nova-compute keystoneauth1/5.13.1 python-requests/2.32.5 CPython/3.12.3"
162.253.55.52 - - [05/Mar/2026:09:45:54 +0000] "GET /placement/resource_providers/817ec404-daa4-40f7-91e6-81220f423462/allocations HTTP/1.1" 200 3302 "-" "nova-compute keystoneauth1/5.13.1 python-requests/2.32.5 CPython/3.12.3"
162.253.55.52 - - [05/Mar/2026:09:45:54 +0000] "GET /placement/allocations/d22a8ce3-4d4d-4d4d-8c58-4241c8bd2c36 HTTP/1.1" 200 3275 "-" "nova-compute keystoneauth1/5.13.1 python-requests/2.32.5 CPython/3.12.3"
162.253.55.52 - - [05/Mar/2026:09:45:54 +0000] "GET /placement/allocations/13b8b953-5518-4636-addc-74e8a2b98fd3 HTTP/1.1" 200 3275 "-" "nova-compute keystoneauth1/5.13.1 python-requests/2.32.5 CPython/3.12.3"
162.253.55.52 - - [05/Mar/2026:09:45:54 +0000] "GET /placement/allocations/1cca8898-38de-45a7-b551-6c88065744fc HTTP/1.1" 200 3275 "-" "nova-compute keystoneauth1/5.13.1 python-requests/2.32.5 CPython/3.12.3"
172.24.5.102 - - [05/Mar/2026:09:46:01 +0000] "GET /volume/v3/volumes/detail HTTP/1.1" 200 2988 "-" "cinder-csi-plugin/v1.32.0 gophercloud/v2.5.0"
162.253.55.52 - - [05/Mar/2026:09:46:56 +0000] "GET /identity/v3/auth/tokens HTTP/1.1" 200 8083 "-" "python-keystoneclient"
162.253.55.52 - - [05/Mar/2026:09:46:56 +0000] "GET /placement/resource_providers/817ec404-daa4-40f7-91e6-81220f423462/allocations HTTP/1.1" 200 3302 "-" "nova-compute keystoneauth1/5.13.1 python-requests/2.32.5 CPython/3.12.3"
162.253.55.52 - - [05/Mar/2026:09:46:56 +0000] "GET /placement/resource_providers?in_tree=817ec404-daa4-40f7-91e6-81220f423462 HTTP/1.1" 200 3816 "-" "nova-compute keystoneauth1/5.13.1 python-requests/2.32.5 CPython/3.12.3"
162.253.55.52 - - [05/Mar/2026:09:46:56 +0000] "GET /placement/resource_providers/817ec404-daa4-40f7-91e6-81220f423462/inventories HTTP/1.1" 200 3344 "-" "nova-compute keystoneauth1/5.13.1 python-requests/2.32.5 CPython/3.12.3"
162.253.55.52 - - [05/Mar/2026:09:46:56 +0000] "GET /placement/resource_providers/817ec404-daa4-40f7-91e6-81220f423462/aggregates HTTP/1.1" 200 3068 "-" "nova-compute keystoneauth1/5.13.1 python-requests/2.32.5 CPython/3.12.3"
162.253.55.52 - - [05/Mar/2026:09:46:56 +0000] "GET /placement/resource_providers/817ec404-daa4-40f7-91e6-81220f423462/traits HTTP/1.1" 200 5008 "-" "nova-compute keystoneauth1/5.13.1 python-requests/2.32.5 CPython/3.12.3"
162.253.55.52 - - [05/Mar/2026:09:46:56 +0000] "GET /placement/resource_providers/817ec404-daa4-40f7-91e6-81220f423462/allocations HTTP/1.1" 200 3302 "-" "nova-compute keystoneauth1/5.13.1 python-requests/2.32.5 CPython/3.12.3"
162.253.55.52 - - [05/Mar/2026:09:46:56 +0000] "GET /placement/allocations/d22a8ce3-4d4d-4d4d-8c58-4241c8bd2c36 HTTP/1.1" 200 3275 "-" "nova-compute keystoneauth1/5.13.1 python-requests/2.32.5 CPython/3.12.3"
162.253.55.52 - - [05/Mar/2026:09:46:56 +0000] "GET /placement/allocations/13b8b953-5518-4636-addc-74e8a2b98fd3 HTTP/1.1" 200 3275 "-" "nova-compute keystoneauth1/5.13.1 python-requests/2.32.5 CPython/3.12.3"
162.253.55.52 - - [05/Mar/2026:09:46:56 +0000] "GET /placement/allocations/1cca8898-38de-45a7-b551-6c88065744fc HTTP/1.1" 200 3275 "-" "nova-compute keystoneauth1/5.13.1 python-requests/2.32.5 CPython/3.12.3"
172.24.5.102 - - [05/Mar/2026:09:47:01 +0000] "GET /volume/v3/volumes/detail HTTP/1.1" 200 2988 "-" "cinder-csi-plugin/v1.32.0 gophercloud/v2.5.0"
162.253.55.52 - - [05/Mar/2026:09:47:57 +0000] "GET /placement/resource_providers/817ec404-daa4-40f7-91e6-81220f423462/allocations HTTP/1.1" 200 3302 "-" "nova-compute keystoneauth1/5.13.1 python-requests/2.32.5 CPython/3.12.3"
162.253.55.52 - - [05/Mar/2026:09:47:57 +0000] "GET /placement/resource_providers/817ec404-daa4-40f7-91e6-81220f423462/allocations HTTP/1.1" 200 3302 "-" "nova-compute keystoneauth1/5.13.1 python-requests/2.32.5 CPython/3.12.3"
162.253.55.52 - - [05/Mar/2026:09:47:57 +0000] "GET /placement/allocations/d22a8ce3-4d4d-4d4d-8c58-4241c8bd2c36 HTTP/1.1" 200 3275 "-" "nova-compute keystoneauth1/5.13.1 python-requests/2.32.5 CPython/3.12.3"
162.253.55.52 - - [05/Mar/2026:09:47:57 +0000] "GET /placement/allocations/13b8b953-5518-4636-addc-74e8a2b98fd3 HTTP/1.1" 200 3275 "-" "nova-compute keystoneauth1/5.13.1 python-requests/2.32.5 CPython/3.12.3"
162.253.55.52 - - [05/Mar/2026:09:47:57 +0000] "GET /placement/allocations/1cca8898-38de-45a7-b551-6c88065744fc HTTP/1.1" 200 3275 "-" "nova-compute keystoneauth1/5.13.1 python-requests/2.32.5 CPython/3.12.3"
172.18.0.2 - - [05/Mar/2026:09:47:58 +0000] "GET /compute/v2.1/ HTTP/1.1" 200 3431 "-" "cluster-api-provider-openstack/v0.12.4 gophercloud/v2.7.0"
172.18.0.2 - - [05/Mar/2026:09:47:58 +0000] "GET /compute/v2.1/ HTTP/1.1" 200 3431 "-" "cluster-api-provider-openstack/v0.12.4 gophercloud/v2.7.0"
172.18.0.2 - - [05/Mar/2026:09:47:58 +0000] "GET /compute/v2.1/ HTTP/1.1" 200 3431 "-" "cluster-api-provider-openstack/v0.12.4 gophercloud/v2.7.0"
162.253.55.52 - - [05/Mar/2026:09:47:58 +0000] "GET /networking/v2.0/ports?device_id=d22a8ce3-4d4d-4d4d-8c58-4241c8bd2c36 HTTP/1.1" 200 3731 "-" "python-neutronclient"
162.253.55.52 - - [05/Mar/2026:09:47:58 +0000] "GET /networking/v2.0/ports?device_id=1cca8898-38de-45a7-b551-6c88065744fc HTTP/1.1" 200 3711 "-" "python-neutronclient"
162.253.55.52 - - [05/Mar/2026:09:47:58 +0000] "GET /networking/v2.0/ports?device_id=13b8b953-5518-4636-addc-74e8a2b98fd3 HTTP/1.1" 200 3732 "-" "python-neutronclient"
162.253.55.52 - - [05/Mar/2026:09:47:58 +0000] "GET /networking/v2.0/security-groups?id=e8b66291-15ab-41d7-9b39-a921e8701f93&fields=id&fields=name HTTP/1.1" 200 3010 "-" "python-neutronclient"
162.253.55.52 - - [05/Mar/2026:09:47:58 +0000] "GET /networking/v2.0/security-groups?id=ffe015ba-6b88-416c-8837-2831dfd62d51&fields=id&fields=name HTTP/1.1" 200 3016 "-" "python-neutronclient"
172.18.0.2 - - [05/Mar/2026:09:47:58 +0000] "GET /compute/v2.1/servers/d22a8ce3-4d4d-4d4d-8c58-4241c8bd2c36 HTTP/1.1" 200 4641 "-" "cluster-api-provider-openstack/v0.12.4 gophercloud/v2.7.0"
162.253.55.52 - - [05/Mar/2026:09:47:58 +0000] "GET /networking/v2.0/security-groups?id=e8b66291-15ab-41d7-9b39-a921e8701f93&fields=id&fields=name HTTP/1.1" 200 3010 "-" "python-neutronclient"
172.18.0.2 - - [05/Mar/2026:09:47:58 +0000] "GET /compute/v2.1/servers/1cca8898-38de-45a7-b551-6c88065744fc HTTP/1.1" 200 4627 "-" "cluster-api-provider-openstack/v0.12.4 gophercloud/v2.7.0"
172.18.0.2 - - [05/Mar/2026:09:47:58 +0000] "GET /compute/v2.1/servers/13b8b953-5518-4636-addc-74e8a2b98fd3 HTTP/1.1" 200 4642 "-" "cluster-api-provider-openstack/v0.12.4 gophercloud/v2.7.0"
172.24.5.102 - - [05/Mar/2026:09:48:01 +0000] "GET /volume/v3/volumes/detail HTTP/1.1" 200 2988 "-" "cinder-csi-plugin/v1.32.0 gophercloud/v2.5.0"
162.253.55.52 - - [05/Mar/2026:09:48:58 +0000] "GET /placement/resource_providers/817ec404-daa4-40f7-91e6-81220f423462/allocations HTTP/1.1" 200 3302 "-" "nova-compute keystoneauth1/5.13.1 python-requests/2.32.5 CPython/3.12.3"
162.253.55.52 - - [05/Mar/2026:09:48:58 +0000] "GET /placement/resource_providers/817ec404-daa4-40f7-91e6-81220f423462/allocations HTTP/1.1" 200 3302 "-" "nova-compute keystoneauth1/5.13.1 python-requests/2.32.5 CPython/3.12.3"
162.253.55.52 - - [05/Mar/2026:09:48:58 +0000] "GET /placement/allocations/d22a8ce3-4d4d-4d4d-8c58-4241c8bd2c36 HTTP/1.1" 200 3275 "-" "nova-compute keystoneauth1/5.13.1 python-requests/2.32.5 CPython/3.12.3"
162.253.55.52 - - [05/Mar/2026:09:48:58 +0000] "GET /placement/allocations/13b8b953-5518-4636-addc-74e8a2b98fd3 HTTP/1.1" 200 3275 "-" "nova-compute keystoneauth1/5.13.1 python-requests/2.32.5 CPython/3.12.3"
162.253.55.52 - - [05/Mar/2026:09:48:58 +0000] "GET /placement/allocations/1cca8898-38de-45a7-b551-6c88065744fc HTTP/1.1" 200 3275 "-" "nova-compute keystoneauth1/5.13.1 python-requests/2.32.5 CPython/3.12.3"
172.24.5.102 - - [05/Mar/2026:09:49:01 +0000] "GET /volume/v3/volumes/detail HTTP/1.1" 200 2988 "-" "cinder-csi-plugin/v1.32.0 gophercloud/v2.5.0"
162.253.55.52 - - [05/Mar/2026:09:49:26 +0000] "GET /identity/v3/auth/tokens HTTP/1.1" 200 8209 "-" "python-keystoneclient"
162.253.55.52 - - [05/Mar/2026:09:49:26 +0000] "GET /identity/v3/auth/tokens HTTP/1.1" 200 8083 "-" "python-keystoneclient"
162.253.55.52 - - [05/Mar/2026:09:49:26 +0000] "GET /networking/v2.0/ports?device_id=1cca8898-38de-45a7-b551-6c88065744fc HTTP/1.1" 200 3711 "-" "python-neutronclient"
162.253.55.52 - - [05/Mar/2026:09:49:26 +0000] "GET /networking/v2.0/security-groups?id=ffe015ba-6b88-416c-8837-2831dfd62d51&fields=id&fields=name HTTP/1.1" 200 3016 "-" "python-neutronclient"
172.24.5.102 - - [05/Mar/2026:09:49:26 +0000] "GET /compute/v2.1/servers/1cca8898-38de-45a7-b551-6c88065744fc HTTP/1.1" 200 4575 "-" "openstack-cloud-controller-manager/v1.32.1 gophercloud/v2.5.0"
172.24.5.102 - - [05/Mar/2026:09:49:26 +0000] "GET /compute/v2.1/flavors/4 HTTP/1.1" 200 3410 "-" "openstack-cloud-controller-manager/v1.32.1 gophercloud/v2.5.0"
172.24.5.102 - - [05/Mar/2026:09:49:26 +0000] "GET /networking/v2.0/ports?device_id=1cca8898-38de-45a7-b551-6c88065744fc HTTP/1.1" 200 3680 "-" "openstack-cloud-controller-manager/v1.32.1 gophercloud/v2.5.0"
162.253.55.52 - - [05/Mar/2026:09:49:26 +0000] "GET /identity/v3/auth/tokens HTTP/1.1" 200 8083 "-" "python-keystoneclient"
162.253.55.52 - - [05/Mar/2026:09:49:26 +0000] "GET /networking/v2.0/ports?device_id=13b8b953-5518-4636-addc-74e8a2b98fd3 HTTP/1.1" 200 3732 "-" "python-neutronclient"
162.253.55.52 - - [05/Mar/2026:09:49:26 +0000] "GET /networking/v2.0/security-groups?id=e8b66291-15ab-41d7-9b39-a921e8701f93&fields=id&fields=name HTTP/1.1" 200 3010 "-" "python-neutronclient"
172.24.5.102 - - [05/Mar/2026:09:49:26 +0000] "GET /compute/v2.1/servers/13b8b953-5518-4636-addc-74e8a2b98fd3 HTTP/1.1" 200 4590 "-" "openstack-cloud-controller-manager/v1.32.1 gophercloud/v2.5.0"
172.24.5.102 - - [05/Mar/2026:09:49:26 +0000] "GET /compute/v2.1/flavors/4 HTTP/1.1" 200 3410 "-" "openstack-cloud-controller-manager/v1.32.1 gophercloud/v2.5.0"
172.24.5.102 - - [05/Mar/2026:09:49:26 +0000] "GET /networking/v2.0/ports?device_id=13b8b953-5518-4636-addc-74e8a2b98fd3 HTTP/1.1" 200 3701 "-" "openstack-cloud-controller-manager/v1.32.1 gophercloud/v2.5.0"
162.253.55.52 - - [05/Mar/2026:09:49:27 +0000] "GET /networking/v2.0/ports?device_id=d22a8ce3-4d4d-4d4d-8c58-4241c8bd2c36 HTTP/1.1" 200 3731 "-" "python-neutronclient"
162.253.55.52 - - [05/Mar/2026:09:49:27 +0000] "GET /networking/v2.0/security-groups?id=e8b66291-15ab-41d7-9b39-a921e8701f93&fields=id&fields=name HTTP/1.1" 200 3010 "-" "python-neutronclient"
172.24.5.102 - - [05/Mar/2026:09:49:27 +0000] "GET /compute/v2.1/servers/d22a8ce3-4d4d-4d4d-8c58-4241c8bd2c36 HTTP/1.1" 200 4589 "-" "openstack-cloud-controller-manager/v1.32.1 gophercloud/v2.5.0"
172.24.5.102 - - [05/Mar/2026:09:49:27 +0000] "GET /compute/v2.1/flavors/4 HTTP/1.1" 200 3410 "-" "openstack-cloud-controller-manager/v1.32.1 gophercloud/v2.5.0"
172.24.5.102 - - [05/Mar/2026:09:49:27 +0000] "GET /networking/v2.0/ports?device_id=d22a8ce3-4d4d-4d4d-8c58-4241c8bd2c36 HTTP/1.1" 200 3700 "-" "openstack-cloud-controller-manager/v1.32.1 gophercloud/v2.5.0"
162.253.55.52 - - [05/Mar/2026:09:49:59 +0000] "GET /placement/resource_providers/817ec404-daa4-40f7-91e6-81220f423462/allocations HTTP/1.1" 200 3302 "-" "nova-compute keystoneauth1/5.13.1 python-requests/2.32.5 CPython/3.12.3"
162.253.55.52 - - [05/Mar/2026:09:49:59 +0000] "GET /placement/resource_providers/817ec404-daa4-40f7-91e6-81220f423462/allocations HTTP/1.1" 200 3302 "-" "nova-compute keystoneauth1/5.13.1 python-requests/2.32.5 CPython/3.12.3"
162.253.55.52 - - [05/Mar/2026:09:49:59 +0000] "GET /placement/allocations/d22a8ce3-4d4d-4d4d-8c58-4241c8bd2c36 HTTP/1.1" 200 3275 "-" "nova-compute keystoneauth1/5.13.1 python-requests/2.32.5 CPython/3.12.3"
162.253.55.52 - - [05/Mar/2026:09:49:59 +0000] "GET /placement/allocations/13b8b953-5518-4636-addc-74e8a2b98fd3 HTTP/1.1" 200 3275 "-" "nova-compute keystoneauth1/5.13.1 python-requests/2.32.5 CPython/3.12.3"
162.253.55.52 - - [05/Mar/2026:09:49:59 +0000] "GET /placement/allocations/1cca8898-38de-45a7-b551-6c88065744fc HTTP/1.1" 200 3275 "-" "nova-compute keystoneauth1/5.13.1 python-requests/2.32.5 CPython/3.12.3"
162.253.55.52 - - [05/Mar/2026:09:50:01 +0000] "GET /identity HTTP/1.1" 300 3230 "-" "cinder/27.1.0.dev197 keystonemiddleware.auth_token/12.0.0 keystoneauth1/5.13.1 python-requests/2.32.5 CPython/3.12.3"
162.253.55.52 - - [05/Mar/2026:09:50:01 +0000] "POST /identity/v3/auth/tokens HTTP/1.1" 201 7905 "-" "cinder/27.1.0.dev197 keystonemiddleware.auth_token/12.0.0 keystoneauth1/5.13.1 python-requests/2.32.5 CPython/3.12.3"
162.253.55.52 - - [05/Mar/2026:09:50:01 +0000] "GET /identity/v3/auth/tokens HTTP/1.1" 200 8209 "-" "python-keystoneclient"
172.24.5.102 - - [05/Mar/2026:09:50:01 +0000] "GET /volume/v3/volumes/detail HTTP/1.1" 200 2988 "-" "cinder-csi-plugin/v1.32.0 gophercloud/v2.5.0"
162.253.55.52 - - [05/Mar/2026:09:51:00 +0000] "GET /placement/resource_providers/817ec404-daa4-40f7-91e6-81220f423462/allocations HTTP/1.1" 200 3302 "-" "nova-compute keystoneauth1/5.13.1 python-requests/2.32.5 CPython/3.12.3"
162.253.55.52 - - [05/Mar/2026:09:51:00 +0000] "GET /placement/resource_providers/817ec404-daa4-40f7-91e6-81220f423462/allocations HTTP/1.1" 200 3302 "-" "nova-compute keystoneauth1/5.13.1 python-requests/2.32.5 CPython/3.12.3"
162.253.55.52 - - [05/Mar/2026:09:51:00 +0000] "GET /placement/allocations/d22a8ce3-4d4d-4d4d-8c58-4241c8bd2c36 HTTP/1.1" 200 3275 "-" "nova-compute keystoneauth1/5.13.1 python-requests/2.32.5 CPython/3.12.3"
162.253.55.52 - - [05/Mar/2026:09:51:00 +0000] "GET /placement/allocations/13b8b953-5518-4636-addc-74e8a2b98fd3 HTTP/1.1" 200 3275 "-" "nova-compute keystoneauth1/5.13.1 python-requests/2.32.5 CPython/3.12.3"
162.253.55.52 - - [05/Mar/2026:09:51:00 +0000] "GET /placement/allocations/1cca8898-38de-45a7-b551-6c88065744fc HTTP/1.1" 200 3275 "-" "nova-compute keystoneauth1/5.13.1 python-requests/2.32.5 CPython/3.12.3"
172.24.5.102 - - [05/Mar/2026:09:51:02 +0000] "GET /volume/v3/volumes/detail HTTP/1.1" 200 2988 "-" "cinder-csi-plugin/v1.32.0 gophercloud/v2.5.0"
172.24.5.102 - - [05/Mar/2026:09:52:02 +0000] "GET /volume/v3/volumes/detail HTTP/1.1" 200 2988 "-" "cinder-csi-plugin/v1.32.0 gophercloud/v2.5.0"
162.253.55.52 - - [05/Mar/2026:09:52:02 +0000] "GET /identity HTTP/1.1" 300 3230 "-" "placement/unknown keystonemiddleware.auth_token/12.0.0 keystoneauth1/5.13.1 python-requests/2.32.5 CPython/3.12.3"
162.253.55.52 - - [05/Mar/2026:09:52:02 +0000] "POST /identity/v3/auth/tokens HTTP/1.1" 201 8093 "-" "placement/unknown keystonemiddleware.auth_token/12.0.0 keystoneauth1/5.13.1 python-requests/2.32.5 CPython/3.12.3"
162.253.55.52 - - [05/Mar/2026:09:52:02 +0000] "GET /identity/v3/auth/tokens HTTP/1.1" 200 8083 "-" "python-keystoneclient"
162.253.55.52 - - [05/Mar/2026:09:52:02 +0000] "GET /placement/resource_providers/817ec404-daa4-40f7-91e6-81220f423462/allocations HTTP/1.1" 200 3302 "-" "nova-compute keystoneauth1/5.13.1 python-requests/2.32.5 CPython/3.12.3"
162.253.55.52 - - [05/Mar/2026:09:52:02 +0000] "GET /placement/resource_providers?in_tree=817ec404-daa4-40f7-91e6-81220f423462 HTTP/1.1" 200 3816 "-" "nova-compute keystoneauth1/5.13.1 python-requests/2.32.5 CPython/3.12.3"
162.253.55.52 - - [05/Mar/2026:09:52:02 +0000] "GET /placement/resource_providers/817ec404-daa4-40f7-91e6-81220f423462/inventories HTTP/1.1" 200 3344 "-" "nova-compute keystoneauth1/5.13.1 python-requests/2.32.5 CPython/3.12.3"
162.253.55.52 - - [05/Mar/2026:09:52:02 +0000] "GET /placement/resource_providers/817ec404-daa4-40f7-91e6-81220f423462/aggregates HTTP/1.1" 200 3068 "-" "nova-compute keystoneauth1/5.13.1 python-requests/2.32.5 CPython/3.12.3"
162.253.55.52 - - [05/Mar/2026:09:52:02 +0000] "GET /placement/resource_providers/817ec404-daa4-40f7-91e6-81220f423462/traits HTTP/1.1" 200 5008 "-" "nova-compute keystoneauth1/5.13.1 python-requests/2.32.5 CPython/3.12.3"
162.253.55.52 - - [05/Mar/2026:09:52:02 +0000] "GET /placement/resource_providers/817ec404-daa4-40f7-91e6-81220f423462/allocations HTTP/1.1" 200 3302 "-" "nova-compute keystoneauth1/5.13.1 python-requests/2.32.5 CPython/3.12.3"
162.253.55.52 - - [05/Mar/2026:09:52:02 +0000] "GET /placement/allocations/d22a8ce3-4d4d-4d4d-8c58-4241c8bd2c36 HTTP/1.1" 200 3275 "-" "nova-compute keystoneauth1/5.13.1 python-requests/2.32.5 CPython/3.12.3"
162.253.55.52 - - [05/Mar/2026:09:52:02 +0000] "GET /placement/allocations/13b8b953-5518-4636-addc-74e8a2b98fd3 HTTP/1.1" 200 3275 "-" "nova-compute keystoneauth1/5.13.1 python-requests/2.32.5 CPython/3.12.3"
162.253.55.52 - - [05/Mar/2026:09:52:02 +0000] "GET /placement/allocations/1cca8898-38de-45a7-b551-6c88065744fc HTTP/1.1" 200 3275 "-" "nova-compute keystoneauth1/5.13.1 python-requests/2.32.5 CPython/3.12.3"
172.24.5.102 - - [05/Mar/2026:09:53:02 +0000] "GET /volume/v3/volumes/detail HTTP/1.1" 200 2988 "-" "cinder-csi-plugin/v1.32.0 gophercloud/v2.5.0"
162.253.55.52 - - [05/Mar/2026:09:53:02 +0000] "GET /placement/resource_providers/817ec404-daa4-40f7-91e6-81220f423462/allocations HTTP/1.1" 200 3302 "-" "nova-compute keystoneauth1/5.13.1 python-requests/2.32.5 CPython/3.12.3"
162.253.55.52 - - [05/Mar/2026:09:53:02 +0000] "GET /placement/resource_providers/817ec404-daa4-40f7-91e6-81220f423462/allocations HTTP/1.1" 200 3302 "-" "nova-compute keystoneauth1/5.13.1 python-requests/2.32.5 CPython/3.12.3"
162.253.55.52 - - [05/Mar/2026:09:53:02 +0000] "GET /placement/allocations/d22a8ce3-4d4d-4d4d-8c58-4241c8bd2c36 HTTP/1.1" 200 3275 "-" "nova-compute keystoneauth1/5.13.1 python-requests/2.32.5 CPython/3.12.3"
162.253.55.52 - - [05/Mar/2026:09:53:02 +0000] "GET /placement/allocations/13b8b953-5518-4636-addc-74e8a2b98fd3 HTTP/1.1" 200 3275 "-" "nova-compute keystoneauth1/5.13.1 python-requests/2.32.5 CPython/3.12.3"
162.253.55.52 - - [05/Mar/2026:09:53:02 +0000] "GET /placement/allocations/1cca8898-38de-45a7-b551-6c88065744fc HTTP/1.1" 200 3275 "-" "nova-compute keystoneauth1/5.13.1 python-requests/2.32.5 CPython/3.12.3"
172.18.0.2 - - [05/Mar/2026:09:53:06 +0000] "GET /compute/v2.1/ HTTP/1.1" 200 3431 "-" "cluster-api-provider-openstack/v0.12.4 gophercloud/v2.7.0"
172.18.0.2 - - [05/Mar/2026:09:53:06 +0000] "GET /compute/v2.1/ HTTP/1.1" 200 3431 "-" "cluster-api-provider-openstack/v0.12.4 gophercloud/v2.7.0"
172.18.0.2 - - [05/Mar/2026:09:53:06 +0000] "GET /compute/v2.1/ HTTP/1.1" 200 3431 "-" "cluster-api-provider-openstack/v0.12.4 gophercloud/v2.7.0"
162.253.55.52 - - [05/Mar/2026:09:53:06 +0000] "GET /identity/v3/auth/tokens HTTP/1.1" 200 8209 "-" "python-keystoneclient"
162.253.55.52 - - [05/Mar/2026:09:53:06 +0000] "GET /identity/v3/auth/tokens HTTP/1.1" 200 8209 "-" "python-keystoneclient"
162.253.55.52 - - [05/Mar/2026:09:53:06 +0000] "GET /identity/v3/auth/tokens HTTP/1.1" 200 8209 "-" "python-keystoneclient"
162.253.55.52 - - [05/Mar/2026:09:53:06 +0000] "GET /identity/v3/auth/tokens HTTP/1.1" 200 8083 "-" "python-keystoneclient"
162.253.55.52 - - [05/Mar/2026:09:53:06 +0000] "GET /identity/v3/auth/tokens HTTP/1.1" 200 8083 "-" "python-keystoneclient"
162.253.55.52 - - [05/Mar/2026:09:53:06 +0000] "GET /networking/v2.0/ports?device_id=1cca8898-38de-45a7-b551-6c88065744fc HTTP/1.1" 200 3711 "-" "python-neutronclient"
162.253.55.52 - - [05/Mar/2026:09:53:06 +0000] "GET /networking/v2.0/ports?device_id=d22a8ce3-4d4d-4d4d-8c58-4241c8bd2c36 HTTP/1.1" 200 3731 "-" "python-neutronclient"
162.253.55.52 - - [05/Mar/2026:09:53:06 +0000] "GET /networking/v2.0/ports?device_id=13b8b953-5518-4636-addc-74e8a2b98fd3 HTTP/1.1" 200 3732 "-" "python-neutronclient"
162.253.55.52 - - [05/Mar/2026:09:53:06 +0000] "GET /networking/v2.0/security-groups?id=ffe015ba-6b88-416c-8837-2831dfd62d51&fields=id&fields=name HTTP/1.1" 200 3016 "-" "python-neutronclient"
172.18.0.2 - - [05/Mar/2026:09:53:06 +0000] "GET /compute/v2.1/servers/1cca8898-38de-45a7-b551-6c88065744fc HTTP/1.1" 200 4627 "-" "cluster-api-provider-openstack/v0.12.4 gophercloud/v2.7.0"
162.253.55.52 - - [05/Mar/2026:09:53:06 +0000] "GET /networking/v2.0/security-groups?id=e8b66291-15ab-41d7-9b39-a921e8701f93&fields=id&fields=name HTTP/1.1" 200 3010 "-" "python-neutronclient"
162.253.55.52 - - [05/Mar/2026:09:53:06 +0000] "GET /networking/v2.0/security-groups?id=e8b66291-15ab-41d7-9b39-a921e8701f93&fields=id&fields=name HTTP/1.1" 200 3010 "-" "python-neutronclient"
172.18.0.2 - - [05/Mar/2026:09:53:06 +0000] "GET /compute/v2.1/servers/13b8b953-5518-4636-addc-74e8a2b98fd3 HTTP/1.1" 200 4642 "-" "cluster-api-provider-openstack/v0.12.4 gophercloud/v2.7.0"
172.18.0.2 - - [05/Mar/2026:09:53:06 +0000] "GET /compute/v2.1/servers/d22a8ce3-4d4d-4d4d-8c58-4241c8bd2c36 HTTP/1.1" 200 4641 "-" "cluster-api-provider-openstack/v0.12.4 gophercloud/v2.7.0"
172.18.0.2 - - [05/Mar/2026:09:53:57 +0000] "GET /networking/v2.0/networks/95f10c40-1324-4eac-94e4-47edabe6c940 HTTP/1.1" 200 3502 "-" "cluster-api-provider-openstack/v0.12.4 gophercloud/v2.7.0"
172.18.0.2 - - [05/Mar/2026:09:53:57 +0000] "GET /networking/v2.0/networks?name=k8s-clusterapi-cluster-magnum-system-kube-27v1z HTTP/1.1" 200 3490 "-" "cluster-api-provider-openstack/v0.12.4 gophercloud/v2.7.0"
172.18.0.2 - - [05/Mar/2026:09:53:57 +0000] "GET /networking/v2.0/subnets?cidr=192.168.24.0%2F24&network_id=0e617edf-c9c9-4946-8a61-674c20342936 HTTP/1.1" 200 3614 "-" "cluster-api-provider-openstack/v0.12.4 gophercloud/v2.7.0"
172.18.0.2 - - [05/Mar/2026:09:53:57 +0000] "GET /networking/v2.0/routers/cdd94abb-4338-4054-ad55-07be6a57edd1 HTTP/1.1" 200 4063 "-" "cluster-api-provider-openstack/v0.12.4 gophercloud/v2.7.0"
172.18.0.2 - - [05/Mar/2026:09:53:57 +0000] "GET /networking/v2.0/ports?device_id=cdd94abb-4338-4054-ad55-07be6a57edd1 HTTP/1.1" 200 3569 "-" "cluster-api-provider-openstack/v0.12.4 gophercloud/v2.7.0"
172.18.0.2 - - [05/Mar/2026:09:53:57 +0000] "GET /networking/v2.0/security-groups?name=k8s-cluster-magnum-system-kube-27v1z-secgroup-bastion HTTP/1.1" 200 2868 "-" "cluster-api-provider-openstack/v0.12.4 gophercloud/v2.7.0"
172.18.0.2 - - [05/Mar/2026:09:53:57 +0000] "GET /networking/v2.0/security-groups?name=k8s-cluster-magnum-system-kube-27v1z-secgroup-controlplane HTTP/1.1" 200 7754 "-" "cluster-api-provider-openstack/v0.12.4 gophercloud/v2.7.0"
172.18.0.2 - - [05/Mar/2026:09:53:57 +0000] "GET /networking/v2.0/security-groups?name=k8s-cluster-magnum-system-kube-27v1z-secgroup-worker HTTP/1.1" 200 11151 "-" "cluster-api-provider-openstack/v0.12.4 gophercloud/v2.7.0"
172.18.0.2 - - [05/Mar/2026:09:53:57 +0000] "GET /networking/v2.0/floatingips?floating_ip_address=172.24.5.177 HTTP/1.1" 200 3757 "-" "cluster-api-provider-openstack/v0.12.4 gophercloud/v2.7.0"
172.18.0.2 - - [05/Mar/2026:09:53:57 +0000] "GET /compute/v2.1/ HTTP/1.1" 200 3431 "-" "cluster-api-provider-openstack/v0.12.4 gophercloud/v2.7.0"
172.18.0.2 - - [05/Mar/2026:09:53:57 +0000] "GET /compute/v2.1/os-availability-zone HTTP/1.1" 200 3137 "-" "cluster-api-provider-openstack/v0.12.4 gophercloud/v2.7.0"
172.24.5.102 - - [05/Mar/2026:09:54:02 +0000] "GET /volume/v3/volumes/detail HTTP/1.1" 200 2988 "-" "cinder-csi-plugin/v1.32.0 gophercloud/v2.5.0"
162.253.55.52 - - [05/Mar/2026:09:54:04 +0000] "GET /placement/resource_providers/817ec404-daa4-40f7-91e6-81220f423462/allocations HTTP/1.1" 200 3302 "-" "nova-compute keystoneauth1/5.13.1 python-requests/2.32.5 CPython/3.12.3"
162.253.55.52 - - [05/Mar/2026:09:54:04 +0000] "GET /placement/resource_providers/817ec404-daa4-40f7-91e6-81220f423462/allocations HTTP/1.1" 200 3302 "-" "nova-compute keystoneauth1/5.13.1 python-requests/2.32.5 CPython/3.12.3"
162.253.55.52 - - [05/Mar/2026:09:54:04 +0000] "GET /placement/allocations/d22a8ce3-4d4d-4d4d-8c58-4241c8bd2c36 HTTP/1.1" 200 3275 "-" "nova-compute keystoneauth1/5.13.1 python-requests/2.32.5 CPython/3.12.3"
162.253.55.52 - - [05/Mar/2026:09:54:04 +0000] "GET /placement/allocations/13b8b953-5518-4636-addc-74e8a2b98fd3 HTTP/1.1" 200 3275 "-" "nova-compute keystoneauth1/5.13.1 python-requests/2.32.5 CPython/3.12.3"
162.253.55.52 - - [05/Mar/2026:09:54:04 +0000] "GET /placement/allocations/1cca8898-38de-45a7-b551-6c88065744fc HTTP/1.1" 200 3275 "-" "nova-compute keystoneauth1/5.13.1 python-requests/2.32.5 CPython/3.12.3"
162.253.55.52 - - [05/Mar/2026:09:54:27 +0000] "GET /identity/v3/auth/tokens HTTP/1.1" 200 8209 "-" "python-keystoneclient"
162.253.55.52 - - [05/Mar/2026:09:54:27 +0000] "GET /networking/v2.0/ports?device_id=13b8b953-5518-4636-addc-74e8a2b98fd3 HTTP/1.1" 200 3732 "-" "python-neutronclient"
162.253.55.52 - - [05/Mar/2026:09:54:27 +0000] "GET /networking/v2.0/security-groups?id=e8b66291-15ab-41d7-9b39-a921e8701f93&fields=id&fields=name HTTP/1.1" 200 3010 "-" "python-neutronclient"
172.24.5.102 - - [05/Mar/2026:09:54:27 +0000] "GET /compute/v2.1/servers/13b8b953-5518-4636-addc-74e8a2b98fd3 HTTP/1.1" 200 4590 "-" "openstack-cloud-controller-manager/v1.32.1 gophercloud/v2.5.0"
172.24.5.102 - - [05/Mar/2026:09:54:27 +0000] "GET /compute/v2.1/flavors/4 HTTP/1.1" 200 3410 "-" "openstack-cloud-controller-manager/v1.32.1 gophercloud/v2.5.0"
172.24.5.102 - - [05/Mar/2026:09:54:27 +0000] "GET /networking/v2.0/ports?device_id=13b8b953-5518-4636-addc-74e8a2b98fd3 HTTP/1.1" 200 3701 "-" "openstack-cloud-controller-manager/v1.32.1 gophercloud/v2.5.0"
162.253.55.52 - - [05/Mar/2026:09:54:27 +0000] "GET /identity/v3/auth/tokens HTTP/1.1" 200 8083 "-" "python-keystoneclient"
162.253.55.52 - - [05/Mar/2026:09:54:27 +0000] "GET /networking/v2.0/ports?device_id=d22a8ce3-4d4d-4d4d-8c58-4241c8bd2c36 HTTP/1.1" 200 3731 "-" "python-neutronclient"
162.253.55.52 - - [05/Mar/2026:09:54:28 +0000] "GET /networking/v2.0/security-groups?id=e8b66291-15ab-41d7-9b39-a921e8701f93&fields=id&fields=name HTTP/1.1" 200 3010 "-" "python-neutronclient"
172.24.5.102 - - [05/Mar/2026:09:54:27 +0000] "GET /compute/v2.1/servers/d22a8ce3-4d4d-4d4d-8c58-4241c8bd2c36 HTTP/1.1" 200 4589 "-" "openstack-cloud-controller-manager/v1.32.1 gophercloud/v2.5.0"
172.24.5.102 - - [05/Mar/2026:09:54:28 +0000] "GET /compute/v2.1/flavors/4 HTTP/1.1" 200 3410 "-" "openstack-cloud-controller-manager/v1.32.1 gophercloud/v2.5.0"
172.24.5.102 - - [05/Mar/2026:09:54:28 +0000] "GET /networking/v2.0/ports?device_id=d22a8ce3-4d4d-4d4d-8c58-4241c8bd2c36 HTTP/1.1" 200 3700 "-" "openstack-cloud-controller-manager/v1.32.1 gophercloud/v2.5.0"
162.253.55.52 - - [05/Mar/2026:09:54:28 +0000] "GET /networking/v2.0/ports?device_id=1cca8898-38de-45a7-b551-6c88065744fc HTTP/1.1" 200 3711 "-" "python-neutronclient"
162.253.55.52 - - [05/Mar/2026:09:54:28 +0000] "GET /networking/v2.0/security-groups?id=ffe015ba-6b88-416c-8837-2831dfd62d51&fields=id&fields=name HTTP/1.1" 200 3016 "-" "python-neutronclient"
172.24.5.102 - - [05/Mar/2026:09:54:28 +0000] "GET /compute/v2.1/servers/1cca8898-38de-45a7-b551-6c88065744fc HTTP/1.1" 200 4575 "-" "openstack-cloud-controller-manager/v1.32.1 gophercloud/v2.5.0"
172.24.5.102 - - [05/Mar/2026:09:54:28 +0000] "GET /compute/v2.1/flavors/4 HTTP/1.1" 200 3410 "-" "openstack-cloud-controller-manager/v1.32.1 gophercloud/v2.5.0"
172.24.5.102 - - [05/Mar/2026:09:54:28 +0000] "GET /networking/v2.0/ports?device_id=1cca8898-38de-45a7-b551-6c88065744fc HTTP/1.1" 200 3680 "-" "openstack-cloud-controller-manager/v1.32.1 gophercloud/v2.5.0"
162.253.55.52 - - [05/Mar/2026:09:55:02 +0000] "GET /identity HTTP/1.1" 300 3230 "-" "cinder/27.1.0.dev197 keystonemiddleware.auth_token/12.0.0 keystoneauth1/5.13.1 python-requests/2.32.5 CPython/3.12.3"
162.253.55.52 - - [05/Mar/2026:09:55:02 +0000] "POST /identity/v3/auth/tokens HTTP/1.1" 201 7905 "-" "cinder/27.1.0.dev197 keystonemiddleware.auth_token/12.0.0 keystoneauth1/5.13.1 python-requests/2.32.5 CPython/3.12.3"
162.253.55.52 - - [05/Mar/2026:09:55:02 +0000] "GET /identity/v3/auth/tokens HTTP/1.1" 200 8209 "-" "python-keystoneclient"
172.24.5.102 - - [05/Mar/2026:09:55:02 +0000] "GET /volume/v3/volumes/detail HTTP/1.1" 200 2988 "-" "cinder-csi-plugin/v1.32.0 gophercloud/v2.5.0"
162.253.55.52 - - [05/Mar/2026:09:55:04 +0000] "GET /placement/resource_providers/817ec404-daa4-40f7-91e6-81220f423462/allocations HTTP/1.1" 200 3302 "-" "nova-compute keystoneauth1/5.13.1 python-requests/2.32.5 CPython/3.12.3"
162.253.55.52 - - [05/Mar/2026:09:55:04 +0000] "GET /placement/resource_providers/817ec404-daa4-40f7-91e6-81220f423462/allocations HTTP/1.1" 200 3302 "-" "nova-compute keystoneauth1/5.13.1 python-requests/2.32.5 CPython/3.12.3"
162.253.55.52 - - [05/Mar/2026:09:55:04 +0000] "GET /placement/allocations/d22a8ce3-4d4d-4d4d-8c58-4241c8bd2c36 HTTP/1.1" 200 3275 "-" "nova-compute keystoneauth1/5.13.1 python-requests/2.32.5 CPython/3.12.3"
162.253.55.52 - - [05/Mar/2026:09:55:04 +0000] "GET /placement/allocations/13b8b953-5518-4636-addc-74e8a2b98fd3 HTTP/1.1" 200 3275 "-" "nova-compute keystoneauth1/5.13.1 python-requests/2.32.5 CPython/3.12.3"
162.253.55.52 - - [05/Mar/2026:09:55:04 +0000] "GET /placement/allocations/1cca8898-38de-45a7-b551-6c88065744fc HTTP/1.1" 200 3275 "-" "nova-compute keystoneauth1/5.13.1 python-requests/2.32.5 CPython/3.12.3"
172.18.0.2 - - [05/Mar/2026:09:55:05 +0000] "GET /compute/v2.1/ HTTP/1.1" 200 3431 "-" "cluster-api-provider-openstack/v0.12.4 gophercloud/v2.7.0"
162.253.55.52 - - [05/Mar/2026:09:55:05 +0000] "GET /identity/v3/auth/tokens HTTP/1.1" 200 8083 "-" "python-keystoneclient"
162.253.55.52 - - [05/Mar/2026:09:55:05 +0000] "GET /networking/v2.0/ports?device_id=13b8b953-5518-4636-addc-74e8a2b98fd3 HTTP/1.1" 200 3732 "-" "python-neutronclient"
162.253.55.52 - - [05/Mar/2026:09:55:05 +0000] "GET /networking/v2.0/security-groups?id=e8b66291-15ab-41d7-9b39-a921e8701f93&fields=id&fields=name HTTP/1.1" 200 3010 "-" "python-neutronclient"
172.18.0.2 - - [05/Mar/2026:09:55:05 +0000] "GET /compute/v2.1/servers/13b8b953-5518-4636-addc-74e8a2b98fd3 HTTP/1.1" 200 4642 "-" "cluster-api-provider-openstack/v0.12.4 gophercloud/v2.7.0"
172.18.0.2 - - [05/Mar/2026:09:55:10 +0000] "GET /compute/v2.1/ HTTP/1.1" 200 3431 "-" "cluster-api-provider-openstack/v0.12.4 gophercloud/v2.7.0"
162.253.55.52 - - [05/Mar/2026:09:55:10 +0000] "GET /networking/v2.0/ports?device_id=13b8b953-5518-4636-addc-74e8a2b98fd3 HTTP/1.1" 200 3732 "-" "python-neutronclient"
162.253.55.52 - - [05/Mar/2026:09:55:10 +0000] "GET /networking/v2.0/security-groups?id=e8b66291-15ab-41d7-9b39-a921e8701f93&fields=id&fields=name HTTP/1.1" 200 3010 "-" "python-neutronclient"
172.18.0.2 - - [05/Mar/2026:09:55:10 +0000] "GET /compute/v2.1/servers/13b8b953-5518-4636-addc-74e8a2b98fd3 HTTP/1.1" 200 4642 "-" "cluster-api-provider-openstack/v0.12.4 gophercloud/v2.7.0"
172.18.0.2 - - [05/Mar/2026:09:55:36 +0000] "GET /networking/v2.0/ports?id=3d53ac90-eb5f-43af-87d3-f6bb1e1ecbdd&name=kube-27v1z-mtfr7-zz4d7-0&network_id=0e617edf-c9c9-4946-8a61-674c20342936 HTTP/1.1" 200 3680 "-" "cluster-api-provider-openstack/v0.12.4 gophercloud/v2.7.0"
172.18.0.2 - - [05/Mar/2026:09:55:36 +0000] "GET /networking/v2.0/ports?id=d57499cf-20bd-4522-8ebd-956564da5358&name=kube-27v1z-default-worker-8qrh9-p9mdb-n8c9v-0&network_id=0e617edf-c9c9-4946-8a61-674c20342936 HTTP/1.1" 200 3700 "-" "cluster-api-provider-openstack/v0.12.4 gophercloud/v2.7.0"
172.18.0.2 - - [05/Mar/2026:09:55:36 +0000] "GET /networking/v2.0/ports?id=8ab4a510-902b-4b5f-a15f-c27857a190e0&name=kube-27v1z-default-worker-8qrh9-p9mdb-bz2c5-0&network_id=0e617edf-c9c9-4946-8a61-674c20342936 HTTP/1.1" 200 3701 "-" "cluster-api-provider-openstack/v0.12.4 gophercloud/v2.7.0"
172.18.0.2 - - [05/Mar/2026:09:55:36 +0000] "GET /compute/v2.1/ HTTP/1.1" 200 3431 "-" "cluster-api-provider-openstack/v0.12.4 gophercloud/v2.7.0"
172.18.0.2 - - [05/Mar/2026:09:55:36 +0000] "GET /compute/v2.1/ HTTP/1.1" 200 3431 "-" "cluster-api-provider-openstack/v0.12.4 gophercloud/v2.7.0"
172.18.0.2 - - [05/Mar/2026:09:55:36 +0000] "GET /compute/v2.1/ HTTP/1.1" 200 3431 "-" "cluster-api-provider-openstack/v0.12.4 gophercloud/v2.7.0"
162.253.55.52 - - [05/Mar/2026:09:55:36 +0000] "GET /networking/v2.0/ports?device_id=1cca8898-38de-45a7-b551-6c88065744fc HTTP/1.1" 200 3711 "-" "python-neutronclient"
162.253.55.52 - - [05/Mar/2026:09:55:36 +0000] "GET /networking/v2.0/ports?device_id=d22a8ce3-4d4d-4d4d-8c58-4241c8bd2c36 HTTP/1.1" 200 3731 "-" "python-neutronclient"
162.253.55.52 - - [05/Mar/2026:09:55:36 +0000] "GET /networking/v2.0/ports?device_id=13b8b953-5518-4636-addc-74e8a2b98fd3 HTTP/1.1" 200 3732 "-" "python-neutronclient"
162.253.55.52 - - [05/Mar/2026:09:55:36 +0000] "GET /networking/v2.0/security-groups?id=ffe015ba-6b88-416c-8837-2831dfd62d51&fields=id&fields=name HTTP/1.1" 200 3016 "-" "python-neutronclient"
162.253.55.52 - - [05/Mar/2026:09:55:36 +0000] "GET /networking/v2.0/security-groups?id=e8b66291-15ab-41d7-9b39-a921e8701f93&fields=id&fields=name HTTP/1.1" 200 3010 "-" "python-neutronclient"
172.18.0.2 - - [05/Mar/2026:09:55:36 +0000] "GET /compute/v2.1/servers/1cca8898-38de-45a7-b551-6c88065744fc HTTP/1.1" 200 4627 "-" "cluster-api-provider-openstack/v0.12.4 gophercloud/v2.7.0"
172.18.0.2 - - [05/Mar/2026:09:55:36 +0000] "GET /compute/v2.1/servers/d22a8ce3-4d4d-4d4d-8c58-4241c8bd2c36 HTTP/1.1" 200 4641 "-" "cluster-api-provider-openstack/v0.12.4 gophercloud/v2.7.0"
162.253.55.52 - - [05/Mar/2026:09:55:36 +0000] "GET /networking/v2.0/security-groups?id=e8b66291-15ab-41d7-9b39-a921e8701f93&fields=id&fields=name HTTP/1.1" 200 3010 "-" "python-neutronclient"
172.18.0.2 - - [05/Mar/2026:09:55:36 +0000] "GET /compute/v2.1/servers/13b8b953-5518-4636-addc-74e8a2b98fd3 HTTP/1.1" 200 4642 "-" "cluster-api-provider-openstack/v0.12.4 gophercloud/v2.7.0"
172.24.5.102 - - [05/Mar/2026:09:56:02 +0000] "GET /volume/v3/volumes/detail HTTP/1.1" 200 2988 "-" "cinder-csi-plugin/v1.32.0 gophercloud/v2.5.0"
162.253.55.52 - - [05/Mar/2026:09:56:05 +0000] "GET /placement/resource_providers/817ec404-daa4-40f7-91e6-81220f423462/allocations HTTP/1.1" 200 3302 "-" "nova-compute keystoneauth1/5.13.1 python-requests/2.32.5 CPython/3.12.3"
162.253.55.52 - - [05/Mar/2026:09:56:05 +0000] "GET /placement/resource_providers/817ec404-daa4-40f7-91e6-81220f423462/allocations HTTP/1.1" 200 3302 "-" "nova-compute keystoneauth1/5.13.1 python-requests/2.32.5 CPython/3.12.3"
162.253.55.52 - - [05/Mar/2026:09:56:05 +0000] "GET /placement/allocations/d22a8ce3-4d4d-4d4d-8c58-4241c8bd2c36 HTTP/1.1" 200 3275 "-" "nova-compute keystoneauth1/5.13.1 python-requests/2.32.5 CPython/3.12.3"
162.253.55.52 - - [05/Mar/2026:09:56:05 +0000] "GET /placement/allocations/13b8b953-5518-4636-addc-74e8a2b98fd3 HTTP/1.1" 200 3275 "-" "nova-compute keystoneauth1/5.13.1 python-requests/2.32.5 CPython/3.12.3"
162.253.55.52 - - [05/Mar/2026:09:56:05 +0000] "GET /placement/allocations/1cca8898-38de-45a7-b551-6c88065744fc HTTP/1.1" 200 3275 "-" "nova-compute keystoneauth1/5.13.1 python-requests/2.32.5 CPython/3.12.3"
172.24.5.102 - - [05/Mar/2026:09:57:02 +0000] "GET /volume/v3/volumes/detail HTTP/1.1" 200 2988 "-" "cinder-csi-plugin/v1.32.0 gophercloud/v2.5.0"
162.253.55.52 - - [05/Mar/2026:09:57:07 +0000] "GET /identity HTTP/1.1" 300 3230 "-" "placement/unknown keystonemiddleware.auth_token/12.0.0 keystoneauth1/5.13.1 python-requests/2.32.5 CPython/3.12.3"
162.253.55.52 - - [05/Mar/2026:09:57:07 +0000] "POST /identity/v3/auth/tokens HTTP/1.1" 201 8093 "-" "placement/unknown keystonemiddleware.auth_token/12.0.0 keystoneauth1/5.13.1 python-requests/2.32.5 CPython/3.12.3"
162.253.55.52 - - [05/Mar/2026:09:57:07 +0000] "GET /identity/v3/auth/tokens HTTP/1.1" 200 8083 "-" "python-keystoneclient"
162.253.55.52 - - [05/Mar/2026:09:57:07 +0000] "GET /placement/resource_providers/817ec404-daa4-40f7-91e6-81220f423462/allocations HTTP/1.1" 200 3302 "-" "nova-compute keystoneauth1/5.13.1 python-requests/2.32.5 CPython/3.12.3"
162.253.55.52 - - [05/Mar/2026:09:57:07 +0000] "GET /placement/resource_providers?in_tree=817ec404-daa4-40f7-91e6-81220f423462 HTTP/1.1" 200 3816 "-" "nova-compute keystoneauth1/5.13.1 python-requests/2.32.5 CPython/3.12.3"
162.253.55.52 - - [05/Mar/2026:09:57:07 +0000] "GET /placement/resource_providers/817ec404-daa4-40f7-91e6-81220f423462/inventories HTTP/1.1" 200 3344 "-" "nova-compute keystoneauth1/5.13.1 python-requests/2.32.5 CPython/3.12.3"
162.253.55.52 - - [05/Mar/2026:09:57:07 +0000] "GET /placement/resource_providers/817ec404-daa4-40f7-91e6-81220f423462/aggregates HTTP/1.1" 200 3068 "-" "nova-compute keystoneauth1/5.13.1 python-requests/2.32.5 CPython/3.12.3"
162.253.55.52 - - [05/Mar/2026:09:57:07 +0000] "GET /placement/resource_providers/817ec404-daa4-40f7-91e6-81220f423462/traits HTTP/1.1" 200 5008 "-" "nova-compute keystoneauth1/5.13.1 python-requests/2.32.5 CPython/3.12.3"
