162.253.55.52 - - [05/Mar/2026:09:34:55 +0000] "POST /identity/v3/auth/tokens HTTP/1.1" 201 8088 "-" "nova/32.1.0.dev355 keystonemiddleware.auth_token/12.0.0 keystoneauth1/5.13.1 python-requests/2.32.5 CPython/3.12.3"
162.253.55.52 - - [05/Mar/2026:09:34:55 +0000] "GET /identity HTTP/1.1" 300 3230 "-" "uwsgi keystoneauth1/5.13.1 python-requests/2.32.5 CPython/3.12.3"
162.253.55.52 - - [05/Mar/2026:09:34:55 +0000] "POST /identity/v3/auth/tokens HTTP/1.1" 201 8088 "-" "uwsgi keystoneauth1/5.13.1 python-requests/2.32.5 CPython/3.12.3"
162.253.55.52 - - [05/Mar/2026:09:34:55 +0000] "GET /identity HTTP/1.1" 300 3230 "-" "glance/32.0.0.0b3.dev44 keystonemiddleware.auth_token/12.0.0 keystoneauth1/5.13.1 python-requests/2.32.5 CPython/3.12.3"
162.253.55.52 - - [05/Mar/2026:09:34:55 +0000] "POST /identity/v3/auth/tokens HTTP/1.1" 201 8090 "-" "glance/32.0.0.0b3.dev44 keystonemiddleware.auth_token/12.0.0 keystoneauth1/5.13.1 python-requests/2.32.5 CPython/3.12.3"
162.253.55.52 - - [05/Mar/2026:09:34:55 +0000] "GET /identity/v3/auth/tokens HTTP/1.1" 200 8083 "-" "python-keystoneclient"
162.253.55.52 - - [05/Mar/2026:09:34:55 +0000] "GET /image/v2/images/813dda01-3d01-480f-b906-a6fb404c7bf6 HTTP/1.1" 200 3872 "-" "python-glanceclient"
162.253.55.52 - - [05/Mar/2026:09:34:55 +0000] "GET /image/v2/schemas/image HTTP/1.1" 200 8961 "-" "python-glanceclient"
162.253.55.52 - - [05/Mar/2026:09:34:55 +0000] "GET /networking/v2.0/ports/3d53ac90-eb5f-43af-87d3-f6bb1e1ecbdd HTTP/1.1" 200 3658 "-" "python-neutronclient"
162.253.55.52 - - [05/Mar/2026:09:34:55 +0000] "GET /identity HTTP/1.1" 300 3230 "-" "uwsgi keystoneauth1/5.13.1 python-requests/2.32.5 CPython/3.12.3"
162.253.55.52 - - [05/Mar/2026:09:34:55 +0000] "POST /identity/v3/auth/tokens HTTP/1.1" 201 8088 "-" "uwsgi keystoneauth1/5.13.1 python-requests/2.32.5 CPython/3.12.3"
162.253.55.52 - - [05/Mar/2026:09:34:55 +0000] "GET /identity/v3/auth/tokens?allow_expired=1 HTTP/1.1" 200 8083 "-" "python-keystoneclient"
162.253.55.52 - - [05/Mar/2026:09:34:55 +0000] "GET /networking/v2.0/extensions HTTP/1.1" 200 18131 "-" "python-neutronclient"
162.253.55.52 - - [05/Mar/2026:09:34:56 +0000] "GET /networking/v2.0/ports/3d53ac90-eb5f-43af-87d3-f6bb1e1ecbdd?fields=binding%3Avnic_type&fields=binding%3Aprofile&fields=network_id&fields=resource_request&fields=numa_affinity_policy&fields=device_profile HTTP/1.1" 200 2989 "-" "python-neutronclient"
162.253.55.52 - - [05/Mar/2026:09:34:56 +0000] "GET /networking/v2.0/networks/0e617edf-c9c9-4946-8a61-674c20342936?fields=segments HTTP/1.1" 200 2890 "-" "python-neutronclient"
162.253.55.52 - - [05/Mar/2026:09:34:56 +0000] "GET /networking/v2.0/networks/0e617edf-c9c9-4946-8a61-674c20342936?fields=provider%3Aphysical_network&fields=provider%3Anetwork_type HTTP/1.1" 200 2955 "-" "python-neutronclient"
162.253.55.52 - - [05/Mar/2026:09:34:56 +0000] "GET /networking/v2.0/ports/3d53ac90-eb5f-43af-87d3-f6bb1e1ecbdd HTTP/1.1" 200 3658 "-" "python-neutronclient"
172.18.0.2 - - [05/Mar/2026:09:34:54 +0000] "POST /compute/v2.1/servers HTTP/1.1" 202 3524 "-" "cluster-api-provider-openstack/v0.12.4 gophercloud/v2.7.0"
162.253.55.52 - - [05/Mar/2026:09:34:56 +0000] "GET /identity HTTP/1.1" 300 3230 "-" "nova-scheduler keystoneauth1/5.13.1 python-requests/2.32.5 CPython/3.12.3"
172.18.0.2 - - [05/Mar/2026:09:34:56 +0000] "GET /networking/v2.0/ports?id=3d53ac90-eb5f-43af-87d3-f6bb1e1ecbdd&name=kube-27v1z-mtfr7-zz4d7-0&network_id=0e617edf-c9c9-4946-8a61-674c20342936 HTTP/1.1" 200 3630 "-" "cluster-api-provider-openstack/v0.12.4 gophercloud/v2.7.0"
172.18.0.2 - - [05/Mar/2026:09:34:56 +0000] "GET /compute/v2.1/ HTTP/1.1" 200 3431 "-" "cluster-api-provider-openstack/v0.12.4 gophercloud/v2.7.0"
162.253.55.52 - - [05/Mar/2026:09:34:56 +0000] "POST /identity/v3/auth/tokens HTTP/1.1" 201 8088 "-" "nova-scheduler keystoneauth1/5.13.1 python-requests/2.32.5 CPython/3.12.3"
162.253.55.52 - - [05/Mar/2026:09:34:56 +0000] "GET /identity HTTP/1.1" 300 3230 "-" "uwsgi keystoneauth1/5.13.1 python-requests/2.32.5 CPython/3.12.3"
162.253.55.52 - - [05/Mar/2026:09:34:56 +0000] "GET /identity/v3/auth/tokens HTTP/1.1" 200 8083 "-" "python-keystoneclient"
162.253.55.52 - - [05/Mar/2026:09:34:56 +0000] "GET /networking/v2.0/ports/3d53ac90-eb5f-43af-87d3-f6bb1e1ecbdd HTTP/1.1" 200 3658 "-" "python-neutronclient"
162.253.55.52 - - [05/Mar/2026:09:34:56 +0000] "POST /identity/v3/auth/tokens HTTP/1.1" 201 8088 "-" "uwsgi keystoneauth1/5.13.1 python-requests/2.32.5 CPython/3.12.3"
162.253.55.52 - - [05/Mar/2026:09:34:57 +0000] "GET /identity HTTP/1.1" 300 3230 "-" "placement/unknown keystonemiddleware.auth_token/12.0.0 keystoneauth1/5.13.1 python-requests/2.32.5 CPython/3.12.3"
162.253.55.52 - - [05/Mar/2026:09:34:57 +0000] "GET /identity/v3/auth/tokens HTTP/1.1" 200 8083 "-" "python-keystoneclient"
162.253.55.52 - - [05/Mar/2026:09:34:57 +0000] "GET /networking/v2.0/ports?device_id=1cca8898-38de-45a7-b551-6c88065744fc HTTP/1.1" 200 2888 "-" "python-neutronclient"
162.253.55.52 - - [05/Mar/2026:09:34:57 +0000] "POST /identity/v3/auth/tokens HTTP/1.1" 201 8093 "-" "placement/unknown keystonemiddleware.auth_token/12.0.0 keystoneauth1/5.13.1 python-requests/2.32.5 CPython/3.12.3"
172.18.0.2 - - [05/Mar/2026:09:34:56 +0000] "GET /compute/v2.1/servers/1cca8898-38de-45a7-b551-6c88065744fc HTTP/1.1" 200 4294 "-" "cluster-api-provider-openstack/v0.12.4 gophercloud/v2.7.0"
162.253.55.52 - - [05/Mar/2026:09:34:57 +0000] "GET /identity/v3/auth/tokens HTTP/1.1" 200 8083 "-" "python-keystoneclient"
162.253.55.52 - - [05/Mar/2026:09:34:57 +0000] "GET /placement/allocation_candidates?resources=DISK_GB%3A80%2CMEMORY_MB%3A8192%2CVCPU%3A4&root_required=%21COMPUTE_STATUS_DISABLED HTTP/1.1" 200 5547 "-" "nova-scheduler keystoneauth1/5.13.1 python-requests/2.32.5 CPython/3.12.3"
172.18.0.2 - - [05/Mar/2026:09:34:57 +0000] "GET /networking/v2.0/ports?id=3d53ac90-eb5f-43af-87d3-f6bb1e1ecbdd&name=kube-27v1z-mtfr7-zz4d7-0&network_id=0e617edf-c9c9-4946-8a61-674c20342936 HTTP/1.1" 200 3630 "-" "cluster-api-provider-openstack/v0.12.4 gophercloud/v2.7.0"
172.18.0.2 - - [05/Mar/2026:09:34:57 +0000] "GET /compute/v2.1/ HTTP/1.1" 200 3431 "-" "cluster-api-provider-openstack/v0.12.4 gophercloud/v2.7.0"
162.253.55.52 - - [05/Mar/2026:09:34:57 +0000] "GET /placement/allocations/1cca8898-38de-45a7-b551-6c88065744fc HTTP/1.1" 200 3034 "-" "nova-scheduler keystoneauth1/5.13.1 python-requests/2.32.5 CPython/3.12.3"
162.253.55.52 - - [05/Mar/2026:09:34:57 +0000] "GET /networking/v2.0/ports?device_id=1cca8898-38de-45a7-b551-6c88065744fc HTTP/1.1" 200 2888 "-" "python-neutronclient"
172.18.0.2 - - [05/Mar/2026:09:34:57 +0000] "GET /compute/v2.1/servers/1cca8898-38de-45a7-b551-6c88065744fc HTTP/1.1" 200 4294 "-" "cluster-api-provider-openstack/v0.12.4 gophercloud/v2.7.0"
162.253.55.52 - - [05/Mar/2026:09:34:57 +0000] "PUT /placement/allocations/1cca8898-38de-45a7-b551-6c88065744fc HTTP/1.1" 204 2900 "-" "nova-scheduler keystoneauth1/5.13.1 python-requests/2.32.5 CPython/3.12.3"
162.253.55.52 - - [05/Mar/2026:09:34:59 +0000] "GET /placement/allocations/1cca8898-38de-45a7-b551-6c88065744fc HTTP/1.1" 200 3275 "-" "nova-compute keystoneauth1/5.13.1 python-requests/2.32.5 CPython/3.12.3"
162.253.55.52 - - [05/Mar/2026:09:35:00 +0000] "GET /placement/resource_providers/817ec404-daa4-40f7-91e6-81220f423462/allocations HTTP/1.1" 200 3098 "-" "nova-compute keystoneauth1/5.13.1 python-requests/2.32.5 CPython/3.12.3"
162.253.55.52 - - [05/Mar/2026:09:35:00 +0000] "GET /placement/allocations/1cca8898-38de-45a7-b551-6c88065744fc HTTP/1.1" 200 3275 "-" "nova-compute keystoneauth1/5.13.1 python-requests/2.32.5 CPython/3.12.3"
162.253.55.52 - - [05/Mar/2026:09:35:00 +0000] "GET /identity HTTP/1.1" 300 3230 "-" "openstacksdk/4.10.0 keystoneauth1/5.13.1 python-requests/2.32.5 CPython/3.12.3"
162.253.55.52 - - [05/Mar/2026:09:35:00 +0000] "POST /identity/v3/auth/tokens HTTP/1.1" 201 8041 "-" "openstacksdk/4.10.0 keystoneauth1/5.13.1 python-requests/2.32.5 CPython/3.12.3"
162.253.55.52 - - [05/Mar/2026:09:35:01 +0000] "GET /identity/v3/auth/tokens HTTP/1.1" 200 8036 "-" "python-keystoneclient"
162.253.55.52 - - [05/Mar/2026:09:35:01 +0000] "POST /identity/v3/auth/tokens HTTP/1.1" 201 7617 "-" "uwsgi keystoneauth1/5.13.1 python-requests/2.32.5 CPython/3.12.3"
162.253.55.52 - - [05/Mar/2026:09:35:01 +0000] "POST /identity/v3/auth/tokens HTTP/1.1" 201 7617 "-" "uwsgi keystoneauth1/5.13.1 python-requests/2.32.5 CPython/3.12.3"
162.253.55.52 - - [05/Mar/2026:09:35:01 +0000] "POST /identity/v3/auth/tokens HTTP/1.1" 201 7617 "-" "uwsgi keystoneauth1/5.13.1 python-requests/2.32.5 CPython/3.12.3"
162.253.55.52 - - [05/Mar/2026:09:35:01 +0000] "GET /container-infra/v1/clusters/k8s-cluster HTTP/1.1" 200 4706 "-" "python-urllib3/2.6.3"
162.253.55.52 - - [05/Mar/2026:09:35:02 +0000] "GET /identity HTTP/1.1" 300 3230 "-" "nova-compute keystoneauth1/5.13.1 python-requests/2.32.5 CPython/3.12.3"
162.253.55.52 - - [05/Mar/2026:09:35:02 +0000] "POST /identity/v3/auth/tokens HTTP/1.1" 201 8088 "-" "nova-compute keystoneauth1/5.13.1 python-requests/2.32.5 CPython/3.12.3"
162.253.55.52 - - [05/Mar/2026:09:35:02 +0000] "POST /identity/v3/auth/tokens HTTP/1.1" 201 8088 "-" "nova-compute keystoneauth1/5.13.1 python-requests/2.32.5 CPython/3.12.3"
162.253.55.52 - - [05/Mar/2026:09:35:02 +0000] "GET /identity/v3/auth/tokens HTTP/1.1" 200 8083 "-" "python-keystoneclient"
162.253.55.52 - - [05/Mar/2026:09:35:02 +0000] "GET /identity/v3/auth/tokens?allow_expired=1 HTTP/1.1" 200 8083 "-" "python-keystoneclient"
162.253.55.52 - - [05/Mar/2026:09:35:02 +0000] "GET /networking/v2.0/ports/3d53ac90-eb5f-43af-87d3-f6bb1e1ecbdd HTTP/1.1" 200 3754 "-" "python-neutronclient"
162.253.55.52 - - [05/Mar/2026:09:35:02 +0000] "GET /networking/v2.0/networks?id=0e617edf-c9c9-4946-8a61-674c20342936 HTTP/1.1" 200 3521 "-" "python-neutronclient"
162.253.55.52 - - [05/Mar/2026:09:35:02 +0000] "GET /networking/v2.0/extensions HTTP/1.1" 200 18131 "-" "python-neutronclient"
162.253.55.52 - - [05/Mar/2026:09:35:02 +0000] "PUT /networking/v2.0/ports/3d53ac90-eb5f-43af-87d3-f6bb1e1ecbdd HTTP/1.1" 200 3948 "-" "python-neutronclient"
162.253.55.52 - - [05/Mar/2026:09:35:03 +0000] "GET /identity HTTP/1.1" 300 3230 "-" "uwsgi keystoneauth1/5.13.1 python-requests/2.32.5 CPython/3.12.3"
162.253.55.52 - - [05/Mar/2026:09:35:03 +0000] "POST /identity/v3/auth/tokens HTTP/1.1" 201 8088 "-" "uwsgi keystoneauth1/5.13.1 python-requests/2.32.5 CPython/3.12.3"
162.253.55.52 - - [05/Mar/2026:09:35:03 +0000] "GET /identity HTTP/1.1" 300 3230 "-" "nova/32.1.0.dev355 keystonemiddleware.auth_token/12.0.0 keystoneauth1/5.13.1 python-requests/2.32.5 CPython/3.12.3"
162.253.55.52 - - [05/Mar/2026:09:35:03 +0000] "POST /identity/v3/auth/tokens HTTP/1.1" 201 8088 "-" "nova/32.1.0.dev355 keystonemiddleware.auth_token/12.0.0 keystoneauth1/5.13.1 python-requests/2.32.5 CPython/3.12.3"
162.253.55.52 - - [05/Mar/2026:09:35:03 +0000] "GET /identity/v3/auth/tokens HTTP/1.1" 200 8083 "-" "python-keystoneclient"
162.253.55.52 - - [05/Mar/2026:09:35:03 +0000] "POST /compute/v2.1/os-server-external-events HTTP/1.1" 200 3249 "-" "python-novaclient"
162.253.55.52 - - [05/Mar/2026:09:35:04 +0000] "GET /image/v2/images/813dda01-3d01-480f-b906-a6fb404c7bf6 HTTP/1.1" 200 3872 "-" "python-glanceclient"
162.253.55.52 - - [05/Mar/2026:09:35:04 +0000] "GET /networking/v2.0/ports?tenant_id=c0349077994345808aa65b2ce58c15f8&device_id=1cca8898-38de-45a7-b551-6c88065744fc HTTP/1.1" 200 3951 "-" "python-neutronclient"
172.18.0.2 - - [05/Mar/2026:09:35:06 +0000] "GET /networking/v2.0/ports?id=3d53ac90-eb5f-43af-87d3-f6bb1e1ecbdd&name=kube-27v1z-mtfr7-zz4d7-0&network_id=0e617edf-c9c9-4946-8a61-674c20342936 HTTP/1.1" 200 3678 "-" "cluster-api-provider-openstack/v0.12.4 gophercloud/v2.7.0"
172.18.0.2 - - [05/Mar/2026:09:35:06 +0000] "GET /compute/v2.1/ HTTP/1.1" 200 3431 "-" "cluster-api-provider-openstack/v0.12.4 gophercloud/v2.7.0"
162.253.55.52 - - [05/Mar/2026:09:35:06 +0000] "GET /identity HTTP/1.1" 300 3230 "-" "nova/32.1.0.dev355 keystonemiddleware.auth_token/12.0.0 keystoneauth1/5.13.1 python-requests/2.32.5 CPython/3.12.3"
162.253.55.52 - - [05/Mar/2026:09:35:06 +0000] "POST /identity/v3/auth/tokens HTTP/1.1" 201 8088 "-" "nova/32.1.0.dev355 keystonemiddleware.auth_token/12.0.0 keystoneauth1/5.13.1 python-requests/2.32.5 CPython/3.12.3"
162.253.55.52 - - [05/Mar/2026:09:35:06 +0000] "GET /identity HTTP/1.1" 300 3230 "-" "uwsgi keystoneauth1/5.13.1 python-requests/2.32.5 CPython/3.12.3"
162.253.55.52 - - [05/Mar/2026:09:35:07 +0000] "POST /identity/v3/auth/tokens HTTP/1.1" 201 8088 "-" "uwsgi keystoneauth1/5.13.1 python-requests/2.32.5 CPython/3.12.3"
162.253.55.52 - - [05/Mar/2026:09:35:07 +0000] "GET /identity/v3/auth/tokens HTTP/1.1" 200 8083 "-" "python-keystoneclient"
162.253.55.52 - - [05/Mar/2026:09:35:07 +0000] "GET /networking/v2.0/ports?device_id=1cca8898-38de-45a7-b551-6c88065744fc HTTP/1.1" 200 3709 "-" "python-neutronclient"
162.253.55.52 - - [05/Mar/2026:09:35:07 +0000] "GET /networking/v2.0/security-groups?id=ffe015ba-6b88-416c-8837-2831dfd62d51&fields=id&fields=name HTTP/1.1" 200 3016 "-" "python-neutronclient"
172.18.0.2 - - [05/Mar/2026:09:35:06 +0000] "GET /compute/v2.1/servers/1cca8898-38de-45a7-b551-6c88065744fc HTTP/1.1" 200 4441 "-" "cluster-api-provider-openstack/v0.12.4 gophercloud/v2.7.0"
162.253.55.52 - - [05/Mar/2026:09:35:07 +0000] "GET /identity HTTP/1.1" 300 3230 "-" "openstacksdk/4.10.0 keystoneauth1/5.13.1 python-requests/2.32.5 CPython/3.12.3"
162.253.55.52 - - [05/Mar/2026:09:35:07 +0000] "POST /identity/v3/auth/tokens HTTP/1.1" 201 8041 "-" "openstacksdk/4.10.0 keystoneauth1/5.13.1 python-requests/2.32.5 CPython/3.12.3"
162.253.55.52 - - [05/Mar/2026:09:35:07 +0000] "GET /identity/v3/auth/tokens HTTP/1.1" 200 8036 "-" "python-keystoneclient"
162.253.55.52 - - [05/Mar/2026:09:35:07 +0000] "POST /identity/v3/auth/tokens HTTP/1.1" 201 7617 "-" "uwsgi keystoneauth1/5.13.1 python-requests/2.32.5 CPython/3.12.3"
162.253.55.52 - - [05/Mar/2026:09:35:07 +0000] "POST /identity/v3/auth/tokens HTTP/1.1" 201 7617 "-" "uwsgi keystoneauth1/5.13.1 python-requests/2.32.5 CPython/3.12.3"
162.253.55.52 - - [05/Mar/2026:09:35:07 +0000] "POST /identity/v3/auth/tokens HTTP/1.1" 201 7617 "-" "uwsgi keystoneauth1/5.13.1 python-requests/2.32.5 CPython/3.12.3"
162.253.55.52 - - [05/Mar/2026:09:35:07 +0000] "GET /container-infra/v1/clusters/k8s-cluster HTTP/1.1" 200 4706 "-" "python-urllib3/2.6.3"
162.253.55.52 - - [05/Mar/2026:09:35:04 +0000] "GET /image/v2/images/813dda01-3d01-480f-b906-a6fb404c7bf6/file HTTP/1.1" 200 890382310 "-" "python-glanceclient"
162.253.55.52 - - [05/Mar/2026:09:35:11 +0000] "GET /image/v2/images/813dda01-3d01-480f-b906-a6fb404c7bf6 HTTP/1.1" 200 3872 "-" "python-glanceclient"
162.253.55.52 - - [05/Mar/2026:09:35:11 +0000] "GET /networking/v2.0/networks?tenant_id=c0349077994345808aa65b2ce58c15f8&shared=False HTTP/1.1" 200 3620 "-" "python-neutronclient"
162.253.55.52 - - [05/Mar/2026:09:35:11 +0000] "GET /image/v2/schemas/image HTTP/1.1" 200 8961 "-" "python-glanceclient"
162.253.55.52 - - [05/Mar/2026:09:35:11 +0000] "GET /networking/v2.0/networks?shared=True HTTP/1.1" 200 2891 "-" "python-neutronclient"
162.253.55.52 - - [05/Mar/2026:09:35:12 +0000] "GET /networking/v2.0/ports?tenant_id=c0349077994345808aa65b2ce58c15f8&device_id=1cca8898-38de-45a7-b551-6c88065744fc HTTP/1.1" 200 3951 "-" "python-neutronclient"
162.253.55.52 - - [05/Mar/2026:09:35:12 +0000] "GET /networking/v2.0/floatingips?fixed_ip_address=192.168.24.101&port_id=3d53ac90-eb5f-43af-87d3-f6bb1e1ecbdd HTTP/1.1" 200 2895 "-" "python-neutronclient"
162.253.55.52 - - [05/Mar/2026:09:35:12 +0000] "GET /networking/v2.0/subnets?id=caf78a3d-dace-4965-9ec6-412ed2fbbe1b HTTP/1.1" 200 3645 "-" "python-neutronclient"
162.253.55.52 - - [05/Mar/2026:09:35:12 +0000] "GET /networking/v2.0/ports?network_id=0e617edf-c9c9-4946-8a61-674c20342936&device_owner=network%3Adhcp HTTP/1.1" 200 2888 "-" "python-neutronclient"
162.253.55.52 - - [05/Mar/2026:09:35:13 +0000] "GET /networking/v2.0/networks/0e617edf-c9c9-4946-8a61-674c20342936?fields=segments HTTP/1.1" 200 2890 "-" "python-neutronclient"
162.253.55.52 - - [05/Mar/2026:09:35:13 +0000] "GET /networking/v2.0/networks/0e617edf-c9c9-4946-8a61-674c20342936?fields=provider%3Aphysical_network&fields=provider%3Anetwork_type HTTP/1.1" 200 2955 "-" "python-neutronclient"
162.253.55.52 - - [05/Mar/2026:09:35:14 +0000] "GET /identity HTTP/1.1" 300 3230 "-" "openstacksdk/4.10.0 keystoneauth1/5.13.1 python-requests/2.32.5 CPython/3.12.3"
162.253.55.52 - - [05/Mar/2026:09:35:14 +0000] "POST /identity/v3/auth/tokens HTTP/1.1" 201 8041 "-" "openstacksdk/4.10.0 keystoneauth1/5.13.1 python-requests/2.32.5 CPython/3.12.3"
162.253.55.52 - - [05/Mar/2026:09:35:14 +0000] "GET /identity/v3/auth/tokens HTTP/1.1" 200 8036 "-" "python-keystoneclient"
162.253.55.52 - - [05/Mar/2026:09:35:14 +0000] "POST /identity/v3/auth/tokens HTTP/1.1" 201 7617 "-" "uwsgi keystoneauth1/5.13.1 python-requests/2.32.5 CPython/3.12.3"
162.253.55.52 - - [05/Mar/2026:09:35:14 +0000] "POST /identity/v3/auth/tokens HTTP/1.1" 201 7617 "-" "uwsgi keystoneauth1/5.13.1 python-requests/2.32.5 CPython/3.12.3"
162.253.55.52 - - [05/Mar/2026:09:35:14 +0000] "POST /identity/v3/auth/tokens HTTP/1.1" 201 7617 "-" "uwsgi keystoneauth1/5.13.1 python-requests/2.32.5 CPython/3.12.3"
162.253.55.52 - - [05/Mar/2026:09:35:14 +0000] "GET /container-infra/v1/clusters/k8s-cluster HTTP/1.1" 200 4890 "-" "python-urllib3/2.6.3"
172.18.0.2 - - [05/Mar/2026:09:35:17 +0000] "GET /networking/v2.0/ports?id=3d53ac90-eb5f-43af-87d3-f6bb1e1ecbdd&name=kube-27v1z-mtfr7-zz4d7-0&network_id=0e617edf-c9c9-4946-8a61-674c20342936 HTTP/1.1" 200 3678 "-" "cluster-api-provider-openstack/v0.12.4 gophercloud/v2.7.0"
172.18.0.2 - - [05/Mar/2026:09:35:17 +0000] "GET /compute/v2.1/ HTTP/1.1" 200 3431 "-" "cluster-api-provider-openstack/v0.12.4 gophercloud/v2.7.0"
162.253.55.52 - - [05/Mar/2026:09:35:17 +0000] "GET /identity HTTP/1.1" 300 3230 "-" "uwsgi keystoneauth1/5.13.1 python-requests/2.32.5 CPython/3.12.3"
162.253.55.52 - - [05/Mar/2026:09:35:17 +0000] "POST /identity/v3/auth/tokens HTTP/1.1" 201 8088 "-" "uwsgi keystoneauth1/5.13.1 python-requests/2.32.5 CPython/3.12.3"
162.253.55.52 - - [05/Mar/2026:09:35:17 +0000] "GET /identity/v3/auth/tokens HTTP/1.1" 200 8083 "-" "python-keystoneclient"
162.253.55.52 - - [05/Mar/2026:09:35:17 +0000] "GET /networking/v2.0/ports?device_id=1cca8898-38de-45a7-b551-6c88065744fc HTTP/1.1" 200 3709 "-" "python-neutronclient"
162.253.55.52 - - [05/Mar/2026:09:35:17 +0000] "GET /networking/v2.0/security-groups?id=ffe015ba-6b88-416c-8837-2831dfd62d51&fields=id&fields=name HTTP/1.1" 200 3016 "-" "python-neutronclient"
172.18.0.2 - - [05/Mar/2026:09:35:17 +0000] "GET /compute/v2.1/servers/1cca8898-38de-45a7-b551-6c88065744fc HTTP/1.1" 200 4441 "-" "cluster-api-provider-openstack/v0.12.4 gophercloud/v2.7.0"
162.253.55.52 - - [05/Mar/2026:09:35:21 +0000] "GET /identity HTTP/1.1" 300 3230 "-" "openstacksdk/4.10.0 keystoneauth1/5.13.1 python-requests/2.32.5 CPython/3.12.3"
162.253.55.52 - - [05/Mar/2026:09:35:21 +0000] "POST /identity/v3/auth/tokens HTTP/1.1" 201 8041 "-" "openstacksdk/4.10.0 keystoneauth1/5.13.1 python-requests/2.32.5 CPython/3.12.3"
162.253.55.52 - - [05/Mar/2026:09:35:21 +0000] "GET /identity/v3/auth/tokens HTTP/1.1" 200 8036 "-" "python-keystoneclient"
162.253.55.52 - - [05/Mar/2026:09:35:21 +0000] "POST /identity/v3/auth/tokens HTTP/1.1" 201 7617 "-" "uwsgi keystoneauth1/5.13.1 python-requests/2.32.5 CPython/3.12.3"
162.253.55.52 - - [05/Mar/2026:09:35:21 +0000] "POST /identity/v3/auth/tokens HTTP/1.1" 201 7617 "-" "uwsgi keystoneauth1/5.13.1 python-requests/2.32.5 CPython/3.12.3"
162.253.55.52 - - [05/Mar/2026:09:35:21 +0000] "POST /identity/v3/auth/tokens HTTP/1.1" 201 7617 "-" "uwsgi keystoneauth1/5.13.1 python-requests/2.32.5 CPython/3.12.3"
162.253.55.52 - - [05/Mar/2026:09:35:21 +0000] "GET /container-infra/v1/clusters/k8s-cluster HTTP/1.1" 200 4890 "-" "python-urllib3/2.6.3"
162.253.55.52 - - [05/Mar/2026:09:35:28 +0000] "GET /identity HTTP/1.1" 300 3230 "-" "openstacksdk/4.10.0 keystoneauth1/5.13.1 python-requests/2.32.5 CPython/3.12.3"
172.18.0.2 - - [05/Mar/2026:09:35:27 +0000] "GET /networking/v2.0/ports?id=3d53ac90-eb5f-43af-87d3-f6bb1e1ecbdd&name=kube-27v1z-mtfr7-zz4d7-0&network_id=0e617edf-c9c9-4946-8a61-674c20342936 HTTP/1.1" 200 3678 "-" "cluster-api-provider-openstack/v0.12.4 gophercloud/v2.7.0"
172.18.0.2 - - [05/Mar/2026:09:35:28 +0000] "GET /compute/v2.1/ HTTP/1.1" 200 3431 "-" "cluster-api-provider-openstack/v0.12.4 gophercloud/v2.7.0"
162.253.55.52 - - [05/Mar/2026:09:35:28 +0000] "POST /identity/v3/auth/tokens HTTP/1.1" 201 8041 "-" "openstacksdk/4.10.0 keystoneauth1/5.13.1 python-requests/2.32.5 CPython/3.12.3"
162.253.55.52 - - [05/Mar/2026:09:35:28 +0000] "GET /networking/v2.0/ports?device_id=1cca8898-38de-45a7-b551-6c88065744fc HTTP/1.1" 200 3709 "-" "python-neutronclient"
162.253.55.52 - - [05/Mar/2026:09:35:28 +0000] "GET /networking/v2.0/security-groups?id=ffe015ba-6b88-416c-8837-2831dfd62d51&fields=id&fields=name HTTP/1.1" 200 3016 "-" "python-neutronclient"
172.18.0.2 - - [05/Mar/2026:09:35:28 +0000] "GET /compute/v2.1/servers/1cca8898-38de-45a7-b551-6c88065744fc HTTP/1.1" 200 4441 "-" "cluster-api-provider-openstack/v0.12.4 gophercloud/v2.7.0"
162.253.55.52 - - [05/Mar/2026:09:35:28 +0000] "GET /identity/v3/auth/tokens HTTP/1.1" 200 8036 "-" "python-keystoneclient"
162.253.55.52 - - [05/Mar/2026:09:35:28 +0000] "POST /identity/v3/auth/tokens HTTP/1.1" 201 7617 "-" "uwsgi keystoneauth1/5.13.1 python-requests/2.32.5 CPython/3.12.3"
162.253.55.52 - - [05/Mar/2026:09:35:28 +0000] "POST /identity/v3/auth/tokens HTTP/1.1" 201 7617 "-" "uwsgi keystoneauth1/5.13.1 python-requests/2.32.5 CPython/3.12.3"
162.253.55.52 - - [05/Mar/2026:09:35:28 +0000] "POST /identity/v3/auth/tokens HTTP/1.1" 201 7617 "-" "uwsgi keystoneauth1/5.13.1 python-requests/2.32.5 CPython/3.12.3"
162.253.55.52 - - [05/Mar/2026:09:35:28 +0000] "GET /container-infra/v1/clusters/k8s-cluster HTTP/1.1" 200 4890 "-" "python-urllib3/2.6.3"
162.253.55.52 - - [05/Mar/2026:09:35:34 +0000] "GET /identity HTTP/1.1" 300 3230 "-" "openstacksdk/4.10.0 keystoneauth1/5.13.1 python-requests/2.32.5 CPython/3.12.3"
162.253.55.52 - - [05/Mar/2026:09:35:34 +0000] "POST /identity/v3/auth/tokens HTTP/1.1" 201 8041 "-" "openstacksdk/4.10.0 keystoneauth1/5.13.1 python-requests/2.32.5 CPython/3.12.3"
162.253.55.52 - - [05/Mar/2026:09:35:35 +0000] "GET /identity/v3/auth/tokens HTTP/1.1" 200 8036 "-" "python-keystoneclient"
162.253.55.52 - - [05/Mar/2026:09:35:35 +0000] "POST /identity/v3/auth/tokens HTTP/1.1" 201 7617 "-" "uwsgi keystoneauth1/5.13.1 python-requests/2.32.5 CPython/3.12.3"
162.253.55.52 - - [05/Mar/2026:09:35:35 +0000] "POST /identity/v3/auth/tokens HTTP/1.1" 201 7617 "-" "uwsgi keystoneauth1/5.13.1 python-requests/2.32.5 CPython/3.12.3"
162.253.55.52 - - [05/Mar/2026:09:35:35 +0000] "POST /identity/v3/auth/tokens HTTP/1.1" 201 7617 "-" "uwsgi keystoneauth1/5.13.1 python-requests/2.32.5 CPython/3.12.3"
162.253.55.52 - - [05/Mar/2026:09:35:35 +0000] "GET /container-infra/v1/clusters/k8s-cluster HTTP/1.1" 200 4890 "-" "python-urllib3/2.6.3"
172.18.0.2 - - [05/Mar/2026:09:35:38 +0000] "GET /networking/v2.0/ports?id=3d53ac90-eb5f-43af-87d3-f6bb1e1ecbdd&name=kube-27v1z-mtfr7-zz4d7-0&network_id=0e617edf-c9c9-4946-8a61-674c20342936 HTTP/1.1" 200 3678 "-" "cluster-api-provider-openstack/v0.12.4 gophercloud/v2.7.0"
172.18.0.2 - - [05/Mar/2026:09:35:38 +0000] "GET /compute/v2.1/ HTTP/1.1" 200 3431 "-" "cluster-api-provider-openstack/v0.12.4 gophercloud/v2.7.0"
162.253.55.52 - - [05/Mar/2026:09:35:38 +0000] "GET /networking/v2.0/ports?device_id=1cca8898-38de-45a7-b551-6c88065744fc HTTP/1.1" 200 3709 "-" "python-neutronclient"
162.253.55.52 - - [05/Mar/2026:09:35:38 +0000] "GET /networking/v2.0/security-groups?id=ffe015ba-6b88-416c-8837-2831dfd62d51&fields=id&fields=name HTTP/1.1" 200 3016 "-" "python-neutronclient"
172.18.0.2 - - [05/Mar/2026:09:35:38 +0000] "GET /compute/v2.1/servers/1cca8898-38de-45a7-b551-6c88065744fc HTTP/1.1" 200 4441 "-" "cluster-api-provider-openstack/v0.12.4 gophercloud/v2.7.0"
172.18.0.2 - - [05/Mar/2026:09:35:39 +0000] "GET /networking/v2.0/ports?id=3d53ac90-eb5f-43af-87d3-f6bb1e1ecbdd&name=kube-27v1z-mtfr7-zz4d7-0&network_id=0e617edf-c9c9-4946-8a61-674c20342936 HTTP/1.1" 200 3678 "-" "cluster-api-provider-openstack/v0.12.4 gophercloud/v2.7.0"
172.18.0.2 - - [05/Mar/2026:09:35:39 +0000] "GET /compute/v2.1/ HTTP/1.1" 200 3431 "-" "cluster-api-provider-openstack/v0.12.4 gophercloud/v2.7.0"
162.253.55.52 - - [05/Mar/2026:09:35:39 +0000] "GET /networking/v2.0/ports?device_id=1cca8898-38de-45a7-b551-6c88065744fc HTTP/1.1" 200 3709 "-" "python-neutronclient"
162.253.55.52 - - [05/Mar/2026:09:35:39 +0000] "GET /networking/v2.0/security-groups?id=ffe015ba-6b88-416c-8837-2831dfd62d51&fields=id&fields=name HTTP/1.1" 200 3016 "-" "python-neutronclient"
172.18.0.2 - - [05/Mar/2026:09:35:39 +0000] "GET /compute/v2.1/servers/1cca8898-38de-45a7-b551-6c88065744fc HTTP/1.1" 200 4441 "-" "cluster-api-provider-openstack/v0.12.4 gophercloud/v2.7.0"
162.253.55.52 - - [05/Mar/2026:09:35:41 +0000] "GET /identity HTTP/1.1" 300 3230 "-" "uwsgi keystoneauth1/5.13.1 python-requests/2.32.5 CPython/3.12.3"
162.253.55.52 - - [05/Mar/2026:09:35:41 +0000] "POST /identity/v3/auth/tokens HTTP/1.1" 201 8088 "-" "uwsgi keystoneauth1/5.13.1 python-requests/2.32.5 CPython/3.12.3"
162.253.55.52 - - [05/Mar/2026:09:35:41 +0000] "GET /identity/v3/auth/tokens HTTP/1.1" 200 8083 "-" "python-keystoneclient"
162.253.55.52 - - [05/Mar/2026:09:35:41 +0000] "POST /compute/v2.1/os-server-external-events HTTP/1.1" 200 3253 "-" "python-novaclient"
162.253.55.52 - - [05/Mar/2026:09:35:41 +0000] "GET /identity HTTP/1.1" 300 3230 "-" "openstacksdk/4.10.0 keystoneauth1/5.13.1 python-requests/2.32.5 CPython/3.12.3"
162.253.55.52 - - [05/Mar/2026:09:35:41 +0000] "POST /identity/v3/auth/tokens HTTP/1.1" 201 8041 "-" "openstacksdk/4.10.0 keystoneauth1/5.13.1 python-requests/2.32.5 CPython/3.12.3"
162.253.55.52 - - [05/Mar/2026:09:35:41 +0000] "GET /identity/v3/auth/tokens HTTP/1.1" 200 8036 "-" "python-keystoneclient"
162.253.55.52 - - [05/Mar/2026:09:35:41 +0000] "POST /identity/v3/auth/tokens HTTP/1.1" 201 7617 "-" "uwsgi keystoneauth1/5.13.1 python-requests/2.32.5 CPython/3.12.3"
162.253.55.52 - - [05/Mar/2026:09:35:41 +0000] "POST /identity/v3/auth/tokens HTTP/1.1" 201 7617 "-" "uwsgi keystoneauth1/5.13.1 python-requests/2.32.5 CPython/3.12.3"
162.253.55.52 - - [05/Mar/2026:09:35:41 +0000] "POST /identity/v3/auth/tokens HTTP/1.1" 201 7617 "-" "uwsgi keystoneauth1/5.13.1 python-requests/2.32.5 CPython/3.12.3"
162.253.55.52 - - [05/Mar/2026:09:35:41 +0000] "GET /container-infra/v1/clusters/k8s-cluster HTTP/1.1" 200 4890 "-" "python-urllib3/2.6.3"
162.253.55.52 - - [05/Mar/2026:09:35:43 +0000] "POST /compute/v2.1/os-server-external-events HTTP/1.1" 200 3253 "-" "python-novaclient"
162.253.55.52 - - [05/Mar/2026:09:35:45 +0000] "GET /placement/resource_providers/817ec404-daa4-40f7-91e6-81220f423462/allocations HTTP/1.1" 200 3098 "-" "nova-compute keystoneauth1/5.13.1 python-requests/2.32.5 CPython/3.12.3"
162.253.55.52 - - [05/Mar/2026:09:35:45 +0000] "GET /placement/resource_providers/817ec404-daa4-40f7-91e6-81220f423462/allocations HTTP/1.1" 200 3098 "-" "nova-compute keystoneauth1/5.13.1 python-requests/2.32.5 CPython/3.12.3"
162.253.55.52 - - [05/Mar/2026:09:35:46 +0000] "GET /placement/allocations/1cca8898-38de-45a7-b551-6c88065744fc HTTP/1.1" 200 3275 "-" "nova-compute keystoneauth1/5.13.1 python-requests/2.32.5 CPython/3.12.3"
162.253.55.52 - - [05/Mar/2026:09:35:48 +0000] "GET /identity HTTP/1.1" 300 3230 "-" "openstacksdk/4.10.0 keystoneauth1/5.13.1 python-requests/2.32.5 CPython/3.12.3"
162.253.55.52 - - [05/Mar/2026:09:35:48 +0000] "POST /identity/v3/auth/tokens HTTP/1.1" 201 8041 "-" "openstacksdk/4.10.0 keystoneauth1/5.13.1 python-requests/2.32.5 CPython/3.12.3"
162.253.55.52 - - [05/Mar/2026:09:35:48 +0000] "GET /identity/v3/auth/tokens HTTP/1.1" 200 8036 "-" "python-keystoneclient"
162.253.55.52 - - [05/Mar/2026:09:35:48 +0000] "POST /identity/v3/auth/tokens HTTP/1.1" 201 7617 "-" "uwsgi keystoneauth1/5.13.1 python-requests/2.32.5 CPython/3.12.3"
172.18.0.2 - - [05/Mar/2026:09:35:48 +0000] "GET /networking/v2.0/ports?id=3d53ac90-eb5f-43af-87d3-f6bb1e1ecbdd&name=kube-27v1z-mtfr7-zz4d7-0&network_id=0e617edf-c9c9-4946-8a61-674c20342936 HTTP/1.1" 200 3680 "-" "cluster-api-provider-openstack/v0.12.4 gophercloud/v2.7.0"
162.253.55.52 - - [05/Mar/2026:09:35:48 +0000] "POST /identity/v3/auth/tokens HTTP/1.1" 201 7617 "-" "uwsgi keystoneauth1/5.13.1 python-requests/2.32.5 CPython/3.12.3"
172.18.0.2 - - [05/Mar/2026:09:35:48 +0000] "GET /compute/v2.1/ HTTP/1.1" 200 3431 "-" "cluster-api-provider-openstack/v0.12.4 gophercloud/v2.7.0"
162.253.55.52 - - [05/Mar/2026:09:35:48 +0000] "POST /identity/v3/auth/tokens HTTP/1.1" 201 7617 "-" "uwsgi keystoneauth1/5.13.1 python-requests/2.32.5 CPython/3.12.3"
162.253.55.52 - - [05/Mar/2026:09:35:48 +0000] "GET /container-infra/v1/clusters/k8s-cluster HTTP/1.1" 200 4890 "-" "python-urllib3/2.6.3"
162.253.55.52 - - [05/Mar/2026:09:35:48 +0000] "GET /networking/v2.0/ports?device_id=1cca8898-38de-45a7-b551-6c88065744fc HTTP/1.1" 200 3711 "-" "python-neutronclient"
162.253.55.52 - - [05/Mar/2026:09:35:49 +0000] "GET /networking/v2.0/security-groups?id=ffe015ba-6b88-416c-8837-2831dfd62d51&fields=id&fields=name HTTP/1.1" 200 3016 "-" "python-neutronclient"
172.18.0.2 - - [05/Mar/2026:09:35:48 +0000] "GET /compute/v2.1/servers/1cca8898-38de-45a7-b551-6c88065744fc HTTP/1.1" 200 4627 "-" "cluster-api-provider-openstack/v0.12.4 gophercloud/v2.7.0"
172.18.0.2 - - [05/Mar/2026:09:35:49 +0000] "GET /compute/v2.1/ HTTP/1.1" 200 3431 "-" "cluster-api-provider-openstack/v0.12.4 gophercloud/v2.7.0"
172.18.0.2 - - [05/Mar/2026:09:35:49 +0000] "GET /networking/v2.0/ports?id=3d53ac90-eb5f-43af-87d3-f6bb1e1ecbdd&name=kube-27v1z-mtfr7-zz4d7-0&network_id=0e617edf-c9c9-4946-8a61-674c20342936 HTTP/1.1" 200 3680 "-" "cluster-api-provider-openstack/v0.12.4 gophercloud/v2.7.0"
172.18.0.2 - - [05/Mar/2026:09:35:49 +0000] "GET /compute/v2.1/ HTTP/1.1" 200 3431 "-" "cluster-api-provider-openstack/v0.12.4 gophercloud/v2.7.0"
162.253.55.52 - - [05/Mar/2026:09:35:49 +0000] "GET /networking/v2.0/ports?device_id=1cca8898-38de-45a7-b551-6c88065744fc HTTP/1.1" 200 3711 "-" "python-neutronclient"
162.253.55.52 - - [05/Mar/2026:09:35:49 +0000] "GET /networking/v2.0/security-groups?id=ffe015ba-6b88-416c-8837-2831dfd62d51&fields=id&fields=name HTTP/1.1" 200 3016 "-" "python-neutronclient"
172.18.0.2 - - [05/Mar/2026:09:35:49 +0000] "GET /compute/v2.1/servers/1cca8898-38de-45a7-b551-6c88065744fc HTTP/1.1" 200 4627 "-" "cluster-api-provider-openstack/v0.12.4 gophercloud/v2.7.0"
162.253.55.52 - - [05/Mar/2026:09:35:49 +0000] "GET /networking/v2.0/ports?device_id=1cca8898-38de-45a7-b551-6c88065744fc HTTP/1.1" 200 3711 "-" "python-neutronclient"
162.253.55.52 - - [05/Mar/2026:09:35:49 +0000] "GET /networking/v2.0/security-groups?id=ffe015ba-6b88-416c-8837-2831dfd62d51&fields=id&fields=name HTTP/1.1" 200 3016 "-" "python-neutronclient"
172.18.0.2 - - [05/Mar/2026:09:35:49 +0000] "GET /compute/v2.1/servers/1cca8898-38de-45a7-b551-6c88065744fc HTTP/1.1" 200 4627 "-" "cluster-api-provider-openstack/v0.12.4 gophercloud/v2.7.0"
172.18.0.2 - - [05/Mar/2026:09:35:49 +0000] "GET /networking/v2.0/ports?id=3d53ac90-eb5f-43af-87d3-f6bb1e1ecbdd&name=kube-27v1z-mtfr7-zz4d7-0&network_id=0e617edf-c9c9-4946-8a61-674c20342936 HTTP/1.1" 200 3680 "-" "cluster-api-provider-openstack/v0.12.4 gophercloud/v2.7.0"
172.18.0.2 - - [05/Mar/2026:09:35:49 +0000] "GET /compute/v2.1/ HTTP/1.1" 200 3431 "-" "cluster-api-provider-openstack/v0.12.4 gophercloud/v2.7.0"
162.253.55.52 - - [05/Mar/2026:09:35:49 +0000] "GET /networking/v2.0/ports?device_id=1cca8898-38de-45a7-b551-6c88065744fc HTTP/1.1" 200 3711 "-" "python-neutronclient"
162.253.55.52 - - [05/Mar/2026:09:35:49 +0000] "GET /networking/v2.0/security-groups?id=ffe015ba-6b88-416c-8837-2831dfd62d51&fields=id&fields=name HTTP/1.1" 200 3016 "-" "python-neutronclient"
172.18.0.2 - - [05/Mar/2026:09:35:49 +0000] "GET /compute/v2.1/servers/1cca8898-38de-45a7-b551-6c88065744fc HTTP/1.1" 200 4627 "-" "cluster-api-provider-openstack/v0.12.4 gophercloud/v2.7.0"
162.253.55.52 - - [05/Mar/2026:09:35:50 +0000] "GET /identity HTTP/1.1" 300 3230 "-" "uwsgi keystoneauth1/5.13.1 python-requests/2.32.5 CPython/3.12.3"
162.253.55.52 - - [05/Mar/2026:09:35:50 +0000] "POST /identity/v3/auth/tokens HTTP/1.1" 201 8024 "-" "uwsgi keystoneauth1/5.13.1 python-requests/2.32.5 CPython/3.12.3"
162.253.55.52 - - [05/Mar/2026:09:35:50 +0000] "GET /identity/v3/auth/tokens HTTP/1.1" 200 8019 "-" "python-keystoneclient"
162.253.55.52 - - [05/Mar/2026:09:35:50 +0000] "GET /networking/v2.0/subnets/caf78a3d-dace-4965-9ec6-412ed2fbbe1b HTTP/1.1" 200 3642 "-" "uwsgi keystoneauth1/5.13.1 python-requests/2.32.5 CPython/3.12.3"
162.253.55.52 - - [05/Mar/2026:09:35:50 +0000] "GET /networking/v2.0/subnets/caf78a3d-dace-4965-9ec6-412ed2fbbe1b HTTP/1.1" 200 3642 "-" "uwsgi keystoneauth1/5.13.1 python-requests/2.32.5 CPython/3.12.3"
162.253.55.52 - - [05/Mar/2026:09:35:50 +0000] "GET /networking/v2.0/subnets/caf78a3d-dace-4965-9ec6-412ed2fbbe1b HTTP/1.1" 200 3642 "-" "uwsgi keystoneauth1/5.13.1 python-requests/2.32.5 CPython/3.12.3"
162.253.55.52 - - [05/Mar/2026:09:35:50 +0000] "GET /networking/v2.0/subnets/caf78a3d-dace-4965-9ec6-412ed2fbbe1b HTTP/1.1" 200 3642 "-" "uwsgi keystoneauth1/5.13.1 python-requests/2.32.5 CPython/3.12.3"
162.253.55.52 - - [05/Mar/2026:09:35:50 +0000] "GET /networking/v2.0/ports/ovn-lb-hm-caf78a3d-dace-4965-9ec6-412ed2fbbe1b?network_id=0e617edf-c9c9-4946-8a61-674c20342936 HTTP/1.1" 404 3026 "-" "uwsgi keystoneauth1/5.13.1 python-requests/2.32.5 CPython/3.12.3"
162.253.55.52 - - [05/Mar/2026:09:35:50 +0000] "GET /networking/v2.0/ports?name=ovn-lb-hm-caf78a3d-dace-4965-9ec6-412ed2fbbe1b&network_id=0e617edf-c9c9-4946-8a61-674c20342936 HTTP/1.1" 200 2888 "-" "uwsgi keystoneauth1/5.13.1 python-requests/2.32.5 CPython/3.12.3"
162.253.55.52 - - [05/Mar/2026:09:35:50 +0000] "POST /networking/v2.0/ports HTTP/1.1" 201 3750 "-" "uwsgi keystoneauth1/5.13.1 python-requests/2.32.5 CPython/3.12.3"
162.253.55.52 - - [05/Mar/2026:09:35:51 +0000] "GET /networking/v2.0/subnets/caf78a3d-dace-4965-9ec6-412ed2fbbe1b HTTP/1.1" 200 3642 "-" "uwsgi keystoneauth1/5.13.1 python-requests/2.32.5 CPython/3.12.3"
172.18.0.2 - - [05/Mar/2026:09:35:51 +0000] "GET /compute/v2.1/ HTTP/1.1" 200 3431 "-" "cluster-api-provider-openstack/v0.12.4 gophercloud/v2.7.0"
162.253.55.52 - - [05/Mar/2026:09:35:52 +0000] "GET /networking/v2.0/ports?device_id=1cca8898-38de-45a7-b551-6c88065744fc HTTP/1.1" 200 3711 "-" "python-neutronclient"
162.253.55.52 - - [05/Mar/2026:09:35:52 +0000] "GET /networking/v2.0/security-groups?id=ffe015ba-6b88-416c-8837-2831dfd62d51&fields=id&fields=name HTTP/1.1" 200 3016 "-" "python-neutronclient"
172.18.0.2 - - [05/Mar/2026:09:35:51 +0000] "GET /compute/v2.1/servers/1cca8898-38de-45a7-b551-6c88065744fc HTTP/1.1" 200 4627 "-" "cluster-api-provider-openstack/v0.12.4 gophercloud/v2.7.0"
172.18.0.2 - - [05/Mar/2026:09:35:52 +0000] "GET /compute/v2.1/ HTTP/1.1" 200 3431 "-" "cluster-api-provider-openstack/v0.12.4 gophercloud/v2.7.0"
162.253.55.52 - - [05/Mar/2026:09:35:52 +0000] "GET /networking/v2.0/ports?device_id=1cca8898-38de-45a7-b551-6c88065744fc HTTP/1.1" 200 3711 "-" "python-neutronclient"
162.253.55.52 - - [05/Mar/2026:09:35:52 +0000] "GET /networking/v2.0/security-groups?id=ffe015ba-6b88-416c-8837-2831dfd62d51&fields=id&fields=name HTTP/1.1" 200 3016 "-" "python-neutronclient"
172.18.0.2 - - [05/Mar/2026:09:35:52 +0000] "GET /compute/v2.1/servers/1cca8898-38de-45a7-b551-6c88065744fc HTTP/1.1" 200 4627 "-" "cluster-api-provider-openstack/v0.12.4 gophercloud/v2.7.0"
162.253.55.52 - - [05/Mar/2026:09:35:55 +0000] "GET /identity HTTP/1.1" 300 3230 "-" "openstacksdk/4.10.0 keystoneauth1/5.13.1 python-requests/2.32.5 CPython/3.12.3"
162.253.55.52 - - [05/Mar/2026:09:35:55 +0000] "POST /identity/v3/auth/tokens HTTP/1.1" 201 8041 "-" "openstacksdk/4.10.0 keystoneauth1/5.13.1 python-requests/2.32.5 CPython/3.12.3"
162.253.55.52 - - [05/Mar/2026:09:35:55 +0000] "GET /identity/v3/auth/tokens HTTP/1.1" 200 8036 "-" "python-keystoneclient"
162.253.55.52 - - [05/Mar/2026:09:35:55 +0000] "POST /identity/v3/auth/tokens HTTP/1.1" 201 7617 "-" "uwsgi keystoneauth1/5.13.1 python-requests/2.32.5 CPython/3.12.3"
162.253.55.52 - - [05/Mar/2026:09:35:55 +0000] "POST /identity/v3/auth/tokens HTTP/1.1" 201 7617 "-" "uwsgi keystoneauth1/5.13.1 python-requests/2.32.5 CPython/3.12.3"
162.253.55.52 - - [05/Mar/2026:09:35:55 +0000] "POST /identity/v3/auth/tokens HTTP/1.1" 201 7617 "-" "uwsgi keystoneauth1/5.13.1 python-requests/2.32.5 CPython/3.12.3"
162.253.55.52 - - [05/Mar/2026:09:35:55 +0000] "GET /container-infra/v1/clusters/k8s-cluster HTTP/1.1" 200 4890 "-" "python-urllib3/2.6.3"
162.253.55.52 - - [05/Mar/2026:09:36:02 +0000] "GET /identity HTTP/1.1" 300 3230 "-" "openstacksdk/4.10.0 keystoneauth1/5.13.1 python-requests/2.32.5 CPython/3.12.3"
162.253.55.52 - - [05/Mar/2026:09:36:02 +0000] "POST /identity/v3/auth/tokens HTTP/1.1" 201 8041 "-" "openstacksdk/4.10.0 keystoneauth1/5.13.1 python-requests/2.32.5 CPython/3.12.3"
162.253.55.52 - - [05/Mar/2026:09:36:02 +0000] "GET /identity/v3/auth/tokens HTTP/1.1" 200 8036 "-" "python-keystoneclient"
162.253.55.52 - - [05/Mar/2026:09:36:02 +0000] "POST /identity/v3/auth/tokens HTTP/1.1" 201 7617 "-" "uwsgi keystoneauth1/5.13.1 python-requests/2.32.5 CPython/3.12.3"
162.253.55.52 - - [05/Mar/2026:09:36:02 +0000] "POST /identity/v3/auth/tokens HTTP/1.1" 201 7617 "-" "uwsgi keystoneauth1/5.13.1 python-requests/2.32.5 CPython/3.12.3"
162.253.55.52 - - [05/Mar/2026:09:36:02 +0000] "POST /identity/v3/auth/tokens HTTP/1.1" 201 7617 "-" "uwsgi keystoneauth1/5.13.1 python-requests/2.32.5 CPython/3.12.3"
162.253.55.52 - - [05/Mar/2026:09:36:02 +0000] "GET /container-infra/v1/clusters/k8s-cluster HTTP/1.1" 200 4890 "-" "python-urllib3/2.6.3"
162.253.55.52 - - [05/Mar/2026:09:36:04 +0000] "GET /identity HTTP/1.1" 300 3230 "-" "uwsgi keystoneauth1/5.13.1 python-requests/2.32.5 CPython/3.12.3"
162.253.55.52 - - [05/Mar/2026:09:36:04 +0000] "POST /identity/v3/auth/tokens HTTP/1.1" 201 8088 "-" "uwsgi keystoneauth1/5.13.1 python-requests/2.32.5 CPython/3.12.3"
162.253.55.52 - - [05/Mar/2026:09:36:04 +0000] "POST /identity/v3/auth/tokens HTTP/1.1" 201 8088 "-" "uwsgi keystoneauth1/5.13.1 python-requests/2.32.5 CPython/3.12.3"
162.253.55.52 - - [05/Mar/2026:09:36:04 +0000] "GET /identity/v3/auth/tokens HTTP/1.1" 200 8083 "-" "python-keystoneclient"
162.253.55.52 - - [05/Mar/2026:09:36:04 +0000] "GET /identity/v3/auth/tokens?allow_expired=1 HTTP/1.1" 200 8083 "-" "python-keystoneclient"
162.253.55.52 - - [05/Mar/2026:09:36:04 +0000] "GET /networking/v2.0/ports?device_id=1cca8898-38de-45a7-b551-6c88065744fc HTTP/1.1" 200 3953 "-" "python-neutronclient"
162.253.55.52 - - [05/Mar/2026:09:36:04 +0000] "GET /networking/v2.0/security-groups?id=ffe015ba-6b88-416c-8837-2831dfd62d51&fields=id&fields=name HTTP/1.1" 200 3016 "-" "python-neutronclient"
162.253.55.52 - - [05/Mar/2026:09:36:08 +0000] "GET /identity HTTP/1.1" 300 3230 "-" "openstacksdk/4.10.0 keystoneauth1/5.13.1 python-requests/2.32.5 CPython/3.12.3"
162.253.55.52 - - [05/Mar/2026:09:36:08 +0000] "POST /identity/v3/auth/tokens HTTP/1.1" 201 8041 "-" "openstacksdk/4.10.0 keystoneauth1/5.13.1 python-requests/2.32.5 CPython/3.12.3"
162.253.55.52 - - [05/Mar/2026:09:36:09 +0000] "GET /identity/v3/auth/tokens HTTP/1.1" 200 8036 "-" "python-keystoneclient"
162.253.55.52 - - [05/Mar/2026:09:36:09 +0000] "POST /identity/v3/auth/tokens HTTP/1.1" 201 7617 "-" "uwsgi keystoneauth1/5.13.1 python-requests/2.32.5 CPython/3.12.3"
162.253.55.52 - - [05/Mar/2026:09:36:09 +0000] "POST /identity/v3/auth/tokens HTTP/1.1" 201 7617 "-" "uwsgi keystoneauth1/5.13.1 python-requests/2.32.5 CPython/3.12.3"
162.253.55.52 - - [05/Mar/2026:09:36:09 +0000] "POST /identity/v3/auth/tokens HTTP/1.1" 201 7617 "-" "uwsgi keystoneauth1/5.13.1 python-requests/2.32.5 CPython/3.12.3"
162.253.55.52 - - [05/Mar/2026:09:36:09 +0000] "GET /container-infra/v1/clusters/k8s-cluster HTTP/1.1" 200 4890 "-" "python-urllib3/2.6.3"
162.253.55.52 - - [05/Mar/2026:09:36:15 +0000] "GET /identity HTTP/1.1" 300 3230 "-" "openstacksdk/4.10.0 keystoneauth1/5.13.1 python-requests/2.32.5 CPython/3.12.3"
162.253.55.52 - - [05/Mar/2026:09:36:15 +0000] "POST /identity/v3/auth/tokens HTTP/1.1" 201 8041 "-" "openstacksdk/4.10.0 keystoneauth1/5.13.1 python-requests/2.32.5 CPython/3.12.3"
162.253.55.52 - - [05/Mar/2026:09:36:16 +0000] "GET /identity/v3/auth/tokens HTTP/1.1" 200 8036 "-" "python-keystoneclient"
162.253.55.52 - - [05/Mar/2026:09:36:16 +0000] "POST /identity/v3/auth/tokens HTTP/1.1" 201 7617 "-" "uwsgi keystoneauth1/5.13.1 python-requests/2.32.5 CPython/3.12.3"
162.253.55.52 - - [05/Mar/2026:09:36:16 +0000] "POST /identity/v3/auth/tokens HTTP/1.1" 201 7617 "-" "uwsgi keystoneauth1/5.13.1 python-requests/2.32.5 CPython/3.12.3"
162.253.55.52 - - [05/Mar/2026:09:36:16 +0000] "POST /identity/v3/auth/tokens HTTP/1.1" 201 7617 "-" "uwsgi keystoneauth1/5.13.1 python-requests/2.32.5 CPython/3.12.3"
162.253.55.52 - - [05/Mar/2026:09:36:16 +0000] "GET /container-infra/v1/clusters/k8s-cluster HTTP/1.1" 200 4890 "-" "python-urllib3/2.6.3"
162.253.55.52 - - [05/Mar/2026:09:36:22 +0000] "GET /identity HTTP/1.1" 300 3230 "-" "openstacksdk/4.10.0 keystoneauth1/5.13.1 python-requests/2.32.5 CPython/3.12.3"
162.253.55.52 - - [05/Mar/2026:09:36:22 +0000] "POST /identity/v3/auth/tokens HTTP/1.1" 201 8041 "-" "openstacksdk/4.10.0 keystoneauth1/5.13.1 python-requests/2.32.5 CPython/3.12.3"
162.253.55.52 - - [05/Mar/2026:09:36:22 +0000] "GET /identity/v3/auth/tokens HTTP/1.1" 200 8036 "-" "python-keystoneclient"
162.253.55.52 - - [05/Mar/2026:09:36:22 +0000] "POST /identity/v3/auth/tokens HTTP/1.1" 201 7617 "-" "uwsgi keystoneauth1/5.13.1 python-requests/2.32.5 CPython/3.12.3"
162.253.55.52 - - [05/Mar/2026:09:36:23 +0000] "POST /identity/v3/auth/tokens HTTP/1.1" 201 7617 "-" "uwsgi keystoneauth1/5.13.1 python-requests/2.32.5 CPython/3.12.3"
162.253.55.52 - - [05/Mar/2026:09:36:23 +0000] "POST /identity/v3/auth/tokens HTTP/1.1" 201 7617 "-" "uwsgi keystoneauth1/5.13.1 python-requests/2.32.5 CPython/3.12.3"
162.253.55.52 - - [05/Mar/2026:09:36:22 +0000] "GET /container-infra/v1/clusters/k8s-cluster HTTP/1.1" 200 4890 "-" "python-urllib3/2.6.3"
162.253.55.52 - - [05/Mar/2026:09:36:29 +0000] "GET /identity HTTP/1.1" 300 3230 "-" "openstacksdk/4.10.0 keystoneauth1/5.13.1 python-requests/2.32.5 CPython/3.12.3"
162.253.55.52 - - [05/Mar/2026:09:36:29 +0000] "POST /identity/v3/auth/tokens HTTP/1.1" 201 8041 "-" "openstacksdk/4.10.0 keystoneauth1/5.13.1 python-requests/2.32.5 CPython/3.12.3"
162.253.55.52 - - [05/Mar/2026:09:36:29 +0000] "GET /identity/v3/auth/tokens HTTP/1.1" 200 8036 "-" "python-keystoneclient"
162.253.55.52 - - [05/Mar/2026:09:36:29 +0000] "POST /identity/v3/auth/tokens HTTP/1.1" 201 7617 "-" "uwsgi keystoneauth1/5.13.1 python-requests/2.32.5 CPython/3.12.3"
162.253.55.52 - - [05/Mar/2026:09:36:29 +0000] "POST /identity/v3/auth/tokens HTTP/1.1" 201 7617 "-" "uwsgi keystoneauth1/5.13.1 python-requests/2.32.5 CPython/3.12.3"
162.253.55.52 - - [05/Mar/2026:09:36:29 +0000] "POST /identity/v3/auth/tokens HTTP/1.1" 201 7617 "-" "uwsgi keystoneauth1/5.13.1 python-requests/2.32.5 CPython/3.12.3"
162.253.55.52 - - [05/Mar/2026:09:36:29 +0000] "GET /container-infra/v1/clusters/k8s-cluster HTTP/1.1" 200 4890 "-" "python-urllib3/2.6.3"
162.253.55.52 - - [05/Mar/2026:09:36:36 +0000] "GET /identity HTTP/1.1" 300 3230 "-" "openstacksdk/4.10.0 keystoneauth1/5.13.1 python-requests/2.32.5 CPython/3.12.3"
162.253.55.52 - - [05/Mar/2026:09:36:36 +0000] "POST /identity/v3/auth/tokens HTTP/1.1" 201 8041 "-" "openstacksdk/4.10.0 keystoneauth1/5.13.1 python-requests/2.32.5 CPython/3.12.3"
162.253.55.52 - - [05/Mar/2026:09:36:36 +0000] "GET /identity/v3/auth/tokens HTTP/1.1" 200 8036 "-" "python-keystoneclient"
162.253.55.52 - - [05/Mar/2026:09:36:36 +0000] "POST /identity/v3/auth/tokens HTTP/1.1" 201 7617 "-" "uwsgi keystoneauth1/5.13.1 python-requests/2.32.5 CPython/3.12.3"
162.253.55.52 - - [05/Mar/2026:09:36:36 +0000] "POST /identity/v3/auth/tokens HTTP/1.1" 201 7617 "-" "uwsgi keystoneauth1/5.13.1 python-requests/2.32.5 CPython/3.12.3"
162.253.55.52 - - [05/Mar/2026:09:36:36 +0000] "POST /identity/v3/auth/tokens HTTP/1.1" 201 7617 "-" "uwsgi keystoneauth1/5.13.1 python-requests/2.32.5 CPython/3.12.3"
162.253.55.52 - - [05/Mar/2026:09:36:36 +0000] "GET /container-infra/v1/clusters/k8s-cluster HTTP/1.1" 200 4890 "-" "python-urllib3/2.6.3"
162.253.55.52 - - [05/Mar/2026:09:36:43 +0000] "GET /identity HTTP/1.1" 300 3230 "-" "openstacksdk/4.10.0 keystoneauth1/5.13.1 python-requests/2.32.5 CPython/3.12.3"
162.253.55.52 - - [05/Mar/2026:09:36:43 +0000] "POST /identity/v3/auth/tokens HTTP/1.1" 201 8041 "-" "openstacksdk/4.10.0 keystoneauth1/5.13.1 python-requests/2.32.5 CPython/3.12.3"
162.253.55.52 - - [05/Mar/2026:09:36:43 +0000] "GET /identity/v3/auth/tokens HTTP/1.1" 200 8036 "-" "python-keystoneclient"
162.253.55.52 - - [05/Mar/2026:09:36:43 +0000] "POST /identity/v3/auth/tokens HTTP/1.1" 201 7617 "-" "uwsgi keystoneauth1/5.13.1 python-requests/2.32.5 CPython/3.12.3"
162.253.55.52 - - [05/Mar/2026:09:36:43 +0000] "POST /identity/v3/auth/tokens HTTP/1.1" 201 7617 "-" "uwsgi keystoneauth1/5.13.1 python-requests/2.32.5 CPython/3.12.3"
162.253.55.52 - - [05/Mar/2026:09:36:43 +0000] "POST /identity/v3/auth/tokens HTTP/1.1" 201 7617 "-" "uwsgi keystoneauth1/5.13.1 python-requests/2.32.5 CPython/3.12.3"
162.253.55.52 - - [05/Mar/2026:09:36:43 +0000] "GET /container-infra/v1/clusters/k8s-cluster HTTP/1.1" 200 4890 "-" "python-urllib3/2.6.3"
162.253.55.52 - - [05/Mar/2026:09:36:45 +0000] "GET /identity/v3/auth/tokens HTTP/1.1" 200 8083 "-" "python-keystoneclient"
162.253.55.52 - - [05/Mar/2026:09:36:45 +0000] "GET /placement/resource_providers/817ec404-daa4-40f7-91e6-81220f423462/allocations HTTP/1.1" 200 3098 "-" "nova-compute keystoneauth1/5.13.1 python-requests/2.32.5 CPython/3.12.3"
162.253.55.52 - - [05/Mar/2026:09:36:46 +0000] "GET /placement/resource_providers?in_tree=817ec404-daa4-40f7-91e6-81220f423462 HTTP/1.1" 200 3816 "-" "nova-compute keystoneauth1/5.13.1 python-requests/2.32.5 CPython/3.12.3"
162.253.55.52 - - [05/Mar/2026:09:36:46 +0000] "GET /placement/resource_providers/817ec404-daa4-40f7-91e6-81220f423462/inventories HTTP/1.1" 200 3344 "-" "nova-compute keystoneauth1/5.13.1 python-requests/2.32.5 CPython/3.12.3"
162.253.55.52 - - [05/Mar/2026:09:36:46 +0000] "GET /placement/resource_providers/817ec404-daa4-40f7-91e6-81220f423462/aggregates HTTP/1.1" 200 3068 "-" "nova-compute keystoneauth1/5.13.1 python-requests/2.32.5 CPython/3.12.3"
162.253.55.52 - - [05/Mar/2026:09:36:46 +0000] "GET /placement/resource_providers/817ec404-daa4-40f7-91e6-81220f423462/traits HTTP/1.1" 200 5008 "-" "nova-compute keystoneauth1/5.13.1 python-requests/2.32.5 CPython/3.12.3"
162.253.55.52 - - [05/Mar/2026:09:36:46 +0000] "GET /placement/resource_providers/817ec404-daa4-40f7-91e6-81220f423462/allocations HTTP/1.1" 200 3098 "-" "nova-compute keystoneauth1/5.13.1 python-requests/2.32.5 CPython/3.12.3"
162.253.55.52 - - [05/Mar/2026:09:36:46 +0000] "GET /placement/allocations/1cca8898-38de-45a7-b551-6c88065744fc HTTP/1.1" 200 3275 "-" "nova-compute keystoneauth1/5.13.1 python-requests/2.32.5 CPython/3.12.3"
162.253.55.52 - - [05/Mar/2026:09:36:50 +0000] "GET /identity HTTP/1.1" 300 3230 "-" "openstacksdk/4.10.0 keystoneauth1/5.13.1 python-requests/2.32.5 CPython/3.12.3"
162.253.55.52 - - [05/Mar/2026:09:36:50 +0000] "POST /identity/v3/auth/tokens HTTP/1.1" 201 8041 "-" "openstacksdk/4.10.0 keystoneauth1/5.13.1 python-requests/2.32.5 CPython/3.12.3"
162.253.55.52 - - [05/Mar/2026:09:36:50 +0000] "GET /identity/v3/auth/tokens HTTP/1.1" 200 8036 "-" "python-keystoneclient"
162.253.55.52 - - [05/Mar/2026:09:36:50 +0000] "POST /identity/v3/auth/tokens HTTP/1.1" 201 7617 "-" "uwsgi keystoneauth1/5.13.1 python-requests/2.32.5 CPython/3.12.3"
162.253.55.52 - - [05/Mar/2026:09:36:50 +0000] "POST /identity/v3/auth/tokens HTTP/1.1" 201 7617 "-" "uwsgi keystoneauth1/5.13.1 python-requests/2.32.5 CPython/3.12.3"
162.253.55.52 - - [05/Mar/2026:09:36:50 +0000] "POST /identity/v3/auth/tokens HTTP/1.1" 201 7617 "-" "uwsgi keystoneauth1/5.13.1 python-requests/2.32.5 CPython/3.12.3"
162.253.55.52 - - [05/Mar/2026:09:36:50 +0000] "GET /container-infra/v1/clusters/k8s-cluster HTTP/1.1" 200 4890 "-" "python-urllib3/2.6.3"
162.253.55.52 - - [05/Mar/2026:09:36:56 +0000] "GET /identity HTTP/1.1" 300 3230 "-" "openstacksdk/4.10.0 keystoneauth1/5.13.1 python-requests/2.32.5 CPython/3.12.3"
162.253.55.52 - - [05/Mar/2026:09:36:56 +0000] "POST /identity/v3/auth/tokens HTTP/1.1" 201 8041 "-" "openstacksdk/4.10.0 keystoneauth1/5.13.1 python-requests/2.32.5 CPython/3.12.3"
162.253.55.52 - - [05/Mar/2026:09:36:57 +0000] "GET /identity/v3/auth/tokens HTTP/1.1" 200 8036 "-" "python-keystoneclient"
162.253.55.52 - - [05/Mar/2026:09:36:57 +0000] "POST /identity/v3/auth/tokens HTTP/1.1" 201 7617 "-" "uwsgi keystoneauth1/5.13.1 python-requests/2.32.5 CPython/3.12.3"
162.253.55.52 - - [05/Mar/2026:09:36:57 +0000] "POST /identity/v3/auth/tokens HTTP/1.1" 201 7617 "-" "uwsgi keystoneauth1/5.13.1 python-requests/2.32.5 CPython/3.12.3"
162.253.55.52 - - [05/Mar/2026:09:36:57 +0000] "POST /identity/v3/auth/tokens HTTP/1.1" 201 7617 "-" "uwsgi keystoneauth1/5.13.1 python-requests/2.32.5 CPython/3.12.3"
162.253.55.52 - - [05/Mar/2026:09:36:57 +0000] "GET /container-infra/v1/clusters/k8s-cluster HTTP/1.1" 200 4890 "-" "python-urllib3/2.6.3"
