Mar 05 09:29:49.384362 np0000157850 neutron-periodic-workers[105190]: DEBUG cotyledon.oslo_config_glue [-] database.asyncio_slave_connection = **** {{(pid=105190) log_opt_values /opt/stack/data/venv/lib/python3.12/site-packages/oslo_config/cfg.py:3006}}
Mar 05 09:29:49.384413 np0000157850 neutron-periodic-workers[105190]: DEBUG cotyledon.oslo_config_glue [-] database.backend = sqlalchemy {{(pid=105190) log_opt_values /opt/stack/data/venv/lib/python3.12/site-packages/oslo_config/cfg.py:3006}}
Mar 05 09:29:49.384460 np0000157850 neutron-periodic-workers[105190]: DEBUG cotyledon.oslo_config_glue [-] database.connection = **** {{(pid=105190) log_opt_values /opt/stack/data/venv/lib/python3.12/site-packages/oslo_config/cfg.py:3006}}
Mar 05 09:29:49.384501 np0000157850 neutron-periodic-workers[105190]: DEBUG cotyledon.oslo_config_glue [-] database.connection_debug = 0 {{(pid=105190) log_opt_values /opt/stack/data/venv/lib/python3.12/site-packages/oslo_config/cfg.py:3006}}
Mar 05 09:29:49.384547 np0000157850 neutron-periodic-workers[105190]: DEBUG cotyledon.oslo_config_glue [-] database.connection_parameters = {{(pid=105190) log_opt_values /opt/stack/data/venv/lib/python3.12/site-packages/oslo_config/cfg.py:3006}}
Mar 05 09:29:49.384590 np0000157850 neutron-periodic-workers[105190]: DEBUG cotyledon.oslo_config_glue [-] database.connection_recycle_time = 3600 {{(pid=105190) log_opt_values /opt/stack/data/venv/lib/python3.12/site-packages/oslo_config/cfg.py:3006}}
Mar 05 09:29:49.384637 np0000157850 neutron-periodic-workers[105190]: DEBUG cotyledon.oslo_config_glue [-] database.connection_trace = False {{(pid=105190) log_opt_values /opt/stack/data/venv/lib/python3.12/site-packages/oslo_config/cfg.py:3006}}
Mar 05 09:29:49.384678 np0000157850 neutron-periodic-workers[105190]: DEBUG cotyledon.oslo_config_glue [-] database.db_inc_retry_interval = True {{(pid=105190) log_opt_values /opt/stack/data/venv/lib/python3.12/site-packages/oslo_config/cfg.py:3006}}
Mar 05 09:29:49.384715 np0000157850 neutron-periodic-workers[105190]: DEBUG cotyledon.oslo_config_glue [-] database.db_max_retries = 20 {{(pid=105190) log_opt_values /opt/stack/data/venv/lib/python3.12/site-packages/oslo_config/cfg.py:3006}}
Mar 05 09:29:49.384752 np0000157850 neutron-periodic-workers[105190]: DEBUG cotyledon.oslo_config_glue [-] database.db_max_retry_interval = 10 {{(pid=105190) log_opt_values /opt/stack/data/venv/lib/python3.12/site-packages/oslo_config/cfg.py:3006}}
Mar 05 09:29:49.384784 np0000157850 neutron-periodic-workers[105190]: DEBUG cotyledon.oslo_config_glue [-] database.db_retry_interval = 1 {{(pid=105190) log_opt_values /opt/stack/data/venv/lib/python3.12/site-packages/oslo_config/cfg.py:3006}}
Mar 05 09:29:49.384832 np0000157850 neutron-periodic-workers[105190]: DEBUG cotyledon.oslo_config_glue [-] database.max_overflow = 50 {{(pid=105190) log_opt_values /opt/stack/data/venv/lib/python3.12/site-packages/oslo_config/cfg.py:3006}}
Mar 05 09:29:49.384872 np0000157850 neutron-periodic-workers[105190]: DEBUG cotyledon.oslo_config_glue [-] database.max_pool_size = 5 {{(pid=105190) log_opt_values /opt/stack/data/venv/lib/python3.12/site-packages/oslo_config/cfg.py:3006}}
Mar 05 09:29:49.384923 np0000157850 neutron-periodic-workers[105190]: DEBUG cotyledon.oslo_config_glue [-] database.max_retries = 10 {{(pid=105190) log_opt_values /opt/stack/data/venv/lib/python3.12/site-packages/oslo_config/cfg.py:3006}}
Mar 05 09:29:49.384962 np0000157850 neutron-periodic-workers[105190]: DEBUG cotyledon.oslo_config_glue [-] database.mysql_sql_mode = TRADITIONAL {{(pid=105190) log_opt_values /opt/stack/data/venv/lib/python3.12/site-packages/oslo_config/cfg.py:3006}}
Mar 05 09:29:49.385015 np0000157850 neutron-periodic-workers[105190]: DEBUG cotyledon.oslo_config_glue [-] database.mysql_wsrep_sync_wait = None {{(pid=105190) log_opt_values /opt/stack/data/venv/lib/python3.12/site-packages/oslo_config/cfg.py:3006}}
Mar 05 09:29:49.385055 np0000157850 neutron-periodic-workers[105190]: DEBUG cotyledon.oslo_config_glue [-] database.pool_timeout = None {{(pid=105190) log_opt_values /opt/stack/data/venv/lib/python3.12/site-packages/oslo_config/cfg.py:3006}}
Mar 05 09:29:49.385099 np0000157850 neutron-periodic-workers[105190]: DEBUG cotyledon.oslo_config_glue [-] database.retry_interval = 10 {{(pid=105190) log_opt_values /opt/stack/data/venv/lib/python3.12/site-packages/oslo_config/cfg.py:3006}}
Mar 05 09:29:49.385144 np0000157850 neutron-periodic-workers[105190]: DEBUG cotyledon.oslo_config_glue [-] database.slave_connection = **** {{(pid=105190) log_opt_values /opt/stack/data/venv/lib/python3.12/site-packages/oslo_config/cfg.py:3006}}
Mar 05 09:29:49.385184 np0000157850 neutron-periodic-workers[105190]: DEBUG cotyledon.oslo_config_glue [-] database.sqlite_synchronous = True {{(pid=105190) log_opt_values /opt/stack/data/venv/lib/python3.12/site-packages/oslo_config/cfg.py:3006}}
Mar 05 09:29:49.385220 np0000157850 neutron-periodic-workers[105190]: DEBUG cotyledon.oslo_config_glue [-] database.synchronous_reader = True {{(pid=105190) log_opt_values /opt/stack/data/venv/lib/python3.12/site-packages/oslo_config/cfg.py:3006}}
Mar 05 09:29:49.385257 np0000157850 neutron-periodic-workers[105190]: DEBUG cotyledon.oslo_config_glue [-] database.use_db_reconnect = False {{(pid=105190) log_opt_values /opt/stack/data/venv/lib/python3.12/site-packages/oslo_config/cfg.py:3006}}
Mar 05 09:29:49.385300 np0000157850 neutron-periodic-workers[105190]: DEBUG cotyledon.oslo_config_glue [-] ovn.broadcast_arps_to_all_routers = True {{(pid=105190) log_opt_values /opt/stack/data/venv/lib/python3.12/site-packages/oslo_config/cfg.py:3006}}
Mar 05 09:29:49.385342 np0000157850 neutron-periodic-workers[105190]: DEBUG cotyledon.oslo_config_glue [-] ovn.dhcp_default_lease_time = 43200 {{(pid=105190) log_opt_values /opt/stack/data/venv/lib/python3.12/site-packages/oslo_config/cfg.py:3006}}
Mar 05 09:29:49.385378 np0000157850 neutron-periodic-workers[105190]: DEBUG cotyledon.oslo_config_glue [-] ovn.disable_ovn_dhcp_for_baremetal_ports = False {{(pid=105190) log_opt_values /opt/stack/data/venv/lib/python3.12/site-packages/oslo_config/cfg.py:3006}}
Mar 05 09:29:49.385416 np0000157850 neutron-periodic-workers[105190]: DEBUG cotyledon.oslo_config_glue [-] ovn.dns_records_ovn_owned = False {{(pid=105190) log_opt_values /opt/stack/data/venv/lib/python3.12/site-packages/oslo_config/cfg.py:3006}}
Mar 05 09:29:49.385469 np0000157850 neutron-periodic-workers[105190]: DEBUG cotyledon.oslo_config_glue [-] ovn.dns_servers = [] {{(pid=105190) log_opt_values /opt/stack/data/venv/lib/python3.12/site-packages/oslo_config/cfg.py:3006}}
Mar 05 09:29:49.385521 np0000157850 neutron-periodic-workers[105190]: DEBUG cotyledon.oslo_config_glue [-] ovn.enable_distributed_floating_ip = False {{(pid=105190) log_opt_values /opt/stack/data/venv/lib/python3.12/site-packages/oslo_config/cfg.py:3006}}
Mar 05 09:29:49.385569 np0000157850 neutron-periodic-workers[105190]: DEBUG cotyledon.oslo_config_glue [-] ovn.fdb_age_threshold = 300 {{(pid=105190) log_opt_values /opt/stack/data/venv/lib/python3.12/site-packages/oslo_config/cfg.py:3006}}
Mar 05 09:29:49.385569 np0000157850 neutron-periodic-workers[105190]: DEBUG cotyledon.oslo_config_glue [-] ovn.live_migration_activation_strategy = rarp {{(pid=105190) log_opt_values /opt/stack/data/venv/lib/python3.12/site-packages/oslo_config/cfg.py:3006}}
Mar 05 09:29:49.385633 np0000157850 neutron-periodic-workers[105190]: DEBUG cotyledon.oslo_config_glue [-] ovn.localnet_learn_fdb = False {{(pid=105190) log_opt_values /opt/stack/data/venv/lib/python3.12/site-packages/oslo_config/cfg.py:3006}}
Mar 05 09:29:49.385671 np0000157850 neutron-periodic-workers[105190]: DEBUG cotyledon.oslo_config_glue [-] ovn.mac_binding_age_threshold = 300 {{(pid=105190) log_opt_values /opt/stack/data/venv/lib/python3.12/site-packages/oslo_config/cfg.py:3006}}
Mar 05 09:29:49.385707 np0000157850 neutron-periodic-workers[105190]: DEBUG cotyledon.oslo_config_glue [-] ovn.neutron_sync_mode = log {{(pid=105190) log_opt_values /opt/stack/data/venv/lib/python3.12/site-packages/oslo_config/cfg.py:3006}}
Mar 05 09:29:49.385743 np0000157850 neutron-periodic-workers[105190]: DEBUG cotyledon.oslo_config_glue [-] ovn.ovn_dhcp4_global_options = {} {{(pid=105190) log_opt_values /opt/stack/data/venv/lib/python3.12/site-packages/oslo_config/cfg.py:3006}}
Mar 05 09:29:49.385779 np0000157850 neutron-periodic-workers[105190]: DEBUG cotyledon.oslo_config_glue [-] ovn.ovn_dhcp6_global_options = {} {{(pid=105190) log_opt_values /opt/stack/data/venv/lib/python3.12/site-packages/oslo_config/cfg.py:3006}}
Mar 05 09:29:49.385848 np0000157850 neutron-periodic-workers[105190]: DEBUG cotyledon.oslo_config_glue [-] ovn.ovn_l3_scheduler = leastloaded {{(pid=105190) log_opt_values /opt/stack/data/venv/lib/python3.12/site-packages/oslo_config/cfg.py:3006}}
Mar 05 09:29:49.385903 np0000157850 neutron-periodic-workers[105190]: DEBUG cotyledon.oslo_config_glue [-] ovn.ovn_metadata_enabled = True {{(pid=105190) log_opt_values /opt/stack/data/venv/lib/python3.12/site-packages/oslo_config/cfg.py:3006}}
Mar 05 09:29:49.385971 np0000157850 neutron-periodic-workers[105190]: DEBUG cotyledon.oslo_config_glue [-] ovn.ovn_nb_ca_cert = /opt/stack/data/CA/int-ca/ca-chain.pem {{(pid=105190) log_opt_values /opt/stack/data/venv/lib/python3.12/site-packages/oslo_config/cfg.py:3006}}
Mar 05 09:29:49.386016 np0000157850 neutron-periodic-workers[105190]: DEBUG cotyledon.oslo_config_glue [-] ovn.ovn_nb_certificate = /opt/stack/data/CA/int-ca/devstack-cert.crt {{(pid=105190) log_opt_values /opt/stack/data/venv/lib/python3.12/site-packages/oslo_config/cfg.py:3006}}
Mar 05 09:29:49.386070 np0000157850 neutron-periodic-workers[105190]: DEBUG cotyledon.oslo_config_glue [-] ovn.ovn_nb_connection = ['ssl:162.253.55.52:6641'] {{(pid=105190) log_opt_values /opt/stack/data/venv/lib/python3.12/site-packages/oslo_config/cfg.py:3006}}
Mar 05 09:29:49.386110 np0000157850 neutron-periodic-workers[105190]: DEBUG cotyledon.oslo_config_glue [-] ovn.ovn_nb_private_key = /opt/stack/data/CA/int-ca/private/devstack-cert.key {{(pid=105190) log_opt_values /opt/stack/data/venv/lib/python3.12/site-packages/oslo_config/cfg.py:3006}}
Mar 05 09:29:49.386158 np0000157850 neutron-periodic-workers[105190]: DEBUG cotyledon.oslo_config_glue [-] ovn.ovn_router_indirect_snat = False {{(pid=105190) log_opt_values /opt/stack/data/venv/lib/python3.12/site-packages/oslo_config/cfg.py:3006}}
Mar 05 09:29:49.386203 np0000157850 neutron-periodic-workers[105190]: DEBUG cotyledon.oslo_config_glue [-] ovn.ovn_sb_ca_cert = /opt/stack/data/CA/int-ca/ca-chain.pem {{(pid=105190) log_opt_values /opt/stack/data/venv/lib/python3.12/site-packages/oslo_config/cfg.py:3006}}
Mar 05 09:29:49.386245 np0000157850 neutron-periodic-workers[105190]: DEBUG cotyledon.oslo_config_glue [-] ovn.ovn_sb_certificate = /opt/stack/data/CA/int-ca/devstack-cert.crt {{(pid=105190) log_opt_values /opt/stack/data/venv/lib/python3.12/site-packages/oslo_config/cfg.py:3006}}
Mar 05 09:29:49.386285 np0000157850 neutron-periodic-workers[105190]: DEBUG cotyledon.oslo_config_glue [-] ovn.ovn_sb_connection = ['ssl:162.253.55.52:6642'] {{(pid=105190) log_opt_values /opt/stack/data/venv/lib/python3.12/site-packages/oslo_config/cfg.py:3006}}
Mar 05 09:29:49.386323 np0000157850 neutron-periodic-workers[105190]: DEBUG cotyledon.oslo_config_glue [-] ovn.ovn_sb_private_key = /opt/stack/data/CA/int-ca/private/devstack-cert.key {{(pid=105190) log_opt_values /opt/stack/data/venv/lib/python3.12/site-packages/oslo_config/cfg.py:3006}}
Mar 05 09:29:49.386365 np0000157850 neutron-periodic-workers[105190]: DEBUG cotyledon.oslo_config_glue [-] ovn.ovs_create_tap = False {{(pid=105190) log_opt_values /opt/stack/data/venv/lib/python3.12/site-packages/oslo_config/cfg.py:3006}}
Mar 05 09:29:49.386407 np0000157850 neutron-periodic-workers[105190]: DEBUG cotyledon.oslo_config_glue [-] ovn.ovsdb_connection_timeout = 180 {{(pid=105190) log_opt_values /opt/stack/data/venv/lib/python3.12/site-packages/oslo_config/cfg.py:3006}}
Mar 05 09:29:49.386447 np0000157850 neutron-periodic-workers[105190]: DEBUG cotyledon.oslo_config_glue [-] ovn.ovsdb_log_level = INFO {{(pid=105190) log_opt_values /opt/stack/data/venv/lib/python3.12/site-packages/oslo_config/cfg.py:3006}}
Mar 05 09:29:49.386490 np0000157850 neutron-periodic-workers[105190]: DEBUG cotyledon.oslo_config_glue [-] ovn.ovsdb_probe_interval = 60000 {{(pid=105190) log_opt_values /opt/stack/data/venv/lib/python3.12/site-packages/oslo_config/cfg.py:3006}}
Mar 05 09:29:49.386528 np0000157850 neutron-periodic-workers[105190]: DEBUG cotyledon.oslo_config_glue [-] ovn.ovsdb_retry_max_interval = 180 {{(pid=105190) log_opt_values /opt/stack/data/venv/lib/python3.12/site-packages/oslo_config/cfg.py:3006}}
Mar 05 09:29:49.386562 np0000157850 neutron-periodic-workers[105190]: DEBUG cotyledon.oslo_config_glue [-] ovn.stateless_nat_enabled = False {{(pid=105190) log_opt_values /opt/stack/data/venv/lib/python3.12/site-packages/oslo_config/cfg.py:3006}}
Mar 05 09:29:49.386614 np0000157850 neutron-periodic-workers[105190]: DEBUG cotyledon.oslo_config_glue [-] ovn.vhost_sock_dir = /var/run/openvswitch {{(pid=105190) log_opt_values /opt/stack/data/venv/lib/python3.12/site-packages/oslo_config/cfg.py:3006}}
Mar 05 09:29:49.386671 np0000157850 neutron-periodic-workers[105190]: DEBUG cotyledon.oslo_config_glue [-] OVS.bridge_mac_table_size = 50000 {{(pid=105190) log_opt_values /opt/stack/data/venv/lib/python3.12/site-packages/oslo_config/cfg.py:3006}}
Mar 05 09:29:49.386718 np0000157850 neutron-periodic-workers[105190]: DEBUG cotyledon.oslo_config_glue [-] OVS.igmp_flood = False {{(pid=105190) log_opt_values /opt/stack/data/venv/lib/python3.12/site-packages/oslo_config/cfg.py:3006}}
Mar 05 09:29:49.386765 np0000157850 neutron-periodic-workers[105190]: DEBUG cotyledon.oslo_config_glue [-] OVS.igmp_flood_reports = True {{(pid=105190) log_opt_values /opt/stack/data/venv/lib/python3.12/site-packages/oslo_config/cfg.py:3006}}
Mar 05 09:29:49.386821 np0000157850 neutron-periodic-workers[105190]: DEBUG cotyledon.oslo_config_glue [-] OVS.igmp_flood_unregistered = False {{(pid=105190) log_opt_values /opt/stack/data/venv/lib/python3.12/site-packages/oslo_config/cfg.py:3006}}
Mar 05 09:29:49.386875 np0000157850 neutron-periodic-workers[105190]: DEBUG cotyledon.oslo_config_glue [-] OVS.igmp_snooping_enable = False {{(pid=105190) log_opt_values /opt/stack/data/venv/lib/python3.12/site-packages/oslo_config/cfg.py:3006}}
Mar 05 09:29:49.386918 np0000157850 neutron-periodic-workers[105190]: DEBUG cotyledon.oslo_config_glue [-] OVS.ovsdb_timeout = 10 {{(pid=105190) log_opt_values /opt/stack/data/venv/lib/python3.12/site-packages/oslo_config/cfg.py:3006}}
Mar 05 09:29:49.386972 np0000157850 neutron-periodic-workers[105190]: DEBUG cotyledon.oslo_config_glue [-] ovn_nb_global.fdb_removal_limit = 0 {{(pid=105190) log_opt_values /opt/stack/data/venv/lib/python3.12/site-packages/oslo_config/cfg.py:3006}}
Mar 05 09:29:49.387020 np0000157850 neutron-periodic-workers[105190]: DEBUG cotyledon.oslo_config_glue [-] ovn_nb_global.ignore_lsp_down = False {{(pid=105190) log_opt_values /opt/stack/data/venv/lib/python3.12/site-packages/oslo_config/cfg.py:3006}}
Mar 05 09:29:49.387069 np0000157850 neutron-periodic-workers[105190]: DEBUG cotyledon.oslo_config_glue [-] ovn_nb_global.mac_binding_removal_limit = 0 {{(pid=105190) log_opt_values /opt/stack/data/venv/lib/python3.12/site-packages/oslo_config/cfg.py:3006}}
Mar 05 09:29:49.387103 np0000157850 neutron-periodic-workers[105190]: DEBUG cotyledon.oslo_config_glue [-] ******************************************************************************** {{(pid=105190) log_opt_values /opt/stack/data/venv/lib/python3.12/site-packages/oslo_config/cfg.py:3013}}
Mar 05 09:29:49.387321 np0000157850 neutron-periodic-workers[105190]: DEBUG cotyledon._service_worker [-] Run service ServiceWrapper(0) [105190] {{(pid=105190) wait_forever /opt/stack/data/venv/lib/python3.12/site-packages/cotyledon/_service_worker.py:218}}
Mar 05 09:29:58.988176 np0000157850 neutron-periodic-workers[104379]: DEBUG dbcounter [-] [104379] Writing DB stats neutron:SELECT=4 {{(pid=104379) stat_writer /opt/stack/data/venv/lib/python3.12/site-packages/dbcounter.py:115}}
Mar 05 09:30:41.398962 np0000157850 neutron-periodic-workers[105190]: DEBUG oslo_db.sqlalchemy.engines [None req-040758e7-cfa7-4528-94d0-5ebd0c3db16e None None] Parent process 104379 forked (105190) with an open database connection, which is being discarded and recreated. {{(pid=105190) checkout /opt/stack/data/venv/lib/python3.12/site-packages/oslo_db/sqlalchemy/engines.py:402}}
Mar 05 09:30:41.429178 np0000157850 neutron-periodic-workers[105190]: DEBUG dbcounter [-] [105190] Writer thread running {{(pid=105190) stat_writer /opt/stack/data/venv/lib/python3.12/site-packages/dbcounter.py:102}}
Mar 05 09:30:41.441915 np0000157850 neutron-periodic-workers[105190]: DEBUG oslo.service.backend._threading.loopingcall [None req-040758e7-cfa7-4528-94d0-5ebd0c3db16e None None] Fixed interval looping call 'neutron.services.ovn_l3.plugin.L3_NAT_dbonly_mixin._clean_garbage' sleeping for 299.95 seconds {{(pid=105190) _run_loop /opt/stack/data/venv/lib/python3.12/site-packages/oslo_service/backend/_threading/loopingcall.py:125}}
Mar 05 09:30:43.346502 np0000157850 neutron-periodic-workers[105159]: DEBUG dbcounter [-] [105159] Writer thread running {{(pid=105159) stat_writer /opt/stack/data/venv/lib/python3.12/site-packages/dbcounter.py:102}}
Mar 05 09:30:43.359908 np0000157850 neutron-periodic-workers[105159]: DEBUG oslo.service.backend._threading.loopingcall [None req-1dba26a2-5ce3-44a3-82d7-33f8243b57bf None None] Fixed interval looping call 'neutron.plugins.ml2.plugin.DhcpAgentSchedulerDbMixin.remove_networks_from_down_agents' sleeping for 36.97 seconds {{(pid=105159) _run_loop /opt/stack/data/venv/lib/python3.12/site-packages/oslo_service/backend/_threading/loopingcall.py:125}}
Mar 05 09:30:51.431352 np0000157850 neutron-periodic-workers[105190]: DEBUG dbcounter [-] [105190] Writing DB stats neutron:SELECT=1 {{(pid=105190) stat_writer /opt/stack/data/venv/lib/python3.12/site-packages/dbcounter.py:115}}
Mar 05 09:30:53.358167 np0000157850 neutron-periodic-workers[105159]: DEBUG dbcounter [-] [105159] Writing DB stats neutron:SELECT=3 {{(pid=105159) stat_writer /opt/stack/data/venv/lib/python3.12/site-packages/dbcounter.py:115}}
Mar 05 09:30:53.372223 np0000157850 neutron-periodic-workers[105172]: DEBUG dbcounter [-] [105172] Writer thread running {{(pid=105172) stat_writer /opt/stack/data/venv/lib/python3.12/site-packages/dbcounter.py:102}}
Mar 05 09:30:53.376420 np0000157850 neutron-periodic-workers[105172]: DEBUG neutron.db.agents_db [None req-a4881f0e-ac32-432f-9947-8757d33bd770 None None] Agent healthcheck: found 0 active agents {{(pid=105172) agent_health_check /opt/stack/neutron/neutron/db/agents_db.py:317}}
Mar 05 09:30:53.379828 np0000157850 neutron-periodic-workers[105172]: DEBUG oslo.service.backend._threading.loopingcall [None req-a4881f0e-ac32-432f-9947-8757d33bd770 None None] Fixed interval looping call 'neutron.plugins.ml2.plugin.AgentDbMixin.agent_health_check' sleeping for 36.98 seconds {{(pid=105172) _run_loop /opt/stack/data/venv/lib/python3.12/site-packages/oslo_service/backend/_threading/loopingcall.py:125}}
Mar 05 09:31:03.372834 np0000157850 neutron-periodic-workers[105172]: DEBUG dbcounter [-] [105172] Writing DB stats neutron:SELECT=1 {{(pid=105172) stat_writer /opt/stack/data/venv/lib/python3.12/site-packages/dbcounter.py:115}}
Mar 05 09:31:20.339871 np0000157850 neutron-periodic-workers[105159]: DEBUG oslo.service.backend._threading.loopingcall [None req-1dba26a2-5ce3-44a3-82d7-33f8243b57bf None None] Fixed interval looping call 'neutron.plugins.ml2.plugin.DhcpAgentSchedulerDbMixin.remove_networks_from_down_agents' sleeping for 36.99 seconds {{(pid=105159) _run_loop /opt/stack/data/venv/lib/python3.12/site-packages/oslo_service/backend/_threading/loopingcall.py:125}}
Mar 05 09:31:30.338869 np0000157850 neutron-periodic-workers[105159]: DEBUG dbcounter [-] [105159] Writing DB stats neutron:SELECT=3 {{(pid=105159) stat_writer /opt/stack/data/venv/lib/python3.12/site-packages/dbcounter.py:115}}
Mar 05 09:31:30.362461 np0000157850 neutron-periodic-workers[105172]: DEBUG neutron.db.agents_db [None req-a4881f0e-ac32-432f-9947-8757d33bd770 None None] Agent healthcheck: found 0 active agents {{(pid=105172) agent_health_check /opt/stack/neutron/neutron/db/agents_db.py:317}}
Mar 05 09:31:30.362794 np0000157850 neutron-periodic-workers[105172]: DEBUG oslo.service.backend._threading.loopingcall [None req-a4881f0e-ac32-432f-9947-8757d33bd770 None None] Fixed interval looping call 'neutron.plugins.ml2.plugin.AgentDbMixin.agent_health_check' sleeping for 36.99 seconds {{(pid=105172) _run_loop /opt/stack/data/venv/lib/python3.12/site-packages/oslo_service/backend/_threading/loopingcall.py:125}}
Mar 05 09:31:40.360959 np0000157850 neutron-periodic-workers[105172]: DEBUG dbcounter [-] [105172] Writing DB stats neutron:SELECT=1 {{(pid=105172) stat_writer /opt/stack/data/venv/lib/python3.12/site-packages/dbcounter.py:115}}
Mar 05 09:31:49.387781 np0000157850 neutron-periodic-workers[105181]: DEBUG dbcounter [-] [105181] Writer thread running {{(pid=105181) stat_writer /opt/stack/data/venv/lib/python3.12/site-packages/dbcounter.py:102}}
Mar 05 09:31:49.390041 np0000157850 neutron-periodic-workers[105181]: DEBUG oslo.service.backend._threading.loopingcall [None req-1a781955-afcc-47c2-815c-6521b2ab48df None None] Fixed interval looping call 'neutron.db.quota.driver_nolock.DbQuotaNoLockDriver._remove_expired_reservations' sleeping for 119.98 seconds {{(pid=105181) _run_loop /opt/stack/data/venv/lib/python3.12/site-packages/oslo_service/backend/_threading/loopingcall.py:125}}
Mar 05 09:31:57.343070 np0000157850 neutron-periodic-workers[105159]: DEBUG oslo.service.backend._threading.loopingcall [None req-1dba26a2-5ce3-44a3-82d7-33f8243b57bf None None] Fixed interval looping call 'neutron.plugins.ml2.plugin.DhcpAgentSchedulerDbMixin.remove_networks_from_down_agents' sleeping for 36.99 seconds {{(pid=105159) _run_loop /opt/stack/data/venv/lib/python3.12/site-packages/oslo_service/backend/_threading/loopingcall.py:125}}
Mar 05 09:31:59.400016 np0000157850 neutron-periodic-workers[105181]: DEBUG dbcounter [-] [105181] Writing DB stats neutron:DELETE=1 {{(pid=105181) stat_writer /opt/stack/data/venv/lib/python3.12/site-packages/dbcounter.py:115}}
Mar 05 09:32:07.341479 np0000157850 neutron-periodic-workers[105159]: DEBUG dbcounter [-] [105159] Writing DB stats neutron:SELECT=3 {{(pid=105159) stat_writer /opt/stack/data/venv/lib/python3.12/site-packages/dbcounter.py:115}}
Mar 05 09:32:07.361285 np0000157850 neutron-periodic-workers[105172]: DEBUG neutron.db.agents_db [None req-a4881f0e-ac32-432f-9947-8757d33bd770 None None] Agent healthcheck: found 0 active agents {{(pid=105172) agent_health_check /opt/stack/neutron/neutron/db/agents_db.py:317}}
Mar 05 09:32:07.362061 np0000157850 neutron-periodic-workers[105172]: DEBUG oslo.service.backend._threading.loopingcall [None req-a4881f0e-ac32-432f-9947-8757d33bd770 None None] Fixed interval looping call 'neutron.plugins.ml2.plugin.AgentDbMixin.agent_health_check' sleeping for 36.99 seconds {{(pid=105172) _run_loop /opt/stack/data/venv/lib/python3.12/site-packages/oslo_service/backend/_threading/loopingcall.py:125}}
Mar 05 09:32:17.358853 np0000157850 neutron-periodic-workers[105172]: DEBUG dbcounter [-] [105172] Writing DB stats neutron:SELECT=1 {{(pid=105172) stat_writer /opt/stack/data/venv/lib/python3.12/site-packages/dbcounter.py:115}}
Mar 05 09:32:34.341668 np0000157850 neutron-periodic-workers[105159]: DEBUG oslo.service.backend._threading.loopingcall [None req-1dba26a2-5ce3-44a3-82d7-33f8243b57bf None None] Fixed interval looping call 'neutron.plugins.ml2.plugin.DhcpAgentSchedulerDbMixin.remove_networks_from_down_agents' sleeping for 36.99 seconds {{(pid=105159) _run_loop /opt/stack/data/venv/lib/python3.12/site-packages/oslo_service/backend/_threading/loopingcall.py:125}}
Mar 05 09:32:44.340334 np0000157850 neutron-periodic-workers[105159]: DEBUG dbcounter [-] [105159] Writing DB stats neutron:SELECT=3 {{(pid=105159) stat_writer /opt/stack/data/venv/lib/python3.12/site-packages/dbcounter.py:115}}
Mar 05 09:32:44.359473 np0000157850 neutron-periodic-workers[105172]: DEBUG neutron.db.agents_db [None req-a4881f0e-ac32-432f-9947-8757d33bd770 None None] Agent healthcheck: found 0 active agents {{(pid=105172) agent_health_check /opt/stack/neutron/neutron/db/agents_db.py:317}}
Mar 05 09:32:44.359847 np0000157850 neutron-periodic-workers[105172]: DEBUG oslo.service.backend._threading.loopingcall [None req-a4881f0e-ac32-432f-9947-8757d33bd770 None None] Fixed interval looping call 'neutron.plugins.ml2.plugin.AgentDbMixin.agent_health_check' sleeping for 36.99 seconds {{(pid=105172) _run_loop /opt/stack/data/venv/lib/python3.12/site-packages/oslo_service/backend/_threading/loopingcall.py:125}}
Mar 05 09:32:54.355674 np0000157850 neutron-periodic-workers[105172]: DEBUG dbcounter [-] [105172] Writing DB stats neutron:SELECT=1 {{(pid=105172) stat_writer /opt/stack/data/venv/lib/python3.12/site-packages/dbcounter.py:115}}
Mar 05 09:33:11.343432 np0000157850 neutron-periodic-workers[105159]: DEBUG oslo.service.backend._threading.loopingcall [None req-1dba26a2-5ce3-44a3-82d7-33f8243b57bf None None] Fixed interval looping call 'neutron.plugins.ml2.plugin.DhcpAgentSchedulerDbMixin.remove_networks_from_down_agents' sleeping for 36.99 seconds {{(pid=105159) _run_loop /opt/stack/data/venv/lib/python3.12/site-packages/oslo_service/backend/_threading/loopingcall.py:125}}
Mar 05 09:33:21.342519 np0000157850 neutron-periodic-workers[105159]: DEBUG dbcounter [-] [105159] Writing DB stats neutron:SELECT=3 {{(pid=105159) stat_writer /opt/stack/data/venv/lib/python3.12/site-packages/dbcounter.py:115}}
Mar 05 09:33:21.355043 np0000157850 neutron-periodic-workers[105172]: DEBUG neutron.db.agents_db [None req-a4881f0e-ac32-432f-9947-8757d33bd770 None None] Agent healthcheck: found 0 active agents {{(pid=105172) agent_health_check /opt/stack/neutron/neutron/db/agents_db.py:317}}
Mar 05 09:33:21.356922 np0000157850 neutron-periodic-workers[105172]: DEBUG oslo.service.backend._threading.loopingcall [None req-a4881f0e-ac32-432f-9947-8757d33bd770 None None] Fixed interval looping call 'neutron.plugins.ml2.plugin.AgentDbMixin.agent_health_check' sleeping for 37.00 seconds {{(pid=105172) _run_loop /opt/stack/data/venv/lib/python3.12/site-packages/oslo_service/backend/_threading/loopingcall.py:125}}
Mar 05 09:33:31.354087 np0000157850 neutron-periodic-workers[105172]: DEBUG dbcounter [-] [105172] Writing DB stats neutron:SELECT=1 {{(pid=105172) stat_writer /opt/stack/data/venv/lib/python3.12/site-packages/dbcounter.py:115}}
Mar 05 09:33:48.343257 np0000157850 neutron-periodic-workers[105159]: DEBUG oslo.service.backend._threading.loopingcall [None req-1dba26a2-5ce3-44a3-82d7-33f8243b57bf None None] Fixed interval looping call 'neutron.plugins.ml2.plugin.DhcpAgentSchedulerDbMixin.remove_networks_from_down_agents' sleeping for 36.99 seconds {{(pid=105159) _run_loop /opt/stack/data/venv/lib/python3.12/site-packages/oslo_service/backend/_threading/loopingcall.py:125}}
Mar 05 09:33:49.376838 np0000157850 neutron-periodic-workers[105181]: DEBUG oslo.service.backend._threading.loopingcall [None req-1a781955-afcc-47c2-815c-6521b2ab48df None None] Fixed interval looping call 'neutron.db.quota.driver_nolock.DbQuotaNoLockDriver._remove_expired_reservations' sleeping for 119.99 seconds {{(pid=105181) _run_loop /opt/stack/data/venv/lib/python3.12/site-packages/oslo_service/backend/_threading/loopingcall.py:125}}
Mar 05 09:33:58.342932 np0000157850 neutron-periodic-workers[105159]: DEBUG dbcounter [-] [105159] Writing DB stats neutron:SELECT=3 {{(pid=105159) stat_writer /opt/stack/data/venv/lib/python3.12/site-packages/dbcounter.py:115}}
Mar 05 09:33:58.364222 np0000157850 neutron-periodic-workers[105172]: DEBUG neutron.db.agents_db [None req-a4881f0e-ac32-432f-9947-8757d33bd770 None None] Agent healthcheck: found 0 active agents {{(pid=105172) agent_health_check /opt/stack/neutron/neutron/db/agents_db.py:317}}
Mar 05 09:33:58.364446 np0000157850 neutron-periodic-workers[105172]: DEBUG oslo.service.backend._threading.loopingcall [None req-a4881f0e-ac32-432f-9947-8757d33bd770 None None] Fixed interval looping call 'neutron.plugins.ml2.plugin.AgentDbMixin.agent_health_check' sleeping for 36.99 seconds {{(pid=105172) _run_loop /opt/stack/data/venv/lib/python3.12/site-packages/oslo_service/backend/_threading/loopingcall.py:125}}
Mar 05 09:33:59.376756 np0000157850 neutron-periodic-workers[105181]: DEBUG dbcounter [-] [105181] Writing DB stats neutron:DELETE=1 {{(pid=105181) stat_writer /opt/stack/data/venv/lib/python3.12/site-packages/dbcounter.py:115}}
Mar 05 09:34:08.361457 np0000157850 neutron-periodic-workers[105172]: DEBUG dbcounter [-] [105172] Writing DB stats neutron:SELECT=1 {{(pid=105172) stat_writer /opt/stack/data/venv/lib/python3.12/site-packages/dbcounter.py:115}}
Mar 05 09:34:25.342525 np0000157850 neutron-periodic-workers[105159]: DEBUG oslo.service.backend._threading.loopingcall [None req-1dba26a2-5ce3-44a3-82d7-33f8243b57bf None None] Fixed interval looping call 'neutron.plugins.ml2.plugin.DhcpAgentSchedulerDbMixin.remove_networks_from_down_agents' sleeping for 36.99 seconds {{(pid=105159) _run_loop /opt/stack/data/venv/lib/python3.12/site-packages/oslo_service/backend/_threading/loopingcall.py:125}}
Mar 05 09:34:35.342209 np0000157850 neutron-periodic-workers[105159]: DEBUG dbcounter [-] [105159] Writing DB stats neutron:SELECT=3 {{(pid=105159) stat_writer /opt/stack/data/venv/lib/python3.12/site-packages/dbcounter.py:115}}
Mar 05 09:34:35.358984 np0000157850 neutron-periodic-workers[105172]: DEBUG neutron.db.agents_db [None req-a4881f0e-ac32-432f-9947-8757d33bd770 None None] Agent healthcheck: found 0 active agents {{(pid=105172) agent_health_check /opt/stack/neutron/neutron/db/agents_db.py:317}}
Mar 05 09:34:35.359533 np0000157850 neutron-periodic-workers[105172]: DEBUG oslo.service.backend._threading.loopingcall [None req-a4881f0e-ac32-432f-9947-8757d33bd770 None None] Fixed interval looping call 'neutron.plugins.ml2.plugin.AgentDbMixin.agent_health_check' sleeping for 37.00 seconds {{(pid=105172) _run_loop /opt/stack/data/venv/lib/python3.12/site-packages/oslo_service/backend/_threading/loopingcall.py:125}}
Mar 05 09:34:45.358306 np0000157850 neutron-periodic-workers[105172]: DEBUG dbcounter [-] [105172] Writing DB stats neutron:SELECT=1 {{(pid=105172) stat_writer /opt/stack/data/venv/lib/python3.12/site-packages/dbcounter.py:115}}
Mar 05 09:35:02.343282 np0000157850 neutron-periodic-workers[105159]: DEBUG oslo.service.backend._threading.loopingcall [None req-1dba26a2-5ce3-44a3-82d7-33f8243b57bf None None] Fixed interval looping call 'neutron.plugins.ml2.plugin.DhcpAgentSchedulerDbMixin.remove_networks_from_down_agents' sleeping for 36.99 seconds {{(pid=105159) _run_loop /opt/stack/data/venv/lib/python3.12/site-packages/oslo_service/backend/_threading/loopingcall.py:125}}
Mar 05 09:35:12.341299 np0000157850 neutron-periodic-workers[105159]: DEBUG dbcounter [-] [105159] Writing DB stats neutron:SELECT=3 {{(pid=105159) stat_writer /opt/stack/data/venv/lib/python3.12/site-packages/dbcounter.py:115}}
Mar 05 09:35:12.368372 np0000157850 neutron-periodic-workers[105172]: DEBUG neutron.db.agents_db [None req-a4881f0e-ac32-432f-9947-8757d33bd770 None None] Agent healthcheck: found 0 active agents {{(pid=105172) agent_health_check /opt/stack/neutron/neutron/db/agents_db.py:317}}
Mar 05 09:35:12.369119 np0000157850 neutron-periodic-workers[105172]: DEBUG oslo.service.backend._threading.loopingcall [None req-a4881f0e-ac32-432f-9947-8757d33bd770 None None] Fixed interval looping call 'neutron.plugins.ml2.plugin.AgentDbMixin.agent_health_check' sleeping for 36.99 seconds {{(pid=105172) _run_loop /opt/stack/data/venv/lib/python3.12/site-packages/oslo_service/backend/_threading/loopingcall.py:125}}
Mar 05 09:35:22.365276 np0000157850 neutron-periodic-workers[105172]: DEBUG dbcounter [-] [105172] Writing DB stats neutron:SELECT=1 {{(pid=105172) stat_writer /opt/stack/data/venv/lib/python3.12/site-packages/dbcounter.py:115}}
Mar 05 09:35:39.342854 np0000157850 neutron-periodic-workers[105159]: DEBUG oslo.service.backend._threading.loopingcall [None req-1dba26a2-5ce3-44a3-82d7-33f8243b57bf None None] Fixed interval looping call 'neutron.plugins.ml2.plugin.DhcpAgentSchedulerDbMixin.remove_networks_from_down_agents' sleeping for 36.99 seconds {{(pid=105159) _run_loop /opt/stack/data/venv/lib/python3.12/site-packages/oslo_service/backend/_threading/loopingcall.py:125}}
Mar 05 09:35:41.402275 np0000157850 neutron-periodic-workers[105190]: DEBUG oslo.service.backend._threading.loopingcall [None req-040758e7-cfa7-4528-94d0-5ebd0c3db16e None None] Fixed interval looping call 'neutron.services.ovn_l3.plugin.L3_NAT_dbonly_mixin._clean_garbage' sleeping for 299.99 seconds {{(pid=105190) _run_loop /opt/stack/data/venv/lib/python3.12/site-packages/oslo_service/backend/_threading/loopingcall.py:125}}
Mar 05 09:35:49.341763 np0000157850 neutron-periodic-workers[105159]: DEBUG dbcounter [-] [105159] Writing DB stats neutron:SELECT=3 {{(pid=105159) stat_writer /opt/stack/data/venv/lib/python3.12/site-packages/dbcounter.py:115}}
Mar 05 09:35:49.365398 np0000157850 neutron-periodic-workers[105172]: DEBUG neutron.db.agents_db [None req-a4881f0e-ac32-432f-9947-8757d33bd770 None None] Agent healthcheck: found 0 active agents {{(pid=105172) agent_health_check /opt/stack/neutron/neutron/db/agents_db.py:317}}
Mar 05 09:35:49.366036 np0000157850 neutron-periodic-workers[105172]: DEBUG oslo.service.backend._threading.loopingcall [None req-a4881f0e-ac32-432f-9947-8757d33bd770 None None] Fixed interval looping call 'neutron.plugins.ml2.plugin.AgentDbMixin.agent_health_check' sleeping for 36.99 seconds {{(pid=105172) _run_loop /opt/stack/data/venv/lib/python3.12/site-packages/oslo_service/backend/_threading/loopingcall.py:125}}
Mar 05 09:35:49.372530 np0000157850 neutron-periodic-workers[105181]: DEBUG oslo.service.backend._threading.loopingcall [None req-1a781955-afcc-47c2-815c-6521b2ab48df None None] Fixed interval looping call 'neutron.db.quota.driver_nolock.DbQuotaNoLockDriver._remove_expired_reservations' sleeping for 119.99 seconds {{(pid=105181) _run_loop /opt/stack/data/venv/lib/python3.12/site-packages/oslo_service/backend/_threading/loopingcall.py:125}}
Mar 05 09:35:51.395545 np0000157850 neutron-periodic-workers[105190]: DEBUG dbcounter [-] [105190] Writing DB stats neutron:SELECT=1 {{(pid=105190) stat_writer /opt/stack/data/venv/lib/python3.12/site-packages/dbcounter.py:115}}
Mar 05 09:35:59.363840 np0000157850 neutron-periodic-workers[105172]: DEBUG dbcounter [-] [105172] Writing DB stats neutron:SELECT=1 {{(pid=105172) stat_writer /opt/stack/data/venv/lib/python3.12/site-packages/dbcounter.py:115}}
Mar 05 09:35:59.371051 np0000157850 neutron-periodic-workers[105181]: DEBUG dbcounter [-] [105181] Writing DB stats neutron:DELETE=1 {{(pid=105181) stat_writer /opt/stack/data/venv/lib/python3.12/site-packages/dbcounter.py:115}}
Mar 05 09:36:16.343278 np0000157850 neutron-periodic-workers[105159]: DEBUG oslo.service.backend._threading.loopingcall [None req-1dba26a2-5ce3-44a3-82d7-33f8243b57bf None None] Fixed interval looping call 'neutron.plugins.ml2.plugin.DhcpAgentSchedulerDbMixin.remove_networks_from_down_agents' sleeping for 36.99 seconds {{(pid=105159) _run_loop /opt/stack/data/venv/lib/python3.12/site-packages/oslo_service/backend/_threading/loopingcall.py:125}}
Mar 05 09:36:26.342569 np0000157850 neutron-periodic-workers[105159]: DEBUG dbcounter [-] [105159] Writing DB stats neutron:SELECT=3 {{(pid=105159) stat_writer /opt/stack/data/venv/lib/python3.12/site-packages/dbcounter.py:115}}
Mar 05 09:36:26.362002 np0000157850 neutron-periodic-workers[105172]: DEBUG neutron.db.agents_db [None req-a4881f0e-ac32-432f-9947-8757d33bd770 None None] Agent healthcheck: found 0 active agents {{(pid=105172) agent_health_check /opt/stack/neutron/neutron/db/agents_db.py:317}}
Mar 05 09:36:26.362474 np0000157850 neutron-periodic-workers[105172]: DEBUG oslo.service.backend._threading.loopingcall [None req-a4881f0e-ac32-432f-9947-8757d33bd770 None None] Fixed interval looping call 'neutron.plugins.ml2.plugin.AgentDbMixin.agent_health_check' sleeping for 36.99 seconds {{(pid=105172) _run_loop /opt/stack/data/venv/lib/python3.12/site-packages/oslo_service/backend/_threading/loopingcall.py:125}}
Mar 05 09:36:36.360743 np0000157850 neutron-periodic-workers[105172]: DEBUG dbcounter [-] [105172] Writing DB stats neutron:SELECT=1 {{(pid=105172) stat_writer /opt/stack/data/venv/lib/python3.12/site-packages/dbcounter.py:115}}
Mar 05 09:36:53.342344 np0000157850 neutron-periodic-workers[105159]: DEBUG oslo.service.backend._threading.loopingcall [None req-1dba26a2-5ce3-44a3-82d7-33f8243b57bf None None] Fixed interval looping call 'neutron.plugins.ml2.plugin.DhcpAgentSchedulerDbMixin.remove_networks_from_down_agents' sleeping for 36.99 seconds {{(pid=105159) _run_loop /opt/stack/data/venv/lib/python3.12/site-packages/oslo_service/backend/_threading/loopingcall.py:125}}
Mar 05 09:37:03.341561 np0000157850 neutron-periodic-workers[105159]: DEBUG dbcounter [-] [105159] Writing DB stats neutron:SELECT=3 {{(pid=105159) stat_writer /opt/stack/data/venv/lib/python3.12/site-packages/dbcounter.py:115}}
Mar 05 09:37:03.358366 np0000157850 neutron-periodic-workers[105172]: DEBUG neutron.db.agents_db [None req-a4881f0e-ac32-432f-9947-8757d33bd770 None None] Agent healthcheck: found 0 active agents {{(pid=105172) agent_health_check /opt/stack/neutron/neutron/db/agents_db.py:317}}
Mar 05 09:37:03.359191 np0000157850 neutron-periodic-workers[105172]: DEBUG oslo.service.backend._threading.loopingcall [None req-a4881f0e-ac32-432f-9947-8757d33bd770 None None] Fixed interval looping call 'neutron.plugins.ml2.plugin.AgentDbMixin.agent_health_check' sleeping for 36.99 seconds {{(pid=105172) _run_loop /opt/stack/data/venv/lib/python3.12/site-packages/oslo_service/backend/_threading/loopingcall.py:125}}
Mar 05 09:37:13.356484 np0000157850 neutron-periodic-workers[105172]: DEBUG dbcounter [-] [105172] Writing DB stats neutron:SELECT=1 {{(pid=105172) stat_writer /opt/stack/data/venv/lib/python3.12/site-packages/dbcounter.py:115}}
Mar 05 09:37:30.344382 np0000157850 neutron-periodic-workers[105159]: DEBUG oslo.service.backend._threading.loopingcall [None req-1dba26a2-5ce3-44a3-82d7-33f8243b57bf None None] Fixed interval looping call 'neutron.plugins.ml2.plugin.DhcpAgentSchedulerDbMixin.remove_networks_from_down_agents' sleeping for 36.99 seconds {{(pid=105159) _run_loop /opt/stack/data/venv/lib/python3.12/site-packages/oslo_service/backend/_threading/loopingcall.py:125}}
Mar 05 09:37:40.342303 np0000157850 neutron-periodic-workers[105159]: DEBUG dbcounter [-] [105159] Writing DB stats neutron:SELECT=3 {{(pid=105159) stat_writer /opt/stack/data/venv/lib/python3.12/site-packages/dbcounter.py:115}}
Mar 05 09:37:40.354057 np0000157850 neutron-periodic-workers[105172]: DEBUG neutron.db.agents_db [None req-a4881f0e-ac32-432f-9947-8757d33bd770 None None] Agent healthcheck: found 0 active agents {{(pid=105172) agent_health_check /opt/stack/neutron/neutron/db/agents_db.py:317}}
Mar 05 09:37:40.354853 np0000157850 neutron-periodic-workers[105172]: DEBUG oslo.service.backend._threading.loopingcall [None req-a4881f0e-ac32-432f-9947-8757d33bd770 None None] Fixed interval looping call 'neutron.plugins.ml2.plugin.AgentDbMixin.agent_health_check' sleeping for 36.99 seconds {{(pid=105172) _run_loop /opt/stack/data/venv/lib/python3.12/site-packages/oslo_service/backend/_threading/loopingcall.py:125}}
Mar 05 09:37:49.366980 np0000157850 neutron-periodic-workers[105181]: DEBUG oslo.service.backend._threading.loopingcall [None req-1a781955-afcc-47c2-815c-6521b2ab48df None None] Fixed interval looping call 'neutron.db.quota.driver_nolock.DbQuotaNoLockDriver._remove_expired_reservations' sleeping for 120.00 seconds {{(pid=105181) _run_loop /opt/stack/data/venv/lib/python3.12/site-packages/oslo_service/backend/_threading/loopingcall.py:125}}
Mar 05 09:37:50.352984 np0000157850 neutron-periodic-workers[105172]: DEBUG dbcounter [-] [105172] Writing DB stats neutron:SELECT=1 {{(pid=105172) stat_writer /opt/stack/data/venv/lib/python3.12/site-packages/dbcounter.py:115}}
Mar 05 09:37:59.366157 np0000157850 neutron-periodic-workers[105181]: DEBUG dbcounter [-] [105181] Writing DB stats neutron:DELETE=1 {{(pid=105181) stat_writer /opt/stack/data/venv/lib/python3.12/site-packages/dbcounter.py:115}}
Mar 05 09:38:07.345214 np0000157850 neutron-periodic-workers[105159]: DEBUG oslo.service.backend._threading.loopingcall [None req-1dba26a2-5ce3-44a3-82d7-33f8243b57bf None None] Fixed interval looping call 'neutron.plugins.ml2.plugin.DhcpAgentSchedulerDbMixin.remove_networks_from_down_agents' sleeping for 36.99 seconds {{(pid=105159) _run_loop /opt/stack/data/venv/lib/python3.12/site-packages/oslo_service/backend/_threading/loopingcall.py:125}}
Mar 05 09:38:17.344234 np0000157850 neutron-periodic-workers[105159]: DEBUG dbcounter [-] [105159] Writing DB stats neutron:SELECT=3 {{(pid=105159) stat_writer /opt/stack/data/venv/lib/python3.12/site-packages/dbcounter.py:115}}
Mar 05 09:38:17.351466 np0000157850 neutron-periodic-workers[105172]: DEBUG neutron.db.agents_db [None req-a4881f0e-ac32-432f-9947-8757d33bd770 None None] Agent healthcheck: found 0 active agents {{(pid=105172) agent_health_check /opt/stack/neutron/neutron/db/agents_db.py:317}}
Mar 05 09:38:17.351999 np0000157850 neutron-periodic-workers[105172]: DEBUG oslo.service.backend._threading.loopingcall [None req-a4881f0e-ac32-432f-9947-8757d33bd770 None None] Fixed interval looping call 'neutron.plugins.ml2.plugin.AgentDbMixin.agent_health_check' sleeping for 36.99 seconds {{(pid=105172) _run_loop /opt/stack/data/venv/lib/python3.12/site-packages/oslo_service/backend/_threading/loopingcall.py:125}}
Mar 05 09:38:27.348541 np0000157850 neutron-periodic-workers[105172]: DEBUG dbcounter [-] [105172] Writing DB stats neutron:SELECT=1 {{(pid=105172) stat_writer /opt/stack/data/venv/lib/python3.12/site-packages/dbcounter.py:115}}
Mar 05 09:38:44.343532 np0000157850 neutron-periodic-workers[105159]: DEBUG oslo.service.backend._threading.loopingcall [None req-1dba26a2-5ce3-44a3-82d7-33f8243b57bf None None] Fixed interval looping call 'neutron.plugins.ml2.plugin.DhcpAgentSchedulerDbMixin.remove_networks_from_down_agents' sleeping for 36.99 seconds {{(pid=105159) _run_loop /opt/stack/data/venv/lib/python3.12/site-packages/oslo_service/backend/_threading/loopingcall.py:125}}
Mar 05 09:38:54.346094 np0000157850 neutron-periodic-workers[105159]: DEBUG dbcounter [-] [105159] Writing DB stats neutron:SELECT=3 {{(pid=105159) stat_writer /opt/stack/data/venv/lib/python3.12/site-packages/dbcounter.py:115}}
Mar 05 09:38:54.353455 np0000157850 neutron-periodic-workers[105172]: DEBUG neutron.db.agents_db [None req-a4881f0e-ac32-432f-9947-8757d33bd770 None None] Agent healthcheck: found 0 active agents {{(pid=105172) agent_health_check /opt/stack/neutron/neutron/db/agents_db.py:317}}
Mar 05 09:38:54.353744 np0000157850 neutron-periodic-workers[105172]: DEBUG oslo.service.backend._threading.loopingcall [None req-a4881f0e-ac32-432f-9947-8757d33bd770 None None] Fixed interval looping call 'neutron.plugins.ml2.plugin.AgentDbMixin.agent_health_check' sleeping for 36.99 seconds {{(pid=105172) _run_loop /opt/stack/data/venv/lib/python3.12/site-packages/oslo_service/backend/_threading/loopingcall.py:125}}
Mar 05 09:39:04.350102 np0000157850 neutron-periodic-workers[105172]: DEBUG dbcounter [-] [105172] Writing DB stats neutron:SELECT=1 {{(pid=105172) stat_writer /opt/stack/data/venv/lib/python3.12/site-packages/dbcounter.py:115}}
Mar 05 09:39:21.339437 np0000157850 neutron-periodic-workers[105159]: DEBUG oslo.service.backend._threading.loopingcall [None req-1dba26a2-5ce3-44a3-82d7-33f8243b57bf None None] Fixed interval looping call 'neutron.plugins.ml2.plugin.DhcpAgentSchedulerDbMixin.remove_networks_from_down_agents' sleeping for 36.99 seconds {{(pid=105159) _run_loop /opt/stack/data/venv/lib/python3.12/site-packages/oslo_service/backend/_threading/loopingcall.py:125}}
Mar 05 09:39:31.339359 np0000157850 neutron-periodic-workers[105159]: DEBUG dbcounter [-] [105159] Writing DB stats neutron:SELECT=3 {{(pid=105159) stat_writer /opt/stack/data/venv/lib/python3.12/site-packages/dbcounter.py:115}}
Mar 05 09:39:31.350230 np0000157850 neutron-periodic-workers[105172]: DEBUG neutron.db.agents_db [None req-a4881f0e-ac32-432f-9947-8757d33bd770 None None] Agent healthcheck: found 0 active agents {{(pid=105172) agent_health_check /opt/stack/neutron/neutron/db/agents_db.py:317}}
Mar 05 09:39:31.350684 np0000157850 neutron-periodic-workers[105172]: DEBUG oslo.service.backend._threading.loopingcall [None req-a4881f0e-ac32-432f-9947-8757d33bd770 None None] Fixed interval looping call 'neutron.plugins.ml2.plugin.AgentDbMixin.agent_health_check' sleeping for 36.99 seconds {{(pid=105172) _run_loop /opt/stack/data/venv/lib/python3.12/site-packages/oslo_service/backend/_threading/loopingcall.py:125}}
Mar 05 09:39:41.348738 np0000157850 neutron-periodic-workers[105172]: DEBUG dbcounter [-] [105172] Writing DB stats neutron:SELECT=1 {{(pid=105172) stat_writer /opt/stack/data/venv/lib/python3.12/site-packages/dbcounter.py:115}}
Mar 05 09:39:49.372381 np0000157850 neutron-periodic-workers[105181]: DEBUG oslo.service.backend._threading.loopingcall [None req-1a781955-afcc-47c2-815c-6521b2ab48df None None] Fixed interval looping call 'neutron.db.quota.driver_nolock.DbQuotaNoLockDriver._remove_expired_reservations' sleeping for 120.00 seconds {{(pid=105181) _run_loop /opt/stack/data/venv/lib/python3.12/site-packages/oslo_service/backend/_threading/loopingcall.py:125}}
Mar 05 09:39:58.339433 np0000157850 neutron-periodic-workers[105159]: DEBUG oslo.service.backend._threading.loopingcall [None req-1dba26a2-5ce3-44a3-82d7-33f8243b57bf None None] Fixed interval looping call 'neutron.plugins.ml2.plugin.DhcpAgentSchedulerDbMixin.remove_networks_from_down_agents' sleeping for 36.99 seconds {{(pid=105159) _run_loop /opt/stack/data/venv/lib/python3.12/site-packages/oslo_service/backend/_threading/loopingcall.py:125}}
Mar 05 09:39:59.370562 np0000157850 neutron-periodic-workers[105181]: DEBUG dbcounter [-] [105181] Writing DB stats neutron:DELETE=1 {{(pid=105181) stat_writer /opt/stack/data/venv/lib/python3.12/site-packages/dbcounter.py:115}}
Mar 05 09:40:08.338785 np0000157850 neutron-periodic-workers[105159]: DEBUG dbcounter [-] [105159] Writing DB stats neutron:SELECT=3 {{(pid=105159) stat_writer /opt/stack/data/venv/lib/python3.12/site-packages/dbcounter.py:115}}
Mar 05 09:40:08.346851 np0000157850 neutron-periodic-workers[105172]: DEBUG neutron.db.agents_db [None req-a4881f0e-ac32-432f-9947-8757d33bd770 None None] Agent healthcheck: found 0 active agents {{(pid=105172) agent_health_check /opt/stack/neutron/neutron/db/agents_db.py:317}}
Mar 05 09:40:08.347364 np0000157850 neutron-periodic-workers[105172]: DEBUG oslo.service.backend._threading.loopingcall [None req-a4881f0e-ac32-432f-9947-8757d33bd770 None None] Fixed interval looping call 'neutron.plugins.ml2.plugin.AgentDbMixin.agent_health_check' sleeping for 36.99 seconds {{(pid=105172) _run_loop /opt/stack/data/venv/lib/python3.12/site-packages/oslo_service/backend/_threading/loopingcall.py:125}}
Mar 05 09:40:18.344848 np0000157850 neutron-periodic-workers[105172]: DEBUG dbcounter [-] [105172] Writing DB stats neutron:SELECT=1 {{(pid=105172) stat_writer /opt/stack/data/venv/lib/python3.12/site-packages/dbcounter.py:115}}
Mar 05 09:40:35.337056 np0000157850 neutron-periodic-workers[105159]: DEBUG oslo.service.backend._threading.loopingcall [None req-1dba26a2-5ce3-44a3-82d7-33f8243b57bf None None] Fixed interval looping call 'neutron.plugins.ml2.plugin.DhcpAgentSchedulerDbMixin.remove_networks_from_down_agents' sleeping for 36.99 seconds {{(pid=105159) _run_loop /opt/stack/data/venv/lib/python3.12/site-packages/oslo_service/backend/_threading/loopingcall.py:125}}
Mar 05 09:40:41.409316 np0000157850 neutron-periodic-workers[105190]: DEBUG oslo.service.backend._threading.loopingcall [None req-040758e7-cfa7-4528-94d0-5ebd0c3db16e None None] Fixed interval looping call 'neutron.services.ovn_l3.plugin.L3_NAT_dbonly_mixin._clean_garbage' sleeping for 299.98 seconds {{(pid=105190) _run_loop /opt/stack/data/venv/lib/python3.12/site-packages/oslo_service/backend/_threading/loopingcall.py:125}}
Mar 05 09:40:45.336243 np0000157850 neutron-periodic-workers[105159]: DEBUG dbcounter [-] [105159] Writing DB stats neutron:SELECT=3 {{(pid=105159) stat_writer /opt/stack/data/venv/lib/python3.12/site-packages/dbcounter.py:115}}
Mar 05 09:40:45.342747 np0000157850 neutron-periodic-workers[105172]: DEBUG neutron.db.agents_db [None req-a4881f0e-ac32-432f-9947-8757d33bd770 None None] Agent healthcheck: found 0 active agents {{(pid=105172) agent_health_check /opt/stack/neutron/neutron/db/agents_db.py:317}}
Mar 05 09:40:45.343217 np0000157850 neutron-periodic-workers[105172]: DEBUG oslo.service.backend._threading.loopingcall [None req-a4881f0e-ac32-432f-9947-8757d33bd770 None None] Fixed interval looping call 'neutron.plugins.ml2.plugin.AgentDbMixin.agent_health_check' sleeping for 36.99 seconds {{(pid=105172) _run_loop /opt/stack/data/venv/lib/python3.12/site-packages/oslo_service/backend/_threading/loopingcall.py:125}}
