May 07 13:06:31.945972 np0000172480 systemd[1]: Starting devstack@n-api.service - Devstack devstack@n-api.service...
May 07 13:06:31.956063 np0000172480 devstack@n-api.service[99986]: [uWSGI] getting INI configuration from /etc/nova/nova-api-uwsgi.ini
May 07 13:06:31.959533 np0000172480 devstack@n-api.service[99986]: *** Starting uWSGI 2.0.24-debian (64bit) on [Thu May 7 13:06:31 2026] ***
May 07 13:06:31.959533 np0000172480 devstack@n-api.service[99986]: compiled with version: 13.2.0 on 17 April 2024 16:23:48
May 07 13:06:31.959533 np0000172480 devstack@n-api.service[99986]: os: Linux-6.8.0-111-generic #111-Ubuntu SMP PREEMPT_DYNAMIC Sat Apr 11 23:16:02 UTC 2026
May 07 13:06:31.959533 np0000172480 devstack@n-api.service[99986]: nodename: np0000172480
May 07 13:06:31.959533 np0000172480 devstack@n-api.service[99986]: machine: x86_64
May 07 13:06:31.959533 np0000172480 devstack@n-api.service[99986]: clock source: unix
May 07 13:06:31.959533 np0000172480 devstack@n-api.service[99986]: pcre jit disabled
May 07 13:06:31.959533 np0000172480 devstack@n-api.service[99986]: detected number of CPU cores: 16
May 07 13:06:31.959533 np0000172480 devstack@n-api.service[99986]: current working directory: /
May 07 13:06:31.959533 np0000172480 devstack@n-api.service[99986]: detected binary path: /usr/bin/uwsgi-core
May 07 13:06:31.959533 np0000172480 devstack@n-api.service[99986]: your processes number limit is 256917
May 07 13:06:31.959533 np0000172480 devstack@n-api.service[99986]: your memory page size is 4096 bytes
May 07 13:06:31.959533 np0000172480 devstack@n-api.service[99986]: detected max file descriptor number: 2048
May 07 13:06:31.959533 np0000172480 devstack@n-api.service[99986]: lock engine: pthread robust mutexes
May 07 13:06:31.960347 np0000172480 devstack@n-api.service[99986]: thunder lock: enabled
May 07 13:06:31.960347 np0000172480 devstack@n-api.service[99986]: uwsgi socket 0 bound to UNIX address /var/run/uwsgi/nova-api.socket fd 4
May 07 13:06:31.960347 np0000172480 devstack@n-api.service[99986]: Python version: 3.12.3 (main, Mar 23 2026, 19:04:32) [GCC 13.3.0]
May 07 13:06:31.960347 np0000172480 devstack@n-api.service[99986]: PEP 405 virtualenv detected: /opt/stack/data/venv
May 07 13:06:31.960347 np0000172480 devstack@n-api.service[99986]: Set PythonHome to /opt/stack/data/venv
May 07 13:06:31.997661 np0000172480 devstack@n-api.service[99986]: Python main interpreter initialized at 0x71dc478a3668
May 07 13:06:31.997661 np0000172480 devstack@n-api.service[99986]: python threads support enabled
May 07 13:06:31.997661 np0000172480 devstack@n-api.service[99986]: your server socket listen backlog is limited to 100 connections
May 07 13:06:31.997661 np0000172480 devstack@n-api.service[99986]: your mercy for graceful operations on workers is 80 seconds
May 07 13:06:31.998264 np0000172480 devstack@n-api.service[99986]: mapped 671795 bytes (656 KB) for 4 cores
May 07 13:06:31.998442 np0000172480 devstack@n-api.service[99986]: *** Operational MODE: preforking ***
May 07 13:06:31.998671 np0000172480 devstack@n-api.service[99986]: *** uWSGI is running in multiple interpreter mode ***
May 07 13:06:31.998671 np0000172480 devstack@n-api.service[99986]: spawned uWSGI master process (pid: 99986)
May 07 13:06:31.999069 np0000172480 systemd[1]: Started devstack@n-api.service - Devstack devstack@n-api.service.
May 07 13:06:31.999753 np0000172480 devstack@n-api.service[99986]: spawned uWSGI worker 1 (pid: 99987, cores: 1)
May 07 13:06:32.000236 np0000172480 devstack@n-api.service[99986]: spawned uWSGI worker 2 (pid: 99988, cores: 1)
May 07 13:06:32.000769 np0000172480 devstack@n-api.service[99986]: spawned uWSGI worker 3 (pid: 99989, cores: 1)
May 07 13:06:32.001358 np0000172480 devstack@n-api.service[99986]: spawned uWSGI worker 4 (pid: 99990, cores: 1)
May 07 13:06:32.001477 np0000172480 devstack@n-api.service[99986]: running "unix_signal:15 gracefully_kill_them_all" (master-start)...
May 07 13:06:32.328877 np0000172480 devstack@n-api.service[99989]: /opt/stack/data/venv/lib/python3.12/site-packages/oslo_concurrency/lockutils.py:41: EventletDeprecationWarning:
May 07 13:06:32.328877 np0000172480 devstack@n-api.service[99989]: Eventlet is deprecated. It is currently being maintained in bugfix mode, and
May 07 13:06:32.328877 np0000172480 devstack@n-api.service[99989]: we strongly recommend against using it for new projects.
May 07 13:06:32.328877 np0000172480 devstack@n-api.service[99989]: If you are already using Eventlet, we recommend migrating to a different
May 07 13:06:32.328877 np0000172480 devstack@n-api.service[99989]: framework. For more detail see
May 07 13:06:32.328877 np0000172480 devstack@n-api.service[99989]: https://eventlet.readthedocs.io/en/latest/asyncio/migration.html
May 07 13:06:32.328877 np0000172480 devstack@n-api.service[99989]: import eventlet
May 07 13:06:32.343715 np0000172480 devstack@n-api.service[99988]: /opt/stack/data/venv/lib/python3.12/site-packages/oslo_concurrency/lockutils.py:41: EventletDeprecationWarning:
May 07 13:06:32.343715 np0000172480 devstack@n-api.service[99988]: Eventlet is deprecated. It is currently being maintained in bugfix mode, and
May 07 13:06:32.343715 np0000172480 devstack@n-api.service[99988]: we strongly recommend against using it for new projects.
May 07 13:06:32.343715 np0000172480 devstack@n-api.service[99988]: If you are already using Eventlet, we recommend migrating to a different
May 07 13:06:32.343715 np0000172480 devstack@n-api.service[99988]: framework. For more detail see
May 07 13:06:32.343715 np0000172480 devstack@n-api.service[99988]: https://eventlet.readthedocs.io/en/latest/asyncio/migration.html
May 07 13:06:32.343715 np0000172480 devstack@n-api.service[99988]: import eventlet
May 07 13:06:32.349946 np0000172480 devstack@n-api.service[99990]: /opt/stack/data/venv/lib/python3.12/site-packages/oslo_concurrency/lockutils.py:41: EventletDeprecationWarning:
May 07 13:06:32.349946 np0000172480 devstack@n-api.service[99990]: Eventlet is deprecated. It is currently being maintained in bugfix mode, and
May 07 13:06:32.349946 np0000172480 devstack@n-api.service[99990]: we strongly recommend against using it for new projects.
May 07 13:06:32.349946 np0000172480 devstack@n-api.service[99990]: If you are already using Eventlet, we recommend migrating to a different
May 07 13:06:32.349946 np0000172480 devstack@n-api.service[99990]: framework. For more detail see
May 07 13:06:32.349946 np0000172480 devstack@n-api.service[99990]: https://eventlet.readthedocs.io/en/latest/asyncio/migration.html
May 07 13:06:32.349946 np0000172480 devstack@n-api.service[99990]: import eventlet
May 07 13:06:32.375290 np0000172480 devstack@n-api.service[99987]: /opt/stack/data/venv/lib/python3.12/site-packages/oslo_concurrency/lockutils.py:41: EventletDeprecationWarning:
May 07 13:06:32.375290 np0000172480 devstack@n-api.service[99987]: Eventlet is deprecated. It is currently being maintained in bugfix mode, and
May 07 13:06:32.375290 np0000172480 devstack@n-api.service[99987]: we strongly recommend against using it for new projects.
May 07 13:06:32.375290 np0000172480 devstack@n-api.service[99987]: If you are already using Eventlet, we recommend migrating to a different
May 07 13:06:32.375290 np0000172480 devstack@n-api.service[99987]: framework. For more detail see
May 07 13:06:32.375290 np0000172480 devstack@n-api.service[99987]: https://eventlet.readthedocs.io/en/latest/asyncio/migration.html
May 07 13:06:32.375290 np0000172480 devstack@n-api.service[99987]: import eventlet
May 07 13:06:32.377895 np0000172480 devstack@n-api.service[99989]: Service is starting with native threading. This is currently experimental. Do not use it in production without first testing it in pre-production.
May 07 13:06:32.396413 np0000172480 devstack@n-api.service[99988]: Service is starting with native threading. This is currently experimental. Do not use it in production without first testing it in pre-production.
May 07 13:06:32.399984 np0000172480 devstack@n-api.service[99990]: Service is starting with native threading. This is currently experimental. Do not use it in production without first testing it in pre-production.
May 07 13:06:32.427927 np0000172480 devstack@n-api.service[99987]: Service is starting with native threading. This is currently experimental. Do not use it in production without first testing it in pre-production.
May 07 13:06:33.893445 np0000172480 devstack@n-api.service[99990]: INFO dbcounter [None req-82030dbc-65ba-440c-8579-4a777660ce6b None None] Registered counter for database nova_api
May 07 13:06:33.906545 np0000172480 devstack@n-api.service[99990]: DEBUG oslo_db.sqlalchemy.engines [None req-82030dbc-65ba-440c-8579-4a777660ce6b None None] MySQL server mode set to STRICT_TRANS_TABLES,STRICT_ALL_TABLES,NO_ZERO_IN_DATE,NO_ZERO_DATE,ERROR_FOR_DIVISION_BY_ZERO,TRADITIONAL,NO_ENGINE_SUBSTITUTION {{(pid=99990) _check_effective_sql_mode /opt/stack/data/venv/lib/python3.12/site-packages/oslo_db/sqlalchemy/engines.py:325}}
May 07 13:06:33.940674 np0000172480 devstack@n-api.service[99990]: DEBUG dbcounter [-] [99990] Writer thread running {{(pid=99990) stat_writer /opt/stack/data/venv/lib/python3.12/site-packages/dbcounter.py:102}}
May 07 13:06:33.944354 np0000172480 devstack@n-api.service[99990]: DEBUG nova.context [None req-82030dbc-65ba-440c-8579-4a777660ce6b None None] Found 2 cells: 00000000-0000-0000-0000-000000000000(cell0),5362cce9-b9d0-451a-9e93-b5d5bfee7355(cell1) {{(pid=99990) load_cells /opt/stack/nova/nova/context.py:509}}
May 07 13:06:33.944863 np0000172480 devstack@n-api.service[99990]: INFO nova.utils [None req-82030dbc-65ba-440c-8579-4a777660ce6b None None] The cell worker thread pool MainProcess.cell_worker is initialized
May 07 13:06:33.948697 np0000172480 devstack@n-api.service[99990]: DEBUG oslo_concurrency.lockutils [None req-82030dbc-65ba-440c-8579-4a777660ce6b None None] Acquiring lock "00000000-0000-0000-0000-000000000000" by "nova.context.set_target_cell..get_or_set_cached_cell_and_set_connections" {{(pid=99990) inner /opt/stack/data/venv/lib/python3.12/site-packages/oslo_concurrency/lockutils.py:506}}
May 07 13:06:33.949069 np0000172480 devstack@n-api.service[99990]: DEBUG oslo_concurrency.lockutils [None req-82030dbc-65ba-440c-8579-4a777660ce6b None None] Lock "00000000-0000-0000-0000-000000000000" acquired by "nova.context.set_target_cell..get_or_set_cached_cell_and_set_connections" :: waited 0.000s {{(pid=99990) inner /opt/stack/data/venv/lib/python3.12/site-packages/oslo_concurrency/lockutils.py:519}}
May 07 13:06:33.950073 np0000172480 devstack@n-api.service[99990]: DEBUG oslo_concurrency.lockutils [None req-82030dbc-65ba-440c-8579-4a777660ce6b None None] Lock "00000000-0000-0000-0000-000000000000" "released" by "nova.context.set_target_cell..get_or_set_cached_cell_and_set_connections" :: held 0.001s {{(pid=99990) inner /opt/stack/data/venv/lib/python3.12/site-packages/oslo_concurrency/lockutils.py:538}}
May 07 13:06:33.951516 np0000172480 devstack@n-api.service[99990]: DEBUG oslo_concurrency.lockutils [None req-82030dbc-65ba-440c-8579-4a777660ce6b None None] Acquiring lock "5362cce9-b9d0-451a-9e93-b5d5bfee7355" by "nova.context.set_target_cell..get_or_set_cached_cell_and_set_connections" {{(pid=99990) inner /opt/stack/data/venv/lib/python3.12/site-packages/oslo_concurrency/lockutils.py:506}}
May 07 13:06:33.951759 np0000172480 devstack@n-api.service[99990]: DEBUG oslo_concurrency.lockutils [None req-82030dbc-65ba-440c-8579-4a777660ce6b None None] Lock "5362cce9-b9d0-451a-9e93-b5d5bfee7355" acquired by "nova.context.set_target_cell..get_or_set_cached_cell_and_set_connections" :: waited 0.000s {{(pid=99990) inner /opt/stack/data/venv/lib/python3.12/site-packages/oslo_concurrency/lockutils.py:519}}
May 07 13:06:33.952638 np0000172480 devstack@n-api.service[99990]: DEBUG oslo_concurrency.lockutils [None req-82030dbc-65ba-440c-8579-4a777660ce6b None None] Lock "5362cce9-b9d0-451a-9e93-b5d5bfee7355" "released" by "nova.context.set_target_cell..get_or_set_cached_cell_and_set_connections" :: held 0.001s {{(pid=99990) inner /opt/stack/data/venv/lib/python3.12/site-packages/oslo_concurrency/lockutils.py:538}}
May 07 13:06:33.955987 np0000172480 devstack@n-api.service[99990]: INFO dbcounter [None req-82030dbc-65ba-440c-8579-4a777660ce6b None None] Registered counter for database nova_cell0
May 07 13:06:33.962490 np0000172480 devstack@n-api.service[99990]: INFO dbcounter [None req-82030dbc-65ba-440c-8579-4a777660ce6b None None] Registered counter for database nova_cell1
May 07 13:06:33.967294 np0000172480 devstack@n-api.service[99987]: INFO dbcounter [None req-79046f2b-12e0-477f-9334-5bfe0eefd5ae None None] Registered counter for database nova_api
May 07 13:06:33.970505 np0000172480 devstack@n-api.service[99990]: DEBUG oslo_db.sqlalchemy.engines [None req-82030dbc-65ba-440c-8579-4a777660ce6b None None] MySQL server mode set to STRICT_TRANS_TABLES,STRICT_ALL_TABLES,NO_ZERO_IN_DATE,NO_ZERO_DATE,ERROR_FOR_DIVISION_BY_ZERO,TRADITIONAL,NO_ENGINE_SUBSTITUTION {{(pid=99990) _check_effective_sql_mode /opt/stack/data/venv/lib/python3.12/site-packages/oslo_db/sqlalchemy/engines.py:325}}
May 07 13:06:33.970505 np0000172480 devstack@n-api.service[99990]: DEBUG oslo_db.sqlalchemy.engines [None req-82030dbc-65ba-440c-8579-4a777660ce6b None None] MySQL server mode set to STRICT_TRANS_TABLES,STRICT_ALL_TABLES,NO_ZERO_IN_DATE,NO_ZERO_DATE,ERROR_FOR_DIVISION_BY_ZERO,TRADITIONAL,NO_ENGINE_SUBSTITUTION {{(pid=99990) _check_effective_sql_mode /opt/stack/data/venv/lib/python3.12/site-packages/oslo_db/sqlalchemy/engines.py:325}}
May 07 13:06:33.973378 np0000172480 devstack@n-api.service[99988]: INFO dbcounter [None req-dc7794ec-cf85-4dc1-9725-26c8554f5d11 None None] Registered counter for database nova_api
May 07 13:06:33.986089 np0000172480 devstack@n-api.service[99987]: DEBUG oslo_db.sqlalchemy.engines [None req-79046f2b-12e0-477f-9334-5bfe0eefd5ae None None] MySQL server mode set to STRICT_TRANS_TABLES,STRICT_ALL_TABLES,NO_ZERO_IN_DATE,NO_ZERO_DATE,ERROR_FOR_DIVISION_BY_ZERO,TRADITIONAL,NO_ENGINE_SUBSTITUTION {{(pid=99987) _check_effective_sql_mode /opt/stack/data/venv/lib/python3.12/site-packages/oslo_db/sqlalchemy/engines.py:325}}
May 07 13:06:33.991811 np0000172480 devstack@n-api.service[99988]: DEBUG oslo_db.sqlalchemy.engines [None req-dc7794ec-cf85-4dc1-9725-26c8554f5d11 None None] MySQL server mode set to STRICT_TRANS_TABLES,STRICT_ALL_TABLES,NO_ZERO_IN_DATE,NO_ZERO_DATE,ERROR_FOR_DIVISION_BY_ZERO,TRADITIONAL,NO_ENGINE_SUBSTITUTION {{(pid=99988) _check_effective_sql_mode /opt/stack/data/venv/lib/python3.12/site-packages/oslo_db/sqlalchemy/engines.py:325}}
May 07 13:06:34.017524 np0000172480 devstack@n-api.service[99989]: INFO dbcounter [None req-080fd14f-dd6d-4a63-9f22-e099edbe1684 None None] Registered counter for database nova_api
May 07 13:06:34.019351 np0000172480 devstack@n-api.service[99987]: DEBUG dbcounter [-] [99987] Writer thread running {{(pid=99987) stat_writer /opt/stack/data/venv/lib/python3.12/site-packages/dbcounter.py:102}}
May 07 13:06:34.021803 np0000172480 devstack@n-api.service[99987]: DEBUG nova.context [None req-79046f2b-12e0-477f-9334-5bfe0eefd5ae None None] Found 2 cells: 00000000-0000-0000-0000-000000000000(cell0),5362cce9-b9d0-451a-9e93-b5d5bfee7355(cell1) {{(pid=99987) load_cells /opt/stack/nova/nova/context.py:509}}
May 07 13:06:34.022022 np0000172480 devstack@n-api.service[99987]: INFO nova.utils [None req-79046f2b-12e0-477f-9334-5bfe0eefd5ae None None] The cell worker thread pool MainProcess.cell_worker is initialized
May 07 13:06:34.024227 np0000172480 devstack@n-api.service[99987]: DEBUG oslo_concurrency.lockutils [None req-79046f2b-12e0-477f-9334-5bfe0eefd5ae None None] Acquiring lock "00000000-0000-0000-0000-000000000000" by "nova.context.set_target_cell..get_or_set_cached_cell_and_set_connections" {{(pid=99987) inner /opt/stack/data/venv/lib/python3.12/site-packages/oslo_concurrency/lockutils.py:506}}
May 07 13:06:34.024439 np0000172480 devstack@n-api.service[99987]: DEBUG oslo_concurrency.lockutils [None req-79046f2b-12e0-477f-9334-5bfe0eefd5ae None None] Lock "00000000-0000-0000-0000-000000000000" acquired by "nova.context.set_target_cell..get_or_set_cached_cell_and_set_connections" :: waited 0.000s {{(pid=99987) inner /opt/stack/data/venv/lib/python3.12/site-packages/oslo_concurrency/lockutils.py:519}}
May 07 13:06:34.024885 np0000172480 devstack@n-api.service[99987]: DEBUG oslo_concurrency.lockutils [None req-79046f2b-12e0-477f-9334-5bfe0eefd5ae None None] Lock "00000000-0000-0000-0000-000000000000" "released" by "nova.context.set_target_cell..get_or_set_cached_cell_and_set_connections" :: held 0.000s {{(pid=99987) inner /opt/stack/data/venv/lib/python3.12/site-packages/oslo_concurrency/lockutils.py:538}}
May 07 13:06:34.025743 np0000172480 devstack@n-api.service[99988]: DEBUG dbcounter [-] [99988] Writer thread running {{(pid=99988) stat_writer /opt/stack/data/venv/lib/python3.12/site-packages/dbcounter.py:102}}
May 07 13:06:34.026013 np0000172480 devstack@n-api.service[99987]: DEBUG oslo_concurrency.lockutils [None req-79046f2b-12e0-477f-9334-5bfe0eefd5ae None None] Acquiring lock "5362cce9-b9d0-451a-9e93-b5d5bfee7355" by "nova.context.set_target_cell..get_or_set_cached_cell_and_set_connections" {{(pid=99987) inner /opt/stack/data/venv/lib/python3.12/site-packages/oslo_concurrency/lockutils.py:506}}
May 07 13:06:34.026210 np0000172480 devstack@n-api.service[99987]: DEBUG oslo_concurrency.lockutils [None req-79046f2b-12e0-477f-9334-5bfe0eefd5ae None None] Lock "5362cce9-b9d0-451a-9e93-b5d5bfee7355" acquired by "nova.context.set_target_cell..get_or_set_cached_cell_and_set_connections" :: waited 0.000s {{(pid=99987) inner /opt/stack/data/venv/lib/python3.12/site-packages/oslo_concurrency/lockutils.py:519}}
May 07 13:06:34.027757 np0000172480 devstack@n-api.service[99987]: DEBUG oslo_concurrency.lockutils [None req-79046f2b-12e0-477f-9334-5bfe0eefd5ae None None] Lock "5362cce9-b9d0-451a-9e93-b5d5bfee7355" "released" by "nova.context.set_target_cell..get_or_set_cached_cell_and_set_connections" :: held 0.001s {{(pid=99987) inner /opt/stack/data/venv/lib/python3.12/site-packages/oslo_concurrency/lockutils.py:538}}
May 07 13:06:34.028816 np0000172480 devstack@n-api.service[99988]: DEBUG nova.context [None req-dc7794ec-cf85-4dc1-9725-26c8554f5d11 None None] Found 2 cells: 00000000-0000-0000-0000-000000000000(cell0),5362cce9-b9d0-451a-9e93-b5d5bfee7355(cell1) {{(pid=99988) load_cells /opt/stack/nova/nova/context.py:509}}
May 07 13:06:34.029023 np0000172480 devstack@n-api.service[99988]: INFO nova.utils [None req-dc7794ec-cf85-4dc1-9725-26c8554f5d11 None None] The cell worker thread pool MainProcess.cell_worker is initialized
May 07 13:06:34.031014 np0000172480 devstack@n-api.service[99988]: DEBUG oslo_concurrency.lockutils [None req-dc7794ec-cf85-4dc1-9725-26c8554f5d11 None None] Acquiring lock "00000000-0000-0000-0000-000000000000" by "nova.context.set_target_cell..get_or_set_cached_cell_and_set_connections" {{(pid=99988) inner /opt/stack/data/venv/lib/python3.12/site-packages/oslo_concurrency/lockutils.py:506}}
May 07 13:06:34.031169 np0000172480 devstack@n-api.service[99988]: DEBUG oslo_concurrency.lockutils [None req-dc7794ec-cf85-4dc1-9725-26c8554f5d11 None None] Lock "00000000-0000-0000-0000-000000000000" acquired by "nova.context.set_target_cell..get_or_set_cached_cell_and_set_connections" :: waited 0.000s {{(pid=99988) inner /opt/stack/data/venv/lib/python3.12/site-packages/oslo_concurrency/lockutils.py:519}}
May 07 13:06:34.031527 np0000172480 devstack@n-api.service[99988]: DEBUG oslo_concurrency.lockutils [None req-dc7794ec-cf85-4dc1-9725-26c8554f5d11 None None] Lock "00000000-0000-0000-0000-000000000000" "released" by "nova.context.set_target_cell..get_or_set_cached_cell_and_set_connections" :: held 0.000s {{(pid=99988) inner /opt/stack/data/venv/lib/python3.12/site-packages/oslo_concurrency/lockutils.py:538}}
May 07 13:06:34.031665 np0000172480 devstack@n-api.service[99987]: INFO dbcounter [None req-79046f2b-12e0-477f-9334-5bfe0eefd5ae None None] Registered counter for database nova_cell0
May 07 13:06:34.032578 np0000172480 devstack@n-api.service[99988]: DEBUG oslo_concurrency.lockutils [None req-dc7794ec-cf85-4dc1-9725-26c8554f5d11 None None] Acquiring lock "5362cce9-b9d0-451a-9e93-b5d5bfee7355" by "nova.context.set_target_cell..get_or_set_cached_cell_and_set_connections" {{(pid=99988) inner /opt/stack/data/venv/lib/python3.12/site-packages/oslo_concurrency/lockutils.py:506}}
May 07 13:06:34.032688 np0000172480 devstack@n-api.service[99988]: DEBUG oslo_concurrency.lockutils [None req-dc7794ec-cf85-4dc1-9725-26c8554f5d11 None None] Lock "5362cce9-b9d0-451a-9e93-b5d5bfee7355" acquired by "nova.context.set_target_cell..get_or_set_cached_cell_and_set_connections" :: waited 0.000s {{(pid=99988) inner /opt/stack/data/venv/lib/python3.12/site-packages/oslo_concurrency/lockutils.py:519}}
May 07 13:06:34.033589 np0000172480 devstack@n-api.service[99988]: DEBUG oslo_concurrency.lockutils [None req-dc7794ec-cf85-4dc1-9725-26c8554f5d11 None None] Lock "5362cce9-b9d0-451a-9e93-b5d5bfee7355" "released" by "nova.context.set_target_cell..get_or_set_cached_cell_and_set_connections" :: held 0.001s {{(pid=99988) inner /opt/stack/data/venv/lib/python3.12/site-packages/oslo_concurrency/lockutils.py:538}}
May 07 13:06:34.037364 np0000172480 devstack@n-api.service[99988]: INFO dbcounter [None req-dc7794ec-cf85-4dc1-9725-26c8554f5d11 None None] Registered counter for database nova_cell0
May 07 13:06:34.037916 np0000172480 devstack@n-api.service[99989]: DEBUG oslo_db.sqlalchemy.engines [None req-080fd14f-dd6d-4a63-9f22-e099edbe1684 None None] MySQL server mode set to STRICT_TRANS_TABLES,STRICT_ALL_TABLES,NO_ZERO_IN_DATE,NO_ZERO_DATE,ERROR_FOR_DIVISION_BY_ZERO,TRADITIONAL,NO_ENGINE_SUBSTITUTION {{(pid=99989) _check_effective_sql_mode /opt/stack/data/venv/lib/python3.12/site-packages/oslo_db/sqlalchemy/engines.py:325}}
May 07 13:06:34.038565 np0000172480 devstack@n-api.service[99987]: INFO dbcounter [None req-79046f2b-12e0-477f-9334-5bfe0eefd5ae None None] Registered counter for database nova_cell1
May 07 13:06:34.045986 np0000172480 devstack@n-api.service[99988]: INFO dbcounter [None req-dc7794ec-cf85-4dc1-9725-26c8554f5d11 None None] Registered counter for database nova_cell1
May 07 13:06:34.048429 np0000172480 devstack@n-api.service[99987]: DEBUG oslo_db.sqlalchemy.engines [None req-79046f2b-12e0-477f-9334-5bfe0eefd5ae None None] MySQL server mode set to STRICT_TRANS_TABLES,STRICT_ALL_TABLES,NO_ZERO_IN_DATE,NO_ZERO_DATE,ERROR_FOR_DIVISION_BY_ZERO,TRADITIONAL,NO_ENGINE_SUBSTITUTION {{(pid=99987) _check_effective_sql_mode /opt/stack/data/venv/lib/python3.12/site-packages/oslo_db/sqlalchemy/engines.py:325}}
May 07 13:06:34.055025 np0000172480 devstack@n-api.service[99987]: DEBUG oslo_db.sqlalchemy.engines [None req-79046f2b-12e0-477f-9334-5bfe0eefd5ae None None] MySQL server mode set to STRICT_TRANS_TABLES,STRICT_ALL_TABLES,NO_ZERO_IN_DATE,NO_ZERO_DATE,ERROR_FOR_DIVISION_BY_ZERO,TRADITIONAL,NO_ENGINE_SUBSTITUTION {{(pid=99987) _check_effective_sql_mode /opt/stack/data/venv/lib/python3.12/site-packages/oslo_db/sqlalchemy/engines.py:325}}
May 07 13:06:34.061492 np0000172480 devstack@n-api.service[99988]: DEBUG oslo_db.sqlalchemy.engines [None req-dc7794ec-cf85-4dc1-9725-26c8554f5d11 None None] MySQL server mode set to STRICT_TRANS_TABLES,STRICT_ALL_TABLES,NO_ZERO_IN_DATE,NO_ZERO_DATE,ERROR_FOR_DIVISION_BY_ZERO,TRADITIONAL,NO_ENGINE_SUBSTITUTION {{(pid=99988) _check_effective_sql_mode /opt/stack/data/venv/lib/python3.12/site-packages/oslo_db/sqlalchemy/engines.py:325}}
May 07 13:06:34.069080 np0000172480 devstack@n-api.service[99988]: DEBUG oslo_db.sqlalchemy.engines [None req-dc7794ec-cf85-4dc1-9725-26c8554f5d11 None None] MySQL server mode set to STRICT_TRANS_TABLES,STRICT_ALL_TABLES,NO_ZERO_IN_DATE,NO_ZERO_DATE,ERROR_FOR_DIVISION_BY_ZERO,TRADITIONAL,NO_ENGINE_SUBSTITUTION {{(pid=99988) _check_effective_sql_mode /opt/stack/data/venv/lib/python3.12/site-packages/oslo_db/sqlalchemy/engines.py:325}}
May 07 13:06:34.077568 np0000172480 devstack@n-api.service[99989]: DEBUG dbcounter [-] [99989] Writer thread running {{(pid=99989) stat_writer /opt/stack/data/venv/lib/python3.12/site-packages/dbcounter.py:102}}
May 07 13:06:34.080793 np0000172480 devstack@n-api.service[99989]: DEBUG nova.context [None req-080fd14f-dd6d-4a63-9f22-e099edbe1684 None None] Found 2 cells: 00000000-0000-0000-0000-000000000000(cell0),5362cce9-b9d0-451a-9e93-b5d5bfee7355(cell1) {{(pid=99989) load_cells /opt/stack/nova/nova/context.py:509}}
May 07 13:06:34.081099 np0000172480 devstack@n-api.service[99989]: INFO nova.utils [None req-080fd14f-dd6d-4a63-9f22-e099edbe1684 None None] The cell worker thread pool MainProcess.cell_worker is initialized
May 07 13:06:34.083453 np0000172480 devstack@n-api.service[99989]: DEBUG oslo_concurrency.lockutils [None req-080fd14f-dd6d-4a63-9f22-e099edbe1684 None None] Acquiring lock "00000000-0000-0000-0000-000000000000" by "nova.context.set_target_cell..get_or_set_cached_cell_and_set_connections" {{(pid=99989) inner /opt/stack/data/venv/lib/python3.12/site-packages/oslo_concurrency/lockutils.py:506}}
May 07 13:06:34.083638 np0000172480 devstack@n-api.service[99989]: DEBUG oslo_concurrency.lockutils [None req-080fd14f-dd6d-4a63-9f22-e099edbe1684 None None] Lock "00000000-0000-0000-0000-000000000000" acquired by "nova.context.set_target_cell..get_or_set_cached_cell_and_set_connections" :: waited 0.000s {{(pid=99989) inner /opt/stack/data/venv/lib/python3.12/site-packages/oslo_concurrency/lockutils.py:519}}
May 07 13:06:34.084007 np0000172480 devstack@n-api.service[99989]: DEBUG oslo_concurrency.lockutils [None req-080fd14f-dd6d-4a63-9f22-e099edbe1684 None None] Lock "00000000-0000-0000-0000-000000000000" "released" by "nova.context.set_target_cell..get_or_set_cached_cell_and_set_connections" :: held 0.000s {{(pid=99989) inner /opt/stack/data/venv/lib/python3.12/site-packages/oslo_concurrency/lockutils.py:538}}
May 07 13:06:34.084752 np0000172480 devstack@n-api.service[99989]: DEBUG oslo_concurrency.lockutils [None req-080fd14f-dd6d-4a63-9f22-e099edbe1684 None None] Acquiring lock "5362cce9-b9d0-451a-9e93-b5d5bfee7355" by "nova.context.set_target_cell..get_or_set_cached_cell_and_set_connections" {{(pid=99989) inner /opt/stack/data/venv/lib/python3.12/site-packages/oslo_concurrency/lockutils.py:506}}
May 07 13:06:34.085101 np0000172480 devstack@n-api.service[99989]: DEBUG oslo_concurrency.lockutils [None req-080fd14f-dd6d-4a63-9f22-e099edbe1684 None None] Lock "5362cce9-b9d0-451a-9e93-b5d5bfee7355" acquired by "nova.context.set_target_cell..get_or_set_cached_cell_and_set_connections" :: waited 0.000s {{(pid=99989) inner /opt/stack/data/venv/lib/python3.12/site-packages/oslo_concurrency/lockutils.py:519}}
May 07 13:06:34.087076 np0000172480 devstack@n-api.service[99990]: DEBUG dbcounter [-] [99990] Writer thread running {{(pid=99990) stat_writer /opt/stack/data/venv/lib/python3.12/site-packages/dbcounter.py:102}}
May 07 13:06:34.087849 np0000172480 devstack@n-api.service[99990]: DEBUG dbcounter [-] [99990] Writer thread running {{(pid=99990) stat_writer /opt/stack/data/venv/lib/python3.12/site-packages/dbcounter.py:102}}
May 07 13:06:34.088913 np0000172480 devstack@n-api.service[99989]: INFO dbcounter [None req-080fd14f-dd6d-4a63-9f22-e099edbe1684 None None] Registered counter for database nova_cell0
May 07 13:06:34.091031 np0000172480 devstack@n-api.service[99989]: DEBUG oslo_concurrency.lockutils [None req-080fd14f-dd6d-4a63-9f22-e099edbe1684 None None] Lock "5362cce9-b9d0-451a-9e93-b5d5bfee7355" "released" by "nova.context.set_target_cell..get_or_set_cached_cell_and_set_connections" :: held 0.004s {{(pid=99989) inner /opt/stack/data/venv/lib/python3.12/site-packages/oslo_concurrency/lockutils.py:538}}
May 07 13:06:34.094298 np0000172480 devstack@n-api.service[99990]: INFO dbcounter [None req-82030dbc-65ba-440c-8579-4a777660ce6b None None] Registered counter for database nova_cell0
May 07 13:06:34.097944 np0000172480 devstack@n-api.service[99989]: INFO dbcounter [None req-080fd14f-dd6d-4a63-9f22-e099edbe1684 None None] Registered counter for database nova_cell1
May 07 13:06:34.104191 np0000172480 devstack@n-api.service[99990]: DEBUG oslo_db.sqlalchemy.engines [None req-82030dbc-65ba-440c-8579-4a777660ce6b None None] MySQL server mode set to STRICT_TRANS_TABLES,STRICT_ALL_TABLES,NO_ZERO_IN_DATE,NO_ZERO_DATE,ERROR_FOR_DIVISION_BY_ZERO,TRADITIONAL,NO_ENGINE_SUBSTITUTION {{(pid=99990) _check_effective_sql_mode /opt/stack/data/venv/lib/python3.12/site-packages/oslo_db/sqlalchemy/engines.py:325}}
May 07 13:06:34.109029 np0000172480 devstack@n-api.service[99989]: DEBUG oslo_db.sqlalchemy.engines [None req-080fd14f-dd6d-4a63-9f22-e099edbe1684 None None] MySQL server mode set to STRICT_TRANS_TABLES,STRICT_ALL_TABLES,NO_ZERO_IN_DATE,NO_ZERO_DATE,ERROR_FOR_DIVISION_BY_ZERO,TRADITIONAL,NO_ENGINE_SUBSTITUTION {{(pid=99989) _check_effective_sql_mode /opt/stack/data/venv/lib/python3.12/site-packages/oslo_db/sqlalchemy/engines.py:325}}
May 07 13:06:34.115677 np0000172480 devstack@n-api.service[99990]: DEBUG dbcounter [-] [99990] Writer thread running {{(pid=99990) stat_writer /opt/stack/data/venv/lib/python3.12/site-packages/dbcounter.py:102}}
May 07 13:06:34.117064 np0000172480 devstack@n-api.service[99989]: DEBUG oslo_db.sqlalchemy.engines [None req-080fd14f-dd6d-4a63-9f22-e099edbe1684 None None] MySQL server mode set to STRICT_TRANS_TABLES,STRICT_ALL_TABLES,NO_ZERO_IN_DATE,NO_ZERO_DATE,ERROR_FOR_DIVISION_BY_ZERO,TRADITIONAL,NO_ENGINE_SUBSTITUTION {{(pid=99989) _check_effective_sql_mode /opt/stack/data/venv/lib/python3.12/site-packages/oslo_db/sqlalchemy/engines.py:325}}
May 07 13:06:34.171256 np0000172480 devstack@n-api.service[99988]: DEBUG dbcounter [-] [99988] Writer thread running {{(pid=99988) stat_writer /opt/stack/data/venv/lib/python3.12/site-packages/dbcounter.py:102}}
May 07 13:06:34.171841 np0000172480 devstack@n-api.service[99988]: DEBUG dbcounter [-] [99988] Writer thread running {{(pid=99988) stat_writer /opt/stack/data/venv/lib/python3.12/site-packages/dbcounter.py:102}}
May 07 13:06:34.175628 np0000172480 devstack@n-api.service[99987]: DEBUG dbcounter [-] [99987] Writer thread running {{(pid=99987) stat_writer /opt/stack/data/venv/lib/python3.12/site-packages/dbcounter.py:102}}
May 07 13:06:34.175966 np0000172480 devstack@n-api.service[99987]: DEBUG dbcounter [-] [99987] Writer thread running {{(pid=99987) stat_writer /opt/stack/data/venv/lib/python3.12/site-packages/dbcounter.py:102}}
May 07 13:06:34.214820 np0000172480 devstack@n-api.service[99989]: DEBUG dbcounter [-] [99989] Writer thread running {{(pid=99989) stat_writer /opt/stack/data/venv/lib/python3.12/site-packages/dbcounter.py:102}}
May 07 13:06:34.215382 np0000172480 devstack@n-api.service[99989]: DEBUG dbcounter [-] [99989] Writer thread running {{(pid=99989) stat_writer /opt/stack/data/venv/lib/python3.12/site-packages/dbcounter.py:102}}
May 07 13:06:34.232635 np0000172480 devstack@n-api.service[99988]: INFO dbcounter [None req-dc7794ec-cf85-4dc1-9725-26c8554f5d11 None None] Registered counter for database nova_cell0
May 07 13:06:34.232835 np0000172480 devstack@n-api.service[99987]: INFO dbcounter [None req-79046f2b-12e0-477f-9334-5bfe0eefd5ae None None] Registered counter for database nova_cell0
May 07 13:06:34.233256 np0000172480 devstack@n-api.service[99989]: INFO dbcounter [None req-080fd14f-dd6d-4a63-9f22-e099edbe1684 None None] Registered counter for database nova_cell0
May 07 13:06:34.242044 np0000172480 devstack@n-api.service[99987]: DEBUG oslo_db.sqlalchemy.engines [None req-79046f2b-12e0-477f-9334-5bfe0eefd5ae None None] MySQL server mode set to STRICT_TRANS_TABLES,STRICT_ALL_TABLES,NO_ZERO_IN_DATE,NO_ZERO_DATE,ERROR_FOR_DIVISION_BY_ZERO,TRADITIONAL,NO_ENGINE_SUBSTITUTION {{(pid=99987) _check_effective_sql_mode /opt/stack/data/venv/lib/python3.12/site-packages/oslo_db/sqlalchemy/engines.py:325}}
May 07 13:06:34.247916 np0000172480 devstack@n-api.service[99989]: DEBUG oslo_db.sqlalchemy.engines [None req-080fd14f-dd6d-4a63-9f22-e099edbe1684 None None] MySQL server mode set to STRICT_TRANS_TABLES,STRICT_ALL_TABLES,NO_ZERO_IN_DATE,NO_ZERO_DATE,ERROR_FOR_DIVISION_BY_ZERO,TRADITIONAL,NO_ENGINE_SUBSTITUTION {{(pid=99989) _check_effective_sql_mode /opt/stack/data/venv/lib/python3.12/site-packages/oslo_db/sqlalchemy/engines.py:325}}
May 07 13:06:34.250415 np0000172480 devstack@n-api.service[99987]: DEBUG dbcounter [-] [99987] Writer thread running {{(pid=99987) stat_writer /opt/stack/data/venv/lib/python3.12/site-packages/dbcounter.py:102}}
May 07 13:06:34.254635 np0000172480 devstack@n-api.service[99988]: DEBUG oslo_db.sqlalchemy.engines [None req-dc7794ec-cf85-4dc1-9725-26c8554f5d11 None None] MySQL server mode set to STRICT_TRANS_TABLES,STRICT_ALL_TABLES,NO_ZERO_IN_DATE,NO_ZERO_DATE,ERROR_FOR_DIVISION_BY_ZERO,TRADITIONAL,NO_ENGINE_SUBSTITUTION {{(pid=99988) _check_effective_sql_mode /opt/stack/data/venv/lib/python3.12/site-packages/oslo_db/sqlalchemy/engines.py:325}}
May 07 13:06:34.258635 np0000172480 devstack@n-api.service[99989]: DEBUG dbcounter [-] [99989] Writer thread running {{(pid=99989) stat_writer /opt/stack/data/venv/lib/python3.12/site-packages/dbcounter.py:102}}
May 07 13:06:34.266173 np0000172480 devstack@n-api.service[99988]: DEBUG dbcounter [-] [99988] Writer thread running {{(pid=99988) stat_writer /opt/stack/data/venv/lib/python3.12/site-packages/dbcounter.py:102}}
May 07 13:06:34.541323 np0000172480 devstack@n-api.service[99990]: DEBUG oslo_concurrency.processutils [None req-82030dbc-65ba-440c-8579-4a777660ce6b None None] Running cmd (subprocess): grep -F node.session.scan /sbin/iscsiadm {{(pid=99990) execute /opt/stack/data/venv/lib/python3.12/site-packages/oslo_concurrency/processutils.py:440}}
May 07 13:06:34.561033 np0000172480 devstack@n-api.service[99990]: DEBUG oslo_concurrency.processutils [None req-82030dbc-65ba-440c-8579-4a777660ce6b None None] CMD "grep -F node.session.scan /sbin/iscsiadm" returned: 0 in 0.020s {{(pid=99990) execute /opt/stack/data/venv/lib/python3.12/site-packages/oslo_concurrency/processutils.py:468}}
May 07 13:06:34.738702 np0000172480 devstack@n-api.service[99987]: DEBUG oslo_concurrency.processutils [None req-79046f2b-12e0-477f-9334-5bfe0eefd5ae None None] Running cmd (subprocess): grep -F node.session.scan /sbin/iscsiadm {{(pid=99987) execute /opt/stack/data/venv/lib/python3.12/site-packages/oslo_concurrency/processutils.py:440}}
May 07 13:06:34.758821 np0000172480 devstack@n-api.service[99987]: DEBUG oslo_concurrency.processutils [None req-79046f2b-12e0-477f-9334-5bfe0eefd5ae None None] CMD "grep -F node.session.scan /sbin/iscsiadm" returned: 0 in 0.020s {{(pid=99987) execute /opt/stack/data/venv/lib/python3.12/site-packages/oslo_concurrency/processutils.py:468}}
May 07 13:06:34.790220 np0000172480 devstack@n-api.service[99988]: DEBUG oslo_concurrency.processutils [None req-dc7794ec-cf85-4dc1-9725-26c8554f5d11 None None] Running cmd (subprocess): grep -F node.session.scan /sbin/iscsiadm {{(pid=99988) execute /opt/stack/data/venv/lib/python3.12/site-packages/oslo_concurrency/processutils.py:440}}
May 07 13:06:34.794184 np0000172480 devstack@n-api.service[99989]: DEBUG oslo_concurrency.processutils [None req-080fd14f-dd6d-4a63-9f22-e099edbe1684 None None] Running cmd (subprocess): grep -F node.session.scan /sbin/iscsiadm {{(pid=99989) execute /opt/stack/data/venv/lib/python3.12/site-packages/oslo_concurrency/processutils.py:440}}
May 07 13:06:34.810735 np0000172480 devstack@n-api.service[99988]: DEBUG oslo_concurrency.processutils [None req-dc7794ec-cf85-4dc1-9725-26c8554f5d11 None None] CMD "grep -F node.session.scan /sbin/iscsiadm" returned: 0 in 0.021s {{(pid=99988) execute /opt/stack/data/venv/lib/python3.12/site-packages/oslo_concurrency/processutils.py:468}}
May 07 13:06:34.813214 np0000172480 devstack@n-api.service[99989]: DEBUG oslo_concurrency.processutils [None req-080fd14f-dd6d-4a63-9f22-e099edbe1684 None None] CMD "grep -F node.session.scan /sbin/iscsiadm" returned: 0 in 0.019s {{(pid=99989) execute /opt/stack/data/venv/lib/python3.12/site-packages/oslo_concurrency/processutils.py:468}}
May 07 13:06:35.125772 np0000172480 devstack@n-api.service[99987]: WARNING keystonemiddleware.auth_token [None req-79046f2b-12e0-477f-9334-5bfe0eefd5ae None None] AuthToken middleware is set with keystone_authtoken.service_token_roles_required set to False. This is backwards compatible but deprecated behaviour. Please set this to True.
May 07 13:06:35.128478 np0000172480 devstack@n-api.service[99990]: WARNING keystonemiddleware.auth_token [None req-82030dbc-65ba-440c-8579-4a777660ce6b None None] AuthToken middleware is set with keystone_authtoken.service_token_roles_required set to False. This is backwards compatible but deprecated behaviour. Please set this to True.
May 07 13:06:35.129996 np0000172480 devstack@n-api.service[99988]: WARNING keystonemiddleware.auth_token [None req-dc7794ec-cf85-4dc1-9725-26c8554f5d11 None None] AuthToken middleware is set with keystone_authtoken.service_token_roles_required set to False. This is backwards compatible but deprecated behaviour. Please set this to True.
May 07 13:06:35.132697 np0000172480 devstack@n-api.service[99989]: WARNING keystonemiddleware.auth_token [None req-080fd14f-dd6d-4a63-9f22-e099edbe1684 None None] AuthToken middleware is set with keystone_authtoken.service_token_roles_required set to False. This is backwards compatible but deprecated behaviour. Please set this to True.
May 07 13:06:35.331628 np0000172480 devstack@n-api.service[99990]: WARNING keystonemiddleware.auth_token [None req-82030dbc-65ba-440c-8579-4a777660ce6b None None] AuthToken middleware is set with keystone_authtoken.service_token_roles_required set to False. This is backwards compatible but deprecated behaviour. Please set this to True.
May 07 13:06:35.337750 np0000172480 devstack@n-api.service[99990]: DEBUG nova.api.openstack.wsgi_app [None req-82030dbc-65ba-440c-8579-4a777660ce6b None None] ******************************************************************************** {{(pid=99990) log_opt_values /opt/stack/data/venv/lib/python3.12/site-packages/oslo_config/cfg.py:2979}}
May 07 13:06:35.337932 np0000172480 devstack@n-api.service[99990]: DEBUG nova.api.openstack.wsgi_app [None req-82030dbc-65ba-440c-8579-4a777660ce6b None None] Configuration options gathered from: {{(pid=99990) log_opt_values /opt/stack/data/venv/lib/python3.12/site-packages/oslo_config/cfg.py:2980}}
May 07 13:06:35.338322 np0000172480 devstack@n-api.service[99990]: DEBUG nova.api.openstack.wsgi_app [None req-82030dbc-65ba-440c-8579-4a777660ce6b None None] command line args: [] {{(pid=99990) log_opt_values /opt/stack/data/venv/lib/python3.12/site-packages/oslo_config/cfg.py:2981}}
May 07 13:06:35.338530 np0000172480 devstack@n-api.service[99990]: DEBUG nova.api.openstack.wsgi_app [None req-82030dbc-65ba-440c-8579-4a777660ce6b None None] config files: ['/etc/nova/api-paste.ini', '/etc/nova/nova.conf'] {{(pid=99990) log_opt_values /opt/stack/data/venv/lib/python3.12/site-packages/oslo_config/cfg.py:2982}}
May 07 13:06:35.338659 np0000172480 devstack@n-api.service[99990]: DEBUG nova.api.openstack.wsgi_app [None req-82030dbc-65ba-440c-8579-4a777660ce6b None None] ================================================================================ {{(pid=99990) log_opt_values /opt/stack/data/venv/lib/python3.12/site-packages/oslo_config/cfg.py:2987}}
May 07 13:06:35.338895 np0000172480 devstack@n-api.service[99990]: DEBUG nova.api.openstack.wsgi_app [None req-82030dbc-65ba-440c-8579-4a777660ce6b None None] allow_resize_to_same_host = True {{(pid=99990) log_opt_values /opt/stack/data/venv/lib/python3.12/site-packages/oslo_config/cfg.py:2995}}
May 07 13:06:35.339741 np0000172480 devstack@n-api.service[99990]: DEBUG nova.api.openstack.wsgi_app [None req-82030dbc-65ba-440c-8579-4a777660ce6b None None] arq_binding_timeout = 300 {{(pid=99990) log_opt_values /opt/stack/data/venv/lib/python3.12/site-packages/oslo_config/cfg.py:2995}}
May 07 13:06:35.339741 np0000172480 devstack@n-api.service[99990]: DEBUG nova.api.openstack.wsgi_app [None req-82030dbc-65ba-440c-8579-4a777660ce6b None None] block_device_allocate_retries = 60 {{(pid=99990) log_opt_values /opt/stack/data/venv/lib/python3.12/site-packages/oslo_config/cfg.py:2995}}
May 07 13:06:35.339741 np0000172480 devstack@n-api.service[99990]: DEBUG nova.api.openstack.wsgi_app [None req-82030dbc-65ba-440c-8579-4a777660ce6b None None] block_device_allocate_retries_interval = 3 {{(pid=99990) log_opt_values /opt/stack/data/venv/lib/python3.12/site-packages/oslo_config/cfg.py:2995}}
May 07 13:06:35.339741 np0000172480 devstack@n-api.service[99990]: DEBUG nova.api.openstack.wsgi_app [None req-82030dbc-65ba-440c-8579-4a777660ce6b None None] cell_worker_thread_pool_size = 5 {{(pid=99990) log_opt_values /opt/stack/data/venv/lib/python3.12/site-packages/oslo_config/cfg.py:2995}}
May 07 13:06:35.340063 np0000172480 devstack@n-api.service[99990]: DEBUG nova.api.openstack.wsgi_app [None req-82030dbc-65ba-440c-8579-4a777660ce6b None None] cert = self.pem {{(pid=99990) log_opt_values /opt/stack/data/venv/lib/python3.12/site-packages/oslo_config/cfg.py:2995}}
May 07 13:06:35.340063 np0000172480 devstack@n-api.service[99990]: DEBUG nova.api.openstack.wsgi_app [None req-82030dbc-65ba-440c-8579-4a777660ce6b None None] compute_driver = libvirt.LibvirtDriver {{(pid=99990) log_opt_values /opt/stack/data/venv/lib/python3.12/site-packages/oslo_config/cfg.py:2995}}
May 07 13:06:35.340238 np0000172480 devstack@n-api.service[99990]: DEBUG nova.api.openstack.wsgi_app [None req-82030dbc-65ba-440c-8579-4a777660ce6b None None] compute_monitors = [] {{(pid=99990) log_opt_values /opt/stack/data/venv/lib/python3.12/site-packages/oslo_config/cfg.py:2995}}
May 07 13:06:35.340238 np0000172480 devstack@n-api.service[99990]: DEBUG nova.api.openstack.wsgi_app [None req-82030dbc-65ba-440c-8579-4a777660ce6b None None] config_dir = [] {{(pid=99990) log_opt_values /opt/stack/data/venv/lib/python3.12/site-packages/oslo_config/cfg.py:2995}}
May 07 13:06:35.340445 np0000172480 devstack@n-api.service[99990]: DEBUG nova.api.openstack.wsgi_app [None req-82030dbc-65ba-440c-8579-4a777660ce6b None None] config_drive_format = iso9660 {{(pid=99990) log_opt_values /opt/stack/data/venv/lib/python3.12/site-packages/oslo_config/cfg.py:2995}}
May 07 13:06:35.340524 np0000172480 devstack@n-api.service[99990]: DEBUG nova.api.openstack.wsgi_app [None req-82030dbc-65ba-440c-8579-4a777660ce6b None None] config_file = ['/etc/nova/api-paste.ini', '/etc/nova/nova.conf'] {{(pid=99990) log_opt_values /opt/stack/data/venv/lib/python3.12/site-packages/oslo_config/cfg.py:2995}}
May 07 13:06:35.340654 np0000172480 devstack@n-api.service[99990]: DEBUG nova.api.openstack.wsgi_app [None req-82030dbc-65ba-440c-8579-4a777660ce6b None None] config_source = [] {{(pid=99990) log_opt_values /opt/stack/data/venv/lib/python3.12/site-packages/oslo_config/cfg.py:2995}}
May 07 13:06:35.340792 np0000172480 devstack@n-api.service[99990]: DEBUG nova.api.openstack.wsgi_app [None req-82030dbc-65ba-440c-8579-4a777660ce6b None None] console_host = np0000172480 {{(pid=99990) log_opt_values /opt/stack/data/venv/lib/python3.12/site-packages/oslo_config/cfg.py:2995}}
May 07 13:06:35.340920 np0000172480 devstack@n-api.service[99990]: DEBUG nova.api.openstack.wsgi_app [None req-82030dbc-65ba-440c-8579-4a777660ce6b None None] control_exchange = nova {{(pid=99990) log_opt_values /opt/stack/data/venv/lib/python3.12/site-packages/oslo_config/cfg.py:2995}}
May 07 13:06:35.341059 np0000172480 devstack@n-api.service[99990]: DEBUG nova.api.openstack.wsgi_app [None req-82030dbc-65ba-440c-8579-4a777660ce6b None None] cpu_allocation_ratio = None {{(pid=99990) log_opt_values /opt/stack/data/venv/lib/python3.12/site-packages/oslo_config/cfg.py:2995}}
May 07 13:06:35.341177 np0000172480 devstack@n-api.service[99990]: DEBUG nova.api.openstack.wsgi_app [None req-82030dbc-65ba-440c-8579-4a777660ce6b None None] daemon = False {{(pid=99990) log_opt_values /opt/stack/data/venv/lib/python3.12/site-packages/oslo_config/cfg.py:2995}}
May 07 13:06:35.341308 np0000172480 devstack@n-api.service[99990]: DEBUG nova.api.openstack.wsgi_app [None req-82030dbc-65ba-440c-8579-4a777660ce6b None None] debug = True {{(pid=99990) log_opt_values /opt/stack/data/venv/lib/python3.12/site-packages/oslo_config/cfg.py:2995}}
May 07 13:06:35.341458 np0000172480 devstack@n-api.service[99990]: DEBUG nova.api.openstack.wsgi_app [None req-82030dbc-65ba-440c-8579-4a777660ce6b None None] default_access_ip_network_name = None {{(pid=99990) log_opt_values /opt/stack/data/venv/lib/python3.12/site-packages/oslo_config/cfg.py:2995}}
May 07 13:06:35.341592 np0000172480 devstack@n-api.service[99990]: DEBUG nova.api.openstack.wsgi_app [None req-82030dbc-65ba-440c-8579-4a777660ce6b None None] default_availability_zone = nova {{(pid=99990) log_opt_values /opt/stack/data/venv/lib/python3.12/site-packages/oslo_config/cfg.py:2995}}
May 07 13:06:35.341725 np0000172480 devstack@n-api.service[99990]: DEBUG nova.api.openstack.wsgi_app [None req-82030dbc-65ba-440c-8579-4a777660ce6b None None] default_ephemeral_format = ext4 {{(pid=99990) log_opt_values /opt/stack/data/venv/lib/python3.12/site-packages/oslo_config/cfg.py:2995}}
May 07 13:06:35.341864 np0000172480 devstack@n-api.service[99990]: DEBUG nova.api.openstack.wsgi_app [None req-82030dbc-65ba-440c-8579-4a777660ce6b None None] default_green_pool_size = 1000 {{(pid=99990) log_opt_values /opt/stack/data/venv/lib/python3.12/site-packages/oslo_config/cfg.py:2995}}
May 07 13:06:35.342080 np0000172480 devstack@n-api.service[99990]: DEBUG nova.api.openstack.wsgi_app [None req-82030dbc-65ba-440c-8579-4a777660ce6b None None] default_log_levels = ['amqp=WARN', 'boto=WARN', 'sqlalchemy=WARN', 'suds=INFO', 'oslo.messaging=INFO', 'oslo_messaging=INFO', 'iso8601=WARN', 'requests.packages.urllib3.connectionpool=WARN', 'urllib3.connectionpool=WARN', 'websocket=WARN', 'requests.packages.urllib3.util.retry=WARN', 'urllib3.util.retry=WARN', 'keystonemiddleware=WARN', 'routes.middleware=WARN', 'stevedore=WARN', 'taskflow=WARN', 'keystoneauth=WARN', 'oslo.cache=INFO', 'oslo_policy=INFO', 'dogpile.core.dogpile=INFO', 'glanceclient=WARN', 'oslo.privsep.daemon=INFO'] {{(pid=99990) log_opt_values /opt/stack/data/venv/lib/python3.12/site-packages/oslo_config/cfg.py:2995}}
May 07 13:06:35.342225 np0000172480 devstack@n-api.service[99987]: WARNING keystonemiddleware.auth_token [None req-79046f2b-12e0-477f-9334-5bfe0eefd5ae None None] AuthToken middleware is set with keystone_authtoken.service_token_roles_required set to False. This is backwards compatible but deprecated behaviour. Please set this to True.
May 07 13:06:35.342291 np0000172480 devstack@n-api.service[99990]: DEBUG nova.api.openstack.wsgi_app [None req-82030dbc-65ba-440c-8579-4a777660ce6b None None] default_schedule_zone = None {{(pid=99990) log_opt_values /opt/stack/data/venv/lib/python3.12/site-packages/oslo_config/cfg.py:2995}}
May 07 13:06:35.342355 np0000172480 devstack@n-api.service[99990]: DEBUG nova.api.openstack.wsgi_app [None req-82030dbc-65ba-440c-8579-4a777660ce6b None None] default_thread_pool_size = 10 {{(pid=99990) log_opt_values /opt/stack/data/venv/lib/python3.12/site-packages/oslo_config/cfg.py:2995}}
May 07 13:06:35.342451 np0000172480 devstack@n-api.service[99990]: DEBUG nova.api.openstack.wsgi_app [None req-82030dbc-65ba-440c-8579-4a777660ce6b None None] disk_allocation_ratio = None {{(pid=99990) log_opt_values /opt/stack/data/venv/lib/python3.12/site-packages/oslo_config/cfg.py:2995}}
May 07 13:06:35.342581 np0000172480 devstack@n-api.service[99990]: DEBUG nova.api.openstack.wsgi_app [None req-82030dbc-65ba-440c-8579-4a777660ce6b None None] enable_new_services = True {{(pid=99990) log_opt_values /opt/stack/data/venv/lib/python3.12/site-packages/oslo_config/cfg.py:2995}}
May 07 13:06:35.342707 np0000172480 devstack@n-api.service[99990]: DEBUG nova.api.openstack.wsgi_app [None req-82030dbc-65ba-440c-8579-4a777660ce6b None None] flat_injected = False {{(pid=99990) log_opt_values /opt/stack/data/venv/lib/python3.12/site-packages/oslo_config/cfg.py:2995}}
May 07 13:06:35.342836 np0000172480 devstack@n-api.service[99990]: DEBUG nova.api.openstack.wsgi_app [None req-82030dbc-65ba-440c-8579-4a777660ce6b None None] force_config_drive = False {{(pid=99990) log_opt_values /opt/stack/data/venv/lib/python3.12/site-packages/oslo_config/cfg.py:2995}}
May 07 13:06:35.342965 np0000172480 devstack@n-api.service[99990]: DEBUG nova.api.openstack.wsgi_app [None req-82030dbc-65ba-440c-8579-4a777660ce6b None None] force_raw_images = True {{(pid=99990) log_opt_values /opt/stack/data/venv/lib/python3.12/site-packages/oslo_config/cfg.py:2995}}
May 07 13:06:35.343100 np0000172480 devstack@n-api.service[99990]: DEBUG nova.api.openstack.wsgi_app [None req-82030dbc-65ba-440c-8579-4a777660ce6b None None] graceful_shutdown_timeout = 5 {{(pid=99990) log_opt_values /opt/stack/data/venv/lib/python3.12/site-packages/oslo_config/cfg.py:2995}}
May 07 13:06:35.343228 np0000172480 devstack@n-api.service[99990]: DEBUG nova.api.openstack.wsgi_app [None req-82030dbc-65ba-440c-8579-4a777660ce6b None None] heal_instance_info_cache_interval = -1 {{(pid=99990) log_opt_values /opt/stack/data/venv/lib/python3.12/site-packages/oslo_config/cfg.py:2995}}
May 07 13:06:35.343415 np0000172480 devstack@n-api.service[99990]: DEBUG nova.api.openstack.wsgi_app [None req-82030dbc-65ba-440c-8579-4a777660ce6b None None] host = np0000172480 {{(pid=99990) log_opt_values /opt/stack/data/venv/lib/python3.12/site-packages/oslo_config/cfg.py:2995}}
