2026-04-30 15:39:06.901 7 WARNING tagging [None req-053ef89c-7d2e-4fba-b888-21f391ffd666 a930b2a6f22b4e9781ef063cf087c575 40ec821733c34ec3b08bfaec7c27c662 - - default default] project_id key not found in request, using tenant_id instead. This support has been deprecated and will be removed in a future release. [pid: 7|app: 0|req: 887/1826] 10.0.0.124 () {32 vars in 728 bytes} [Thu Apr 30 15:39:06 2026] GET /v2.0/trunks/1f7e3d8e-1350-43e4-a795-d3e9a018c219/tags => generated 12 bytes in 19 msecs (HTTP/1.1 200) 4 headers in 156 bytes (1 switches on core 0) [pid: 7|app: 0|req: 888/1827] 10.0.0.124 () {32 vars in 718 bytes} [Thu Apr 30 15:39:06 2026] GET /v2.0/trunks/1f7e3d8e-1350-43e4-a795-d3e9a018c219 => generated 409 bytes in 17 msecs (HTTP/1.1 200) 4 headers in 157 bytes (1 switches on core 0) [pid: 7|app: 0|req: 889/1828] 10.0.0.124 () {32 vars in 716 bytes} [Thu Apr 30 15:39:06 2026] GET /v2.0/ports/2f2da907-7ad8-42f7-8210-e1ef1bc83064 => generated 826 bytes in 105 msecs (HTTP/1.1 200) 4 headers in 157 bytes (1 switches on core 0) [pid: 7|app: 0|req: 890/1829] 10.0.0.124 () {32 vars in 721 bytes} [Thu Apr 30 15:39:07 2026] DELETE /v2.0/trunks/1f7e3d8e-1350-43e4-a795-d3e9a018c219 => generated 0 bytes in 78 msecs (HTTP/1.1 204) 2 headers in 112 bytes (1 switches on core 0)
2026-04-30 15:39:07.257 7 INFO neutron_taas.services.taas.taas_plugin [None req-a11c2be6-a8a6-4476-aec2-8f370db9c239 a930b2a6f22b4e9781ef063cf087c575 40ec821733c34ec3b08bfaec7c27c662 - - default default] TaaS: Handle Delete Port: 2f2da907-7ad8-42f7-8210-e1ef1bc83064
2026-04-30 15:39:07.261 7 INFO neutron_taas.services.taas.tap_mirror_plugin [None req-a11c2be6-a8a6-4476-aec2-8f370db9c239 a930b2a6f22b4e9781ef063cf087c575 40ec821733c34ec3b08bfaec7c27c662 - - default default] Tap Mirror: Handle Delete Port: 2f2da907-7ad8-42f7-8210-e1ef1bc83064 [pid: 7|app: 0|req: 891/1830] 10.0.0.124 () {32 vars in 719 bytes} [Thu Apr 30 15:39:07 2026] DELETE /v2.0/ports/2f2da907-7ad8-42f7-8210-e1ef1bc83064 => generated 0 bytes in 248 msecs (HTTP/1.1 204) 3 headers in 131 bytes (1 switches on core 0)
2026-04-30 15:39:07.412 8 INFO neutron.plugins.ml2.drivers.ovn.mech_driver.mech_driver [None req-d84b33e0-ef15-4fa4-9918-a8924cd332ee - - - - - -] OVN reports status up for port: 4930935a-9204-4572-8342-567a238d0e7b
2026-04-30 15:39:07.440 8 INFO neutron.plugins.ml2.plugin [None req-d84b33e0-ef15-4fa4-9918-a8924cd332ee - - - - - -] Attempt 1 to provision port 4930935a-9204-4572-8342-567a238d0e7b
2026-04-30 15:39:07.473 7 INFO neutron.plugins.ml2.drivers.ovn.mech_driver.ovsdb.ovsdb_monitor [None req-b345bcf3-33e7-4172-8f7e-5d94b51f3e22 - - - - - -] Router b77a77f0-a26e-4295-9d8f-78927c7dc408 is bound to host instance
2026-04-30 15:39:07.496 8 INFO neutron.db.ovn_revision_numbers_db [None req-07d67a12-6e99-4758-bc4d-c0095b6b058d 4e1d28ca29b74bf1ae114fd053fe81bd c4d6d78855d24174befe156f5dab5f68 - - default default] Successfully bumped revision number for resource 4930935a-9204-4572-8342-567a238d0e7b (type: router_ports) to 1
2026-04-30 15:39:07.582 7 INFO neutron_taas.services.taas.taas_plugin [None req-21f2c293-3ea3-4a4e-a43f-8f15d74a170c a930b2a6f22b4e9781ef063cf087c575 40ec821733c34ec3b08bfaec7c27c662 - - default default] TaaS: Handle Delete Port: 2e5f70c9-a652-4425-ba59-7d9ac117d154
2026-04-30 15:39:07.587 7 INFO neutron_taas.services.taas.tap_mirror_plugin [None req-21f2c293-3ea3-4a4e-a43f-8f15d74a170c a930b2a6f22b4e9781ef063cf087c575 40ec821733c34ec3b08bfaec7c27c662 - - default default] Tap Mirror: Handle Delete Port: 2e5f70c9-a652-4425-ba59-7d9ac117d154
2026-04-30 15:39:07.619 8 INFO neutron.db.ovn_revision_numbers_db [None req-07d67a12-6e99-4758-bc4d-c0095b6b058d 4e1d28ca29b74bf1ae114fd053fe81bd c4d6d78855d24174befe156f5dab5f68 - - default default] Successfully bumped revision number for resource b77a77f0-a26e-4295-9d8f-78927c7dc408 (type: routers) to 2 [pid: 8|app: 0|req: 940/1831] 10.0.0.124 () {34 vars in 668 bytes} [Thu Apr 30 15:39:06 2026] POST /v2.0/routers => generated 976 bytes in 1520 msecs (HTTP/1.1 201) 4 headers in 162 bytes (1 switches on core 0) [pid: 8|app: 0|req: 941/1832] 10.0.0.124 () {32 vars in 775 bytes} [Thu Apr 30 15:39:07 2026] GET /v2.0/subnets?project_id=c4d6d78855d24174befe156f5dab5f68&cidr=10.100.0.0%2F28 => generated 14 bytes in 267 msecs (HTTP/1.1 200) 4 headers in 156 bytes (1 switches on core 0)
2026-04-30 15:39:07.930 7 INFO neutron.services.segments.plugin [-] Segment c064dba2-da21-4e14-981f-33be8aaa7d2f resource provider aggregate not found
2026-04-30 15:39:07.932 7 INFO neutron.services.segments.plugin [-] Segment c064dba2-da21-4e14-981f-33be8aaa7d2f resource provider aggregate not found
2026-04-30 15:39:07.960 7 INFO neutron.services.segments.plugin [-] Segment c064dba2-da21-4e14-981f-33be8aaa7d2f resource provider not found; error: Placement Client Error (4xx): {"errors": [{"status": 404, "title": "Not Found", "detail": "The resource could not be found.\n\n No resource provider with uuid c064dba2-da21-4e14-981f-33be8aaa7d2f found for delete ", "request_id": "req-ab1e1b84-5ff0-438e-a34b-75a7fe2a6da2"}]}
2026-04-30 15:39:07.962 7 INFO neutron.services.segments.plugin [-] Segment c064dba2-da21-4e14-981f-33be8aaa7d2f resource provider not found; error: Placement Client Error (4xx): {"errors": [{"status": 404, "title": "Not Found", "detail": "The resource could not be found.\n\n No resource provider with uuid c064dba2-da21-4e14-981f-33be8aaa7d2f found for delete ", "request_id": "req-7f25c1e4-c419-4c32-b3eb-a5dad0c958ce"}]} [pid: 8|app: 0|req: 942/1833] 10.0.0.124 () {32 vars in 693 bytes} [Thu Apr 30 15:39:07 2026] GET /v2.0/networks?router%3Aexternal=True => generated 791 bytes in 63 msecs (HTTP/1.1 200) 4 headers in 157 bytes (1 switches on core 0) [pid: 7|app: 0|req: 892/1834] 10.0.0.124 () {32 vars in 725 bytes} [Thu Apr 30 15:39:07 2026] DELETE /v2.0/networks/9e749ca4-993f-4995-bc11-b9a3a16c56ad => generated 0 bytes in 628 msecs (HTTP/1.1 204) 3 headers in 131 bytes (1 switches on core 0) [pid: 8|app: 0|req: 943/1835] 10.0.0.124 () {32 vars in 783 bytes} [Thu Apr 30 15:39:07 2026] GET /v2.0/subnets?network_id=9e57cd86-3f73-47bb-b3fa-60cdbe608073&cidr=10.100.0.0%2F28 => generated 14 bytes in 27 msecs (HTTP/1.1 200) 4 headers in 156 bytes (1 switches on core 0)
2026-04-30 15:39:08.429 7 WARNING neutron.scheduler.dhcp_agent_scheduler [None req-0364a1d7-724a-4e83-a3e1-e152cbc90a09 4e1d28ca29b74bf1ae114fd053fe81bd c4d6d78855d24174befe156f5dab5f68 - - default default] No more DHCP agents
2026-04-30 15:39:08.433 7 WARNING neutron.api.rpc.agentnotifiers.dhcp_rpc_agent_api [None req-0364a1d7-724a-4e83-a3e1-e152cbc90a09 4e1d28ca29b74bf1ae114fd053fe81bd c4d6d78855d24174befe156f5dab5f68 - - default default] Unable to schedule network 0ae2ac5f-dbc3-4244-b97d-4b4449a98965: no agents available; will retry on subsequent port and subnet creation events.
2026-04-30 15:39:08.795 8 WARNING neutron.db.securitygroups_db [None req-901b649b-a005-42d6-bd42-261a9cc0133d c44ab698df464ea48ebb6190ea691ad4 f6bbed303e124e378be579a882547784 - - default default] project_id key not found in filters, using tenant_id instead. This support has been deprecated and will be removed in a future release.
2026-04-30 15:39:08.936 8 INFO neutron.db.ovn_revision_numbers_db [None req-901b649b-a005-42d6-bd42-261a9cc0133d c44ab698df464ea48ebb6190ea691ad4 f6bbed303e124e378be579a882547784 - - default default] Successfully bumped revision number for resource 9141f522-e245-4ae4-a772-1cb6503333a5 (type: security_groups) to 1
2026-04-30 15:39:08.947 8 INFO neutron.db.ovn_revision_numbers_db [None req-901b649b-a005-42d6-bd42-261a9cc0133d c44ab698df464ea48ebb6190ea691ad4 f6bbed303e124e378be579a882547784 - - default default] Successfully bumped revision number for resource 09e19cb4-74d4-4cad-9a79-61ca10f7045c (type: security_group_rules) to 0
2026-04-30 15:39:08.958 8 INFO neutron.db.ovn_revision_numbers_db [None req-901b649b-a005-42d6-bd42-261a9cc0133d c44ab698df464ea48ebb6190ea691ad4 f6bbed303e124e378be579a882547784 - - default default] Successfully bumped revision number for resource 41246ce4-f0fc-4fe4-8dda-f86848999e0c (type: security_group_rules) to 0
2026-04-30 15:39:08.971 8 INFO neutron.db.ovn_revision_numbers_db [None req-901b649b-a005-42d6-bd42-261a9cc0133d c44ab698df464ea48ebb6190ea691ad4 f6bbed303e124e378be579a882547784 - - default default] Successfully bumped revision number for resource a1139656-8a7f-43ff-879b-4920033afcc9 (type: security_group_rules) to 0
2026-04-30 15:39:08.984 8 INFO neutron.db.ovn_revision_numbers_db [None req-901b649b-a005-42d6-bd42-261a9cc0133d c44ab698df464ea48ebb6190ea691ad4 f6bbed303e124e378be579a882547784 - - default default] Successfully bumped revision number for resource b3972944-eb52-40f0-b7ee-0586ae47797a (type: security_group_rules) to 0 [pid: 8|app: 0|req: 944/1836] 10.0.0.124 () {32 vars in 773 bytes} [Thu Apr 30 15:39:08 2026] GET /v2.0/security-groups?tenant_id=40e3849b449e415daece09940e56f657&name=default => generated 2925 bytes in 346 msecs (HTTP/1.1 200) 4 headers in 158 bytes (1 switches on core 0)
2026-04-30 15:39:09.073 7 INFO neutron.db.ovn_revision_numbers_db [None req-e6d77b58-1b20-41a9-887e-168518c7dbcf - - - - - -] Successfully bumped revision number for resource 4930935a-9204-4572-8342-567a238d0e7b (type: ports) to 4
2026-04-30 15:39:09.211 8 INFO neutron.db.ovn_revision_numbers_db [None req-a8eb48ea-3861-48cc-aa9c-bbee5e2b2c15 b358e7ec1f5e4fbdb22ee4ca78de6f38 f86c3e5061424f158e96a6531582e006 - - default default] Successfully bumped revision number for resource 08c2b18d-aa4c-4dff-9bee-86e269e35183 (type: security_groups) to 1
2026-04-30 15:39:09.222 8 INFO neutron.db.ovn_revision_numbers_db [None req-a8eb48ea-3861-48cc-aa9c-bbee5e2b2c15 b358e7ec1f5e4fbdb22ee4ca78de6f38 f86c3e5061424f158e96a6531582e006 - - default default] Successfully bumped revision number for resource 3b1e2635-2b65-4e0d-93b0-334ab7d9f285 (type: security_group_rules) to 0
2026-04-30 15:39:09.240 8 INFO neutron.db.ovn_revision_numbers_db [None req-a8eb48ea-3861-48cc-aa9c-bbee5e2b2c15 b358e7ec1f5e4fbdb22ee4ca78de6f38 f86c3e5061424f158e96a6531582e006 - - default default] Successfully bumped revision number for resource 528c585b-43fa-460d-b942-3051ae38e246 (type: security_group_rules) to 0
2026-04-30 15:39:09.254 8 INFO neutron.db.ovn_revision_numbers_db [None req-a8eb48ea-3861-48cc-aa9c-bbee5e2b2c15 b358e7ec1f5e4fbdb22ee4ca78de6f38 f86c3e5061424f158e96a6531582e006 - - default default] Successfully bumped revision number for resource 91a3694b-6636-4fd4-bd8f-57181bd5d74d (type: security_group_rules) to 0
2026-04-30 15:39:09.266 8 INFO neutron.db.ovn_revision_numbers_db [None req-a8eb48ea-3861-48cc-aa9c-bbee5e2b2c15 b358e7ec1f5e4fbdb22ee4ca78de6f38 f86c3e5061424f158e96a6531582e006 - - default default] Successfully bumped revision number for resource fb49868a-339e-4535-97a8-b951eef0ffb3 (type: security_group_rules) to 0
2026-04-30 15:39:09.360 8 INFO neutron.db.segments_db [None req-a8eb48ea-3861-48cc-aa9c-bbee5e2b2c15 b358e7ec1f5e4fbdb22ee4ca78de6f38 f86c3e5061424f158e96a6531582e006 - - default default] Added segment 13afacd4-0586-40e6-8648-4929713ea6ec of type geneve for network 4e2d0de9-1443-4afe-9c10-6b47cce20b1f
2026-04-30 15:39:09.398 7 INFO neutron.db.ovn_revision_numbers_db [None req-0364a1d7-724a-4e83-a3e1-e152cbc90a09 4e1d28ca29b74bf1ae114fd053fe81bd c4d6d78855d24174befe156f5dab5f68 - - default default] Successfully bumped revision number for resource 9960c298-e18f-40ea-a75c-ee84adcbd6f4 (type: ports) to 2
2026-04-30 15:39:09.469 8 INFO neutron.db.ovn_revision_numbers_db [None req-a8eb48ea-3861-48cc-aa9c-bbee5e2b2c15 b358e7ec1f5e4fbdb22ee4ca78de6f38 f86c3e5061424f158e96a6531582e006 - - default default] Successfully bumped revision number for resource 4e2d0de9-1443-4afe-9c10-6b47cce20b1f (type: networks) to 1
2026-04-30 15:39:09.489 7 INFO neutron.db.ovn_revision_numbers_db [None req-0364a1d7-724a-4e83-a3e1-e152cbc90a09 4e1d28ca29b74bf1ae114fd053fe81bd c4d6d78855d24174befe156f5dab5f68 - - default default] Successfully bumped revision number for resource bd1575ad-e3dd-464a-8e40-8417b3af959b (type: subnets) to 0 [pid: 7|app: 0|req: 893/1837] 10.0.0.124 () {34 vars in 668 bytes} [Thu Apr 30 15:39:08 2026] POST /v2.0/subnets => generated 657 bytes in 1505 msecs (HTTP/1.1 201) 4 headers in 162 bytes (1 switches on core 0)
2026-04-30 15:39:09.690 8 WARNING neutron.scheduler.dhcp_agent_scheduler [None req-a8eb48ea-3861-48cc-aa9c-bbee5e2b2c15 b358e7ec1f5e4fbdb22ee4ca78de6f38 f86c3e5061424f158e96a6531582e006 - - default default] No more DHCP agents
2026-04-30 15:39:09.692 8 WARNING neutron.api.rpc.agentnotifiers.dhcp_rpc_agent_api [None req-a8eb48ea-3861-48cc-aa9c-bbee5e2b2c15 b358e7ec1f5e4fbdb22ee4ca78de6f38 f86c3e5061424f158e96a6531582e006 - - default default] Unable to schedule network 4e2d0de9-1443-4afe-9c10-6b47cce20b1f: no agents available; will retry on subsequent port and subnet creation events.
2026-04-30 15:39:09.735 8 INFO neutron.plugins.ml2.drivers.ovn.mech_driver.mech_driver [None req-d84b33e0-ef15-4fa4-9918-a8924cd332ee - - - - - -] OVN reports status down for port: 7ac5e185-15bd-471b-b705-98be6a050ab6
2026-04-30 15:39:09.746 7 INFO neutron.db.ovn_revision_numbers_db [None req-e6d77b58-1b20-41a9-887e-168518c7dbcf - - - - - -] Successfully bumped revision number for resource 4930935a-9204-4572-8342-567a238d0e7b (type: ports) to 5
2026-04-30 15:39:09.789 8 INFO neutron.db.ovn_revision_numbers_db [None req-a8eb48ea-3861-48cc-aa9c-bbee5e2b2c15 b358e7ec1f5e4fbdb22ee4ca78de6f38 f86c3e5061424f158e96a6531582e006 - - default default] Successfully bumped revision number for resource 7ac5e185-15bd-471b-b705-98be6a050ab6 (type: ports) to 1 [pid: 8|app: 0|req: 945/1838] 10.0.0.124 () {34 vars in 669 bytes} [Thu Apr 30 15:39:09 2026] POST /v2.0/networks => generated 683 bytes in 796 msecs (HTTP/1.1 201) 4 headers in 162 bytes (1 switches on core 0) [pid: 7|app: 0|req: 894/1839] 10.0.0.124 () {32 vars in 739 bytes} [Thu Apr 30 15:39:09 2026] DELETE /v2.0/security-groups/9141f522-e245-4ae4-a772-1cb6503333a5 => generated 0 bytes in 316 msecs (HTTP/1.1 204) 2 headers in 112 bytes (1 switches on core 0)
2026-04-30 15:39:09.960 7 WARNING neutron.db.securitygroups_db [None req-b879b3e0-6722-4157-8cfb-812b73a48d2d c44ab698df464ea48ebb6190ea691ad4 f6bbed303e124e378be579a882547784 - - default default] project_id key not found in filters, using tenant_id instead. This support has been deprecated and will be removed in a future release.
2026-04-30 15:39:10.068 7 INFO neutron.db.ovn_revision_numbers_db [None req-b879b3e0-6722-4157-8cfb-812b73a48d2d c44ab698df464ea48ebb6190ea691ad4 f6bbed303e124e378be579a882547784 - - default default] Successfully bumped revision number for resource 3ec7732e-e57c-4043-a5ca-42a34ae21d5b (type: security_groups) to 1
2026-04-30 15:39:10.080 7 INFO neutron.db.ovn_revision_numbers_db [None req-b879b3e0-6722-4157-8cfb-812b73a48d2d c44ab698df464ea48ebb6190ea691ad4 f6bbed303e124e378be579a882547784 - - default default] Successfully bumped revision number for resource 355d45a6-8b57-4467-9a3f-0a6d15a813b2 (type: security_group_rules) to 0
2026-04-30 15:39:10.093 7 INFO neutron.db.ovn_revision_numbers_db [None req-b879b3e0-6722-4157-8cfb-812b73a48d2d c44ab698df464ea48ebb6190ea691ad4 f6bbed303e124e378be579a882547784 - - default default] Successfully bumped revision number for resource 3956df80-d963-427a-9e6f-9874c4bb52de (type: security_group_rules) to 0
2026-04-30 15:39:10.105 7 INFO neutron.db.ovn_revision_numbers_db [None req-b879b3e0-6722-4157-8cfb-812b73a48d2d c44ab698df464ea48ebb6190ea691ad4 f6bbed303e124e378be579a882547784 - - default default] Successfully bumped revision number for resource 5cf7732d-ed17-4ef5-9312-ed867635892e (type: security_group_rules) to 0
2026-04-30 15:39:10.116 7 INFO neutron.db.ovn_revision_numbers_db [None req-b879b3e0-6722-4157-8cfb-812b73a48d2d c44ab698df464ea48ebb6190ea691ad4 f6bbed303e124e378be579a882547784 - - default default] Successfully bumped revision number for resource f0d9d14b-1800-4e6c-83c0-c5753b7d6479 (type: security_group_rules) to 0 [pid: 7|app: 0|req: 895/1840] 10.0.0.124 () {32 vars in 773 bytes} [Thu Apr 30 15:39:09 2026] GET /v2.0/security-groups?tenant_id=b9b8dc963f8b4714bb2a7292dc1267f6&name=default => generated 2925 bytes in 285 msecs (HTTP/1.1 200) 4 headers in 158 bytes (1 switches on core 0)
2026-04-30 15:39:10.301 8 WARNING neutron.scheduler.dhcp_agent_scheduler [None req-a61bd486-765f-4067-86cb-f3729958cfb2 4e1d28ca29b74bf1ae114fd053fe81bd c4d6d78855d24174befe156f5dab5f68 - - default default] No more DHCP agents
2026-04-30 15:39:10.302 8 WARNING neutron.api.rpc.agentnotifiers.dhcp_rpc_agent_api [None req-a61bd486-765f-4067-86cb-f3729958cfb2 4e1d28ca29b74bf1ae114fd053fe81bd c4d6d78855d24174befe156f5dab5f68 - - default default] Unable to schedule network 0ae2ac5f-dbc3-4244-b97d-4b4449a98965: no agents available; will retry on subsequent port and subnet creation events.
2026-04-30 15:39:10.346 7 WARNING neutron.scheduler.dhcp_agent_scheduler [None req-bb7c1ad7-d238-47ee-9bc2-89bf121b55ed b358e7ec1f5e4fbdb22ee4ca78de6f38 f86c3e5061424f158e96a6531582e006 - - default default] No more DHCP agents
2026-04-30 15:39:10.347 7 WARNING neutron.api.rpc.agentnotifiers.dhcp_rpc_agent_api [None req-bb7c1ad7-d238-47ee-9bc2-89bf121b55ed b358e7ec1f5e4fbdb22ee4ca78de6f38 f86c3e5061424f158e96a6531582e006 - - default default] Unable to schedule network 4e2d0de9-1443-4afe-9c10-6b47cce20b1f: no agents available; will retry on subsequent port and subnet creation events.
2026-04-30 15:39:10.391 7 INFO neutron.plugins.ml2.drivers.ovn.mech_driver.mech_driver [None req-c489a8c6-2b12-4744-a52f-6a9841afc57b - - - - - -] OVN reports status down for port: ecbe45cf-96b0-4b9b-86f1-ee2768a8587b
2026-04-30 15:39:10.463 8 INFO neutron.db.ovn_revision_numbers_db [None req-a61bd486-765f-4067-86cb-f3729958cfb2 4e1d28ca29b74bf1ae114fd053fe81bd c4d6d78855d24174befe156f5dab5f68 - - default default] Successfully bumped revision number for resource 4f4f50c1-a64f-4830-9e60-ed2b0f235957 (type: ports) to 1
2026-04-30 15:39:10.476 7 INFO neutron.db.ovn_revision_numbers_db [None req-bb7c1ad7-d238-47ee-9bc2-89bf121b55ed b358e7ec1f5e4fbdb22ee4ca78de6f38 f86c3e5061424f158e96a6531582e006 - - default default] Successfully bumped revision number for resource ecbe45cf-96b0-4b9b-86f1-ee2768a8587b (type: ports) to 1
2026-04-30 15:39:10.534 7 INFO neutron.plugins.ml2.drivers.ovn.mech_driver.mech_driver [None req-c489a8c6-2b12-4744-a52f-6a9841afc57b - - - - - -] OVN reports status down for port: 4f4f50c1-a64f-4830-9e60-ed2b0f235957 [pid: 7|app: 0|req: 896/1841] 10.0.0.124 () {34 vars in 664 bytes} [Thu Apr 30 15:39:10 2026] POST /v2.0/ports => generated 775 bytes in 404 msecs (HTTP/1.1 201) 4 headers in 162 bytes (1 switches on core 0) /var/lib/openstack/lib/python3.12/site-packages/pycadf/identifier.py:70: UserWarning: Invalid uuid: neutron. To ensure interoperability, identifiers should be a valid uuid. warnings.warn(('Invalid uuid: %s. To ensure interoperability, '
2026-04-30 15:39:10.573 7 WARNING neutron.db.securitygroups_db [None req-8c90e2b6-ce15-4fc2-910a-552dad8a1dbb c44ab698df464ea48ebb6190ea691ad4 f6bbed303e124e378be579a882547784 - - default default] project_id key not found in filters, using tenant_id instead. This support has been deprecated and will be removed in a future release. [pid: 7|app: 0|req: 897/1842] 10.0.0.124 () {32 vars in 773 bytes} [Thu Apr 30 15:39:10 2026] GET /v2.0/security-groups?tenant_id=40ec821733c34ec3b08bfaec7c27c662&name=default => generated 2925 bytes in 52 msecs (HTTP/1.1 200) 4 headers in 158 bytes (1 switches on core 0) [pid: 7|app: 0|req: 898/1843] 10.0.0.124 () {32 vars in 739 bytes} [Thu Apr 30 15:39:10 2026] DELETE /v2.0/security-groups/3ec7732e-e57c-4043-a5ca-42a34ae21d5b => generated 0 bytes in 183 msecs (HTTP/1.1 204) 2 headers in 112 bytes (1 switches on core 0)
2026-04-30 15:39:10.882 7 INFO neutron.db.segments_db [None req-44bef131-ae3a-43fb-98dc-3458c3c65abe b358e7ec1f5e4fbdb22ee4ca78de6f38 f86c3e5061424f158e96a6531582e006 - - default default] Added segment dfd8c461-6a38-4d82-a1ba-8b0d3ff2a676 of type geneve for network 975494a9-1b20-4bb9-8af3-bf2fb483e5fd
2026-04-30 15:39:11.022 7 INFO neutron.db.ovn_revision_numbers_db [None req-44bef131-ae3a-43fb-98dc-3458c3c65abe b358e7ec1f5e4fbdb22ee4ca78de6f38 f86c3e5061424f158e96a6531582e006 - - default default] Successfully bumped revision number for resource 975494a9-1b20-4bb9-8af3-bf2fb483e5fd (type: networks) to 1
2026-04-30 15:39:11.106 7 INFO neutron.plugins.ml2.drivers.ovn.mech_driver.mech_driver [None req-c489a8c6-2b12-4744-a52f-6a9841afc57b - - - - - -] OVN reports status up for port: 4f4f50c1-a64f-4830-9e60-ed2b0f235957
2026-04-30 15:39:11.124 7 INFO neutron.plugins.ml2.plugin [None req-c489a8c6-2b12-4744-a52f-6a9841afc57b - - - - - -] Attempt 1 to provision port 4f4f50c1-a64f-4830-9e60-ed2b0f235957
2026-04-30 15:39:11.128 8 INFO neutron.plugins.ml2.plugin [None req-a61bd486-765f-4067-86cb-f3729958cfb2 4e1d28ca29b74bf1ae114fd053fe81bd c4d6d78855d24174befe156f5dab5f68 - - default default] Attempt 1 to provision port 4f4f50c1-a64f-4830-9e60-ed2b0f235957
2026-04-30 15:39:11.195 8 WARNING neutron.scheduler.dhcp_agent_scheduler [None req-a61bd486-765f-4067-86cb-f3729958cfb2 4e1d28ca29b74bf1ae114fd053fe81bd c4d6d78855d24174befe156f5dab5f68 - - default default] No more DHCP agents
2026-04-30 15:39:11.196 8 WARNING neutron.api.rpc.agentnotifiers.dhcp_rpc_agent_api [None req-a61bd486-765f-4067-86cb-f3729958cfb2 4e1d28ca29b74bf1ae114fd053fe81bd c4d6d78855d24174befe156f5dab5f68 - - default default] Unable to schedule network 0ae2ac5f-dbc3-4244-b97d-4b4449a98965: no agents available; will retry on subsequent port and subnet creation events.
2026-04-30 15:39:11.261 7 WARNING neutron.scheduler.dhcp_agent_scheduler [None req-44bef131-ae3a-43fb-98dc-3458c3c65abe b358e7ec1f5e4fbdb22ee4ca78de6f38 f86c3e5061424f158e96a6531582e006 - - default default] No more DHCP agents
2026-04-30 15:39:11.263 7 WARNING neutron.api.rpc.agentnotifiers.dhcp_rpc_agent_api [None req-44bef131-ae3a-43fb-98dc-3458c3c65abe b358e7ec1f5e4fbdb22ee4ca78de6f38 f86c3e5061424f158e96a6531582e006 - - default default] Unable to schedule network 975494a9-1b20-4bb9-8af3-bf2fb483e5fd: no agents available; will retry on subsequent port and subnet creation events.
2026-04-30 15:39:11.398 7 INFO neutron.db.ovn_revision_numbers_db [None req-44bef131-ae3a-43fb-98dc-3458c3c65abe b358e7ec1f5e4fbdb22ee4ca78de6f38 f86c3e5061424f158e96a6531582e006 - - default default] Successfully bumped revision number for resource d613b599-9e18-4c2e-ba7f-35f879b3f584 (type: ports) to 1 [pid: 7|app: 0|req: 899/1844] 10.0.0.124 () {34 vars in 669 bytes} [Thu Apr 30 15:39:10 2026] POST /v2.0/networks => generated 670 bytes in 635 msecs (HTTP/1.1 201) 4 headers in 162 bytes (1 switches on core 0)
2026-04-30 15:39:11.612 8 INFO neutron.db.ovn_revision_numbers_db [None req-a61bd486-765f-4067-86cb-f3729958cfb2 4e1d28ca29b74bf1ae114fd053fe81bd c4d6d78855d24174befe156f5dab5f68 - - default default] Successfully bumped revision number for resource 4f4f50c1-a64f-4830-9e60-ed2b0f235957 (type: router_ports) to 1 [pid: 8|app: 0|req: 946/1845] 10.0.0.124 () {34 vars in 782 bytes} [Thu Apr 30 15:39:09 2026] PUT /v2.0/routers/b77a77f0-a26e-4295-9d8f-78927c7dc408/add_router_interface => generated 310 bytes in 1788 msecs (HTTP/1.1 200) 4 headers in 157 bytes (1 switches on core 0)
2026-04-30 15:39:11.629 8 INFO neutron.common.ovn.utils [None req-d84b33e0-ef15-4fa4-9918-a8924cd332ee - - - - - -] HA Chassis Group neutron-0ae2ac5f-dbc3-4244-b97d-4b4449a98965 synchronized; highest priority chassis 9bddb1b6-077d-4375-9c4e-d8062037b7cb
2026-04-30 15:39:11.825 8 WARNING neutron.scheduler.dhcp_agent_scheduler [None req-ed7b398b-1e80-4ab1-858f-b26d7416250b b358e7ec1f5e4fbdb22ee4ca78de6f38 f86c3e5061424f158e96a6531582e006 - - default default] No more DHCP agents
2026-04-30 15:39:11.827 8 WARNING neutron.api.rpc.agentnotifiers.dhcp_rpc_agent_api [None req-ed7b398b-1e80-4ab1-858f-b26d7416250b b358e7ec1f5e4fbdb22ee4ca78de6f38 f86c3e5061424f158e96a6531582e006 - - default default] Unable to schedule network 975494a9-1b20-4bb9-8af3-bf2fb483e5fd: no agents available; will retry on subsequent port and subnet creation events. [pid: 7|app: 0|req: 900/1846] 10.0.0.124 () {32 vars in 739 bytes} [Thu Apr 30 15:39:11 2026] DELETE /v2.0/security-groups/8dc6f929-445d-4759-be01-23b876737f86 => generated 0 bytes in 456 msecs (HTTP/1.1 204) 2 headers in 112 bytes (1 switches on core 0) [pid: 7|app: 0|req: 901/1847] 10.0.0.124 () {32 vars in 648 bytes} [Thu Apr 30 15:39:11 2026] GET /v2.0/networks => generated 4612 bytes in 123 msecs (HTTP/1.1 200) 4 headers in 158 bytes (1 switches on core 0)
2026-04-30 15:39:12.011 7 INFO neutron.db.ovn_revision_numbers_db [None req-c489a8c6-2b12-4744-a52f-6a9841afc57b - - - - - -] Successfully bumped revision number for resource 4f4f50c1-a64f-4830-9e60-ed2b0f235957 (type: ports) to 2 [pid: 7|app: 0|req: 902/1848] 10.0.0.124 () {32 vars in 646 bytes} [Thu Apr 30 15:39:12 2026] GET /v2.0/subnets => generated 2607 bytes in 70 msecs (HTTP/1.1 200) 4 headers in 158 bytes (1 switches on core 0) [pid: 7|app: 0|req: 903/1849] 10.0.0.124 () {32 vars in 646 bytes} [Thu Apr 30 15:39:12 2026] GET /v2.0/routers => generated 997 bytes in 146 msecs (HTTP/1.1 200) 4 headers in 157 bytes (1 switches on core 0)
2026-04-30 15:39:12.340 8 INFO neutron.db.ovn_revision_numbers_db [None req-ed7b398b-1e80-4ab1-858f-b26d7416250b b358e7ec1f5e4fbdb22ee4ca78de6f38 f86c3e5061424f158e96a6531582e006 - - default default] Successfully bumped revision number for resource d613b599-9e18-4c2e-ba7f-35f879b3f584 (type: ports) to 2
2026-04-30 15:39:12.369 8 INFO neutron.db.ovn_revision_numbers_db [None req-ed7b398b-1e80-4ab1-858f-b26d7416250b b358e7ec1f5e4fbdb22ee4ca78de6f38 f86c3e5061424f158e96a6531582e006 - - default default] Successfully bumped revision number for resource 6c80e9f2-b7f8-438f-912b-19356aac2296 (type: subnets) to 0 [pid: 8|app: 0|req: 947/1850] 10.0.0.124 () {34 vars in 668 bytes} [Thu Apr 30 15:39:11 2026] POST /v2.0/subnets => generated 626 bytes in 767 msecs (HTTP/1.1 201) 4 headers in 162 bytes (1 switches on core 0)
2026-04-30 15:39:12.456 7 INFO neutron.db.ovn_revision_numbers_db [None req-42cb48d1-1ff8-43b4-8844-69d543908c24 4e1d28ca29b74bf1ae114fd053fe81bd c4d6d78855d24174befe156f5dab5f68 - - default default] Successfully bumped revision number for resource b59b6bda-7328-4634-8793-9c538c5637fb (type: security_groups) to 1
2026-04-30 15:39:12.466 7 INFO neutron.db.ovn_revision_numbers_db [None req-42cb48d1-1ff8-43b4-8844-69d543908c24 4e1d28ca29b74bf1ae114fd053fe81bd c4d6d78855d24174befe156f5dab5f68 - - default default] Successfully bumped revision number for resource 2787c49b-f62b-4a1f-82a3-ea147b33108a (type: security_group_rules) to 0
2026-04-30 15:39:12.476 7 INFO neutron.db.ovn_revision_numbers_db [None req-42cb48d1-1ff8-43b4-8844-69d543908c24 4e1d28ca29b74bf1ae114fd053fe81bd c4d6d78855d24174befe156f5dab5f68 - - default default] Successfully bumped revision number for resource d62c1f8e-b709-4a47-9759-5e82ea4f43b5 (type: security_group_rules) to 0 [pid: 7|app: 0|req: 904/1851] 10.0.0.124 () {34 vars in 684 bytes} [Thu Apr 30 15:39:12 2026] POST /v2.0/security-groups => generated 1675 bytes in 167 msecs (HTTP/1.1 201) 4 headers in 163 bytes (1 switches on core 0)
2026-04-30 15:39:12.659 7 INFO neutron.db.ovn_revision_numbers_db [None req-f1aaf38d-a79e-496b-b873-f7c9e2fdd108 4e1d28ca29b74bf1ae114fd053fe81bd c4d6d78855d24174befe156f5dab5f68 - - default default] Successfully bumped revision number for resource 7b150930-121c-4f77-80a5-4776c7036ba6 (type: security_group_rules) to 0
2026-04-30 15:39:12.717 8 WARNING neutron.scheduler.dhcp_agent_scheduler [None req-95f6bc08-1f92-4713-8538-f5a341037c5a b358e7ec1f5e4fbdb22ee4ca78de6f38 f86c3e5061424f158e96a6531582e006 - - default default] No more DHCP agents
2026-04-30 15:39:12.719 8 WARNING neutron.api.rpc.agentnotifiers.dhcp_rpc_agent_api [None req-95f6bc08-1f92-4713-8538-f5a341037c5a b358e7ec1f5e4fbdb22ee4ca78de6f38 f86c3e5061424f158e96a6531582e006 - - default default] Unable to schedule network 975494a9-1b20-4bb9-8af3-bf2fb483e5fd: no agents available; will retry on subsequent port and subnet creation events. [pid: 7|app: 0|req: 905/1852] 10.0.0.124 () {34 vars in 694 bytes} [Thu Apr 30 15:39:12 2026] POST /v2.0/security-group-rules => generated 597 bytes in 207 msecs (HTTP/1.1 201) 4 headers in 162 bytes (1 switches on core 0)
2026-04-30 15:39:12.834 7 INFO neutron.db.ovn_revision_numbers_db [None req-58be58f0-39bc-4599-84cc-5cf156538835 4e1d28ca29b74bf1ae114fd053fe81bd c4d6d78855d24174befe156f5dab5f68 - - default default] Successfully bumped revision number for resource 5281d7a6-7590-4970-abab-82e895ca0278 (type: security_group_rules) to 0
2026-04-30 15:39:12.882 8 INFO neutron.db.ovn_revision_numbers_db [None req-95f6bc08-1f92-4713-8538-f5a341037c5a b358e7ec1f5e4fbdb22ee4ca78de6f38 f86c3e5061424f158e96a6531582e006 - - default default] Successfully bumped revision number for resource 7086e957-479b-43a5-8d41-32694662e449 (type: ports) to 1 [pid: 7|app: 0|req: 906/1853] 10.0.0.124 () {34 vars in 694 bytes} [Thu Apr 30 15:39:12 2026] POST /v2.0/security-group-rules => generated 596 bytes in 160 msecs (HTTP/1.1 201) 4 headers in 162 bytes (1 switches on core 0) [pid: 8|app: 0|req: 948/1854] 10.0.0.124 () {34 vars in 664 bytes} [Thu Apr 30 15:39:12 2026] POST /v2.0/ports => generated 949 bytes in 520 msecs (HTTP/1.1 201) 4 headers in 162 bytes (1 switches on core 0) /var/lib/openstack/lib/python3.12/site-packages/pycadf/identifier.py:70: UserWarning: Invalid uuid: neutron. To ensure interoperability, identifiers should be a valid uuid. warnings.warn(('Invalid uuid: %s. To ensure interoperability, '
2026-04-30 15:39:13.015 7 INFO neutron.db.ovn_revision_numbers_db [None req-d4cf9d77-4e23-426a-8a2b-29722dd4ebdd 4e1d28ca29b74bf1ae114fd053fe81bd c4d6d78855d24174befe156f5dab5f68 - - default default] Successfully bumped revision number for resource 4429ffd1-5701-4587-8817-0bb3e62b7b09 (type: security_group_rules) to 0
2026-04-30 15:39:13.056 8 INFO neutron_taas.services.taas.taas_plugin [None req-efeb10ac-8ce7-40f5-bb17-23531657c177 b358e7ec1f5e4fbdb22ee4ca78de6f38 f86c3e5061424f158e96a6531582e006 - - default default] TaaS: Handle Delete Port: 7086e957-479b-43a5-8d41-32694662e449
2026-04-30 15:39:13.059 8 INFO neutron_taas.services.taas.tap_mirror_plugin [None req-efeb10ac-8ce7-40f5-bb17-23531657c177 b358e7ec1f5e4fbdb22ee4ca78de6f38 f86c3e5061424f158e96a6531582e006 - - default default] Tap Mirror: Handle Delete Port: 7086e957-479b-43a5-8d41-32694662e449 [pid: 7|app: 0|req: 907/1855] 10.0.0.124 () {34 vars in 694 bytes} [Thu Apr 30 15:39:12 2026] POST /v2.0/security-group-rules => generated 602 bytes in 168 msecs (HTTP/1.1 201) 4 headers in 162 bytes (1 switches on core 0)
2026-04-30 15:39:13.171 7 INFO neutron.db.ovn_revision_numbers_db [None req-558b6622-323f-4767-8d93-a6ce863fe614 4e1d28ca29b74bf1ae114fd053fe81bd c4d6d78855d24174befe156f5dab5f68 - - default default] Successfully bumped revision number for resource eee31533-7dd0-4664-b8ed-87e79c215859 (type: security_group_rules) to 0 [pid: 7|app: 0|req: 908/1856] 10.0.0.124 () {34 vars in 694 bytes} [Thu Apr 30 15:39:13 2026] POST /v2.0/security-group-rules => generated 601 bytes in 131 msecs (HTTP/1.1 201) 4 headers in 162 bytes (1 switches on core 0) [pid: 8|app: 0|req: 949/1857] 10.0.0.124 () {32 vars in 719 bytes} [Thu Apr 30 15:39:12 2026] DELETE /v2.0/ports/7086e957-479b-43a5-8d41-32694662e449 => generated 0 bytes in 318 msecs (HTTP/1.1 204) 3 headers in 131 bytes (1 switches on core 0)
2026-04-30 15:39:13.255 8 INFO neutron.pecan_wsgi.hooks.translation [None req-de193edc-304b-4feb-b409-83bc2b64865a b358e7ec1f5e4fbdb22ee4ca78de6f38 f86c3e5061424f158e96a6531582e006 - - default default] DELETE failed (client error): The resource could not be found.
2026-04-30 15:39:13.256 7 INFO neutron.db.securitygroups_db [None req-f37463b8-5125-4cfb-8092-d349b1deff63 4e1d28ca29b74bf1ae114fd053fe81bd c4d6d78855d24174befe156f5dab5f68 - - default default] Project c4d6d78855d24174befe156f5dab5f68 added a security group rule with legacy IPv6 ICMP protocol name icmp, ipv6-icmp should be used instead. It was automatically converted. [pid: 8|app: 0|req: 950/1858] 10.0.0.124 () {32 vars in 719 bytes} [Thu Apr 30 15:39:13 2026] DELETE /v2.0/ports/7086e957-479b-43a5-8d41-32694662e449 => generated 132 bytes in 20 msecs (HTTP/1.1 404) 4 headers in 164 bytes (1 switches on core 0)
2026-04-30 15:39:13.277 8 INFO neutron.pecan_wsgi.hooks.translation [None req-2298181f-6431-4eb8-b9ba-b89b88bd6412 b358e7ec1f5e4fbdb22ee4ca78de6f38 f86c3e5061424f158e96a6531582e006 - - default default] GET failed (client error): The resource could not be found. [pid: 8|app: 0|req: 951/1859] 10.0.0.124 () {32 vars in 716 bytes} [Thu Apr 30 15:39:13 2026] GET /v2.0/ports/7086e957-479b-43a5-8d41-32694662e449 => generated 132 bytes in 15 msecs (HTTP/1.1 404) 4 headers in 164 bytes (1 switches on core 0)
2026-04-30 15:39:13.331 7 INFO neutron.db.ovn_revision_numbers_db [None req-f37463b8-5125-4cfb-8092-d349b1deff63 4e1d28ca29b74bf1ae114fd053fe81bd c4d6d78855d24174befe156f5dab5f68 - - default default] Successfully bumped revision number for resource fc380bd4-3924-4ccb-b568-103a26bc91d9 (type: security_group_rules) to 0 [pid: 7|app: 0|req: 909/1860] 10.0.0.124 () {34 vars in 694 bytes} [Thu Apr 30 15:39:13 2026] POST /v2.0/security-group-rules => generated 607 bytes in 163 msecs (HTTP/1.1 201) 4 headers in 162 bytes (1 switches on core 0)
2026-04-30 15:39:13.400 7 INFO neutron.db.securitygroups_db [None req-a811f7d5-7416-44e0-aa9d-85a06f2f4c1e 4e1d28ca29b74bf1ae114fd053fe81bd c4d6d78855d24174befe156f5dab5f68 - - default default] Project c4d6d78855d24174befe156f5dab5f68 added a security group rule with legacy IPv6 ICMP protocol name icmp, ipv6-icmp should be used instead. It was automatically converted. [pid: 8|app: 0|req: 952/1861] 10.0.0.124 () {32 vars in 723 bytes} [Thu Apr 30 15:39:13 2026] DELETE /v2.0/subnets/6c80e9f2-b7f8-438f-912b-19356aac2296 => generated 0 bytes in 173 msecs (HTTP/1.1 204) 3 headers in 131 bytes (1 switches on core 0)
2026-04-30 15:39:13.467 7 INFO neutron.db.ovn_revision_numbers_db [None req-a811f7d5-7416-44e0-aa9d-85a06f2f4c1e 4e1d28ca29b74bf1ae114fd053fe81bd c4d6d78855d24174befe156f5dab5f68 - - default default] Successfully bumped revision number for resource fe28ac8c-86cc-4c9c-97d6-28980ea44e25 (type: security_group_rules) to 0 [pid: 7|app: 0|req: 910/1862] 10.0.0.124 () {34 vars in 694 bytes} [Thu Apr 30 15:39:13 2026] POST /v2.0/security-group-rules => generated 606 bytes in 128 msecs (HTTP/1.1 201) 4 headers in 162 bytes (1 switches on core 0)
2026-04-30 15:39:13.594 8 INFO neutron_taas.services.taas.taas_plugin [None req-09d1fa1a-ffd5-466d-8c09-5708bb568c12 b358e7ec1f5e4fbdb22ee4ca78de6f38 f86c3e5061424f158e96a6531582e006 - - default default] TaaS: Handle Delete Port: d613b599-9e18-4c2e-ba7f-35f879b3f584
2026-04-30 15:39:13.598 8 INFO neutron_taas.services.taas.tap_mirror_plugin [None req-09d1fa1a-ffd5-466d-8c09-5708bb568c12 b358e7ec1f5e4fbdb22ee4ca78de6f38 f86c3e5061424f158e96a6531582e006 - - default default] Tap Mirror: Handle Delete Port: d613b599-9e18-4c2e-ba7f-35f879b3f584
2026-04-30 15:39:13.734 8 INFO neutron.services.segments.plugin [-] Segment dfd8c461-6a38-4d82-a1ba-8b0d3ff2a676 resource provider aggregate not found
2026-04-30 15:39:13.742 8 INFO neutron.services.segments.plugin [-] Segment dfd8c461-6a38-4d82-a1ba-8b0d3ff2a676 resource provider aggregate not found
2026-04-30 15:39:13.756 8 INFO neutron.services.segments.plugin [-] Segment dfd8c461-6a38-4d82-a1ba-8b0d3ff2a676 resource provider not found; error: Placement Client Error (4xx): {"errors": [{"status": 404, "title": "Not Found", "detail": "The resource could not be found.\n\n No resource provider with uuid dfd8c461-6a38-4d82-a1ba-8b0d3ff2a676 found for delete ", "request_id": "req-f76b6be7-c2f2-47a1-96c0-9f51c643e7da"}]}
2026-04-30 15:39:13.760 8 INFO neutron.services.segments.plugin [-] Segment dfd8c461-6a38-4d82-a1ba-8b0d3ff2a676 resource provider not found; error: Placement Client Error (4xx): {"errors": [{"status": 404, "title": "Not Found", "detail": "The resource could not be found.\n\n No resource provider with uuid dfd8c461-6a38-4d82-a1ba-8b0d3ff2a676 found for delete ", "request_id": "req-fc7606a0-7095-4349-8413-7371ca253cb8"}]} [pid: 8|app: 0|req: 953/1863] 10.0.0.124 () {32 vars in 725 bytes} [Thu Apr 30 15:39:13 2026] DELETE /v2.0/networks/975494a9-1b20-4bb9-8af3-bf2fb483e5fd => generated 0 bytes in 319 msecs (HTTP/1.1 204) 3 headers in 131 bytes (1 switches on core 0)
2026-04-30 15:39:13.890 7 INFO neutron.db.segments_db [None req-af6576ce-047c-4aca-8351-c61aff729fe6 b358e7ec1f5e4fbdb22ee4ca78de6f38 f86c3e5061424f158e96a6531582e006 - - default default] Added segment edfb84be-ddd5-479d-840b-5441136fc606 of type geneve for network 0d15b9fd-072c-41ae-98c0-5f400ddb2c70
2026-04-30 15:39:14.005 7 INFO neutron.db.ovn_revision_numbers_db [None req-af6576ce-047c-4aca-8351-c61aff729fe6 b358e7ec1f5e4fbdb22ee4ca78de6f38 f86c3e5061424f158e96a6531582e006 - - default default] Successfully bumped revision number for resource 0d15b9fd-072c-41ae-98c0-5f400ddb2c70 (type: networks) to 1 [pid: 8|app: 0|req: 954/1864] 10.0.0.124 () {32 vars in 648 bytes} [Thu Apr 30 15:39:13 2026] GET /v2.0/networks => generated 1374 bytes in 182 msecs (HTTP/1.1 200) 4 headers in 158 bytes (1 switches on core 0) [pid: 8|app: 0|req: 955/1865] 10.0.0.199 () {32 vars in 801 bytes} [Thu Apr 30 15:39:14 2026] GET /v2.0/extensions => generated 21706 bytes in 37 msecs (HTTP/1.1 200) 4 headers in 159 bytes (1 switches on core 0)
2026-04-30 15:39:14.145 8 WARNING neutron.db.securitygroups_db [req-3dea07d6-efca-4965-8322-42f429e8e020 req-7c986610-6ff7-4215-b5f7-a28c8d12a4e2 4e1d28ca29b74bf1ae114fd053fe81bd c4d6d78855d24174befe156f5dab5f68 - - default default] project_id key not found in filters, using tenant_id instead. This support has been deprecated and will be removed in a future release. [pid: 8|app: 0|req: 956/1866] 10.0.0.179 () {34 vars in 1099 bytes} [Thu Apr 30 15:39:14 2026] GET /v2.0/security-groups?name=tempest-secgroup-smoke-1586595587&fields=id&tenant_id=c4d6d78855d24174befe156f5dab5f68 => generated 69 bytes in 35 msecs (HTTP/1.1 200) 4 headers in 156 bytes (1 switches on core 0)
2026-04-30 15:39:14.180 7 WARNING neutron.scheduler.dhcp_agent_scheduler [None req-af6576ce-047c-4aca-8351-c61aff729fe6 b358e7ec1f5e4fbdb22ee4ca78de6f38 f86c3e5061424f158e96a6531582e006 - - default default] No more DHCP agents
2026-04-30 15:39:14.181 7 WARNING neutron.api.rpc.agentnotifiers.dhcp_rpc_agent_api [None req-af6576ce-047c-4aca-8351-c61aff729fe6 b358e7ec1f5e4fbdb22ee4ca78de6f38 f86c3e5061424f158e96a6531582e006 - - default default] Unable to schedule network 0d15b9fd-072c-41ae-98c0-5f400ddb2c70: no agents available; will retry on subsequent port and subnet creation events.
2026-04-30 15:39:14.221 8 INFO neutron.plugins.ml2.drivers.ovn.mech_driver.mech_driver [None req-d84b33e0-ef15-4fa4-9918-a8924cd332ee - - - - - -] OVN reports status down for port: 5da40018-b61e-4a1a-9458-560c10ac598b
2026-04-30 15:39:14.257 7 INFO neutron.db.ovn_revision_numbers_db [None req-af6576ce-047c-4aca-8351-c61aff729fe6 b358e7ec1f5e4fbdb22ee4ca78de6f38 f86c3e5061424f158e96a6531582e006 - - default default] Successfully bumped revision number for resource 5da40018-b61e-4a1a-9458-560c10ac598b (type: ports) to 1 [pid: 8|app: 0|req: 957/1867] 10.0.0.179 () {34 vars in 981 bytes} [Thu Apr 30 15:39:14 2026] GET /v2.0/networks?id=0ae2ac5f-dbc3-4244-b97d-4b4449a98965 => generated 699 bytes in 84 msecs (HTTP/1.1 200) 4 headers in 157 bytes (1 switches on core 0) [pid: 7|app: 0|req: 911/1868] 10.0.0.124 () {34 vars in 669 bytes} [Thu Apr 30 15:39:13 2026] POST /v2.0/networks => generated 670 bytes in 475 msecs (HTTP/1.1 201) 4 headers in 162 bytes (1 switches on core 0) [pid: 8|app: 0|req: 958/1869] 10.0.0.179 () {34 vars in 964 bytes} [Thu Apr 30 15:39:14 2026] GET /v2.0/quotas/c4d6d78855d24174befe156f5dab5f68 => generated 292 bytes in 20 msecs (HTTP/1.1 200) 4 headers in 157 bytes (1 switches on core 0) [pid: 8|app: 0|req: 959/1870] 10.0.0.199 () {30 vars in 723 bytes} [Thu Apr 30 15:39:14 2026] GET /v2.0/quotas/521349f9e6504116ae7ba945672b86f3/details => generated 847 bytes in 106 msecs (HTTP/1.1 200) 4 headers in 157 bytes (1 switches on core 0) [pid: 8|app: 0|req: 960/1871] 10.0.0.179 () {34 vars in 1001 bytes} [Thu Apr 30 15:39:14 2026] GET /v2.0/ports?tenant_id=c4d6d78855d24174befe156f5dab5f68&fields=id => generated 103 bytes in 66 msecs (HTTP/1.1 200) 4 headers in 157 bytes (1 switches on core 0)
2026-04-30 15:39:14.475 7 WARNING neutron.scheduler.dhcp_agent_scheduler [None req-cc2b6802-9cb7-46b6-b0ac-129826c511ac b358e7ec1f5e4fbdb22ee4ca78de6f38 f86c3e5061424f158e96a6531582e006 - - default default] No more DHCP agents
2026-04-30 15:39:14.477 7 WARNING neutron.api.rpc.agentnotifiers.dhcp_rpc_agent_api [None req-cc2b6802-9cb7-46b6-b0ac-129826c511ac b358e7ec1f5e4fbdb22ee4ca78de6f38 f86c3e5061424f158e96a6531582e006 - - default default] Unable to schedule network 0d15b9fd-072c-41ae-98c0-5f400ddb2c70: no agents available; will retry on subsequent port and subnet creation events. [pid: 8|app: 0|req: 961/1872] 10.0.0.179 () {34 vars in 1007 bytes} [Thu Apr 30 15:39:14 2026] GET /v2.0/networks/0ae2ac5f-dbc3-4244-b97d-4b4449a98965?fields=segments => generated 14 bytes in 31 msecs (HTTP/1.1 200) 4 headers in 156 bytes (1 switches on core 0) [pid: 8|app: 0|req: 962/1873] 10.0.0.179 () {34 vars in 1107 bytes} [Thu Apr 30 15:39:14 2026] GET /v2.0/networks/0ae2ac5f-dbc3-4244-b97d-4b4449a98965?fields=provider%3Aphysical_network&fields=provider%3Anetwork_type => generated 79 bytes in 35 msecs (HTTP/1.1 200) 4 headers in 156 bytes (1 switches on core 0) [pid: 8|app: 0|req: 963/1874] 10.0.0.179 () {34 vars in 989 bytes} [Thu Apr 30 15:39:14 2026] GET /v2.0/ports?device_id=f70fde53-5a35-4eeb-b8a7-c90141654bf2 => generated 12 bytes in 20 msecs (HTTP/1.1 200) 4 headers in 156 bytes (1 switches on core 0)
2026-04-30 15:39:14.928 7 INFO neutron.db.ovn_revision_numbers_db [None req-cc2b6802-9cb7-46b6-b0ac-129826c511ac b358e7ec1f5e4fbdb22ee4ca78de6f38 f86c3e5061424f158e96a6531582e006 - - default default] Successfully bumped revision number for resource 5da40018-b61e-4a1a-9458-560c10ac598b (type: ports) to 2
2026-04-30 15:39:14.971 7 INFO neutron.db.ovn_revision_numbers_db [None req-cc2b6802-9cb7-46b6-b0ac-129826c511ac b358e7ec1f5e4fbdb22ee4ca78de6f38 f86c3e5061424f158e96a6531582e006 - - default default] Successfully bumped revision number for resource 3320970c-d8d1-41a5-b167-e63f1cd5adce (type: subnets) to 0 [pid: 7|app: 0|req: 912/1875] 10.0.0.124 () {34 vars in 668 bytes} [Thu Apr 30 15:39:14 2026] POST /v2.0/subnets => generated 626 bytes in 706 msecs (HTTP/1.1 201) 4 headers in 162 bytes (1 switches on core 0)
2026-04-30 15:39:15.252 8 WARNING neutron.scheduler.dhcp_agent_scheduler [None req-3842ed2b-c5c3-4a00-a9aa-0cc6a0885c06 b358e7ec1f5e4fbdb22ee4ca78de6f38 f86c3e5061424f158e96a6531582e006 - - default default] No more DHCP agents
2026-04-30 15:39:15.253 8 WARNING neutron.api.rpc.agentnotifiers.dhcp_rpc_agent_api [None req-3842ed2b-c5c3-4a00-a9aa-0cc6a0885c06 b358e7ec1f5e4fbdb22ee4ca78de6f38 f86c3e5061424f158e96a6531582e006 - - default default] Unable to schedule network 0d15b9fd-072c-41ae-98c0-5f400ddb2c70: no agents available; will retry on subsequent port and subnet creation events.
2026-04-30 15:39:15.352 7 INFO neutron.db.ovn_revision_numbers_db [None req-e3230508-661d-42df-a095-676790ac0d64 eea19b8c083843d0bb3f599dc188241a b8085b92870c4693a025ddca132637ae - - default default] Successfully bumped revision number for resource de452947-4590-4556-9ede-26a0f4ae80fb (type: security_groups) to 1
2026-04-30 15:39:15.367 7 INFO neutron.db.ovn_revision_numbers_db [None req-e3230508-661d-42df-a095-676790ac0d64 eea19b8c083843d0bb3f599dc188241a b8085b92870c4693a025ddca132637ae - - default default] Successfully bumped revision number for resource 1a3d433c-814a-4560-914d-59c933c331af (type: security_group_rules) to 0
2026-04-30 15:39:15.382 7 INFO neutron.db.ovn_revision_numbers_db [None req-e3230508-661d-42df-a095-676790ac0d64 eea19b8c083843d0bb3f599dc188241a b8085b92870c4693a025ddca132637ae - - default default] Successfully bumped revision number for resource 4173445a-e9ca-45b4-94b4-b870acedee68 (type: security_group_rules) to 0
2026-04-30 15:39:15.415 7 INFO neutron.db.ovn_revision_numbers_db [None req-e3230508-661d-42df-a095-676790ac0d64 eea19b8c083843d0bb3f599dc188241a b8085b92870c4693a025ddca132637ae - - default default] Successfully bumped revision number for resource 58b0785a-b256-4da3-939f-e473465b6871 (type: security_group_rules) to 0
2026-04-30 15:39:15.431 8 INFO neutron.db.ovn_revision_numbers_db [None req-3842ed2b-c5c3-4a00-a9aa-0cc6a0885c06 b358e7ec1f5e4fbdb22ee4ca78de6f38 f86c3e5061424f158e96a6531582e006 - - default default] Successfully bumped revision number for resource 814c652d-4dd8-4578-af41-711e62d44641 (type: ports) to 1
2026-04-30 15:39:15.436 7 INFO neutron.db.ovn_revision_numbers_db [None req-e3230508-661d-42df-a095-676790ac0d64 eea19b8c083843d0bb3f599dc188241a b8085b92870c4693a025ddca132637ae - - default default] Successfully bumped revision number for resource f060b8e6-35b9-46b5-b0c2-d0f1163e94e9 (type: security_group_rules) to 0 [pid: 8|app: 0|req: 964/1876] 10.0.0.124 () {34 vars in 664 bytes} [Thu Apr 30 15:39:14 2026] POST /v2.0/ports => generated 916 bytes in 492 msecs (HTTP/1.1 201) 4 headers in 162 bytes (1 switches on core 0)
2026-04-30 15:39:15.532 7 INFO neutron.db.segments_db [None req-e3230508-661d-42df-a095-676790ac0d64 eea19b8c083843d0bb3f599dc188241a b8085b92870c4693a025ddca132637ae - - default default] Added segment a2343ccc-9d33-4009-89d1-dc45d8995288 of type geneve for network ec10e3ab-4637-4880-9c87-bdef1a32fa01
2026-04-30 15:39:15.639 8 INFO neutron_taas.services.taas.taas_plugin [None req-99fdf3a0-5468-4003-b8ec-33c136d38ab3 b358e7ec1f5e4fbdb22ee4ca78de6f38 f86c3e5061424f158e96a6531582e006 - - default default] TaaS: Handle Delete Port: 814c652d-4dd8-4578-af41-711e62d44641
2026-04-30 15:39:15.642 8 INFO neutron_taas.services.taas.tap_mirror_plugin [None req-99fdf3a0-5468-4003-b8ec-33c136d38ab3 b358e7ec1f5e4fbdb22ee4ca78de6f38 f86c3e5061424f158e96a6531582e006 - - default default] Tap Mirror: Handle Delete Port: 814c652d-4dd8-4578-af41-711e62d44641
2026-04-30 15:39:15.674 7 INFO neutron.db.ovn_revision_numbers_db [None req-e3230508-661d-42df-a095-676790ac0d64 eea19b8c083843d0bb3f599dc188241a b8085b92870c4693a025ddca132637ae - - default default] Successfully bumped revision number for resource ec10e3ab-4637-4880-9c87-bdef1a32fa01 (type: networks) to 1 [pid: 8|app: 0|req: 965/1877] 10.0.0.124 () {32 vars in 719 bytes} [Thu Apr 30 15:39:15 2026] DELETE /v2.0/ports/814c652d-4dd8-4578-af41-711e62d44641 => generated 0 bytes in 295 msecs (HTTP/1.1 204) 3 headers in 131 bytes (1 switches on core 0) [pid: 8|app: 0|req: 966/1878] 10.0.0.179 () {34 vars in 989 bytes} [Thu Apr 30 15:39:15 2026] GET /v2.0/ports?device_id=f70fde53-5a35-4eeb-b8a7-c90141654bf2 => generated 12 bytes in 23 msecs (HTTP/1.1 200) 4 headers in 156 bytes (1 switches on core 0)
2026-04-30 15:39:15.835 8 INFO neutron.pecan_wsgi.hooks.translation [None req-671e6a4f-c569-4f9f-84fc-066954f5e06f b358e7ec1f5e4fbdb22ee4ca78de6f38 f86c3e5061424f158e96a6531582e006 - - default default] GET failed (client error): The resource could not be found. [pid: 8|app: 0|req: 967/1879] 10.0.0.124 () {32 vars in 716 bytes} [Thu Apr 30 15:39:15 2026] GET /v2.0/ports/814c652d-4dd8-4578-af41-711e62d44641 => generated 132 bytes in 24 msecs (HTTP/1.1 404) 4 headers in 164 bytes (1 switches on core 0)
2026-04-30 15:39:15.906 7 WARNING neutron.scheduler.dhcp_agent_scheduler [None req-e3230508-661d-42df-a095-676790ac0d64 eea19b8c083843d0bb3f599dc188241a b8085b92870c4693a025ddca132637ae - - default default] No more DHCP agents
2026-04-30 15:39:15.907 7 WARNING neutron.api.rpc.agentnotifiers.dhcp_rpc_agent_api [None req-e3230508-661d-42df-a095-676790ac0d64 eea19b8c083843d0bb3f599dc188241a b8085b92870c4693a025ddca132637ae - - default default] Unable to schedule network ec10e3ab-4637-4880-9c87-bdef1a32fa01: no agents available; will retry on subsequent port and subnet creation events.
2026-04-30 15:39:15.999 7 INFO neutron.db.ovn_revision_numbers_db [None req-e3230508-661d-42df-a095-676790ac0d64 eea19b8c083843d0bb3f599dc188241a b8085b92870c4693a025ddca132637ae - - default default] Successfully bumped revision number for resource 5bd14439-0c38-4793-bd77-db65896c1ded (type: ports) to 1 [pid: 7|app: 0|req: 913/1880] 10.0.0.124 () {34 vars in 669 bytes} [Thu Apr 30 15:39:15 2026] POST /v2.0/networks => generated 665 bytes in 963 msecs (HTTP/1.1 201) 4 headers in 162 bytes (1 switches on core 0) [pid: 8|app: 0|req: 968/1881] 10.0.0.124 () {32 vars in 723 bytes} [Thu Apr 30 15:39:15 2026] DELETE /v2.0/subnets/3320970c-d8d1-41a5-b167-e63f1cd5adce => generated 0 bytes in 205 msecs (HTTP/1.1 204) 3 headers in 131 bytes (1 switches on core 0)
2026-04-30 15:39:16.165 8 INFO neutron_taas.services.taas.taas_plugin [None req-c315fe62-bd78-4a96-9ab7-81fa325359c4 b358e7ec1f5e4fbdb22ee4ca78de6f38 f86c3e5061424f158e96a6531582e006 - - default default] TaaS: Handle Delete Port: 5da40018-b61e-4a1a-9458-560c10ac598b
2026-04-30 15:39:16.168 8 INFO neutron_taas.services.taas.tap_mirror_plugin [None req-c315fe62-bd78-4a96-9ab7-81fa325359c4 b358e7ec1f5e4fbdb22ee4ca78de6f38 f86c3e5061424f158e96a6531582e006 - - default default] Tap Mirror: Handle Delete Port: 5da40018-b61e-4a1a-9458-560c10ac598b
2026-04-30 15:39:16.198 7 WARNING neutron.scheduler.dhcp_agent_scheduler [None req-59ad3430-6dbc-4fb3-ad2b-cb2791f49dab eea19b8c083843d0bb3f599dc188241a b8085b92870c4693a025ddca132637ae - - default default] No more DHCP agents
