2026-04-30 15:40:27.663 7 INFO neutron.db.ovn_revision_numbers_db [None req-c4601b48-ebae-4835-9ce0-ab02dd0db548 157b24052e144777920dabd9424379e5 5e2f27c426af4b1097777897a216aaee - - default default] Successfully bumped revision number for resource 5d188c6e-eeaa-4697-941b-6f3081b34441 (type: ports) to 1 [pid: 8|app: 0|req: 1186/2282] 10.0.0.124 () {34 vars in 788 bytes} [Thu Apr 30 15:40:26 2026] PUT /v2.0/routers/dada53b8-ea96-4b60-a841-e5306b88a208/remove_router_interface => generated 310 bytes in 996 msecs (HTTP/1.1 200) 4 headers in 157 bytes (1 switches on core 0) /var/lib/openstack/lib/python3.12/site-packages/pycadf/identifier.py:70: UserWarning: Invalid uuid: neutron. To ensure interoperability, identifiers should be a valid uuid. warnings.warn(('Invalid uuid: %s. To ensure interoperability, ' [pid: 7|app: 0|req: 1097/2283] 10.0.0.124 () {34 vars in 669 bytes} [Thu Apr 30 15:40:27 2026] POST /v2.0/networks => generated 670 bytes in 536 msecs (HTTP/1.1 201) 4 headers in 162 bytes (1 switches on core 0) [pid: 8|app: 0|req: 1187/2284] 10.0.0.179 () {34 vars in 989 bytes} [Thu Apr 30 15:40:27 2026] GET /v2.0/ports?device_id=5d96e60a-8e82-4dcf-972f-ab89c66fe152 => generated 971 bytes in 79 msecs (HTTP/1.1 200) 4 headers in 157 bytes (1 switches on core 0)
2026-04-30 15:40:27.831 8 INFO neutron.db.segments_db [None req-90657b69-afa0-4f26-ab7f-3bbff33009c8 157b24052e144777920dabd9424379e5 5e2f27c426af4b1097777897a216aaee - - default default] Added segment fde8127c-c994-451e-958b-341054a22737 of type geneve for network b4040d31-0e9e-4ffd-8386-39d4a59943b1
2026-04-30 15:40:27.930 8 INFO neutron.db.ovn_revision_numbers_db [None req-90657b69-afa0-4f26-ab7f-3bbff33009c8 157b24052e144777920dabd9424379e5 5e2f27c426af4b1097777897a216aaee - - default default] Successfully bumped revision number for resource b4040d31-0e9e-4ffd-8386-39d4a59943b1 (type: networks) to 1
2026-04-30 15:40:28.032 7 INFO neutron_taas.services.taas.taas_plugin [None req-27b7e43d-31cd-451f-83fb-5acf699e6145 c44ab698df464ea48ebb6190ea691ad4 f6bbed303e124e378be579a882547784 - - default default] TaaS: Handle Delete Port: 26dd25f0-e569-41fe-875a-8327db3ad689
2026-04-30 15:40:28.035 7 INFO neutron_taas.services.taas.tap_mirror_plugin [None req-27b7e43d-31cd-451f-83fb-5acf699e6145 c44ab698df464ea48ebb6190ea691ad4 f6bbed303e124e378be579a882547784 - - default default] Tap Mirror: Handle Delete Port: 26dd25f0-e569-41fe-875a-8327db3ad689
2026-04-30 15:40:28.094 8 WARNING neutron.scheduler.dhcp_agent_scheduler [None req-90657b69-afa0-4f26-ab7f-3bbff33009c8 157b24052e144777920dabd9424379e5 5e2f27c426af4b1097777897a216aaee - - default default] No more DHCP agents
2026-04-30 15:40:28.096 8 WARNING neutron.api.rpc.agentnotifiers.dhcp_rpc_agent_api [None req-90657b69-afa0-4f26-ab7f-3bbff33009c8 157b24052e144777920dabd9424379e5 5e2f27c426af4b1097777897a216aaee - - default default] Unable to schedule network b4040d31-0e9e-4ffd-8386-39d4a59943b1: no agents available; will retry on subsequent port and subnet creation events.
2026-04-30 15:40:28.150 8 INFO neutron.plugins.ml2.drivers.ovn.mech_driver.mech_driver [None req-c9a01cf8-1b67-4ffc-b53b-55a5f50bb01d - - - - - -] OVN reports status down for port: 202236ca-ebf2-4d51-996f-6a0dc0bea1db
2026-04-30 15:40:28.228 8 INFO neutron.db.ovn_revision_numbers_db [None req-90657b69-afa0-4f26-ab7f-3bbff33009c8 157b24052e144777920dabd9424379e5 5e2f27c426af4b1097777897a216aaee - - default default] Successfully bumped revision number for resource 202236ca-ebf2-4d51-996f-6a0dc0bea1db (type: ports) to 1 [pid: 8|app: 0|req: 1188/2285] 10.0.0.124 () {34 vars in 669 bytes} [Thu Apr 30 15:40:27 2026] POST /v2.0/networks => generated 669 bytes in 553 msecs (HTTP/1.1 201) 4 headers in 162 bytes (1 switches on core 0) [pid: 8|app: 0|req: 1189/2286] 10.0.0.179 () {34 vars in 1039 bytes} [Thu Apr 30 15:40:28 2026] GET /v2.0/security-groups?id=744ca23e-bf21-44d5-aaf7-441a23d26dee&fields=id&fields=name => generated 113 bytes in 29 msecs (HTTP/1.1 200) 4 headers in 157 bytes (1 switches on core 0) [pid: 8|app: 0|req: 1190/2287] 10.0.0.124 () {34 vars in 752 bytes} [Thu Apr 30 15:40:28 2026] PUT /v2.0/networks/41d9f771-3a44-4ace-b5dd-db3ecb2af3c5/tags => generated 17 bytes in 57 msecs (HTTP/1.1 200) 4 headers in 156 bytes (1 switches on core 0) [pid: 7|app: 0|req: 1098/2288] 10.0.0.124 () {32 vars in 723 bytes} [Thu Apr 30 15:40:27 2026] DELETE /v2.0/routers/dada53b8-ea96-4b60-a841-e5306b88a208 => generated 0 bytes in 758 msecs (HTTP/1.1 204) 2 headers in 112 bytes (1 switches on core 0) [pid: 8|app: 0|req: 1191/2289] 10.0.0.124 () {34 vars in 752 bytes} [Thu Apr 30 15:40:28 2026] PUT /v2.0/networks/9429be7c-c5bd-4980-aa2f-beb40ba4036c/tags => generated 25 bytes in 86 msecs (HTTP/1.1 200) 4 headers in 156 bytes (1 switches on core 0) [pid: 8|app: 0|req: 1192/2290] 10.0.0.124 () {34 vars in 752 bytes} [Thu Apr 30 15:40:28 2026] PUT /v2.0/networks/2725bc22-e844-4e4d-a266-7058b7bd4a64/tags => generated 34 bytes in 64 msecs (HTTP/1.1 200) 4 headers in 156 bytes (1 switches on core 0)
2026-04-30 15:40:28.613 8 INFO neutron.plugins.ml2.drivers.ovn.mech_driver.mech_driver [None req-c9a01cf8-1b67-4ffc-b53b-55a5f50bb01d - - - - - -] OVN reports status down for port: e52f4063-79d9-4e47-ab16-98c5728f3cbd [pid: 7|app: 0|req: 1099/2291] 10.0.0.124 () {32 vars in 723 bytes} [Thu Apr 30 15:40:28 2026] DELETE /v2.0/subnets/74e1f338-28b5-494d-8a57-235735911b31 => generated 0 bytes in 176 msecs (HTTP/1.1 204) 3 headers in 131 bytes (1 switches on core 0) [pid: 8|app: 0|req: 1193/2292] 10.0.0.124 () {34 vars in 752 bytes} [Thu Apr 30 15:40:28 2026] PUT /v2.0/networks/39dc29c0-7a96-478a-9dde-01b64b3eca38/tags => generated 19 bytes in 128 msecs (HTTP/1.1 200) 4 headers in 156 bytes (1 switches on core 0)
2026-04-30 15:40:28.775 7 INFO neutron_taas.services.taas.taas_plugin [None req-831862a4-5e01-4865-bda5-52b50b71ae2c c44ab698df464ea48ebb6190ea691ad4 f6bbed303e124e378be579a882547784 - - default default] TaaS: Handle Delete Port: 02e9883d-119f-4499-a9c1-647594273603
2026-04-30 15:40:28.779 7 INFO neutron_taas.services.taas.tap_mirror_plugin [None req-831862a4-5e01-4865-bda5-52b50b71ae2c c44ab698df464ea48ebb6190ea691ad4 f6bbed303e124e378be579a882547784 - - default default] Tap Mirror: Handle Delete Port: 02e9883d-119f-4499-a9c1-647594273603
2026-04-30 15:40:28.815 8 INFO neutron.notifiers.nova [-] Nova event matching ['req-f8a49dfe-a7f9-491d-b696-1a204724ea3d'] response: {'server_uuid': '5d96e60a-8e82-4dcf-972f-ab89c66fe152', 'name': 'network-vif-unplugged', 'status': 'completed', 'tag': 'e52f4063-79d9-4e47-ab16-98c5728f3cbd', 'code': 200} [pid: 8|app: 0|req: 1194/2293] 10.0.0.124 () {32 vars in 665 bytes} [Thu Apr 30 15:40:28 2026] GET /v2.0/networks?tags=red => generated 1989 bytes in 125 msecs (HTTP/1.1 200) 4 headers in 158 bytes (1 switches on core 0) [pid: 8|app: 0|req: 1195/2294] 10.0.0.124 () {32 vars in 679 bytes} [Thu Apr 30 15:40:28 2026] GET /v2.0/networks?tags=red%2Cblue => generated 1338 bytes in 100 msecs (HTTP/1.1 200) 4 headers in 158 bytes (1 switches on core 0)
2026-04-30 15:40:28.961 7 INFO neutron.services.segments.plugin [-] Segment e556bb2f-ef10-41f6-abbf-49691ed94912 resource provider aggregate not found
2026-04-30 15:40:28.965 7 INFO neutron.services.segments.plugin [-] Segment e556bb2f-ef10-41f6-abbf-49691ed94912 resource provider aggregate not found
2026-04-30 15:40:28.987 7 INFO neutron.services.segments.plugin [-] Segment e556bb2f-ef10-41f6-abbf-49691ed94912 resource provider not found; error: Placement Client Error (4xx): {"errors": [{"status": 404, "title": "Not Found", "detail": "The resource could not be found.\n\n No resource provider with uuid e556bb2f-ef10-41f6-abbf-49691ed94912 found for delete ", "request_id": "req-659add66-8f3c-48b0-99e9-c137473ee9dd"}]}
2026-04-30 15:40:28.988 7 INFO neutron.services.segments.plugin [-] Segment e556bb2f-ef10-41f6-abbf-49691ed94912 resource provider not found; error: Placement Client Error (4xx): {"errors": [{"status": 404, "title": "Not Found", "detail": "The resource could not be found.\n\n No resource provider with uuid e556bb2f-ef10-41f6-abbf-49691ed94912 found for delete ", "request_id": "req-29a5644e-7b52-4782-ab4f-218b2aa52e85"}]} [pid: 8|app: 0|req: 1196/2295] 10.0.0.124 () {32 vars in 675 bytes} [Thu Apr 30 15:40:28 2026] GET /v2.0/networks?tags-any=blue => generated 1338 bytes in 83 msecs (HTTP/1.1 200) 4 headers in 158 bytes (1 switches on core 0) [pid: 7|app: 0|req: 1100/2296] 10.0.0.124 () {32 vars in 725 bytes} [Thu Apr 30 15:40:28 2026] DELETE /v2.0/networks/f2ca4868-4357-411c-82c1-0cda50528c03 => generated 0 bytes in 374 msecs (HTTP/1.1 204) 3 headers in 131 bytes (1 switches on core 0)
2026-04-30 15:40:29.102 8 INFO neutron.db.ovn_revision_numbers_db [None req-c9a01cf8-1b67-4ffc-b53b-55a5f50bb01d - - - - - -] Successfully bumped revision number for resource e52f4063-79d9-4e47-ab16-98c5728f3cbd (type: ports) to 6 [pid: 8|app: 0|req: 1197/2297] 10.0.0.124 () {32 vars in 687 bytes} [Thu Apr 30 15:40:29 2026] GET /v2.0/networks?tags-any=red%2Cblue => generated 1989 bytes in 90 msecs (HTTP/1.1 200) 4 headers in 158 bytes (1 switches on core 0) [pid: 8|app: 0|req: 1198/2298] 10.0.0.124 () {32 vars in 673 bytes} [Thu Apr 30 15:40:29 2026] GET /v2.0/networks?not-tags=red => generated 1987 bytes in 116 msecs (HTTP/1.1 200) 4 headers in 158 bytes (1 switches on core 0) /var/lib/openstack/lib/python3.12/site-packages/pycadf/identifier.py:70: UserWarning: Invalid uuid: neutron. To ensure interoperability, identifiers should be a valid uuid. warnings.warn(('Invalid uuid: %s. To ensure interoperability, '
2026-04-30 15:40:29.296 7 INFO neutron_taas.services.taas.taas_plugin [None req-6f77ae43-803a-4c89-b996-98b65792b7ba c44ab698df464ea48ebb6190ea691ad4 f6bbed303e124e378be579a882547784 - - default default] TaaS: Handle Delete Port: 66ddaaa0-b717-4dda-965c-13eaf7143f8b [pid: 8|app: 0|req: 1199/2299] 10.0.0.124 () {32 vars in 687 bytes} [Thu Apr 30 15:40:29 2026] GET /v2.0/networks?not-tags=red%2Cblue => generated 2638 bytes in 68 msecs (HTTP/1.1 200) 4 headers in 158 bytes (1 switches on core 0)
2026-04-30 15:40:29.299 7 INFO neutron_taas.services.taas.tap_mirror_plugin [None req-6f77ae43-803a-4c89-b996-98b65792b7ba c44ab698df464ea48ebb6190ea691ad4 f6bbed303e124e378be579a882547784 - - default default] Tap Mirror: Handle Delete Port: 66ddaaa0-b717-4dda-965c-13eaf7143f8b [pid: 8|app: 0|req: 1200/2300] 10.0.0.124 () {32 vars in 683 bytes} [Thu Apr 30 15:40:29 2026] GET /v2.0/networks?not-tags-any=blue => generated 2638 bytes in 64 msecs (HTTP/1.1 200) 4 headers in 158 bytes (1 switches on core 0) [pid: 8|app: 0|req: 1201/2301] 10.0.0.124 () {32 vars in 695 bytes} [Thu Apr 30 15:40:29 2026] GET /v2.0/networks?not-tags-any=red%2Cblue => generated 1987 bytes in 50 msecs (HTTP/1.1 200) 4 headers in 158 bytes (1 switches on core 0) [pid: 8|app: 0|req: 1202/2302] 10.0.0.179 () {34 vars in 989 bytes} [Thu Apr 30 15:40:29 2026] GET /v2.0/ports?device_id=5d96e60a-8e82-4dcf-972f-ab89c66fe152 => generated 969 bytes in 36 msecs (HTTP/1.1 200) 4 headers in 157 bytes (1 switches on core 0)
2026-04-30 15:40:29.586 8 INFO neutron_taas.services.taas.taas_plugin [None req-8eba214f-c903-4dd1-a20d-805ef9fb4f25 157b24052e144777920dabd9424379e5 5e2f27c426af4b1097777897a216aaee - - default default] TaaS: Handle Delete Port: 99eaba99-fdb2-43c9-ae51-b20cba2f23dd
2026-04-30 15:40:29.590 8 INFO neutron_taas.services.taas.tap_mirror_plugin [None req-8eba214f-c903-4dd1-a20d-805ef9fb4f25 157b24052e144777920dabd9424379e5 5e2f27c426af4b1097777897a216aaee - - default default] Tap Mirror: Handle Delete Port: 99eaba99-fdb2-43c9-ae51-b20cba2f23dd
2026-04-30 15:40:29.755 8 INFO neutron.services.segments.plugin [-] Segment a3c149da-14ea-4b7d-9577-c8475d0b4985 resource provider aggregate not found
2026-04-30 15:40:29.761 8 INFO neutron.services.segments.plugin [-] Segment a3c149da-14ea-4b7d-9577-c8475d0b4985 resource provider aggregate not found
2026-04-30 15:40:29.784 8 INFO neutron.services.segments.plugin [-] Segment a3c149da-14ea-4b7d-9577-c8475d0b4985 resource provider not found; error: Placement Client Error (4xx): {"errors": [{"status": 404, "title": "Not Found", "detail": "The resource could not be found.\n\n No resource provider with uuid a3c149da-14ea-4b7d-9577-c8475d0b4985 found for delete ", "request_id": "req-27cd0095-019f-4e9f-a8d5-d3773a2d6a34"}]}
2026-04-30 15:40:29.784 8 INFO neutron.services.segments.plugin [-] Segment a3c149da-14ea-4b7d-9577-c8475d0b4985 resource provider not found; error: Placement Client Error (4xx): {"errors": [{"status": 404, "title": "Not Found", "detail": "The resource could not be found.\n\n No resource provider with uuid a3c149da-14ea-4b7d-9577-c8475d0b4985 found for delete ", "request_id": "req-e8f4fe3d-c2df-45d7-bee1-e03fa33f10cb"}]} [pid: 8|app: 0|req: 1203/2303] 10.0.0.124 () {32 vars in 725 bytes} [Thu Apr 30 15:40:29 2026] DELETE /v2.0/networks/41d9f771-3a44-4ace-b5dd-db3ecb2af3c5 => generated 0 bytes in 346 msecs (HTTP/1.1 204) 3 headers in 131 bytes (1 switches on core 0) [pid: 8|app: 0|req: 1204/2304] 10.0.0.179 () {34 vars in 1039 bytes} [Thu Apr 30 15:40:29 2026] GET /v2.0/security-groups?id=744ca23e-bf21-44d5-aaf7-441a23d26dee&fields=id&fields=name => generated 113 bytes in 23 msecs (HTTP/1.1 200) 4 headers in 157 bytes (1 switches on core 0) [pid: 8|app: 0|req: 1205/2305] 199.204.45.138 () {34 vars in 993 bytes} [Thu Apr 30 15:40:29 2026] GET /v2.0/ports?device_id=5d96e60a-8e82-4dcf-972f-ab89c66fe152 => generated 969 bytes in 32 msecs (HTTP/1.1 200) 4 headers in 157 bytes (1 switches on core 0) [pid: 7|app: 0|req: 1101/2306] 10.0.0.124 () {34 vars in 788 bytes} [Thu Apr 30 15:40:29 2026] PUT /v2.0/routers/51b0d398-14d4-4b7c-bf9f-c2ef4b65e28a/remove_router_interface => generated 310 bytes in 938 msecs (HTTP/1.1 200) 4 headers in 157 bytes (1 switches on core 0) /var/lib/openstack/lib/python3.12/site-packages/pycadf/identifier.py:70: UserWarning: Invalid uuid: neutron. To ensure interoperability, identifiers should be a valid uuid. warnings.warn(('Invalid uuid: %s. To ensure interoperability, '
2026-04-30 15:40:29.995 8 INFO neutron_taas.services.taas.taas_plugin [None req-68bfbfdf-27ce-4c27-a2c4-f0f3e4885216 157b24052e144777920dabd9424379e5 5e2f27c426af4b1097777897a216aaee - - default default] TaaS: Handle Delete Port: 3a37233c-1de3-437f-a427-f7654c8a9d1f
2026-04-30 15:40:29.998 8 INFO neutron_taas.services.taas.tap_mirror_plugin [None req-68bfbfdf-27ce-4c27-a2c4-f0f3e4885216 157b24052e144777920dabd9424379e5 5e2f27c426af4b1097777897a216aaee - - default default] Tap Mirror: Handle Delete Port: 3a37233c-1de3-437f-a427-f7654c8a9d1f
2026-04-30 15:40:30.148 7 INFO neutron_taas.services.taas.taas_plugin [req-1a8bfd53-2475-4bd6-a7c0-c3318c4a26e6 req-64374789-95d0-4dfc-b250-ba343fdf4210 4e1d28ca29b74bf1ae114fd053fe81bd c4d6d78855d24174befe156f5dab5f68 - - default default] TaaS: Handle Delete Port: e52f4063-79d9-4e47-ab16-98c5728f3cbd
2026-04-30 15:40:30.151 7 INFO neutron_taas.services.taas.tap_mirror_plugin [req-1a8bfd53-2475-4bd6-a7c0-c3318c4a26e6 req-64374789-95d0-4dfc-b250-ba343fdf4210 4e1d28ca29b74bf1ae114fd053fe81bd c4d6d78855d24174befe156f5dab5f68 - - default default] Tap Mirror: Handle Delete Port: e52f4063-79d9-4e47-ab16-98c5728f3cbd [pid: 8|app: 0|req: 1206/2307] 10.0.0.124 () {32 vars in 725 bytes} [Thu Apr 30 15:40:29 2026] DELETE /v2.0/networks/9429be7c-c5bd-4980-aa2f-beb40ba4036c => generated 0 bytes in 349 msecs (HTTP/1.1 204) 3 headers in 131 bytes (1 switches on core 0)
2026-04-30 15:40:30.339 7 INFO neutron.db.l3_db [req-1a8bfd53-2475-4bd6-a7c0-c3318c4a26e6 req-64374789-95d0-4dfc-b250-ba343fdf4210 4e1d28ca29b74bf1ae114fd053fe81bd c4d6d78855d24174befe156f5dab5f68 - - default default] Floating IP ba3a3bc4-b547-4f46-bb24-ad14af63df0d disassociated. External IP: 10.96.250.201, port: e52f4063-79d9-4e47-ab16-98c5728f3cbd. [pid: 7|app: 0|req: 1102/2308] 199.204.45.138 () {36 vars in 996 bytes} [Thu Apr 30 15:40:29 2026] DELETE /v2.0/ports/e52f4063-79d9-4e47-ab16-98c5728f3cbd => generated 0 bytes in 519 msecs (HTTP/1.1 204) 3 headers in 131 bytes (1 switches on core 0) /var/lib/openstack/lib/python3.12/site-packages/pycadf/identifier.py:70: UserWarning: Invalid uuid: neutron. To ensure interoperability, identifiers should be a valid uuid. warnings.warn(('Invalid uuid: %s. To ensure interoperability, '
2026-04-30 15:40:30.524 7 INFO neutron.notifiers.nova [-] Nova event matching ['req-bd5615e9-fd5c-47ac-9493-2a08d468b371'] response: {'server_uuid': '5d96e60a-8e82-4dcf-972f-ab89c66fe152', 'name': 'network-vif-deleted', 'tag': 'e52f4063-79d9-4e47-ab16-98c5728f3cbd', 'status': 'completed', 'code': 200}
2026-04-30 15:40:30.544 8 INFO neutron_taas.services.taas.taas_plugin [None req-920dfd0d-7590-4913-b153-caad2699a74f c44ab698df464ea48ebb6190ea691ad4 f6bbed303e124e378be579a882547784 - - default default] TaaS: Handle Delete Port: 7cb30e2b-6e0e-44c4-9372-5b55faf04e37
2026-04-30 15:40:30.547 8 INFO neutron_taas.services.taas.tap_mirror_plugin [None req-920dfd0d-7590-4913-b153-caad2699a74f c44ab698df464ea48ebb6190ea691ad4 f6bbed303e124e378be579a882547784 - - default default] Tap Mirror: Handle Delete Port: 7cb30e2b-6e0e-44c4-9372-5b55faf04e37
2026-04-30 15:40:30.613 7 INFO neutron_taas.services.taas.taas_plugin [None req-3b87ed39-841b-44c0-9762-a9eb1e5e4e2a 157b24052e144777920dabd9424379e5 5e2f27c426af4b1097777897a216aaee - - default default] TaaS: Handle Delete Port: 11fd1d65-b273-4349-9537-a527692251bd
2026-04-30 15:40:30.616 7 INFO neutron_taas.services.taas.tap_mirror_plugin [None req-3b87ed39-841b-44c0-9762-a9eb1e5e4e2a 157b24052e144777920dabd9424379e5 5e2f27c426af4b1097777897a216aaee - - default default] Tap Mirror: Handle Delete Port: 11fd1d65-b273-4349-9537-a527692251bd [pid: 7|app: 0|req: 1103/2309] 10.0.0.124 () {32 vars in 725 bytes} [Thu Apr 30 15:40:30 2026] DELETE /v2.0/networks/2725bc22-e844-4e4d-a266-7058b7bd4a64 => generated 0 bytes in 382 msecs (HTTP/1.1 204) 3 headers in 131 bytes (1 switches on core 0)
2026-04-30 15:40:30.871 8 INFO neutron.notifiers.nova [-] Nova event matching ['req-a7b23741-2d9f-4588-8258-39769f5dd520'] response: {'server_uuid': '5d96e60a-8e82-4dcf-972f-ab89c66fe152', 'name': 'network-vif-unplugged', 'status': 'completed', 'tag': 'e52f4063-79d9-4e47-ab16-98c5728f3cbd', 'code': 200} [pid: 8|app: 0|req: 1207/2310] 10.0.0.124 () {32 vars in 723 bytes} [Thu Apr 30 15:40:30 2026] DELETE /v2.0/routers/51b0d398-14d4-4b7c-bf9f-c2ef4b65e28a => generated 0 bytes in 737 msecs (HTTP/1.1 204) 2 headers in 112 bytes (1 switches on core 0) [pid: 8|app: 0|req: 1208/2311] 10.0.0.179 () {34 vars in 989 bytes} [Thu Apr 30 15:40:30 2026] GET /v2.0/ports?device_id=5d96e60a-8e82-4dcf-972f-ab89c66fe152 => generated 12 bytes in 35 msecs (HTTP/1.1 200) 4 headers in 156 bytes (1 switches on core 0)
2026-04-30 15:40:31.013 7 INFO neutron.services.segments.plugin [-] Segment 3763900e-548a-4802-9959-953662714b15 resource provider aggregate not found
2026-04-30 15:40:31.025 7 INFO neutron.services.segments.plugin [-] Segment 3763900e-548a-4802-9959-953662714b15 resource provider aggregate not found
2026-04-30 15:40:31.049 7 INFO neutron.services.segments.plugin [-] Segment 3763900e-548a-4802-9959-953662714b15 resource provider not found; error: Placement Client Error (4xx): {"errors": [{"status": 404, "title": "Not Found", "detail": "The resource could not be found.\n\n No resource provider with uuid 3763900e-548a-4802-9959-953662714b15 found for delete ", "request_id": "req-f3ca34d1-a902-4ec4-97c6-c739bcbe7f10"}]}
2026-04-30 15:40:31.055 7 INFO neutron.services.segments.plugin [-] Segment 3763900e-548a-4802-9959-953662714b15 resource provider not found; error: Placement Client Error (4xx): {"errors": [{"status": 404, "title": "Not Found", "detail": "The resource could not be found.\n\n No resource provider with uuid 3763900e-548a-4802-9959-953662714b15 found for delete ", "request_id": "req-a4181b65-ecd9-4480-a462-b9f3352fe912"}]}
2026-04-30 15:40:31.089 7 INFO neutron_taas.services.taas.taas_plugin [None req-9583c84a-5397-46ef-8adc-1ff03c178ab0 157b24052e144777920dabd9424379e5 5e2f27c426af4b1097777897a216aaee - - default default] TaaS: Handle Delete Port: 5d188c6e-eeaa-4697-941b-6f3081b34441
2026-04-30 15:40:31.094 7 INFO neutron_taas.services.taas.tap_mirror_plugin [None req-9583c84a-5397-46ef-8adc-1ff03c178ab0 157b24052e144777920dabd9424379e5 5e2f27c426af4b1097777897a216aaee - - default default] Tap Mirror: Handle Delete Port: 5d188c6e-eeaa-4697-941b-6f3081b34441 [pid: 8|app: 0|req: 1209/2312] 10.0.0.124 () {32 vars in 723 bytes} [Thu Apr 30 15:40:30 2026] DELETE /v2.0/subnets/a46d8a1b-e3e4-4ea6-aa74-be1fecc6f325 => generated 0 bytes in 191 msecs (HTTP/1.1 204) 3 headers in 131 bytes (1 switches on core 0)
2026-04-30 15:40:31.340 8 INFO neutron_taas.services.taas.taas_plugin [None req-4b746cf5-4d77-4f47-8e55-77b818dcfe4b c44ab698df464ea48ebb6190ea691ad4 f6bbed303e124e378be579a882547784 - - default default] TaaS: Handle Delete Port: c616cd6d-4472-4694-b97d-bab6523698da
2026-04-30 15:40:31.347 8 INFO neutron_taas.services.taas.tap_mirror_plugin [None req-4b746cf5-4d77-4f47-8e55-77b818dcfe4b c44ab698df464ea48ebb6190ea691ad4 f6bbed303e124e378be579a882547784 - - default default] Tap Mirror: Handle Delete Port: c616cd6d-4472-4694-b97d-bab6523698da [pid: 7|app: 0|req: 1104/2313] 10.0.0.124 () {32 vars in 725 bytes} [Thu Apr 30 15:40:30 2026] DELETE /v2.0/networks/39dc29c0-7a96-478a-9dde-01b64b3eca38 => generated 0 bytes in 487 msecs (HTTP/1.1 204) 3 headers in 131 bytes (1 switches on core 0)
2026-04-30 15:40:31.513 7 INFO neutron_taas.services.taas.taas_plugin [None req-fb69d481-cd4b-4fb6-a48b-2ae7b5661267 157b24052e144777920dabd9424379e5 5e2f27c426af4b1097777897a216aaee - - default default] TaaS: Handle Delete Port: 202236ca-ebf2-4d51-996f-6a0dc0bea1db
2026-04-30 15:40:31.517 7 INFO neutron_taas.services.taas.tap_mirror_plugin [None req-fb69d481-cd4b-4fb6-a48b-2ae7b5661267 157b24052e144777920dabd9424379e5 5e2f27c426af4b1097777897a216aaee - - default default] Tap Mirror: Handle Delete Port: 202236ca-ebf2-4d51-996f-6a0dc0bea1db [pid: 8|app: 0|req: 1210/2314] 10.0.0.124 () {32 vars in 725 bytes} [Thu Apr 30 15:40:31 2026] DELETE /v2.0/networks/88b7598e-2525-42c2-9bbc-51f2986d5ced => generated 0 bytes in 431 msecs (HTTP/1.1 204) 3 headers in 131 bytes (1 switches on core 0) [pid: 7|app: 0|req: 1105/2315] 10.0.0.124 () {32 vars in 725 bytes} [Thu Apr 30 15:40:31 2026] DELETE /v2.0/networks/b4040d31-0e9e-4ffd-8386-39d4a59943b1 => generated 0 bytes in 409 msecs (HTTP/1.1 204) 3 headers in 131 bytes (1 switches on core 0)
2026-04-30 15:40:31.808 8 INFO neutron.services.segments.plugin [-] Segment dd3c22bc-6e3c-4148-9d04-d3e1656a6867 resource provider aggregate not found
2026-04-30 15:40:31.813 8 INFO neutron.services.segments.plugin [-] Segment dd3c22bc-6e3c-4148-9d04-d3e1656a6867 resource provider aggregate not found
2026-04-30 15:40:31.827 8 INFO neutron.services.segments.plugin [-] Segment dd3c22bc-6e3c-4148-9d04-d3e1656a6867 resource provider not found; error: Placement Client Error (4xx): {"errors": [{"status": 404, "title": "Not Found", "detail": "The resource could not be found.\n\n No resource provider with uuid dd3c22bc-6e3c-4148-9d04-d3e1656a6867 found for delete ", "request_id": "req-700af404-6fda-4848-96b7-2bbeda4f0b0c"}]}
2026-04-30 15:40:31.837 8 INFO neutron.services.segments.plugin [-] Segment dd3c22bc-6e3c-4148-9d04-d3e1656a6867 resource provider not found; error: Placement Client Error (4xx): {"errors": [{"status": 404, "title": "Not Found", "detail": "The resource could not be found.\n\n No resource provider with uuid dd3c22bc-6e3c-4148-9d04-d3e1656a6867 found for delete ", "request_id": "req-021c7ef1-9989-4b22-b95a-f25ca842be10"}]}
2026-04-30 15:40:31.850 8 INFO neutron.services.segments.plugin [-] Segment ed12f507-f10f-46e8-a342-31d5a10ad30c resource provider aggregate not found
2026-04-30 15:40:31.855 8 INFO neutron.services.segments.plugin [-] Segment ed12f507-f10f-46e8-a342-31d5a10ad30c resource provider aggregate not found
2026-04-30 15:40:31.870 8 INFO neutron.services.segments.plugin [-] Segment ed12f507-f10f-46e8-a342-31d5a10ad30c resource provider not found; error: Placement Client Error (4xx): {"errors": [{"status": 404, "title": "Not Found", "detail": "The resource could not be found.\n\n No resource provider with uuid ed12f507-f10f-46e8-a342-31d5a10ad30c found for delete ", "request_id": "req-8e54f392-ba95-4c5f-9a45-22b8fb54b60c"}]}
2026-04-30 15:40:31.873 8 INFO neutron.services.segments.plugin [-] Segment ed12f507-f10f-46e8-a342-31d5a10ad30c resource provider not found; error: Placement Client Error (4xx): {"errors": [{"status": 404, "title": "Not Found", "detail": "The resource could not be found.\n\n No resource provider with uuid ed12f507-f10f-46e8-a342-31d5a10ad30c found for delete ", "request_id": "req-b7ca30e5-a4b9-45e2-aba8-0293baa314d8"}]}
2026-04-30 15:40:31.936 8 WARNING neutron.db.securitygroups_db [None req-c9395d8f-870b-4810-aa0c-41e64a5240ed c44ab698df464ea48ebb6190ea691ad4 f6bbed303e124e378be579a882547784 - - default default] project_id key not found in filters, using tenant_id instead. This support has been deprecated and will be removed in a future release. [pid: 8|app: 0|req: 1211/2316] 10.0.0.124 () {32 vars in 773 bytes} [Thu Apr 30 15:40:31 2026] GET /v2.0/security-groups?tenant_id=bdec31bf3a584b7e96741035dd09bcb4&name=default => generated 2925 bytes in 39 msecs (HTTP/1.1 200) 4 headers in 158 bytes (1 switches on core 0) [pid: 8|app: 0|req: 1212/2317] 10.0.0.179 () {34 vars in 989 bytes} [Thu Apr 30 15:40:32 2026] GET /v2.0/ports?device_id=5d96e60a-8e82-4dcf-972f-ab89c66fe152 => generated 12 bytes in 45 msecs (HTTP/1.1 200) 4 headers in 156 bytes (1 switches on core 0) [pid: 7|app: 0|req: 1106/2318] 10.0.0.124 () {32 vars in 739 bytes} [Thu Apr 30 15:40:31 2026] DELETE /v2.0/security-groups/f2fdb7a8-ee16-4760-8d4e-fc69f551add9 => generated 0 bytes in 189 msecs (HTTP/1.1 204) 2 headers in 112 bytes (1 switches on core 0)
2026-04-30 15:40:32.351 8 WARNING neutron.db.securitygroups_db [None req-78e58cb9-5061-4aac-8500-1950ab429403 c44ab698df464ea48ebb6190ea691ad4 f6bbed303e124e378be579a882547784 - - default default] project_id key not found in filters, using tenant_id instead. This support has been deprecated and will be removed in a future release. [pid: 8|app: 0|req: 1213/2319] 10.0.0.124 () {32 vars in 773 bytes} [Thu Apr 30 15:40:32 2026] GET /v2.0/security-groups?tenant_id=01102844f218479093a92ffffd27afd4&name=default => generated 2925 bytes in 41 msecs (HTTP/1.1 200) 4 headers in 158 bytes (1 switches on core 0) [pid: 7|app: 0|req: 1107/2320] 10.0.0.124 () {32 vars in 739 bytes} [Thu Apr 30 15:40:32 2026] DELETE /v2.0/security-groups/c6b23892-9a1b-4c5d-b034-48a19f34ccb0 => generated 0 bytes in 221 msecs (HTTP/1.1 204) 2 headers in 112 bytes (1 switches on core 0)
2026-04-30 15:40:32.800 8 WARNING neutron.db.securitygroups_db [None req-83306211-5f70-4079-9341-9e6fe8c6c88c c44ab698df464ea48ebb6190ea691ad4 f6bbed303e124e378be579a882547784 - - default default] project_id key not found in filters, using tenant_id instead. This support has been deprecated and will be removed in a future release.
2026-04-30 15:40:32.950 8 INFO neutron.db.ovn_revision_numbers_db [None req-83306211-5f70-4079-9341-9e6fe8c6c88c c44ab698df464ea48ebb6190ea691ad4 f6bbed303e124e378be579a882547784 - - default default] Successfully bumped revision number for resource 223ae44b-67ea-46ca-9470-c3b6bbc696fd (type: security_groups) to 1
2026-04-30 15:40:32.977 8 INFO neutron.db.ovn_revision_numbers_db [None req-83306211-5f70-4079-9341-9e6fe8c6c88c c44ab698df464ea48ebb6190ea691ad4 f6bbed303e124e378be579a882547784 - - default default] Successfully bumped revision number for resource 00f7da7b-8b36-4d87-bb1e-2d431c37053a (type: security_group_rules) to 0
2026-04-30 15:40:32.989 8 INFO neutron.db.ovn_revision_numbers_db [None req-83306211-5f70-4079-9341-9e6fe8c6c88c c44ab698df464ea48ebb6190ea691ad4 f6bbed303e124e378be579a882547784 - - default default] Successfully bumped revision number for resource 9ea02dca-d48b-4a32-92c3-1a54edc1dce4 (type: security_group_rules) to 0
2026-04-30 15:40:32.999 8 INFO neutron.db.ovn_revision_numbers_db [None req-83306211-5f70-4079-9341-9e6fe8c6c88c c44ab698df464ea48ebb6190ea691ad4 f6bbed303e124e378be579a882547784 - - default default] Successfully bumped revision number for resource a4fed116-5971-4057-8087-fcea2efc521a (type: security_group_rules) to 0
2026-04-30 15:40:33.010 8 INFO neutron.db.ovn_revision_numbers_db [None req-83306211-5f70-4079-9341-9e6fe8c6c88c c44ab698df464ea48ebb6190ea691ad4 f6bbed303e124e378be579a882547784 - - default default] Successfully bumped revision number for resource e1a63b10-502d-45a4-8ef2-b17636dd301f (type: security_group_rules) to 0 [pid: 8|app: 0|req: 1214/2321] 10.0.0.124 () {32 vars in 773 bytes} [Thu Apr 30 15:40:32 2026] GET /v2.0/security-groups?tenant_id=d849078e1da9442ab9504b339cc5d54d&name=default => generated 2925 bytes in 432 msecs (HTTP/1.1 200) 4 headers in 158 bytes (1 switches on core 0)
2026-04-30 15:40:33.075 7 INFO neutron.services.segments.plugin [-] Segment 9eaf5a32-ddb7-4895-b4b9-1e4f4c7647ce resource provider aggregate not found
2026-04-30 15:40:33.084 7 INFO neutron.services.segments.plugin [-] Segment 9eaf5a32-ddb7-4895-b4b9-1e4f4c7647ce resource provider aggregate not found
2026-04-30 15:40:33.095 7 INFO neutron.services.segments.plugin [-] Segment 9eaf5a32-ddb7-4895-b4b9-1e4f4c7647ce resource provider not found; error: Placement Client Error (4xx): {"errors": [{"status": 404, "title": "Not Found", "detail": "The resource could not be found.\n\n No resource provider with uuid 9eaf5a32-ddb7-4895-b4b9-1e4f4c7647ce found for delete ", "request_id": "req-0b7de41b-49b5-4a8a-b18b-3a4d5c017c38"}]}
2026-04-30 15:40:33.105 7 INFO neutron.services.segments.plugin [-] Segment 9eaf5a32-ddb7-4895-b4b9-1e4f4c7647ce resource provider not found; error: Placement Client Error (4xx): {"errors": [{"status": 404, "title": "Not Found", "detail": "The resource could not be found.\n\n No resource provider with uuid 9eaf5a32-ddb7-4895-b4b9-1e4f4c7647ce found for delete ", "request_id": "req-0be6f780-a080-4634-b5fd-416b4493871b"}]}
2026-04-30 15:40:33.111 7 INFO neutron.services.segments.plugin [-] Segment fde8127c-c994-451e-958b-341054a22737 resource provider aggregate not found
2026-04-30 15:40:33.122 7 INFO neutron.services.segments.plugin [-] Segment fde8127c-c994-451e-958b-341054a22737 resource provider aggregate not found
2026-04-30 15:40:33.132 7 INFO neutron.services.segments.plugin [-] Segment fde8127c-c994-451e-958b-341054a22737 resource provider not found; error: Placement Client Error (4xx): {"errors": [{"status": 404, "title": "Not Found", "detail": "The resource could not be found.\n\n No resource provider with uuid fde8127c-c994-451e-958b-341054a22737 found for delete ", "request_id": "req-05675e3c-9eae-4af8-b7d9-6609c42237c3"}]}
2026-04-30 15:40:33.145 7 INFO neutron.services.segments.plugin [-] Segment fde8127c-c994-451e-958b-341054a22737 resource provider not found; error: Placement Client Error (4xx): {"errors": [{"status": 404, "title": "Not Found", "detail": "The resource could not be found.\n\n No resource provider with uuid fde8127c-c994-451e-958b-341054a22737 found for delete ", "request_id": "req-20cc3f6b-cb96-4246-a1da-b087c178dc85"}]} [pid: 8|app: 0|req: 1215/2322] 10.0.0.179 () {34 vars in 989 bytes} [Thu Apr 30 15:40:33 2026] GET /v2.0/ports?device_id=5d96e60a-8e82-4dcf-972f-ab89c66fe152 => generated 12 bytes in 23 msecs (HTTP/1.1 200) 4 headers in 156 bytes (1 switches on core 0) [pid: 7|app: 0|req: 1108/2323] 10.0.0.124 () {32 vars in 739 bytes} [Thu Apr 30 15:40:33 2026] DELETE /v2.0/security-groups/223ae44b-67ea-46ca-9470-c3b6bbc696fd => generated 0 bytes in 240 msecs (HTTP/1.1 204) 2 headers in 112 bytes (1 switches on core 0)
2026-04-30 15:40:33.394 8 WARNING neutron.db.securitygroups_db [None req-ca0c2536-963d-477d-9215-6b7b97f8095a c44ab698df464ea48ebb6190ea691ad4 f6bbed303e124e378be579a882547784 - - default default] project_id key not found in filters, using tenant_id instead. This support has been deprecated and will be removed in a future release. [pid: 8|app: 0|req: 1216/2324] 10.0.0.124 () {32 vars in 773 bytes} [Thu Apr 30 15:40:33 2026] GET /v2.0/security-groups?tenant_id=5e2f27c426af4b1097777897a216aaee&name=default => generated 2925 bytes in 25 msecs (HTTP/1.1 200) 4 headers in 158 bytes (1 switches on core 0) [pid: 7|app: 0|req: 1109/2325] 10.0.0.124 () {32 vars in 739 bytes} [Thu Apr 30 15:40:33 2026] DELETE /v2.0/security-groups/da3f74ef-ae5f-4b35-b617-1264ce1097a5 => generated 0 bytes in 172 msecs (HTTP/1.1 204) 2 headers in 112 bytes (1 switches on core 0)
2026-04-30 15:40:33.679 8 WARNING neutron.db.securitygroups_db [None req-7c366361-b1f2-4fe9-ad61-28d39122bbbf c44ab698df464ea48ebb6190ea691ad4 f6bbed303e124e378be579a882547784 - - default default] project_id key not found in filters, using tenant_id instead. This support has been deprecated and will be removed in a future release.
2026-04-30 15:40:33.819 8 INFO neutron.db.ovn_revision_numbers_db [None req-7c366361-b1f2-4fe9-ad61-28d39122bbbf c44ab698df464ea48ebb6190ea691ad4 f6bbed303e124e378be579a882547784 - - default default] Successfully bumped revision number for resource 817aa011-487a-49b8-8575-674cf62c39ff (type: security_groups) to 1
2026-04-30 15:40:33.830 8 INFO neutron.db.ovn_revision_numbers_db [None req-7c366361-b1f2-4fe9-ad61-28d39122bbbf c44ab698df464ea48ebb6190ea691ad4 f6bbed303e124e378be579a882547784 - - default default] Successfully bumped revision number for resource 13bf1bde-4c54-474a-99e0-897b57abb5aa (type: security_group_rules) to 0
2026-04-30 15:40:33.841 8 INFO neutron.db.ovn_revision_numbers_db [None req-7c366361-b1f2-4fe9-ad61-28d39122bbbf c44ab698df464ea48ebb6190ea691ad4 f6bbed303e124e378be579a882547784 - - default default] Successfully bumped revision number for resource 64c51666-502f-4bca-8c2f-71432a43048d (type: security_group_rules) to 0
2026-04-30 15:40:33.852 8 INFO neutron.db.ovn_revision_numbers_db [None req-7c366361-b1f2-4fe9-ad61-28d39122bbbf c44ab698df464ea48ebb6190ea691ad4 f6bbed303e124e378be579a882547784 - - default default] Successfully bumped revision number for resource ba49c31f-2676-4ac3-9f5a-d0d3569d0225 (type: security_group_rules) to 0
2026-04-30 15:40:33.864 8 INFO neutron.db.ovn_revision_numbers_db [None req-7c366361-b1f2-4fe9-ad61-28d39122bbbf c44ab698df464ea48ebb6190ea691ad4 f6bbed303e124e378be579a882547784 - - default default] Successfully bumped revision number for resource eeb23ed1-082e-4335-a774-7be85ae64535 (type: security_group_rules) to 0 [pid: 8|app: 0|req: 1217/2326] 10.0.0.124 () {32 vars in 773 bytes} [Thu Apr 30 15:40:33 2026] GET /v2.0/security-groups?tenant_id=90b0d742b5bd48eaaf80d19fcb5b5b4f&name=default => generated 2925 bytes in 228 msecs (HTTP/1.1 200) 4 headers in 158 bytes (1 switches on core 0) [pid: 7|app: 0|req: 1110/2327] 10.0.0.124 () {32 vars in 739 bytes} [Thu Apr 30 15:40:33 2026] DELETE /v2.0/security-groups/817aa011-487a-49b8-8575-674cf62c39ff => generated 0 bytes in 165 msecs (HTTP/1.1 204) 2 headers in 112 bytes (1 switches on core 0) [pid: 8|app: 0|req: 1218/2328] 10.0.0.124 () {32 vars in 739 bytes} [Thu Apr 30 15:40:34 2026] DELETE /v2.0/security-groups/744ca23e-bf21-44d5-aaf7-441a23d26dee => generated 0 bytes in 159 msecs (HTTP/1.1 204) 2 headers in 112 bytes (1 switches on core 0)
2026-04-30 15:40:34.601 7 INFO neutron_taas.services.taas.taas_plugin [None req-ce51d872-c716-4d3b-9aeb-20cbaf6be2a6 4e1d28ca29b74bf1ae114fd053fe81bd c4d6d78855d24174befe156f5dab5f68 - - default default] TaaS: Handle Delete Port: 51a53618-8f50-4bb8-a7d6-8d1783165e88
2026-04-30 15:40:34.605 7 INFO neutron_taas.services.taas.tap_mirror_plugin [None req-ce51d872-c716-4d3b-9aeb-20cbaf6be2a6 4e1d28ca29b74bf1ae114fd053fe81bd c4d6d78855d24174befe156f5dab5f68 - - default default] Tap Mirror: Handle Delete Port: 51a53618-8f50-4bb8-a7d6-8d1783165e88 [pid: 7|app: 0|req: 1111/2329] 10.0.0.124 () {32 vars in 731 bytes} [Thu Apr 30 15:40:34 2026] DELETE /v2.0/floatingips/ba3a3bc4-b547-4f46-bb24-ad14af63df0d => generated 0 bytes in 304 msecs (HTTP/1.1 204) 2 headers in 112 bytes (1 switches on core 0) [pid: 8|app: 0|req: 1219/2330] 10.0.0.179 () {34 vars in 989 bytes} [Thu Apr 30 15:40:34 2026] GET /v2.0/ports?device_id=f70fde53-5a35-4eeb-b8a7-c90141654bf2 => generated 971 bytes in 82 msecs (HTTP/1.1 200) 4 headers in 157 bytes (1 switches on core 0) [pid: 7|app: 0|req: 1112/2331] 10.0.0.179 () {34 vars in 1039 bytes} [Thu Apr 30 15:40:35 2026] GET /v2.0/security-groups?id=b59b6bda-7328-4634-8793-9c538c5637fb&fields=id&fields=name => generated 114 bytes in 39 msecs (HTTP/1.1 200) 4 headers in 157 bytes (1 switches on core 0)
2026-04-30 15:40:36.017 7 INFO neutron.plugins.ml2.drivers.ovn.mech_driver.mech_driver [None req-69a79531-d843-4842-81f9-2eab50176aae - - - - - -] OVN reports status down for port: d13e64e9-5f2d-447e-8279-43afa21e179c
2026-04-30 15:40:36.186 7 INFO neutron.notifiers.nova [-] Nova event matching ['req-6c4682f1-a136-48d7-b46d-55b524fc46fa'] response: {'server_uuid': 'f70fde53-5a35-4eeb-b8a7-c90141654bf2', 'name': 'network-vif-unplugged', 'status': 'completed', 'tag': 'd13e64e9-5f2d-447e-8279-43afa21e179c', 'code': 200} [pid: 8|app: 0|req: 1220/2332] 10.0.0.179 () {34 vars in 989 bytes} [Thu Apr 30 15:40:36 2026] GET /v2.0/ports?device_id=f70fde53-5a35-4eeb-b8a7-c90141654bf2 => generated 969 bytes in 44 msecs (HTTP/1.1 200) 4 headers in 157 bytes (1 switches on core 0) [pid: 7|app: 0|req: 1113/2333] 10.0.0.179 () {34 vars in 1039 bytes} [Thu Apr 30 15:40:36 2026] GET /v2.0/security-groups?id=b59b6bda-7328-4634-8793-9c538c5637fb&fields=id&fields=name => generated 114 bytes in 54 msecs (HTTP/1.1 200) 4 headers in 157 bytes (1 switches on core 0)
2026-04-30 15:40:36.328 7 INFO neutron.db.ovn_revision_numbers_db [None req-69a79531-d843-4842-81f9-2eab50176aae - - - - - -] Successfully bumped revision number for resource d13e64e9-5f2d-447e-8279-43afa21e179c (type: ports) to 6 /var/lib/openstack/lib/python3.12/site-packages/pycadf/identifier.py:70: UserWarning: Invalid uuid: neutron. To ensure interoperability, identifiers should be a valid uuid. warnings.warn(('Invalid uuid: %s. To ensure interoperability, ' [pid: 7|app: 0|req: 1115/2336] 199.204.45.138 () {34 vars in 993 bytes} [Thu Apr 30 15:40:37 2026] GET /v2.0/ports?device_id=f70fde53-5a35-4eeb-b8a7-c90141654bf2 => generated 969 bytes in 68 msecs (HTTP/1.1 200) 4 headers in 157 bytes (1 switches on core 0) [pid: 7|app: 0|req: 1116/2337] 10.0.0.179 () {34 vars in 989 bytes} [Thu Apr 30 15:40:37 2026] GET /v2.0/ports?device_id=f70fde53-5a35-4eeb-b8a7-c90141654bf2 => generated 969 bytes in 44 msecs (HTTP/1.1 200) 4 headers in 157 bytes (1 switches on core 0)
2026-04-30 15:40:37.384 8 INFO neutron_taas.services.taas.taas_plugin [req-c647150e-40c4-4f6a-b354-4db4631152b8 req-95479e37-1dd4-4972-b0d2-86de91804e05 4e1d28ca29b74bf1ae114fd053fe81bd c4d6d78855d24174befe156f5dab5f68 - - default default] TaaS: Handle Delete Port: d13e64e9-5f2d-447e-8279-43afa21e179c
2026-04-30 15:40:37.388 8 INFO neutron_taas.services.taas.tap_mirror_plugin [req-c647150e-40c4-4f6a-b354-4db4631152b8 req-95479e37-1dd4-4972-b0d2-86de91804e05 4e1d28ca29b74bf1ae114fd053fe81bd c4d6d78855d24174befe156f5dab5f68 - - default default] Tap Mirror: Handle Delete Port: d13e64e9-5f2d-447e-8279-43afa21e179c [pid: 7|app: 0|req: 1117/2338] 10.0.0.179 () {34 vars in 1039 bytes} [Thu Apr 30 15:40:37 2026] GET /v2.0/security-groups?id=b59b6bda-7328-4634-8793-9c538c5637fb&fields=id&fields=name => generated 114 bytes in 37 msecs (HTTP/1.1 200) 4 headers in 157 bytes (1 switches on core 0) [pid: 8|app: 0|req: 1222/2339] 199.204.45.138 () {36 vars in 996 bytes} [Thu Apr 30 15:40:37 2026] DELETE /v2.0/ports/d13e64e9-5f2d-447e-8279-43afa21e179c => generated 0 bytes in 277 msecs (HTTP/1.1 204) 3 headers in 131 bytes (1 switches on core 0)
2026-04-30 15:40:37.572 8 INFO neutron.notifiers.nova [-] Nova event matching ['req-8ee1f5e3-bc46-4391-95ec-dabad17ce61c'] response: {'server_uuid': 'f70fde53-5a35-4eeb-b8a7-c90141654bf2', 'name': 'network-vif-deleted', 'tag': 'd13e64e9-5f2d-447e-8279-43afa21e179c', 'status': 'completed', 'code': 200}
2026-04-30 15:40:38.218 7 INFO neutron.notifiers.nova [-] Nova event matching ['req-f38c7775-d4bb-452b-82c4-9966e5089d1a'] response: {'server_uuid': 'f70fde53-5a35-4eeb-b8a7-c90141654bf2', 'name': 'network-vif-unplugged', 'status': 'completed', 'tag': 'd13e64e9-5f2d-447e-8279-43afa21e179c', 'code': 200} [pid: 8|app: 0|req: 1223/2340] 10.0.0.179 () {34 vars in 989 bytes} [Thu Apr 30 15:40:38 2026] GET /v2.0/ports?device_id=f70fde53-5a35-4eeb-b8a7-c90141654bf2 => generated 12 bytes in 18 msecs (HTTP/1.1 200) 4 headers in 156 bytes (1 switches on core 0)
2026-04-30 15:40:38.651 7 INFO neutron.db.ovn_revision_numbers_db [None req-c8472322-489b-42e0-a9de-37057575a2c0 f21d9c8f493447aa80da2eff4fc0ae18 e23c3a83dac143e4886d71b41b3395f5 - - default default] Successfully bumped revision number for resource bc309c5d-9ae3-4aa3-a85a-54fdad14471c (type: security_groups) to 1
2026-04-30 15:40:38.662 7 INFO neutron.db.ovn_revision_numbers_db [None req-c8472322-489b-42e0-a9de-37057575a2c0 f21d9c8f493447aa80da2eff4fc0ae18 e23c3a83dac143e4886d71b41b3395f5 - - default default] Successfully bumped revision number for resource 103ba10c-d58f-4b2e-b4a4-a3f7fd101b55 (type: security_group_rules) to 0
2026-04-30 15:40:38.671 7 INFO neutron.db.ovn_revision_numbers_db [None req-c8472322-489b-42e0-a9de-37057575a2c0 f21d9c8f493447aa80da2eff4fc0ae18 e23c3a83dac143e4886d71b41b3395f5 - - default default] Successfully bumped revision number for resource 3a568432-55c2-4c67-86aa-9a1f88fffc46 (type: security_group_rules) to 0
2026-04-30 15:40:38.681 7 INFO neutron.db.ovn_revision_numbers_db [None req-c8472322-489b-42e0-a9de-37057575a2c0 f21d9c8f493447aa80da2eff4fc0ae18 e23c3a83dac143e4886d71b41b3395f5 - - default default] Successfully bumped revision number for resource 671d5e33-5c2b-4c15-8b7d-1e3a7e3e155c (type: security_group_rules) to 0
2026-04-30 15:40:38.691 7 INFO neutron.db.ovn_revision_numbers_db [None req-c8472322-489b-42e0-a9de-37057575a2c0 f21d9c8f493447aa80da2eff4fc0ae18 e23c3a83dac143e4886d71b41b3395f5 - - default default] Successfully bumped revision number for resource cc237e06-7307-4219-b1d8-5b73f8c7940a (type: security_group_rules) to 0
2026-04-30 15:40:38.776 7 INFO neutron.db.segments_db [None req-c8472322-489b-42e0-a9de-37057575a2c0 f21d9c8f493447aa80da2eff4fc0ae18 e23c3a83dac143e4886d71b41b3395f5 - - default default] Added segment 942560ef-8d4b-4cd6-85f2-b73ac2fb6b05 of type geneve for network 4d9d5a09-3d8d-41ff-9c21-47cadc9ca2a4
2026-04-30 15:40:38.926 7 INFO neutron.db.ovn_revision_numbers_db [None req-c8472322-489b-42e0-a9de-37057575a2c0 f21d9c8f493447aa80da2eff4fc0ae18 e23c3a83dac143e4886d71b41b3395f5 - - default default] Successfully bumped revision number for resource 4d9d5a09-3d8d-41ff-9c21-47cadc9ca2a4 (type: networks) to 1
2026-04-30 15:40:39.093 7 WARNING neutron.scheduler.dhcp_agent_scheduler [None req-c8472322-489b-42e0-a9de-37057575a2c0 f21d9c8f493447aa80da2eff4fc0ae18 e23c3a83dac143e4886d71b41b3395f5 - - default default] No more DHCP agents
2026-04-30 15:40:39.095 7 WARNING neutron.api.rpc.agentnotifiers.dhcp_rpc_agent_api [None req-c8472322-489b-42e0-a9de-37057575a2c0 f21d9c8f493447aa80da2eff4fc0ae18 e23c3a83dac143e4886d71b41b3395f5 - - default default] Unable to schedule network 4d9d5a09-3d8d-41ff-9c21-47cadc9ca2a4: no agents available; will retry on subsequent port and subnet creation events.
2026-04-30 15:40:39.154 7 INFO neutron.plugins.ml2.drivers.ovn.mech_driver.mech_driver [None req-e49129ae-7359-4e1f-8a0f-ff0ab833efc0 - - - - - -] OVN reports status down for port: 2fdee577-d32d-46fe-8de3-6762beb9da5a
2026-04-30 15:40:39.201 7 INFO neutron.db.ovn_revision_numbers_db [None req-c8472322-489b-42e0-a9de-37057575a2c0 f21d9c8f493447aa80da2eff4fc0ae18 e23c3a83dac143e4886d71b41b3395f5 - - default default] Successfully bumped revision number for resource 2fdee577-d32d-46fe-8de3-6762beb9da5a (type: ports) to 1 [pid: 7|app: 0|req: 1118/2341] 10.0.0.124 () {34 vars in 669 bytes} [Thu Apr 30 15:40:38 2026] POST /v2.0/networks => generated 670 bytes in 935 msecs (HTTP/1.1 201) 4 headers in 162 bytes (1 switches on core 0)
2026-04-30 15:40:39.478 8 WARNING neutron.scheduler.dhcp_agent_scheduler [None req-8f02dbd7-14cb-499e-a490-7bf1fff82204 f21d9c8f493447aa80da2eff4fc0ae18 e23c3a83dac143e4886d71b41b3395f5 - - default default] No more DHCP agents
2026-04-30 15:40:39.479 8 WARNING neutron.api.rpc.agentnotifiers.dhcp_rpc_agent_api [None req-8f02dbd7-14cb-499e-a490-7bf1fff82204 f21d9c8f493447aa80da2eff4fc0ae18 e23c3a83dac143e4886d71b41b3395f5 - - default default] Unable to schedule network 4d9d5a09-3d8d-41ff-9c21-47cadc9ca2a4: no agents available; will retry on subsequent port and subnet creation events.
2026-04-30 15:40:39.551 7 INFO neutron.plugins.ml2.drivers.ovn.mech_driver.mech_driver [None req-e49129ae-7359-4e1f-8a0f-ff0ab833efc0 - - - - - -] OVN reports status down for port: 51c75c8d-74be-475c-9d44-d386f3d1a00a
2026-04-30 15:40:39.571 8 INFO neutron.db.ovn_revision_numbers_db [None req-8f02dbd7-14cb-499e-a490-7bf1fff82204 f21d9c8f493447aa80da2eff4fc0ae18 e23c3a83dac143e4886d71b41b3395f5 - - default default] Successfully bumped revision number for resource 51c75c8d-74be-475c-9d44-d386f3d1a00a (type: ports) to 1 [pid: 8|app: 0|req: 1224/2342] 10.0.0.124 () {34 vars in 663 bytes} [Thu Apr 30 15:40:39 2026] POST /v2.0/ports => generated 743 bytes in 389 msecs (HTTP/1.1 201) 4 headers in 162 bytes (1 switches on core 0) /var/lib/openstack/lib/python3.12/site-packages/pycadf/identifier.py:70: UserWarning: Invalid uuid: neutron. To ensure interoperability, identifiers should be a valid uuid. warnings.warn(('Invalid uuid: %s. To ensure interoperability, ' [pid: 7|app: 0|req: 1119/2343] 10.0.0.179 () {34 vars in 989 bytes} [Thu Apr 30 15:40:39 2026] GET /v2.0/ports?device_id=f70fde53-5a35-4eeb-b8a7-c90141654bf2 => generated 12 bytes in 36 msecs (HTTP/1.1 200) 4 headers in 156 bytes (1 switches on core 0)
2026-04-30 15:40:39.724 8 INFO neutron.db.segments_db [None req-275c3c76-27ba-4068-85e3-fc9a9172e300 f21d9c8f493447aa80da2eff4fc0ae18 e23c3a83dac143e4886d71b41b3395f5 - - default default] Added segment fdb6ed20-6cdb-4433-a642-42cb1bd4b4c6 of type geneve for network 79c9736a-f9f9-4140-b3d0-cb36bd80a071
2026-04-30 15:40:39.848 8 INFO neutron.db.ovn_revision_numbers_db [None req-275c3c76-27ba-4068-85e3-fc9a9172e300 f21d9c8f493447aa80da2eff4fc0ae18 e23c3a83dac143e4886d71b41b3395f5 - - default default] Successfully bumped revision number for resource 79c9736a-f9f9-4140-b3d0-cb36bd80a071 (type: networks) to 1
2026-04-30 15:40:40.026 8 WARNING neutron.scheduler.dhcp_agent_scheduler [None req-275c3c76-27ba-4068-85e3-fc9a9172e300 f21d9c8f493447aa80da2eff4fc0ae18 e23c3a83dac143e4886d71b41b3395f5 - - default default] No more DHCP agents
2026-04-30 15:40:40.027 8 WARNING neutron.api.rpc.agentnotifiers.dhcp_rpc_agent_api [None req-275c3c76-27ba-4068-85e3-fc9a9172e300 f21d9c8f493447aa80da2eff4fc0ae18 e23c3a83dac143e4886d71b41b3395f5 - - default default] Unable to schedule network 79c9736a-f9f9-4140-b3d0-cb36bd80a071: no agents available; will retry on subsequent port and subnet creation events.
2026-04-30 15:40:40.080 8 INFO neutron.plugins.ml2.drivers.ovn.mech_driver.mech_driver [None req-0fa92bf4-8694-4d7d-af32-4cd37bd6f20e - - - - - -] OVN reports status down for port: bd4a4cd8-0be0-4a9c-84bd-db5f2fd62d22
2026-04-30 15:40:40.134 8 INFO neutron.db.ovn_revision_numbers_db [None req-275c3c76-27ba-4068-85e3-fc9a9172e300 f21d9c8f493447aa80da2eff4fc0ae18 e23c3a83dac143e4886d71b41b3395f5 - - default default] Successfully bumped revision number for resource bd4a4cd8-0be0-4a9c-84bd-db5f2fd62d22 (type: ports) to 1 [pid: 8|app: 0|req: 1225/2344] 10.0.0.124 () {34 vars in 669 bytes} [Thu Apr 30 15:40:39 2026] POST /v2.0/networks => generated 670 bytes in 534 msecs (HTTP/1.1 201) 4 headers in 162 bytes (1 switches on core 0)
2026-04-30 15:40:40.399 7 WARNING neutron.scheduler.dhcp_agent_scheduler [None req-51fc00c2-c351-4213-aaff-046542c5d63c f21d9c8f493447aa80da2eff4fc0ae18 e23c3a83dac143e4886d71b41b3395f5 - - default default] No more DHCP agents
2026-04-30 15:40:40.401 7 WARNING neutron.api.rpc.agentnotifiers.dhcp_rpc_agent_api [None req-51fc00c2-c351-4213-aaff-046542c5d63c f21d9c8f493447aa80da2eff4fc0ae18 e23c3a83dac143e4886d71b41b3395f5 - - default default] Unable to schedule network 79c9736a-f9f9-4140-b3d0-cb36bd80a071: no agents available; will retry on subsequent port and subnet creation events.
2026-04-30 15:40:40.462 8 INFO neutron.plugins.ml2.drivers.ovn.mech_driver.mech_driver [None req-0fa92bf4-8694-4d7d-af32-4cd37bd6f20e - - - - - -] OVN reports status down for port: 6a27e0b2-bac9-4c3e-adbe-af8fb26312f8
2026-04-30 15:40:40.506 7 INFO neutron.db.ovn_revision_numbers_db [None req-51fc00c2-c351-4213-aaff-046542c5d63c f21d9c8f493447aa80da2eff4fc0ae18 e23c3a83dac143e4886d71b41b3395f5 - - default default] Successfully bumped revision number for resource 6a27e0b2-bac9-4c3e-adbe-af8fb26312f8 (type: ports) to 1 [pid: 7|app: 0|req: 1120/2345] 10.0.0.124 () {34 vars in 663 bytes} [Thu Apr 30 15:40:40 2026] POST /v2.0/ports => generated 743 bytes in 394 msecs (HTTP/1.1 201) 4 headers in 162 bytes (1 switches on core 0)
