2026-04-30 15:37:37.094 8 INFO neutron_taas.services.taas.taas_plugin [None req-0214f69d-3eab-469a-ab59-19ad80e3a123 25e24bcf996c43efb234eb61058e7298 bb8a2425a5a34518910f33417bb34d42 - - default default] TaaS: Handle Delete Port: a3bf9be2-faa1-49b5-a811-1a4964f1c3ad
2026-04-30 15:37:37.096 8 INFO neutron_taas.services.taas.tap_mirror_plugin [None req-0214f69d-3eab-469a-ab59-19ad80e3a123 25e24bcf996c43efb234eb61058e7298 bb8a2425a5a34518910f33417bb34d42 - - default default] Tap Mirror: Handle Delete Port: a3bf9be2-faa1-49b5-a811-1a4964f1c3ad
2026-04-30 15:37:37.267 8 INFO neutron.services.segments.plugin [-] Segment c10b6da7-f298-426a-bc8b-5a2d5bb91598 resource provider aggregate not found
2026-04-30 15:37:37.268 8 INFO neutron.services.segments.plugin [-] Segment c10b6da7-f298-426a-bc8b-5a2d5bb91598 resource provider aggregate not found
2026-04-30 15:37:37.291 8 INFO neutron.services.segments.plugin [-] Segment c10b6da7-f298-426a-bc8b-5a2d5bb91598 resource provider not found; error: Placement Client Error (4xx): {"errors": [{"status": 404, "title": "Not Found", "detail": "The resource could not be found.\n\n No resource provider with uuid c10b6da7-f298-426a-bc8b-5a2d5bb91598 found for delete ", "request_id": "req-c94c4763-7a18-4b4b-b500-bcec2b5ab444"}]}
2026-04-30 15:37:37.292 8 INFO neutron.services.segments.plugin [-] Segment c10b6da7-f298-426a-bc8b-5a2d5bb91598 resource provider not found; error: Placement Client Error (4xx): {"errors": [{"status": 404, "title": "Not Found", "detail": "The resource could not be found.\n\n No resource provider with uuid c10b6da7-f298-426a-bc8b-5a2d5bb91598 found for delete ", "request_id": "req-d7712fac-f878-4ffe-aefa-6db8f34de619"}]} [pid: 8|app: 0|req: 659/1223] 10.0.0.124 () {32 vars in 725 bytes} [Thu Apr 30 15:37:36 2026] DELETE /v2.0/networks/dcf5a18a-df48-4c99-b9b9-f4a30034e654 => generated 0 bytes in 344 msecs (HTTP/1.1 204) 3 headers in 131 bytes (1 switches on core 0)
2026-04-30 15:37:37.494 7 INFO neutron_taas.services.taas.taas_plugin [None req-6df1e1d2-8a74-44f8-b748-fea15c763dd2 25e24bcf996c43efb234eb61058e7298 bb8a2425a5a34518910f33417bb34d42 - - default default] TaaS: Handle Delete Port: f1403964-051d-46d4-bf22-c2fece338181
2026-04-30 15:37:37.497 7 INFO neutron_taas.services.taas.tap_mirror_plugin [None req-6df1e1d2-8a74-44f8-b748-fea15c763dd2 25e24bcf996c43efb234eb61058e7298 bb8a2425a5a34518910f33417bb34d42 - - default default] Tap Mirror: Handle Delete Port: f1403964-051d-46d4-bf22-c2fece338181 [pid: 8|app: 0|req: 660/1224] 10.0.0.179 () {34 vars in 989 bytes} [Thu Apr 30 15:37:37 2026] GET /v2.0/ports?device_id=f77a6e82-985e-49e8-8fd5-e4ef91e82702 => generated 971 bytes in 38 msecs (HTTP/1.1 200) 4 headers in 157 bytes (1 switches on core 0) [pid: 8|app: 0|req: 661/1225] 10.0.0.179 () {34 vars in 1039 bytes} [Thu Apr 30 15:37:37 2026] GET /v2.0/security-groups?id=71fc471c-9a0f-43c4-b327-5b4083e81e24&fields=id&fields=name => generated 114 bytes in 27 msecs (HTTP/1.1 200) 4 headers in 157 bytes (1 switches on core 0) [pid: 7|app: 0|req: 565/1226] 10.0.0.124 () {32 vars in 725 bytes} [Thu Apr 30 15:37:37 2026] DELETE /v2.0/networks/2c7576e8-8c8c-47ee-9ad8-6da502a0de7a => generated 0 bytes in 374 msecs (HTTP/1.1 204) 3 headers in 131 bytes (1 switches on core 0)
2026-04-30 15:37:37.817 8 INFO neutron_taas.services.taas.taas_plugin [None req-18a7e809-7890-4805-991e-e564ae33a24a 25e24bcf996c43efb234eb61058e7298 bb8a2425a5a34518910f33417bb34d42 - - default default] TaaS: Handle Delete Port: 4c08e175-f662-40a5-91ec-ec4ab4682c9d
2026-04-30 15:37:37.819 8 INFO neutron_taas.services.taas.tap_mirror_plugin [None req-18a7e809-7890-4805-991e-e564ae33a24a 25e24bcf996c43efb234eb61058e7298 bb8a2425a5a34518910f33417bb34d42 - - default default] Tap Mirror: Handle Delete Port: 4c08e175-f662-40a5-91ec-ec4ab4682c9d [pid: 8|app: 0|req: 662/1227] 10.0.0.124 () {32 vars in 725 bytes} [Thu Apr 30 15:37:37 2026] DELETE /v2.0/networks/5c3950f0-c226-42e2-9aa3-87e7c98ba061 => generated 0 bytes in 418 msecs (HTTP/1.1 204) 3 headers in 131 bytes (1 switches on core 0) [pid: 7|app: 0|req: 566/1228] 10.0.0.179 () {34 vars in 989 bytes} [Thu Apr 30 15:37:38 2026] GET /v2.0/ports?device_id=4b1cd17f-b2d0-4150-a01d-5e7c55cd2aa2 => generated 12 bytes in 18 msecs (HTTP/1.1 200) 4 headers in 156 bytes (1 switches on core 0) [pid: 8|app: 0|req: 663/1229] 10.0.0.179 () {34 vars in 989 bytes} [Thu Apr 30 15:37:38 2026] GET /v2.0/ports?device_id=f77a6e82-985e-49e8-8fd5-e4ef91e82702 => generated 971 bytes in 46 msecs (HTTP/1.1 200) 4 headers in 157 bytes (1 switches on core 0) [pid: 8|app: 0|req: 664/1230] 10.0.0.179 () {34 vars in 1039 bytes} [Thu Apr 30 15:37:38 2026] GET /v2.0/security-groups?id=71fc471c-9a0f-43c4-b327-5b4083e81e24&fields=id&fields=name => generated 114 bytes in 33 msecs (HTTP/1.1 200) 4 headers in 157 bytes (1 switches on core 0)
2026-04-30 15:37:38.844 8 WARNING neutron.db.securitygroups_db [None req-9b9bdfee-d5f1-43da-998c-16671a6674f1 c44ab698df464ea48ebb6190ea691ad4 f6bbed303e124e378be579a882547784 - - default default] project_id key not found in filters, using tenant_id instead. This support has been deprecated and will be removed in a future release.
2026-04-30 15:37:38.871 7 WARNING neutron.db.securitygroups_db [None req-61428e01-aa9c-418e-a1ab-efda84564b9b c44ab698df464ea48ebb6190ea691ad4 f6bbed303e124e378be579a882547784 - - default default] project_id key not found in filters, using tenant_id instead. This support has been deprecated and will be removed in a future release. [pid: 7|app: 0|req: 567/1231] 10.0.0.124 () {32 vars in 773 bytes} [Thu Apr 30 15:37:38 2026] GET /v2.0/security-groups?tenant_id=bb8a2425a5a34518910f33417bb34d42&name=default => generated 2925 bytes in 254 msecs (HTTP/1.1 200) 4 headers in 158 bytes (1 switches on core 0) [pid: 7|app: 0|req: 568/1232] 10.0.0.179 () {34 vars in 989 bytes} [Thu Apr 30 15:37:38 2026] GET /v2.0/ports?device_id=f77a6e82-985e-49e8-8fd5-e4ef91e82702 => generated 971 bytes in 44 msecs (HTTP/1.1 200) 4 headers in 157 bytes (1 switches on core 0)
2026-04-30 15:37:38.969 7 INFO neutron.services.segments.plugin [-] Segment 45922213-cb37-4573-8537-d96973f211e1 resource provider aggregate not found
2026-04-30 15:37:38.981 7 INFO neutron.services.segments.plugin [-] Segment 45922213-cb37-4573-8537-d96973f211e1 resource provider aggregate not found
2026-04-30 15:37:38.991 7 INFO neutron.services.segments.plugin [-] Segment 45922213-cb37-4573-8537-d96973f211e1 resource provider not found; error: Placement Client Error (4xx): {"errors": [{"status": 404, "title": "Not Found", "detail": "The resource could not be found.\n\n No resource provider with uuid 45922213-cb37-4573-8537-d96973f211e1 found for delete ", "request_id": "req-ebe2ffb1-34be-4623-9e76-4e3ae446b251"}]}
2026-04-30 15:37:39.004 7 INFO neutron.services.segments.plugin [-] Segment 45922213-cb37-4573-8537-d96973f211e1 resource provider not found; error: Placement Client Error (4xx): {"errors": [{"status": 404, "title": "Not Found", "detail": "The resource could not be found.\n\n No resource provider with uuid 45922213-cb37-4573-8537-d96973f211e1 found for delete ", "request_id": "req-9de82ff0-40cb-4d91-b9d9-d805ec580366"}]}
2026-04-30 15:37:39.033 8 INFO neutron.db.ovn_revision_numbers_db [None req-9b9bdfee-d5f1-43da-998c-16671a6674f1 c44ab698df464ea48ebb6190ea691ad4 f6bbed303e124e378be579a882547784 - - default default] Successfully bumped revision number for resource 453876fe-a894-4ccc-bafb-27d6c7fcfe23 (type: security_groups) to 1
2026-04-30 15:37:39.047 8 INFO neutron.db.ovn_revision_numbers_db [None req-9b9bdfee-d5f1-43da-998c-16671a6674f1 c44ab698df464ea48ebb6190ea691ad4 f6bbed303e124e378be579a882547784 - - default default] Successfully bumped revision number for resource 2dc933a4-4bb7-44fe-8b0b-e5daf994bbe6 (type: security_group_rules) to 0
2026-04-30 15:37:39.069 8 INFO neutron.db.ovn_revision_numbers_db [None req-9b9bdfee-d5f1-43da-998c-16671a6674f1 c44ab698df464ea48ebb6190ea691ad4 f6bbed303e124e378be579a882547784 - - default default] Successfully bumped revision number for resource 412dd3ed-5867-49a3-9af8-ac43af17e6b1 (type: security_group_rules) to 0
2026-04-30 15:37:39.096 8 INFO neutron.db.ovn_revision_numbers_db [None req-9b9bdfee-d5f1-43da-998c-16671a6674f1 c44ab698df464ea48ebb6190ea691ad4 f6bbed303e124e378be579a882547784 - - default default] Successfully bumped revision number for resource 499db09c-f232-4319-858a-9b1afd1499b8 (type: security_group_rules) to 0
2026-04-30 15:37:39.109 8 INFO neutron.db.ovn_revision_numbers_db [None req-9b9bdfee-d5f1-43da-998c-16671a6674f1 c44ab698df464ea48ebb6190ea691ad4 f6bbed303e124e378be579a882547784 - - default default] Successfully bumped revision number for resource 8ab353a7-eb1a-4eff-8612-3232d5e066dd (type: security_group_rules) to 0 [pid: 7|app: 0|req: 569/1233] 10.0.0.124 () {32 vars in 739 bytes} [Thu Apr 30 15:37:38 2026] DELETE /v2.0/security-groups/67e7ad9a-fe63-4082-8055-f7247ba114fd => generated 0 bytes in 208 msecs (HTTP/1.1 204) 2 headers in 112 bytes (1 switches on core 0) [pid: 8|app: 0|req: 665/1234] 10.0.0.124 () {32 vars in 773 bytes} [Thu Apr 30 15:37:38 2026] GET /v2.0/security-groups?tenant_id=a772e5f17bf6446faea41dd4444e5768&name=default => generated 2925 bytes in 393 msecs (HTTP/1.1 200) 4 headers in 158 bytes (1 switches on core 0)
2026-04-30 15:37:39.320 8 INFO neutron.services.segments.plugin [-] Segment 81d5f2de-f12e-4820-8895-11931e42e39d resource provider aggregate not found
2026-04-30 15:37:39.325 8 INFO neutron.services.segments.plugin [-] Segment 81d5f2de-f12e-4820-8895-11931e42e39d resource provider aggregate not found
2026-04-30 15:37:39.352 8 INFO neutron.services.segments.plugin [-] Segment 81d5f2de-f12e-4820-8895-11931e42e39d resource provider not found; error: Placement Client Error (4xx): {"errors": [{"status": 404, "title": "Not Found", "detail": "The resource could not be found.\n\n No resource provider with uuid 81d5f2de-f12e-4820-8895-11931e42e39d found for delete ", "request_id": "req-8d2c92fa-316b-46af-9990-097eff373006"}]}
2026-04-30 15:37:39.353 8 INFO neutron.services.segments.plugin [-] Segment 81d5f2de-f12e-4820-8895-11931e42e39d resource provider not found; error: Placement Client Error (4xx): {"errors": [{"status": 404, "title": "Not Found", "detail": "The resource could not be found.\n\n No resource provider with uuid 81d5f2de-f12e-4820-8895-11931e42e39d found for delete ", "request_id": "req-b6c9c511-95c2-4c07-b242-2df8e7dd4e01"}]} [pid: 8|app: 0|req: 666/1235] 10.0.0.124 () {32 vars in 739 bytes} [Thu Apr 30 15:37:39 2026] DELETE /v2.0/security-groups/453876fe-a894-4ccc-bafb-27d6c7fcfe23 => generated 0 bytes in 244 msecs (HTTP/1.1 204) 2 headers in 112 bytes (1 switches on core 0) [pid: 8|app: 0|req: 667/1236] 10.0.0.179 () {34 vars in 989 bytes} [Thu Apr 30 15:37:39 2026] GET /v2.0/ports?device_id=4b1cd17f-b2d0-4150-a01d-5e7c55cd2aa2 => generated 12 bytes in 16 msecs (HTTP/1.1 200) 4 headers in 156 bytes (1 switches on core 0)
2026-04-30 15:37:39.529 8 WARNING neutron.db.securitygroups_db [None req-8871ba29-1cd3-41f7-a7aa-fe428d655b6f c44ab698df464ea48ebb6190ea691ad4 f6bbed303e124e378be579a882547784 - - default default] project_id key not found in filters, using tenant_id instead. This support has been deprecated and will be removed in a future release.
2026-04-30 15:37:39.674 7 INFO neutron.db.ovn_revision_numbers_db [None req-3b31e73f-3b8f-4f92-a5be-0c7c2986cb49 cbdb9d7940614238807732d2eabed52d 22f0120ab05f4d979ea13062cca76007 - - default default] Successfully bumped revision number for resource 6de76e43-7831-403d-9e43-dbc760aa7de7 (type: floatingips) to 1
2026-04-30 15:37:39.706 8 INFO neutron.db.ovn_revision_numbers_db [None req-8871ba29-1cd3-41f7-a7aa-fe428d655b6f c44ab698df464ea48ebb6190ea691ad4 f6bbed303e124e378be579a882547784 - - default default] Successfully bumped revision number for resource 6a9c483d-4f08-4716-9014-a270bd18cd79 (type: security_groups) to 1
2026-04-30 15:37:39.719 8 INFO neutron.db.ovn_revision_numbers_db [None req-8871ba29-1cd3-41f7-a7aa-fe428d655b6f c44ab698df464ea48ebb6190ea691ad4 f6bbed303e124e378be579a882547784 - - default default] Successfully bumped revision number for resource 29cd7a5b-e48c-457d-8a31-c531ed3d5888 (type: security_group_rules) to 0
2026-04-30 15:37:39.731 8 INFO neutron.db.ovn_revision_numbers_db [None req-8871ba29-1cd3-41f7-a7aa-fe428d655b6f c44ab698df464ea48ebb6190ea691ad4 f6bbed303e124e378be579a882547784 - - default default] Successfully bumped revision number for resource 33213254-cbed-425e-9638-8092dfa78045 (type: security_group_rules) to 0
2026-04-30 15:37:39.742 8 INFO neutron.db.ovn_revision_numbers_db [None req-8871ba29-1cd3-41f7-a7aa-fe428d655b6f c44ab698df464ea48ebb6190ea691ad4 f6bbed303e124e378be579a882547784 - - default default] Successfully bumped revision number for resource a3ceaf74-ab1b-4660-b2cc-f05dbc1ee3b4 (type: security_group_rules) to 0
2026-04-30 15:37:39.759 8 INFO neutron.db.ovn_revision_numbers_db [None req-8871ba29-1cd3-41f7-a7aa-fe428d655b6f c44ab698df464ea48ebb6190ea691ad4 f6bbed303e124e378be579a882547784 - - default default] Successfully bumped revision number for resource f10045bc-6306-459e-8ff0-343290e85d85 (type: security_group_rules) to 0
2026-04-30 15:37:39.786 7 INFO neutron.db.ovn_revision_numbers_db [None req-3b31e73f-3b8f-4f92-a5be-0c7c2986cb49 cbdb9d7940614238807732d2eabed52d 22f0120ab05f4d979ea13062cca76007 - - default default] Successfully bumped revision number for resource 6de76e43-7831-403d-9e43-dbc760aa7de7 (type: floatingips) to 2
2026-04-30 15:37:39.786 7 INFO neutron.db.l3_db [None req-3b31e73f-3b8f-4f92-a5be-0c7c2986cb49 cbdb9d7940614238807732d2eabed52d 22f0120ab05f4d979ea13062cca76007 - - default default] Floating IP 6de76e43-7831-403d-9e43-dbc760aa7de7 associated. External IP: 10.96.250.205, port: 898f8776-5e58-4194-ae5b-63a8eeece475. [pid: 8|app: 0|req: 668/1237] 10.0.0.124 () {32 vars in 773 bytes} [Thu Apr 30 15:37:39 2026] GET /v2.0/security-groups?tenant_id=804c99eec40e4ef196b5b21c81b16247&name=default => generated 2925 bytes in 268 msecs (HTTP/1.1 200) 4 headers in 158 bytes (1 switches on core 0) [pid: 7|app: 0|req: 570/1238] 10.0.0.124 () {34 vars in 748 bytes} [Thu Apr 30 15:37:39 2026] PUT /v2.0/floatingips/6de76e43-7831-403d-9e43-dbc760aa7de7 => generated 855 bytes in 673 msecs (HTTP/1.1 200) 4 headers in 157 bytes (1 switches on core 0)
2026-04-30 15:37:39.867 7 INFO neutron.notifiers.nova [-] Nova event matching ['req-28ba534b-2ef4-4d8a-a9a3-b9f379fb0e37'] response: {'name': 'network-changed', 'server_uuid': 'f77a6e82-985e-49e8-8fd5-e4ef91e82702', 'tag': '898f8776-5e58-4194-ae5b-63a8eeece475', 'status': 'completed', 'code': 200} [pid: 8|app: 0|req: 669/1239] 10.0.0.124 () {32 vars in 739 bytes} [Thu Apr 30 15:37:39 2026] DELETE /v2.0/security-groups/6a9c483d-4f08-4716-9014-a270bd18cd79 => generated 0 bytes in 173 msecs (HTTP/1.1 204) 2 headers in 112 bytes (1 switches on core 0) /var/lib/openstack/lib/python3.12/site-packages/pycadf/identifier.py:70: UserWarning: Invalid uuid: neutron. To ensure interoperability, identifiers should be a valid uuid. warnings.warn(('Invalid uuid: %s. To ensure interoperability, ' [pid: 7|app: 0|req: 571/1240] 199.204.45.138 () {34 vars in 1079 bytes} [Thu Apr 30 15:37:40 2026] GET /v2.0/ports?tenant_id=22f0120ab05f4d979ea13062cca76007&device_id=f77a6e82-985e-49e8-8fd5-e4ef91e82702 => generated 1232 bytes in 46 msecs (HTTP/1.1 200) 4 headers in 158 bytes (1 switches on core 0) [pid: 8|app: 0|req: 670/1241] 199.204.45.138 () {34 vars in 985 bytes} [Thu Apr 30 15:37:40 2026] GET /v2.0/networks?id=0c31d7a7-7de2-4de3-b7c5-2601ac51f4ef => generated 813 bytes in 64 msecs (HTTP/1.1 200) 4 headers in 157 bytes (1 switches on core 0) [pid: 7|app: 0|req: 572/1242] 10.0.0.179 () {34 vars in 989 bytes} [Thu Apr 30 15:37:40 2026] GET /v2.0/ports?device_id=4b1cd17f-b2d0-4150-a01d-5e7c55cd2aa2 => generated 12 bytes in 29 msecs (HTTP/1.1 200) 4 headers in 156 bytes (1 switches on core 0) [pid: 8|app: 0|req: 671/1243] 199.204.45.138 () {34 vars in 1057 bytes} [Thu Apr 30 15:37:40 2026] GET /v2.0/floatingips?fixed_ip_address=10.100.0.7&port_id=898f8776-5e58-4194-ae5b-63a8eeece475 => generated 860 bytes in 38 msecs (HTTP/1.1 200) 4 headers in 157 bytes (1 switches on core 0) [pid: 7|app: 0|req: 573/1244] 199.204.45.138 () {34 vars in 983 bytes} [Thu Apr 30 15:37:40 2026] GET /v2.0/subnets?id=11afaf94-cb6f-4950-ae32-d713c54a6c00 => generated 694 bytes in 57 msecs (HTTP/1.1 200) 4 headers in 157 bytes (1 switches on core 0) [pid: 8|app: 0|req: 672/1245] 199.204.45.138 () {34 vars in 1051 bytes} [Thu Apr 30 15:37:40 2026] GET /v2.0/ports?network_id=0c31d7a7-7de2-4de3-b7c5-2601ac51f4ef&device_owner=network%3Adhcp => generated 12 bytes in 18 msecs (HTTP/1.1 200) 4 headers in 156 bytes (1 switches on core 0) [pid: 7|app: 0|req: 574/1246] 199.204.45.138 () {34 vars in 1011 bytes} [Thu Apr 30 15:37:40 2026] GET /v2.0/networks/0c31d7a7-7de2-4de3-b7c5-2601ac51f4ef?fields=segments => generated 14 bytes in 41 msecs (HTTP/1.1 200) 4 headers in 156 bytes (1 switches on core 0) [pid: 8|app: 0|req: 673/1247] 199.204.45.138 () {34 vars in 1111 bytes} [Thu Apr 30 15:37:40 2026] GET /v2.0/networks/0c31d7a7-7de2-4de3-b7c5-2601ac51f4ef?fields=provider%3Aphysical_network&fields=provider%3Anetwork_type => generated 79 bytes in 46 msecs (HTTP/1.1 200) 4 headers in 156 bytes (1 switches on core 0)
2026-04-30 15:37:41.388 7 INFO neutron.db.ovn_revision_numbers_db [None req-b830f941-e87a-4934-8e27-8cacc1be20cb a8b514e547694ce49344935bd960d92a 99a900b05fdc42349ca11d4956c914fe - - default default] Successfully bumped revision number for resource 54b14a00-4217-4c9b-adfc-9db86dafb684 (type: security_groups) to 1
2026-04-30 15:37:41.402 7 INFO neutron.db.ovn_revision_numbers_db [None req-b830f941-e87a-4934-8e27-8cacc1be20cb a8b514e547694ce49344935bd960d92a 99a900b05fdc42349ca11d4956c914fe - - default default] Successfully bumped revision number for resource 4463a610-6613-40d9-8524-47c6c88becc9 (type: security_group_rules) to 0
2026-04-30 15:37:41.413 7 INFO neutron.db.ovn_revision_numbers_db [None req-b830f941-e87a-4934-8e27-8cacc1be20cb a8b514e547694ce49344935bd960d92a 99a900b05fdc42349ca11d4956c914fe - - default default] Successfully bumped revision number for resource b81d95f9-8ead-4be9-971d-1b070afc983e (type: security_group_rules) to 0
2026-04-30 15:37:41.426 7 INFO neutron.db.ovn_revision_numbers_db [None req-b830f941-e87a-4934-8e27-8cacc1be20cb a8b514e547694ce49344935bd960d92a 99a900b05fdc42349ca11d4956c914fe - - default default] Successfully bumped revision number for resource ce7e621c-d883-46cf-a99b-f03424044531 (type: security_group_rules) to 0
2026-04-30 15:37:41.437 7 INFO neutron.db.ovn_revision_numbers_db [None req-b830f941-e87a-4934-8e27-8cacc1be20cb a8b514e547694ce49344935bd960d92a 99a900b05fdc42349ca11d4956c914fe - - default default] Successfully bumped revision number for resource ddfed756-c10b-43a0-9e1c-1dba3c7029c3 (type: security_group_rules) to 0
2026-04-30 15:37:41.530 7 INFO neutron.db.segments_db [None req-b830f941-e87a-4934-8e27-8cacc1be20cb a8b514e547694ce49344935bd960d92a 99a900b05fdc42349ca11d4956c914fe - - default default] Added segment 6b63b343-c560-4f0f-a36f-3b69a511101a of type geneve for network 3611227a-9377-4e73-8af2-851b721cb995
2026-04-30 15:37:41.617 7 INFO neutron.db.segments_db [None req-b830f941-e87a-4934-8e27-8cacc1be20cb a8b514e547694ce49344935bd960d92a 99a900b05fdc42349ca11d4956c914fe - - default default] Added segment b9ec1b46-aa8f-4d75-aedf-0b0b1bdfc28c of type geneve for network ad6d932c-dc8d-4308-8a7a-bb1600431b43 [pid: 8|app: 0|req: 674/1248] 10.0.0.179 () {34 vars in 989 bytes} [Thu Apr 30 15:37:41 2026] GET /v2.0/ports?device_id=4b1cd17f-b2d0-4150-a01d-5e7c55cd2aa2 => generated 12 bytes in 19 msecs (HTTP/1.1 200) 4 headers in 156 bytes (1 switches on core 0)
2026-04-30 15:37:41.737 7 INFO neutron.db.ovn_revision_numbers_db [None req-b830f941-e87a-4934-8e27-8cacc1be20cb a8b514e547694ce49344935bd960d92a 99a900b05fdc42349ca11d4956c914fe - - default default] Successfully bumped revision number for resource 3611227a-9377-4e73-8af2-851b721cb995 (type: networks) to 1
2026-04-30 15:37:41.869 8 INFO neutron.db.ovn_revision_numbers_db [None req-1c1a45c0-8516-4e64-8ac1-661a14e52a56 aa2901d0fef64a3686be8531e584954c 6dbce69f71534a9bb4159bfc563a4aa6 - - default default] Successfully bumped revision number for resource a8348719-19d1-4c52-b9d9-35bc45aa8dde (type: security_groups) to 1
2026-04-30 15:37:41.881 8 INFO neutron.db.ovn_revision_numbers_db [None req-1c1a45c0-8516-4e64-8ac1-661a14e52a56 aa2901d0fef64a3686be8531e584954c 6dbce69f71534a9bb4159bfc563a4aa6 - - default default] Successfully bumped revision number for resource 4883e3c8-f46e-45ec-88d2-c794c75f61a0 (type: security_group_rules) to 0
2026-04-30 15:37:41.898 8 INFO neutron.db.ovn_revision_numbers_db [None req-1c1a45c0-8516-4e64-8ac1-661a14e52a56 aa2901d0fef64a3686be8531e584954c 6dbce69f71534a9bb4159bfc563a4aa6 - - default default] Successfully bumped revision number for resource 52ae7e9b-a562-4a7a-a4a7-a5997eff47f3 (type: security_group_rules) to 0
2026-04-30 15:37:41.902 7 WARNING neutron.scheduler.dhcp_agent_scheduler [None req-b830f941-e87a-4934-8e27-8cacc1be20cb a8b514e547694ce49344935bd960d92a 99a900b05fdc42349ca11d4956c914fe - - default default] No more DHCP agents
2026-04-30 15:37:41.903 7 WARNING neutron.api.rpc.agentnotifiers.dhcp_rpc_agent_api [None req-b830f941-e87a-4934-8e27-8cacc1be20cb a8b514e547694ce49344935bd960d92a 99a900b05fdc42349ca11d4956c914fe - - default default] Unable to schedule network 3611227a-9377-4e73-8af2-851b721cb995: no agents available; will retry on subsequent port and subnet creation events.
2026-04-30 15:37:41.916 8 INFO neutron.db.ovn_revision_numbers_db [None req-1c1a45c0-8516-4e64-8ac1-661a14e52a56 aa2901d0fef64a3686be8531e584954c 6dbce69f71534a9bb4159bfc563a4aa6 - - default default] Successfully bumped revision number for resource 58f4e7d7-0076-42e9-ab9b-1644e16125b4 (type: security_group_rules) to 0
2026-04-30 15:37:41.929 8 INFO neutron.db.ovn_revision_numbers_db [None req-1c1a45c0-8516-4e64-8ac1-661a14e52a56 aa2901d0fef64a3686be8531e584954c 6dbce69f71534a9bb4159bfc563a4aa6 - - default default] Successfully bumped revision number for resource df48b55a-4b15-45c4-8f1e-a85047870ca3 (type: security_group_rules) to 0
2026-04-30 15:37:41.991 7 INFO neutron.db.ovn_revision_numbers_db [None req-b830f941-e87a-4934-8e27-8cacc1be20cb a8b514e547694ce49344935bd960d92a 99a900b05fdc42349ca11d4956c914fe - - default default] Successfully bumped revision number for resource 806d7bb6-3824-42c4-83c1-ea33ce597236 (type: ports) to 1
2026-04-30 15:37:41.993 8 INFO neutron.plugins.ml2.drivers.ovn.mech_driver.mech_driver [None req-8a5f6488-3215-41b7-ad1e-3d2319e3649a - - - - - -] OVN reports status down for port: 806d7bb6-3824-42c4-83c1-ea33ce597236
2026-04-30 15:37:42.048 8 INFO neutron.db.segments_db [None req-1c1a45c0-8516-4e64-8ac1-661a14e52a56 aa2901d0fef64a3686be8531e584954c 6dbce69f71534a9bb4159bfc563a4aa6 - - default default] Added segment a139fbca-7eb4-495f-bc40-399a6feb1a1a of type geneve for network c636aa90-bb80-42a9-8256-40f76f0aff37
2026-04-30 15:37:42.055 7 INFO neutron.db.ovn_revision_numbers_db [None req-b830f941-e87a-4934-8e27-8cacc1be20cb a8b514e547694ce49344935bd960d92a 99a900b05fdc42349ca11d4956c914fe - - default default] Successfully bumped revision number for resource ad6d932c-dc8d-4308-8a7a-bb1600431b43 (type: networks) to 1
2026-04-30 15:37:42.184 8 INFO neutron.db.ovn_revision_numbers_db [None req-1c1a45c0-8516-4e64-8ac1-661a14e52a56 aa2901d0fef64a3686be8531e584954c 6dbce69f71534a9bb4159bfc563a4aa6 - - default default] Successfully bumped revision number for resource c636aa90-bb80-42a9-8256-40f76f0aff37 (type: networks) to 1
2026-04-30 15:37:42.226 7 WARNING neutron.scheduler.dhcp_agent_scheduler [None req-b830f941-e87a-4934-8e27-8cacc1be20cb a8b514e547694ce49344935bd960d92a 99a900b05fdc42349ca11d4956c914fe - - default default] No more DHCP agents
2026-04-30 15:37:42.227 7 WARNING neutron.api.rpc.agentnotifiers.dhcp_rpc_agent_api [None req-b830f941-e87a-4934-8e27-8cacc1be20cb a8b514e547694ce49344935bd960d92a 99a900b05fdc42349ca11d4956c914fe - - default default] Unable to schedule network ad6d932c-dc8d-4308-8a7a-bb1600431b43: no agents available; will retry on subsequent port and subnet creation events.
2026-04-30 15:37:42.280 7 INFO neutron.plugins.ml2.drivers.ovn.mech_driver.mech_driver [None req-9c1d911a-af08-4cdf-b878-76f3791ef23e - - - - - -] OVN reports status down for port: aff7fb7c-e67b-4894-886f-a9424a80f356
2026-04-30 15:37:42.342 7 INFO neutron.db.ovn_revision_numbers_db [None req-b830f941-e87a-4934-8e27-8cacc1be20cb a8b514e547694ce49344935bd960d92a 99a900b05fdc42349ca11d4956c914fe - - default default] Successfully bumped revision number for resource aff7fb7c-e67b-4894-886f-a9424a80f356 (type: ports) to 1 [pid: 7|app: 0|req: 575/1249] 10.0.0.124 () {34 vars in 669 bytes} [Thu Apr 30 15:37:41 2026] POST /v2.0/networks => generated 1321 bytes in 1306 msecs (HTTP/1.1 201) 4 headers in 163 bytes (1 switches on core 0)
2026-04-30 15:37:42.396 8 WARNING neutron.scheduler.dhcp_agent_scheduler [None req-1c1a45c0-8516-4e64-8ac1-661a14e52a56 aa2901d0fef64a3686be8531e584954c 6dbce69f71534a9bb4159bfc563a4aa6 - - default default] No more DHCP agents
2026-04-30 15:37:42.397 8 WARNING neutron.api.rpc.agentnotifiers.dhcp_rpc_agent_api [None req-1c1a45c0-8516-4e64-8ac1-661a14e52a56 aa2901d0fef64a3686be8531e584954c 6dbce69f71534a9bb4159bfc563a4aa6 - - default default] Unable to schedule network c636aa90-bb80-42a9-8256-40f76f0aff37: no agents available; will retry on subsequent port and subnet creation events.
2026-04-30 15:37:42.453 8 INFO neutron.plugins.ml2.drivers.ovn.mech_driver.mech_driver [None req-8a5f6488-3215-41b7-ad1e-3d2319e3649a - - - - - -] OVN reports status down for port: 26622d1d-a9bc-458f-b59b-5c6f4bdad0ae [pid: 7|app: 0|req: 576/1250] 10.0.0.124 () {32 vars in 648 bytes} [Thu Apr 30 15:37:42 2026] GET /v2.0/networks => generated 1970 bytes in 79 msecs (HTTP/1.1 200) 4 headers in 158 bytes (1 switches on core 0)
2026-04-30 15:37:42.509 8 INFO neutron.db.ovn_revision_numbers_db [None req-1c1a45c0-8516-4e64-8ac1-661a14e52a56 aa2901d0fef64a3686be8531e584954c 6dbce69f71534a9bb4159bfc563a4aa6 - - default default] Successfully bumped revision number for resource 26622d1d-a9bc-458f-b59b-5c6f4bdad0ae (type: ports) to 1 [pid: 8|app: 0|req: 675/1251] 10.0.0.124 () {34 vars in 669 bytes} [Thu Apr 30 15:37:41 2026] POST /v2.0/networks => generated 687 bytes in 899 msecs (HTTP/1.1 201) 4 headers in 162 bytes (1 switches on core 0)
2026-04-30 15:37:42.602 7 INFO neutron_taas.services.taas.taas_plugin [None req-41ad68cd-0d59-4b12-9a9f-33b02643bbdb a8b514e547694ce49344935bd960d92a 99a900b05fdc42349ca11d4956c914fe - - default default] TaaS: Handle Delete Port: 806d7bb6-3824-42c4-83c1-ea33ce597236
2026-04-30 15:37:42.606 7 INFO neutron_taas.services.taas.tap_mirror_plugin [None req-41ad68cd-0d59-4b12-9a9f-33b02643bbdb a8b514e547694ce49344935bd960d92a 99a900b05fdc42349ca11d4956c914fe - - default default] Tap Mirror: Handle Delete Port: 806d7bb6-3824-42c4-83c1-ea33ce597236
2026-04-30 15:37:42.801 8 WARNING neutron.scheduler.dhcp_agent_scheduler [None req-d09b2132-ed13-4f5a-a671-64feaf1861f3 aa2901d0fef64a3686be8531e584954c 6dbce69f71534a9bb4159bfc563a4aa6 - - default default] No more DHCP agents
2026-04-30 15:37:42.802 7 INFO neutron.services.segments.plugin [-] Segment 6b63b343-c560-4f0f-a36f-3b69a511101a resource provider aggregate not found
2026-04-30 15:37:42.802 8 WARNING neutron.api.rpc.agentnotifiers.dhcp_rpc_agent_api [None req-d09b2132-ed13-4f5a-a671-64feaf1861f3 aa2901d0fef64a3686be8531e584954c 6dbce69f71534a9bb4159bfc563a4aa6 - - default default] Unable to schedule network c636aa90-bb80-42a9-8256-40f76f0aff37: no agents available; will retry on subsequent port and subnet creation events.
2026-04-30 15:37:42.806 7 INFO neutron.services.segments.plugin [-] Segment 6b63b343-c560-4f0f-a36f-3b69a511101a resource provider aggregate not found
2026-04-30 15:37:42.825 7 INFO neutron.services.segments.plugin [-] Segment 6b63b343-c560-4f0f-a36f-3b69a511101a resource provider not found; error: Placement Client Error (4xx): {"errors": [{"status": 404, "title": "Not Found", "detail": "The resource could not be found.\n\n No resource provider with uuid 6b63b343-c560-4f0f-a36f-3b69a511101a found for delete ", "request_id": "req-a37bb460-d57b-4975-9065-de80053ed3a6"}]}
2026-04-30 15:37:42.829 7 INFO neutron.services.segments.plugin [-] Segment 6b63b343-c560-4f0f-a36f-3b69a511101a resource provider not found; error: Placement Client Error (4xx): {"errors": [{"status": 404, "title": "Not Found", "detail": "The resource could not be found.\n\n No resource provider with uuid 6b63b343-c560-4f0f-a36f-3b69a511101a found for delete ", "request_id": "req-a5fce7b5-a567-4d63-9e4a-a8ca4704641d"}]} [pid: 7|app: 0|req: 577/1252] 10.0.0.124 () {32 vars in 725 bytes} [Thu Apr 30 15:37:42 2026] DELETE /v2.0/networks/3611227a-9377-4e73-8af2-851b721cb995 => generated 0 bytes in 385 msecs (HTTP/1.1 204) 3 headers in 131 bytes (1 switches on core 0)
2026-04-30 15:37:42.891 8 INFO neutron.db.ovn_revision_numbers_db [None req-d09b2132-ed13-4f5a-a671-64feaf1861f3 aa2901d0fef64a3686be8531e584954c 6dbce69f71534a9bb4159bfc563a4aa6 - - default default] Successfully bumped revision number for resource 5477e61e-d8ab-4c69-bd88-a21cfeb9c924 (type: ports) to 1 [pid: 7|app: 0|req: 578/1253] 10.0.0.179 () {34 vars in 989 bytes} [Thu Apr 30 15:37:42 2026] GET /v2.0/ports?device_id=4b1cd17f-b2d0-4150-a01d-5e7c55cd2aa2 => generated 12 bytes in 53 msecs (HTTP/1.1 200) 4 headers in 156 bytes (1 switches on core 0)
2026-04-30 15:37:42.912 7 INFO neutron.plugins.ml2.drivers.ovn.mech_driver.mech_driver [None req-9c1d911a-af08-4cdf-b878-76f3791ef23e - - - - - -] OVN reports status down for port: 5477e61e-d8ab-4c69-bd88-a21cfeb9c924 [pid: 8|app: 0|req: 676/1254] 10.0.0.124 () {34 vars in 664 bytes} [Thu Apr 30 15:37:42 2026] POST /v2.0/ports => generated 778 bytes in 395 msecs (HTTP/1.1 201) 4 headers in 162 bytes (1 switches on core 0) /var/lib/openstack/lib/python3.12/site-packages/pycadf/identifier.py:70: UserWarning: Invalid uuid: neutron. To ensure interoperability, identifiers should be a valid uuid. warnings.warn(('Invalid uuid: %s. To ensure interoperability, ' [pid: 7|app: 0|req: 579/1255] 199.204.45.138 () {34 vars in 985 bytes} [Thu Apr 30 15:37:42 2026] GET /v2.0/networks?id=d31aeb02-4725-4573-8322-0bf4810f5882 => generated 716 bytes in 92 msecs (HTTP/1.1 200) 4 headers in 157 bytes (1 switches on core 0)
2026-04-30 15:37:43.063 8 INFO neutron_taas.services.taas.taas_plugin [None req-cc61322b-dbc0-44ce-bc21-1dba41affc6f a8b514e547694ce49344935bd960d92a 99a900b05fdc42349ca11d4956c914fe - - default default] TaaS: Handle Delete Port: aff7fb7c-e67b-4894-886f-a9424a80f356
2026-04-30 15:37:43.066 8 INFO neutron_taas.services.taas.tap_mirror_plugin [None req-cc61322b-dbc0-44ce-bc21-1dba41affc6f a8b514e547694ce49344935bd960d92a 99a900b05fdc42349ca11d4956c914fe - - default default] Tap Mirror: Handle Delete Port: aff7fb7c-e67b-4894-886f-a9424a80f356
2026-04-30 15:37:43.113 7 INFO neutron.db.segments_db [None req-062e7d7c-4508-49f7-a677-4464e752edfe aa2901d0fef64a3686be8531e584954c 6dbce69f71534a9bb4159bfc563a4aa6 - - default default] Added segment ab0079d6-6b0c-4343-a2d7-c0adb732dcc7 of type geneve for network 256b5689-e663-4e1a-90ff-672bd5d3d072
2026-04-30 15:37:43.248 7 INFO neutron.db.ovn_revision_numbers_db [None req-062e7d7c-4508-49f7-a677-4464e752edfe aa2901d0fef64a3686be8531e584954c 6dbce69f71534a9bb4159bfc563a4aa6 - - default default] Successfully bumped revision number for resource 256b5689-e663-4e1a-90ff-672bd5d3d072 (type: networks) to 1
2026-04-30 15:37:43.251 8 INFO neutron.services.segments.plugin [-] Segment b9ec1b46-aa8f-4d75-aedf-0b0b1bdfc28c resource provider aggregate not found
2026-04-30 15:37:43.253 8 INFO neutron.services.segments.plugin [-] Segment b9ec1b46-aa8f-4d75-aedf-0b0b1bdfc28c resource provider aggregate not found
2026-04-30 15:37:43.270 8 INFO neutron.services.segments.plugin [-] Segment b9ec1b46-aa8f-4d75-aedf-0b0b1bdfc28c resource provider not found; error: Placement Client Error (4xx): {"errors": [{"status": 404, "title": "Not Found", "detail": "The resource could not be found.\n\n No resource provider with uuid b9ec1b46-aa8f-4d75-aedf-0b0b1bdfc28c found for delete ", "request_id": "req-70ff3211-9255-4411-b7ad-38e452db21f7"}]}
2026-04-30 15:37:43.277 8 INFO neutron.services.segments.plugin [-] Segment b9ec1b46-aa8f-4d75-aedf-0b0b1bdfc28c resource provider not found; error: Placement Client Error (4xx): {"errors": [{"status": 404, "title": "Not Found", "detail": "The resource could not be found.\n\n No resource provider with uuid b9ec1b46-aa8f-4d75-aedf-0b0b1bdfc28c found for delete ", "request_id": "req-4cf19731-d1d8-4f19-80d7-5ff3161868bc"}]} [pid: 8|app: 0|req: 677/1256] 10.0.0.124 () {32 vars in 725 bytes} [Thu Apr 30 15:37:42 2026] DELETE /v2.0/networks/ad6d932c-dc8d-4308-8a7a-bb1600431b43 => generated 0 bytes in 356 msecs (HTTP/1.1 204) 3 headers in 131 bytes (1 switches on core 0)
2026-04-30 15:37:43.308 8 WARNING neutron.db.securitygroups_db [req-75551326-0361-4419-b30a-063b60b02694 req-3dc1a046-e162-49f3-8911-21813aac6120 5ef6dcae83d64da7ab0c63fd638c5218 b8b0d07229ea430c898fc9cabd0421b7 - - default default] project_id key not found in filters, using tenant_id instead. This support has been deprecated and will be removed in a future release. [pid: 8|app: 0|req: 678/1257] 199.204.45.138 () {34 vars in 1049 bytes} [Thu Apr 30 15:37:43 2026] GET /v2.0/security-groups?fields=id&fields=name&tenant_id=b8b0d07229ea430c898fc9cabd0421b7 => generated 181 bytes in 28 msecs (HTTP/1.1 200) 4 headers in 157 bytes (1 switches on core 0) [pid: 8|app: 0|req: 679/1258] 10.0.0.124 () {32 vars in 648 bytes} [Thu Apr 30 15:37:43 2026] GET /v2.0/networks => generated 689 bytes in 44 msecs (HTTP/1.1 200) 4 headers in 157 bytes (1 switches on core 0)
2026-04-30 15:37:43.423 7 WARNING neutron.scheduler.dhcp_agent_scheduler [None req-062e7d7c-4508-49f7-a677-4464e752edfe aa2901d0fef64a3686be8531e584954c 6dbce69f71534a9bb4159bfc563a4aa6 - - default default] No more DHCP agents
2026-04-30 15:37:43.425 7 WARNING neutron.api.rpc.agentnotifiers.dhcp_rpc_agent_api [None req-062e7d7c-4508-49f7-a677-4464e752edfe aa2901d0fef64a3686be8531e584954c 6dbce69f71534a9bb4159bfc563a4aa6 - - default default] Unable to schedule network 256b5689-e663-4e1a-90ff-672bd5d3d072: no agents available; will retry on subsequent port and subnet creation events.
2026-04-30 15:37:43.487 8 INFO neutron.plugins.ml2.drivers.ovn.mech_driver.mech_driver [None req-8a5f6488-3215-41b7-ad1e-3d2319e3649a - - - - - -] OVN reports status down for port: b7e13cbf-dab8-43f6-8676-9ce924bddef3
2026-04-30 15:37:43.509 7 INFO neutron.db.ovn_revision_numbers_db [None req-062e7d7c-4508-49f7-a677-4464e752edfe aa2901d0fef64a3686be8531e584954c 6dbce69f71534a9bb4159bfc563a4aa6 - - default default] Successfully bumped revision number for resource b7e13cbf-dab8-43f6-8676-9ce924bddef3 (type: ports) to 1 [pid: 7|app: 0|req: 580/1259] 10.0.0.124 () {34 vars in 669 bytes} [Thu Apr 30 15:37:43 2026] POST /v2.0/networks => generated 673 bytes in 533 msecs (HTTP/1.1 201) 4 headers in 162 bytes (1 switches on core 0)
2026-04-30 15:37:43.626 7 INFO neutron.db.segments_db [None req-6e7a42f6-af1d-4c2c-9938-c302c5c9acb0 a8b514e547694ce49344935bd960d92a 99a900b05fdc42349ca11d4956c914fe - - default default] Added segment b16475fa-6a20-4bec-8b40-2b35d6e0f1e2 of type geneve for network d03263fa-3e86-4046-afad-4d2f8befbce8
2026-04-30 15:37:43.722 8 WARNING neutron.scheduler.dhcp_agent_scheduler [req-75551326-0361-4419-b30a-063b60b02694 req-b5364488-17cb-421b-809d-089f4f59e540 5ef6dcae83d64da7ab0c63fd638c5218 b8b0d07229ea430c898fc9cabd0421b7 - - default default] No more DHCP agents
2026-04-30 15:37:43.730 8 WARNING neutron.api.rpc.agentnotifiers.dhcp_rpc_agent_api [req-75551326-0361-4419-b30a-063b60b02694 req-b5364488-17cb-421b-809d-089f4f59e540 5ef6dcae83d64da7ab0c63fd638c5218 b8b0d07229ea430c898fc9cabd0421b7 - - default default] Unable to schedule network d31aeb02-4725-4573-8322-0bf4810f5882: no agents available; will retry on subsequent port and subnet creation events.
2026-04-30 15:37:43.741 7 INFO neutron.db.ovn_revision_numbers_db [None req-6e7a42f6-af1d-4c2c-9938-c302c5c9acb0 a8b514e547694ce49344935bd960d92a 99a900b05fdc42349ca11d4956c914fe - - default default] Successfully bumped revision number for resource d03263fa-3e86-4046-afad-4d2f8befbce8 (type: networks) to 1
2026-04-30 15:37:43.876 8 INFO neutron.plugins.ml2.drivers.ovn.mech_driver.mech_driver [None req-8a5f6488-3215-41b7-ad1e-3d2319e3649a - - - - - -] OVN reports status down for port: bd8bc606-460b-481a-a2f3-dde9c1df0718
2026-04-30 15:37:43.908 7 WARNING neutron.scheduler.dhcp_agent_scheduler [None req-6e7a42f6-af1d-4c2c-9938-c302c5c9acb0 a8b514e547694ce49344935bd960d92a 99a900b05fdc42349ca11d4956c914fe - - default default] No more DHCP agents
2026-04-30 15:37:43.909 7 WARNING neutron.api.rpc.agentnotifiers.dhcp_rpc_agent_api [None req-6e7a42f6-af1d-4c2c-9938-c302c5c9acb0 a8b514e547694ce49344935bd960d92a 99a900b05fdc42349ca11d4956c914fe - - default default] Unable to schedule network d03263fa-3e86-4046-afad-4d2f8befbce8: no agents available; will retry on subsequent port and subnet creation events.
2026-04-30 15:37:43.954 8 INFO neutron.db.ovn_revision_numbers_db [req-75551326-0361-4419-b30a-063b60b02694 req-b5364488-17cb-421b-809d-089f4f59e540 5ef6dcae83d64da7ab0c63fd638c5218 b8b0d07229ea430c898fc9cabd0421b7 - - default default] Successfully bumped revision number for resource bd8bc606-460b-481a-a2f3-dde9c1df0718 (type: ports) to 1
2026-04-30 15:37:43.963 7 INFO neutron.plugins.ml2.drivers.ovn.mech_driver.mech_driver [None req-9c1d911a-af08-4cdf-b878-76f3791ef23e - - - - - -] OVN reports status down for port: 3370d26c-03c9-4500-bc91-b986365927ae
2026-04-30 15:37:44.032 7 INFO neutron.db.ovn_revision_numbers_db [None req-6e7a42f6-af1d-4c2c-9938-c302c5c9acb0 a8b514e547694ce49344935bd960d92a 99a900b05fdc42349ca11d4956c914fe - - default default] Successfully bumped revision number for resource 3370d26c-03c9-4500-bc91-b986365927ae (type: ports) to 1 [pid: 8|app: 0|req: 680/1260] 199.204.45.138 () {38 vars in 954 bytes} [Thu Apr 30 15:37:43 2026] POST /v2.0/ports => generated 958 bytes in 674 msecs (HTTP/1.1 201) 4 headers in 162 bytes (1 switches on core 0) /var/lib/openstack/lib/python3.12/site-packages/pycadf/identifier.py:70: UserWarning: Invalid uuid: neutron. To ensure interoperability, identifiers should be a valid uuid. warnings.warn(('Invalid uuid: %s. To ensure interoperability, ' [pid: 7|app: 0|req: 581/1261] 10.0.0.124 () {34 vars in 669 bytes} [Thu Apr 30 15:37:43 2026] POST /v2.0/networks => generated 687 bytes in 552 msecs (HTTP/1.1 201) 4 headers in 162 bytes (1 switches on core 0) [pid: 7|app: 0|req: 582/1262] 10.0.0.179 () {34 vars in 989 bytes} [Thu Apr 30 15:37:44 2026] GET /v2.0/ports?device_id=4b1cd17f-b2d0-4150-a01d-5e7c55cd2aa2 => generated 961 bytes in 71 msecs (HTTP/1.1 200) 4 headers in 157 bytes (1 switches on core 0)
2026-04-30 15:37:44.221 8 WARNING neutron.scheduler.dhcp_agent_scheduler [None req-e2b956ea-1a5b-4f7a-964b-85bb234b5aed aa2901d0fef64a3686be8531e584954c 6dbce69f71534a9bb4159bfc563a4aa6 - - default default] No more DHCP agents
2026-04-30 15:37:44.222 8 WARNING neutron.api.rpc.agentnotifiers.dhcp_rpc_agent_api [None req-e2b956ea-1a5b-4f7a-964b-85bb234b5aed aa2901d0fef64a3686be8531e584954c 6dbce69f71534a9bb4159bfc563a4aa6 - - default default] Unable to schedule network 256b5689-e663-4e1a-90ff-672bd5d3d072: no agents available; will retry on subsequent port and subnet creation events.
2026-04-30 15:37:44.262 8 INFO neutron.db.ovn_revision_numbers_db [None req-e2b956ea-1a5b-4f7a-964b-85bb234b5aed aa2901d0fef64a3686be8531e584954c 6dbce69f71534a9bb4159bfc563a4aa6 - - default default] Successfully bumped revision number for resource 7d4a30e7-9a82-4c44-a2e4-33a7c1cbce15 (type: subnets) to 0 [pid: 8|app: 0|req: 681/1263] 10.0.0.124 () {34 vars in 668 bytes} [Thu Apr 30 15:37:44 2026] POST /v2.0/subnets => generated 646 bytes in 226 msecs (HTTP/1.1 201) 4 headers in 162 bytes (1 switches on core 0)
2026-04-30 15:37:44.366 8 INFO neutron.db.segments_db [None req-f5d7617a-fba0-4d75-a2ff-a3a9980f8e33 a8b514e547694ce49344935bd960d92a 99a900b05fdc42349ca11d4956c914fe - - default default] Added segment e5cd73ff-b202-4bfd-85dc-ff253b959067 of type geneve for network e7a1eef4-2fc8-4208-9050-5f49468048f2
2026-04-30 15:37:44.482 8 INFO neutron.db.ovn_revision_numbers_db [None req-f5d7617a-fba0-4d75-a2ff-a3a9980f8e33 a8b514e547694ce49344935bd960d92a 99a900b05fdc42349ca11d4956c914fe - - default default] Successfully bumped revision number for resource e7a1eef4-2fc8-4208-9050-5f49468048f2 (type: networks) to 1
2026-04-30 15:37:44.541 7 INFO neutron.db.ovn_revision_numbers_db [req-75551326-0361-4419-b30a-063b60b02694 req-b05a63e2-1833-441c-b079-8805f889316a 74714bc2f06745cf9cec9b896b2aab93 ad956eb493fb48dfa1c54035502687ba - - 6fb2bf64b8c94fed94127ca0423fcad2 6fb2bf64b8c94fed94127ca0423fcad2] Successfully bumped revision number for resource bd8bc606-460b-481a-a2f3-dde9c1df0718 (type: ports) to 2
2026-04-30 15:37:44.673 8 WARNING neutron.scheduler.dhcp_agent_scheduler [None req-f5d7617a-fba0-4d75-a2ff-a3a9980f8e33 a8b514e547694ce49344935bd960d92a 99a900b05fdc42349ca11d4956c914fe - - default default] No more DHCP agents
2026-04-30 15:37:44.675 8 WARNING neutron.api.rpc.agentnotifiers.dhcp_rpc_agent_api [None req-f5d7617a-fba0-4d75-a2ff-a3a9980f8e33 a8b514e547694ce49344935bd960d92a 99a900b05fdc42349ca11d4956c914fe - - default default] Unable to schedule network e7a1eef4-2fc8-4208-9050-5f49468048f2: no agents available; will retry on subsequent port and subnet creation events.
2026-04-30 15:37:44.733 7 INFO neutron.plugins.ml2.drivers.ovn.mech_driver.mech_driver [None req-9c1d911a-af08-4cdf-b878-76f3791ef23e - - - - - -] OVN reports status down for port: 30bd094b-a1b5-4900-aac0-70593aa580c6
2026-04-30 15:37:44.773 8 INFO neutron.db.ovn_revision_numbers_db [None req-f5d7617a-fba0-4d75-a2ff-a3a9980f8e33 a8b514e547694ce49344935bd960d92a 99a900b05fdc42349ca11d4956c914fe - - default default] Successfully bumped revision number for resource 30bd094b-a1b5-4900-aac0-70593aa580c6 (type: ports) to 1
2026-04-30 15:37:44.792 7 INFO neutron.db.ovn_revision_numbers_db [req-75551326-0361-4419-b30a-063b60b02694 req-b05a63e2-1833-441c-b079-8805f889316a 74714bc2f06745cf9cec9b896b2aab93 ad956eb493fb48dfa1c54035502687ba - - 6fb2bf64b8c94fed94127ca0423fcad2 6fb2bf64b8c94fed94127ca0423fcad2] Successfully bumped revision number for resource bd8bc606-460b-481a-a2f3-dde9c1df0718 (type: ports) to 4 [pid: 8|app: 0|req: 682/1264] 10.0.0.124 () {34 vars in 669 bytes} [Thu Apr 30 15:37:44 2026] POST /v2.0/networks => generated 685 bytes in 521 msecs (HTTP/1.1 201) 4 headers in 162 bytes (1 switches on core 0) [pid: 7|app: 0|req: 583/1265] 199.204.45.138 () {38 vars in 1027 bytes} [Thu Apr 30 15:37:44 2026] PUT /v2.0/ports/bd8bc606-460b-481a-a2f3-dde9c1df0718 => generated 1231 bytes in 667 msecs (HTTP/1.1 200) 4 headers in 158 bytes (1 switches on core 0) /var/lib/openstack/lib/python3.12/site-packages/pycadf/identifier.py:70: UserWarning: Invalid uuid: neutron. To ensure interoperability, identifiers should be a valid uuid. warnings.warn(('Invalid uuid: %s. To ensure interoperability, ' [pid: 8|app: 0|req: 683/1266] 10.0.0.179 () {34 vars in 1039 bytes} [Thu Apr 30 15:37:44 2026] GET /v2.0/security-groups?id=413263a2-a086-4202-b3eb-970579a6e147&fields=id&fields=name => generated 114 bytes in 45 msecs (HTTP/1.1 200) 4 headers in 157 bytes (1 switches on core 0)
2026-04-30 15:37:44.875 7 INFO neutron.notifiers.nova [-] Nova event matching ['req-8685ba15-46c0-479e-a266-170b97a57ba9'] response: {'name': 'network-changed', 'server_uuid': '4b1cd17f-b2d0-4150-a01d-5e7c55cd2aa2', 'tag': 'bd8bc606-460b-481a-a2f3-dde9c1df0718', 'status': 'completed', 'code': 200}
2026-04-30 15:37:45.150 7 WARNING neutron.scheduler.dhcp_agent_scheduler [None req-8bac4fe2-4988-4d70-b2a5-988e57109447 aa2901d0fef64a3686be8531e584954c 6dbce69f71534a9bb4159bfc563a4aa6 - - default default] No more DHCP agents
2026-04-30 15:37:45.152 7 WARNING neutron.api.rpc.agentnotifiers.dhcp_rpc_agent_api [None req-8bac4fe2-4988-4d70-b2a5-988e57109447 aa2901d0fef64a3686be8531e584954c 6dbce69f71534a9bb4159bfc563a4aa6 - - default default] Unable to schedule network 256b5689-e663-4e1a-90ff-672bd5d3d072: no agents available; will retry on subsequent port and subnet creation events.
2026-04-30 15:37:45.239 7 INFO neutron.plugins.ml2.drivers.ovn.mech_driver.mech_driver [None req-9c1d911a-af08-4cdf-b878-76f3791ef23e - - - - - -] OVN reports status down for port: bce2b567-5ab5-43ce-ab8b-c602e5526892
2026-04-30 15:37:45.265 8 WARNING neutron.scheduler.dhcp_agent_scheduler [None req-54c3b015-6a39-4f76-852c-5e44ff9130ad a8b514e547694ce49344935bd960d92a 99a900b05fdc42349ca11d4956c914fe - - default default] No more DHCP agents
2026-04-30 15:37:45.266 8 WARNING neutron.api.rpc.agentnotifiers.dhcp_rpc_agent_api [None req-54c3b015-6a39-4f76-852c-5e44ff9130ad a8b514e547694ce49344935bd960d92a 99a900b05fdc42349ca11d4956c914fe - - default default] Unable to schedule network d03263fa-3e86-4046-afad-4d2f8befbce8: no agents available; will retry on subsequent port and subnet creation events.
2026-04-30 15:37:45.295 7 INFO neutron.db.ovn_revision_numbers_db [None req-8bac4fe2-4988-4d70-b2a5-988e57109447 aa2901d0fef64a3686be8531e584954c 6dbce69f71534a9bb4159bfc563a4aa6 - - default default] Successfully bumped revision number for resource bce2b567-5ab5-43ce-ab8b-c602e5526892 (type: ports) to 1
2026-04-30 15:37:45.356 8 INFO neutron.db.ovn_revision_numbers_db [None req-54c3b015-6a39-4f76-852c-5e44ff9130ad a8b514e547694ce49344935bd960d92a 99a900b05fdc42349ca11d4956c914fe - - default default] Successfully bumped revision number for resource 89a33007-c6bb-48c6-be2d-f11ead5586f2 (type: ports) to 1
2026-04-30 15:37:45.381 7 INFO neutron.plugins.ml2.drivers.ovn.mech_driver.mech_driver [None req-9c1d911a-af08-4cdf-b878-76f3791ef23e - - - - - -] OVN reports status down for port: 89a33007-c6bb-48c6-be2d-f11ead5586f2
2026-04-30 15:37:45.407 8 WARNING neutron.scheduler.dhcp_agent_scheduler [None req-54c3b015-6a39-4f76-852c-5e44ff9130ad a8b514e547694ce49344935bd960d92a 99a900b05fdc42349ca11d4956c914fe - - default default] No more DHCP agents
2026-04-30 15:37:45.409 8 WARNING neutron.api.rpc.agentnotifiers.dhcp_rpc_agent_api [None req-54c3b015-6a39-4f76-852c-5e44ff9130ad a8b514e547694ce49344935bd960d92a 99a900b05fdc42349ca11d4956c914fe - - default default] Unable to schedule network e7a1eef4-2fc8-4208-9050-5f49468048f2: no agents available; will retry on subsequent port and subnet creation events.
2026-04-30 15:37:45.460 8 INFO neutron.plugins.ml2.drivers.ovn.mech_driver.mech_driver [None req-8a5f6488-3215-41b7-ad1e-3d2319e3649a - - - - - -] OVN reports status down for port: 7c59d1d0-7e0f-4aa5-909e-0397555155fd [pid: 7|app: 0|req: 584/1267] 10.0.0.124 () {34 vars in 664 bytes} [Thu Apr 30 15:37:44 2026] POST /v2.0/ports => generated 959 bytes in 642 msecs (HTTP/1.1 201) 4 headers in 162 bytes (1 switches on core 0) /var/lib/openstack/lib/python3.12/site-packages/pycadf/identifier.py:70: UserWarning: Invalid uuid: neutron. To ensure interoperability, identifiers should be a valid uuid. warnings.warn(('Invalid uuid: %s. To ensure interoperability, '
2026-04-30 15:37:45.517 8 INFO neutron.db.ovn_revision_numbers_db [None req-54c3b015-6a39-4f76-852c-5e44ff9130ad a8b514e547694ce49344935bd960d92a 99a900b05fdc42349ca11d4956c914fe - - default default] Successfully bumped revision number for resource 7c59d1d0-7e0f-4aa5-909e-0397555155fd (type: ports) to 1 [pid: 7|app: 0|req: 585/1268] 199.204.45.138 () {34 vars in 1079 bytes} [Thu Apr 30 15:37:45 2026] GET /v2.0/ports?tenant_id=b8b0d07229ea430c898fc9cabd0421b7&device_id=4b1cd17f-b2d0-4150-a01d-5e7c55cd2aa2 => generated 1234 bytes in 59 msecs (HTTP/1.1 200) 4 headers in 158 bytes (1 switches on core 0) [pid: 8|app: 0|req: 684/1269] 10.0.0.124 () {34 vars in 664 bytes} [Thu Apr 30 15:37:44 2026] POST /v2.0/ports => generated 1505 bytes in 775 msecs (HTTP/1.1 201) 4 headers in 163 bytes (1 switches on core 0) /var/lib/openstack/lib/python3.12/site-packages/pycadf/identifier.py:70: UserWarning: Invalid uuid: neutron. To ensure interoperability, identifiers should be a valid uuid. warnings.warn(('Invalid uuid: %s. To ensure interoperability, ' [pid: 8|app: 0|req: 685/1270] 199.204.45.138 () {34 vars in 1017 bytes} [Thu Apr 30 15:37:45 2026] GET /v2.0/networks?tenant_id=b8b0d07229ea430c898fc9cabd0421b7&shared=False => generated 815 bytes in 56 msecs (HTTP/1.1 200) 4 headers in 157 bytes (1 switches on core 0)
2026-04-30 15:37:45.684 7 INFO neutron_taas.services.taas.taas_plugin [None req-ba27ff88-5416-4a05-8ca5-342a8739de79 aa2901d0fef64a3686be8531e584954c 6dbce69f71534a9bb4159bfc563a4aa6 - - default default] TaaS: Handle Delete Port: bce2b567-5ab5-43ce-ab8b-c602e5526892
