2026-05-12 17:46:08.010 8 INFO cinder.api.openstack.wsgi [None req-6d44ce13-daad-4b90-8782-fd3671ab6f85 3ec2eb5016954c83b950a27288f8b86f 094442d26df74dc0b8c856568ece537d - - default default] GET http://cinder-api.openstack.svc.cluster.local:8776/v3/094442d26df74dc0b8c856568ece537d/os-quota-sets/71cf69db4ac142eaa7e3229dcf29a59a?usage=true
2026-05-12 17:46:08.060 8 INFO cinder.api.openstack.wsgi [None req-6d44ce13-daad-4b90-8782-fd3671ab6f85 3ec2eb5016954c83b950a27288f8b86f 094442d26df74dc0b8c856568ece537d - - default default] http://cinder-api.openstack.svc.cluster.local:8776/v3/094442d26df74dc0b8c856568ece537d/os-quota-sets/71cf69db4ac142eaa7e3229dcf29a59a?usage=true returned with HTTP 200 [pid: 8|app: 0|req: 444/892] 10.0.0.16 () {28 vars in 734 bytes} [Tue May 12 17:46:08 2026] GET /v3/094442d26df74dc0b8c856568ece537d/os-quota-sets/71cf69db4ac142eaa7e3229dcf29a59a?usage=true => generated 847 bytes in 59 msecs (HTTP/1.1 200) 7 headers in 285 bytes (1 switches on core 0)
2026-05-12 17:46:08.073 7 INFO cinder.api.openstack.wsgi [None req-ec8d4396-07bc-4246-9f38-4a3cc4b851be 3ec2eb5016954c83b950a27288f8b86f 094442d26df74dc0b8c856568ece537d - - default default] GET http://cinder-api.openstack.svc.cluster.local:8776/v3/094442d26df74dc0b8c856568ece537d/os-quota-sets/77f0a0fca3c8487f82a51e0504b3da61?usage=true
2026-05-12 17:46:08.108 7 INFO cinder.api.openstack.wsgi [None req-ec8d4396-07bc-4246-9f38-4a3cc4b851be 3ec2eb5016954c83b950a27288f8b86f 094442d26df74dc0b8c856568ece537d - - default default] http://cinder-api.openstack.svc.cluster.local:8776/v3/094442d26df74dc0b8c856568ece537d/os-quota-sets/77f0a0fca3c8487f82a51e0504b3da61?usage=true returned with HTTP 200 [pid: 7|app: 0|req: 449/893] 10.0.0.16 () {28 vars in 734 bytes} [Tue May 12 17:46:08 2026] GET /v3/094442d26df74dc0b8c856568ece537d/os-quota-sets/77f0a0fca3c8487f82a51e0504b3da61?usage=true => generated 847 bytes in 44 msecs (HTTP/1.1 200) 7 headers in 285 bytes (1 switches on core 0)
2026-05-12 17:46:08.120 8 INFO cinder.api.openstack.wsgi [None req-d147e00c-cad6-47bd-b320-b3efdb1ff050 3ec2eb5016954c83b950a27288f8b86f 094442d26df74dc0b8c856568ece537d - - default default] GET http://cinder-api.openstack.svc.cluster.local:8776/v3/094442d26df74dc0b8c856568ece537d/os-quota-sets/84c1da7df2d643428ef738e268fbfa98?usage=true
2026-05-12 17:46:08.142 8 INFO cinder.api.openstack.wsgi [None req-d147e00c-cad6-47bd-b320-b3efdb1ff050 3ec2eb5016954c83b950a27288f8b86f 094442d26df74dc0b8c856568ece537d - - default default] http://cinder-api.openstack.svc.cluster.local:8776/v3/094442d26df74dc0b8c856568ece537d/os-quota-sets/84c1da7df2d643428ef738e268fbfa98?usage=true returned with HTTP 200 [pid: 8|app: 0|req: 445/894] 10.0.0.16 () {28 vars in 734 bytes} [Tue May 12 17:46:08 2026] GET /v3/094442d26df74dc0b8c856568ece537d/os-quota-sets/84c1da7df2d643428ef738e268fbfa98?usage=true => generated 847 bytes in 31 msecs (HTTP/1.1 200) 7 headers in 285 bytes (1 switches on core 0)
2026-05-12 17:46:08.158 7 INFO cinder.api.openstack.wsgi [None req-6b2bf9c5-d4c3-4fe6-a4d0-c6575440f555 3ec2eb5016954c83b950a27288f8b86f 094442d26df74dc0b8c856568ece537d - - default default] GET http://cinder-api.openstack.svc.cluster.local:8776/v3/094442d26df74dc0b8c856568ece537d/os-quota-sets/85254e21c56a43c09fc1cb85f2a63688?usage=true
2026-05-12 17:46:08.183 7 INFO cinder.api.openstack.wsgi [None req-6b2bf9c5-d4c3-4fe6-a4d0-c6575440f555 3ec2eb5016954c83b950a27288f8b86f 094442d26df74dc0b8c856568ece537d - - default default] http://cinder-api.openstack.svc.cluster.local:8776/v3/094442d26df74dc0b8c856568ece537d/os-quota-sets/85254e21c56a43c09fc1cb85f2a63688?usage=true returned with HTTP 200 [pid: 7|app: 0|req: 450/895] 10.0.0.16 () {28 vars in 734 bytes} [Tue May 12 17:46:08 2026] GET /v3/094442d26df74dc0b8c856568ece537d/os-quota-sets/85254e21c56a43c09fc1cb85f2a63688?usage=true => generated 847 bytes in 35 msecs (HTTP/1.1 200) 7 headers in 285 bytes (1 switches on core 0)
2026-05-12 17:46:08.197 8 INFO cinder.api.openstack.wsgi [None req-d9be8ed8-485e-48d2-a10a-c720bd2aacec 3ec2eb5016954c83b950a27288f8b86f 094442d26df74dc0b8c856568ece537d - - default default] GET http://cinder-api.openstack.svc.cluster.local:8776/v3/094442d26df74dc0b8c856568ece537d/os-quota-sets/8a1f001052df42b0a4d568fdae6a8c10?usage=true
2026-05-12 17:46:08.217 8 INFO cinder.api.openstack.wsgi [None req-d9be8ed8-485e-48d2-a10a-c720bd2aacec 3ec2eb5016954c83b950a27288f8b86f 094442d26df74dc0b8c856568ece537d - - default default] http://cinder-api.openstack.svc.cluster.local:8776/v3/094442d26df74dc0b8c856568ece537d/os-quota-sets/8a1f001052df42b0a4d568fdae6a8c10?usage=true returned with HTTP 200 [pid: 8|app: 0|req: 446/896] 10.0.0.16 () {28 vars in 734 bytes} [Tue May 12 17:46:08 2026] GET /v3/094442d26df74dc0b8c856568ece537d/os-quota-sets/8a1f001052df42b0a4d568fdae6a8c10?usage=true => generated 847 bytes in 30 msecs (HTTP/1.1 200) 7 headers in 285 bytes (1 switches on core 0)
2026-05-12 17:46:08.231 7 INFO cinder.api.openstack.wsgi [None req-ee31ebbf-bd70-4129-91bb-4d857453e1a4 3ec2eb5016954c83b950a27288f8b86f 094442d26df74dc0b8c856568ece537d - - default default] GET http://cinder-api.openstack.svc.cluster.local:8776/v3/094442d26df74dc0b8c856568ece537d/os-quota-sets/b29a7c154cb244aea8a76873e422559a?usage=true
2026-05-12 17:46:08.255 7 INFO cinder.api.openstack.wsgi [None req-ee31ebbf-bd70-4129-91bb-4d857453e1a4 3ec2eb5016954c83b950a27288f8b86f 094442d26df74dc0b8c856568ece537d - - default default] http://cinder-api.openstack.svc.cluster.local:8776/v3/094442d26df74dc0b8c856568ece537d/os-quota-sets/b29a7c154cb244aea8a76873e422559a?usage=true returned with HTTP 200 [pid: 7|app: 0|req: 451/897] 10.0.0.16 () {28 vars in 734 bytes} [Tue May 12 17:46:08 2026] GET /v3/094442d26df74dc0b8c856568ece537d/os-quota-sets/b29a7c154cb244aea8a76873e422559a?usage=true => generated 845 bytes in 34 msecs (HTTP/1.1 200) 7 headers in 285 bytes (1 switches on core 0)
2026-05-12 17:46:08.268 8 INFO cinder.api.openstack.wsgi [None req-21b0e0aa-3e99-4e3b-9b65-31cce81bc2a3 3ec2eb5016954c83b950a27288f8b86f 094442d26df74dc0b8c856568ece537d - - default default] GET http://cinder-api.openstack.svc.cluster.local:8776/v3/094442d26df74dc0b8c856568ece537d/os-quota-sets/d8b00035013741e881cf9c895e53a098?usage=true
2026-05-12 17:46:08.287 8 INFO cinder.api.openstack.wsgi [None req-21b0e0aa-3e99-4e3b-9b65-31cce81bc2a3 3ec2eb5016954c83b950a27288f8b86f 094442d26df74dc0b8c856568ece537d - - default default] http://cinder-api.openstack.svc.cluster.local:8776/v3/094442d26df74dc0b8c856568ece537d/os-quota-sets/d8b00035013741e881cf9c895e53a098?usage=true returned with HTTP 200 [pid: 8|app: 0|req: 447/898] 10.0.0.16 () {28 vars in 734 bytes} [Tue May 12 17:46:08 2026] GET /v3/094442d26df74dc0b8c856568ece537d/os-quota-sets/d8b00035013741e881cf9c895e53a098?usage=true => generated 847 bytes in 29 msecs (HTTP/1.1 200) 7 headers in 285 bytes (1 switches on core 0)
2026-05-12 17:46:08.301 7 INFO cinder.api.openstack.wsgi [None req-74e25d0b-b8e0-4f2c-8d36-0a0691de8255 3ec2eb5016954c83b950a27288f8b86f 094442d26df74dc0b8c856568ece537d - - default default] GET http://cinder-api.openstack.svc.cluster.local:8776/v3/094442d26df74dc0b8c856568ece537d/os-quota-sets/f409ced8cacf48e89cdd6a30eea2c8cb?usage=true
2026-05-12 17:46:08.323 7 INFO cinder.api.openstack.wsgi [None req-74e25d0b-b8e0-4f2c-8d36-0a0691de8255 3ec2eb5016954c83b950a27288f8b86f 094442d26df74dc0b8c856568ece537d - - default default] http://cinder-api.openstack.svc.cluster.local:8776/v3/094442d26df74dc0b8c856568ece537d/os-quota-sets/f409ced8cacf48e89cdd6a30eea2c8cb?usage=true returned with HTTP 200 [pid: 7|app: 0|req: 452/899] 10.0.0.16 () {28 vars in 734 bytes} [Tue May 12 17:46:08 2026] GET /v3/094442d26df74dc0b8c856568ece537d/os-quota-sets/f409ced8cacf48e89cdd6a30eea2c8cb?usage=true => generated 847 bytes in 32 msecs (HTTP/1.1 200) 7 headers in 285 bytes (1 switches on core 0)
2026-05-12 17:46:08.335 8 INFO cinder.api.openstack.wsgi [None req-07d135e2-03e7-43fc-866a-fe5cb2e24fbf 3ec2eb5016954c83b950a27288f8b86f 094442d26df74dc0b8c856568ece537d - - default default] GET http://cinder-api.openstack.svc.cluster.local:8776/v3/094442d26df74dc0b8c856568ece537d/os-quota-sets/f8167f76c7cc47e5ac0a51d8c7b4dbc5?usage=true
2026-05-12 17:46:08.359 8 INFO cinder.api.openstack.wsgi [None req-07d135e2-03e7-43fc-866a-fe5cb2e24fbf 3ec2eb5016954c83b950a27288f8b86f 094442d26df74dc0b8c856568ece537d - - default default] http://cinder-api.openstack.svc.cluster.local:8776/v3/094442d26df74dc0b8c856568ece537d/os-quota-sets/f8167f76c7cc47e5ac0a51d8c7b4dbc5?usage=true returned with HTTP 200 [pid: 8|app: 0|req: 448/900] 10.0.0.16 () {28 vars in 734 bytes} [Tue May 12 17:46:08 2026] GET /v3/094442d26df74dc0b8c856568ece537d/os-quota-sets/f8167f76c7cc47e5ac0a51d8c7b4dbc5?usage=true => generated 847 bytes in 33 msecs (HTTP/1.1 200) 7 headers in 285 bytes (1 switches on core 0)
2026-05-12 17:46:08.368 7 INFO cinder.api.openstack.wsgi [None req-7956f422-8b4a-4967-afaa-3fe77683018d 3ec2eb5016954c83b950a27288f8b86f 094442d26df74dc0b8c856568ece537d - - default default] GET http://cinder-api.openstack.svc.cluster.local:8776/v3/094442d26df74dc0b8c856568ece537d/volumes/detail?all_tenants=true
2026-05-12 17:46:08.388 7 INFO cinder.volume.api [None req-7956f422-8b4a-4967-afaa-3fe77683018d 3ec2eb5016954c83b950a27288f8b86f 094442d26df74dc0b8c856568ece537d - - default default] Get all volumes completed successfully. /var/lib/openstack/lib/python3.10/site-packages/oslo_context/context.py:100: DeprecationWarning: Policy enforcement is depending on the value of is_admin. This key is deprecated. Please update your policy file to use the standard policy values. warnings.warn('Policy enforcement is depending on the value of '
2026-05-12 17:46:08.393 7 INFO cinder.api.openstack.wsgi [None req-7956f422-8b4a-4967-afaa-3fe77683018d 3ec2eb5016954c83b950a27288f8b86f 094442d26df74dc0b8c856568ece537d - - default default] http://cinder-api.openstack.svc.cluster.local:8776/v3/094442d26df74dc0b8c856568ece537d/volumes/detail?all_tenants=true returned with HTTP 200 [pid: 7|app: 0|req: 453/901] 10.0.0.16 () {28 vars in 682 bytes} [Tue May 12 17:46:08 2026] GET /v3/094442d26df74dc0b8c856568ece537d/volumes/detail?all_tenants=true => generated 1790 bytes in 32 msecs (HTTP/1.1 200) 7 headers in 286 bytes (1 switches on core 0)
2026-05-12 17:46:08.406 8 INFO cinder.api.openstack.wsgi [None req-0c31a68f-1e79-4006-b5c9-694e444ba40e 3ec2eb5016954c83b950a27288f8b86f 094442d26df74dc0b8c856568ece537d - - default default] GET http://cinder-api.openstack.svc.cluster.local:8776/v3/094442d26df74dc0b8c856568ece537d/snapshots?all_tenants=true
2026-05-12 17:46:08.412 8 INFO cinder.volume.api [None req-0c31a68f-1e79-4006-b5c9-694e444ba40e 3ec2eb5016954c83b950a27288f8b86f 094442d26df74dc0b8c856568ece537d - - default default] Get all snapshots completed successfully.
2026-05-12 17:46:08.413 8 INFO cinder.api.openstack.wsgi [None req-0c31a68f-1e79-4006-b5c9-694e444ba40e 3ec2eb5016954c83b950a27288f8b86f 094442d26df74dc0b8c856568ece537d - - default default] http://cinder-api.openstack.svc.cluster.local:8776/v3/094442d26df74dc0b8c856568ece537d/snapshots?all_tenants=true returned with HTTP 200 [pid: 8|app: 0|req: 449/902] 10.0.0.16 () {28 vars in 672 bytes} [Tue May 12 17:46:08 2026] GET /v3/094442d26df74dc0b8c856568ece537d/snapshots?all_tenants=true => generated 17 bytes in 15 msecs (HTTP/1.1 200) 7 headers in 284 bytes (1 switches on core 0) /var/lib/openstack/lib/python3.10/site-packages/pycadf/identifier.py:71: UserWarning: Invalid uuid: cinderv3. To ensure interoperability, identifiers should be a valid uuid. warnings.warn(('Invalid uuid: %s. To ensure interoperability, '
2026-05-12 17:46:08.426 7 INFO cinder.api.openstack.wsgi [None req-26387efd-cff3-4c76-ad79-439a4bd0aaa3 3ec2eb5016954c83b950a27288f8b86f 094442d26df74dc0b8c856568ece537d - - default default] GET http://cinder-api.openstack.svc.cluster.local:8776/v3/094442d26df74dc0b8c856568ece537d/os-services
2026-05-12 17:46:08.432 7 INFO cinder.api.openstack.wsgi [None req-26387efd-cff3-4c76-ad79-439a4bd0aaa3 3ec2eb5016954c83b950a27288f8b86f 094442d26df74dc0b8c856568ece537d - - default default] http://cinder-api.openstack.svc.cluster.local:8776/v3/094442d26df74dc0b8c856568ece537d/os-services returned with HTTP 200 [pid: 7|app: 0|req: 454/903] 10.0.0.16 () {28 vars in 643 bytes} [Tue May 12 17:46:08 2026] GET /v3/094442d26df74dc0b8c856568ece537d/os-services => generated 646 bytes in 16 msecs (HTTP/1.1 200) 7 headers in 285 bytes (1 switches on core 0)
2026-05-12 17:46:08.446 8 INFO cinder.api.openstack.wsgi [None req-1ed070fe-bf1d-4d7c-8cb3-30895de60b0f 3ec2eb5016954c83b950a27288f8b86f 094442d26df74dc0b8c856568ece537d - - default default] GET http://cinder-api.openstack.svc.cluster.local:8776/v3/094442d26df74dc0b8c856568ece537d/volumes/detail?all_tenants=true
2026-05-12 17:46:08.461 8 INFO cinder.volume.api [None req-1ed070fe-bf1d-4d7c-8cb3-30895de60b0f 3ec2eb5016954c83b950a27288f8b86f 094442d26df74dc0b8c856568ece537d - - default default] Get all volumes completed successfully. /var/lib/openstack/lib/python3.10/site-packages/oslo_context/context.py:100: DeprecationWarning: Policy enforcement is depending on the value of is_admin. This key is deprecated. Please update your policy file to use the standard policy values. warnings.warn('Policy enforcement is depending on the value of '
2026-05-12 17:46:08.466 8 INFO cinder.api.openstack.wsgi [None req-1ed070fe-bf1d-4d7c-8cb3-30895de60b0f 3ec2eb5016954c83b950a27288f8b86f 094442d26df74dc0b8c856568ece537d - - default default] http://cinder-api.openstack.svc.cluster.local:8776/v3/094442d26df74dc0b8c856568ece537d/volumes/detail?all_tenants=true returned with HTTP 200 [pid: 8|app: 0|req: 450/904] 10.0.0.16 () {28 vars in 682 bytes} [Tue May 12 17:46:08 2026] GET /v3/094442d26df74dc0b8c856568ece537d/volumes/detail?all_tenants=true => generated 1790 bytes in 26 msecs (HTTP/1.1 200) 7 headers in 286 bytes (1 switches on core 0)
2026-05-12 17:46:08.479 7 INFO cinder.api.openstack.wsgi [None req-ca72d9d3-cbcb-4541-81b8-8cdfdbab9a2e 3ec2eb5016954c83b950a27288f8b86f 094442d26df74dc0b8c856568ece537d - - default default] GET http://cinder-api.openstack.svc.cluster.local:8776/v3/094442d26df74dc0b8c856568ece537d/scheduler-stats/get_pools?detail=true
2026-05-12 17:46:08.496 7 INFO cinder.api.openstack.wsgi [None req-ca72d9d3-cbcb-4541-81b8-8cdfdbab9a2e 3ec2eb5016954c83b950a27288f8b86f 094442d26df74dc0b8c856568ece537d - - default default] http://cinder-api.openstack.svc.cluster.local:8776/v3/094442d26df74dc0b8c856568ece537d/scheduler-stats/get_pools?detail=true returned with HTTP 200 [pid: 7|app: 0|req: 455/905] 10.0.0.16 () {28 vars in 694 bytes} [Tue May 12 17:46:08 2026] GET /v3/094442d26df74dc0b8c856568ece537d/scheduler-stats/get_pools?detail=true => generated 669 bytes in 26 msecs (HTTP/1.1 200) 7 headers in 285 bytes (1 switches on core 0)
2026-05-12 17:46:16.884 8 INFO cinder.api.openstack.wsgi [None req-1ed070fe-bf1d-4d7c-8cb3-30895de60b0f 3ec2eb5016954c83b950a27288f8b86f 094442d26df74dc0b8c856568ece537d - - default default] GET http://10.0.0.170:8776/
2026-05-12 17:46:16.885 8 INFO cinder.api.openstack.wsgi [None req-1ed070fe-bf1d-4d7c-8cb3-30895de60b0f 3ec2eb5016954c83b950a27288f8b86f 094442d26df74dc0b8c856568ece537d - - default default] http://10.0.0.170:8776/ returned with HTTP 300
2026-05-12 17:46:16.884 7 INFO cinder.api.openstack.wsgi [None req-ca72d9d3-cbcb-4541-81b8-8cdfdbab9a2e 3ec2eb5016954c83b950a27288f8b86f 094442d26df74dc0b8c856568ece537d - - default default] GET http://10.0.0.170:8776/
2026-05-12 17:46:16.886 7 INFO cinder.api.openstack.wsgi [None req-ca72d9d3-cbcb-4541-81b8-8cdfdbab9a2e 3ec2eb5016954c83b950a27288f8b86f 094442d26df74dc0b8c856568ece537d - - default default] http://10.0.0.170:8776/ returned with HTTP 300
2026-05-12 17:46:26.885 8 INFO cinder.api.openstack.wsgi [None req-1ed070fe-bf1d-4d7c-8cb3-30895de60b0f 3ec2eb5016954c83b950a27288f8b86f 094442d26df74dc0b8c856568ece537d - - default default] GET http://10.0.0.170:8776/
2026-05-12 17:46:26.885 7 INFO cinder.api.openstack.wsgi [None req-ca72d9d3-cbcb-4541-81b8-8cdfdbab9a2e 3ec2eb5016954c83b950a27288f8b86f 094442d26df74dc0b8c856568ece537d - - default default] GET http://10.0.0.170:8776/
2026-05-12 17:46:26.886 8 INFO cinder.api.openstack.wsgi [None req-1ed070fe-bf1d-4d7c-8cb3-30895de60b0f 3ec2eb5016954c83b950a27288f8b86f 094442d26df74dc0b8c856568ece537d - - default default] http://10.0.0.170:8776/ returned with HTTP 300
2026-05-12 17:46:26.886 7 INFO cinder.api.openstack.wsgi [None req-ca72d9d3-cbcb-4541-81b8-8cdfdbab9a2e 3ec2eb5016954c83b950a27288f8b86f 094442d26df74dc0b8c856568ece537d - - default default] http://10.0.0.170:8776/ returned with HTTP 300
2026-05-12 17:46:36.884 8 INFO cinder.api.openstack.wsgi [None req-1ed070fe-bf1d-4d7c-8cb3-30895de60b0f 3ec2eb5016954c83b950a27288f8b86f 094442d26df74dc0b8c856568ece537d - - default default] GET http://10.0.0.170:8776/
2026-05-12 17:46:36.884 7 INFO cinder.api.openstack.wsgi [None req-ca72d9d3-cbcb-4541-81b8-8cdfdbab9a2e 3ec2eb5016954c83b950a27288f8b86f 094442d26df74dc0b8c856568ece537d - - default default] GET http://10.0.0.170:8776/
2026-05-12 17:46:36.885 8 INFO cinder.api.openstack.wsgi [None req-1ed070fe-bf1d-4d7c-8cb3-30895de60b0f 3ec2eb5016954c83b950a27288f8b86f 094442d26df74dc0b8c856568ece537d - - default default] http://10.0.0.170:8776/ returned with HTTP 300
2026-05-12 17:46:36.886 7 INFO cinder.api.openstack.wsgi [None req-ca72d9d3-cbcb-4541-81b8-8cdfdbab9a2e 3ec2eb5016954c83b950a27288f8b86f 094442d26df74dc0b8c856568ece537d - - default default] http://10.0.0.170:8776/ returned with HTTP 300
2026-05-12 17:46:46.884 8 INFO cinder.api.openstack.wsgi [None req-1ed070fe-bf1d-4d7c-8cb3-30895de60b0f 3ec2eb5016954c83b950a27288f8b86f 094442d26df74dc0b8c856568ece537d - - default default] GET http://10.0.0.170:8776/
2026-05-12 17:46:46.885 7 INFO cinder.api.openstack.wsgi [None req-ca72d9d3-cbcb-4541-81b8-8cdfdbab9a2e 3ec2eb5016954c83b950a27288f8b86f 094442d26df74dc0b8c856568ece537d - - default default] GET http://10.0.0.170:8776/
2026-05-12 17:46:46.885 8 INFO cinder.api.openstack.wsgi [None req-1ed070fe-bf1d-4d7c-8cb3-30895de60b0f 3ec2eb5016954c83b950a27288f8b86f 094442d26df74dc0b8c856568ece537d - - default default] http://10.0.0.170:8776/ returned with HTTP 300
2026-05-12 17:46:46.886 7 INFO cinder.api.openstack.wsgi [None req-ca72d9d3-cbcb-4541-81b8-8cdfdbab9a2e 3ec2eb5016954c83b950a27288f8b86f 094442d26df74dc0b8c856568ece537d - - default default] http://10.0.0.170:8776/ returned with HTTP 300
2026-05-12 17:46:56.884 8 INFO cinder.api.openstack.wsgi [None req-1ed070fe-bf1d-4d7c-8cb3-30895de60b0f 3ec2eb5016954c83b950a27288f8b86f 094442d26df74dc0b8c856568ece537d - - default default] GET http://10.0.0.170:8776/
2026-05-12 17:46:56.885 7 INFO cinder.api.openstack.wsgi [None req-ca72d9d3-cbcb-4541-81b8-8cdfdbab9a2e 3ec2eb5016954c83b950a27288f8b86f 094442d26df74dc0b8c856568ece537d - - default default] GET http://10.0.0.170:8776/
2026-05-12 17:46:56.885 8 INFO cinder.api.openstack.wsgi [None req-1ed070fe-bf1d-4d7c-8cb3-30895de60b0f 3ec2eb5016954c83b950a27288f8b86f 094442d26df74dc0b8c856568ece537d - - default default] http://10.0.0.170:8776/ returned with HTTP 300
2026-05-12 17:46:56.885 7 INFO cinder.api.openstack.wsgi [None req-ca72d9d3-cbcb-4541-81b8-8cdfdbab9a2e 3ec2eb5016954c83b950a27288f8b86f 094442d26df74dc0b8c856568ece537d - - default default] http://10.0.0.170:8776/ returned with HTTP 300
2026-05-12 17:47:06.884 8 INFO cinder.api.openstack.wsgi [None req-1ed070fe-bf1d-4d7c-8cb3-30895de60b0f 3ec2eb5016954c83b950a27288f8b86f 094442d26df74dc0b8c856568ece537d - - default default] GET http://10.0.0.170:8776/
2026-05-12 17:47:06.885 8 INFO cinder.api.openstack.wsgi [None req-1ed070fe-bf1d-4d7c-8cb3-30895de60b0f 3ec2eb5016954c83b950a27288f8b86f 094442d26df74dc0b8c856568ece537d - - default default] http://10.0.0.170:8776/ returned with HTTP 300
2026-05-12 17:47:06.884 7 INFO cinder.api.openstack.wsgi [None req-ca72d9d3-cbcb-4541-81b8-8cdfdbab9a2e 3ec2eb5016954c83b950a27288f8b86f 094442d26df74dc0b8c856568ece537d - - default default] GET http://10.0.0.170:8776/
2026-05-12 17:47:06.886 7 INFO cinder.api.openstack.wsgi [None req-ca72d9d3-cbcb-4541-81b8-8cdfdbab9a2e 3ec2eb5016954c83b950a27288f8b86f 094442d26df74dc0b8c856568ece537d - - default default] http://10.0.0.170:8776/ returned with HTTP 300 /var/lib/openstack/lib/python3.10/site-packages/pycadf/identifier.py:71: UserWarning: Invalid uuid: cinderv3. To ensure interoperability, identifiers should be a valid uuid. warnings.warn(('Invalid uuid: %s. To ensure interoperability, '
2026-05-12 17:47:07.868 8 INFO cinder.api.openstack.wsgi [None req-8153a296-2131-4c0a-a57b-fe59f03f6531 3ec2eb5016954c83b950a27288f8b86f 094442d26df74dc0b8c856568ece537d - - default default] GET http://cinder-api.openstack.svc.cluster.local:8776/v3/094442d26df74dc0b8c856568ece537d/scheduler-stats/get_pools?detail=true
2026-05-12 17:47:07.896 8 INFO cinder.api.openstack.wsgi [None req-8153a296-2131-4c0a-a57b-fe59f03f6531 3ec2eb5016954c83b950a27288f8b86f 094442d26df74dc0b8c856568ece537d - - default default] http://cinder-api.openstack.svc.cluster.local:8776/v3/094442d26df74dc0b8c856568ece537d/scheduler-stats/get_pools?detail=true returned with HTTP 200 [pid: 8|app: 0|req: 457/918] 10.0.0.16 () {28 vars in 694 bytes} [Tue May 12 17:47:07 2026] GET /v3/094442d26df74dc0b8c856568ece537d/scheduler-stats/get_pools?detail=true => generated 670 bytes in 206 msecs (HTTP/1.1 200) 7 headers in 285 bytes (1 switches on core 0)
2026-05-12 17:47:07.910 7 INFO cinder.api.openstack.wsgi [None req-9da9a7ad-b54c-475a-bf0b-53983472453c 3ec2eb5016954c83b950a27288f8b86f 094442d26df74dc0b8c856568ece537d - - default default] GET http://cinder-api.openstack.svc.cluster.local:8776/v3/094442d26df74dc0b8c856568ece537d/volumes/detail?all_tenants=true
2026-05-12 17:47:07.923 7 INFO cinder.volume.api [None req-9da9a7ad-b54c-475a-bf0b-53983472453c 3ec2eb5016954c83b950a27288f8b86f 094442d26df74dc0b8c856568ece537d - - default default] Get all volumes completed successfully. /var/lib/openstack/lib/python3.10/site-packages/oslo_context/context.py:100: DeprecationWarning: Policy enforcement is depending on the value of is_admin. This key is deprecated. Please update your policy file to use the standard policy values. warnings.warn('Policy enforcement is depending on the value of '
2026-05-12 17:47:07.929 7 INFO cinder.api.openstack.wsgi [None req-9da9a7ad-b54c-475a-bf0b-53983472453c 3ec2eb5016954c83b950a27288f8b86f 094442d26df74dc0b8c856568ece537d - - default default] http://cinder-api.openstack.svc.cluster.local:8776/v3/094442d26df74dc0b8c856568ece537d/volumes/detail?all_tenants=true returned with HTTP 200 [pid: 7|app: 0|req: 462/919] 10.0.0.16 () {28 vars in 682 bytes} [Tue May 12 17:47:07 2026] GET /v3/094442d26df74dc0b8c856568ece537d/volumes/detail?all_tenants=true => generated 1790 bytes in 24 msecs (HTTP/1.1 200) 7 headers in 286 bytes (1 switches on core 0)
2026-05-12 17:47:07.943 8 INFO cinder.api.openstack.wsgi [None req-a980d5aa-358b-402d-aa8d-3d7efd5c50df 3ec2eb5016954c83b950a27288f8b86f 094442d26df74dc0b8c856568ece537d - - default default] GET http://cinder-api.openstack.svc.cluster.local:8776/v3/094442d26df74dc0b8c856568ece537d/snapshots?all_tenants=true
2026-05-12 17:47:07.952 8 INFO cinder.volume.api [None req-a980d5aa-358b-402d-aa8d-3d7efd5c50df 3ec2eb5016954c83b950a27288f8b86f 094442d26df74dc0b8c856568ece537d - - default default] Get all snapshots completed successfully.
2026-05-12 17:47:07.952 8 INFO cinder.api.openstack.wsgi [None req-a980d5aa-358b-402d-aa8d-3d7efd5c50df 3ec2eb5016954c83b950a27288f8b86f 094442d26df74dc0b8c856568ece537d - - default default] http://cinder-api.openstack.svc.cluster.local:8776/v3/094442d26df74dc0b8c856568ece537d/snapshots?all_tenants=true returned with HTTP 200 [pid: 8|app: 0|req: 458/920] 10.0.0.16 () {28 vars in 672 bytes} [Tue May 12 17:47:07 2026] GET /v3/094442d26df74dc0b8c856568ece537d/snapshots?all_tenants=true => generated 17 bytes in 17 msecs (HTTP/1.1 200) 7 headers in 284 bytes (1 switches on core 0) /var/lib/openstack/lib/python3.10/site-packages/pycadf/identifier.py:71: UserWarning: Invalid uuid: cinderv3. To ensure interoperability, identifiers should be a valid uuid. warnings.warn(('Invalid uuid: %s. To ensure interoperability, '
2026-05-12 17:47:07.966 7 INFO cinder.api.openstack.wsgi [None req-e639f5eb-04f6-4cd2-94d6-70cb39521fd3 3ec2eb5016954c83b950a27288f8b86f 094442d26df74dc0b8c856568ece537d - - default default] GET http://cinder-api.openstack.svc.cluster.local:8776/v3/094442d26df74dc0b8c856568ece537d/os-services
2026-05-12 17:47:07.980 7 INFO cinder.api.openstack.wsgi [None req-e639f5eb-04f6-4cd2-94d6-70cb39521fd3 3ec2eb5016954c83b950a27288f8b86f 094442d26df74dc0b8c856568ece537d - - default default] http://cinder-api.openstack.svc.cluster.local:8776/v3/094442d26df74dc0b8c856568ece537d/os-services returned with HTTP 200 [pid: 7|app: 0|req: 463/921] 10.0.0.16 () {28 vars in 643 bytes} [Tue May 12 17:47:07 2026] GET /v3/094442d26df74dc0b8c856568ece537d/os-services => generated 646 bytes in 25 msecs (HTTP/1.1 200) 7 headers in 285 bytes (1 switches on core 0)
2026-05-12 17:47:07.991 8 INFO cinder.api.openstack.wsgi [None req-311488c8-a382-4ced-9b9e-6acbb4c775bd 3ec2eb5016954c83b950a27288f8b86f 094442d26df74dc0b8c856568ece537d - - default default] GET http://cinder-api.openstack.svc.cluster.local:8776/v3/094442d26df74dc0b8c856568ece537d/volumes/detail?all_tenants=true
2026-05-12 17:47:08.017 8 INFO cinder.volume.api [None req-311488c8-a382-4ced-9b9e-6acbb4c775bd 3ec2eb5016954c83b950a27288f8b86f 094442d26df74dc0b8c856568ece537d - - default default] Get all volumes completed successfully. /var/lib/openstack/lib/python3.10/site-packages/oslo_context/context.py:100: DeprecationWarning: Policy enforcement is depending on the value of is_admin. This key is deprecated. Please update your policy file to use the standard policy values. warnings.warn('Policy enforcement is depending on the value of '
2026-05-12 17:47:08.027 8 INFO cinder.api.openstack.wsgi [None req-311488c8-a382-4ced-9b9e-6acbb4c775bd 3ec2eb5016954c83b950a27288f8b86f 094442d26df74dc0b8c856568ece537d - - default default] http://cinder-api.openstack.svc.cluster.local:8776/v3/094442d26df74dc0b8c856568ece537d/volumes/detail?all_tenants=true returned with HTTP 200 [pid: 8|app: 0|req: 459/922] 10.0.0.16 () {28 vars in 682 bytes} [Tue May 12 17:47:07 2026] GET /v3/094442d26df74dc0b8c856568ece537d/volumes/detail?all_tenants=true => generated 1790 bytes in 43 msecs (HTTP/1.1 200) 7 headers in 286 bytes (1 switches on core 0)
2026-05-12 17:47:08.082 7 INFO cinder.api.openstack.wsgi [None req-9a77b753-c338-4eb8-908d-73bd82d595b2 3ec2eb5016954c83b950a27288f8b86f 094442d26df74dc0b8c856568ece537d - - default default] GET http://cinder-api.openstack.svc.cluster.local:8776/v3/094442d26df74dc0b8c856568ece537d/os-quota-sets/094442d26df74dc0b8c856568ece537d?usage=true
2026-05-12 17:47:08.155 7 INFO cinder.api.openstack.wsgi [None req-9a77b753-c338-4eb8-908d-73bd82d595b2 3ec2eb5016954c83b950a27288f8b86f 094442d26df74dc0b8c856568ece537d - - default default] http://cinder-api.openstack.svc.cluster.local:8776/v3/094442d26df74dc0b8c856568ece537d/os-quota-sets/094442d26df74dc0b8c856568ece537d?usage=true returned with HTTP 200 [pid: 7|app: 0|req: 464/923] 10.0.0.16 () {28 vars in 734 bytes} [Tue May 12 17:47:08 2026] GET /v3/094442d26df74dc0b8c856568ece537d/os-quota-sets/094442d26df74dc0b8c856568ece537d?usage=true => generated 847 bytes in 85 msecs (HTTP/1.1 200) 7 headers in 285 bytes (1 switches on core 0) /var/lib/openstack/lib/python3.10/site-packages/pycadf/identifier.py:71: UserWarning: Invalid uuid: cinderv3. To ensure interoperability, identifiers should be a valid uuid. warnings.warn(('Invalid uuid: %s. To ensure interoperability, '
2026-05-12 17:47:08.171 8 INFO cinder.api.openstack.wsgi [None req-f15e341e-6054-46a3-9066-edd795cc9aa8 3ec2eb5016954c83b950a27288f8b86f 094442d26df74dc0b8c856568ece537d - - default default] GET http://cinder-api.openstack.svc.cluster.local:8776/v3/094442d26df74dc0b8c856568ece537d/os-quota-sets/25577d19319548caa9b5003d5b0dd9c9?usage=true
2026-05-12 17:47:08.200 8 INFO cinder.api.openstack.wsgi [None req-f15e341e-6054-46a3-9066-edd795cc9aa8 3ec2eb5016954c83b950a27288f8b86f 094442d26df74dc0b8c856568ece537d - - default default] http://cinder-api.openstack.svc.cluster.local:8776/v3/094442d26df74dc0b8c856568ece537d/os-quota-sets/25577d19319548caa9b5003d5b0dd9c9?usage=true returned with HTTP 200 [pid: 8|app: 0|req: 460/924] 10.0.0.16 () {28 vars in 734 bytes} [Tue May 12 17:47:08 2026] GET /v3/094442d26df74dc0b8c856568ece537d/os-quota-sets/25577d19319548caa9b5003d5b0dd9c9?usage=true => generated 847 bytes in 39 msecs (HTTP/1.1 200) 7 headers in 285 bytes (1 switches on core 0)
2026-05-12 17:47:08.215 7 INFO cinder.api.openstack.wsgi [None req-eaf284a8-5ce0-4d7a-bebd-92c35ac25269 3ec2eb5016954c83b950a27288f8b86f 094442d26df74dc0b8c856568ece537d - - default default] GET http://cinder-api.openstack.svc.cluster.local:8776/v3/094442d26df74dc0b8c856568ece537d/os-quota-sets/51b0da5082864a90850ad5bab7f94552?usage=true
2026-05-12 17:47:08.245 7 INFO cinder.api.openstack.wsgi [None req-eaf284a8-5ce0-4d7a-bebd-92c35ac25269 3ec2eb5016954c83b950a27288f8b86f 094442d26df74dc0b8c856568ece537d - - default default] http://cinder-api.openstack.svc.cluster.local:8776/v3/094442d26df74dc0b8c856568ece537d/os-quota-sets/51b0da5082864a90850ad5bab7f94552?usage=true returned with HTTP 200 [pid: 7|app: 0|req: 465/925] 10.0.0.16 () {28 vars in 734 bytes} [Tue May 12 17:47:08 2026] GET /v3/094442d26df74dc0b8c856568ece537d/os-quota-sets/51b0da5082864a90850ad5bab7f94552?usage=true => generated 847 bytes in 42 msecs (HTTP/1.1 200) 7 headers in 285 bytes (1 switches on core 0)
2026-05-12 17:47:08.261 8 INFO cinder.api.openstack.wsgi [None req-d2f45050-5e8d-4654-9d0e-dda8d69cb7f3 3ec2eb5016954c83b950a27288f8b86f 094442d26df74dc0b8c856568ece537d - - default default] GET http://cinder-api.openstack.svc.cluster.local:8776/v3/094442d26df74dc0b8c856568ece537d/os-quota-sets/71cf69db4ac142eaa7e3229dcf29a59a?usage=true
2026-05-12 17:47:08.300 8 INFO cinder.api.openstack.wsgi [None req-d2f45050-5e8d-4654-9d0e-dda8d69cb7f3 3ec2eb5016954c83b950a27288f8b86f 094442d26df74dc0b8c856568ece537d - - default default] http://cinder-api.openstack.svc.cluster.local:8776/v3/094442d26df74dc0b8c856568ece537d/os-quota-sets/71cf69db4ac142eaa7e3229dcf29a59a?usage=true returned with HTTP 200 [pid: 8|app: 0|req: 461/926] 10.0.0.16 () {28 vars in 734 bytes} [Tue May 12 17:47:08 2026] GET /v3/094442d26df74dc0b8c856568ece537d/os-quota-sets/71cf69db4ac142eaa7e3229dcf29a59a?usage=true => generated 847 bytes in 47 msecs (HTTP/1.1 200) 7 headers in 285 bytes (1 switches on core 0)
2026-05-12 17:47:08.313 7 INFO cinder.api.openstack.wsgi [None req-fe5da4e8-2b46-4775-bba3-717ad1d8d6de 3ec2eb5016954c83b950a27288f8b86f 094442d26df74dc0b8c856568ece537d - - default default] GET http://cinder-api.openstack.svc.cluster.local:8776/v3/094442d26df74dc0b8c856568ece537d/os-quota-sets/77f0a0fca3c8487f82a51e0504b3da61?usage=true
2026-05-12 17:47:08.340 7 INFO cinder.api.openstack.wsgi [None req-fe5da4e8-2b46-4775-bba3-717ad1d8d6de 3ec2eb5016954c83b950a27288f8b86f 094442d26df74dc0b8c856568ece537d - - default default] http://cinder-api.openstack.svc.cluster.local:8776/v3/094442d26df74dc0b8c856568ece537d/os-quota-sets/77f0a0fca3c8487f82a51e0504b3da61?usage=true returned with HTTP 200 [pid: 7|app: 0|req: 466/927] 10.0.0.16 () {28 vars in 734 bytes} [Tue May 12 17:47:08 2026] GET /v3/094442d26df74dc0b8c856568ece537d/os-quota-sets/77f0a0fca3c8487f82a51e0504b3da61?usage=true => generated 847 bytes in 37 msecs (HTTP/1.1 200) 7 headers in 285 bytes (1 switches on core 0)
2026-05-12 17:47:08.350 8 INFO cinder.api.openstack.wsgi [None req-c9b008df-bc29-481a-a268-316dd3d14c4b 3ec2eb5016954c83b950a27288f8b86f 094442d26df74dc0b8c856568ece537d - - default default] GET http://cinder-api.openstack.svc.cluster.local:8776/v3/094442d26df74dc0b8c856568ece537d/os-quota-sets/84c1da7df2d643428ef738e268fbfa98?usage=true
2026-05-12 17:47:08.377 8 INFO cinder.api.openstack.wsgi [None req-c9b008df-bc29-481a-a268-316dd3d14c4b 3ec2eb5016954c83b950a27288f8b86f 094442d26df74dc0b8c856568ece537d - - default default] http://cinder-api.openstack.svc.cluster.local:8776/v3/094442d26df74dc0b8c856568ece537d/os-quota-sets/84c1da7df2d643428ef738e268fbfa98?usage=true returned with HTTP 200 [pid: 8|app: 0|req: 462/928] 10.0.0.16 () {28 vars in 734 bytes} [Tue May 12 17:47:08 2026] GET /v3/094442d26df74dc0b8c856568ece537d/os-quota-sets/84c1da7df2d643428ef738e268fbfa98?usage=true => generated 847 bytes in 37 msecs (HTTP/1.1 200) 7 headers in 285 bytes (1 switches on core 0)
2026-05-12 17:47:08.400 7 INFO cinder.api.openstack.wsgi [None req-ac3a7a70-a8c9-4571-9c5b-e79877deb661 3ec2eb5016954c83b950a27288f8b86f 094442d26df74dc0b8c856568ece537d - - default default] GET http://cinder-api.openstack.svc.cluster.local:8776/v3/094442d26df74dc0b8c856568ece537d/os-quota-sets/85254e21c56a43c09fc1cb85f2a63688?usage=true
2026-05-12 17:47:08.426 7 INFO cinder.api.openstack.wsgi [None req-ac3a7a70-a8c9-4571-9c5b-e79877deb661 3ec2eb5016954c83b950a27288f8b86f 094442d26df74dc0b8c856568ece537d - - default default] http://cinder-api.openstack.svc.cluster.local:8776/v3/094442d26df74dc0b8c856568ece537d/os-quota-sets/85254e21c56a43c09fc1cb85f2a63688?usage=true returned with HTTP 200 [pid: 7|app: 0|req: 467/929] 10.0.0.16 () {28 vars in 734 bytes} [Tue May 12 17:47:08 2026] GET /v3/094442d26df74dc0b8c856568ece537d/os-quota-sets/85254e21c56a43c09fc1cb85f2a63688?usage=true => generated 847 bytes in 39 msecs (HTTP/1.1 200) 7 headers in 285 bytes (1 switches on core 0)
2026-05-12 17:47:08.443 8 INFO cinder.api.openstack.wsgi [None req-53eacb72-ce0f-431c-a5c9-9d855e0e1075 3ec2eb5016954c83b950a27288f8b86f 094442d26df74dc0b8c856568ece537d - - default default] GET http://cinder-api.openstack.svc.cluster.local:8776/v3/094442d26df74dc0b8c856568ece537d/os-quota-sets/8a1f001052df42b0a4d568fdae6a8c10?usage=true
2026-05-12 17:47:08.479 8 INFO cinder.api.openstack.wsgi [None req-53eacb72-ce0f-431c-a5c9-9d855e0e1075 3ec2eb5016954c83b950a27288f8b86f 094442d26df74dc0b8c856568ece537d - - default default] http://cinder-api.openstack.svc.cluster.local:8776/v3/094442d26df74dc0b8c856568ece537d/os-quota-sets/8a1f001052df42b0a4d568fdae6a8c10?usage=true returned with HTTP 200 [pid: 8|app: 0|req: 463/930] 10.0.0.16 () {28 vars in 734 bytes} [Tue May 12 17:47:08 2026] GET /v3/094442d26df74dc0b8c856568ece537d/os-quota-sets/8a1f001052df42b0a4d568fdae6a8c10?usage=true => generated 847 bytes in 50 msecs (HTTP/1.1 200) 7 headers in 285 bytes (1 switches on core 0)
2026-05-12 17:47:08.494 7 INFO cinder.api.openstack.wsgi [None req-1c625bde-1552-4463-be5d-cb0616942ec0 3ec2eb5016954c83b950a27288f8b86f 094442d26df74dc0b8c856568ece537d - - default default] GET http://cinder-api.openstack.svc.cluster.local:8776/v3/094442d26df74dc0b8c856568ece537d/os-quota-sets/b29a7c154cb244aea8a76873e422559a?usage=true
2026-05-12 17:47:08.519 7 INFO cinder.api.openstack.wsgi [None req-1c625bde-1552-4463-be5d-cb0616942ec0 3ec2eb5016954c83b950a27288f8b86f 094442d26df74dc0b8c856568ece537d - - default default] http://cinder-api.openstack.svc.cluster.local:8776/v3/094442d26df74dc0b8c856568ece537d/os-quota-sets/b29a7c154cb244aea8a76873e422559a?usage=true returned with HTTP 200 [pid: 7|app: 0|req: 468/931] 10.0.0.16 () {28 vars in 734 bytes} [Tue May 12 17:47:08 2026] GET /v3/094442d26df74dc0b8c856568ece537d/os-quota-sets/b29a7c154cb244aea8a76873e422559a?usage=true => generated 845 bytes in 36 msecs (HTTP/1.1 200) 7 headers in 285 bytes (1 switches on core 0)
2026-05-12 17:47:08.540 8 INFO cinder.api.openstack.wsgi [None req-ef07aec6-0e1b-4259-9f5d-9d9988d8de7b 3ec2eb5016954c83b950a27288f8b86f 094442d26df74dc0b8c856568ece537d - - default default] GET http://cinder-api.openstack.svc.cluster.local:8776/v3/094442d26df74dc0b8c856568ece537d/os-quota-sets/f409ced8cacf48e89cdd6a30eea2c8cb?usage=true
2026-05-12 17:47:08.570 8 INFO cinder.api.openstack.wsgi [None req-ef07aec6-0e1b-4259-9f5d-9d9988d8de7b 3ec2eb5016954c83b950a27288f8b86f 094442d26df74dc0b8c856568ece537d - - default default] http://cinder-api.openstack.svc.cluster.local:8776/v3/094442d26df74dc0b8c856568ece537d/os-quota-sets/f409ced8cacf48e89cdd6a30eea2c8cb?usage=true returned with HTTP 200 [pid: 8|app: 0|req: 464/932] 10.0.0.16 () {28 vars in 734 bytes} [Tue May 12 17:47:08 2026] GET /v3/094442d26df74dc0b8c856568ece537d/os-quota-sets/f409ced8cacf48e89cdd6a30eea2c8cb?usage=true => generated 847 bytes in 44 msecs (HTTP/1.1 200) 7 headers in 285 bytes (1 switches on core 0)
2026-05-12 17:47:08.583 7 INFO cinder.api.openstack.wsgi [None req-b750e94c-588f-4ecb-913b-efdd26be574b 3ec2eb5016954c83b950a27288f8b86f 094442d26df74dc0b8c856568ece537d - - default default] GET http://cinder-api.openstack.svc.cluster.local:8776/v3/094442d26df74dc0b8c856568ece537d/os-quota-sets/f8167f76c7cc47e5ac0a51d8c7b4dbc5?usage=true
2026-05-12 17:47:08.608 7 INFO cinder.api.openstack.wsgi [None req-b750e94c-588f-4ecb-913b-efdd26be574b 3ec2eb5016954c83b950a27288f8b86f 094442d26df74dc0b8c856568ece537d - - default default] http://cinder-api.openstack.svc.cluster.local:8776/v3/094442d26df74dc0b8c856568ece537d/os-quota-sets/f8167f76c7cc47e5ac0a51d8c7b4dbc5?usage=true returned with HTTP 200 [pid: 7|app: 0|req: 469/933] 10.0.0.16 () {28 vars in 734 bytes} [Tue May 12 17:47:08 2026] GET /v3/094442d26df74dc0b8c856568ece537d/os-quota-sets/f8167f76c7cc47e5ac0a51d8c7b4dbc5?usage=true => generated 847 bytes in 35 msecs (HTTP/1.1 200) 7 headers in 285 bytes (1 switches on core 0)
2026-05-12 17:47:16.885 7 INFO cinder.api.openstack.wsgi [None req-b750e94c-588f-4ecb-913b-efdd26be574b 3ec2eb5016954c83b950a27288f8b86f 094442d26df74dc0b8c856568ece537d - - default default] GET http://10.0.0.170:8776/
2026-05-12 17:47:16.885 8 INFO cinder.api.openstack.wsgi [None req-ef07aec6-0e1b-4259-9f5d-9d9988d8de7b 3ec2eb5016954c83b950a27288f8b86f 094442d26df74dc0b8c856568ece537d - - default default] GET http://10.0.0.170:8776/
2026-05-12 17:47:16.886 7 INFO cinder.api.openstack.wsgi [None req-b750e94c-588f-4ecb-913b-efdd26be574b 3ec2eb5016954c83b950a27288f8b86f 094442d26df74dc0b8c856568ece537d - - default default] http://10.0.0.170:8776/ returned with HTTP 300
2026-05-12 17:47:16.886 8 INFO cinder.api.openstack.wsgi [None req-ef07aec6-0e1b-4259-9f5d-9d9988d8de7b 3ec2eb5016954c83b950a27288f8b86f 094442d26df74dc0b8c856568ece537d - - default default] http://10.0.0.170:8776/ returned with HTTP 300
2026-05-12 17:47:26.884 8 INFO cinder.api.openstack.wsgi [None req-ef07aec6-0e1b-4259-9f5d-9d9988d8de7b 3ec2eb5016954c83b950a27288f8b86f 094442d26df74dc0b8c856568ece537d - - default default] GET http://10.0.0.170:8776/
2026-05-12 17:47:26.884 7 INFO cinder.api.openstack.wsgi [None req-b750e94c-588f-4ecb-913b-efdd26be574b 3ec2eb5016954c83b950a27288f8b86f 094442d26df74dc0b8c856568ece537d - - default default] GET http://10.0.0.170:8776/
2026-05-12 17:47:26.885 8 INFO cinder.api.openstack.wsgi [None req-ef07aec6-0e1b-4259-9f5d-9d9988d8de7b 3ec2eb5016954c83b950a27288f8b86f 094442d26df74dc0b8c856568ece537d - - default default] http://10.0.0.170:8776/ returned with HTTP 300
2026-05-12 17:47:26.885 7 INFO cinder.api.openstack.wsgi [None req-b750e94c-588f-4ecb-913b-efdd26be574b 3ec2eb5016954c83b950a27288f8b86f 094442d26df74dc0b8c856568ece537d - - default default] http://10.0.0.170:8776/ returned with HTTP 300
2026-05-12 17:47:32.743 8 INFO cinder.api.openstack.wsgi [req-60419622-931c-4656-b31d-989190e8a896 req-fbe675e6-0c10-418f-948e-ec8d4650322e 3ec2eb5016954c83b950a27288f8b86f 094442d26df74dc0b8c856568ece537d - - default default] DELETE http://cinder-api.openstack.svc.cluster.local:8776/v3/094442d26df74dc0b8c856568ece537d/attachments/5b2d9dc8-7582-415d-a1a8-f9b0a42e60c8 /var/lib/openstack/lib/python3.10/site-packages/oslo_context/context.py:100: DeprecationWarning: Policy enforcement is depending on the value of is_admin. This key is deprecated. Please update your policy file to use the standard policy values. warnings.warn('Policy enforcement is depending on the value of '
2026-05-12 17:47:32.838 8 INFO cinder.api.openstack.wsgi [req-60419622-931c-4656-b31d-989190e8a896 req-fbe675e6-0c10-418f-948e-ec8d4650322e 3ec2eb5016954c83b950a27288f8b86f 094442d26df74dc0b8c856568ece537d - - default default] http://cinder-api.openstack.svc.cluster.local:8776/v3/094442d26df74dc0b8c856568ece537d/attachments/5b2d9dc8-7582-415d-a1a8-f9b0a42e60c8 returned with HTTP 200 [pid: 8|app: 0|req: 467/938] 199.19.213.156 () {38 vars in 1102 bytes} [Tue May 12 17:47:32 2026] DELETE /v3/094442d26df74dc0b8c856568ece537d/attachments/5b2d9dc8-7582-415d-a1a8-f9b0a42e60c8 => generated 19 bytes in 106 msecs (HTTP/1.1 200) 7 headers in 285 bytes (1 switches on core 0)
2026-05-12 17:47:32.865 7 INFO cinder.api.openstack.wsgi [req-60419622-931c-4656-b31d-989190e8a896 req-71a3b328-6f5b-4f33-b113-47c10d1f374e 3ec2eb5016954c83b950a27288f8b86f 094442d26df74dc0b8c856568ece537d - - default default] DELETE http://cinder-api.openstack.svc.cluster.local:8776/v3/094442d26df74dc0b8c856568ece537d/volumes/f4cb307c-bead-49d5-a4ae-f32678ce7a45
2026-05-12 17:47:32.865 7 INFO cinder.api.v3.volumes [req-60419622-931c-4656-b31d-989190e8a896 req-71a3b328-6f5b-4f33-b113-47c10d1f374e 3ec2eb5016954c83b950a27288f8b86f 094442d26df74dc0b8c856568ece537d - - default default] Delete volume with id: f4cb307c-bead-49d5-a4ae-f32678ce7a45  /var/lib/openstack/lib/python3.10/site-packages/oslo_context/context.py:100: DeprecationWarning: Policy enforcement is depending on the value of is_admin. This key is deprecated. Please update your policy file to use the standard policy values. warnings.warn('Policy enforcement is depending on the value of '
2026-05-12 17:47:32.875 7 INFO cinder.volume.api [req-60419622-931c-4656-b31d-989190e8a896 req-71a3b328-6f5b-4f33-b113-47c10d1f374e 3ec2eb5016954c83b950a27288f8b86f 094442d26df74dc0b8c856568ece537d - - default default] Volume info retrieved successfully.
2026-05-12 17:47:32.895 7 INFO cinder.volume.api [req-60419622-931c-4656-b31d-989190e8a896 req-71a3b328-6f5b-4f33-b113-47c10d1f374e 3ec2eb5016954c83b950a27288f8b86f 094442d26df74dc0b8c856568ece537d - - default default] Delete volume request issued successfully.
2026-05-12 17:47:32.896 7 INFO cinder.api.openstack.wsgi [req-60419622-931c-4656-b31d-989190e8a896 req-71a3b328-6f5b-4f33-b113-47c10d1f374e 3ec2eb5016954c83b950a27288f8b86f 094442d26df74dc0b8c856568ece537d - - default default] http://cinder-api.openstack.svc.cluster.local:8776/v3/094442d26df74dc0b8c856568ece537d/volumes/f4cb307c-bead-49d5-a4ae-f32678ce7a45 returned with HTTP 202 [pid: 7|app: 0|req: 472/939] 199.19.213.156 () {36 vars in 1053 bytes} [Tue May 12 17:47:32 2026] DELETE /v3/094442d26df74dc0b8c856568ece537d/volumes/f4cb307c-bead-49d5-a4ae-f32678ce7a45 => generated 0 bytes in 41 msecs (HTTP/1.1 202) 6 headers in 233 bytes (1 switches on core 0)
2026-05-12 17:47:36.884 8 INFO cinder.api.openstack.wsgi [req-60419622-931c-4656-b31d-989190e8a896 req-fbe675e6-0c10-418f-948e-ec8d4650322e 3ec2eb5016954c83b950a27288f8b86f 094442d26df74dc0b8c856568ece537d - - default default] GET http://10.0.0.170:8776/
2026-05-12 17:47:36.885 7 INFO cinder.api.openstack.wsgi [req-60419622-931c-4656-b31d-989190e8a896 req-71a3b328-6f5b-4f33-b113-47c10d1f374e 3ec2eb5016954c83b950a27288f8b86f 094442d26df74dc0b8c856568ece537d - - default default] GET http://10.0.0.170:8776/
2026-05-12 17:47:36.885 8 INFO cinder.api.openstack.wsgi [req-60419622-931c-4656-b31d-989190e8a896 req-fbe675e6-0c10-418f-948e-ec8d4650322e 3ec2eb5016954c83b950a27288f8b86f 094442d26df74dc0b8c856568ece537d - - default default] http://10.0.0.170:8776/ returned with HTTP 300
2026-05-12 17:47:36.886 7 INFO cinder.api.openstack.wsgi [req-60419622-931c-4656-b31d-989190e8a896 req-71a3b328-6f5b-4f33-b113-47c10d1f374e 3ec2eb5016954c83b950a27288f8b86f 094442d26df74dc0b8c856568ece537d - - default default] http://10.0.0.170:8776/ returned with HTTP 300
2026-05-12 17:47:46.885 7 INFO cinder.api.openstack.wsgi [req-60419622-931c-4656-b31d-989190e8a896 req-71a3b328-6f5b-4f33-b113-47c10d1f374e 3ec2eb5016954c83b950a27288f8b86f 094442d26df74dc0b8c856568ece537d - - default default] GET http://10.0.0.170:8776/
2026-05-12 17:47:46.885 8 INFO cinder.api.openstack.wsgi [req-60419622-931c-4656-b31d-989190e8a896 req-fbe675e6-0c10-418f-948e-ec8d4650322e 3ec2eb5016954c83b950a27288f8b86f 094442d26df74dc0b8c856568ece537d - - default default] GET http://10.0.0.170:8776/
2026-05-12 17:47:46.885 7 INFO cinder.api.openstack.wsgi [req-60419622-931c-4656-b31d-989190e8a896 req-71a3b328-6f5b-4f33-b113-47c10d1f374e 3ec2eb5016954c83b950a27288f8b86f 094442d26df74dc0b8c856568ece537d - - default default] http://10.0.0.170:8776/ returned with HTTP 300
2026-05-12 17:47:46.886 8 INFO cinder.api.openstack.wsgi [req-60419622-931c-4656-b31d-989190e8a896 req-fbe675e6-0c10-418f-948e-ec8d4650322e 3ec2eb5016954c83b950a27288f8b86f 094442d26df74dc0b8c856568ece537d - - default default] http://10.0.0.170:8776/ returned with HTTP 300
2026-05-12 17:47:56.884 8 INFO cinder.api.openstack.wsgi [req-60419622-931c-4656-b31d-989190e8a896 req-fbe675e6-0c10-418f-948e-ec8d4650322e 3ec2eb5016954c83b950a27288f8b86f 094442d26df74dc0b8c856568ece537d - - default default] GET http://10.0.0.170:8776/
2026-05-12 17:47:56.886 8 INFO cinder.api.openstack.wsgi [req-60419622-931c-4656-b31d-989190e8a896 req-fbe675e6-0c10-418f-948e-ec8d4650322e 3ec2eb5016954c83b950a27288f8b86f 094442d26df74dc0b8c856568ece537d - - default default] http://10.0.0.170:8776/ returned with HTTP 300
2026-05-12 17:47:56.884 7 INFO cinder.api.openstack.wsgi [req-60419622-931c-4656-b31d-989190e8a896 req-71a3b328-6f5b-4f33-b113-47c10d1f374e 3ec2eb5016954c83b950a27288f8b86f 094442d26df74dc0b8c856568ece537d - - default default] GET http://10.0.0.170:8776/
2026-05-12 17:47:56.889 7 INFO cinder.api.openstack.wsgi [req-60419622-931c-4656-b31d-989190e8a896 req-71a3b328-6f5b-4f33-b113-47c10d1f374e 3ec2eb5016954c83b950a27288f8b86f 094442d26df74dc0b8c856568ece537d - - default default] http://10.0.0.170:8776/ returned with HTTP 300 /var/lib/openstack/lib/python3.10/site-packages/pycadf/identifier.py:71: UserWarning: Invalid uuid: cinderv3. To ensure interoperability, identifiers should be a valid uuid. warnings.warn(('Invalid uuid: %s. To ensure interoperability, '
2026-05-12 17:48:04.153 8 INFO cinder.api.openstack.wsgi [None req-3e369ca2-62cc-495c-9cd9-2ad7c7abb9a0 3ec2eb5016954c83b950a27288f8b86f 094442d26df74dc0b8c856568ece537d - - default default] GET http://cinder-api.openstack.svc.cluster.local:8776/v3/094442d26df74dc0b8c856568ece537d/snapshots /var/lib/openstack/lib/python3.10/site-packages/oslo_context/context.py:100: DeprecationWarning: Policy enforcement is depending on the value of is_admin. This key is deprecated. Please update your policy file to use the standard policy values. warnings.warn('Policy enforcement is depending on the value of '
2026-05-12 17:48:04.166 8 INFO cinder.volume.api [None req-3e369ca2-62cc-495c-9cd9-2ad7c7abb9a0 3ec2eb5016954c83b950a27288f8b86f 094442d26df74dc0b8c856568ece537d - - default default] Get all snapshots completed successfully.
2026-05-12 17:48:04.166 8 INFO cinder.api.openstack.wsgi [None req-3e369ca2-62cc-495c-9cd9-2ad7c7abb9a0 3ec2eb5016954c83b950a27288f8b86f 094442d26df74dc0b8c856568ece537d - - default default] http://cinder-api.openstack.svc.cluster.local:8776/v3/094442d26df74dc0b8c856568ece537d/snapshots returned with HTTP 200 [pid: 8|app: 0|req: 471/946] 10.0.0.233 () {32 vars in 704 bytes} [Tue May 12 17:48:04 2026] GET /v3/094442d26df74dc0b8c856568ece537d/snapshots => generated 17 bytes in 19 msecs (HTTP/1.1 200) 7 headers in 284 bytes (1 switches on core 0) /var/lib/openstack/lib/python3.10/site-packages/pycadf/identifier.py:71: UserWarning: Invalid uuid: cinderv3. To ensure interoperability, identifiers should be a valid uuid. warnings.warn(('Invalid uuid: %s. To ensure interoperability, '
2026-05-12 17:48:04.183 7 INFO cinder.api.openstack.wsgi [None req-f91a81d9-1ab1-4e95-89ad-91004ec66e61 3ec2eb5016954c83b950a27288f8b86f 094442d26df74dc0b8c856568ece537d - - default default] GET http://cinder-api.openstack.svc.cluster.local:8776/v3/094442d26df74dc0b8c856568ece537d/volumes
2026-05-12 17:48:04.210 7 INFO cinder.volume.api [None req-f91a81d9-1ab1-4e95-89ad-91004ec66e61 3ec2eb5016954c83b950a27288f8b86f 094442d26df74dc0b8c856568ece537d - - default default] Get all volumes completed successfully.
2026-05-12 17:48:04.211 7 INFO cinder.api.openstack.wsgi [None req-f91a81d9-1ab1-4e95-89ad-91004ec66e61 3ec2eb5016954c83b950a27288f8b86f 094442d26df74dc0b8c856568ece537d - - default default] http://cinder-api.openstack.svc.cluster.local:8776/v3/094442d26df74dc0b8c856568ece537d/volumes returned with HTTP 200 [pid: 7|app: 0|req: 476/947] 10.0.0.233 () {32 vars in 700 bytes} [Tue May 12 17:48:04 2026] GET /v3/094442d26df74dc0b8c856568ece537d/volumes => generated 15 bytes in 36 msecs (HTTP/1.1 200) 7 headers in 284 bytes (1 switches on core 0)
2026-05-12 17:48:06.885 8 INFO cinder.api.openstack.wsgi [None req-3e369ca2-62cc-495c-9cd9-2ad7c7abb9a0 3ec2eb5016954c83b950a27288f8b86f 094442d26df74dc0b8c856568ece537d - - default default] GET http://10.0.0.170:8776/
2026-05-12 17:48:06.886 8 INFO cinder.api.openstack.wsgi [None req-3e369ca2-62cc-495c-9cd9-2ad7c7abb9a0 3ec2eb5016954c83b950a27288f8b86f 094442d26df74dc0b8c856568ece537d - - default default] http://10.0.0.170:8776/ returned with HTTP 300
2026-05-12 17:48:06.886 7 INFO cinder.api.openstack.wsgi [None req-f91a81d9-1ab1-4e95-89ad-91004ec66e61 3ec2eb5016954c83b950a27288f8b86f 094442d26df74dc0b8c856568ece537d - - default default] GET http://10.0.0.170:8776/
