2026-05-12 17:44:09.427 7 INFO placement.requestlog [None req-dac73241-0745-49f9-9d77-06ad08f63733 4387e57f7e874209a13ea077a201d54c b29a7c154cb244aea8a76873e422559a - - 89cea45a4d1945278c13d736eef3d925 89cea45a4d1945278c13d736eef3d925] 10.0.0.227 "DELETE /resource_providers/5b8964c6-10d8-4d82-a67b-5358b2db5bd8" status: 404 len: 246 microversion: 1.1 [pid: 7|app: 0|req: 464/929] 10.0.0.227 () {34 vars in 815 bytes} [Tue May 12 17:44:09 2026] DELETE /resource_providers/5b8964c6-10d8-4d82-a67b-5358b2db5bd8 => generated 246 bytes in 14 msecs (HTTP/1.1 404) 6 headers in 231 bytes (1 switches on core 0)
2026-05-12 17:44:10.872 8 INFO placement.requestlog [None req-e6103a63-251c-429f-8363-2f228bfe5a19 4387e57f7e874209a13ea077a201d54c b29a7c154cb244aea8a76873e422559a - - 89cea45a4d1945278c13d736eef3d925 89cea45a4d1945278c13d736eef3d925] 10.0.0.227 "GET /resource_providers/c9f7cb84-ce85-48f4-a0cc-510197a075ee/aggregates" status: 404 len: 235 microversion: 1.1 [pid: 8|app: 0|req: 466/930] 10.0.0.227 () {32 vars in 815 bytes} [Tue May 12 17:44:10 2026] GET /resource_providers/c9f7cb84-ce85-48f4-a0cc-510197a075ee/aggregates => generated 235 bytes in 11 msecs (HTTP/1.1 404) 5 headers in 202 bytes (1 switches on core 0)
2026-05-12 17:44:10.876 7 INFO placement.requestlog [None req-5d930a39-8c21-4226-8a78-2edfbae8f8b3 4387e57f7e874209a13ea077a201d54c b29a7c154cb244aea8a76873e422559a - - 89cea45a4d1945278c13d736eef3d925 89cea45a4d1945278c13d736eef3d925] 10.0.0.227 "GET /resource_providers/c9f7cb84-ce85-48f4-a0cc-510197a075ee/aggregates" status: 404 len: 235 microversion: 1.1 [pid: 7|app: 0|req: 465/931] 10.0.0.227 () {32 vars in 815 bytes} [Tue May 12 17:44:10 2026] GET /resource_providers/c9f7cb84-ce85-48f4-a0cc-510197a075ee/aggregates => generated 235 bytes in 10 msecs (HTTP/1.1 404) 5 headers in 202 bytes (1 switches on core 0)
2026-05-12 17:44:10.903 8 INFO placement.requestlog [None req-d6147b56-9906-43b4-af95-ece90357e303 4387e57f7e874209a13ea077a201d54c b29a7c154cb244aea8a76873e422559a - - 89cea45a4d1945278c13d736eef3d925 89cea45a4d1945278c13d736eef3d925] 10.0.0.227 "DELETE /resource_providers/c9f7cb84-ce85-48f4-a0cc-510197a075ee" status: 404 len: 246 microversion: 1.1 [pid: 8|app: 0|req: 467/932] 10.0.0.227 () {34 vars in 815 bytes} [Tue May 12 17:44:10 2026] DELETE /resource_providers/c9f7cb84-ce85-48f4-a0cc-510197a075ee => generated 246 bytes in 12 msecs (HTTP/1.1 404) 6 headers in 231 bytes (1 switches on core 0)
2026-05-12 17:44:10.908 7 INFO placement.requestlog [None req-e61e5e29-c16d-4917-bc11-b1d87c35d5e6 4387e57f7e874209a13ea077a201d54c b29a7c154cb244aea8a76873e422559a - - 89cea45a4d1945278c13d736eef3d925 89cea45a4d1945278c13d736eef3d925] 10.0.0.227 "DELETE /resource_providers/c9f7cb84-ce85-48f4-a0cc-510197a075ee" status: 404 len: 246 microversion: 1.1 [pid: 7|app: 0|req: 466/933] 10.0.0.227 () {34 vars in 815 bytes} [Tue May 12 17:44:10 2026] DELETE /resource_providers/c9f7cb84-ce85-48f4-a0cc-510197a075ee => generated 246 bytes in 17 msecs (HTTP/1.1 404) 6 headers in 231 bytes (1 switches on core 0)
2026-05-12 17:44:12.252 7 INFO placement.requestlog [None req-4082f919-cbee-482e-b1c0-0257327735ed - - - - - -] 10.0.0.85 "GET /" status: 200 len: 136 microversion: 1.0
2026-05-12 17:44:12.252 8 INFO placement.requestlog [None req-8488b2c1-d06a-4f38-ac9e-a508cf59d59e - - - - - -] 10.0.0.85 "GET /" status: 200 len: 136 microversion: 1.0
2026-05-12 17:44:12.931 7 INFO placement.requestlog [None req-9a25bc72-ff99-4dc0-9953-936864654ea9 4387e57f7e874209a13ea077a201d54c b29a7c154cb244aea8a76873e422559a - - 89cea45a4d1945278c13d736eef3d925 89cea45a4d1945278c13d736eef3d925] 10.0.0.227 "GET /resource_providers/7bbc2fdf-653e-4e88-be8f-7a789aed8a06/aggregates" status: 404 len: 235 microversion: 1.1 [pid: 7|app: 0|req: 468/936] 10.0.0.227 () {32 vars in 815 bytes} [Tue May 12 17:44:12 2026] GET /resource_providers/7bbc2fdf-653e-4e88-be8f-7a789aed8a06/aggregates => generated 235 bytes in 12 msecs (HTTP/1.1 404) 5 headers in 202 bytes (1 switches on core 0)
2026-05-12 17:44:12.932 8 INFO placement.requestlog [None req-aeb50300-629c-4f07-8ea4-ac837a819ad7 4387e57f7e874209a13ea077a201d54c b29a7c154cb244aea8a76873e422559a - - 89cea45a4d1945278c13d736eef3d925 89cea45a4d1945278c13d736eef3d925] 10.0.0.227 "GET /resource_providers/7bbc2fdf-653e-4e88-be8f-7a789aed8a06/aggregates" status: 404 len: 235 microversion: 1.1 [pid: 8|app: 0|req: 469/937] 10.0.0.227 () {32 vars in 815 bytes} [Tue May 12 17:44:12 2026] GET /resource_providers/7bbc2fdf-653e-4e88-be8f-7a789aed8a06/aggregates => generated 235 bytes in 11 msecs (HTTP/1.1 404) 5 headers in 202 bytes (1 switches on core 0)
2026-05-12 17:44:12.954 7 INFO placement.requestlog [None req-9ee7d2a4-d140-4576-a0eb-2735484f207e 4387e57f7e874209a13ea077a201d54c b29a7c154cb244aea8a76873e422559a - - 89cea45a4d1945278c13d736eef3d925 89cea45a4d1945278c13d736eef3d925] 10.0.0.227 "DELETE /resource_providers/7bbc2fdf-653e-4e88-be8f-7a789aed8a06" status: 404 len: 246 microversion: 1.1
2026-05-12 17:44:12.954 8 INFO placement.requestlog [None req-9e73d518-d649-42d9-915a-e1afe4b6366d 4387e57f7e874209a13ea077a201d54c b29a7c154cb244aea8a76873e422559a - - 89cea45a4d1945278c13d736eef3d925 89cea45a4d1945278c13d736eef3d925] 10.0.0.227 "DELETE /resource_providers/7bbc2fdf-653e-4e88-be8f-7a789aed8a06" status: 404 len: 246 microversion: 1.1 [pid: 8|app: 0|req: 470/938] 10.0.0.227 () {34 vars in 815 bytes} [Tue May 12 17:44:12 2026] DELETE /resource_providers/7bbc2fdf-653e-4e88-be8f-7a789aed8a06 => generated 246 bytes in 10 msecs (HTTP/1.1 404) 6 headers in 231 bytes (1 switches on core 0) [pid: 7|app: 0|req: 469/939] 10.0.0.227 () {34 vars in 815 bytes} [Tue May 12 17:44:12 2026] DELETE /resource_providers/7bbc2fdf-653e-4e88-be8f-7a789aed8a06 => generated 246 bytes in 10 msecs (HTTP/1.1 404) 6 headers in 231 bytes (1 switches on core 0)
2026-05-12 17:44:21.926 8 INFO placement.requestlog [None req-604d99a6-356b-4ba7-acb4-c6984c16dd84 4387e57f7e874209a13ea077a201d54c b29a7c154cb244aea8a76873e422559a - - 89cea45a4d1945278c13d736eef3d925 89cea45a4d1945278c13d736eef3d925] 10.0.0.227 "GET /resource_providers/cbffdc75-9934-40be-a875-22b7ad499c7a/aggregates" status: 404 len: 235 microversion: 1.1 [pid: 8|app: 0|req: 471/940] 10.0.0.227 () {32 vars in 815 bytes} [Tue May 12 17:44:21 2026] GET /resource_providers/cbffdc75-9934-40be-a875-22b7ad499c7a/aggregates => generated 235 bytes in 8 msecs (HTTP/1.1 404) 5 headers in 202 bytes (1 switches on core 0)
2026-05-12 17:44:21.937 7 INFO placement.requestlog [None req-8796efb3-7008-4088-abde-c667b1aaba75 4387e57f7e874209a13ea077a201d54c b29a7c154cb244aea8a76873e422559a - - 89cea45a4d1945278c13d736eef3d925 89cea45a4d1945278c13d736eef3d925] 10.0.0.227 "GET /resource_providers/cbffdc75-9934-40be-a875-22b7ad499c7a/aggregates" status: 404 len: 235 microversion: 1.1 [pid: 7|app: 0|req: 470/941] 10.0.0.227 () {32 vars in 815 bytes} [Tue May 12 17:44:21 2026] GET /resource_providers/cbffdc75-9934-40be-a875-22b7ad499c7a/aggregates => generated 235 bytes in 14 msecs (HTTP/1.1 404) 5 headers in 202 bytes (1 switches on core 0)
2026-05-12 17:44:21.957 8 INFO placement.requestlog [None req-2e850dd4-31cd-4465-abe1-74541e008b23 4387e57f7e874209a13ea077a201d54c b29a7c154cb244aea8a76873e422559a - - 89cea45a4d1945278c13d736eef3d925 89cea45a4d1945278c13d736eef3d925] 10.0.0.227 "DELETE /resource_providers/cbffdc75-9934-40be-a875-22b7ad499c7a" status: 404 len: 246 microversion: 1.1 [pid: 8|app: 0|req: 472/942] 10.0.0.227 () {34 vars in 815 bytes} [Tue May 12 17:44:21 2026] DELETE /resource_providers/cbffdc75-9934-40be-a875-22b7ad499c7a => generated 246 bytes in 7 msecs (HTTP/1.1 404) 6 headers in 231 bytes (1 switches on core 0)
2026-05-12 17:44:21.967 7 INFO placement.requestlog [None req-a2042898-14a2-4ea2-97ce-668cf2cffb33 4387e57f7e874209a13ea077a201d54c b29a7c154cb244aea8a76873e422559a - - 89cea45a4d1945278c13d736eef3d925 89cea45a4d1945278c13d736eef3d925] 10.0.0.227 "DELETE /resource_providers/cbffdc75-9934-40be-a875-22b7ad499c7a" status: 404 len: 246 microversion: 1.1 [pid: 7|app: 0|req: 471/943] 10.0.0.227 () {34 vars in 815 bytes} [Tue May 12 17:44:21 2026] DELETE /resource_providers/cbffdc75-9934-40be-a875-22b7ad499c7a => generated 246 bytes in 11 msecs (HTTP/1.1 404) 6 headers in 231 bytes (1 switches on core 0)
2026-05-12 17:44:22.197 8 INFO placement.requestlog [req-4cc76c96-e98e-4735-8814-78aa8428e9b0 req-0f1878a3-8ae0-4c8a-a2c4-a6e68dc1af0f 22ea5961e7064465b2a4191e294fda6a b29a7c154cb244aea8a76873e422559a - - 89cea45a4d1945278c13d736eef3d925 89cea45a4d1945278c13d736eef3d925] 10.0.0.149 "GET /allocation_candidates?limit=1000&resources=DISK_GB%3A1%2CMEMORY_MB%3A512%2CVCPU%3A1&root_required=%21COMPUTE_STATUS_DISABLED" status: 200 len: 2149 microversion: 1.36 [pid: 8|app: 0|req: 473/944] 10.0.0.149 () {34 vars in 1011 bytes} [Tue May 12 17:44:22 2026] GET /allocation_candidates?limit=1000&resources=DISK_GB%3A1%2CMEMORY_MB%3A512%2CVCPU%3A1&root_required=%21COMPUTE_STATUS_DISABLED => generated 2149 bytes in 45 msecs (HTTP/1.1 200) 8 headers in 297 bytes (1 switches on core 0)
2026-05-12 17:44:22.230 7 INFO placement.requestlog [req-4cc76c96-e98e-4735-8814-78aa8428e9b0 req-50b547e8-bbcc-4705-99a2-6483d46c3447 22ea5961e7064465b2a4191e294fda6a b29a7c154cb244aea8a76873e422559a - - 89cea45a4d1945278c13d736eef3d925 89cea45a4d1945278c13d736eef3d925] 10.0.0.149 "GET /allocations/626c1185-992d-4fe3-8f83-42852906ce66" status: 200 len: 19 microversion: 1.28 [pid: 7|app: 0|req: 472/945] 10.0.0.149 () {34 vars in 860 bytes} [Tue May 12 17:44:22 2026] GET /allocations/626c1185-992d-4fe3-8f83-42852906ce66 => generated 19 bytes in 14 msecs (HTTP/1.1 200) 8 headers in 295 bytes (1 switches on core 0)
2026-05-12 17:44:22.253 7 INFO placement.requestlog [None req-090af5d9-e326-4687-8e13-63cce25ad52a - - - - - -] 10.0.0.85 "GET /" status: 200 len: 136 microversion: 1.0
2026-05-12 17:44:22.254 7 INFO placement.requestlog [None req-7bacec72-a48f-44c7-8e2a-7e81b2de2530 - - - - - -] 10.0.0.85 "GET /" status: 200 len: 136 microversion: 1.0
2026-05-12 17:44:22.294 8 INFO placement.requestlog [req-4cc76c96-e98e-4735-8814-78aa8428e9b0 req-b51d92f3-a11c-4574-b2a8-48348bc0ddf7 22ea5961e7064465b2a4191e294fda6a b29a7c154cb244aea8a76873e422559a - - 89cea45a4d1945278c13d736eef3d925 89cea45a4d1945278c13d736eef3d925] 10.0.0.149 "PUT /allocations/626c1185-992d-4fe3-8f83-42852906ce66" status: 204 len: 0 microversion: 1.36 [pid: 8|app: 0|req: 474/948] 10.0.0.149 () {38 vars in 913 bytes} [Tue May 12 17:44:22 2026] PUT /allocations/626c1185-992d-4fe3-8f83-42852906ce66 => generated 0 bytes in 57 msecs (HTTP/1.1 204) 5 headers in 199 bytes (1 switches on core 0)
2026-05-12 17:44:22.517 7 INFO placement.requestlog [req-4cc76c96-e98e-4735-8814-78aa8428e9b0 req-250210f0-3366-42b7-b3de-2ab17c6220e0 22ea5961e7064465b2a4191e294fda6a b29a7c154cb244aea8a76873e422559a - - 89cea45a4d1945278c13d736eef3d925 89cea45a4d1945278c13d736eef3d925] 199.19.213.156 "GET /allocations/626c1185-992d-4fe3-8f83-42852906ce66" status: 200 len: 258 microversion: 1.28 [pid: 7|app: 0|req: 475/949] 199.19.213.156 () {34 vars in 862 bytes} [Tue May 12 17:44:22 2026] GET /allocations/626c1185-992d-4fe3-8f83-42852906ce66 => generated 258 bytes in 13 msecs (HTTP/1.1 200) 8 headers in 296 bytes (1 switches on core 0)
2026-05-12 17:44:22.629 8 INFO placement.requestlog [req-4cc76c96-e98e-4735-8814-78aa8428e9b0 req-4b416c6b-a40a-481b-badf-02c68dffd506 22ea5961e7064465b2a4191e294fda6a b29a7c154cb244aea8a76873e422559a - - 89cea45a4d1945278c13d736eef3d925 89cea45a4d1945278c13d736eef3d925] 199.19.213.156 "GET /resource_providers/cd9d60c1-84fe-40f5-9cdf-d04d65948a2d/allocations" status: 200 len: 253 microversion: 1.0 [pid: 8|app: 0|req: 475/950] 199.19.213.156 () {32 vars in 856 bytes} [Tue May 12 17:44:22 2026] GET /resource_providers/cd9d60c1-84fe-40f5-9cdf-d04d65948a2d/allocations => generated 253 bytes in 26 msecs (HTTP/1.1 200) 6 headers in 224 bytes (1 switches on core 0)
2026-05-12 17:44:22.658 7 INFO placement.requestlog [req-4cc76c96-e98e-4735-8814-78aa8428e9b0 req-a72d9f22-1385-44a7-8f86-cae8ba095ed8 22ea5961e7064465b2a4191e294fda6a b29a7c154cb244aea8a76873e422559a - - 89cea45a4d1945278c13d736eef3d925 89cea45a4d1945278c13d736eef3d925] 199.19.213.156 "GET /allocations/c1a2fdb1-558a-4d4c-b3bd-703534228a69" status: 200 len: 258 microversion: 1.28 [pid: 7|app: 0|req: 476/951] 199.19.213.156 () {34 vars in 862 bytes} [Tue May 12 17:44:22 2026] GET /allocations/c1a2fdb1-558a-4d4c-b3bd-703534228a69 => generated 258 bytes in 19 msecs (HTTP/1.1 200) 8 headers in 296 bytes (1 switches on core 0)
2026-05-12 17:44:22.685 8 INFO placement.requestlog [req-4cc76c96-e98e-4735-8814-78aa8428e9b0 req-276e078c-0988-45f0-962b-eef7de28a37a 22ea5961e7064465b2a4191e294fda6a b29a7c154cb244aea8a76873e422559a - - 89cea45a4d1945278c13d736eef3d925 89cea45a4d1945278c13d736eef3d925] 199.19.213.156 "GET /allocations/626c1185-992d-4fe3-8f83-42852906ce66" status: 200 len: 258 microversion: 1.28 [pid: 8|app: 0|req: 476/952] 199.19.213.156 () {34 vars in 862 bytes} [Tue May 12 17:44:22 2026] GET /allocations/626c1185-992d-4fe3-8f83-42852906ce66 => generated 258 bytes in 17 msecs (HTTP/1.1 200) 8 headers in 296 bytes (1 switches on core 0)
2026-05-12 17:44:22.799 7 INFO placement.requestlog [None req-7a413e46-754f-4cbf-815b-b1e0fda0a87b 4387e57f7e874209a13ea077a201d54c b29a7c154cb244aea8a76873e422559a - - 89cea45a4d1945278c13d736eef3d925 89cea45a4d1945278c13d736eef3d925] 10.0.0.227 "GET /resource_providers/a90b4c5f-314c-4c1a-940e-6bab2af03c4e/aggregates" status: 404 len: 235 microversion: 1.1 [pid: 7|app: 0|req: 477/953] 10.0.0.227 () {32 vars in 815 bytes} [Tue May 12 17:44:22 2026] GET /resource_providers/a90b4c5f-314c-4c1a-940e-6bab2af03c4e/aggregates => generated 235 bytes in 10 msecs (HTTP/1.1 404) 5 headers in 202 bytes (1 switches on core 0)
2026-05-12 17:44:22.809 8 INFO placement.requestlog [None req-766eb836-3eaf-4c0b-b47f-350c04f81a4b 4387e57f7e874209a13ea077a201d54c b29a7c154cb244aea8a76873e422559a - - 89cea45a4d1945278c13d736eef3d925 89cea45a4d1945278c13d736eef3d925] 10.0.0.227 "GET /resource_providers/a90b4c5f-314c-4c1a-940e-6bab2af03c4e/aggregates" status: 404 len: 235 microversion: 1.1 [pid: 8|app: 0|req: 477/954] 10.0.0.227 () {32 vars in 815 bytes} [Tue May 12 17:44:22 2026] GET /resource_providers/a90b4c5f-314c-4c1a-940e-6bab2af03c4e/aggregates => generated 235 bytes in 20 msecs (HTTP/1.1 404) 5 headers in 202 bytes (1 switches on core 0)
2026-05-12 17:44:22.844 8 INFO placement.requestlog [None req-7261e4e2-7f89-404c-b348-9fa1628a46a8 4387e57f7e874209a13ea077a201d54c b29a7c154cb244aea8a76873e422559a - - 89cea45a4d1945278c13d736eef3d925 89cea45a4d1945278c13d736eef3d925] 10.0.0.227 "DELETE /resource_providers/a90b4c5f-314c-4c1a-940e-6bab2af03c4e" status: 404 len: 246 microversion: 1.1 [pid: 8|app: 0|req: 478/955] 10.0.0.227 () {34 vars in 815 bytes} [Tue May 12 17:44:22 2026] DELETE /resource_providers/a90b4c5f-314c-4c1a-940e-6bab2af03c4e => generated 246 bytes in 12 msecs (HTTP/1.1 404) 6 headers in 231 bytes (1 switches on core 0)
2026-05-12 17:44:22.845 7 INFO placement.requestlog [None req-ddba6ed0-7174-42d8-8373-e8dcf6551513 4387e57f7e874209a13ea077a201d54c b29a7c154cb244aea8a76873e422559a - - 89cea45a4d1945278c13d736eef3d925 89cea45a4d1945278c13d736eef3d925] 10.0.0.227 "DELETE /resource_providers/a90b4c5f-314c-4c1a-940e-6bab2af03c4e" status: 404 len: 246 microversion: 1.1 [pid: 7|app: 0|req: 478/956] 10.0.0.227 () {34 vars in 815 bytes} [Tue May 12 17:44:22 2026] DELETE /resource_providers/a90b4c5f-314c-4c1a-940e-6bab2af03c4e => generated 246 bytes in 14 msecs (HTTP/1.1 404) 6 headers in 231 bytes (1 switches on core 0)
2026-05-12 17:44:23.980 8 INFO placement.requestlog [None req-d496c6ad-6b77-43b2-93c6-81de80886b81 4387e57f7e874209a13ea077a201d54c b29a7c154cb244aea8a76873e422559a - - 89cea45a4d1945278c13d736eef3d925 89cea45a4d1945278c13d736eef3d925] 10.0.0.227 "GET /resource_providers/90c50339-8aea-476b-bb8f-b125f74ca015/aggregates" status: 404 len: 235 microversion: 1.1 [pid: 8|app: 0|req: 479/957] 10.0.0.227 () {32 vars in 815 bytes} [Tue May 12 17:44:23 2026] GET /resource_providers/90c50339-8aea-476b-bb8f-b125f74ca015/aggregates => generated 235 bytes in 15 msecs (HTTP/1.1 404) 5 headers in 202 bytes (1 switches on core 0)
2026-05-12 17:44:23.986 7 INFO placement.requestlog [None req-c8a3f0a2-179a-4711-8266-6c66b3276aa5 4387e57f7e874209a13ea077a201d54c b29a7c154cb244aea8a76873e422559a - - 89cea45a4d1945278c13d736eef3d925 89cea45a4d1945278c13d736eef3d925] 10.0.0.227 "GET /resource_providers/90c50339-8aea-476b-bb8f-b125f74ca015/aggregates" status: 404 len: 235 microversion: 1.1 [pid: 7|app: 0|req: 479/958] 10.0.0.227 () {32 vars in 815 bytes} [Tue May 12 17:44:23 2026] GET /resource_providers/90c50339-8aea-476b-bb8f-b125f74ca015/aggregates => generated 235 bytes in 11 msecs (HTTP/1.1 404) 5 headers in 202 bytes (1 switches on core 0)
2026-05-12 17:44:24.016 8 INFO placement.requestlog [None req-dfc67459-7b0e-4ed3-97ad-e3a8b997d083 4387e57f7e874209a13ea077a201d54c b29a7c154cb244aea8a76873e422559a - - 89cea45a4d1945278c13d736eef3d925 89cea45a4d1945278c13d736eef3d925] 10.0.0.227 "DELETE /resource_providers/90c50339-8aea-476b-bb8f-b125f74ca015" status: 404 len: 246 microversion: 1.1
2026-05-12 17:44:24.015 7 INFO placement.requestlog [None req-a85c761a-29cb-4e57-bcc6-e844b315efd2 4387e57f7e874209a13ea077a201d54c b29a7c154cb244aea8a76873e422559a - - 89cea45a4d1945278c13d736eef3d925 89cea45a4d1945278c13d736eef3d925] 10.0.0.227 "DELETE /resource_providers/90c50339-8aea-476b-bb8f-b125f74ca015" status: 404 len: 246 microversion: 1.1 [pid: 8|app: 0|req: 480/959] 10.0.0.227 () {34 vars in 815 bytes} [Tue May 12 17:44:23 2026] DELETE /resource_providers/90c50339-8aea-476b-bb8f-b125f74ca015 => generated 246 bytes in 17 msecs (HTTP/1.1 404) 6 headers in 231 bytes (1 switches on core 0) [pid: 7|app: 0|req: 480/960] 10.0.0.227 () {34 vars in 815 bytes} [Tue May 12 17:44:24 2026] DELETE /resource_providers/90c50339-8aea-476b-bb8f-b125f74ca015 => generated 246 bytes in 11 msecs (HTTP/1.1 404) 6 headers in 231 bytes (1 switches on core 0)
2026-05-12 17:44:24.051 7 INFO placement.requestlog [None req-55e222a2-1637-4dce-aae2-e7cfed3a25ce 4387e57f7e874209a13ea077a201d54c b29a7c154cb244aea8a76873e422559a - - 89cea45a4d1945278c13d736eef3d925 89cea45a4d1945278c13d736eef3d925] 10.0.0.227 "GET /resource_providers/e620e4d7-98f7-493c-b28c-3c7f588184c8/aggregates" status: 404 len: 235 microversion: 1.1 [pid: 7|app: 0|req: 481/961] 10.0.0.227 () {32 vars in 815 bytes} [Tue May 12 17:44:24 2026] GET /resource_providers/e620e4d7-98f7-493c-b28c-3c7f588184c8/aggregates => generated 235 bytes in 10 msecs (HTTP/1.1 404) 5 headers in 202 bytes (1 switches on core 0)
2026-05-12 17:44:24.056 8 INFO placement.requestlog [None req-a745664f-c0fd-4950-9d34-303843c424de 4387e57f7e874209a13ea077a201d54c b29a7c154cb244aea8a76873e422559a - - 89cea45a4d1945278c13d736eef3d925 89cea45a4d1945278c13d736eef3d925] 10.0.0.227 "GET /resource_providers/e620e4d7-98f7-493c-b28c-3c7f588184c8/aggregates" status: 404 len: 235 microversion: 1.1 [pid: 8|app: 0|req: 481/962] 10.0.0.227 () {32 vars in 815 bytes} [Tue May 12 17:44:24 2026] GET /resource_providers/e620e4d7-98f7-493c-b28c-3c7f588184c8/aggregates => generated 235 bytes in 16 msecs (HTTP/1.1 404) 5 headers in 202 bytes (1 switches on core 0)
2026-05-12 17:44:24.081 8 INFO placement.requestlog [None req-39f0bf74-9f92-472b-9c2c-24a1b1a5f1a9 4387e57f7e874209a13ea077a201d54c b29a7c154cb244aea8a76873e422559a - - 89cea45a4d1945278c13d736eef3d925 89cea45a4d1945278c13d736eef3d925] 10.0.0.227 "DELETE /resource_providers/e620e4d7-98f7-493c-b28c-3c7f588184c8" status: 404 len: 246 microversion: 1.1 [pid: 8|app: 0|req: 482/963] 10.0.0.227 () {34 vars in 815 bytes} [Tue May 12 17:44:24 2026] DELETE /resource_providers/e620e4d7-98f7-493c-b28c-3c7f588184c8 => generated 246 bytes in 18 msecs (HTTP/1.1 404) 6 headers in 231 bytes (1 switches on core 0)
2026-05-12 17:44:24.088 7 INFO placement.requestlog [None req-c269c241-c519-44aa-b945-60eec3518754 4387e57f7e874209a13ea077a201d54c b29a7c154cb244aea8a76873e422559a - - 89cea45a4d1945278c13d736eef3d925 89cea45a4d1945278c13d736eef3d925] 10.0.0.227 "DELETE /resource_providers/e620e4d7-98f7-493c-b28c-3c7f588184c8" status: 404 len: 246 microversion: 1.1 [pid: 7|app: 0|req: 482/964] 10.0.0.227 () {34 vars in 815 bytes} [Tue May 12 17:44:24 2026] DELETE /resource_providers/e620e4d7-98f7-493c-b28c-3c7f588184c8 => generated 246 bytes in 31 msecs (HTTP/1.1 404) 6 headers in 231 bytes (1 switches on core 0)
2026-05-12 17:44:24.100 8 INFO placement.requestlog [None req-55039eca-c31c-47d0-b789-19fa7a1c0ce2 4387e57f7e874209a13ea077a201d54c b29a7c154cb244aea8a76873e422559a - - 89cea45a4d1945278c13d736eef3d925 89cea45a4d1945278c13d736eef3d925] 10.0.0.227 "GET /resource_providers/2cfde139-0932-4b88-b47a-0ce250e93002/aggregates" status: 404 len: 235 microversion: 1.1 [pid: 8|app: 0|req: 483/965] 10.0.0.227 () {32 vars in 815 bytes} [Tue May 12 17:44:24 2026] GET /resource_providers/2cfde139-0932-4b88-b47a-0ce250e93002/aggregates => generated 235 bytes in 11 msecs (HTTP/1.1 404) 5 headers in 202 bytes (1 switches on core 0)
2026-05-12 17:44:24.106 7 INFO placement.requestlog [None req-7b6b1dc4-2c6f-48cf-b8f2-75b4a0d021e0 4387e57f7e874209a13ea077a201d54c b29a7c154cb244aea8a76873e422559a - - 89cea45a4d1945278c13d736eef3d925 89cea45a4d1945278c13d736eef3d925] 10.0.0.227 "GET /resource_providers/2cfde139-0932-4b88-b47a-0ce250e93002/aggregates" status: 404 len: 235 microversion: 1.1 [pid: 7|app: 0|req: 483/966] 10.0.0.227 () {32 vars in 815 bytes} [Tue May 12 17:44:24 2026] GET /resource_providers/2cfde139-0932-4b88-b47a-0ce250e93002/aggregates => generated 235 bytes in 10 msecs (HTTP/1.1 404) 5 headers in 202 bytes (1 switches on core 0)
2026-05-12 17:44:24.117 8 INFO placement.requestlog [None req-85ebef42-4e34-4f94-8ec2-0ed37f8ab1fd 4387e57f7e874209a13ea077a201d54c b29a7c154cb244aea8a76873e422559a - - 89cea45a4d1945278c13d736eef3d925 89cea45a4d1945278c13d736eef3d925] 10.0.0.227 "DELETE /resource_providers/2cfde139-0932-4b88-b47a-0ce250e93002" status: 404 len: 246 microversion: 1.1 [pid: 8|app: 0|req: 484/967] 10.0.0.227 () {34 vars in 815 bytes} [Tue May 12 17:44:24 2026] DELETE /resource_providers/2cfde139-0932-4b88-b47a-0ce250e93002 => generated 246 bytes in 11 msecs (HTTP/1.1 404) 6 headers in 231 bytes (1 switches on core 0)
2026-05-12 17:44:24.125 7 INFO placement.requestlog [None req-1cec2957-ed77-4eef-b9e7-dc1a7373f2d5 4387e57f7e874209a13ea077a201d54c b29a7c154cb244aea8a76873e422559a - - 89cea45a4d1945278c13d736eef3d925 89cea45a4d1945278c13d736eef3d925] 10.0.0.227 "DELETE /resource_providers/2cfde139-0932-4b88-b47a-0ce250e93002" status: 404 len: 246 microversion: 1.1 [pid: 7|app: 0|req: 484/968] 10.0.0.227 () {34 vars in 815 bytes} [Tue May 12 17:44:24 2026] DELETE /resource_providers/2cfde139-0932-4b88-b47a-0ce250e93002 => generated 246 bytes in 11 msecs (HTTP/1.1 404) 6 headers in 231 bytes (1 switches on core 0)
2026-05-12 17:44:24.145 8 INFO placement.requestlog [None req-73f6fbd7-cdea-4892-8c03-e83949b08e8f 4387e57f7e874209a13ea077a201d54c b29a7c154cb244aea8a76873e422559a - - 89cea45a4d1945278c13d736eef3d925 89cea45a4d1945278c13d736eef3d925] 10.0.0.227 "GET /resource_providers/6c33bab8-c249-4875-a26a-11571de34e76/aggregates" status: 404 len: 235 microversion: 1.1 [pid: 8|app: 0|req: 485/969] 10.0.0.227 () {32 vars in 815 bytes} [Tue May 12 17:44:24 2026] GET /resource_providers/6c33bab8-c249-4875-a26a-11571de34e76/aggregates => generated 235 bytes in 10 msecs (HTTP/1.1 404) 5 headers in 202 bytes (1 switches on core 0)
2026-05-12 17:44:24.146 7 INFO placement.requestlog [None req-046044e9-f36c-4a1d-a167-50f66a867bad 4387e57f7e874209a13ea077a201d54c b29a7c154cb244aea8a76873e422559a - - 89cea45a4d1945278c13d736eef3d925 89cea45a4d1945278c13d736eef3d925] 10.0.0.227 "GET /resource_providers/6c33bab8-c249-4875-a26a-11571de34e76/aggregates" status: 404 len: 235 microversion: 1.1 [pid: 7|app: 0|req: 485/970] 10.0.0.227 () {32 vars in 815 bytes} [Tue May 12 17:44:24 2026] GET /resource_providers/6c33bab8-c249-4875-a26a-11571de34e76/aggregates => generated 235 bytes in 11 msecs (HTTP/1.1 404) 5 headers in 202 bytes (1 switches on core 0)
2026-05-12 17:44:24.166 8 INFO placement.requestlog [None req-c2e77b17-b6c9-4058-a0e7-464dd2d6ff21 4387e57f7e874209a13ea077a201d54c b29a7c154cb244aea8a76873e422559a - - 89cea45a4d1945278c13d736eef3d925 89cea45a4d1945278c13d736eef3d925] 10.0.0.227 "DELETE /resource_providers/6c33bab8-c249-4875-a26a-11571de34e76" status: 404 len: 246 microversion: 1.1 [pid: 8|app: 0|req: 486/971] 10.0.0.227 () {34 vars in 815 bytes} [Tue May 12 17:44:24 2026] DELETE /resource_providers/6c33bab8-c249-4875-a26a-11571de34e76 => generated 246 bytes in 13 msecs (HTTP/1.1 404) 6 headers in 231 bytes (1 switches on core 0)
2026-05-12 17:44:24.172 7 INFO placement.requestlog [None req-c4b5bf99-cd7a-4c12-996c-0d773acc70b1 4387e57f7e874209a13ea077a201d54c b29a7c154cb244aea8a76873e422559a - - 89cea45a4d1945278c13d736eef3d925 89cea45a4d1945278c13d736eef3d925] 10.0.0.227 "DELETE /resource_providers/6c33bab8-c249-4875-a26a-11571de34e76" status: 404 len: 246 microversion: 1.1 [pid: 7|app: 0|req: 486/972] 10.0.0.227 () {34 vars in 815 bytes} [Tue May 12 17:44:24 2026] DELETE /resource_providers/6c33bab8-c249-4875-a26a-11571de34e76 => generated 246 bytes in 14 msecs (HTTP/1.1 404) 6 headers in 231 bytes (1 switches on core 0)
2026-05-12 17:44:24.866 8 INFO placement.requestlog [None req-d421ec39-eac0-434c-812a-e56cf310782d 4387e57f7e874209a13ea077a201d54c b29a7c154cb244aea8a76873e422559a - - 89cea45a4d1945278c13d736eef3d925 89cea45a4d1945278c13d736eef3d925] 10.0.0.227 "GET /resource_providers/6c572cad-534c-474c-bf76-c6ecd92b1737/aggregates" status: 404 len: 235 microversion: 1.1 [pid: 8|app: 0|req: 487/973] 10.0.0.227 () {32 vars in 815 bytes} [Tue May 12 17:44:24 2026] GET /resource_providers/6c572cad-534c-474c-bf76-c6ecd92b1737/aggregates => generated 235 bytes in 12 msecs (HTTP/1.1 404) 5 headers in 202 bytes (1 switches on core 0)
2026-05-12 17:44:24.868 7 INFO placement.requestlog [None req-d022c58e-cbbc-41e2-89e2-b0ac61062591 4387e57f7e874209a13ea077a201d54c b29a7c154cb244aea8a76873e422559a - - 89cea45a4d1945278c13d736eef3d925 89cea45a4d1945278c13d736eef3d925] 10.0.0.227 "GET /resource_providers/6c572cad-534c-474c-bf76-c6ecd92b1737/aggregates" status: 404 len: 235 microversion: 1.1 [pid: 7|app: 0|req: 487/974] 10.0.0.227 () {32 vars in 815 bytes} [Tue May 12 17:44:24 2026] GET /resource_providers/6c572cad-534c-474c-bf76-c6ecd92b1737/aggregates => generated 235 bytes in 9 msecs (HTTP/1.1 404) 5 headers in 202 bytes (1 switches on core 0)
2026-05-12 17:44:24.886 8 INFO placement.requestlog [None req-c376a7b0-f2e3-491c-8d46-11fab938d3ad 4387e57f7e874209a13ea077a201d54c b29a7c154cb244aea8a76873e422559a - - 89cea45a4d1945278c13d736eef3d925 89cea45a4d1945278c13d736eef3d925] 10.0.0.227 "DELETE /resource_providers/6c572cad-534c-474c-bf76-c6ecd92b1737" status: 404 len: 246 microversion: 1.1 [pid: 8|app: 0|req: 488/975] 10.0.0.227 () {34 vars in 815 bytes} [Tue May 12 17:44:24 2026] DELETE /resource_providers/6c572cad-534c-474c-bf76-c6ecd92b1737 => generated 246 bytes in 9 msecs (HTTP/1.1 404) 6 headers in 231 bytes (1 switches on core 0)
2026-05-12 17:44:24.888 7 INFO placement.requestlog [None req-14b3358b-486b-4ee9-bc2f-a0a09d74c9ec 4387e57f7e874209a13ea077a201d54c b29a7c154cb244aea8a76873e422559a - - 89cea45a4d1945278c13d736eef3d925 89cea45a4d1945278c13d736eef3d925] 10.0.0.227 "DELETE /resource_providers/6c572cad-534c-474c-bf76-c6ecd92b1737" status: 404 len: 246 microversion: 1.1 [pid: 7|app: 0|req: 488/976] 10.0.0.227 () {34 vars in 815 bytes} [Tue May 12 17:44:24 2026] DELETE /resource_providers/6c572cad-534c-474c-bf76-c6ecd92b1737 => generated 246 bytes in 9 msecs (HTTP/1.1 404) 6 headers in 231 bytes (1 switches on core 0)
2026-05-12 17:44:24.904 8 INFO placement.requestlog [None req-5ffc857e-5b86-43cc-8a25-25355db7ca18 4387e57f7e874209a13ea077a201d54c b29a7c154cb244aea8a76873e422559a - - 89cea45a4d1945278c13d736eef3d925 89cea45a4d1945278c13d736eef3d925] 10.0.0.227 "GET /resource_providers/58fc502b-95d9-4494-b40f-854f1a3f00c5/aggregates" status: 404 len: 235 microversion: 1.1 [pid: 8|app: 0|req: 489/977] 10.0.0.227 () {32 vars in 815 bytes} [Tue May 12 17:44:24 2026] GET /resource_providers/58fc502b-95d9-4494-b40f-854f1a3f00c5/aggregates => generated 235 bytes in 8 msecs (HTTP/1.1 404) 5 headers in 202 bytes (1 switches on core 0)
2026-05-12 17:44:24.912 7 INFO placement.requestlog [None req-3a757239-6da7-4e1b-b095-c9658302b823 4387e57f7e874209a13ea077a201d54c b29a7c154cb244aea8a76873e422559a - - 89cea45a4d1945278c13d736eef3d925 89cea45a4d1945278c13d736eef3d925] 10.0.0.227 "GET /resource_providers/58fc502b-95d9-4494-b40f-854f1a3f00c5/aggregates" status: 404 len: 235 microversion: 1.1 [pid: 7|app: 0|req: 489/978] 10.0.0.227 () {32 vars in 815 bytes} [Tue May 12 17:44:24 2026] GET /resource_providers/58fc502b-95d9-4494-b40f-854f1a3f00c5/aggregates => generated 235 bytes in 10 msecs (HTTP/1.1 404) 5 headers in 202 bytes (1 switches on core 0)
2026-05-12 17:44:24.922 8 INFO placement.requestlog [None req-8bc59ad9-8dbc-4627-9300-202c82f8d9ed 4387e57f7e874209a13ea077a201d54c b29a7c154cb244aea8a76873e422559a - - 89cea45a4d1945278c13d736eef3d925 89cea45a4d1945278c13d736eef3d925] 10.0.0.227 "DELETE /resource_providers/58fc502b-95d9-4494-b40f-854f1a3f00c5" status: 404 len: 246 microversion: 1.1 [pid: 8|app: 0|req: 490/979] 10.0.0.227 () {34 vars in 815 bytes} [Tue May 12 17:44:24 2026] DELETE /resource_providers/58fc502b-95d9-4494-b40f-854f1a3f00c5 => generated 246 bytes in 12 msecs (HTTP/1.1 404) 6 headers in 231 bytes (1 switches on core 0)
2026-05-12 17:44:24.934 7 INFO placement.requestlog [None req-e526d5bd-40f6-4502-b89a-13028911e508 4387e57f7e874209a13ea077a201d54c b29a7c154cb244aea8a76873e422559a - - 89cea45a4d1945278c13d736eef3d925 89cea45a4d1945278c13d736eef3d925] 10.0.0.227 "DELETE /resource_providers/58fc502b-95d9-4494-b40f-854f1a3f00c5" status: 404 len: 246 microversion: 1.1 [pid: 7|app: 0|req: 490/980] 10.0.0.227 () {34 vars in 815 bytes} [Tue May 12 17:44:24 2026] DELETE /resource_providers/58fc502b-95d9-4494-b40f-854f1a3f00c5 => generated 246 bytes in 10 msecs (HTTP/1.1 404) 6 headers in 231 bytes (1 switches on core 0)
2026-05-12 17:44:28.747 8 INFO placement.requestlog [req-d06de4c1-230c-484d-8a47-8e454fb09def req-8067bbf1-1ac9-4645-9180-9688dd4e49fc 22ea5961e7064465b2a4191e294fda6a b29a7c154cb244aea8a76873e422559a - - 89cea45a4d1945278c13d736eef3d925 89cea45a4d1945278c13d736eef3d925] 199.19.213.156 "GET /resource_providers/cd9d60c1-84fe-40f5-9cdf-d04d65948a2d/allocations" status: 200 len: 253 microversion: 1.0 [pid: 8|app: 0|req: 491/981] 199.19.213.156 () {32 vars in 856 bytes} [Tue May 12 17:44:28 2026] GET /resource_providers/cd9d60c1-84fe-40f5-9cdf-d04d65948a2d/allocations => generated 253 bytes in 34 msecs (HTTP/1.1 200) 6 headers in 224 bytes (1 switches on core 0)
2026-05-12 17:44:28.775 7 INFO placement.requestlog [req-d06de4c1-230c-484d-8a47-8e454fb09def req-c7dbef08-cf75-4a0a-b543-008d43526a20 22ea5961e7064465b2a4191e294fda6a b29a7c154cb244aea8a76873e422559a - - 89cea45a4d1945278c13d736eef3d925 89cea45a4d1945278c13d736eef3d925] 199.19.213.156 "GET /resource_providers/cd9d60c1-84fe-40f5-9cdf-d04d65948a2d/allocations" status: 200 len: 253 microversion: 1.0 [pid: 7|app: 0|req: 491/982] 199.19.213.156 () {32 vars in 856 bytes} [Tue May 12 17:44:28 2026] GET /resource_providers/cd9d60c1-84fe-40f5-9cdf-d04d65948a2d/allocations => generated 253 bytes in 16 msecs (HTTP/1.1 200) 6 headers in 224 bytes (1 switches on core 0)
2026-05-12 17:44:28.806 8 INFO placement.requestlog [req-d06de4c1-230c-484d-8a47-8e454fb09def req-51a6b2ca-8c72-48d6-a9d4-d41fa934e1c0 22ea5961e7064465b2a4191e294fda6a b29a7c154cb244aea8a76873e422559a - - 89cea45a4d1945278c13d736eef3d925 89cea45a4d1945278c13d736eef3d925] 199.19.213.156 "GET /allocations/c1a2fdb1-558a-4d4c-b3bd-703534228a69" status: 200 len: 258 microversion: 1.28 [pid: 8|app: 0|req: 492/983] 199.19.213.156 () {34 vars in 862 bytes} [Tue May 12 17:44:28 2026] GET /allocations/c1a2fdb1-558a-4d4c-b3bd-703534228a69 => generated 258 bytes in 25 msecs (HTTP/1.1 200) 8 headers in 296 bytes (1 switches on core 0)
2026-05-12 17:44:28.824 7 INFO placement.requestlog [req-d06de4c1-230c-484d-8a47-8e454fb09def req-15962500-8112-428c-9ada-540ee3f0846c 22ea5961e7064465b2a4191e294fda6a b29a7c154cb244aea8a76873e422559a - - 89cea45a4d1945278c13d736eef3d925 89cea45a4d1945278c13d736eef3d925] 199.19.213.156 "GET /allocations/626c1185-992d-4fe3-8f83-42852906ce66" status: 200 len: 258 microversion: 1.28 [pid: 7|app: 0|req: 492/984] 199.19.213.156 () {34 vars in 862 bytes} [Tue May 12 17:44:28 2026] GET /allocations/626c1185-992d-4fe3-8f83-42852906ce66 => generated 258 bytes in 13 msecs (HTTP/1.1 200) 8 headers in 296 bytes (1 switches on core 0)
2026-05-12 17:44:29.443 7 INFO placement.requestlog [None req-a5e11a06-9c42-4940-b372-4d22df900b71 4387e57f7e874209a13ea077a201d54c b29a7c154cb244aea8a76873e422559a - - 89cea45a4d1945278c13d736eef3d925 89cea45a4d1945278c13d736eef3d925] 10.0.0.227 "GET /resource_providers/2f52bc11-41d9-4660-b718-5f21494c2137/aggregates" status: 404 len: 235 microversion: 1.1 [pid: 7|app: 0|req: 493/985] 10.0.0.227 () {32 vars in 815 bytes} [Tue May 12 17:44:29 2026] GET /resource_providers/2f52bc11-41d9-4660-b718-5f21494c2137/aggregates => generated 235 bytes in 12 msecs (HTTP/1.1 404) 5 headers in 202 bytes (1 switches on core 0)
2026-05-12 17:44:29.446 8 INFO placement.requestlog [None req-16cd887a-6935-4214-b0fe-c1e72acd399d 4387e57f7e874209a13ea077a201d54c b29a7c154cb244aea8a76873e422559a - - 89cea45a4d1945278c13d736eef3d925 89cea45a4d1945278c13d736eef3d925] 10.0.0.227 "GET /resource_providers/2f52bc11-41d9-4660-b718-5f21494c2137/aggregates" status: 404 len: 235 microversion: 1.1 [pid: 8|app: 0|req: 493/986] 10.0.0.227 () {32 vars in 815 bytes} [Tue May 12 17:44:29 2026] GET /resource_providers/2f52bc11-41d9-4660-b718-5f21494c2137/aggregates => generated 235 bytes in 21 msecs (HTTP/1.1 404) 5 headers in 202 bytes (1 switches on core 0)
2026-05-12 17:44:29.462 7 INFO placement.requestlog [None req-0f1fdbee-a0f8-4958-a165-af3b74d5e4e3 4387e57f7e874209a13ea077a201d54c b29a7c154cb244aea8a76873e422559a - - 89cea45a4d1945278c13d736eef3d925 89cea45a4d1945278c13d736eef3d925] 10.0.0.227 "DELETE /resource_providers/2f52bc11-41d9-4660-b718-5f21494c2137" status: 404 len: 246 microversion: 1.1 [pid: 7|app: 0|req: 494/987] 10.0.0.227 () {34 vars in 815 bytes} [Tue May 12 17:44:29 2026] DELETE /resource_providers/2f52bc11-41d9-4660-b718-5f21494c2137 => generated 246 bytes in 10 msecs (HTTP/1.1 404) 6 headers in 231 bytes (1 switches on core 0)
2026-05-12 17:44:29.482 8 INFO placement.requestlog [None req-1dbbf26d-4a2a-4cc3-9166-fbbc6a19d746 4387e57f7e874209a13ea077a201d54c b29a7c154cb244aea8a76873e422559a - - 89cea45a4d1945278c13d736eef3d925 89cea45a4d1945278c13d736eef3d925] 10.0.0.227 "DELETE /resource_providers/2f52bc11-41d9-4660-b718-5f21494c2137" status: 404 len: 246 microversion: 1.1 [pid: 8|app: 0|req: 494/988] 10.0.0.227 () {34 vars in 815 bytes} [Tue May 12 17:44:29 2026] DELETE /resource_providers/2f52bc11-41d9-4660-b718-5f21494c2137 => generated 246 bytes in 18 msecs (HTTP/1.1 404) 6 headers in 231 bytes (1 switches on core 0)
2026-05-12 17:44:31.486 7 INFO placement.requestlog [None req-bda6d04c-acf3-41d6-b6f4-13fc81ccc0ca 4387e57f7e874209a13ea077a201d54c b29a7c154cb244aea8a76873e422559a - - 89cea45a4d1945278c13d736eef3d925 89cea45a4d1945278c13d736eef3d925] 10.0.0.227 "GET /resource_providers/b3b6922f-3ca3-49d8-bdd4-abd992f9e06f/aggregates" status: 404 len: 235 microversion: 1.1 [pid: 7|app: 0|req: 495/989] 10.0.0.227 () {32 vars in 815 bytes} [Tue May 12 17:44:31 2026] GET /resource_providers/b3b6922f-3ca3-49d8-bdd4-abd992f9e06f/aggregates => generated 235 bytes in 12 msecs (HTTP/1.1 404) 5 headers in 202 bytes (1 switches on core 0)
2026-05-12 17:44:31.513 8 INFO placement.requestlog [None req-c90be481-0915-4975-a62c-7e6c6e8d2af1 4387e57f7e874209a13ea077a201d54c b29a7c154cb244aea8a76873e422559a - - 89cea45a4d1945278c13d736eef3d925 89cea45a4d1945278c13d736eef3d925] 10.0.0.227 "DELETE /resource_providers/b3b6922f-3ca3-49d8-bdd4-abd992f9e06f" status: 404 len: 246 microversion: 1.1 [pid: 8|app: 0|req: 495/990] 10.0.0.227 () {34 vars in 815 bytes} [Tue May 12 17:44:31 2026] DELETE /resource_providers/b3b6922f-3ca3-49d8-bdd4-abd992f9e06f => generated 246 bytes in 9 msecs (HTTP/1.1 404) 6 headers in 231 bytes (1 switches on core 0)
2026-05-12 17:44:31.515 7 INFO placement.requestlog [None req-8f5b862f-20d0-40e1-a152-8a773f940a07 4387e57f7e874209a13ea077a201d54c b29a7c154cb244aea8a76873e422559a - - 89cea45a4d1945278c13d736eef3d925 89cea45a4d1945278c13d736eef3d925] 10.0.0.227 "GET /resource_providers/b3b6922f-3ca3-49d8-bdd4-abd992f9e06f/aggregates" status: 404 len: 235 microversion: 1.1 [pid: 7|app: 0|req: 496/991] 10.0.0.227 () {32 vars in 815 bytes} [Tue May 12 17:44:31 2026] GET /resource_providers/b3b6922f-3ca3-49d8-bdd4-abd992f9e06f/aggregates => generated 235 bytes in 12 msecs (HTTP/1.1 404) 5 headers in 202 bytes (1 switches on core 0)
2026-05-12 17:44:31.542 8 INFO placement.requestlog [None req-a951c795-f7e5-4083-b763-26ad718d2372 4387e57f7e874209a13ea077a201d54c b29a7c154cb244aea8a76873e422559a - - 89cea45a4d1945278c13d736eef3d925 89cea45a4d1945278c13d736eef3d925] 10.0.0.227 "DELETE /resource_providers/b3b6922f-3ca3-49d8-bdd4-abd992f9e06f" status: 404 len: 246 microversion: 1.1 [pid: 8|app: 0|req: 496/992] 10.0.0.227 () {34 vars in 815 bytes} [Tue May 12 17:44:31 2026] DELETE /resource_providers/b3b6922f-3ca3-49d8-bdd4-abd992f9e06f => generated 246 bytes in 15 msecs (HTTP/1.1 404) 6 headers in 231 bytes (1 switches on core 0)
2026-05-12 17:44:32.256 7 INFO placement.requestlog [None req-5613509c-10cf-416d-8f2f-4aa48dd44642 - - - - - -] 10.0.0.85 "GET /" status: 200 len: 136 microversion: 1.0
2026-05-12 17:44:32.257 8 INFO placement.requestlog [None req-5a5c7b83-0dd1-4194-a751-a33f3488fc5a - - - - - -] 10.0.0.85 "GET /" status: 200 len: 136 microversion: 1.0
2026-05-12 17:44:35.744 7 INFO placement.requestlog [None req-ba763ff2-0ddf-4c7a-bf56-5fa140494e3d 4387e57f7e874209a13ea077a201d54c b29a7c154cb244aea8a76873e422559a - - 89cea45a4d1945278c13d736eef3d925 89cea45a4d1945278c13d736eef3d925] 10.0.0.227 "GET /resource_providers/7a6946ba-d800-4d2d-a44d-c23b7cb9403a/aggregates" status: 404 len: 235 microversion: 1.1 [pid: 7|app: 0|req: 498/995] 10.0.0.227 () {32 vars in 815 bytes} [Tue May 12 17:44:35 2026] GET /resource_providers/7a6946ba-d800-4d2d-a44d-c23b7cb9403a/aggregates => generated 235 bytes in 12 msecs (HTTP/1.1 404) 5 headers in 202 bytes (1 switches on core 0)
2026-05-12 17:44:35.752 8 INFO placement.requestlog [None req-7d14192f-0363-4620-9bfd-f23adab8dc19 4387e57f7e874209a13ea077a201d54c b29a7c154cb244aea8a76873e422559a - - 89cea45a4d1945278c13d736eef3d925 89cea45a4d1945278c13d736eef3d925] 10.0.0.227 "GET /resource_providers/7a6946ba-d800-4d2d-a44d-c23b7cb9403a/aggregates" status: 404 len: 235 microversion: 1.1 [pid: 8|app: 0|req: 498/996] 10.0.0.227 () {32 vars in 815 bytes} [Tue May 12 17:44:35 2026] GET /resource_providers/7a6946ba-d800-4d2d-a44d-c23b7cb9403a/aggregates => generated 235 bytes in 11 msecs (HTTP/1.1 404) 5 headers in 202 bytes (1 switches on core 0)
2026-05-12 17:44:35.770 7 INFO placement.requestlog [None req-f93e4b20-1e7f-4dea-ba42-0fa4eb437160 4387e57f7e874209a13ea077a201d54c b29a7c154cb244aea8a76873e422559a - - 89cea45a4d1945278c13d736eef3d925 89cea45a4d1945278c13d736eef3d925] 10.0.0.227 "DELETE /resource_providers/7a6946ba-d800-4d2d-a44d-c23b7cb9403a" status: 404 len: 246 microversion: 1.1 [pid: 7|app: 0|req: 499/997] 10.0.0.227 () {34 vars in 815 bytes} [Tue May 12 17:44:35 2026] DELETE /resource_providers/7a6946ba-d800-4d2d-a44d-c23b7cb9403a => generated 246 bytes in 9 msecs (HTTP/1.1 404) 6 headers in 231 bytes (1 switches on core 0)
2026-05-12 17:44:35.787 8 INFO placement.requestlog [None req-2ef9780d-7924-4609-88e5-9f9002d30791 4387e57f7e874209a13ea077a201d54c b29a7c154cb244aea8a76873e422559a - - 89cea45a4d1945278c13d736eef3d925 89cea45a4d1945278c13d736eef3d925] 10.0.0.227 "DELETE /resource_providers/7a6946ba-d800-4d2d-a44d-c23b7cb9403a" status: 404 len: 246 microversion: 1.1 [pid: 8|app: 0|req: 499/998] 10.0.0.227 () {34 vars in 815 bytes} [Tue May 12 17:44:35 2026] DELETE /resource_providers/7a6946ba-d800-4d2d-a44d-c23b7cb9403a => generated 246 bytes in 13 msecs (HTTP/1.1 404) 6 headers in 231 bytes (1 switches on core 0)
2026-05-12 17:44:37.799 7 INFO placement.requestlog [None req-36aa6144-d002-4112-b908-34e950404e69 4387e57f7e874209a13ea077a201d54c b29a7c154cb244aea8a76873e422559a - - 89cea45a4d1945278c13d736eef3d925 89cea45a4d1945278c13d736eef3d925] 10.0.0.227 "GET /resource_providers/b9924a51-a330-4c39-828a-12c3c71440a6/aggregates" status: 404 len: 235 microversion: 1.1 [pid: 7|app: 0|req: 500/999] 10.0.0.227 () {32 vars in 815 bytes} [Tue May 12 17:44:37 2026] GET /resource_providers/b9924a51-a330-4c39-828a-12c3c71440a6/aggregates => generated 235 bytes in 12 msecs (HTTP/1.1 404) 5 headers in 202 bytes (1 switches on core 0)
2026-05-12 17:44:37.806 8 INFO placement.requestlog [None req-d6f57613-3670-49ef-85a6-03732d2494c3 4387e57f7e874209a13ea077a201d54c b29a7c154cb244aea8a76873e422559a - - 89cea45a4d1945278c13d736eef3d925 89cea45a4d1945278c13d736eef3d925] 10.0.0.227 "GET /resource_providers/b9924a51-a330-4c39-828a-12c3c71440a6/aggregates" status: 404 len: 235 microversion: 1.1 [pid: 8|app: 0|req: 500/1000] 10.0.0.227 () {32 vars in 815 bytes} [Tue May 12 17:44:37 2026] GET /resource_providers/b9924a51-a330-4c39-828a-12c3c71440a6/aggregates => generated 235 bytes in 12 msecs (HTTP/1.1 404) 5 headers in 202 bytes (1 switches on core 0)
2026-05-12 17:44:37.820 7 INFO placement.requestlog [None req-f9fa460a-905a-4c70-887e-5022ae155f39 4387e57f7e874209a13ea077a201d54c b29a7c154cb244aea8a76873e422559a - - 89cea45a4d1945278c13d736eef3d925 89cea45a4d1945278c13d736eef3d925] 10.0.0.227 "DELETE /resource_providers/b9924a51-a330-4c39-828a-12c3c71440a6" status: 404 len: 246 microversion: 1.1 [pid: 7|app: 0|req: 501/1001] 10.0.0.227 () {34 vars in 815 bytes} [Tue May 12 17:44:37 2026] DELETE /resource_providers/b9924a51-a330-4c39-828a-12c3c71440a6 => generated 246 bytes in 14 msecs (HTTP/1.1 404) 6 headers in 231 bytes (1 switches on core 0)
2026-05-12 17:44:37.821 8 INFO placement.requestlog [None req-c912ddc0-eb13-4d1a-8be7-374a51fcf4ca 4387e57f7e874209a13ea077a201d54c b29a7c154cb244aea8a76873e422559a - - 89cea45a4d1945278c13d736eef3d925 89cea45a4d1945278c13d736eef3d925] 10.0.0.227 "DELETE /resource_providers/b9924a51-a330-4c39-828a-12c3c71440a6" status: 404 len: 246 microversion: 1.1 [pid: 8|app: 0|req: 501/1002] 10.0.0.227 () {34 vars in 815 bytes} [Tue May 12 17:44:37 2026] DELETE /resource_providers/b9924a51-a330-4c39-828a-12c3c71440a6 => generated 246 bytes in 8 msecs (HTTP/1.1 404) 6 headers in 231 bytes (1 switches on core 0)
2026-05-12 17:44:41.071 8 INFO placement.requestlog [None req-a4ab1d9e-6406-4d77-97ac-5d6bb26fc0a4 4387e57f7e874209a13ea077a201d54c b29a7c154cb244aea8a76873e422559a - - 89cea45a4d1945278c13d736eef3d925 89cea45a4d1945278c13d736eef3d925] 10.0.0.227 "GET /resource_providers/35b354fb-dfd4-4965-a65d-e617629cca3b/aggregates" status: 404 len: 235 microversion: 1.1 [pid: 8|app: 0|req: 502/1003] 10.0.0.227 () {32 vars in 815 bytes} [Tue May 12 17:44:41 2026] GET /resource_providers/35b354fb-dfd4-4965-a65d-e617629cca3b/aggregates => generated 235 bytes in 12 msecs (HTTP/1.1 404) 5 headers in 202 bytes (1 switches on core 0)
2026-05-12 17:44:41.072 7 INFO placement.requestlog [None req-4ef8a6fa-8347-4fe2-8d35-912092b14bf3 4387e57f7e874209a13ea077a201d54c b29a7c154cb244aea8a76873e422559a - - 89cea45a4d1945278c13d736eef3d925 89cea45a4d1945278c13d736eef3d925] 10.0.0.227 "GET /resource_providers/35b354fb-dfd4-4965-a65d-e617629cca3b/aggregates" status: 404 len: 235 microversion: 1.1 [pid: 7|app: 0|req: 502/1004] 10.0.0.227 () {32 vars in 815 bytes} [Tue May 12 17:44:41 2026] GET /resource_providers/35b354fb-dfd4-4965-a65d-e617629cca3b/aggregates => generated 235 bytes in 13 msecs (HTTP/1.1 404) 5 headers in 202 bytes (1 switches on core 0)
2026-05-12 17:44:41.111 8 INFO placement.requestlog [None req-4d3e4f99-34c2-4512-8fe7-b53618ca0ec2 4387e57f7e874209a13ea077a201d54c b29a7c154cb244aea8a76873e422559a - - 89cea45a4d1945278c13d736eef3d925 89cea45a4d1945278c13d736eef3d925] 10.0.0.227 "DELETE /resource_providers/35b354fb-dfd4-4965-a65d-e617629cca3b" status: 404 len: 246 microversion: 1.1 [pid: 8|app: 0|req: 503/1005] 10.0.0.227 () {34 vars in 815 bytes} [Tue May 12 17:44:41 2026] DELETE /resource_providers/35b354fb-dfd4-4965-a65d-e617629cca3b => generated 246 bytes in 12 msecs (HTTP/1.1 404) 6 headers in 231 bytes (1 switches on core 0)
2026-05-12 17:44:41.112 7 INFO placement.requestlog [None req-ca5db7ce-6a56-4a69-b74d-dfa98cf92745 4387e57f7e874209a13ea077a201d54c b29a7c154cb244aea8a76873e422559a - - 89cea45a4d1945278c13d736eef3d925 89cea45a4d1945278c13d736eef3d925] 10.0.0.227 "DELETE /resource_providers/35b354fb-dfd4-4965-a65d-e617629cca3b" status: 404 len: 246 microversion: 1.1 [pid: 7|app: 0|req: 503/1006] 10.0.0.227 () {34 vars in 815 bytes} [Tue May 12 17:44:41 2026] DELETE /resource_providers/35b354fb-dfd4-4965-a65d-e617629cca3b => generated 246 bytes in 13 msecs (HTTP/1.1 404) 6 headers in 231 bytes (1 switches on core 0)
2026-05-12 17:44:42.252 8 INFO placement.requestlog [None req-68a2365f-fdaa-4314-80ba-d6efd98f2c07 - - - - - -] 10.0.0.85 "GET /" status: 200 len: 136 microversion: 1.0
2026-05-12 17:44:42.253 7 INFO placement.requestlog [None req-a9ef2483-4927-42d7-8a85-e999a1d0bc83 - - - - - -] 10.0.0.85 "GET /" status: 200 len: 136 microversion: 1.0
2026-05-12 17:44:44.663 8 INFO placement.requestlog [req-cedd7aba-5cdc-400a-9fa8-7fd8c1019a84 req-fdf0b800-a1fd-40f4-9a89-c2ee75397040 22ea5961e7064465b2a4191e294fda6a b29a7c154cb244aea8a76873e422559a - - 89cea45a4d1945278c13d736eef3d925 89cea45a4d1945278c13d736eef3d925] 199.19.213.156 "GET /resource_providers/cd9d60c1-84fe-40f5-9cdf-d04d65948a2d/allocations" status: 200 len: 253 microversion: 1.0 [pid: 8|app: 0|req: 505/1009] 199.19.213.156 () {32 vars in 856 bytes} [Tue May 12 17:44:44 2026] GET /resource_providers/cd9d60c1-84fe-40f5-9cdf-d04d65948a2d/allocations => generated 253 bytes in 14 msecs (HTTP/1.1 200) 6 headers in 224 bytes (1 switches on core 0)
2026-05-12 17:44:44.689 7 INFO placement.requestlog [req-cedd7aba-5cdc-400a-9fa8-7fd8c1019a84 req-970a5baf-f365-49f6-83c0-2be48b864fd6 22ea5961e7064465b2a4191e294fda6a b29a7c154cb244aea8a76873e422559a - - 89cea45a4d1945278c13d736eef3d925 89cea45a4d1945278c13d736eef3d925] 199.19.213.156 "GET /allocations/c1a2fdb1-558a-4d4c-b3bd-703534228a69" status: 200 len: 258 microversion: 1.28 [pid: 7|app: 0|req: 505/1010] 199.19.213.156 () {34 vars in 862 bytes} [Tue May 12 17:44:44 2026] GET /allocations/c1a2fdb1-558a-4d4c-b3bd-703534228a69 => generated 258 bytes in 18 msecs (HTTP/1.1 200) 8 headers in 296 bytes (1 switches on core 0)
2026-05-12 17:44:44.709 8 INFO placement.requestlog [req-cedd7aba-5cdc-400a-9fa8-7fd8c1019a84 req-68f0fc38-5584-4816-8fdc-8f6d6a3d7043 22ea5961e7064465b2a4191e294fda6a b29a7c154cb244aea8a76873e422559a - - 89cea45a4d1945278c13d736eef3d925 89cea45a4d1945278c13d736eef3d925] 199.19.213.156 "GET /allocations/626c1185-992d-4fe3-8f83-42852906ce66" status: 200 len: 258 microversion: 1.28 [pid: 8|app: 0|req: 506/1011] 199.19.213.156 () {34 vars in 862 bytes} [Tue May 12 17:44:44 2026] GET /allocations/626c1185-992d-4fe3-8f83-42852906ce66 => generated 258 bytes in 13 msecs (HTTP/1.1 200) 8 headers in 296 bytes (1 switches on core 0)
2026-05-12 17:44:44.799 7 INFO placement.requestlog [req-cedd7aba-5cdc-400a-9fa8-7fd8c1019a84 req-567d2988-ced2-4c42-82d5-a7d4dd74b940 22ea5961e7064465b2a4191e294fda6a b29a7c154cb244aea8a76873e422559a - - 89cea45a4d1945278c13d736eef3d925 89cea45a4d1945278c13d736eef3d925] 199.19.213.156 "DELETE /allocations/626c1185-992d-4fe3-8f83-42852906ce66" status: 204 len: 0 microversion: 1.0 [pid: 7|app: 0|req: 506/1012] 199.19.213.156 () {34 vars in 840 bytes} [Tue May 12 17:44:44 2026] DELETE /allocations/626c1185-992d-4fe3-8f83-42852906ce66 => generated 0 bytes in 31 msecs (HTTP/1.1 204) 5 headers in 198 bytes (1 switches on core 0)
2026-05-12 17:44:48.832 8 INFO placement.requestlog [req-6c00f930-1dd9-4012-93ef-93961f45b3d9 req-e73a57e6-6fba-4d3d-855c-f1c72b1a9501 22ea5961e7064465b2a4191e294fda6a b29a7c154cb244aea8a76873e422559a - - 89cea45a4d1945278c13d736eef3d925 89cea45a4d1945278c13d736eef3d925] 199.19.213.156 "GET /resource_providers/cd9d60c1-84fe-40f5-9cdf-d04d65948a2d/allocations" status: 200 len: 153 microversion: 1.0 [pid: 8|app: 0|req: 507/1013] 199.19.213.156 () {32 vars in 856 bytes} [Tue May 12 17:44:48 2026] GET /resource_providers/cd9d60c1-84fe-40f5-9cdf-d04d65948a2d/allocations => generated 153 bytes in 18 msecs (HTTP/1.1 200) 6 headers in 224 bytes (1 switches on core 0)
2026-05-12 17:44:48.854 7 INFO placement.requestlog [req-6c00f930-1dd9-4012-93ef-93961f45b3d9 req-e9cc659b-5b7f-4717-96eb-8a2870173208 22ea5961e7064465b2a4191e294fda6a b29a7c154cb244aea8a76873e422559a - - 89cea45a4d1945278c13d736eef3d925 89cea45a4d1945278c13d736eef3d925] 199.19.213.156 "GET /allocations/c1a2fdb1-558a-4d4c-b3bd-703534228a69" status: 200 len: 258 microversion: 1.28 [pid: 7|app: 0|req: 507/1014] 199.19.213.156 () {34 vars in 862 bytes} [Tue May 12 17:44:48 2026] GET /allocations/c1a2fdb1-558a-4d4c-b3bd-703534228a69 => generated 258 bytes in 13 msecs (HTTP/1.1 200) 8 headers in 296 bytes (1 switches on core 0)
