Feb 17 18:02:04.744028 np0000156073 devstack@neutron-api.service[103231]: DEBUG neutron.api.extensions [None req-22f34a31-6b71-4db9-a7fb-5603ebf6e3c6 None None] Extended resource: floatingip-pools {{(pid=103231) __init__ /opt/stack/neutron/neutron/api/extensions.py:156}}
Feb 17 18:02:04.744124 np0000156073 devstack@neutron-api.service[103230]: DEBUG neutron.api.extensions [None req-94921533-dc79-4036-8f62-ca821f77ee83 None None] Ext name="Subnet Allocation" alias="subnet_allocation" description="Enables allocation of subnets from a subnet pool" updated="2015-03-30T10:00:00-00:00" {{(pid=103230) _check_extension /opt/stack/neutron/neutron/api/extensions.py:415}}
Feb 17 18:02:04.744198 np0000156073 devstack@neutron-api.service[103230]: INFO neutron.api.extensions [None req-94921533-dc79-4036-8f62-ca821f77ee83 None None] Loaded extension: subnet_allocation
Feb 17 18:02:04.744325 np0000156073 devstack@neutron-api.service[103230]: DEBUG neutron.api.extensions [None req-94921533-dc79-4036-8f62-ca821f77ee83 None None] Loading extension file: subnetpool_prefix_ops.py {{(pid=103230) _load_all_extensions_from_path /opt/stack/neutron/neutron/api/extensions.py:449}}
Feb 17 18:02:04.744551 np0000156073 devstack@neutron-api.service[103231]: DEBUG neutron.api.extensions [None req-22f34a31-6b71-4db9-a7fb-5603ebf6e3c6 None None] Extended resource: routers {{(pid=103231) __init__ /opt/stack/neutron/neutron/api/extensions.py:156}}
Feb 17 18:02:04.744632 np0000156073 devstack@neutron-api.service[103230]: DEBUG neutron.api.extensions [None req-94921533-dc79-4036-8f62-ca821f77ee83 None None] Ext name="Subnet Pool Prefix Operations" alias="subnetpool-prefix-ops" description="Provides support for adjusting the prefix list of subnet pools" updated="2019-02-08T10:00:00-00:00" {{(pid=103230) _check_extension /opt/stack/neutron/neutron/api/extensions.py:415}}
Feb 17 18:02:04.744900 np0000156073 devstack@neutron-api.service[103230]: INFO neutron.api.extensions [None req-94921533-dc79-4036-8f62-ca821f77ee83 None None] Loaded extension: subnetpool-prefix-ops
Feb 17 18:02:04.744900 np0000156073 devstack@neutron-api.service[103230]: DEBUG neutron.api.extensions [None req-94921533-dc79-4036-8f62-ca821f77ee83 None None] Loading extension file: tag_creation.py {{(pid=103230) _load_all_extensions_from_path /opt/stack/neutron/neutron/api/extensions.py:449}}
Feb 17 18:02:04.745040 np0000156073 devstack@neutron-api.service[103230]: DEBUG neutron.api.extensions [None req-94921533-dc79-4036-8f62-ca821f77ee83 None None] Ext name="Tag creation extension" alias="tag-creation" description="Allow to create multiple tags for a resource" updated="2024-23-07T10:00:00-00:00" {{(pid=103230) _check_extension /opt/stack/neutron/neutron/api/extensions.py:415}}
Feb 17 18:02:04.745202 np0000156073 devstack@neutron-api.service[103230]: INFO neutron.api.extensions [None req-94921533-dc79-4036-8f62-ca821f77ee83 None None] Loaded extension: tag-creation
Feb 17 18:02:04.745327 np0000156073 devstack@neutron-api.service[103230]: DEBUG neutron.api.extensions [None req-94921533-dc79-4036-8f62-ca821f77ee83 None None] Loading extension file: tag_ports_during_bulk_creation.py {{(pid=103230) _load_all_extensions_from_path /opt/stack/neutron/neutron/api/extensions.py:449}}
Feb 17 18:02:04.745455 np0000156073 devstack@neutron-api.service[103231]: DEBUG neutron.api.extensions [None req-22f34a31-6b71-4db9-a7fb-5603ebf6e3c6 None None] Extended resource: floatingips {{(pid=103231) __init__ /opt/stack/neutron/neutron/api/extensions.py:156}}
Feb 17 18:02:04.745519 np0000156073 devstack@neutron-api.service[103230]: DEBUG neutron.api.extensions [None req-94921533-dc79-4036-8f62-ca821f77ee83 None None] Ext name="Tag Ports During Bulk Creation" alias="tag-ports-during-bulk-creation" description="Allow to tag ports during bulk creation" updated="2019-12-29T19:00:00-00:00" {{(pid=103230) _check_extension /opt/stack/neutron/neutron/api/extensions.py:415}}
Feb 17 18:02:04.745794 np0000156073 devstack@neutron-api.service[103230]: INFO neutron.api.extensions [None req-94921533-dc79-4036-8f62-ca821f77ee83 None None] Extension tag-ports-during-bulk-creation not supported by any of loaded plugins
Feb 17 18:02:04.745794 np0000156073 devstack@neutron-api.service[103230]: DEBUG neutron.api.extensions [None req-94921533-dc79-4036-8f62-ca821f77ee83 None None] Loading extension file: tagging.py {{(pid=103230) _load_all_extensions_from_path /opt/stack/neutron/neutron/api/extensions.py:449}}
Feb 17 18:02:04.746047 np0000156073 devstack@neutron-api.service[103231]: DEBUG neutron.api.extensions [None req-22f34a31-6b71-4db9-a7fb-5603ebf6e3c6 None None] Extended resource: network-ip-availabilities {{(pid=103231) __init__ /opt/stack/neutron/neutron/api/extensions.py:156}}
Feb 17 18:02:04.746688 np0000156073 devstack@neutron-api.service[103230]: DEBUG neutron.api.extensions [None req-94921533-dc79-4036-8f62-ca821f77ee83 None None] Ext name="Tag support for resources with standard attribute: port, subnet, subnetpool, network, security_group, router, floatingip, policy, trunk, network_segment_range" alias="standard-attr-tag" description="Enables to set tag on resources with standard attribute." updated="2017-01-01T00:00:00-00:00" {{(pid=103230) _check_extension /opt/stack/neutron/neutron/api/extensions.py:415}}
Feb 17 18:02:04.746869 np0000156073 devstack@neutron-api.service[103231]: DEBUG neutron.api.extensions [None req-22f34a31-6b71-4db9-a7fb-5603ebf6e3c6 None None] Extended resource: network-ip-availabilities {{(pid=103231) __init__ /opt/stack/neutron/neutron/api/extensions.py:156}}
Feb 17 18:02:04.746932 np0000156073 devstack@neutron-api.service[103230]: INFO neutron.api.extensions [None req-94921533-dc79-4036-8f62-ca821f77ee83 None None] Loaded extension: standard-attr-tag
Feb 17 18:02:04.746932 np0000156073 devstack@neutron-api.service[103230]: DEBUG neutron.api.extensions [None req-94921533-dc79-4036-8f62-ca821f77ee83 None None] Loading extension file: timestamp.py {{(pid=103230) _load_all_extensions_from_path /opt/stack/neutron/neutron/api/extensions.py:449}}
Feb 17 18:02:04.747529 np0000156073 devstack@neutron-api.service[103231]: DEBUG neutron.api.extensions [None req-22f34a31-6b71-4db9-a7fb-5603ebf6e3c6 None None] Extended resource: bindings {{(pid=103231) __init__ /opt/stack/neutron/neutron/api/extensions.py:156}}
Feb 17 18:02:04.747807 np0000156073 devstack@neutron-api.service[103230]: DEBUG neutron.api.extensions [None req-94921533-dc79-4036-8f62-ca821f77ee83 None None] Ext name="Resource timestamps" alias="standard-attr-timestamp" description="Adds created_at and updated_at fields to all Neutron resources that have Neutron standard attributes." updated="2016-09-12T10:00:00-00:00" {{(pid=103230) _check_extension /opt/stack/neutron/neutron/api/extensions.py:415}}
Feb 17 18:02:04.747807 np0000156073 devstack@neutron-api.service[103230]: INFO neutron.api.extensions [None req-94921533-dc79-4036-8f62-ca821f77ee83 None None] Loaded extension: standard-attr-timestamp
Feb 17 18:02:04.747807 np0000156073 devstack@neutron-api.service[103230]: DEBUG neutron.api.extensions [None req-94921533-dc79-4036-8f62-ca821f77ee83 None None] Loading extension file: trunk.py {{(pid=103230) _load_all_extensions_from_path /opt/stack/neutron/neutron/api/extensions.py:449}}
Feb 17 18:02:04.747807 np0000156073 devstack@neutron-api.service[103230]: DEBUG neutron.api.extensions [None req-94921533-dc79-4036-8f62-ca821f77ee83 None None] Ext name="Trunk Extension" alias="trunk" description="Provides support for trunk ports" updated="2016-01-01T10:00:00-00:00" {{(pid=103230) _check_extension /opt/stack/neutron/neutron/api/extensions.py:415}}
Feb 17 18:02:04.747807 np0000156073 devstack@neutron-api.service[103230]: INFO neutron.api.extensions [None req-94921533-dc79-4036-8f62-ca821f77ee83 None None] Extension trunk not supported by any of loaded plugins
Feb 17 18:02:04.748189 np0000156073 devstack@neutron-api.service[103231]: DEBUG neutron.api.extensions [None req-22f34a31-6b71-4db9-a7fb-5603ebf6e3c6 None None] Extended resource: quotas {{(pid=103231) __init__ /opt/stack/neutron/neutron/api/extensions.py:156}}
Feb 17 18:02:04.748532 np0000156073 devstack@neutron-api.service[103230]: DEBUG neutron.api.extensions [None req-94921533-dc79-4036-8f62-ca821f77ee83 None None] Loading extension file: trunk_details.py {{(pid=103230) _load_all_extensions_from_path /opt/stack/neutron/neutron/api/extensions.py:449}}
Feb 17 18:02:04.748532 np0000156073 devstack@neutron-api.service[103230]: DEBUG neutron.api.extensions [None req-94921533-dc79-4036-8f62-ca821f77ee83 None None] Ext name="Trunk port details" alias="trunk-details" description="Expose trunk port details" updated="2016-01-01T10:00:00-00:00" {{(pid=103230) _check_extension /opt/stack/neutron/neutron/api/extensions.py:415}}
Feb 17 18:02:04.748897 np0000156073 devstack@neutron-api.service[103228]: DEBUG neutron.common.ovn.hash_ring_manager [None req-e76645d3-e144-4337-a8d4-4898f228259a None None] Hash Ring loaded. 1 active nodes. 0 offline nodes {{(pid=103228) _load_hash_ring /opt/stack/neutron/neutron/common/ovn/hash_ring_manager.py:102}}
Feb 17 18:02:04.749178 np0000156073 devstack@neutron-api.service[103230]: INFO neutron.api.extensions [None req-94921533-dc79-4036-8f62-ca821f77ee83 None None] Extension trunk-details not supported by any of loaded plugins
Feb 17 18:02:04.749178 np0000156073 devstack@neutron-api.service[103230]: DEBUG neutron.api.extensions [None req-94921533-dc79-4036-8f62-ca821f77ee83 None None] Loading extension file: uplink_status_propagation.py {{(pid=103230) _load_all_extensions_from_path /opt/stack/neutron/neutron/api/extensions.py:449}}
Feb 17 18:02:04.749429 np0000156073 devstack@neutron-api.service[103228]: DEBUG neutron.plugins.ml2.drivers.ovn.mech_driver.ovsdb.ovsdb_monitor [None req-e76645d3-e144-4337-a8d4-4898f228259a None None] Hash Ring: Node 5eb2cdcee98c53cca02d0238b7c56fef (host: np0000156073) handling event "create" for row 43114214-fbbb-4bc0-82d9-24a6cc6eeaad (table: Encap) {{(pid=103228) notify /opt/stack/neutron/neutron/plugins/ml2/drivers/ovn/mech_driver/ovsdb/ovsdb_monitor.py:920}}
Feb 17 18:02:04.749696 np0000156073 devstack@neutron-api.service[103231]: DEBUG neutron.api.extensions [None req-22f34a31-6b71-4db9-a7fb-5603ebf6e3c6 None None] Extended resource: quotas {{(pid=103231) __init__ /opt/stack/neutron/neutron/api/extensions.py:156}}
Feb 17 18:02:04.749963 np0000156073 devstack@neutron-api.service[103230]: DEBUG neutron.api.extensions [None req-94921533-dc79-4036-8f62-ca821f77ee83 None None] Ext name="Uplink status propagation extension" alias="uplink-status-propagation" description="Provides ability to propagate port uplink status." updated="2018-05-31T18:00:00-00:00" {{(pid=103230) _check_extension /opt/stack/neutron/neutron/api/extensions.py:415}}
Feb 17 18:02:04.749963 np0000156073 devstack@neutron-api.service[103230]: INFO neutron.api.extensions [None req-94921533-dc79-4036-8f62-ca821f77ee83 None None] Extension uplink-status-propagation not supported by any of loaded plugins
Feb 17 18:02:04.749963 np0000156073 devstack@neutron-api.service[103230]: DEBUG neutron.api.extensions [None req-94921533-dc79-4036-8f62-ca821f77ee83 None None] Loading extension file: uplink_status_propagation_updatable.py {{(pid=103230) _load_all_extensions_from_path /opt/stack/neutron/neutron/api/extensions.py:449}}
Feb 17 18:02:04.749963 np0000156073 devstack@neutron-api.service[103230]: DEBUG neutron.api.extensions [None req-94921533-dc79-4036-8f62-ca821f77ee83 None None] Ext name="Uplink status propagation updatable extension" alias="uplink-status-propagation-updatable" description="Provides ability to update the port uplink status." updated="2024-09-03T18:00:00-00:00" {{(pid=103230) _check_extension /opt/stack/neutron/neutron/api/extensions.py:415}}
Feb 17 18:02:04.750290 np0000156073 devstack@neutron-api.service[103231]: DEBUG neutron.api.extensions [None req-22f34a31-6b71-4db9-a7fb-5603ebf6e3c6 None None] Extended resource: rbac-policies {{(pid=103231) __init__ /opt/stack/neutron/neutron/api/extensions.py:156}}
Feb 17 18:02:04.750540 np0000156073 devstack@neutron-api.service[103230]: INFO neutron.api.extensions [None req-94921533-dc79-4036-8f62-ca821f77ee83 None None] Extension uplink-status-propagation-updatable not supported by any of loaded plugins
Feb 17 18:02:04.750540 np0000156073 devstack@neutron-api.service[103230]: DEBUG neutron.api.extensions [None req-94921533-dc79-4036-8f62-ca821f77ee83 None None] Loading extension file: vlantransparent.py {{(pid=103230) _load_all_extensions_from_path /opt/stack/neutron/neutron/api/extensions.py:449}}
Feb 17 18:02:04.750840 np0000156073 devstack@neutron-api.service[103228]: INFO neutron.plugins.ml2.drivers.ovn.mech_driver.mech_driver [None req-e76645d3-e144-4337-a8d4-4898f228259a None None] WorkerService process has finished the post initialization
Feb 17 18:02:04.751133 np0000156073 devstack@neutron-api.service[103230]: DEBUG neutron.api.extensions [None req-94921533-dc79-4036-8f62-ca821f77ee83 None None] Ext name="Vlantransparent" alias="vlan-transparent" description="Provides Vlan Transparent Networks" updated="2015-03-23T09:00:00-00:00" {{(pid=103230) _check_extension /opt/stack/neutron/neutron/api/extensions.py:415}}
Feb 17 18:02:04.751387 np0000156073 devstack@neutron-api.service[103231]: DEBUG neutron.api.extensions [None req-22f34a31-6b71-4db9-a7fb-5603ebf6e3c6 None None] Extended resource: default-security-group-rules {{(pid=103231) __init__ /opt/stack/neutron/neutron/api/extensions.py:156}}
Feb 17 18:02:04.751703 np0000156073 devstack@neutron-api.service[103230]: INFO neutron.api.extensions [None req-94921533-dc79-4036-8f62-ca821f77ee83 None None] Loaded extension: vlan-transparent
Feb 17 18:02:04.751934 np0000156073 devstack@neutron-api.service[103228]: INFO neutron.plugins.ml2.drivers.ovn.mech_driver.ovsdb.extensions.qos [-] Starting OVNClientQosExtension
Feb 17 18:02:04.752247 np0000156073 devstack@neutron-api.service[103231]: DEBUG neutron.api.extensions [None req-22f34a31-6b71-4db9-a7fb-5603ebf6e3c6 None None] Extended resource: security-groups {{(pid=103231) __init__ /opt/stack/neutron/neutron/api/extensions.py:156}}
Feb 17 18:02:04.752511 np0000156073 devstack@neutron-api.service[103228]: INFO neutron.plugins.ml2.drivers.ovn.mech_driver.ovsdb.extensions.placement [-] Starting OVNClientPlacementExtension
Feb 17 18:02:04.752791 np0000156073 devstack@neutron-api.service[103231]: DEBUG neutron.api.extensions [None req-22f34a31-6b71-4db9-a7fb-5603ebf6e3c6 None None] Extended resource: security-group-rules {{(pid=103231) __init__ /opt/stack/neutron/neutron/api/extensions.py:156}}
Feb 17 18:02:04.752791 np0000156073 devstack@neutron-api.service[103231]: DEBUG neutron.api.extensions [None req-22f34a31-6b71-4db9-a7fb-5603ebf6e3c6 None None] Extended resource: service-providers {{(pid=103231) __init__ /opt/stack/neutron/neutron/api/extensions.py:156}}
Feb 17 18:02:04.753083 np0000156073 devstack@neutron-api.service[103230]: INFO neutron.quota.resource_registry [None req-94921533-dc79-4036-8f62-ca821f77ee83 None None] Creating instance of TrackedResource for resource:network
Feb 17 18:02:04.753083 np0000156073 devstack@neutron-api.service[103230]: INFO neutron.quota.resource_registry [None req-94921533-dc79-4036-8f62-ca821f77ee83 None None] Creating instance of TrackedResource for resource:subnet
Feb 17 18:02:04.753083 np0000156073 devstack@neutron-api.service[103230]: INFO neutron.quota.resource_registry [None req-94921533-dc79-4036-8f62-ca821f77ee83 None None] Creating instance of TrackedResource for resource:subnetpool
Feb 17 18:02:04.753083 np0000156073 devstack@neutron-api.service[103230]: INFO neutron.quota.resource_registry [None req-94921533-dc79-4036-8f62-ca821f77ee83 None None] Creating instance of TrackedResource for resource:port
Feb 17 18:02:04.753409 np0000156073 devstack@neutron-api.service[103231]: DEBUG neutron.api.extensions [None req-22f34a31-6b71-4db9-a7fb-5603ebf6e3c6 None None] Extended resource: subnetpools {{(pid=103231) __init__ /opt/stack/neutron/neutron/api/extensions.py:156}}
Feb 17 18:02:04.753692 np0000156073 devstack@neutron-api.service[103228]: WSGI app 0 (mountpoint='') ready in 7 seconds on interpreter 0x770c746a3668 pid: 103228 (default app)
Feb 17 18:02:04.753785 np0000156073 devstack@neutron-api.service[103231]: DEBUG neutron.api.extensions [None req-22f34a31-6b71-4db9-a7fb-5603ebf6e3c6 None None] Extended resource: tags {{(pid=103231) __init__ /opt/stack/neutron/neutron/api/extensions.py:156}}
Feb 17 18:02:04.753785 np0000156073 devstack@neutron-api.service[103231]: DEBUG neutron.api.extensions [None req-22f34a31-6b71-4db9-a7fb-5603ebf6e3c6 None None] Extended resource: tags {{(pid=103231) __init__ /opt/stack/neutron/neutron/api/extensions.py:156}}
Feb 17 18:02:04.754157 np0000156073 devstack@neutron-api.service[103230]: DEBUG neutron.api.v2.resource_helper [None req-94921533-dc79-4036-8f62-ca821f77ee83 None None] Service L3_ROUTER_NAT assigned prefix: {{(pid=103230) build_resource_info /opt/stack/neutron/neutron/api/v2/resource_helper.py:77}}
Feb 17 18:02:04.754157 np0000156073 devstack@neutron-api.service[103230]: DEBUG neutron.api.v2.resource_helper [None req-94921533-dc79-4036-8f62-ca821f77ee83 None None] Service FLAVORS assigned prefix: {{(pid=103230) build_resource_info /opt/stack/neutron/neutron/api/v2/resource_helper.py:77}}
Feb 17 18:02:04.754282 np0000156073 devstack@neutron-api.service[103231]: DEBUG neutron.api.extensions [None req-22f34a31-6b71-4db9-a7fb-5603ebf6e3c6 None None] Extended resource: tags {{(pid=103231) __init__ /opt/stack/neutron/neutron/api/extensions.py:156}}
Feb 17 18:02:04.754350 np0000156073 devstack@neutron-api.service[103228]: [pid: 103228|app: 0|req: 1/1] 199.19.213.102 () {62 vars in 988 bytes} [Tue Feb 17 18:02:04 2026] GET /networking => generated 130 bytes in 1 msecs (HTTP/1.1 200) 3 headers in 91 bytes (1 switches on core 0)
Feb 17 18:02:04.754639 np0000156073 devstack@neutron-api.service[103230]: DEBUG neutron.api.v2.resource_helper [None req-94921533-dc79-4036-8f62-ca821f77ee83 None None] Service L3_ROUTER_NAT assigned prefix: {{(pid=103230) build_resource_info /opt/stack/neutron/neutron/api/v2/resource_helper.py:77}}
Feb 17 18:02:04.755209 np0000156073 devstack@neutron-api.service[103230]: DEBUG neutron.api.v2.resource_helper [None req-94921533-dc79-4036-8f62-ca821f77ee83 None None] Service L3_ROUTER_NAT assigned prefix: {{(pid=103230) build_resource_info /opt/stack/neutron/neutron/api/v2/resource_helper.py:77}}
Feb 17 18:02:04.755209 np0000156073 devstack@neutron-api.service[103230]: INFO neutron.quota.resource_registry [None req-94921533-dc79-4036-8f62-ca821f77ee83 None None] Creating instance of TrackedResource for resource:router
Feb 17 18:02:04.755483 np0000156073 devstack@neutron-api.service[103230]: INFO neutron.quota.resource_registry [None req-94921533-dc79-4036-8f62-ca821f77ee83 None None] Creating instance of TrackedResource for resource:floatingip
Feb 17 18:02:04.755645 np0000156073 devstack@neutron-api.service[103231]: DEBUG neutron.api.extensions [None req-22f34a31-6b71-4db9-a7fb-5603ebf6e3c6 None None] Extended resource: tags {{(pid=103231) __init__ /opt/stack/neutron/neutron/api/extensions.py:156}}
Feb 17 18:02:04.756531 np0000156073 devstack@neutron-api.service[103231]: DEBUG neutron.api.extensions [None req-22f34a31-6b71-4db9-a7fb-5603ebf6e3c6 None None] Extended resource: tags {{(pid=103231) __init__ /opt/stack/neutron/neutron/api/extensions.py:156}}
Feb 17 18:02:04.756635 np0000156073 devstack@neutron-api.service[103230]: DEBUG neutron_lib.callbacks.manager [None req-94921533-dc79-4036-8f62-ca821f77ee83 None None] Subscribe: > rbac-policy before_create 55550000, False {{(pid=103230) subscribe /opt/stack/data/venv/lib/python3.12/site-packages/neutron_lib/callbacks/manager.py:52}}
Feb 17 18:02:04.756635 np0000156073 devstack@neutron-api.service[103230]: DEBUG neutron_lib.callbacks.manager [None req-94921533-dc79-4036-8f62-ca821f77ee83 None None] Subscribe: > rbac-policy before_update 55550000, False {{(pid=103230) subscribe /opt/stack/data/venv/lib/python3.12/site-packages/neutron_lib/callbacks/manager.py:52}}
Feb 17 18:02:04.756635 np0000156073 devstack@neutron-api.service[103230]: DEBUG neutron_lib.callbacks.manager [None req-94921533-dc79-4036-8f62-ca821f77ee83 None None] Subscribe: > rbac-policy before_delete 55550000, False {{(pid=103230) subscribe /opt/stack/data/venv/lib/python3.12/site-packages/neutron_lib/callbacks/manager.py:52}}
Feb 17 18:02:04.757409 np0000156073 devstack@neutron-api.service[103231]: DEBUG neutron.api.extensions [None req-22f34a31-6b71-4db9-a7fb-5603ebf6e3c6 None None] Extended resource: tags {{(pid=103231) __init__ /opt/stack/neutron/neutron/api/extensions.py:156}}
Feb 17 18:02:04.757968 np0000156073 devstack@neutron-api.service[103230]: INFO neutron.quota.resource_registry [None req-94921533-dc79-4036-8f62-ca821f77ee83 None None] Creating instance of CountableResource for resource:rbac_policy
Feb 17 18:02:04.758243 np0000156073 devstack@neutron-api.service[103231]: DEBUG neutron.api.extensions [None req-22f34a31-6b71-4db9-a7fb-5603ebf6e3c6 None None] Extended resource: tags {{(pid=103231) __init__ /opt/stack/neutron/neutron/api/extensions.py:156}}
Feb 17 18:02:04.758487 np0000156073 devstack@neutron-api.service[103230]: INFO neutron.quota.resource_registry [None req-94921533-dc79-4036-8f62-ca821f77ee83 None None] Creating instance of TrackedResource for resource:security_group
Feb 17 18:02:04.759007 np0000156073 devstack@neutron-api.service[103230]: INFO neutron.quota.resource_registry [None req-94921533-dc79-4036-8f62-ca821f77ee83 None None] Creating instance of TrackedResource for resource:security_group_rule
Feb 17 18:02:04.759372 np0000156073 devstack@neutron-api.service[103231]: DEBUG neutron.api.extensions [None req-22f34a31-6b71-4db9-a7fb-5603ebf6e3c6 None None] Extended resource: tags {{(pid=103231) __init__ /opt/stack/neutron/neutron/api/extensions.py:156}}
Feb 17 18:02:04.759703 np0000156073 devstack@neutron-api.service[103230]: DEBUG neutron.api.v2.resource_helper [None req-94921533-dc79-4036-8f62-ca821f77ee83 None None] Service CORE assigned prefix: {{(pid=103230) build_resource_info /opt/stack/neutron/neutron/api/v2/resource_helper.py:77}}
Feb 17 18:02:04.759703 np0000156073 devstack@neutron-api.service[103230]: INFO neutron.quota.resource_registry [None req-94921533-dc79-4036-8f62-ca821f77ee83 None None] Creating instance of TrackedResource for resource:subnetpool
Feb 17 18:02:04.759703 np0000156073 devstack@neutron-api.service[103230]: WARNING neutron.quota.resource_registry [None req-94921533-dc79-4036-8f62-ca821f77ee83 None None] subnetpool is already registered
Feb 17 18:02:04.760036 np0000156073 devstack@neutron-api.service[103231]: DEBUG neutron.api.extensions [None req-22f34a31-6b71-4db9-a7fb-5603ebf6e3c6 None None] Extended resource: tags {{(pid=103231) __init__ /opt/stack/neutron/neutron/api/extensions.py:156}}
Feb 17 18:02:04.760651 np0000156073 devstack@neutron-api.service[103231]: DEBUG neutron.api.extensions [None req-22f34a31-6b71-4db9-a7fb-5603ebf6e3c6 None None] Extended resource: tags {{(pid=103231) __init__ /opt/stack/neutron/neutron/api/extensions.py:156}}
Feb 17 18:02:04.761742 np0000156073 devstack@neutron-api.service[103230]: DEBUG neutron.api.v2.resource_helper [None req-94921533-dc79-4036-8f62-ca821f77ee83 None None] Service L3_ROUTER_NAT assigned prefix: {{(pid=103230) build_resource_info /opt/stack/neutron/neutron/api/v2/resource_helper.py:77}}
Feb 17 18:02:04.761829 np0000156073 devstack@neutron-api.service[103230]: DEBUG neutron.api.v2.resource_helper [None req-94921533-dc79-4036-8f62-ca821f77ee83 None None] Service FLAVORS assigned prefix: {{(pid=103230) build_resource_info /opt/stack/neutron/neutron/api/v2/resource_helper.py:77}}
Feb 17 18:02:04.762692 np0000156073 devstack@neutron-api.service[103230]: DEBUG neutron.api.v2.resource_helper [None req-94921533-dc79-4036-8f62-ca821f77ee83 None None] Service L3_ROUTER_NAT assigned prefix: {{(pid=103230) build_resource_info /opt/stack/neutron/neutron/api/v2/resource_helper.py:77}}
Feb 17 18:02:04.763070 np0000156073 devstack@neutron-api.service[103230]: DEBUG neutron.api.v2.resource_helper [None req-94921533-dc79-4036-8f62-ca821f77ee83 None None] Service L3_ROUTER_NAT assigned prefix: {{(pid=103230) build_resource_info /opt/stack/neutron/neutron/api/v2/resource_helper.py:77}}
Feb 17 18:02:04.763195 np0000156073 devstack@neutron-api.service[103230]: INFO neutron.quota.resource_registry [None req-94921533-dc79-4036-8f62-ca821f77ee83 None None] Creating instance of TrackedResource for resource:router
Feb 17 18:02:04.763356 np0000156073 devstack@neutron-api.service[103230]: WARNING neutron.quota.resource_registry [None req-94921533-dc79-4036-8f62-ca821f77ee83 None None] router is already registered
Feb 17 18:02:04.763449 np0000156073 devstack@neutron-api.service[103231]: WARNING keystonemiddleware.auth_token [None req-22f34a31-6b71-4db9-a7fb-5603ebf6e3c6 None None] AuthToken middleware is set with keystone_authtoken.service_token_roles_required set to False. This is backwards compatible but deprecated behaviour. Please set this to True.
Feb 17 18:02:04.763826 np0000156073 devstack@neutron-api.service[103230]: INFO neutron.quota.resource_registry [None req-94921533-dc79-4036-8f62-ca821f77ee83 None None] Creating instance of TrackedResource for resource:floatingip
Feb 17 18:02:04.763923 np0000156073 devstack@neutron-api.service[103230]: WARNING neutron.quota.resource_registry [None req-94921533-dc79-4036-8f62-ca821f77ee83 None None] floatingip is already registered
Feb 17 18:02:04.764826 np0000156073 devstack@neutron-api.service[103230]: INFO neutron.quota.resource_registry [None req-94921533-dc79-4036-8f62-ca821f77ee83 None None] Creating instance of CountableResource for resource:rbac_policy
Feb 17 18:02:04.764936 np0000156073 devstack@neutron-api.service[103230]: WARNING neutron.quota.resource_registry [None req-94921533-dc79-4036-8f62-ca821f77ee83 None None] rbac_policy is already registered
Feb 17 18:02:04.765493 np0000156073 devstack@neutron-api.service[103230]: INFO neutron.quota.resource_registry [None req-94921533-dc79-4036-8f62-ca821f77ee83 None None] Creating instance of TrackedResource for resource:security_group
Feb 17 18:02:04.765663 np0000156073 devstack@neutron-api.service[103230]: WARNING neutron.quota.resource_registry [None req-94921533-dc79-4036-8f62-ca821f77ee83 None None] security_group is already registered
Feb 17 18:02:04.766061 np0000156073 devstack@neutron-api.service[103230]: INFO neutron.quota.resource_registry [None req-94921533-dc79-4036-8f62-ca821f77ee83 None None] Creating instance of TrackedResource for resource:security_group_rule
Feb 17 18:02:04.766202 np0000156073 devstack@neutron-api.service[103230]: WARNING neutron.quota.resource_registry [None req-94921533-dc79-4036-8f62-ca821f77ee83 None None] security_group_rule is already registered
Feb 17 18:02:04.766554 np0000156073 devstack@neutron-api.service[103231]: WARNING keystonemiddleware.auth_token [None req-22f34a31-6b71-4db9-a7fb-5603ebf6e3c6 None None] Configuring www_authenticate_uri to point to the public identity endpoint is required; clients may not be able to authenticate against an admin endpoint
Feb 17 18:02:04.766771 np0000156073 devstack@neutron-api.service[103230]: DEBUG neutron.api.v2.resource_helper [None req-94921533-dc79-4036-8f62-ca821f77ee83 None None] Service CORE assigned prefix: {{(pid=103230) build_resource_info /opt/stack/neutron/neutron/api/v2/resource_helper.py:77}}
Feb 17 18:02:04.766939 np0000156073 devstack@neutron-api.service[103230]: INFO neutron.quota.resource_registry [None req-94921533-dc79-4036-8f62-ca821f77ee83 None None] Creating instance of TrackedResource for resource:subnetpool
Feb 17 18:02:04.767093 np0000156073 devstack@neutron-api.service[103230]: WARNING neutron.quota.resource_registry [None req-94921533-dc79-4036-8f62-ca821f77ee83 None None] subnetpool is already registered
Feb 17 18:02:04.768380 np0000156073 devstack@neutron-api.service[103230]: DEBUG neutron.api.extensions [None req-94921533-dc79-4036-8f62-ca821f77ee83 None None] Extended resource: extensions {{(pid=103230) __init__ /opt/stack/neutron/neutron/api/extensions.py:156}}
Feb 17 18:02:04.769114 np0000156073 devstack@neutron-api.service[103230]: DEBUG neutron.api.extensions [None req-94921533-dc79-4036-8f62-ca821f77ee83 None None] Extended resource: address-groups {{(pid=103230) __init__ /opt/stack/neutron/neutron/api/extensions.py:156}}
Feb 17 18:02:04.769796 np0000156073 devstack@neutron-api.service[103230]: DEBUG neutron.api.extensions [None req-94921533-dc79-4036-8f62-ca821f77ee83 None None] Extended resource: address-scopes {{(pid=103230) __init__ /opt/stack/neutron/neutron/api/extensions.py:156}}
Feb 17 18:02:04.770343 np0000156073 devstack@neutron-api.service[103230]: DEBUG neutron.api.extensions [None req-94921533-dc79-4036-8f62-ca821f77ee83 None None] Extended resource: agents {{(pid=103230) __init__ /opt/stack/neutron/neutron/api/extensions.py:156}}
Feb 17 18:02:04.770793 np0000156073 devstack@neutron-api.service[103231]: DEBUG neutron_lib.callbacks.manager [None req-22f34a31-6b71-4db9-a7fb-5603ebf6e3c6 None None] Publish callbacks ['neutron.plugins.ml2.drivers.ovn.mech_driver.mech_driver.OVNMechanismDriver.pre_fork_initialize-829040'] for process (None), before_spawn {{(pid=103231) _notify_loop /opt/stack/data/venv/lib/python3.12/site-packages/neutron_lib/callbacks/manager.py:184}}
Feb 17 18:02:04.771002 np0000156073 devstack@neutron-api.service[103230]: DEBUG neutron.api.extensions [None req-94921533-dc79-4036-8f62-ca821f77ee83 None None] Extended resource: auto-allocated-topology {{(pid=103230) __init__ /opt/stack/neutron/neutron/api/extensions.py:156}}
Feb 17 18:02:04.771260 np0000156073 devstack@neutron-api.service[103231]: DEBUG oslo_concurrency.processutils [None req-22f34a31-6b71-4db9-a7fb-5603ebf6e3c6 None None] Running cmd (subprocess): ovsdb-client transact ssl:199.19.213.102:6641 --timeout 180 -p /opt/stack/data/CA/int-ca/private/devstack-cert.key -c /opt/stack/data/CA/int-ca/devstack-cert.crt -C /opt/stack/data/CA/int-ca/ca-chain.pem ["OVN_Northbound", {"op": "wait", "timeout": 0, "table": "Port_Group", "where": [["name", "==", "neutron_pg_drop"]], "until": "==", "rows": []}, {"op": "insert", "table": "ACL", "row": {"action": "drop", "direction": "to-lport", "match": "outport == @neutron_pg_drop && ip", "priority": 1001}, "uuid-name": "droptoport"}, {"op": "insert", "table": "ACL", "row": {"action": "drop", "direction": "from-lport", "match": "inport == @neutron_pg_drop && ip", "priority": 1001}, "uuid-name": "dropfromport"}, {"op": "insert", "table": "Port_Group", "row": {"name": "neutron_pg_drop", "acls": ["set", [["named-uuid", "droptoport"], ["named-uuid", "dropfromport"]]]}}] {{(pid=103231) execute /opt/stack/data/venv/lib/python3.12/site-packages/oslo_concurrency/processutils.py:368}}
Feb 17 18:02:04.771530 np0000156073 devstack@neutron-api.service[103230]: DEBUG neutron.api.extensions [None req-94921533-dc79-4036-8f62-ca821f77ee83 None None] Extended resource: availability_zones {{(pid=103230) __init__ /opt/stack/neutron/neutron/api/extensions.py:156}}
Feb 17 18:02:04.772075 np0000156073 devstack@neutron-api.service[103230]: DEBUG neutron.api.extensions [None req-94921533-dc79-4036-8f62-ca821f77ee83 None None] Extended resource: dhcp-networks {{(pid=103230) __init__ /opt/stack/neutron/neutron/api/extensions.py:156}}
Feb 17 18:02:04.772776 np0000156073 devstack@neutron-api.service[103230]: DEBUG neutron.api.extensions [None req-94921533-dc79-4036-8f62-ca821f77ee83 None None] Extended resource: dhcp-agents {{(pid=103230) __init__ /opt/stack/neutron/neutron/api/extensions.py:156}}
Feb 17 18:02:04.773427 np0000156073 devstack@neutron-api.service[103230]: DEBUG neutron.api.extensions [None req-94921533-dc79-4036-8f62-ca821f77ee83 None None] Extended resource: routers {{(pid=103230) __init__ /opt/stack/neutron/neutron/api/extensions.py:156}}
Feb 17 18:02:04.774381 np0000156073 devstack@neutron-api.service[103230]: DEBUG neutron.api.extensions [None req-94921533-dc79-4036-8f62-ca821f77ee83 None None] Extended resource: flavors {{(pid=103230) __init__ /opt/stack/neutron/neutron/api/extensions.py:156}}
Feb 17 18:02:04.774967 np0000156073 devstack@neutron-api.service[103230]: DEBUG neutron.api.extensions [None req-94921533-dc79-4036-8f62-ca821f77ee83 None None] Extended resource: service_profiles {{(pid=103230) __init__ /opt/stack/neutron/neutron/api/extensions.py:156}}
Feb 17 18:02:04.775493 np0000156073 devstack@neutron-api.service[103230]: DEBUG neutron.api.extensions [None req-94921533-dc79-4036-8f62-ca821f77ee83 None None] Extended resource: next_providers {{(pid=103230) __init__ /opt/stack/neutron/neutron/api/extensions.py:156}}
Feb 17 18:02:04.776164 np0000156073 devstack@neutron-api.service[103230]: DEBUG neutron.api.extensions [None req-94921533-dc79-4036-8f62-ca821f77ee83 None None] Extended resource: service_profiles {{(pid=103230) __init__ /opt/stack/neutron/neutron/api/extensions.py:156}}
Feb 17 18:02:04.776840 np0000156073 devstack@neutron-api.service[103230]: DEBUG neutron.api.extensions [None req-94921533-dc79-4036-8f62-ca821f77ee83 None None] Extended resource: floatingip-pools {{(pid=103230) __init__ /opt/stack/neutron/neutron/api/extensions.py:156}}
Feb 17 18:02:04.777371 np0000156073 devstack@neutron-api.service[103230]: DEBUG neutron.api.extensions [None req-94921533-dc79-4036-8f62-ca821f77ee83 None None] Extended resource: routers {{(pid=103230) __init__ /opt/stack/neutron/neutron/api/extensions.py:156}}
Feb 17 18:02:04.778302 np0000156073 devstack@neutron-api.service[103230]: DEBUG neutron.api.extensions [None req-94921533-dc79-4036-8f62-ca821f77ee83 None None] Extended resource: floatingips {{(pid=103230) __init__ /opt/stack/neutron/neutron/api/extensions.py:156}}
Feb 17 18:02:04.778891 np0000156073 devstack@neutron-api.service[103230]: DEBUG neutron.api.extensions [None req-94921533-dc79-4036-8f62-ca821f77ee83 None None] Extended resource: network-ip-availabilities {{(pid=103230) __init__ /opt/stack/neutron/neutron/api/extensions.py:156}}
Feb 17 18:02:04.779447 np0000156073 devstack@neutron-api.service[103230]: DEBUG neutron.api.extensions [None req-94921533-dc79-4036-8f62-ca821f77ee83 None None] Extended resource: network-ip-availabilities {{(pid=103230) __init__ /opt/stack/neutron/neutron/api/extensions.py:156}}
Feb 17 18:02:04.779994 np0000156073 devstack@neutron-api.service[103230]: DEBUG neutron.api.extensions [None req-94921533-dc79-4036-8f62-ca821f77ee83 None None] Extended resource: bindings {{(pid=103230) __init__ /opt/stack/neutron/neutron/api/extensions.py:156}}
Feb 17 18:02:04.780728 np0000156073 devstack@neutron-api.service[103230]: DEBUG neutron.api.extensions [None req-94921533-dc79-4036-8f62-ca821f77ee83 None None] Extended resource: quotas {{(pid=103230) __init__ /opt/stack/neutron/neutron/api/extensions.py:156}}
Feb 17 18:02:04.781424 np0000156073 devstack@neutron-api.service[103230]: DEBUG neutron.api.extensions [None req-94921533-dc79-4036-8f62-ca821f77ee83 None None] Extended resource: quotas {{(pid=103230) __init__ /opt/stack/neutron/neutron/api/extensions.py:156}}
Feb 17 18:02:04.782123 np0000156073 devstack@neutron-api.service[103230]: DEBUG neutron.api.extensions [None req-94921533-dc79-4036-8f62-ca821f77ee83 None None] Extended resource: rbac-policies {{(pid=103230) __init__ /opt/stack/neutron/neutron/api/extensions.py:156}}
Feb 17 18:02:04.782629 np0000156073 devstack@neutron-api.service[103230]: DEBUG neutron.api.extensions [None req-94921533-dc79-4036-8f62-ca821f77ee83 None None] Extended resource: default-security-group-rules {{(pid=103230) __init__ /opt/stack/neutron/neutron/api/extensions.py:156}}
Feb 17 18:02:04.783197 np0000156073 devstack@neutron-api.service[103230]: DEBUG neutron.api.extensions [None req-94921533-dc79-4036-8f62-ca821f77ee83 None None] Extended resource: security-groups {{(pid=103230) __init__ /opt/stack/neutron/neutron/api/extensions.py:156}}
Feb 17 18:02:04.783739 np0000156073 devstack@neutron-api.service[103230]: DEBUG neutron.api.extensions [None req-94921533-dc79-4036-8f62-ca821f77ee83 None None] Extended resource: security-group-rules {{(pid=103230) __init__ /opt/stack/neutron/neutron/api/extensions.py:156}}
Feb 17 18:02:04.784324 np0000156073 devstack@neutron-api.service[103230]: DEBUG neutron.api.extensions [None req-94921533-dc79-4036-8f62-ca821f77ee83 None None] Extended resource: service-providers {{(pid=103230) __init__ /opt/stack/neutron/neutron/api/extensions.py:156}}
Feb 17 18:02:04.784983 np0000156073 devstack@neutron-api.service[103230]: DEBUG neutron.api.extensions [None req-94921533-dc79-4036-8f62-ca821f77ee83 None None] Extended resource: subnetpools {{(pid=103230) __init__ /opt/stack/neutron/neutron/api/extensions.py:156}}
Feb 17 18:02:04.785726 np0000156073 devstack@neutron-api.service[103230]: DEBUG neutron.api.extensions [None req-94921533-dc79-4036-8f62-ca821f77ee83 None None] Extended resource: tags {{(pid=103230) __init__ /opt/stack/neutron/neutron/api/extensions.py:156}}
Feb 17 18:02:04.787080 np0000156073 devstack@neutron-api.service[103230]: DEBUG neutron.api.extensions [None req-94921533-dc79-4036-8f62-ca821f77ee83 None None] Extended resource: tags {{(pid=103230) __init__ /opt/stack/neutron/neutron/api/extensions.py:156}}
Feb 17 18:02:04.787534 np0000156073 devstack@neutron-api.service[103230]: DEBUG neutron.api.extensions [None req-94921533-dc79-4036-8f62-ca821f77ee83 None None] Extended resource: tags {{(pid=103230) __init__ /opt/stack/neutron/neutron/api/extensions.py:156}}
Feb 17 18:02:04.788470 np0000156073 devstack@neutron-api.service[103230]: DEBUG neutron.api.extensions [None req-94921533-dc79-4036-8f62-ca821f77ee83 None None] Extended resource: tags {{(pid=103230) __init__ /opt/stack/neutron/neutron/api/extensions.py:156}}
Feb 17 18:02:04.789379 np0000156073 devstack@neutron-api.service[103230]: DEBUG neutron.api.extensions [None req-94921533-dc79-4036-8f62-ca821f77ee83 None None] Extended resource: tags {{(pid=103230) __init__ /opt/stack/neutron/neutron/api/extensions.py:156}}
Feb 17 18:02:04.790460 np0000156073 devstack@neutron-api.service[103230]: DEBUG neutron.api.extensions [None req-94921533-dc79-4036-8f62-ca821f77ee83 None None] Extended resource: tags {{(pid=103230) __init__ /opt/stack/neutron/neutron/api/extensions.py:156}}
Feb 17 18:02:04.791284 np0000156073 devstack@neutron-api.service[103230]: DEBUG neutron.api.extensions [None req-94921533-dc79-4036-8f62-ca821f77ee83 None None] Extended resource: tags {{(pid=103230) __init__ /opt/stack/neutron/neutron/api/extensions.py:156}}
Feb 17 18:02:04.792159 np0000156073 devstack@neutron-api.service[103230]: DEBUG neutron.api.extensions [None req-94921533-dc79-4036-8f62-ca821f77ee83 None None] Extended resource: tags {{(pid=103230) __init__ /opt/stack/neutron/neutron/api/extensions.py:156}}
Feb 17 18:02:04.792982 np0000156073 devstack@neutron-api.service[103230]: DEBUG neutron.api.extensions [None req-94921533-dc79-4036-8f62-ca821f77ee83 None None] Extended resource: tags {{(pid=103230) __init__ /opt/stack/neutron/neutron/api/extensions.py:156}}
Feb 17 18:02:04.794315 np0000156073 devstack@neutron-api.service[103230]: DEBUG neutron.api.extensions [None req-94921533-dc79-4036-8f62-ca821f77ee83 None None] Extended resource: tags {{(pid=103230) __init__ /opt/stack/neutron/neutron/api/extensions.py:156}}
Feb 17 18:02:04.805741 np0000156073 devstack@neutron-api.service[103231]: DEBUG oslo_concurrency.processutils [None req-22f34a31-6b71-4db9-a7fb-5603ebf6e3c6 None None] CMD "ovsdb-client transact ssl:199.19.213.102:6641 --timeout 180 -p /opt/stack/data/CA/int-ca/private/devstack-cert.key -c /opt/stack/data/CA/int-ca/devstack-cert.crt -C /opt/stack/data/CA/int-ca/ca-chain.pem ["OVN_Northbound", {"op": "wait", "timeout": 0, "table": "Port_Group", "where": [["name", "==", "neutron_pg_drop"]], "until": "==", "rows": []}, {"op": "insert", "table": "ACL", "row": {"action": "drop", "direction": "to-lport", "match": "outport == @neutron_pg_drop && ip", "priority": 1001}, "uuid-name": "droptoport"}, {"op": "insert", "table": "ACL", "row": {"action": "drop", "direction": "from-lport", "match": "inport == @neutron_pg_drop && ip", "priority": 1001}, "uuid-name": "dropfromport"}, {"op": "insert", "table": "Port_Group", "row": {"name": "neutron_pg_drop", "acls": ["set", [["named-uuid", "droptoport"], ["named-uuid", "dropfromport"]]]}}]" returned: 0 in 0.034s {{(pid=103231) execute /opt/stack/data/venv/lib/python3.12/site-packages/oslo_concurrency/processutils.py:396}}
Feb 17 18:02:04.806968 np0000156073 devstack@neutron-api.service[103231]: DEBUG neutron_lib.callbacks.manager [None req-22f34a31-6b71-4db9-a7fb-5603ebf6e3c6 None None] Publish callbacks ['neutron.plugins.ml2.drivers.ovn.mech_driver.mech_driver.OVNMechanismDriver.post_fork_initialize-829000', 'neutron.services.ovn_l3.plugin.OVNL3RouterPlugin._post_fork_initialize-4174'] for process (None), after_init {{(pid=103231) _notify_loop /opt/stack/data/venv/lib/python3.12/site-packages/neutron_lib/callbacks/manager.py:184}}
Feb 17 18:02:04.808151 np0000156073 devstack@neutron-api.service[103231]: DEBUG oslo_concurrency.lockutils [None req-22f34a31-6b71-4db9-a7fb-5603ebf6e3c6 None None] Acquiring lock "singleton_lock" {{(pid=103231) lock /opt/stack/data/venv/lib/python3.12/site-packages/oslo_concurrency/lockutils.py:390}}
Feb 17 18:02:04.808404 np0000156073 devstack@neutron-api.service[103231]: DEBUG oslo_concurrency.lockutils [None req-22f34a31-6b71-4db9-a7fb-5603ebf6e3c6 None None] Acquired lock "singleton_lock" {{(pid=103231) lock /opt/stack/data/venv/lib/python3.12/site-packages/oslo_concurrency/lockutils.py:393}}
Feb 17 18:02:04.808902 np0000156073 devstack@neutron-api.service[103231]: DEBUG oslo_concurrency.lockutils [None req-22f34a31-6b71-4db9-a7fb-5603ebf6e3c6 None None] Releasing lock "singleton_lock" {{(pid=103231) lock /opt/stack/data/venv/lib/python3.12/site-packages/oslo_concurrency/lockutils.py:413}}
Feb 17 18:02:04.811918 np0000156073 devstack@neutron-api.service[103231]: DEBUG neutron.plugins.ml2.drivers.ovn.mech_driver.mech_driver [None req-22f34a31-6b71-4db9-a7fb-5603ebf6e3c6 None None] Hash Ring setup using WSGI start time 2026-02-17 18:01:57+00:00 {{(pid=103231) _init_hash_ring /opt/stack/neutron/neutron/plugins/ml2/drivers/ovn/mech_driver/mech_driver.py:401}}
Feb 17 18:02:04.818343 np0000156073 devstack@neutron-api.service[103231]: INFO neutron.db.ovn_hash_ring_db [None req-22f34a31-6b71-4db9-a7fb-5603ebf6e3c6 None None] Nodes from host "np0000156073" and group "mechanism_driver" removed from the Hash Ring created at 2026-02-17 18:01:57+00:00
Feb 17 18:02:04.821889 np0000156073 devstack@neutron-api.service[103231]: INFO neutron.db.ovn_hash_ring_db [None req-22f34a31-6b71-4db9-a7fb-5603ebf6e3c6 None None] Node e5f1fbee173c565fbade72555bea407e from host "np0000156073" and group "mechanism_driver" added to the Hash Ring
Feb 17 18:02:04.826885 np0000156073 devstack@neutron-api.service[103231]: DEBUG neutron.plugins.ml2.drivers.ovn.mech_driver.mech_driver [None req-22f34a31-6b71-4db9-a7fb-5603ebf6e3c6 None None] Hash Ring setup, this worker has detected 2 OVN hash ring registers in the database {{(pid=103231) _init_hash_ring /opt/stack/neutron/neutron/plugins/ml2/drivers/ovn/mech_driver/mech_driver.py:411}}
Feb 17 18:02:04.848502 np0000156073 devstack@neutron-api.service[103229]: INFO neutron.plugins.ml2.drivers.type_vlan [None req-bc370203-545c-4c10-bb2e-079d3204436f None None] VlanTypeDriver initialization complete
Feb 17 18:02:04.848934 np0000156073 devstack@neutron-api.service[103229]: INFO neutron.plugins.ml2.managers [None req-bc370203-545c-4c10-bb2e-079d3204436f None None] Initializing extension driver 'port_security'
Feb 17 18:02:04.848934 np0000156073 devstack@neutron-api.service[103229]: INFO neutron.plugins.ml2.extensions.port_security [None req-bc370203-545c-4c10-bb2e-079d3204436f None None] PortSecurityExtensionDriver initialization complete
Feb 17 18:02:04.848934 np0000156073 devstack@neutron-api.service[103229]: INFO neutron.plugins.ml2.managers [None req-bc370203-545c-4c10-bb2e-079d3204436f None None] Initializing extension driver 'qos'
Feb 17 18:02:04.849121 np0000156073 devstack@neutron-api.service[103229]: DEBUG neutron.plugins.ml2.extensions.qos [None req-bc370203-545c-4c10-bb2e-079d3204436f None None] QosExtensionDriver initialization complete {{(pid=103229) initialize /opt/stack/neutron/neutron/plugins/ml2/extensions/qos.py:31}}
Feb 17 18:02:04.849121 np0000156073 devstack@neutron-api.service[103229]: INFO neutron.plugins.ml2.managers [None req-bc370203-545c-4c10-bb2e-079d3204436f None None] Initializing mechanism driver 'ovn'
Feb 17 18:02:04.849247 np0000156073 devstack@neutron-api.service[103229]: INFO neutron.plugins.ml2.drivers.ovn.mech_driver.mech_driver [None req-bc370203-545c-4c10-bb2e-079d3204436f None None] Starting OVNMechanismDriver
Feb 17 18:02:04.850908 np0000156073 devstack@neutron-api.service[103229]: DEBUG neutron_lib.callbacks.manager [None req-bc370203-545c-4c10-bb2e-079d3204436f None None] Subscribe: > process before_spawn 55550000, False {{(pid=103229) subscribe /opt/stack/data/venv/lib/python3.12/site-packages/neutron_lib/callbacks/manager.py:52}}
Feb 17 18:02:04.850908 np0000156073 devstack@neutron-api.service[103229]: DEBUG neutron_lib.callbacks.manager [None req-bc370203-545c-4c10-bb2e-079d3204436f None None] Subscribe: > process after_init 55550000, True {{(pid=103229) subscribe /opt/stack/data/venv/lib/python3.12/site-packages/neutron_lib/callbacks/manager.py:52}}
Feb 17 18:02:04.851073 np0000156073 devstack@neutron-api.service[103229]: DEBUG neutron_lib.callbacks.manager [None req-bc370203-545c-4c10-bb2e-079d3204436f None None] Subscribe: > segment after_create 55550000, False {{(pid=103229) subscribe /opt/stack/data/venv/lib/python3.12/site-packages/neutron_lib/callbacks/manager.py:52}}
Feb 17 18:02:04.851201 np0000156073 devstack@neutron-api.service[103229]: DEBUG neutron_lib.callbacks.manager [None req-bc370203-545c-4c10-bb2e-079d3204436f None None] Subscribe: > segment after_create 55550000, False {{(pid=103229) subscribe /opt/stack/data/venv/lib/python3.12/site-packages/neutron_lib/callbacks/manager.py:52}}
Feb 17 18:02:04.851323 np0000156073 devstack@neutron-api.service[103229]: DEBUG neutron_lib.callbacks.manager [None req-bc370203-545c-4c10-bb2e-079d3204436f None None] Subscribe: > segment after_delete 55550000, False {{(pid=103229) subscribe /opt/stack/data/venv/lib/python3.12/site-packages/neutron_lib/callbacks/manager.py:52}}
Feb 17 18:02:04.851407 np0000156073 devstack@neutron-api.service[103229]: DEBUG neutron_lib.callbacks.manager [None req-bc370203-545c-4c10-bb2e-079d3204436f None None] Subscribe: > allowed_address_pair before_create 55550000, False {{(pid=103229) subscribe /opt/stack/data/venv/lib/python3.12/site-packages/neutron_lib/callbacks/manager.py:52}}
Feb 17 18:02:04.851541 np0000156073 devstack@neutron-api.service[103229]: DEBUG neutron_lib.callbacks.manager [None req-bc370203-545c-4c10-bb2e-079d3204436f None None] Subscribe: > security_group precommit_create 55550000, False {{(pid=103229) subscribe /opt/stack/data/venv/lib/python3.12/site-packages/neutron_lib/callbacks/manager.py:52}}
Feb 17 18:02:04.851689 np0000156073 devstack@neutron-api.service[103229]: DEBUG neutron_lib.callbacks.manager [None req-bc370203-545c-4c10-bb2e-079d3204436f None None] Subscribe: > security_group after_update 55550000, False {{(pid=103229) subscribe /opt/stack/data/venv/lib/python3.12/site-packages/neutron_lib/callbacks/manager.py:52}}
Feb 17 18:02:04.851868 np0000156073 devstack@neutron-api.service[103229]: DEBUG neutron_lib.callbacks.manager [None req-bc370203-545c-4c10-bb2e-079d3204436f None None] Subscribe: > security_group after_create 55550000, False {{(pid=103229) subscribe /opt/stack/data/venv/lib/python3.12/site-packages/neutron_lib/callbacks/manager.py:52}}
Feb 17 18:02:04.851957 np0000156073 devstack@neutron-api.service[103229]: DEBUG neutron_lib.callbacks.manager [None req-bc370203-545c-4c10-bb2e-079d3204436f None None] Subscribe: > security_group precommit_delete 55550000, False {{(pid=103229) subscribe /opt/stack/data/venv/lib/python3.12/site-packages/neutron_lib/callbacks/manager.py:52}}
Feb 17 18:02:04.852016 np0000156073 devstack@neutron-api.service[103229]: DEBUG neutron_lib.callbacks.manager [None req-bc370203-545c-4c10-bb2e-079d3204436f None None] Subscribe: > security_group after_delete 55550000, False {{(pid=103229) subscribe /opt/stack/data/venv/lib/python3.12/site-packages/neutron_lib/callbacks/manager.py:52}}
Feb 17 18:02:04.852209 np0000156073 devstack@neutron-api.service[103229]: DEBUG neutron_lib.callbacks.manager [None req-bc370203-545c-4c10-bb2e-079d3204436f None None] Subscribe: > security_group_rule precommit_create 55550000, False {{(pid=103229) subscribe /opt/stack/data/venv/lib/python3.12/site-packages/neutron_lib/callbacks/manager.py:52}}
Feb 17 18:02:04.852295 np0000156073 devstack@neutron-api.service[103229]: DEBUG neutron_lib.callbacks.manager [None req-bc370203-545c-4c10-bb2e-079d3204436f None None] Subscribe: > security_group_rule after_create 55550000, False {{(pid=103229) subscribe /opt/stack/data/venv/lib/python3.12/site-packages/neutron_lib/callbacks/manager.py:52}}
Feb 17 18:02:04.852358 np0000156073 devstack@neutron-api.service[103229]: DEBUG neutron_lib.callbacks.manager [None req-bc370203-545c-4c10-bb2e-079d3204436f None None] Subscribe: > security_group_rule before_delete 55550000, False {{(pid=103229) subscribe /opt/stack/data/venv/lib/python3.12/site-packages/neutron_lib/callbacks/manager.py:52}}
