Mar 30 11:53:20.738980 np0000161217 devstack@neutron-api.service[102049]: DEBUG ovsdbapp.backend.ovs_idl [None req-8708a6bc-b031-48b4-a95d-ae96d80509b4 None None] Created lookup_table index Chassis.name {{(pid=102049) autocreate_indices /opt/stack/data/venv/lib/python3.12/site-packages/ovsdbapp/backend/ovs_idl/__init__.py:87}}
Mar 30 11:53:20.738980 np0000161217 devstack@neutron-api.service[102049]: DEBUG ovsdbapp.backend.ovs_idl [None req-8708a6bc-b031-48b4-a95d-ae96d80509b4 None None] Created lookup_table index Port_Binding.logical_port {{(pid=102049) autocreate_indices /opt/stack/data/venv/lib/python3.12/site-packages/ovsdbapp/backend/ovs_idl/__init__.py:87}}
Mar 30 11:53:20.739301 np0000161217 devstack@neutron-api.service[102049]: DEBUG ovsdbapp.backend.ovs_idl [None req-8708a6bc-b031-48b4-a95d-ae96d80509b4 None None] Created schema index Chassis_Private.name {{(pid=102049) autocreate_indices /opt/stack/data/venv/lib/python3.12/site-packages/ovsdbapp/backend/ovs_idl/__init__.py:106}}
Mar 30 11:53:20.739483 np0000161217 devstack@neutron-api.service[102047]: INFO ovsdbapp.backend.ovs_idl.vlog [None req-65cb9000-5bbe-48ce-b0fd-2235832a07b5 None None] ssl:199.204.45.38:6642: connected
Mar 30 11:53:20.739627 np0000161217 devstack@neutron-api.service[102049]: DEBUG ovsdbapp.backend.ovs_idl [None req-8708a6bc-b031-48b4-a95d-ae96d80509b4 None None] Created schema index Datapath_Binding.tunnel_key {{(pid=102049) autocreate_indices /opt/stack/data/venv/lib/python3.12/site-packages/ovsdbapp/backend/ovs_idl/__init__.py:106}}
Mar 30 11:53:20.741090 np0000161217 devstack@neutron-api.service[102049]: INFO ovsdbapp.backend.ovs_idl.vlog [None req-8708a6bc-b031-48b4-a95d-ae96d80509b4 None None] ssl:199.204.45.38:6642: connecting...
Mar 30 11:53:20.746106 np0000161217 devstack@neutron-api.service[102049]: INFO ovsdbapp.backend.ovs_idl.vlog [None req-8708a6bc-b031-48b4-a95d-ae96d80509b4 None None] ssl:199.204.45.38:6642: connected
Mar 30 11:53:20.748674 np0000161217 devstack@neutron-api.service[102050]: DEBUG ovsdbapp.backend.ovs_idl [None req-80b9ec28-8031-40cd-b70f-5b2124d74820 None None] Created lookup_table index Chassis.name {{(pid=102050) autocreate_indices /opt/stack/data/venv/lib/python3.12/site-packages/ovsdbapp/backend/ovs_idl/__init__.py:87}}
Mar 30 11:53:20.748758 np0000161217 devstack@neutron-api.service[102050]: DEBUG ovsdbapp.backend.ovs_idl [None req-80b9ec28-8031-40cd-b70f-5b2124d74820 None None] Created lookup_table index Port_Binding.logical_port {{(pid=102050) autocreate_indices /opt/stack/data/venv/lib/python3.12/site-packages/ovsdbapp/backend/ovs_idl/__init__.py:87}}
Mar 30 11:53:20.748856 np0000161217 devstack@neutron-api.service[102050]: DEBUG ovsdbapp.backend.ovs_idl [None req-80b9ec28-8031-40cd-b70f-5b2124d74820 None None] Created schema index Chassis_Private.name {{(pid=102050) autocreate_indices /opt/stack/data/venv/lib/python3.12/site-packages/ovsdbapp/backend/ovs_idl/__init__.py:106}}
Mar 30 11:53:20.748954 np0000161217 devstack@neutron-api.service[102050]: DEBUG ovsdbapp.backend.ovs_idl [None req-80b9ec28-8031-40cd-b70f-5b2124d74820 None None] Created schema index Datapath_Binding.tunnel_key {{(pid=102050) autocreate_indices /opt/stack/data/venv/lib/python3.12/site-packages/ovsdbapp/backend/ovs_idl/__init__.py:106}}
Mar 30 11:53:20.750783 np0000161217 devstack@neutron-api.service[102050]: INFO ovsdbapp.backend.ovs_idl.vlog [None req-80b9ec28-8031-40cd-b70f-5b2124d74820 None None] ssl:199.204.45.38:6642: connecting...
Mar 30 11:53:20.756060 np0000161217 devstack@neutron-api.service[102050]: INFO ovsdbapp.backend.ovs_idl.vlog [None req-80b9ec28-8031-40cd-b70f-5b2124d74820 None None] ssl:199.204.45.38:6642: connected
Mar 30 11:53:20.771619 np0000161217 devstack@neutron-api.service[102047]: DEBUG neutron.common.ovn.hash_ring_manager [None req-65cb9000-5bbe-48ce-b0fd-2235832a07b5 None None] Allow caching, nodes 4>=4 {{(pid=102047) _wait_startup_before_caching /opt/stack/neutron/neutron/common/ovn/hash_ring_manager.py:65}}
Mar 30 11:53:20.775058 np0000161217 devstack@neutron-api.service[102049]: DEBUG neutron.common.ovn.hash_ring_manager [None req-8708a6bc-b031-48b4-a95d-ae96d80509b4 None None] Allow caching, nodes 4>=4 {{(pid=102049) _wait_startup_before_caching /opt/stack/neutron/neutron/common/ovn/hash_ring_manager.py:65}}
Mar 30 11:53:20.777578 np0000161217 devstack@neutron-api.service[102047]: DEBUG neutron.common.ovn.hash_ring_manager [None req-65cb9000-5bbe-48ce-b0fd-2235832a07b5 None None] Hash Ring loaded. 4 active nodes. 0 offline nodes {{(pid=102047) _load_hash_ring /opt/stack/neutron/neutron/common/ovn/hash_ring_manager.py:102}}
Mar 30 11:53:20.777611 np0000161217 devstack@neutron-api.service[102047]: DEBUG neutron.plugins.ml2.drivers.ovn.mech_driver.ovsdb.ovsdb_monitor [None req-65cb9000-5bbe-48ce-b0fd-2235832a07b5 None None] ChassisOVNAgentWriteEvent : Matched Chassis_Private, create, None None {{(pid=102047) matches /opt/stack/neutron/neutron/plugins/ml2/drivers/ovn/mech_driver/ovsdb/ovsdb_monitor.py:64}}
Mar 30 11:53:20.777711 np0000161217 devstack@neutron-api.service[102047]: DEBUG neutron.plugins.ml2.drivers.ovn.mech_driver.ovsdb.ovsdb_monitor [None req-65cb9000-5bbe-48ce-b0fd-2235832a07b5 None None] ChassisAgentWriteEvent : Matched Chassis_Private, create, None None {{(pid=102047) matches /opt/stack/neutron/neutron/plugins/ml2/drivers/ovn/mech_driver/ovsdb/ovsdb_monitor.py:64}}
Mar 30 11:53:20.777990 np0000161217 devstack@neutron-api.service[102047]: DEBUG neutron.plugins.ml2.drivers.ovn.mech_driver.ovsdb.ovsdb_monitor [None req-65cb9000-5bbe-48ce-b0fd-2235832a07b5 None None] Hash Ring: Node 0b04caf79aca5b84903895b129ca8372 (host: np0000161217) handling event "create" for row f74eb11d-3cac-4fd1-865d-79b9e93277ce (table: Chassis_Private) {{(pid=102047) notify /opt/stack/neutron/neutron/plugins/ml2/drivers/ovn/mech_driver/ovsdb/ovsdb_monitor.py:912}}
Mar 30 11:53:20.779450 np0000161217 devstack@neutron-api.service[102049]: DEBUG neutron.common.ovn.hash_ring_manager [None req-8708a6bc-b031-48b4-a95d-ae96d80509b4 None None] Hash Ring loaded. 4 active nodes. 0 offline nodes {{(pid=102049) _load_hash_ring /opt/stack/neutron/neutron/common/ovn/hash_ring_manager.py:102}}
Mar 30 11:53:20.779650 np0000161217 devstack@neutron-api.service[102049]: DEBUG neutron.plugins.ml2.drivers.ovn.mech_driver.ovsdb.ovsdb_monitor [None req-8708a6bc-b031-48b4-a95d-ae96d80509b4 None None] Hash Ring: Node ebfcf4da63ea54dab336dc70b8b0a381 (host: np0000161217) handling event "create" for row 58da4f44-477b-4cdb-b16e-e55ad41cd8ca (table: Chassis) {{(pid=102049) notify /opt/stack/neutron/neutron/plugins/ml2/drivers/ovn/mech_driver/ovsdb/ovsdb_monitor.py:912}}
Mar 30 11:53:20.779955 np0000161217 devstack@neutron-api.service[102050]: DEBUG neutron.common.ovn.hash_ring_manager [None req-80b9ec28-8031-40cd-b70f-5b2124d74820 None None] Allow caching, nodes 4>=4 {{(pid=102050) _wait_startup_before_caching /opt/stack/neutron/neutron/common/ovn/hash_ring_manager.py:65}}
Mar 30 11:53:20.780018 np0000161217 devstack@neutron-api.service[102047]: INFO neutron.plugins.ml2.drivers.ovn.mech_driver.mech_driver [None req-65cb9000-5bbe-48ce-b0fd-2235832a07b5 None None] WorkerService process has finished the post initialization
Mar 30 11:53:20.780670 np0000161217 devstack@neutron-api.service[102049]: DEBUG ovsdbapp.backend.ovs_idl.event [None req-8708a6bc-b031-48b4-a95d-ae96d80509b4 None None] Matched CREATE: ChassisBandwidthConfigEvent(events=('create', 'update'), table='Chassis', conditions=None, old_conditions=None), priority=20 to row=Chassis(uuid=58da4f44-477b-4cdb-b16e-e55ad41cd8ca, encaps=[e51cd73e-bf54-4df1-be4a-2d707d2aed0e], external_ids={}, hostname='np0000161217', name='0af339a0-8569-4ff9-911e-58242a7ea155', nb_cfg=0, other_config={'ct-commit-nat-v2': 'true', 'ct-commit-to-zone': 'true', 'ct-next-zone': 'true', 'ct-no-masked-label': 'true', 'ct-state-save': 'true', 'datapath-type': 'system', 'fdb-timestamp': 'true', 'iface-types': 'afxdp,afxdp-nonpmd,bareudp,erspan,geneve,gre,gtpu,internal,ip6erspan,ip6gre,lisp,patch,srv6,stt,system,tap,vxlan', 'is-interconn': 'false', 'ls-dpg-column': 'true', 'mac-binding-timestamp': 'true', 'ovn-bridge-mappings': 'public:br-ex', 'ovn-chassis-mac-mappings': '', 'ovn-cms-options': 'enable-chassis-as-gw', 'ovn-ct-lb-related': 'true', 'ovn-enable-lflow-cache': 'true', 'ovn-limit-lflow-cache': '', 'ovn-memlimit-lflow-cache-kb': '', 'ovn-monitor-all': 'false', 'ovn-trim-limit-lflow-cache': '', 'ovn-trim-timeout-ms': '', 'ovn-trim-wmark-perc-lflow-cache': '', 'port-up-notif': 'true'}, transport_zones=[], vtep_logical_switches=[]) old= {{(pid=102049) matches /opt/stack/data/venv/lib/python3.12/site-packages/ovsdbapp/backend/ovs_idl/event.py:55}}
Mar 30 11:53:20.781365 np0000161217 devstack@neutron-api.service[102049]: DEBUG neutron.plugins.ml2.drivers.ovn.mech_driver.ovsdb.ovsdb_monitor [None req-8708a6bc-b031-48b4-a95d-ae96d80509b4 None None] ChassisAgentWriteEvent : Matched Chassis_Private, create, None None {{(pid=102049) matches /opt/stack/neutron/neutron/plugins/ml2/drivers/ovn/mech_driver/ovsdb/ovsdb_monitor.py:64}}
Mar 30 11:53:20.781623 np0000161217 devstack@neutron-api.service[102047]: WSGI app 0 (mountpoint='') ready in 7 seconds on interpreter 0x7493bd2a3668 pid: 102047 (default app)
Mar 30 11:53:20.781715 np0000161217 devstack@neutron-api.service[102049]: DEBUG neutron.plugins.ml2.drivers.ovn.mech_driver.ovsdb.ovsdb_monitor [None req-8708a6bc-b031-48b4-a95d-ae96d80509b4 None None] ChassisOVNAgentWriteEvent : Matched Chassis_Private, create, None None {{(pid=102049) matches /opt/stack/neutron/neutron/plugins/ml2/drivers/ovn/mech_driver/ovsdb/ovsdb_monitor.py:64}}
Mar 30 11:53:20.782086 np0000161217 devstack@neutron-api.service[102049]: DEBUG neutron.plugins.ml2.drivers.ovn.mech_driver.ovsdb.ovsdb_monitor [None req-8708a6bc-b031-48b4-a95d-ae96d80509b4 None None] Hash Ring: Node ebfcf4da63ea54dab336dc70b8b0a381 (host: np0000161217) handling event "create" for row e51cd73e-bf54-4df1-be4a-2d707d2aed0e (table: Encap) {{(pid=102049) notify /opt/stack/neutron/neutron/plugins/ml2/drivers/ovn/mech_driver/ovsdb/ovsdb_monitor.py:912}}
Mar 30 11:53:20.783115 np0000161217 devstack@neutron-api.service[102050]: DEBUG neutron.common.ovn.hash_ring_manager [None req-80b9ec28-8031-40cd-b70f-5b2124d74820 None None] Hash Ring loaded. 4 active nodes. 0 offline nodes {{(pid=102050) _load_hash_ring /opt/stack/neutron/neutron/common/ovn/hash_ring_manager.py:102}}
Mar 30 11:53:20.783255 np0000161217 devstack@neutron-api.service[102049]: INFO neutron.plugins.ml2.drivers.ovn.mech_driver.mech_driver [None req-8708a6bc-b031-48b4-a95d-ae96d80509b4 None None] WorkerService process has finished the post initialization
Mar 30 11:53:20.783328 np0000161217 devstack@neutron-api.service[102050]: DEBUG neutron.plugins.ml2.drivers.ovn.mech_driver.ovsdb.ovsdb_monitor [None req-80b9ec28-8031-40cd-b70f-5b2124d74820 None None] ChassisAgentWriteEvent : Matched Chassis_Private, create, None None {{(pid=102050) matches /opt/stack/neutron/neutron/plugins/ml2/drivers/ovn/mech_driver/ovsdb/ovsdb_monitor.py:64}}
Mar 30 11:53:20.783440 np0000161217 devstack@neutron-api.service[102050]: DEBUG neutron.plugins.ml2.drivers.ovn.mech_driver.ovsdb.ovsdb_monitor [None req-80b9ec28-8031-40cd-b70f-5b2124d74820 None None] ChassisOVNAgentWriteEvent : Matched Chassis_Private, create, None None {{(pid=102050) matches /opt/stack/neutron/neutron/plugins/ml2/drivers/ovn/mech_driver/ovsdb/ovsdb_monitor.py:64}}
Mar 30 11:53:20.784458 np0000161217 devstack@neutron-api.service[102049]: INFO neutron.plugins.ml2.drivers.ovn.mech_driver.ovsdb.extensions.qos [-] Starting OVNClientQosExtension
Mar 30 11:53:20.784935 np0000161217 devstack@neutron-api.service[102049]: INFO neutron.plugins.ml2.drivers.ovn.mech_driver.ovsdb.extensions.placement [-] Starting OVNClientPlacementExtension
Mar 30 11:53:20.785355 np0000161217 devstack@neutron-api.service[102050]: INFO neutron.plugins.ml2.drivers.ovn.mech_driver.mech_driver [None req-80b9ec28-8031-40cd-b70f-5b2124d74820 None None] WorkerService process has finished the post initialization
Mar 30 11:53:20.786462 np0000161217 devstack@neutron-api.service[102050]: WSGI app 0 (mountpoint='') ready in 7 seconds on interpreter 0x7493bd2a3668 pid: 102050 (default app)
Mar 30 11:53:20.787120 np0000161217 devstack@neutron-api.service[102049]: WSGI app 0 (mountpoint='') ready in 7 seconds on interpreter 0x7493bd2a3668 pid: 102049 (default app)
Mar 30 11:53:22.963546 np0000161217 devstack@neutron-api.service[102049]: DEBUG neutron.plugins.ml2.drivers.ovn.mech_driver.ovsdb.ovsdb_monitor [-] Hash Ring: Node ebfcf4da63ea54dab336dc70b8b0a381 (host: np0000161217) handling event "update" for row ade05ee5-5e08-419c-b982-7694cf3ec9f5 (table: Connection) {{(pid=102049) notify /opt/stack/neutron/neutron/plugins/ml2/drivers/ovn/mech_driver/ovsdb/ovsdb_monitor.py:912}}
Mar 30 11:53:22.968034 np0000161217 devstack@neutron-api.service[102048]: DEBUG neutron.common.ovn.hash_ring_manager [-] Allow caching, nodes 4>=4 {{(pid=102048) _wait_startup_before_caching /opt/stack/neutron/neutron/common/ovn/hash_ring_manager.py:65}}
Mar 30 11:53:22.968034 np0000161217 devstack@neutron-api.service[102048]: DEBUG neutron.plugins.ml2.drivers.ovn.mech_driver.ovsdb.ovsdb_monitor [-] Hash Ring: Node e0f4e3202fab5b9184fcb132ce4258cc (host: np0000161217) handling event "update" for row ade05ee5-5e08-419c-b982-7694cf3ec9f5 (table: Connection) {{(pid=102048) notify /opt/stack/neutron/neutron/plugins/ml2/drivers/ovn/mech_driver/ovsdb/ovsdb_monitor.py:912}}
Mar 30 11:53:25.466742 np0000161217 devstack@neutron-api.service[102048]: DEBUG neutron.plugins.ml2.drivers.ovn.mech_driver.ovsdb.ovsdb_monitor [-] Hash Ring: Node e0f4e3202fab5b9184fcb132ce4258cc (host: np0000161217) handling event "update" for row ade05ee5-5e08-419c-b982-7694cf3ec9f5 (table: Connection) {{(pid=102048) notify /opt/stack/neutron/neutron/plugins/ml2/drivers/ovn/mech_driver/ovsdb/ovsdb_monitor.py:912}}
Mar 30 11:53:25.467840 np0000161217 devstack@neutron-api.service[102049]: DEBUG neutron.plugins.ml2.drivers.ovn.mech_driver.ovsdb.ovsdb_monitor [-] Hash Ring: Node ebfcf4da63ea54dab336dc70b8b0a381 (host: np0000161217) handling event "update" for row ade05ee5-5e08-419c-b982-7694cf3ec9f5 (table: Connection) {{(pid=102049) notify /opt/stack/neutron/neutron/plugins/ml2/drivers/ovn/mech_driver/ovsdb/ovsdb_monitor.py:912}}
Mar 30 11:53:26.330769 np0000161217 devstack@neutron-api.service[102048]: DEBUG neutron.api.wsgi [None req-002bc75f-6252-44aa-9f85-89a78841c241 admin admin] Missing Content-Type {{(pid=102048) get_content_type /opt/stack/neutron/neutron/api/wsgi.py:85}}
Mar 30 11:53:26.331230 np0000161217 devstack@neutron-api.service[102048]: DEBUG neutron.api.wsgi [None req-002bc75f-6252-44aa-9f85-89a78841c241 admin admin] https://199.204.45.38/networking/v2.0/extensions returned with HTTP 200 {{(pid=102048) __call__ /opt/stack/neutron/neutron/api/wsgi.py:545}}
Mar 30 11:53:26.331662 np0000161217 devstack@neutron-api.service[102048]: [pid: 102048|app: 0|req: 2/2] 199.204.45.38 () {64 vars in 1316 bytes} [Mon Mar 30 11:53:26 2026] GET /networking/v2.0/extensions => generated 15208 bytes in 265 msecs (HTTP/1.1 200) 4 headers in 159 bytes (1 switches on core 0)
Mar 30 11:53:26.761260 np0000161217 devstack@neutron-api.service[102047]: DEBUG neutron.api.v2.base [None req-b9e83ae7-1839-4e55-a1cc-9d89be661940 admin admin] Request body: {'subnetpool': {'shared': True, 'prefixes': ['10.1.0.0/20'], 'is_default': True, 'name': 'shared-default-subnetpool-v4', 'default_prefixlen': 26}} {{(pid=102047) prepare_request_body /opt/stack/neutron/neutron/api/v2/base.py:729}}
Mar 30 11:53:26.955518 np0000161217 devstack@neutron-api.service[102047]: DEBUG neutron.policy [None req-b9e83ae7-1839-4e55-a1cc-9d89be661940 admin admin] Loaded default policies from ['neutron'] under neutron.policies entry points {{(pid=102047) register_rules /opt/stack/neutron/neutron/policy.py:65}}
Mar 30 11:53:27.112607 np0000161217 devstack@neutron-api.service[102047]: DEBUG neutron_lib.callbacks.manager [None req-b9e83ae7-1839-4e55-a1cc-9d89be661940 admin admin] Publish callbacks ['neutron.objects.securitygroup.RbacNeutronDbObjectMixin.validate_rbac_policy_change-3067339587498', 'neutron.objects.address_group.RbacNeutronDbObjectMixin.validate_rbac_policy_change-3067339462366', 'neutron.objects.network.RbacNeutronDbObjectMixin.validate_rbac_policy_change-3067338565367', 'neutron.objects.qos.policy.RbacNeutronDbObjectMixin.validate_rbac_policy_change-3067338581682', 'neutron.objects.subnetpool.RbacNeutronDbObjectMixin.validate_rbac_policy_change-3067338587523', 'neutron.objects.address_scope.RbacNeutronDbObjectMixin.validate_rbac_policy_change-3067338587173', 'neutron.plugins.ml2.plugin.External_net_db_mixin._process_ext_policy_create-1466161', 'neutron.plugins.ml2.plugin.NeutronDbPluginV2.validate_network_rbac_policy_change-1474257'] for rbac-policy (None), before_create {{(pid=102047) _notify_loop /opt/stack/data/venv/lib/python3.12/site-packages/neutron_lib/callbacks/manager.py:184}}
Mar 30 11:53:27.159137 np0000161217 devstack@neutron-api.service[102047]: DEBUG neutron_lib.callbacks.manager [None req-b9e83ae7-1839-4e55-a1cc-9d89be661940 admin admin] Publish callbacks [] for subnetpool (None), before_response {{(pid=102047) _notify_loop /opt/stack/data/venv/lib/python3.12/site-packages/neutron_lib/callbacks/manager.py:184}}
Mar 30 11:53:27.159779 np0000161217 devstack@neutron-api.service[102047]: [pid: 102047|app: 0|req: 1/3] 199.204.45.38 () {68 vars in 1360 bytes} [Mon Mar 30 11:53:26 2026] POST /networking/v2.0/subnetpools => generated 533 bytes in 499 msecs (HTTP/1.1 201) 4 headers in 162 bytes (1 switches on core 0)
Mar 30 11:53:27.475015 np0000161217 devstack@neutron-api.service[102050]: DEBUG neutron.api.v2.base [None req-0b0c0d1c-4aa6-45dd-8b6a-c3798f6bebf6 admin admin] Request body: {'subnetpool': {'shared': True, 'prefixes': ['fddc:d83c:794d::/56'], 'is_default': True, 'name': 'shared-default-subnetpool-v6', 'default_prefixlen': 64}} {{(pid=102050) prepare_request_body /opt/stack/neutron/neutron/api/v2/base.py:729}}
Mar 30 11:53:27.644892 np0000161217 devstack@neutron-api.service[102050]: DEBUG neutron.policy [None req-0b0c0d1c-4aa6-45dd-8b6a-c3798f6bebf6 admin admin] Loaded default policies from ['neutron'] under neutron.policies entry points {{(pid=102050) register_rules /opt/stack/neutron/neutron/policy.py:65}}
Mar 30 11:53:27.782939 np0000161217 devstack@neutron-api.service[102050]: DEBUG neutron_lib.callbacks.manager [None req-0b0c0d1c-4aa6-45dd-8b6a-c3798f6bebf6 admin admin] Publish callbacks ['neutron.objects.securitygroup.RbacNeutronDbObjectMixin.validate_rbac_policy_change-3067339441992', 'neutron.objects.address_group.RbacNeutronDbObjectMixin.validate_rbac_policy_change-3067339466971', 'neutron.objects.network.RbacNeutronDbObjectMixin.validate_rbac_policy_change-3067338561550', 'neutron.objects.qos.policy.RbacNeutronDbObjectMixin.validate_rbac_policy_change-3067338558619', 'neutron.objects.subnetpool.RbacNeutronDbObjectMixin.validate_rbac_policy_change-3067338578778', 'neutron.objects.address_scope.RbacNeutronDbObjectMixin.validate_rbac_policy_change-3067338571850', 'neutron.plugins.ml2.plugin.External_net_db_mixin._process_ext_policy_create-944070', 'neutron.plugins.ml2.plugin.NeutronDbPluginV2.validate_network_rbac_policy_change-934758'] for rbac-policy (None), before_create {{(pid=102050) _notify_loop /opt/stack/data/venv/lib/python3.12/site-packages/neutron_lib/callbacks/manager.py:184}}
Mar 30 11:53:27.831879 np0000161217 devstack@neutron-api.service[102050]: DEBUG neutron_lib.callbacks.manager [None req-0b0c0d1c-4aa6-45dd-8b6a-c3798f6bebf6 admin admin] Publish callbacks [] for subnetpool (None), before_response {{(pid=102050) _notify_loop /opt/stack/data/venv/lib/python3.12/site-packages/neutron_lib/callbacks/manager.py:184}}
Mar 30 11:53:27.832695 np0000161217 devstack@neutron-api.service[102050]: [pid: 102050|app: 0|req: 1/4] 199.204.45.38 () {68 vars in 1360 bytes} [Mon Mar 30 11:53:27 2026] POST /networking/v2.0/subnetpools => generated 543 bytes in 464 msecs (HTTP/1.1 201) 4 headers in 162 bytes (1 switches on core 0)
Mar 30 11:53:28.272965 np0000161217 devstack@neutron-api.service[102049]: DEBUG neutron.api.v2.base [None req-0838e018-f648-4992-89e6-3c6bbe026781 admin admin] Request body: {'network': {'name': 'private', 'admin_state_up': True}} {{(pid=102049) prepare_request_body /opt/stack/neutron/neutron/api/v2/base.py:729}}
Mar 30 11:53:28.298715 np0000161217 devstack@neutron-api.service[102049]: DEBUG neutron.pecan_wsgi.hooks.quota_enforcement [None req-0838e018-f648-4992-89e6-3c6bbe026781 admin admin] Made reservation on behalf of 6ba12b569aee4c1289a21918964b4d87 for: {'network': 1} {{(pid=102049) before /opt/stack/neutron/neutron/pecan_wsgi/hooks/quota_enforcement.py:66}}
Mar 30 11:53:28.472070 np0000161217 devstack@neutron-api.service[102049]: DEBUG neutron.policy [None req-0838e018-f648-4992-89e6-3c6bbe026781 admin admin] Loaded default policies from ['neutron'] under neutron.policies entry points {{(pid=102049) register_rules /opt/stack/neutron/neutron/policy.py:65}}
Mar 30 11:53:28.583974 np0000161217 devstack@neutron-api.service[102049]: DEBUG neutron_lib.callbacks.manager [None req-0838e018-f648-4992-89e6-3c6bbe026781 admin admin] Publish callbacks ['neutron.plugins.ml2.plugin.SecurityGroupDbMixin._ensure_default_security_group_handler-1178500'] for network (None), before_create {{(pid=102049) _notify_loop /opt/stack/data/venv/lib/python3.12/site-packages/neutron_lib/callbacks/manager.py:184}}
Mar 30 11:53:28.603195 np0000161217 devstack@neutron-api.service[102049]: DEBUG neutron_lib.callbacks.manager [None req-0838e018-f648-4992-89e6-3c6bbe026781 admin admin] Publish callbacks [] for security_group (None), before_create {{(pid=102049) _notify_loop /opt/stack/data/venv/lib/python3.12/site-packages/neutron_lib/callbacks/manager.py:184}}
Mar 30 11:53:28.691558 np0000161217 devstack@neutron-api.service[102049]: DEBUG neutron_lib.callbacks.manager [None req-0838e018-f648-4992-89e6-3c6bbe026781 admin admin] Publish callbacks ['neutron.plugins.ml2.drivers.ovn.mech_driver.mech_driver.OVNMechanismDriver._create_security_group_precommit-330243'] for security_group (d152ceac-2c24-413d-a55f-21494e662700), precommit_create {{(pid=102049) _notify_loop /opt/stack/data/venv/lib/python3.12/site-packages/neutron_lib/callbacks/manager.py:184}}
Mar 30 11:53:28.691745 np0000161217 devstack@neutron-api.service[102049]: DEBUG neutron.db.ovn_revision_numbers_db [None req-0838e018-f648-4992-89e6-3c6bbe026781 admin admin] create_initial_revision uuid=d152ceac-2c24-413d-a55f-21494e662700, type=security_groups, rev=-1 {{(pid=102049) create_initial_revision /opt/stack/neutron/neutron/db/ovn_revision_numbers_db.py:98}}
Mar 30 11:53:28.693825 np0000161217 devstack@neutron-api.service[102049]: DEBUG neutron.db.ovn_revision_numbers_db [None req-0838e018-f648-4992-89e6-3c6bbe026781 admin admin] create_initial_revision uuid=22047b37-2871-4159-9259-3066d96e7169, type=security_group_rules, rev=-1 {{(pid=102049) create_initial_revision /opt/stack/neutron/neutron/db/ovn_revision_numbers_db.py:98}}
Mar 30 11:53:28.694823 np0000161217 devstack@neutron-api.service[102049]: DEBUG neutron.db.ovn_revision_numbers_db [None req-0838e018-f648-4992-89e6-3c6bbe026781 admin admin] create_initial_revision uuid=68100a9e-ce15-4174-aa32-33fc7f36bfc9, type=security_group_rules, rev=-1 {{(pid=102049) create_initial_revision /opt/stack/neutron/neutron/db/ovn_revision_numbers_db.py:98}}
Mar 30 11:53:28.695844 np0000161217 devstack@neutron-api.service[102049]: DEBUG neutron.db.ovn_revision_numbers_db [None req-0838e018-f648-4992-89e6-3c6bbe026781 admin admin] create_initial_revision uuid=8500e81c-c4fa-4511-8671-557f91d3501d, type=security_group_rules, rev=-1 {{(pid=102049) create_initial_revision /opt/stack/neutron/neutron/db/ovn_revision_numbers_db.py:98}}
Mar 30 11:53:28.696894 np0000161217 devstack@neutron-api.service[102049]: DEBUG neutron.db.ovn_revision_numbers_db [None req-0838e018-f648-4992-89e6-3c6bbe026781 admin admin] create_initial_revision uuid=fae6fef5-a2a8-4fa8-a4cd-98b9398fdbac, type=security_group_rules, rev=-1 {{(pid=102049) create_initial_revision /opt/stack/neutron/neutron/db/ovn_revision_numbers_db.py:98}}
Mar 30 11:53:28.704237 np0000161217 devstack@neutron-api.service[102049]: DEBUG neutron_lib.callbacks.manager [None req-0838e018-f648-4992-89e6-3c6bbe026781 admin admin] Publish callbacks ['neutron.plugins.ml2.drivers.ovn.mech_driver.mech_driver.OVNMechanismDriver._create_security_group-330249', 'neutron.plugins.ml2.ovo_rpc._ObjectChangeHandler.handle_event-4078847'] for security_group (d152ceac-2c24-413d-a55f-21494e662700), after_create {{(pid=102049) _notify_loop /opt/stack/data/venv/lib/python3.12/site-packages/neutron_lib/callbacks/manager.py:184}}
Mar 30 11:53:28.705019 np0000161217 devstack@neutron-api.service[102049]: DEBUG ovsdbapp.backend.ovs_idl.transaction [-] Running txn n=1 command(idx=0): PgAddCommand(_result=None, name=pg_d152ceac_2c24_413d_a55f_21494e662700, may_exist=False, columns={'acls': [], 'external_ids': {'neutron:security_group_id': 'd152ceac-2c24-413d-a55f-21494e662700'}}) {{(pid=102049) do_commit /opt/stack/data/venv/lib/python3.12/site-packages/ovsdbapp/backend/ovs_idl/transaction.py:89}}
Mar 30 11:53:28.706870 np0000161217 devstack@neutron-api.service[102049]: DEBUG ovsdbapp.backend.ovs_idl.transaction [-] Running txn n=1 command(idx=1): PgAclAddCommand(_result=None, entity=pg_d152ceac_2c24_413d_a55f_21494e662700, direction=to-lport, priority=1002, match=outport == @pg_d152ceac_2c24_413d_a55f_21494e662700 && ip6 && ip6.src == $pg_d152ceac_2c24_413d_a55f_21494e662700_ip6, action=allow-related, log=False, may_exist=True, severity=[], name=[], meter=[], external_ids={'neutron:security_group_rule_id': '22047b37-2871-4159-9259-3066d96e7169'}) {{(pid=102049) do_commit /opt/stack/data/venv/lib/python3.12/site-packages/ovsdbapp/backend/ovs_idl/transaction.py:89}}
Mar 30 11:53:28.707490 np0000161217 devstack@neutron-api.service[102049]: DEBUG ovsdbapp.backend.ovs_idl.transaction [-] Running txn n=1 command(idx=2): PgAclAddCommand(_result=None, entity=pg_d152ceac_2c24_413d_a55f_21494e662700, direction=to-lport, priority=1002, match=outport == @pg_d152ceac_2c24_413d_a55f_21494e662700 && ip4 && ip4.src == $pg_d152ceac_2c24_413d_a55f_21494e662700_ip4, action=allow-related, log=False, may_exist=True, severity=[], name=[], meter=[], external_ids={'neutron:security_group_rule_id': '68100a9e-ce15-4174-aa32-33fc7f36bfc9'}) {{(pid=102049) do_commit /opt/stack/data/venv/lib/python3.12/site-packages/ovsdbapp/backend/ovs_idl/transaction.py:89}}
Mar 30 11:53:28.707978 np0000161217 devstack@neutron-api.service[102049]: DEBUG ovsdbapp.backend.ovs_idl.transaction [-] Running txn n=1 command(idx=3): PgAclAddCommand(_result=None, entity=pg_d152ceac_2c24_413d_a55f_21494e662700, direction=from-lport, priority=1002, match=inport == @pg_d152ceac_2c24_413d_a55f_21494e662700 && ip6, action=allow-related, log=False, may_exist=True, severity=[], name=[], meter=[], external_ids={'neutron:security_group_rule_id': '8500e81c-c4fa-4511-8671-557f91d3501d'}) {{(pid=102049) do_commit /opt/stack/data/venv/lib/python3.12/site-packages/ovsdbapp/backend/ovs_idl/transaction.py:89}}
Mar 30 11:53:28.708446 np0000161217 devstack@neutron-api.service[102049]: DEBUG ovsdbapp.backend.ovs_idl.transaction [-] Running txn n=1 command(idx=4): PgAclAddCommand(_result=None, entity=pg_d152ceac_2c24_413d_a55f_21494e662700, direction=from-lport, priority=1002, match=inport == @pg_d152ceac_2c24_413d_a55f_21494e662700 && ip4, action=allow-related, log=False, may_exist=True, severity=[], name=[], meter=[], external_ids={'neutron:security_group_rule_id': 'fae6fef5-a2a8-4fa8-a4cd-98b9398fdbac'}) {{(pid=102049) do_commit /opt/stack/data/venv/lib/python3.12/site-packages/ovsdbapp/backend/ovs_idl/transaction.py:89}}
Mar 30 11:53:28.716735 np0000161217 devstack@neutron-api.service[102050]: DEBUG neutron.plugins.ml2.drivers.ovn.mech_driver.ovsdb.ovsdb_monitor [-] Hash Ring: Node e92be9a2a4a95fdc90f3956244900bdc (host: np0000161217) handling event "create" for row 6cb6406f-7984-4117-b9be-c02e2bc4dcb3 (table: ACL) {{(pid=102050) notify /opt/stack/neutron/neutron/plugins/ml2/drivers/ovn/mech_driver/ovsdb/ovsdb_monitor.py:912}}
Mar 30 11:53:28.717032 np0000161217 devstack@neutron-api.service[102049]: DEBUG neutron.plugins.ml2.drivers.ovn.mech_driver.ovsdb.ovsdb_monitor [-] Hash Ring: Node ebfcf4da63ea54dab336dc70b8b0a381 (host: np0000161217) handling event "create" for row 0557fd49-ecc0-4112-986e-ad0476a98602 (table: ACL) {{(pid=102049) notify /opt/stack/neutron/neutron/plugins/ml2/drivers/ovn/mech_driver/ovsdb/ovsdb_monitor.py:912}}
Mar 30 11:53:28.717032 np0000161217 devstack@neutron-api.service[102049]: DEBUG neutron.plugins.ml2.drivers.ovn.mech_driver.ovsdb.ovsdb_monitor [-] Hash Ring: Node ebfcf4da63ea54dab336dc70b8b0a381 (host: np0000161217) handling event "create" for row 1f3e60f2-7eab-4c6f-9ef7-bfbae410401a (table: ACL) {{(pid=102049) notify /opt/stack/neutron/neutron/plugins/ml2/drivers/ovn/mech_driver/ovsdb/ovsdb_monitor.py:912}}
Mar 30 11:53:28.717384 np0000161217 devstack@neutron-api.service[102048]: DEBUG neutron.plugins.ml2.drivers.ovn.mech_driver.ovsdb.ovsdb_monitor [-] Hash Ring: Node e0f4e3202fab5b9184fcb132ce4258cc (host: np0000161217) handling event "create" for row 0557fd49-ecc0-4112-986e-ad0476a98602 (table: ACL) {{(pid=102048) notify /opt/stack/neutron/neutron/plugins/ml2/drivers/ovn/mech_driver/ovsdb/ovsdb_monitor.py:912}}
Mar 30 11:53:28.717753 np0000161217 devstack@neutron-api.service[102048]: DEBUG neutron.plugins.ml2.drivers.ovn.mech_driver.ovsdb.ovsdb_monitor [-] Hash Ring: Node e0f4e3202fab5b9184fcb132ce4258cc (host: np0000161217) handling event "create" for row 1f3e60f2-7eab-4c6f-9ef7-bfbae410401a (table: ACL) {{(pid=102048) notify /opt/stack/neutron/neutron/plugins/ml2/drivers/ovn/mech_driver/ovsdb/ovsdb_monitor.py:912}}
Mar 30 11:53:28.718152 np0000161217 devstack@neutron-api.service[102048]: DEBUG neutron.plugins.ml2.drivers.ovn.mech_driver.ovsdb.ovsdb_monitor [-] Hash Ring: Node e0f4e3202fab5b9184fcb132ce4258cc (host: np0000161217) handling event "create" for row 2c20991b-1890-4c81-ac84-c21d30897d99 (table: ACL) {{(pid=102048) notify /opt/stack/neutron/neutron/plugins/ml2/drivers/ovn/mech_driver/ovsdb/ovsdb_monitor.py:912}}
Mar 30 11:53:28.718202 np0000161217 devstack@neutron-api.service[102047]: DEBUG neutron.plugins.ml2.drivers.ovn.mech_driver.ovsdb.ovsdb_monitor [-] Hash Ring: Node 0b04caf79aca5b84903895b129ca8372 (host: np0000161217) handling event "create" for row 0a536d3c-2586-4dd9-982e-edb32e74750b (table: Port_Group) {{(pid=102047) notify /opt/stack/neutron/neutron/plugins/ml2/drivers/ovn/mech_driver/ovsdb/ovsdb_monitor.py:912}}
Mar 30 11:53:28.719008 np0000161217 devstack@neutron-api.service[102048]: DEBUG neutron.plugins.ml2.drivers.ovn.mech_driver.ovsdb.ovsdb_monitor [-] Hash Ring: Node e0f4e3202fab5b9184fcb132ce4258cc (host: np0000161217) handling event "create" for row 6cb6406f-7984-4117-b9be-c02e2bc4dcb3 (table: ACL) {{(pid=102048) notify /opt/stack/neutron/neutron/plugins/ml2/drivers/ovn/mech_driver/ovsdb/ovsdb_monitor.py:912}}
Mar 30 11:53:28.719008 np0000161217 devstack@neutron-api.service[102048]: DEBUG neutron.plugins.ml2.drivers.ovn.mech_driver.ovsdb.ovsdb_monitor [-] Hash Ring: Node e0f4e3202fab5b9184fcb132ce4258cc (host: np0000161217) handling event "create" for row 0a536d3c-2586-4dd9-982e-edb32e74750b (table: Port_Group) {{(pid=102048) notify /opt/stack/neutron/neutron/plugins/ml2/drivers/ovn/mech_driver/ovsdb/ovsdb_monitor.py:912}}
Mar 30 11:53:28.741175 np0000161217 devstack@neutron-api.service[102049]: INFO neutron.db.ovn_revision_numbers_db [None req-0838e018-f648-4992-89e6-3c6bbe026781 admin admin] Successfully bumped revision number for resource d152ceac-2c24-413d-a55f-21494e662700 (type: security_groups) to 1
Mar 30 11:53:28.757438 np0000161217 devstack@neutron-api.service[102049]: INFO neutron.db.ovn_revision_numbers_db [None req-0838e018-f648-4992-89e6-3c6bbe026781 admin admin] Successfully bumped revision number for resource 22047b37-2871-4159-9259-3066d96e7169 (type: security_group_rules) to 0
Mar 30 11:53:28.769043 np0000161217 devstack@neutron-api.service[102049]: INFO neutron.db.ovn_revision_numbers_db [None req-0838e018-f648-4992-89e6-3c6bbe026781 admin admin] Successfully bumped revision number for resource 68100a9e-ce15-4174-aa32-33fc7f36bfc9 (type: security_group_rules) to 0
Mar 30 11:53:28.781176 np0000161217 devstack@neutron-api.service[102049]: INFO neutron.db.ovn_revision_numbers_db [None req-0838e018-f648-4992-89e6-3c6bbe026781 admin admin] Successfully bumped revision number for resource 8500e81c-c4fa-4511-8671-557f91d3501d (type: security_group_rules) to 0
Mar 30 11:53:28.793138 np0000161217 devstack@neutron-api.service[102049]: INFO neutron.db.ovn_revision_numbers_db [None req-0838e018-f648-4992-89e6-3c6bbe026781 admin admin] Successfully bumped revision number for resource fae6fef5-a2a8-4fa8-a4cd-98b9398fdbac (type: security_group_rules) to 0
Mar 30 11:53:28.816385 np0000161217 devstack@neutron-api.service[102049]: DEBUG neutron.api.rpc.handlers.resources_rpc [None req-0838e018-f648-4992-89e6-3c6bbe026781 admin admin] Pushing event updated for resources: {'SecurityGroup': ['ID=d152ceac-2c24-413d-a55f-21494e662700,revision_number=1']} {{(pid=102049) push /opt/stack/neutron/neutron/api/rpc/handlers/resources_rpc.py:237}}
Mar 30 11:53:28.823167 np0000161217 devstack@neutron-api.service[102049]: DEBUG ovsdbapp.backend.ovs_idl.transaction [-] Running txn n=1 command(idx=0): CheckLivenessCommand(_result=None) {{(pid=102049) do_commit /opt/stack/data/venv/lib/python3.12/site-packages/ovsdbapp/backend/ovs_idl/transaction.py:89}}
Mar 30 11:53:28.826967 np0000161217 devstack@neutron-api.service[102048]: DEBUG neutron.plugins.ml2.drivers.ovn.mech_driver.ovsdb.ovsdb_monitor [-] Hash Ring: Node e0f4e3202fab5b9184fcb132ce4258cc (host: np0000161217) handling event "update" for row 0dfb5be0-8eb8-4436-8d36-5efd0fad267f (table: NB_Global) {{(pid=102048) notify /opt/stack/neutron/neutron/plugins/ml2/drivers/ovn/mech_driver/ovsdb/ovsdb_monitor.py:912}}
Mar 30 11:53:28.827162 np0000161217 devstack@neutron-api.service[102049]: DEBUG neutron.api.rpc.callbacks.version_manager [None req-0838e018-f648-4992-89e6-3c6bbe026781 admin admin] Tracked resource versions report:
Mar 30 11:53:28.827162 np0000161217 devstack@neutron-api.service[102049]: pushed versions:
Mar 30 11:53:28.827162 np0000161217 devstack@neutron-api.service[102049]: { 'AddressGroup': {'1.2'},
Mar 30 11:53:28.827162 np0000161217 devstack@neutron-api.service[102049]: 'Agent': {'1.1'},
Mar 30 11:53:28.827162 np0000161217 devstack@neutron-api.service[102049]: 'ConntrackHelper': {'1.0'},
Mar 30 11:53:28.827162 np0000161217 devstack@neutron-api.service[102049]: 'LocalIPAssociation': {'1.0'},
Mar 30 11:53:28.827162 np0000161217 devstack@neutron-api.service[102049]: 'Log': {'1.0'},
Mar 30 11:53:28.827162 np0000161217 devstack@neutron-api.service[102049]: 'NDPProxy': {'1.0'},
Mar 30 11:53:28.827162 np0000161217 devstack@neutron-api.service[102049]: 'Network': {'1.2'},
Mar 30 11:53:28.827162 np0000161217 devstack@neutron-api.service[102049]: 'Port': {'1.10'},
Mar 30 11:53:28.827162 np0000161217 devstack@neutron-api.service[102049]: 'PortForwarding': {'1.3'},
Mar 30 11:53:28.827162 np0000161217 devstack@neutron-api.service[102049]: 'QosPolicy': {'1.10'},
Mar 30 11:53:28.827162 np0000161217 devstack@neutron-api.service[102049]: 'SecurityGroup': {'1.6'},
Mar 30 11:53:28.827162 np0000161217 devstack@neutron-api.service[102049]: 'SecurityGroupRule': {'1.3'},
Mar 30 11:53:28.827162 np0000161217 devstack@neutron-api.service[102049]: 'SubPort': {'1.0'},
Mar 30 11:53:28.827162 np0000161217 devstack@neutron-api.service[102049]: 'Subnet': {'1.2'},
Mar 30 11:53:28.827162 np0000161217 devstack@neutron-api.service[102049]: 'Trunk': {'1.1'}}
Mar 30 11:53:28.827162 np0000161217 devstack@neutron-api.service[102049]: consumer versions:
Mar 30 11:53:28.827162 np0000161217 devstack@neutron-api.service[102049]: {}
Mar 30 11:53:28.827162 np0000161217 devstack@neutron-api.service[102049]: {{(pid=102049) report /opt/stack/neutron/neutron/api/rpc/callbacks/version_manager.py:183}}
Mar 30 11:53:28.829165 np0000161217 devstack@neutron-api.service[102048]: DEBUG neutron.plugins.ml2.drivers.ovn.mech_driver.ovsdb.ovsdb_monitor [-] Hash Ring: Node e0f4e3202fab5b9184fcb132ce4258cc (host: np0000161217) handling event "update" for row 0dfb5be0-8eb8-4436-8d36-5efd0fad267f (table: NB_Global) {{(pid=102048) notify /opt/stack/neutron/neutron/plugins/ml2/drivers/ovn/mech_driver/ovsdb/ovsdb_monitor.py:912}}
Mar 30 11:53:28.829362 np0000161217 devstack@neutron-api.service[102050]: DEBUG neutron.plugins.ml2.drivers.ovn.mech_driver.ovsdb.ovsdb_monitor [-] ChassisAgentWriteEvent : Matched Chassis_Private, update, None None {{(pid=102050) matches /opt/stack/neutron/neutron/plugins/ml2/drivers/ovn/mech_driver/ovsdb/ovsdb_monitor.py:64}}
Mar 30 11:53:28.829678 np0000161217 devstack@neutron-api.service[102048]: DEBUG neutron.plugins.ml2.drivers.ovn.mech_driver.ovsdb.ovsdb_monitor [-] Hash Ring: Node e0f4e3202fab5b9184fcb132ce4258cc (host: np0000161217) handling event "update" for row 0dfb5be0-8eb8-4436-8d36-5efd0fad267f (table: NB_Global) {{(pid=102048) notify /opt/stack/neutron/neutron/plugins/ml2/drivers/ovn/mech_driver/ovsdb/ovsdb_monitor.py:912}}
Mar 30 11:53:28.831250 np0000161217 devstack@neutron-api.service[102047]: DEBUG neutron.plugins.ml2.drivers.ovn.mech_driver.ovsdb.ovsdb_monitor [-] ChassisAgentWriteEvent : Matched Chassis_Private, update, None None {{(pid=102047) matches /opt/stack/neutron/neutron/plugins/ml2/drivers/ovn/mech_driver/ovsdb/ovsdb_monitor.py:64}}
Mar 30 11:53:28.831498 np0000161217 devstack@neutron-api.service[102048]: DEBUG neutron.plugins.ml2.drivers.ovn.mech_driver.ovsdb.ovsdb_monitor [-] Hash Ring: Node e0f4e3202fab5b9184fcb132ce4258cc (host: np0000161217) handling event "update" for row 0dfb5be0-8eb8-4436-8d36-5efd0fad267f (table: NB_Global) {{(pid=102048) notify /opt/stack/neutron/neutron/plugins/ml2/drivers/ovn/mech_driver/ovsdb/ovsdb_monitor.py:912}}
Mar 30 11:53:28.831716 np0000161217 devstack@neutron-api.service[102047]: DEBUG neutron.plugins.ml2.drivers.ovn.mech_driver.ovsdb.ovsdb_monitor [-] Hash Ring: Node 0b04caf79aca5b84903895b129ca8372 (host: np0000161217) handling event "update" for row f74eb11d-3cac-4fd1-865d-79b9e93277ce (table: Chassis_Private) {{(pid=102047) notify /opt/stack/neutron/neutron/plugins/ml2/drivers/ovn/mech_driver/ovsdb/ovsdb_monitor.py:912}}
Mar 30 11:53:28.831958 np0000161217 devstack@neutron-api.service[102049]: DEBUG neutron.plugins.ml2.drivers.ovn.mech_driver.ovsdb.ovsdb_monitor [-] ChassisAgentWriteEvent : Matched Chassis_Private, update, None None {{(pid=102049) matches /opt/stack/neutron/neutron/plugins/ml2/drivers/ovn/mech_driver/ovsdb/ovsdb_monitor.py:64}}
Mar 30 11:53:28.832116 np0000161217 devstack@neutron-api.service[102048]: DEBUG neutron.plugins.ml2.drivers.ovn.mech_driver.ovsdb.ovsdb_monitor [-] ChassisAgentWriteEvent : Matched Chassis_Private, update, None None {{(pid=102048) matches /opt/stack/neutron/neutron/plugins/ml2/drivers/ovn/mech_driver/ovsdb/ovsdb_monitor.py:64}}
Mar 30 11:53:28.834222 np0000161217 devstack@neutron-api.service[102050]: DEBUG neutron.plugins.ml2.drivers.ovn.mech_driver.ovsdb.ovsdb_monitor [-] ChassisOVNAgentWriteEvent : Matched Chassis_Private, update, None None {{(pid=102050) matches /opt/stack/neutron/neutron/plugins/ml2/drivers/ovn/mech_driver/ovsdb/ovsdb_monitor.py:64}}
Mar 30 11:53:28.835168 np0000161217 devstack@neutron-api.service[102047]: DEBUG neutron.plugins.ml2.drivers.ovn.mech_driver.ovsdb.ovsdb_monitor [-] ChassisOVNAgentWriteEvent : Matched Chassis_Private, update, None None {{(pid=102047) matches /opt/stack/neutron/neutron/plugins/ml2/drivers/ovn/mech_driver/ovsdb/ovsdb_monitor.py:64}}
Mar 30 11:53:28.835333 np0000161217 devstack@neutron-api.service[102048]: DEBUG neutron.common.ovn.hash_ring_manager [-] Allow caching, nodes 4>=4 {{(pid=102048) _wait_startup_before_caching /opt/stack/neutron/neutron/common/ovn/hash_ring_manager.py:65}}
Mar 30 11:53:28.835333 np0000161217 devstack@neutron-api.service[102048]: DEBUG neutron.plugins.ml2.drivers.ovn.mech_driver.ovsdb.ovsdb_monitor [-] Hash Ring: Node e0f4e3202fab5b9184fcb132ce4258cc (host: np0000161217) handling event "update" for row f74eb11d-3cac-4fd1-865d-79b9e93277ce (table: Chassis_Private) {{(pid=102048) notify /opt/stack/neutron/neutron/plugins/ml2/drivers/ovn/mech_driver/ovsdb/ovsdb_monitor.py:912}}
Mar 30 11:53:28.835800 np0000161217 devstack@neutron-api.service[102047]: DEBUG neutron.plugins.ml2.drivers.ovn.mech_driver.ovsdb.ovsdb_monitor [-] Hash Ring: Node 0b04caf79aca5b84903895b129ca8372 (host: np0000161217) handling event "update" for row f74eb11d-3cac-4fd1-865d-79b9e93277ce (table: Chassis_Private) {{(pid=102047) notify /opt/stack/neutron/neutron/plugins/ml2/drivers/ovn/mech_driver/ovsdb/ovsdb_monitor.py:912}}
Mar 30 11:53:28.836459 np0000161217 devstack@neutron-api.service[102048]: DEBUG neutron.plugins.ml2.drivers.ovn.mech_driver.ovsdb.ovsdb_monitor [-] ChassisOVNAgentWriteEvent : Matched Chassis_Private, update, None None {{(pid=102048) matches /opt/stack/neutron/neutron/plugins/ml2/drivers/ovn/mech_driver/ovsdb/ovsdb_monitor.py:64}}
Mar 30 11:53:28.836685 np0000161217 devstack@neutron-api.service[102048]: DEBUG neutron.plugins.ml2.drivers.ovn.mech_driver.ovsdb.ovsdb_monitor [-] Hash Ring: Node e0f4e3202fab5b9184fcb132ce4258cc (host: np0000161217) handling event "update" for row f74eb11d-3cac-4fd1-865d-79b9e93277ce (table: Chassis_Private) {{(pid=102048) notify /opt/stack/neutron/neutron/plugins/ml2/drivers/ovn/mech_driver/ovsdb/ovsdb_monitor.py:912}}
Mar 30 11:53:28.837758 np0000161217 devstack@neutron-api.service[102049]: DEBUG neutron.plugins.ml2.drivers.ovn.mech_driver.ovsdb.ovsdb_monitor [-] ChassisOVNAgentWriteEvent : Matched Chassis_Private, update, None None {{(pid=102049) matches /opt/stack/neutron/neutron/plugins/ml2/drivers/ovn/mech_driver/ovsdb/ovsdb_monitor.py:64}}
Mar 30 11:53:28.892530 np0000161217 devstack@neutron-api.service[102049]: DEBUG neutron.plugins.ml2.drivers.helpers [None req-0838e018-f648-4992-89e6-3c6bbe026781 admin admin] geneve segment allocate from pool success with {'geneve_vni': 24764} {{(pid=102049) allocate_partially_specified_segment /opt/stack/neutron/neutron/plugins/ml2/drivers/helpers.py:142}}
Mar 30 11:53:28.904235 np0000161217 devstack@neutron-api.service[102049]: DEBUG neutron_lib.callbacks.manager [None req-0838e018-f648-4992-89e6-3c6bbe026781 admin admin] Publish callbacks ['neutron.services.segments.db._add_segment_host_mapping_for_segment-8011110784624', 'neutron.plugins.ml2.plugin.Ml2Plugin._handle_segment_change-1909858'] for segment (cefa41dc-9fe8-43e0-bbf4-064cd869cc19), precommit_create {{(pid=102049) _notify_loop /opt/stack/data/venv/lib/python3.12/site-packages/neutron_lib/callbacks/manager.py:184}}
Mar 30 11:53:28.904405 np0000161217 devstack@neutron-api.service[102049]: INFO neutron.db.segments_db [None req-0838e018-f648-4992-89e6-3c6bbe026781 admin admin] Added segment cefa41dc-9fe8-43e0-bbf4-064cd869cc19 of type geneve for network 365f5daf-76b9-48b5-8933-e374e30a8131
Mar 30 11:53:28.946724 np0000161217 devstack@neutron-api.service[102049]: DEBUG neutron_lib.callbacks.manager [None req-0838e018-f648-4992-89e6-3c6bbe026781 admin admin] Publish callbacks ['neutron.services.auto_allocate.db._ensure_external_network_default_value_callback-8011109617354'] for network (365f5daf-76b9-48b5-8933-e374e30a8131), precommit_create {{(pid=102049) _notify_loop /opt/stack/data/venv/lib/python3.12/site-packages/neutron_lib/callbacks/manager.py:184}}
Mar 30 11:53:28.965875 np0000161217 devstack@neutron-api.service[102049]: DEBUG neutron.plugins.ml2.drivers.ovn.mech_driver.mech_driver [None req-0838e018-f648-4992-89e6-3c6bbe026781 admin admin] Validating network segment with type geneve, segmentation ID 24764, physical network None {{(pid=102049) _validate_network_segments /opt/stack/neutron/neutron/plugins/ml2/drivers/ovn/mech_driver/mech_driver.py:631}}
Mar 30 11:53:28.966007 np0000161217 devstack@neutron-api.service[102049]: DEBUG neutron.db.ovn_revision_numbers_db [None req-0838e018-f648-4992-89e6-3c6bbe026781 admin admin] create_initial_revision uuid=365f5daf-76b9-48b5-8933-e374e30a8131, type=networks, rev=-1 {{(pid=102049) create_initial_revision /opt/stack/neutron/neutron/db/ovn_revision_numbers_db.py:98}}
Mar 30 11:53:28.979889 np0000161217 devstack@neutron-api.service[102049]: DEBUG neutron_lib.callbacks.manager [None req-0838e018-f648-4992-89e6-3c6bbe026781 admin admin] Publish callbacks ['neutron.plugins.ml2.ovo_rpc._ObjectChangeHandler.handle_event-4078842'] for network (365f5daf-76b9-48b5-8933-e374e30a8131), after_create {{(pid=102049) _notify_loop /opt/stack/data/venv/lib/python3.12/site-packages/neutron_lib/callbacks/manager.py:184}}
Mar 30 11:53:29.019706 np0000161217 devstack@neutron-api.service[102049]: DEBUG neutron.api.rpc.handlers.resources_rpc [None req-0838e018-f648-4992-89e6-3c6bbe026781 admin admin] Pushing event updated for resources: {'Network': ['ID=365f5daf-76b9-48b5-8933-e374e30a8131,revision_number=1']} {{(pid=102049) push /opt/stack/neutron/neutron/api/rpc/handlers/resources_rpc.py:237}}
Mar 30 11:53:29.027244 np0000161217 devstack@neutron-api.service[102049]: DEBUG ovsdbapp.backend.ovs_idl.transaction [-] Running txn n=1 command(idx=0): AddNetworkCommand(_result=None, network_uuid=365f5daf-76b9-48b5-8933-e374e30a8131, may_exist=True, columns={'external_ids': {'neutron:network_name': 'private', 'neutron:mtu': '1372', 'neutron:revision_number': '1', 'neutron:availability_zone_hints': '', 'neutron:provnet-network-type': 'geneve'}, 'other_config': {'mcast_snoop': 'false', 'mcast_flood_unregistered': 'false', 'vlan-passthru': 'false'}}) {{(pid=102049) do_commit /opt/stack/data/venv/lib/python3.12/site-packages/ovsdbapp/backend/ovs_idl/transaction.py:89}}
Mar 30 11:53:29.027767 np0000161217 devstack@neutron-api.service[102049]: DEBUG neutron.common.ovn.utils [-] OVS persist_uuid supported=True {{(pid=102049) ovs_persist_uuid_supported /opt/stack/neutron/neutron/common/ovn/utils.py:1535}}
Mar 30 11:53:29.031810 np0000161217 devstack@neutron-api.service[102049]: DEBUG neutron.plugins.ml2.drivers.ovn.mech_driver.ovsdb.ovsdb_monitor [-] Hash Ring: Node ebfcf4da63ea54dab336dc70b8b0a381 (host: np0000161217) handling event "create" for row 365f5daf-76b9-48b5-8933-e374e30a8131 (table: Logical_Switch) {{(pid=102049) notify /opt/stack/neutron/neutron/plugins/ml2/drivers/ovn/mech_driver/ovsdb/ovsdb_monitor.py:912}}
Mar 30 11:53:29.033006 np0000161217 devstack@neutron-api.service[102048]: DEBUG neutron.plugins.ml2.drivers.ovn.mech_driver.ovsdb.ovsdb_monitor [-] Hash Ring: Node e0f4e3202fab5b9184fcb132ce4258cc (host: np0000161217) handling event "create" for row 365f5daf-76b9-48b5-8933-e374e30a8131 (table: Logical_Switch) {{(pid=102048) notify /opt/stack/neutron/neutron/plugins/ml2/drivers/ovn/mech_driver/ovsdb/ovsdb_monitor.py:912}}
Mar 30 11:53:29.038947 np0000161217 devstack@neutron-api.service[102048]: DEBUG neutron.plugins.ml2.drivers.ovn.mech_driver.ovsdb.ovsdb_monitor [-] Hash Ring: Node e0f4e3202fab5b9184fcb132ce4258cc (host: np0000161217) handling event "create" for row 3eed789d-322d-49ff-9d5f-989bd01e6b28 (table: Datapath_Binding) {{(pid=102048) notify /opt/stack/neutron/neutron/plugins/ml2/drivers/ovn/mech_driver/ovsdb/ovsdb_monitor.py:912}}
Mar 30 11:53:29.039001 np0000161217 devstack@neutron-api.service[102047]: DEBUG neutron.plugins.ml2.drivers.ovn.mech_driver.ovsdb.ovsdb_monitor [-] Hash Ring: Node 0b04caf79aca5b84903895b129ca8372 (host: np0000161217) handling event "create" for row 3eed789d-322d-49ff-9d5f-989bd01e6b28 (table: Datapath_Binding) {{(pid=102047) notify /opt/stack/neutron/neutron/plugins/ml2/drivers/ovn/mech_driver/ovsdb/ovsdb_monitor.py:912}}
Mar 30 11:53:29.058590 np0000161217 devstack@neutron-api.service[102049]: INFO neutron.db.ovn_revision_numbers_db [None req-0838e018-f648-4992-89e6-3c6bbe026781 admin admin] Successfully bumped revision number for resource 365f5daf-76b9-48b5-8933-e374e30a8131 (type: networks) to 1
Mar 30 11:53:29.115920 np0000161217 devstack@neutron-api.service[102049]: DEBUG neutron_lib.callbacks.manager [None req-0838e018-f648-4992-89e6-3c6bbe026781 admin admin] Publish callbacks ['neutron.plugins.ml2.plugin.SecurityGroupDbMixin._ensure_default_security_group_handler-1178500'] for port (None), before_create {{(pid=102049) _notify_loop /opt/stack/data/venv/lib/python3.12/site-packages/neutron_lib/callbacks/manager.py:184}}
Mar 30 11:53:29.353325 np0000161217 devstack@neutron-api.service[102049]: DEBUG neutron_lib.callbacks.manager [None req-0838e018-f648-4992-89e6-3c6bbe026781 admin admin] Publish callbacks ['neutron.plugins.ml2.drivers.ovn.mech_driver.mech_driver.OVNMechanismDriver._validate_allowed_address_pairs-330491'] for allowed_address_pair (023d48ea-f391-450b-ae43-8c8d838e9588), before_create {{(pid=102049) _notify_loop /opt/stack/data/venv/lib/python3.12/site-packages/neutron_lib/callbacks/manager.py:184}}
Mar 30 11:53:29.354045 np0000161217 devstack@neutron-api.service[102049]: DEBUG neutron_lib.callbacks.manager [None req-0838e018-f648-4992-89e6-3c6bbe026781 admin admin] Publish callbacks [] for port (023d48ea-f391-450b-ae43-8c8d838e9588), precommit_create {{(pid=102049) _notify_loop /opt/stack/data/venv/lib/python3.12/site-packages/neutron_lib/callbacks/manager.py:184}}
