2026-07-30 19:46:47.473 7 INFO neutron.db.ovn_revision_numbers_db [None req-d863047f-5066-48af-b228-a5eeeef0a1ea a98492213cac4efb849c660c585dcd82 f8c0acd0eb9540f48ab567a2c9c3b47d - - default default] Successfully bumped revision number for resource 599b55f4-2153-43f6-9488-d50ce1d511d3 (type: networks) to 1
2026-07-30 19:46:47.584 8 INFO neutron.db.ovn_revision_numbers_db [None req-f868201f-4b70-4c8b-9794-640c382129b9 130c1253459e4d3c89d18de0540ecba2 9ea462331f5d4d9f850b0b3ab67eea90 - - default default] Successfully bumped revision number for resource 27a3c2ba-6c8f-4d31-8014-b162874c0819 (type: networks) to 1
2026-07-30 19:46:47.671 7 WARNING neutron.scheduler.dhcp_agent_scheduler [None req-d863047f-5066-48af-b228-a5eeeef0a1ea a98492213cac4efb849c660c585dcd82 f8c0acd0eb9540f48ab567a2c9c3b47d - - default default] No more DHCP agents
2026-07-30 19:46:47.672 7 WARNING neutron.api.rpc.agentnotifiers.dhcp_rpc_agent_api [None req-d863047f-5066-48af-b228-a5eeeef0a1ea a98492213cac4efb849c660c585dcd82 f8c0acd0eb9540f48ab567a2c9c3b47d - - default default] Unable to schedule network 599b55f4-2153-43f6-9488-d50ce1d511d3: no agents available; will retry on subsequent port and subnet creation events.
2026-07-30 19:46:47.770 8 INFO neutron.plugins.ml2.drivers.ovn.mech_driver.mech_driver [None req-214f170f-80df-414a-9b33-0fcf1fc1b78b - - - - - -] OVN reports status down for port: 40035b06-6105-424b-a1b5-f6bb44770829
2026-07-30 19:46:47.776 7 INFO neutron.db.ovn_revision_numbers_db [None req-d863047f-5066-48af-b228-a5eeeef0a1ea a98492213cac4efb849c660c585dcd82 f8c0acd0eb9540f48ab567a2c9c3b47d - - default default] Successfully bumped revision number for resource 40035b06-6105-424b-a1b5-f6bb44770829 (type: ports) to 1
2026-07-30 19:46:47.781 8 WARNING neutron.scheduler.dhcp_agent_scheduler [None req-f868201f-4b70-4c8b-9794-640c382129b9 130c1253459e4d3c89d18de0540ecba2 9ea462331f5d4d9f850b0b3ab67eea90 - - default default] No more DHCP agents
2026-07-30 19:46:47.789 8 WARNING neutron.api.rpc.agentnotifiers.dhcp_rpc_agent_api [None req-f868201f-4b70-4c8b-9794-640c382129b9 130c1253459e4d3c89d18de0540ecba2 9ea462331f5d4d9f850b0b3ab67eea90 - - default default] Unable to schedule network 27a3c2ba-6c8f-4d31-8014-b162874c0819: no agents available; will retry on subsequent port and subnet creation events. [pid: 7|app: 0|req: 230/365] 10.0.0.208 () {34 vars in 670 bytes} [Thu Jul 30 19:46:47 2026] POST /v2.0/networks => generated 652 bytes in 666 msecs (HTTP/1.1 201) 4 headers in 162 bytes (1 switches on core 0)
2026-07-30 19:46:47.902 8 INFO neutron.plugins.ml2.drivers.ovn.mech_driver.mech_driver [None req-214f170f-80df-414a-9b33-0fcf1fc1b78b - - - - - -] OVN reports status down for port: aaccb5b0-49e0-4b52-959e-1b25c5c5e6ae
2026-07-30 19:46:47.938 8 INFO neutron.db.ovn_revision_numbers_db [None req-f868201f-4b70-4c8b-9794-640c382129b9 130c1253459e4d3c89d18de0540ecba2 9ea462331f5d4d9f850b0b3ab67eea90 - - default default] Successfully bumped revision number for resource aaccb5b0-49e0-4b52-959e-1b25c5c5e6ae (type: ports) to 1 [pid: 7|app: 0|req: 231/366] 10.0.0.208 () {32 vars in 682 bytes} [Thu Jul 30 19:46:47 2026] GET /v2.0/ports?tags-any=red%2Cblue => generated 2253 bytes in 124 msecs (HTTP/1.1 200) 4 headers in 158 bytes (1 switches on core 0) [pid: 8|app: 0|req: 136/367] 10.0.0.208 () {34 vars in 670 bytes} [Thu Jul 30 19:46:47 2026] POST /v2.0/networks => generated 673 bytes in 665 msecs (HTTP/1.1 201) 4 headers in 162 bytes (1 switches on core 0)
2026-07-30 19:46:48.211 8 WARNING neutron.scheduler.dhcp_agent_scheduler [None req-72741122-1337-4645-b6b8-0d4c88debff8 a98492213cac4efb849c660c585dcd82 f8c0acd0eb9540f48ab567a2c9c3b47d - - default default] No more DHCP agents
2026-07-30 19:46:48.212 8 WARNING neutron.api.rpc.agentnotifiers.dhcp_rpc_agent_api [None req-72741122-1337-4645-b6b8-0d4c88debff8 a98492213cac4efb849c660c585dcd82 f8c0acd0eb9540f48ab567a2c9c3b47d - - default default] Unable to schedule network 8715e4d7-d90a-4120-9eac-9a0b429b010b: no agents available; will retry on subsequent port and subnet creation events.
2026-07-30 19:46:48.271 8 INFO neutron.db.ovn_revision_numbers_db [None req-72741122-1337-4645-b6b8-0d4c88debff8 a98492213cac4efb849c660c585dcd82 f8c0acd0eb9540f48ab567a2c9c3b47d - - default default] Successfully bumped revision number for resource a1b4198c-d15c-43d2-9094-bc3972910307 (type: subnets) to 0
2026-07-30 19:46:48.292 7 INFO neutron.db.ovn_revision_numbers_db [None req-c465fa47-25be-49e5-b910-13d3f9e2bc39 b98f5afa43cf42ba9bfdefc8a13b02ad 248c1e49aa4d4b03a583b8a691661a6c - - default default] Successfully bumped revision number for resource fba32d44-54ce-4087-aed2-5f14859a879d (type: security_groups) to 1 [pid: 8|app: 0|req: 137/368] 10.0.0.208 () {34 vars in 669 bytes} [Thu Jul 30 19:46:47 2026] POST /v2.0/subnets => generated 646 bytes in 330 msecs (HTTP/1.1 201) 4 headers in 162 bytes (1 switches on core 0)
2026-07-30 19:46:48.339 7 INFO neutron.db.ovn_revision_numbers_db [None req-c465fa47-25be-49e5-b910-13d3f9e2bc39 b98f5afa43cf42ba9bfdefc8a13b02ad 248c1e49aa4d4b03a583b8a691661a6c - - default default] Successfully bumped revision number for resource 166a2807-0bc5-4b8e-8bef-c6745ee46745 (type: security_group_rules) to 0
2026-07-30 19:46:48.399 7 INFO neutron.db.ovn_revision_numbers_db [None req-c465fa47-25be-49e5-b910-13d3f9e2bc39 b98f5afa43cf42ba9bfdefc8a13b02ad 248c1e49aa4d4b03a583b8a691661a6c - - default default] Successfully bumped revision number for resource 1cb43409-a7ad-46ad-b5e7-ef32d7e9e4ee (type: security_group_rules) to 0
2026-07-30 19:46:48.434 7 INFO neutron.db.ovn_revision_numbers_db [None req-c465fa47-25be-49e5-b910-13d3f9e2bc39 b98f5afa43cf42ba9bfdefc8a13b02ad 248c1e49aa4d4b03a583b8a691661a6c - - default default] Successfully bumped revision number for resource b03427c6-cc81-4274-9a2a-a6775fb9e9e7 (type: security_group_rules) to 0 [pid: 8|app: 0|req: 138/369] 10.0.0.208 () {32 vars in 668 bytes} [Thu Jul 30 19:46:48 2026] GET /v2.0/ports?not-tags=red => generated 5268 bytes in 129 msecs (HTTP/1.1 200) 4 headers in 158 bytes (1 switches on core 0)
2026-07-30 19:46:48.475 7 INFO neutron.db.ovn_revision_numbers_db [None req-c465fa47-25be-49e5-b910-13d3f9e2bc39 b98f5afa43cf42ba9bfdefc8a13b02ad 248c1e49aa4d4b03a583b8a691661a6c - - default default] Successfully bumped revision number for resource e7023a1f-f4b4-49aa-a1f1-9056c3bac5d0 (type: security_group_rules) to 0
2026-07-30 19:46:48.547 7 INFO neutron.db.segments_db [None req-c465fa47-25be-49e5-b910-13d3f9e2bc39 b98f5afa43cf42ba9bfdefc8a13b02ad 248c1e49aa4d4b03a583b8a691661a6c - - default default] Added segment 4c09a859-b8e9-4af1-a8d0-81b4bc85442f of type geneve for network 6fbcab02-9130-409e-91a7-a705c914529e
2026-07-30 19:46:48.665 8 WARNING neutron.scheduler.dhcp_agent_scheduler [None req-9194f07b-2b68-4ce1-84c5-1932344bc9a0 a98492213cac4efb849c660c585dcd82 f8c0acd0eb9540f48ab567a2c9c3b47d - - default default] No more DHCP agents
2026-07-30 19:46:48.667 8 WARNING neutron.api.rpc.agentnotifiers.dhcp_rpc_agent_api [None req-9194f07b-2b68-4ce1-84c5-1932344bc9a0 a98492213cac4efb849c660c585dcd82 f8c0acd0eb9540f48ab567a2c9c3b47d - - default default] Unable to schedule network 599b55f4-2153-43f6-9488-d50ce1d511d3: no agents available; will retry on subsequent port and subnet creation events.
2026-07-30 19:46:48.702 7 INFO neutron.db.ovn_revision_numbers_db [None req-c465fa47-25be-49e5-b910-13d3f9e2bc39 b98f5afa43cf42ba9bfdefc8a13b02ad 248c1e49aa4d4b03a583b8a691661a6c - - default default] Successfully bumped revision number for resource 6fbcab02-9130-409e-91a7-a705c914529e (type: networks) to 1
2026-07-30 19:46:48.733 8 INFO neutron.db.ovn_revision_numbers_db [None req-9194f07b-2b68-4ce1-84c5-1932344bc9a0 a98492213cac4efb849c660c585dcd82 f8c0acd0eb9540f48ab567a2c9c3b47d - - default default] Successfully bumped revision number for resource 375e47c9-1a5a-4920-bf42-a11f7e70f255 (type: subnets) to 0 [pid: 8|app: 0|req: 139/370] 10.0.0.208 () {34 vars in 669 bytes} [Thu Jul 30 19:46:48 2026] POST /v2.0/subnets => generated 655 bytes in 324 msecs (HTTP/1.1 201) 4 headers in 162 bytes (1 switches on core 0)
2026-07-30 19:46:48.896 7 WARNING neutron.scheduler.dhcp_agent_scheduler [None req-c465fa47-25be-49e5-b910-13d3f9e2bc39 b98f5afa43cf42ba9bfdefc8a13b02ad 248c1e49aa4d4b03a583b8a691661a6c - - default default] No more DHCP agents
2026-07-30 19:46:48.898 7 WARNING neutron.api.rpc.agentnotifiers.dhcp_rpc_agent_api [None req-c465fa47-25be-49e5-b910-13d3f9e2bc39 b98f5afa43cf42ba9bfdefc8a13b02ad 248c1e49aa4d4b03a583b8a691661a6c - - default default] Unable to schedule network 6fbcab02-9130-409e-91a7-a705c914529e: no agents available; will retry on subsequent port and subnet creation events.
2026-07-30 19:46:48.960 8 INFO neutron.plugins.ml2.drivers.ovn.mech_driver.mech_driver [None req-214f170f-80df-414a-9b33-0fcf1fc1b78b - - - - - -] OVN reports status down for port: e4b2dc54-475a-4a7e-997c-07ab87787ad2
2026-07-30 19:46:48.988 7 INFO neutron.db.ovn_revision_numbers_db [None req-c465fa47-25be-49e5-b910-13d3f9e2bc39 b98f5afa43cf42ba9bfdefc8a13b02ad 248c1e49aa4d4b03a583b8a691661a6c - - default default] Successfully bumped revision number for resource e4b2dc54-475a-4a7e-997c-07ab87787ad2 (type: ports) to 1 [pid: 7|app: 0|req: 232/371] 10.0.0.208 () {34 vars in 670 bytes} [Thu Jul 30 19:46:47 2026] POST /v2.0/networks => generated 663 bytes in 1097 msecs (HTTP/1.1 201) 4 headers in 162 bytes (1 switches on core 0) [pid: 7|app: 0|req: 233/372] 10.0.0.208 () {32 vars in 682 bytes} [Thu Jul 30 19:46:49 2026] GET /v2.0/ports?not-tags=red%2Cblue => generated 6008 bytes in 121 msecs (HTTP/1.1 200) 4 headers in 158 bytes (1 switches on core 0)
2026-07-30 19:46:49.216 8 WARNING neutron.scheduler.dhcp_agent_scheduler [None req-673b3d38-dae6-4f63-982a-0e0568b6331a 130c1253459e4d3c89d18de0540ecba2 9ea462331f5d4d9f850b0b3ab67eea90 - - default default] No more DHCP agents
2026-07-30 19:46:49.217 8 WARNING neutron.api.rpc.agentnotifiers.dhcp_rpc_agent_api [None req-673b3d38-dae6-4f63-982a-0e0568b6331a 130c1253459e4d3c89d18de0540ecba2 9ea462331f5d4d9f850b0b3ab67eea90 - - default default] Unable to schedule network c87244be-7b71-4428-89cf-296a9f13ca42: no agents available; will retry on subsequent port and subnet creation events.
2026-07-30 19:46:49.265 8 INFO neutron.db.ovn_revision_numbers_db [None req-673b3d38-dae6-4f63-982a-0e0568b6331a 130c1253459e4d3c89d18de0540ecba2 9ea462331f5d4d9f850b0b3ab67eea90 - - default default] Successfully bumped revision number for resource 636a71f4-156b-4250-9d02-bde354dceb12 (type: subnets) to 0
2026-07-30 19:46:49.292 8 WARNING neutron.scheduler.dhcp_agent_scheduler [None req-673b3d38-dae6-4f63-982a-0e0568b6331a 130c1253459e4d3c89d18de0540ecba2 9ea462331f5d4d9f850b0b3ab67eea90 - - default default] No more DHCP agents
2026-07-30 19:46:49.294 8 WARNING neutron.api.rpc.agentnotifiers.dhcp_rpc_agent_api [None req-673b3d38-dae6-4f63-982a-0e0568b6331a 130c1253459e4d3c89d18de0540ecba2 9ea462331f5d4d9f850b0b3ab67eea90 - - default default] Unable to schedule network 27a3c2ba-6c8f-4d31-8014-b162874c0819: no agents available; will retry on subsequent port and subnet creation events.
2026-07-30 19:46:49.349 8 INFO neutron.db.ovn_revision_numbers_db [None req-673b3d38-dae6-4f63-982a-0e0568b6331a 130c1253459e4d3c89d18de0540ecba2 9ea462331f5d4d9f850b0b3ab67eea90 - - default default] Successfully bumped revision number for resource 46b5c887-ed8a-42a7-89af-aa991f7be532 (type: subnets) to 0 [pid: 8|app: 0|req: 140/373] 10.0.0.208 () {34 vars in 669 bytes} [Thu Jul 30 19:46:48 2026] POST /v2.0/subnets => generated 1324 bytes in 617 msecs (HTTP/1.1 201) 4 headers in 163 bytes (1 switches on core 0)
2026-07-30 19:46:49.404 7 INFO neutron.db.ovn_revision_numbers_db [None req-cf4516b0-79c6-4df4-8842-e61bd91beede a98492213cac4efb849c660c585dcd82 f8c0acd0eb9540f48ab567a2c9c3b47d - - default default] Successfully bumped revision number for resource 11c0505c-c29e-4405-9a16-d04da59bf246 (type: routers) to 1 [pid: 7|app: 0|req: 234/374] 10.0.0.208 () {34 vars in 669 bytes} [Thu Jul 30 19:46:49 2026] POST /v2.0/routers => generated 607 bytes in 286 msecs (HTTP/1.1 201) 4 headers in 162 bytes (1 switches on core 0) [pid: 7|app: 0|req: 235/375] 10.0.0.208 () {32 vars in 678 bytes} [Thu Jul 30 19:46:49 2026] GET /v2.0/ports?not-tags-any=blue => generated 6008 bytes in 86 msecs (HTTP/1.1 200) 4 headers in 158 bytes (1 switches on core 0) [pid: 7|app: 0|req: 236/376] 10.0.0.208 () {32 vars in 647 bytes} [Thu Jul 30 19:46:49 2026] GET /v2.0/subnets => generated 1960 bytes in 29 msecs (HTTP/1.1 200) 4 headers in 158 bytes (1 switches on core 0)
2026-07-30 19:46:49.624 8 WARNING neutron.scheduler.dhcp_agent_scheduler [None req-7b11aa69-656d-40ee-b61b-8da00a403ab2 b98f5afa43cf42ba9bfdefc8a13b02ad 248c1e49aa4d4b03a583b8a691661a6c - - default default] No more DHCP agents
2026-07-30 19:46:49.625 8 WARNING neutron.api.rpc.agentnotifiers.dhcp_rpc_agent_api [None req-7b11aa69-656d-40ee-b61b-8da00a403ab2 b98f5afa43cf42ba9bfdefc8a13b02ad 248c1e49aa4d4b03a583b8a691661a6c - - default default] Unable to schedule network 6fbcab02-9130-409e-91a7-a705c914529e: no agents available; will retry on subsequent port and subnet creation events.
2026-07-30 19:46:49.706 7 INFO neutron.plugins.ml2.drivers.ovn.mech_driver.mech_driver [None req-662e2142-5e8d-42bd-9700-d4e61b79fa87 - - - - - -] OVN reports status down for port: ce0c8d00-b9ce-474b-a03a-d4c9adc76cee
2026-07-30 19:46:49.756 8 INFO neutron.db.ovn_revision_numbers_db [None req-7b11aa69-656d-40ee-b61b-8da00a403ab2 b98f5afa43cf42ba9bfdefc8a13b02ad 248c1e49aa4d4b03a583b8a691661a6c - - default default] Successfully bumped revision number for resource ce0c8d00-b9ce-474b-a03a-d4c9adc76cee (type: ports) to 1 [pid: 8|app: 0|req: 141/377] 10.0.0.208 () {34 vars in 665 bytes} [Thu Jul 30 19:46:49 2026] POST /v2.0/ports => generated 775 bytes in 433 msecs (HTTP/1.1 201) 4 headers in 162 bytes (1 switches on core 0) /var/lib/openstack/lib/python3.12/site-packages/pycadf/identifier.py:70: UserWarning: Invalid uuid: neutron. To ensure interoperability, identifiers should be a valid uuid. warnings.warn(('Invalid uuid: %s. To ensure interoperability, ' [pid: 8|app: 0|req: 142/378] 10.0.0.208 () {32 vars in 690 bytes} [Thu Jul 30 19:46:49 2026] GET /v2.0/ports?not-tags-any=red%2Cblue => generated 5268 bytes in 104 msecs (HTTP/1.1 200) 4 headers in 158 bytes (1 switches on core 0)
2026-07-30 19:46:50.012 7 WARNING neutron.scheduler.dhcp_agent_scheduler [None req-09bafa6c-93d0-4e03-a14b-f7a72329cfb8 a98492213cac4efb849c660c585dcd82 f8c0acd0eb9540f48ab567a2c9c3b47d - - default default] No more DHCP agents
2026-07-30 19:46:50.013 7 WARNING neutron.api.rpc.agentnotifiers.dhcp_rpc_agent_api [None req-09bafa6c-93d0-4e03-a14b-f7a72329cfb8 a98492213cac4efb849c660c585dcd82 f8c0acd0eb9540f48ab567a2c9c3b47d - - default default] Unable to schedule network 8715e4d7-d90a-4120-9eac-9a0b429b010b: no agents available; will retry on subsequent port and subnet creation events.
2026-07-30 19:46:50.094 7 INFO neutron.plugins.ml2.drivers.ovn.mech_driver.mech_driver [None req-662e2142-5e8d-42bd-9700-d4e61b79fa87 - - - - - -] OVN reports status down for port: 67825923-1435-4375-bc3b-841bb1d57069 [pid: 8|app: 0|req: 143/379] 10.0.0.208 () {32 vars in 724 bytes} [Thu Jul 30 19:46:49 2026] DELETE /v2.0/subnets/636a71f4-156b-4250-9d02-bde354dceb12 => generated 0 bytes in 183 msecs (HTTP/1.1 204) 3 headers in 131 bytes (1 switches on core 0)
2026-07-30 19:46:50.192 7 INFO neutron.db.ovn_revision_numbers_db [None req-09bafa6c-93d0-4e03-a14b-f7a72329cfb8 a98492213cac4efb849c660c585dcd82 f8c0acd0eb9540f48ab567a2c9c3b47d - - default default] Successfully bumped revision number for resource 67825923-1435-4375-bc3b-841bb1d57069 (type: ports) to 1
2026-07-30 19:46:50.235 8 INFO neutron.db.segments_db [None req-78d4b2e1-44b7-4be0-bd30-04cf926ef64d b98f5afa43cf42ba9bfdefc8a13b02ad 248c1e49aa4d4b03a583b8a691661a6c - - default default] Added segment 42d3a5b9-18fb-4618-9e06-969ab3ff568a of type geneve for network 78ab036b-36c8-41fb-bef6-d639869a2b76
2026-07-30 19:46:50.400 8 INFO neutron.db.ovn_revision_numbers_db [None req-78d4b2e1-44b7-4be0-bd30-04cf926ef64d b98f5afa43cf42ba9bfdefc8a13b02ad 248c1e49aa4d4b03a583b8a691661a6c - - default default] Successfully bumped revision number for resource 78ab036b-36c8-41fb-bef6-d639869a2b76 (type: networks) to 1
2026-07-30 19:46:50.586 8 WARNING neutron.scheduler.dhcp_agent_scheduler [None req-78d4b2e1-44b7-4be0-bd30-04cf926ef64d b98f5afa43cf42ba9bfdefc8a13b02ad 248c1e49aa4d4b03a583b8a691661a6c - - default default] No more DHCP agents
2026-07-30 19:46:50.588 8 WARNING neutron.api.rpc.agentnotifiers.dhcp_rpc_agent_api [None req-78d4b2e1-44b7-4be0-bd30-04cf926ef64d b98f5afa43cf42ba9bfdefc8a13b02ad 248c1e49aa4d4b03a583b8a691661a6c - - default default] Unable to schedule network 78ab036b-36c8-41fb-bef6-d639869a2b76: no agents available; will retry on subsequent port and subnet creation events.
2026-07-30 19:46:50.658 8 INFO neutron.plugins.ml2.drivers.ovn.mech_driver.mech_driver [None req-214f170f-80df-414a-9b33-0fcf1fc1b78b - - - - - -] OVN reports status down for port: 9cee7fdb-c942-427b-878e-1a4142f2a2c5
2026-07-30 19:46:50.733 8 INFO neutron.db.ovn_revision_numbers_db [None req-78d4b2e1-44b7-4be0-bd30-04cf926ef64d b98f5afa43cf42ba9bfdefc8a13b02ad 248c1e49aa4d4b03a583b8a691661a6c - - default default] Successfully bumped revision number for resource 9cee7fdb-c942-427b-878e-1a4142f2a2c5 (type: ports) to 1
2026-07-30 19:46:50.755 7 INFO neutron.plugins.ml2.drivers.ovn.mech_driver.mech_driver [None req-662e2142-5e8d-42bd-9700-d4e61b79fa87 - - - - - -] OVN reports status up for port: 67825923-1435-4375-bc3b-841bb1d57069
2026-07-30 19:46:50.801 7 INFO neutron.plugins.ml2.plugin [None req-662e2142-5e8d-42bd-9700-d4e61b79fa87 - - - - - -] Attempt 1 to provision port 67825923-1435-4375-bc3b-841bb1d57069
2026-07-30 19:46:50.818 7 INFO neutron.plugins.ml2.plugin [None req-09bafa6c-93d0-4e03-a14b-f7a72329cfb8 a98492213cac4efb849c660c585dcd82 f8c0acd0eb9540f48ab567a2c9c3b47d - - default default] Attempt 1 to provision port 67825923-1435-4375-bc3b-841bb1d57069 [pid: 8|app: 0|req: 144/380] 10.0.0.208 () {34 vars in 670 bytes} [Thu Jul 30 19:46:50 2026] POST /v2.0/networks => generated 651 bytes in 716 msecs (HTTP/1.1 201) 4 headers in 162 bytes (1 switches on core 0)
2026-07-30 19:46:50.946 8 INFO neutron_taas.services.taas.taas_plugin [None req-6fcc7ecf-7c2f-4ea6-837c-be0aec21dbd9 df0546a2530a41c78e0a4bcc07f01904 b5d07a9d7253458fb58200266e8b588c - - default default] TaaS: Handle Delete Port: c2c5ecff-b21f-4e09-a8b6-3784cf440ebd
2026-07-30 19:46:50.949 8 INFO neutron_taas.services.taas.tap_mirror_plugin [None req-6fcc7ecf-7c2f-4ea6-837c-be0aec21dbd9 df0546a2530a41c78e0a4bcc07f01904 b5d07a9d7253458fb58200266e8b588c - - default default] Tap Mirror: Handle Delete Port: c2c5ecff-b21f-4e09-a8b6-3784cf440ebd
2026-07-30 19:46:50.949 7 WARNING neutron.scheduler.dhcp_agent_scheduler [None req-09bafa6c-93d0-4e03-a14b-f7a72329cfb8 a98492213cac4efb849c660c585dcd82 f8c0acd0eb9540f48ab567a2c9c3b47d - - default default] No more DHCP agents
2026-07-30 19:46:50.953 7 WARNING neutron.api.rpc.agentnotifiers.dhcp_rpc_agent_api [None req-09bafa6c-93d0-4e03-a14b-f7a72329cfb8 a98492213cac4efb849c660c585dcd82 f8c0acd0eb9540f48ab567a2c9c3b47d - - default default] Unable to schedule network 8715e4d7-d90a-4120-9eac-9a0b429b010b: no agents available; will retry on subsequent port and subnet creation events. [pid: 8|app: 0|req: 145/381] 10.0.0.208 () {32 vars in 720 bytes} [Thu Jul 30 19:46:50 2026] DELETE /v2.0/ports/c2c5ecff-b21f-4e09-a8b6-3784cf440ebd => generated 0 bytes in 284 msecs (HTTP/1.1 204) 3 headers in 131 bytes (1 switches on core 0) [pid: 8|app: 0|req: 146/382] 10.0.0.208 () {32 vars in 724 bytes} [Thu Jul 30 19:46:51 2026] DELETE /v2.0/subnets/46b5c887-ed8a-42a7-89af-aa991f7be532 => generated 0 bytes in 182 msecs (HTTP/1.1 204) 3 headers in 131 bytes (1 switches on core 0)
2026-07-30 19:46:51.392 7 INFO neutron.db.ovn_revision_numbers_db [None req-09bafa6c-93d0-4e03-a14b-f7a72329cfb8 a98492213cac4efb849c660c585dcd82 f8c0acd0eb9540f48ab567a2c9c3b47d - - default default] Successfully bumped revision number for resource 67825923-1435-4375-bc3b-841bb1d57069 (type: router_ports) to 1 [pid: 7|app: 0|req: 237/383] 10.0.0.208 () {34 vars in 783 bytes} [Thu Jul 30 19:46:49 2026] PUT /v2.0/routers/11c0505c-c29e-4405-9a16-d04da59bf246/add_router_interface => generated 309 bytes in 1844 msecs (HTTP/1.1 200) 4 headers in 157 bytes (1 switches on core 0)
2026-07-30 19:46:51.525 8 WARNING neutron.scheduler.dhcp_agent_scheduler [None req-8736dd74-c80c-4ebd-92e1-07ce6edbc88d b98f5afa43cf42ba9bfdefc8a13b02ad 248c1e49aa4d4b03a583b8a691661a6c - - default default] No more DHCP agents
2026-07-30 19:46:51.526 8 WARNING neutron.api.rpc.agentnotifiers.dhcp_rpc_agent_api [None req-8736dd74-c80c-4ebd-92e1-07ce6edbc88d b98f5afa43cf42ba9bfdefc8a13b02ad 248c1e49aa4d4b03a583b8a691661a6c - - default default] Unable to schedule network 78ab036b-36c8-41fb-bef6-d639869a2b76: no agents available; will retry on subsequent port and subnet creation events.
2026-07-30 19:46:51.595 7 INFO neutron_taas.services.taas.taas_plugin [None req-817d8353-5db2-4245-92a8-ccc151afba83 df0546a2530a41c78e0a4bcc07f01904 b5d07a9d7253458fb58200266e8b588c - - default default] TaaS: Handle Delete Port: 6ea0b43a-9090-4444-921f-0c72dfc2ca84
2026-07-30 19:46:51.597 7 INFO neutron_taas.services.taas.tap_mirror_plugin [None req-817d8353-5db2-4245-92a8-ccc151afba83 df0546a2530a41c78e0a4bcc07f01904 b5d07a9d7253458fb58200266e8b588c - - default default] Tap Mirror: Handle Delete Port: 6ea0b43a-9090-4444-921f-0c72dfc2ca84
2026-07-30 19:46:51.598 7 INFO neutron.db.ovn_revision_numbers_db [None req-662e2142-5e8d-42bd-9700-d4e61b79fa87 - - - - - -] Successfully bumped revision number for resource 67825923-1435-4375-bc3b-841bb1d57069 (type: ports) to 2 [pid: 7|app: 0|req: 238/384] 10.0.0.208 () {32 vars in 720 bytes} [Thu Jul 30 19:46:51 2026] DELETE /v2.0/ports/6ea0b43a-9090-4444-921f-0c72dfc2ca84 => generated 0 bytes in 422 msecs (HTTP/1.1 204) 3 headers in 131 bytes (1 switches on core 0) [pid: 7|app: 0|req: 239/385] 10.0.0.208 () {32 vars in 647 bytes} [Thu Jul 30 19:46:51 2026] GET /v2.0/subnets => generated 649 bytes in 26 msecs (HTTP/1.1 200) 4 headers in 157 bytes (1 switches on core 0) [pid: 7|app: 0|req: 240/386] 10.0.0.208 () {32 vars in 717 bytes} [Thu Jul 30 19:46:51 2026] GET /v2.0/ports/67825923-1435-4375-bc3b-841bb1d57069 => generated 947 bytes in 76 msecs (HTTP/1.1 200) 4 headers in 157 bytes (1 switches on core 0)
2026-07-30 19:46:52.036 8 INFO neutron.db.ovn_revision_numbers_db [None req-d363a398-5ac3-47f4-a5a1-f35c18a627a3 - - - - - -] Successfully bumped revision number for resource 9cee7fdb-c942-427b-878e-1a4142f2a2c5 (type: ports) to 2
2026-07-30 19:46:52.046 7 INFO neutron_taas.services.taas.taas_plugin [None req-639417bf-8dec-4184-9a56-d93f052d4af6 df0546a2530a41c78e0a4bcc07f01904 b5d07a9d7253458fb58200266e8b588c - - default default] TaaS: Handle Delete Port: f42509cc-fea3-46d0-8adc-d843cb1b4602
2026-07-30 19:46:52.049 7 INFO neutron_taas.services.taas.tap_mirror_plugin [None req-639417bf-8dec-4184-9a56-d93f052d4af6 df0546a2530a41c78e0a4bcc07f01904 b5d07a9d7253458fb58200266e8b588c - - default default] Tap Mirror: Handle Delete Port: f42509cc-fea3-46d0-8adc-d843cb1b4602
2026-07-30 19:46:52.097 8 INFO neutron.db.ovn_revision_numbers_db [None req-d363a398-5ac3-47f4-a5a1-f35c18a627a3 - - - - - -] Successfully bumped revision number for resource cc81321a-cb9d-4e08-8cf9-1c6780fd43cf (type: subnets) to 0 [pid: 8|app: 0|req: 147/387] 10.0.0.208 () {34 vars in 669 bytes} [Thu Jul 30 19:46:51 2026] POST /v2.0/subnets => generated 626 bytes in 902 msecs (HTTP/1.1 201) 4 headers in 162 bytes (1 switches on core 0) [pid: 7|app: 0|req: 241/388] 10.0.0.208 () {32 vars in 720 bytes} [Thu Jul 30 19:46:51 2026] DELETE /v2.0/ports/f42509cc-fea3-46d0-8adc-d843cb1b4602 => generated 0 bytes in 317 msecs (HTTP/1.1 204) 3 headers in 131 bytes (1 switches on core 0)
2026-07-30 19:46:52.319 8 INFO neutron_taas.services.taas.taas_plugin [None req-0bfe1942-3783-4ed1-ba88-a0bfe99977a6 130c1253459e4d3c89d18de0540ecba2 9ea462331f5d4d9f850b0b3ab67eea90 - - default default] TaaS: Handle Delete Port: aaccb5b0-49e0-4b52-959e-1b25c5c5e6ae
2026-07-30 19:46:52.321 8 INFO neutron_taas.services.taas.tap_mirror_plugin [None req-0bfe1942-3783-4ed1-ba88-a0bfe99977a6 130c1253459e4d3c89d18de0540ecba2 9ea462331f5d4d9f850b0b3ab67eea90 - - default default] Tap Mirror: Handle Delete Port: aaccb5b0-49e0-4b52-959e-1b25c5c5e6ae
2026-07-30 19:46:52.540 8 INFO neutron.services.segments.plugin [-] Segment 8d257e21-a34e-4410-8614-5dbafe704380 resource provider aggregate not found
2026-07-30 19:46:52.541 8 INFO neutron.services.segments.plugin [-] Segment 8d257e21-a34e-4410-8614-5dbafe704380 resource provider aggregate not found
2026-07-30 19:46:52.557 8 INFO neutron.services.segments.plugin [-] Segment 8d257e21-a34e-4410-8614-5dbafe704380 resource provider not found; error: Placement Client Error (4xx): {"errors": [{"status": 404, "title": "Not Found", "detail": "The resource could not be found.\n\n No resource provider with uuid 8d257e21-a34e-4410-8614-5dbafe704380 found for delete ", "request_id": "req-6f4ee044-f7f3-4c75-82d1-32a231d80e5f"}]}
2026-07-30 19:46:52.561 8 INFO neutron.services.segments.plugin [-] Segment 8d257e21-a34e-4410-8614-5dbafe704380 resource provider not found; error: Placement Client Error (4xx): {"errors": [{"status": 404, "title": "Not Found", "detail": "The resource could not be found.\n\n No resource provider with uuid 8d257e21-a34e-4410-8614-5dbafe704380 found for delete ", "request_id": "req-9e0f2d88-f302-411f-bf9d-5b9aa51edf85"}]} [pid: 8|app: 0|req: 148/389] 10.0.0.208 () {32 vars in 726 bytes} [Thu Jul 30 19:46:52 2026] DELETE /v2.0/networks/27a3c2ba-6c8f-4d31-8014-b162874c0819 => generated 0 bytes in 445 msecs (HTTP/1.1 204) 3 headers in 131 bytes (1 switches on core 0)
2026-07-30 19:46:52.729 7 WARNING neutron.scheduler.dhcp_agent_scheduler [None req-59172ec1-fd28-40de-b82d-09a19ac63d31 a98492213cac4efb849c660c585dcd82 f8c0acd0eb9540f48ab567a2c9c3b47d - - default default] No more DHCP agents
2026-07-30 19:46:52.730 7 WARNING neutron.api.rpc.agentnotifiers.dhcp_rpc_agent_api [None req-59172ec1-fd28-40de-b82d-09a19ac63d31 a98492213cac4efb849c660c585dcd82 f8c0acd0eb9540f48ab567a2c9c3b47d - - default default] Unable to schedule network 599b55f4-2153-43f6-9488-d50ce1d511d3: no agents available; will retry on subsequent port and subnet creation events.
2026-07-30 19:46:52.885 7 INFO neutron.db.ovn_revision_numbers_db [None req-59172ec1-fd28-40de-b82d-09a19ac63d31 a98492213cac4efb849c660c585dcd82 f8c0acd0eb9540f48ab567a2c9c3b47d - - default default] Successfully bumped revision number for resource c59d45b0-95a2-4da6-939d-68cd3200a1cc (type: ports) to 1
2026-07-30 19:46:53.002 8 WARNING neutron.scheduler.dhcp_agent_scheduler [None req-6243aca9-ce73-4f7b-b234-c7622359f40a b98f5afa43cf42ba9bfdefc8a13b02ad 248c1e49aa4d4b03a583b8a691661a6c - - default default] No more DHCP agents
2026-07-30 19:46:53.003 8 WARNING neutron.api.rpc.agentnotifiers.dhcp_rpc_agent_api [None req-6243aca9-ce73-4f7b-b234-c7622359f40a b98f5afa43cf42ba9bfdefc8a13b02ad 248c1e49aa4d4b03a583b8a691661a6c - - default default] Unable to schedule network 78ab036b-36c8-41fb-bef6-d639869a2b76: no agents available; will retry on subsequent port and subnet creation events.
2026-07-30 19:46:53.118 8 INFO neutron.plugins.ml2.drivers.ovn.mech_driver.mech_driver [None req-214f170f-80df-414a-9b33-0fcf1fc1b78b - - - - - -] OVN reports status down for port: 232023b6-ee2f-4ca0-ad6e-a23653b3b46f
2026-07-30 19:46:53.262 8 INFO neutron.db.ovn_revision_numbers_db [None req-6243aca9-ce73-4f7b-b234-c7622359f40a b98f5afa43cf42ba9bfdefc8a13b02ad 248c1e49aa4d4b03a583b8a691661a6c - - default default] Successfully bumped revision number for resource 232023b6-ee2f-4ca0-ad6e-a23653b3b46f (type: ports) to 1 [pid: 8|app: 0|req: 149/390] 10.0.0.208 () {34 vars in 665 bytes} [Thu Jul 30 19:46:52 2026] POST /v2.0/ports => generated 949 bytes in 680 msecs (HTTP/1.1 201) 4 headers in 162 bytes (1 switches on core 0) /var/lib/openstack/lib/python3.12/site-packages/pycadf/identifier.py:70: UserWarning: Invalid uuid: neutron. To ensure interoperability, identifiers should be a valid uuid. warnings.warn(('Invalid uuid: %s. To ensure interoperability, '
2026-07-30 19:46:53.435 8 INFO neutron_taas.services.taas.taas_plugin [None req-7649da90-b9a9-4cba-8588-70bbd2020795 df0546a2530a41c78e0a4bcc07f01904 b5d07a9d7253458fb58200266e8b588c - - default default] TaaS: Handle Delete Port: 77a9c2a6-927d-4826-a1b1-1778b1f7e9a9
2026-07-30 19:46:53.439 8 INFO neutron_taas.services.taas.tap_mirror_plugin [None req-7649da90-b9a9-4cba-8588-70bbd2020795 df0546a2530a41c78e0a4bcc07f01904 b5d07a9d7253458fb58200266e8b588c - - default default] Tap Mirror: Handle Delete Port: 77a9c2a6-927d-4826-a1b1-1778b1f7e9a9
2026-07-30 19:46:53.540 7 WARNING neutron.scheduler.dhcp_agent_scheduler [None req-59172ec1-fd28-40de-b82d-09a19ac63d31 a98492213cac4efb849c660c585dcd82 f8c0acd0eb9540f48ab567a2c9c3b47d - - default default] No more DHCP agents
2026-07-30 19:46:53.541 7 WARNING neutron.api.rpc.agentnotifiers.dhcp_rpc_agent_api [None req-59172ec1-fd28-40de-b82d-09a19ac63d31 a98492213cac4efb849c660c585dcd82 f8c0acd0eb9540f48ab567a2c9c3b47d - - default default] Unable to schedule network 599b55f4-2153-43f6-9488-d50ce1d511d3: no agents available; will retry on subsequent port and subnet creation events. [pid: 8|app: 0|req: 150/391] 10.0.0.208 () {32 vars in 720 bytes} [Thu Jul 30 19:46:53 2026] DELETE /v2.0/ports/77a9c2a6-927d-4826-a1b1-1778b1f7e9a9 => generated 0 bytes in 325 msecs (HTTP/1.1 204) 3 headers in 131 bytes (1 switches on core 0)
2026-07-30 19:46:53.763 8 INFO neutron_taas.services.taas.taas_plugin [None req-0f784a04-1676-4482-8f71-a1ab4bb128c9 130c1253459e4d3c89d18de0540ecba2 9ea462331f5d4d9f850b0b3ab67eea90 - - default default] TaaS: Handle Delete Port: fc0d7162-d1c5-4ac8-9809-2df654492edf
2026-07-30 19:46:53.766 8 INFO neutron_taas.services.taas.tap_mirror_plugin [None req-0f784a04-1676-4482-8f71-a1ab4bb128c9 130c1253459e4d3c89d18de0540ecba2 9ea462331f5d4d9f850b0b3ab67eea90 - - default default] Tap Mirror: Handle Delete Port: fc0d7162-d1c5-4ac8-9809-2df654492edf
2026-07-30 19:46:53.807 7 INFO neutron.db.ovn_revision_numbers_db [None req-59172ec1-fd28-40de-b82d-09a19ac63d31 a98492213cac4efb849c660c585dcd82 f8c0acd0eb9540f48ab567a2c9c3b47d - - default default] Successfully bumped revision number for resource c59d45b0-95a2-4da6-939d-68cd3200a1cc (type: router_ports) to 1 [pid: 7|app: 0|req: 242/392] 10.0.0.208 () {34 vars in 783 bytes} [Thu Jul 30 19:46:52 2026] PUT /v2.0/routers/11c0505c-c29e-4405-9a16-d04da59bf246/add_router_interface => generated 309 bytes in 1563 msecs (HTTP/1.1 200) 4 headers in 157 bytes (1 switches on core 0)
2026-07-30 19:46:53.999 7 INFO neutron_taas.services.taas.taas_plugin [None req-a3f50697-dfee-43ba-ac63-c084bb2d931f b98f5afa43cf42ba9bfdefc8a13b02ad 248c1e49aa4d4b03a583b8a691661a6c - - default default] TaaS: Handle Delete Port: 232023b6-ee2f-4ca0-ad6e-a23653b3b46f
2026-07-30 19:46:54.002 7 INFO neutron_taas.services.taas.tap_mirror_plugin [None req-a3f50697-dfee-43ba-ac63-c084bb2d931f b98f5afa43cf42ba9bfdefc8a13b02ad 248c1e49aa4d4b03a583b8a691661a6c - - default default] Tap Mirror: Handle Delete Port: 232023b6-ee2f-4ca0-ad6e-a23653b3b46f [pid: 8|app: 0|req: 151/393] 10.0.0.208 () {32 vars in 726 bytes} [Thu Jul 30 19:46:53 2026] DELETE /v2.0/networks/c87244be-7b71-4428-89cf-296a9f13ca42 => generated 0 bytes in 444 msecs (HTTP/1.1 204) 3 headers in 131 bytes (1 switches on core 0)
2026-07-30 19:46:54.246 8 INFO neutron_taas.services.taas.taas_plugin [None req-307dc79b-2da6-4901-8d0d-3151780a9133 df0546a2530a41c78e0a4bcc07f01904 b5d07a9d7253458fb58200266e8b588c - - default default] TaaS: Handle Delete Port: 061aaf16-cd4f-4243-924c-dedc299712b2
2026-07-30 19:46:54.249 8 INFO neutron_taas.services.taas.tap_mirror_plugin [None req-307dc79b-2da6-4901-8d0d-3151780a9133 df0546a2530a41c78e0a4bcc07f01904 b5d07a9d7253458fb58200266e8b588c - - default default] Tap Mirror: Handle Delete Port: 061aaf16-cd4f-4243-924c-dedc299712b2 [pid: 7|app: 0|req: 243/394] 10.0.0.208 () {32 vars in 720 bytes} [Thu Jul 30 19:46:53 2026] DELETE /v2.0/ports/232023b6-ee2f-4ca0-ad6e-a23653b3b46f => generated 0 bytes in 458 msecs (HTTP/1.1 204) 3 headers in 131 bytes (1 switches on core 0) [pid: 7|app: 0|req: 244/395] 10.0.0.208 () {32 vars in 717 bytes} [Thu Jul 30 19:46:54 2026] GET /v2.0/ports/c59d45b0-95a2-4da6-939d-68cd3200a1cc => generated 953 bytes in 91 msecs (HTTP/1.1 200) 4 headers in 157 bytes (1 switches on core 0) [pid: 8|app: 0|req: 152/396] 10.0.0.208 () {32 vars in 720 bytes} [Thu Jul 30 19:46:54 2026] DELETE /v2.0/ports/061aaf16-cd4f-4243-924c-dedc299712b2 => generated 0 bytes in 308 msecs (HTTP/1.1 204) 3 headers in 131 bytes (1 switches on core 0)
2026-07-30 19:46:54.419 8 INFO neutron.pecan_wsgi.hooks.translation [None req-b0839edf-1f6e-42c7-957f-86d30a4ea0a2 b98f5afa43cf42ba9bfdefc8a13b02ad 248c1e49aa4d4b03a583b8a691661a6c - - default default] DELETE failed (client error): The resource could not be found. [pid: 8|app: 0|req: 153/397] 10.0.0.208 () {32 vars in 720 bytes} [Thu Jul 30 19:46:54 2026] DELETE /v2.0/ports/232023b6-ee2f-4ca0-ad6e-a23653b3b46f => generated 132 bytes in 18 msecs (HTTP/1.1 404) 4 headers in 164 bytes (1 switches on core 0) [pid: 8|app: 0|req: 154/398] 10.0.0.208 () {32 vars in 717 bytes} [Thu Jul 30 19:46:54 2026] GET /v2.0/ports/c59d45b0-95a2-4da6-939d-68cd3200a1cc => generated 953 bytes in 51 msecs (HTTP/1.1 200) 4 headers in 157 bytes (1 switches on core 0)
2026-07-30 19:46:54.474 7 INFO neutron_taas.services.taas.taas_plugin [None req-fd0c357c-33ad-4829-993d-013e243af26d 130c1253459e4d3c89d18de0540ecba2 9ea462331f5d4d9f850b0b3ab67eea90 - - default default] TaaS: Handle Delete Port: 5b76bec2-9e15-4dc8-bd5c-c1eca1318821
2026-07-30 19:46:54.476 7 INFO neutron_taas.services.taas.tap_mirror_plugin [None req-fd0c357c-33ad-4829-993d-013e243af26d 130c1253459e4d3c89d18de0540ecba2 9ea462331f5d4d9f850b0b3ab67eea90 - - default default] Tap Mirror: Handle Delete Port: 5b76bec2-9e15-4dc8-bd5c-c1eca1318821
2026-07-30 19:46:54.573 8 INFO neutron_taas.services.taas.taas_plugin [None req-c0cb8c83-4b22-43b1-9143-b1e906beb311 df0546a2530a41c78e0a4bcc07f01904 b5d07a9d7253458fb58200266e8b588c - - default default] TaaS: Handle Delete Port: 30e3c524-4ff4-4a8d-9146-e3dd85ff6947
2026-07-30 19:46:54.577 8 INFO neutron_taas.services.taas.tap_mirror_plugin [None req-c0cb8c83-4b22-43b1-9143-b1e906beb311 df0546a2530a41c78e0a4bcc07f01904 b5d07a9d7253458fb58200266e8b588c - - default default] Tap Mirror: Handle Delete Port: 30e3c524-4ff4-4a8d-9146-e3dd85ff6947
2026-07-30 19:46:54.592 8 INFO neutron.services.segments.plugin [-] Segment e3ab7745-745a-47e4-ba8f-2715c872d7d9 resource provider aggregate not found
2026-07-30 19:46:54.599 8 INFO neutron.services.segments.plugin [-] Segment e3ab7745-745a-47e4-ba8f-2715c872d7d9 resource provider aggregate not found
2026-07-30 19:46:54.618 8 INFO neutron.services.segments.plugin [-] Segment e3ab7745-745a-47e4-ba8f-2715c872d7d9 resource provider not found; error: Placement Client Error (4xx): {"errors": [{"status": 404, "title": "Not Found", "detail": "The resource could not be found.\n\n No resource provider with uuid e3ab7745-745a-47e4-ba8f-2715c872d7d9 found for delete ", "request_id": "req-d4914970-2d2c-4c07-b510-198cc8b7a754"}]}
2026-07-30 19:46:54.634 8 INFO neutron.services.segments.plugin [-] Segment e3ab7745-745a-47e4-ba8f-2715c872d7d9 resource provider not found; error: Placement Client Error (4xx): {"errors": [{"status": 404, "title": "Not Found", "detail": "The resource could not be found.\n\n No resource provider with uuid e3ab7745-745a-47e4-ba8f-2715c872d7d9 found for delete ", "request_id": "req-18c155f0-aa8b-45bb-a970-6cdea65f3664"}]}
2026-07-30 19:46:54.741 7 INFO neutron.services.segments.plugin [-] Segment 87881df5-20cb-4c02-8b3d-096d3d7597b9 resource provider aggregate not found
2026-07-30 19:46:54.744 7 INFO neutron.services.segments.plugin [-] Segment 87881df5-20cb-4c02-8b3d-096d3d7597b9 resource provider aggregate not found
2026-07-30 19:46:54.763 7 INFO neutron.services.segments.plugin [-] Segment 87881df5-20cb-4c02-8b3d-096d3d7597b9 resource provider not found; error: Placement Client Error (4xx): {"errors": [{"status": 404, "title": "Not Found", "detail": "The resource could not be found.\n\n No resource provider with uuid 87881df5-20cb-4c02-8b3d-096d3d7597b9 found for delete ", "request_id": "req-12ac1607-8fd7-4d45-abfe-638548c43944"}]}
2026-07-30 19:46:54.766 7 INFO neutron.services.segments.plugin [-] Segment 87881df5-20cb-4c02-8b3d-096d3d7597b9 resource provider not found; error: Placement Client Error (4xx): {"errors": [{"status": 404, "title": "Not Found", "detail": "The resource could not be found.\n\n No resource provider with uuid 87881df5-20cb-4c02-8b3d-096d3d7597b9 found for delete ", "request_id": "req-49d4b4ae-aae8-4fe0-8e00-98fdb9d22bfd"}]} [pid: 7|app: 0|req: 245/399] 10.0.0.208 () {32 vars in 726 bytes} [Thu Jul 30 19:46:54 2026] DELETE /v2.0/networks/c4e1072d-3bf2-4fcd-85bf-1a438b50b102 => generated 0 bytes in 488 msecs (HTTP/1.1 204) 3 headers in 131 bytes (1 switches on core 0)
2026-07-30 19:46:54.867 7 INFO neutron.pecan_wsgi.hooks.translation [None req-ce01f33e-9223-4421-bfb3-ebeb1df39b52 b98f5afa43cf42ba9bfdefc8a13b02ad 248c1e49aa4d4b03a583b8a691661a6c - - default default] GET failed (client error): The resource could not be found. [pid: 7|app: 0|req: 246/400] 10.0.0.208 () {32 vars in 717 bytes} [Thu Jul 30 19:46:54 2026] GET /v2.0/ports/232023b6-ee2f-4ca0-ad6e-a23653b3b46f => generated 132 bytes in 15 msecs (HTTP/1.1 404) 4 headers in 164 bytes (1 switches on core 0) [pid: 8|app: 0|req: 155/401] 10.0.0.208 () {32 vars in 726 bytes} [Thu Jul 30 19:46:54 2026] DELETE /v2.0/networks/d5e78c27-1202-49b0-9220-37a7da3fc3dd => generated 0 bytes in 452 msecs (HTTP/1.1 204) 3 headers in 131 bytes (1 switches on core 0)
2026-07-30 19:46:55.002 7 INFO neutron_taas.services.taas.taas_plugin [None req-b9bfab74-9949-4225-9fc4-2d68747da332 130c1253459e4d3c89d18de0540ecba2 9ea462331f5d4d9f850b0b3ab67eea90 - - default default] TaaS: Handle Delete Port: 17018d10-08d9-4602-80a9-169bf70a341c
2026-07-30 19:46:55.005 7 INFO neutron_taas.services.taas.tap_mirror_plugin [None req-b9bfab74-9949-4225-9fc4-2d68747da332 130c1253459e4d3c89d18de0540ecba2 9ea462331f5d4d9f850b0b3ab67eea90 - - default default] Tap Mirror: Handle Delete Port: 17018d10-08d9-4602-80a9-169bf70a341c [pid: 8|app: 0|req: 156/402] 10.0.0.208 () {32 vars in 724 bytes} [Thu Jul 30 19:46:54 2026] DELETE /v2.0/subnets/cc81321a-cb9d-4e08-8cf9-1c6780fd43cf => generated 0 bytes in 290 msecs (HTTP/1.1 204) 3 headers in 131 bytes (1 switches on core 0)
2026-07-30 19:46:55.338 8 INFO neutron_taas.services.taas.taas_plugin [None req-0c5e8ab6-f518-4d94-80ea-05c3b17a27e9 df0546a2530a41c78e0a4bcc07f01904 b5d07a9d7253458fb58200266e8b588c - - default default] TaaS: Handle Delete Port: fb08343f-95cb-4544-8034-c1f4dd31a676
2026-07-30 19:46:55.341 8 INFO neutron_taas.services.taas.tap_mirror_plugin [None req-0c5e8ab6-f518-4d94-80ea-05c3b17a27e9 df0546a2530a41c78e0a4bcc07f01904 b5d07a9d7253458fb58200266e8b588c - - default default] Tap Mirror: Handle Delete Port: fb08343f-95cb-4544-8034-c1f4dd31a676 [pid: 7|app: 0|req: 247/403] 10.0.0.208 () {32 vars in 726 bytes} [Thu Jul 30 19:46:54 2026] DELETE /v2.0/networks/2c3046dd-faf9-47b3-8237-e272946e3d29 => generated 0 bytes in 514 msecs (HTTP/1.1 204) 3 headers in 131 bytes (1 switches on core 0)
2026-07-30 19:46:55.516 7 INFO neutron_taas.services.taas.taas_plugin [None req-501f626b-b1e6-44d1-838d-04290cba8f66 b98f5afa43cf42ba9bfdefc8a13b02ad 248c1e49aa4d4b03a583b8a691661a6c - - default default] TaaS: Handle Delete Port: 9cee7fdb-c942-427b-878e-1a4142f2a2c5
2026-07-30 19:46:55.519 7 INFO neutron_taas.services.taas.tap_mirror_plugin [None req-501f626b-b1e6-44d1-838d-04290cba8f66 b98f5afa43cf42ba9bfdefc8a13b02ad 248c1e49aa4d4b03a583b8a691661a6c - - default default] Tap Mirror: Handle Delete Port: 9cee7fdb-c942-427b-878e-1a4142f2a2c5 [pid: 8|app: 0|req: 157/404] 10.0.0.208 () {32 vars in 726 bytes} [Thu Jul 30 19:46:55 2026] DELETE /v2.0/networks/f6a719de-b807-47d7-8a51-c469ba39857c => generated 0 bytes in 525 msecs (HTTP/1.1 204) 3 headers in 131 bytes (1 switches on core 0) [pid: 8|app: 0|req: 158/405] 10.0.0.208 () {32 vars in 717 bytes} [Thu Jul 30 19:46:55 2026] GET /v2.0/ports/c59d45b0-95a2-4da6-939d-68cd3200a1cc => generated 953 bytes in 30 msecs (HTTP/1.1 200) 4 headers in 157 bytes (1 switches on core 0)
2026-07-30 19:46:55.904 8 INFO neutron_taas.services.taas.taas_plugin [None req-113c47d4-4122-410c-a09a-1f13e1702cf2 df0546a2530a41c78e0a4bcc07f01904 b5d07a9d7253458fb58200266e8b588c - - default default] TaaS: Handle Delete Port: 6abbef34-cdbc-4edf-85aa-9d7898f0fa06
2026-07-30 19:46:55.907 8 INFO neutron_taas.services.taas.tap_mirror_plugin [None req-113c47d4-4122-410c-a09a-1f13e1702cf2 df0546a2530a41c78e0a4bcc07f01904 b5d07a9d7253458fb58200266e8b588c - - default default] Tap Mirror: Handle Delete Port: 6abbef34-cdbc-4edf-85aa-9d7898f0fa06 [pid: 7|app: 0|req: 248/406] 10.0.0.208 () {32 vars in 726 bytes} [Thu Jul 30 19:46:55 2026] DELETE /v2.0/networks/78ab036b-36c8-41fb-bef6-d639869a2b76 => generated 0 bytes in 541 msecs (HTTP/1.1 204) 3 headers in 131 bytes (1 switches on core 0)
2026-07-30 19:46:56.057 7 INFO neutron.db.segments_db [None req-ad9ba714-c59b-4d10-8c47-72ce2b50b4e3 b98f5afa43cf42ba9bfdefc8a13b02ad 248c1e49aa4d4b03a583b8a691661a6c - - default default] Added segment a77da58f-893e-42e1-bbde-e2fba034e033 of type geneve for network f699afd6-fcc0-4809-878f-364d7a7f63f9 [pid: 8|app: 0|req: 159/407] 10.0.0.208 () {32 vars in 726 bytes} [Thu Jul 30 19:46:55 2026] DELETE /v2.0/networks/357a0fb5-4cf7-4fda-86dd-b758833513c7 => generated 0 bytes in 497 msecs (HTTP/1.1 204) 3 headers in 131 bytes (1 switches on core 0)
2026-07-30 19:46:56.287 7 INFO neutron.db.ovn_revision_numbers_db [None req-ad9ba714-c59b-4d10-8c47-72ce2b50b4e3 b98f5afa43cf42ba9bfdefc8a13b02ad 248c1e49aa4d4b03a583b8a691661a6c - - default default] Successfully bumped revision number for resource f699afd6-fcc0-4809-878f-364d7a7f63f9 (type: networks) to 1 [pid: 8|app: 0|req: 160/408] 10.0.0.208 () {32 vars in 774 bytes} [Thu Jul 30 19:46:56 2026] GET /v2.0/security-groups?tenant_id=9ea462331f5d4d9f850b0b3ab67eea90&name=default => generated 2925 bytes in 105 msecs (HTTP/1.1 200) 4 headers in 158 bytes (1 switches on core 0)
2026-07-30 19:46:56.467 7 WARNING neutron.scheduler.dhcp_agent_scheduler [None req-ad9ba714-c59b-4d10-8c47-72ce2b50b4e3 b98f5afa43cf42ba9bfdefc8a13b02ad 248c1e49aa4d4b03a583b8a691661a6c - - default default] No more DHCP agents
2026-07-30 19:46:56.468 7 WARNING neutron.api.rpc.agentnotifiers.dhcp_rpc_agent_api [None req-ad9ba714-c59b-4d10-8c47-72ce2b50b4e3 b98f5afa43cf42ba9bfdefc8a13b02ad 248c1e49aa4d4b03a583b8a691661a6c - - default default] Unable to schedule network f699afd6-fcc0-4809-878f-364d7a7f63f9: no agents available; will retry on subsequent port and subnet creation events.
2026-07-30 19:46:56.481 8 INFO neutron_taas.services.taas.taas_plugin [None req-f77472bc-92cb-4773-b3fa-5553b626037f df0546a2530a41c78e0a4bcc07f01904 b5d07a9d7253458fb58200266e8b588c - - default default] TaaS: Handle Delete Port: ee58cd06-a2fe-4ed1-8679-27b5b1481e29
2026-07-30 19:46:56.484 8 INFO neutron_taas.services.taas.tap_mirror_plugin [None req-f77472bc-92cb-4773-b3fa-5553b626037f df0546a2530a41c78e0a4bcc07f01904 b5d07a9d7253458fb58200266e8b588c - - default default] Tap Mirror: Handle Delete Port: ee58cd06-a2fe-4ed1-8679-27b5b1481e29
2026-07-30 19:46:56.587 7 WARNING neutron.plugins.ml2.drivers.ovn.mech_driver.ovsdb.ovn_client [None req-20870600-c4ee-4134-8c7e-fb7c492da79d - - - - - -] No hosting information found for port 67825923-1435-4375-bc3b-841bb1d57069: RuntimeError: No hosting information found for port 67825923-1435-4375-bc3b-841bb1d57069
2026-07-30 19:46:56.617 7 INFO neutron.db.ovn_revision_numbers_db [None req-ad9ba714-c59b-4d10-8c47-72ce2b50b4e3 b98f5afa43cf42ba9bfdefc8a13b02ad 248c1e49aa4d4b03a583b8a691661a6c - - default default] Successfully bumped revision number for resource 33f4d43f-8a23-4f4b-a122-246ec5e21d7d (type: ports) to 1
2026-07-30 19:46:56.637 8 INFO neutron.services.segments.plugin [-] Segment d96aa96a-c921-4504-990c-81361efa3abc resource provider aggregate not found
2026-07-30 19:46:56.657 8 INFO neutron.services.segments.plugin [-] Segment d96aa96a-c921-4504-990c-81361efa3abc resource provider not found; error: Placement Client Error (4xx): {"errors": [{"status": 404, "title": "Not Found", "detail": "The resource could not be found.\n\n No resource provider with uuid d96aa96a-c921-4504-990c-81361efa3abc found for delete ", "request_id": "req-88716fe2-0683-437f-9ead-9696dd71863b"}]}
2026-07-30 19:46:56.662 8 INFO neutron.services.segments.plugin [-] Segment d96aa96a-c921-4504-990c-81361efa3abc resource provider aggregate not found
2026-07-30 19:46:56.676 8 INFO neutron.services.segments.plugin [-] Segment 72f5454c-b2d4-427c-8b15-afa1aa99cbc0 resource provider aggregate not found
2026-07-30 19:46:56.687 8 INFO neutron.services.segments.plugin [-] Segment d96aa96a-c921-4504-990c-81361efa3abc resource provider not found; error: Placement Client Error (4xx): {"errors": [{"status": 404, "title": "Not Found", "detail": "The resource could not be found.\n\n No resource provider with uuid d96aa96a-c921-4504-990c-81361efa3abc found for delete ", "request_id": "req-d6cd490b-c5ff-470f-9897-d96225859df4"}]}
2026-07-30 19:46:56.701 8 INFO neutron.services.segments.plugin [-] Segment 72f5454c-b2d4-427c-8b15-afa1aa99cbc0 resource provider not found; error: Placement Client Error (4xx): {"errors": [{"status": 404, "title": "Not Found", "detail": "The resource could not be found.\n\n No resource provider with uuid 72f5454c-b2d4-427c-8b15-afa1aa99cbc0 found for delete ", "request_id": "req-c6e96020-c134-419d-8a3d-c8303c048442"}]}
2026-07-30 19:46:56.708 8 INFO neutron.services.segments.plugin [-] Segment 72f5454c-b2d4-427c-8b15-afa1aa99cbc0 resource provider aggregate not found
2026-07-30 19:46:56.715 8 INFO neutron.services.segments.plugin [-] Segment 62836811-411a-465e-b8c0-f8bc997fc2b3 resource provider aggregate not found [pid: 7|app: 0|req: 249/409] 10.0.0.208 () {34 vars in 670 bytes} [Thu Jul 30 19:46:55 2026] POST /v2.0/networks => generated 651 bytes in 785 msecs (HTTP/1.1 201) 4 headers in 162 bytes (1 switches on core 0)
2026-07-30 19:46:56.723 8 INFO neutron.services.segments.plugin [-] Segment 72f5454c-b2d4-427c-8b15-afa1aa99cbc0 resource provider not found; error: Placement Client Error (4xx): {"errors": [{"status": 404, "title": "Not Found", "detail": "The resource could not be found.\n\n No resource provider with uuid 72f5454c-b2d4-427c-8b15-afa1aa99cbc0 found for delete ", "request_id": "req-f0876c81-0e18-4fc3-bd36-5402b890c0d0"}]}
2026-07-30 19:46:56.729 8 INFO neutron.services.segments.plugin [-] Segment 62836811-411a-465e-b8c0-f8bc997fc2b3 resource provider not found; error: Placement Client Error (4xx): {"errors": [{"status": 404, "title": "Not Found", "detail": "The resource could not be found.\n\n No resource provider with uuid 62836811-411a-465e-b8c0-f8bc997fc2b3 found for delete ", "request_id": "req-a99ab673-d9e8-4b4b-a439-59250bf47f26"}]}
2026-07-30 19:46:56.741 8 INFO neutron.services.segments.plugin [-] Segment 62836811-411a-465e-b8c0-f8bc997fc2b3 resource provider aggregate not found
2026-07-30 19:46:56.762 8 INFO neutron.services.segments.plugin [-] Segment 62836811-411a-465e-b8c0-f8bc997fc2b3 resource provider not found; error: Placement Client Error (4xx): {"errors": [{"status": 404, "title": "Not Found", "detail": "The resource could not be found.\n\n No resource provider with uuid 62836811-411a-465e-b8c0-f8bc997fc2b3 found for delete ", "request_id": "req-6b98af21-c4d1-438c-ab46-4c9b2206f0c8"}]}
2026-07-30 19:46:56.781 7 INFO neutron.db.ovn_revision_numbers_db [None req-20870600-c4ee-4134-8c7e-fb7c492da79d - - - - - -] Successfully bumped revision number for resource 67825923-1435-4375-bc3b-841bb1d57069 (type: router_ports) to 2
2026-07-30 19:46:56.792 7 INFO neutron.services.segments.plugin [-] Segment 810928f8-384e-4990-a859-09dc3198ac75 resource provider aggregate not found
2026-07-30 19:46:56.795 7 INFO neutron.services.segments.plugin [-] Segment 810928f8-384e-4990-a859-09dc3198ac75 resource provider aggregate not found
2026-07-30 19:46:56.819 7 INFO neutron.services.segments.plugin [-] Segment 810928f8-384e-4990-a859-09dc3198ac75 resource provider not found; error: Placement Client Error (4xx): {"errors": [{"status": 404, "title": "Not Found", "detail": "The resource could not be found.\n\n No resource provider with uuid 810928f8-384e-4990-a859-09dc3198ac75 found for delete ", "request_id": "req-ba38f216-8d7a-48be-8576-a4f8d75aa71c"}]}
2026-07-30 19:46:56.832 7 INFO neutron.services.segments.plugin [-] Segment 810928f8-384e-4990-a859-09dc3198ac75 resource provider not found; error: Placement Client Error (4xx): {"errors": [{"status": 404, "title": "Not Found", "detail": "The resource could not be found.\n\n No resource provider with uuid 810928f8-384e-4990-a859-09dc3198ac75 found for delete ", "request_id": "req-2f0424f7-f758-45fc-98df-7e72160a59c7"}]} [pid: 8|app: 0|req: 161/410] 10.0.0.208 () {32 vars in 726 bytes} [Thu Jul 30 19:46:56 2026] DELETE /v2.0/networks/ac158c3d-64b8-4b03-bc19-0067145179b5 => generated 0 bytes in 464 msecs (HTTP/1.1 204) 3 headers in 131 bytes (1 switches on core 0)
2026-07-30 19:46:56.848 7 INFO neutron.services.segments.plugin [-] Segment 42d3a5b9-18fb-4618-9e06-969ab3ff568a resource provider aggregate not found
