2026-07-30 19:47:27.024 8 INFO neutron.db.ovn_revision_numbers_db [None req-8e98307c-33d2-4ecd-acef-fc7fa14b14b8 905f4279b55e40fab8b51237391c606e 69e91339f2a2479684fcee51df9e936f - - default default] Successfully bumped revision number for resource ba8e6914-e753-4604-8448-53e8339ab05a (type: security_group_rules) to 0 [pid: 8|app: 0|req: 249/610] 10.0.0.208 () {32 vars in 774 bytes} [Thu Jul 30 19:47:26 2026] GET /v2.0/security-groups?tenant_id=d3fe5c6ff72848c1931d2276a2a2cde7&name=default => generated 2925 bytes in 379 msecs (HTTP/1.1 200) 4 headers in 158 bytes (1 switches on core 0)
2026-07-30 19:47:27.074 7 INFO neutron.db.segments_db [None req-b5f9c620-f7d3-426a-8bfd-3a45a7b2af19 917a5d53b28b4a83971d6e31cb8bb4b9 2b59f125df04493bbe061c9620103988 - - default default] Added segment d5faa54d-19b2-4fa3-b851-ae5e7fa75269 of type geneve for network 1cc8d663-e758-42e0-b4a7-24787fba85c9
2026-07-30 19:47:27.286 7 INFO neutron.db.ovn_revision_numbers_db [None req-b5f9c620-f7d3-426a-8bfd-3a45a7b2af19 917a5d53b28b4a83971d6e31cb8bb4b9 2b59f125df04493bbe061c9620103988 - - default default] Successfully bumped revision number for resource 1cc8d663-e758-42e0-b4a7-24787fba85c9 (type: networks) to 1 [pid: 8|app: 0|req: 250/611] 10.0.0.208 () {32 vars in 740 bytes} [Thu Jul 30 19:47:27 2026] DELETE /v2.0/security-groups/faff7afe-afa2-4518-a504-62b37d066a48 => generated 0 bytes in 379 msecs (HTTP/1.1 204) 2 headers in 112 bytes (1 switches on core 0)
2026-07-30 19:47:27.504 7 WARNING neutron.scheduler.dhcp_agent_scheduler [None req-b5f9c620-f7d3-426a-8bfd-3a45a7b2af19 917a5d53b28b4a83971d6e31cb8bb4b9 2b59f125df04493bbe061c9620103988 - - default default] No more DHCP agents
2026-07-30 19:47:27.505 7 WARNING neutron.api.rpc.agentnotifiers.dhcp_rpc_agent_api [None req-b5f9c620-f7d3-426a-8bfd-3a45a7b2af19 917a5d53b28b4a83971d6e31cb8bb4b9 2b59f125df04493bbe061c9620103988 - - default default] Unable to schedule network 1cc8d663-e758-42e0-b4a7-24787fba85c9: no agents available; will retry on subsequent port and subnet creation events.
2026-07-30 19:47:27.609 7 INFO neutron.db.ovn_revision_numbers_db [None req-b5f9c620-f7d3-426a-8bfd-3a45a7b2af19 917a5d53b28b4a83971d6e31cb8bb4b9 2b59f125df04493bbe061c9620103988 - - default default] Successfully bumped revision number for resource c6d5f68e-a728-4c42-8d97-a44d15b39a3b (type: ports) to 1 [pid: 7|app: 0|req: 362/612] 10.0.0.208 () {34 vars in 670 bytes} [Thu Jul 30 19:47:26 2026] POST /v2.0/networks => generated 648 bytes in 688 msecs (HTTP/1.1 201) 4 headers in 162 bytes (1 switches on core 0)
2026-07-30 19:47:27.743 8 INFO neutron.db.ovn_revision_numbers_db [None req-331caffd-0105-43c4-9983-6dc03dc36043 905f4279b55e40fab8b51237391c606e 69e91339f2a2479684fcee51df9e936f - - default default] Successfully bumped revision number for resource 392af0fb-8f21-4cb9-9c38-ee9a15bb247f (type: security_groups) to 1
2026-07-30 19:47:27.788 8 INFO neutron.db.ovn_revision_numbers_db [None req-331caffd-0105-43c4-9983-6dc03dc36043 905f4279b55e40fab8b51237391c606e 69e91339f2a2479684fcee51df9e936f - - default default] Successfully bumped revision number for resource 3aaaa73f-27fe-4823-b984-cb65a6af4773 (type: security_group_rules) to 0
2026-07-30 19:47:27.823 8 INFO neutron.db.ovn_revision_numbers_db [None req-331caffd-0105-43c4-9983-6dc03dc36043 905f4279b55e40fab8b51237391c606e 69e91339f2a2479684fcee51df9e936f - - default default] Successfully bumped revision number for resource 71744728-cfeb-4888-a24c-b074eee4545e (type: security_group_rules) to 0
2026-07-30 19:47:27.873 8 INFO neutron.db.ovn_revision_numbers_db [None req-331caffd-0105-43c4-9983-6dc03dc36043 905f4279b55e40fab8b51237391c606e 69e91339f2a2479684fcee51df9e936f - - default default] Successfully bumped revision number for resource cb91d1de-d0ee-40bc-9545-72aecc4a6d28 (type: security_group_rules) to 0
2026-07-30 19:47:27.884 7 WARNING neutron.scheduler.dhcp_agent_scheduler [None req-2f3c3c73-cefd-404d-8d83-299a407f25dc 917a5d53b28b4a83971d6e31cb8bb4b9 2b59f125df04493bbe061c9620103988 - - default default] No more DHCP agents
2026-07-30 19:47:27.885 7 WARNING neutron.api.rpc.agentnotifiers.dhcp_rpc_agent_api [None req-2f3c3c73-cefd-404d-8d83-299a407f25dc 917a5d53b28b4a83971d6e31cb8bb4b9 2b59f125df04493bbe061c9620103988 - - default default] Unable to schedule network 1cc8d663-e758-42e0-b4a7-24787fba85c9: no agents available; will retry on subsequent port and subnet creation events.
2026-07-30 19:47:27.915 8 INFO neutron.db.ovn_revision_numbers_db [None req-331caffd-0105-43c4-9983-6dc03dc36043 905f4279b55e40fab8b51237391c606e 69e91339f2a2479684fcee51df9e936f - - default default] Successfully bumped revision number for resource e3a1b8e1-43a0-4297-80a8-0632bcb0294d (type: security_group_rules) to 0 [pid: 8|app: 0|req: 251/613] 10.0.0.208 () {32 vars in 774 bytes} [Thu Jul 30 19:47:27 2026] GET /v2.0/security-groups?tenant_id=22699529d62444e6b3764a873e6a43cb&name=default => generated 2925 bytes in 368 msecs (HTTP/1.1 200) 4 headers in 158 bytes (1 switches on core 0)
2026-07-30 19:47:28.099 8 INFO neutron.services.segments.plugin [-] Segment 1f42bba3-65f8-4cb0-a146-e610769aae6f resource provider aggregate not found
2026-07-30 19:47:28.102 8 INFO neutron.services.segments.plugin [-] Segment 1f42bba3-65f8-4cb0-a146-e610769aae6f resource provider aggregate not found
2026-07-30 19:47:28.124 8 INFO neutron.services.segments.plugin [-] Segment 1f42bba3-65f8-4cb0-a146-e610769aae6f resource provider not found; error: Placement Client Error (4xx): {"errors": [{"status": 404, "title": "Not Found", "detail": "The resource could not be found.\n\n No resource provider with uuid 1f42bba3-65f8-4cb0-a146-e610769aae6f found for delete ", "request_id": "req-d0a5bdb8-d4a2-483f-a10b-f40d20401654"}]}
2026-07-30 19:47:28.129 8 INFO neutron.services.segments.plugin [-] Segment 1f42bba3-65f8-4cb0-a146-e610769aae6f resource provider not found; error: Placement Client Error (4xx): {"errors": [{"status": 404, "title": "Not Found", "detail": "The resource could not be found.\n\n No resource provider with uuid 1f42bba3-65f8-4cb0-a146-e610769aae6f found for delete ", "request_id": "req-d668fbc9-bc41-4755-8978-d0c2ef9c64ea"}]} [pid: 8|app: 0|req: 252/614] 10.0.0.208 () {32 vars in 740 bytes} [Thu Jul 30 19:47:27 2026] DELETE /v2.0/security-groups/392af0fb-8f21-4cb9-9c38-ee9a15bb247f => generated 0 bytes in 360 msecs (HTTP/1.1 204) 2 headers in 112 bytes (1 switches on core 0)
2026-07-30 19:47:28.430 7 INFO neutron.db.ovn_revision_numbers_db [None req-98ff5cd9-e18f-4936-b00b-f3e9bad81975 - - - - - -] Successfully bumped revision number for resource c6d5f68e-a728-4c42-8d97-a44d15b39a3b (type: ports) to 2
2026-07-30 19:47:28.490 7 INFO neutron.db.ovn_revision_numbers_db [None req-98ff5cd9-e18f-4936-b00b-f3e9bad81975 - - - - - -] Successfully bumped revision number for resource 4719d95e-2936-4fe7-99f5-0b2fee1df01c (type: subnets) to 0 [pid: 7|app: 0|req: 363/617] 10.0.0.208 () {34 vars in 669 bytes} [Thu Jul 30 19:47:27 2026] POST /v2.0/subnets => generated 626 bytes in 883 msecs (HTTP/1.1 201) 4 headers in 162 bytes (1 switches on core 0)
2026-07-30 19:47:28.611 8 WARNING neutron.plugins.ml2.drivers.ovn.mech_driver.ovsdb.ovn_client [None req-53050d9e-7895-4e7f-bc5c-bc267368e1ec - - - - - -] No port found with ID 8341df0c-d46c-4dac-93f8-037f71326789: RuntimeError: No port found with ID 8341df0c-d46c-4dac-93f8-037f71326789
2026-07-30 19:47:28.631 8 INFO neutron.plugins.ml2.drivers.ovn.mech_driver.mech_driver [None req-53050d9e-7895-4e7f-bc5c-bc267368e1ec - - - - - -] OVN reports status down for port: a36fee1b-e452-40b7-a34d-c0b35f5751e0
2026-07-30 19:47:28.639 8 INFO neutron.plugins.ml2.drivers.ovn.mech_driver.mech_driver [None req-53050d9e-7895-4e7f-bc5c-bc267368e1ec - - - - - -] OVN reports status up for port: a36fee1b-e452-40b7-a34d-c0b35f5751e0
2026-07-30 19:47:28.674 8 INFO neutron.plugins.ml2.drivers.ovn.mech_driver.mech_driver [None req-53050d9e-7895-4e7f-bc5c-bc267368e1ec - - - - - -] OVN reports status down for port: c6d5f68e-a728-4c42-8d97-a44d15b39a3b
2026-07-30 19:47:28.750 7 INFO neutron.db.ovn_revision_numbers_db [None req-2add7c06-2750-49d3-a209-c1720602ceed 917a5d53b28b4a83971d6e31cb8bb4b9 2b59f125df04493bbe061c9620103988 - - default default] Successfully bumped revision number for resource 330e1034-e115-4484-843f-e6975c7a5a76 (type: routers) to 1 [pid: 7|app: 0|req: 364/618] 10.0.0.208 () {34 vars in 669 bytes} [Thu Jul 30 19:47:28 2026] POST /v2.0/routers => generated 602 bytes in 250 msecs (HTTP/1.1 201) 4 headers in 162 bytes (1 switches on core 0) [pid: 8|app: 0|req: 255/619] 10.0.0.208 () {34 vars in 676 bytes} [Thu Jul 30 19:47:28 2026] POST /v2.0/subnetpools => generated 548 bytes in 308 msecs (HTTP/1.1 201) 4 headers in 162 bytes (1 switches on core 0) [pid: 8|app: 0|req: 256/620] 10.0.0.208 () {32 vars in 729 bytes} [Thu Jul 30 19:47:28 2026] GET /v2.0/subnetpools/d8726f28-2668-4847-91f8-71fee00fe77b => generated 548 bytes in 34 msecs (HTTP/1.1 200) 4 headers in 157 bytes (1 switches on core 0) [pid: 8|app: 0|req: 257/621] 10.0.0.208 () {34 vars in 749 bytes} [Thu Jul 30 19:47:28 2026] PUT /v2.0/subnetpools/d8726f28-2668-4847-91f8-71fee00fe77b => generated 500 bytes in 96 msecs (HTTP/1.1 200) 4 headers in 157 bytes (1 switches on core 0) [pid: 8|app: 0|req: 258/622] 10.0.0.208 () {32 vars in 732 bytes} [Thu Jul 30 19:47:28 2026] DELETE /v2.0/subnetpools/d8726f28-2668-4847-91f8-71fee00fe77b => generated 0 bytes in 69 msecs (HTTP/1.1 204) 2 headers in 112 bytes (1 switches on core 0)
2026-07-30 19:47:29.051 8 INFO neutron.api.v2.resource [None req-ae3f33e1-f2b9-4fcf-a89d-27cb6cd6e583 e5b66b46a2854ba48fd8b5e62006c4a3 7c8c34b5fe9049519d6491e1258de0bc - - default default] show failed (client error): The resource could not be found. [pid: 8|app: 0|req: 259/623] 10.0.0.208 () {32 vars in 729 bytes} [Thu Jul 30 19:47:29 2026] GET /v2.0/subnetpools/d8726f28-2668-4847-91f8-71fee00fe77b => generated 145 bytes in 7 msecs (HTTP/1.1 404) 4 headers in 164 bytes (1 switches on core 0)
2026-07-30 19:47:29.076 8 INFO neutron.api.v2.resource [None req-d437231b-09e8-4d07-a504-d700269a522a e5b66b46a2854ba48fd8b5e62006c4a3 7c8c34b5fe9049519d6491e1258de0bc - - default default] delete failed (client error): The resource could not be found. [pid: 8|app: 0|req: 260/624] 10.0.0.208 () {32 vars in 732 bytes} [Thu Jul 30 19:47:29 2026] DELETE /v2.0/subnetpools/d8726f28-2668-4847-91f8-71fee00fe77b => generated 145 bytes in 22 msecs (HTTP/1.1 404) 4 headers in 164 bytes (1 switches on core 0)
2026-07-30 19:47:29.145 7 WARNING neutron.scheduler.dhcp_agent_scheduler [None req-4c233124-d192-4814-abf2-5a9ededb1221 917a5d53b28b4a83971d6e31cb8bb4b9 2b59f125df04493bbe061c9620103988 - - default default] No more DHCP agents
2026-07-30 19:47:29.146 7 WARNING neutron.api.rpc.agentnotifiers.dhcp_rpc_agent_api [None req-4c233124-d192-4814-abf2-5a9ededb1221 917a5d53b28b4a83971d6e31cb8bb4b9 2b59f125df04493bbe061c9620103988 - - default default] Unable to schedule network 1cc8d663-e758-42e0-b4a7-24787fba85c9: no agents available; will retry on subsequent port and subnet creation events.
2026-07-30 19:47:29.310 7 INFO neutron.plugins.ml2.drivers.ovn.mech_driver.mech_driver [None req-7486bb20-953b-4963-b25a-955bcaca8cc8 - - - - - -] OVN reports status down for port: c2658685-57ef-4c30-8669-545fa282ca15
2026-07-30 19:47:29.394 7 INFO neutron.db.ovn_revision_numbers_db [None req-4c233124-d192-4814-abf2-5a9ededb1221 917a5d53b28b4a83971d6e31cb8bb4b9 2b59f125df04493bbe061c9620103988 - - default default] Successfully bumped revision number for resource c2658685-57ef-4c30-8669-545fa282ca15 (type: ports) to 1 [pid: 7|app: 0|req: 365/625] 10.0.0.208 () {34 vars in 665 bytes} [Thu Jul 30 19:47:28 2026] POST /v2.0/ports => generated 947 bytes in 650 msecs (HTTP/1.1 201) 4 headers in 162 bytes (1 switches on core 0) /var/lib/openstack/lib/python3.12/site-packages/pycadf/identifier.py:70: UserWarning: Invalid uuid: neutron. To ensure interoperability, identifiers should be a valid uuid. warnings.warn(('Invalid uuid: %s. To ensure interoperability, '
2026-07-30 19:47:29.967 7 INFO neutron.db.ovn_revision_numbers_db [None req-d2f3827b-93d1-494b-b3ec-f8059315ecb6 905f4279b55e40fab8b51237391c606e 69e91339f2a2479684fcee51df9e936f - - default default] Successfully bumped revision number for resource 798c73f9-a8f0-4473-a24d-282fa39ff580 (type: security_groups) to 1
2026-07-30 19:47:29.990 7 INFO neutron.plugins.ml2.drivers.ovn.mech_driver.mech_driver [None req-7486bb20-953b-4963-b25a-955bcaca8cc8 - - - - - -] OVN reports status up for port: c2658685-57ef-4c30-8669-545fa282ca15
2026-07-30 19:47:30.006 7 INFO neutron.db.ovn_revision_numbers_db [None req-d2f3827b-93d1-494b-b3ec-f8059315ecb6 905f4279b55e40fab8b51237391c606e 69e91339f2a2479684fcee51df9e936f - - default default] Successfully bumped revision number for resource 01403d0e-dcd3-4acc-946c-a0cd1af99ca6 (type: security_group_rules) to 0
2026-07-30 19:47:30.031 8 INFO neutron.db.ovn_revision_numbers_db [None req-86a5df2c-3212-4d5b-870b-c0987467eb73 917a5d53b28b4a83971d6e31cb8bb4b9 2b59f125df04493bbe061c9620103988 - - default default] Successfully bumped revision number for resource c2658685-57ef-4c30-8669-545fa282ca15 (type: ports) to 2
2026-07-30 19:47:30.032 7 INFO neutron.plugins.ml2.plugin [None req-7486bb20-953b-4963-b25a-955bcaca8cc8 - - - - - -] Attempt 1 to provision port c2658685-57ef-4c30-8669-545fa282ca15
2026-07-30 19:47:30.053 7 INFO neutron.db.ovn_revision_numbers_db [None req-d2f3827b-93d1-494b-b3ec-f8059315ecb6 905f4279b55e40fab8b51237391c606e 69e91339f2a2479684fcee51df9e936f - - default default] Successfully bumped revision number for resource 250d51bd-55b9-4b73-b9b9-2bf5e2220fc1 (type: security_group_rules) to 0
2026-07-30 19:47:30.108 7 INFO neutron.db.ovn_revision_numbers_db [None req-d2f3827b-93d1-494b-b3ec-f8059315ecb6 905f4279b55e40fab8b51237391c606e 69e91339f2a2479684fcee51df9e936f - - default default] Successfully bumped revision number for resource 4e1bd8ee-efb0-409b-9159-fb72cd5b73f5 (type: security_group_rules) to 0
2026-07-30 19:47:30.183 7 INFO neutron.db.ovn_revision_numbers_db [None req-d2f3827b-93d1-494b-b3ec-f8059315ecb6 905f4279b55e40fab8b51237391c606e 69e91339f2a2479684fcee51df9e936f - - default default] Successfully bumped revision number for resource a1a3a77d-200b-4fdf-ad89-0713447cf7ac (type: security_group_rules) to 0 [pid: 7|app: 0|req: 366/626] 10.0.0.208 () {32 vars in 774 bytes} [Thu Jul 30 19:47:29 2026] GET /v2.0/security-groups?tenant_id=7c8c34b5fe9049519d6491e1258de0bc&name=default => generated 2925 bytes in 608 msecs (HTTP/1.1 200) 4 headers in 158 bytes (1 switches on core 0)
2026-07-30 19:47:30.556 7 INFO neutron.db.ovn_revision_numbers_db [None req-7486bb20-953b-4963-b25a-955bcaca8cc8 - - - - - -] Successfully bumped revision number for resource c2658685-57ef-4c30-8669-545fa282ca15 (type: ports) to 3
2026-07-30 19:47:30.705 7 INFO neutron.db.ovn_revision_numbers_db [None req-a5d07d12-e70c-4a49-a541-b874d254d700 0731279707d741318e1025c16c8498af 9e27692650e843559b63431c6bae5963 - - default default] Successfully bumped revision number for resource b0e9a9a7-bfc6-438a-b853-bc08f42e6c03 (type: security_groups) to 1
2026-07-30 19:47:30.741 7 INFO neutron.db.ovn_revision_numbers_db [None req-a5d07d12-e70c-4a49-a541-b874d254d700 0731279707d741318e1025c16c8498af 9e27692650e843559b63431c6bae5963 - - default default] Successfully bumped revision number for resource 262736a2-4762-41a2-9511-8a8c24d8fc90 (type: security_group_rules) to 0
2026-07-30 19:47:30.778 7 INFO neutron.db.ovn_revision_numbers_db [None req-a5d07d12-e70c-4a49-a541-b874d254d700 0731279707d741318e1025c16c8498af 9e27692650e843559b63431c6bae5963 - - default default] Successfully bumped revision number for resource 27659dff-d4c2-4615-8efa-baf0e1297804 (type: security_group_rules) to 0
2026-07-30 19:47:30.820 7 INFO neutron.db.ovn_revision_numbers_db [None req-a5d07d12-e70c-4a49-a541-b874d254d700 0731279707d741318e1025c16c8498af 9e27692650e843559b63431c6bae5963 - - default default] Successfully bumped revision number for resource afa46146-bdeb-4e5f-a396-06fa425491ae (type: security_group_rules) to 0
2026-07-30 19:47:30.860 7 INFO neutron.db.ovn_revision_numbers_db [None req-a5d07d12-e70c-4a49-a541-b874d254d700 0731279707d741318e1025c16c8498af 9e27692650e843559b63431c6bae5963 - - default default] Successfully bumped revision number for resource f7bba949-3233-448f-b81d-8b342eae1ede (type: security_group_rules) to 0
2026-07-30 19:47:30.948 7 INFO neutron.db.segments_db [None req-a5d07d12-e70c-4a49-a541-b874d254d700 0731279707d741318e1025c16c8498af 9e27692650e843559b63431c6bae5963 - - default default] Added segment 6e6e2b0c-692a-41b5-adf5-89108975c688 of type geneve for network 47d64f6e-9eb2-48f1-a819-04adb3ecf0d4
2026-07-30 19:47:31.120 7 INFO neutron.db.ovn_revision_numbers_db [None req-a5d07d12-e70c-4a49-a541-b874d254d700 0731279707d741318e1025c16c8498af 9e27692650e843559b63431c6bae5963 - - default default] Successfully bumped revision number for resource 47d64f6e-9eb2-48f1-a819-04adb3ecf0d4 (type: networks) to 1
2026-07-30 19:47:31.326 7 WARNING neutron.scheduler.dhcp_agent_scheduler [None req-a5d07d12-e70c-4a49-a541-b874d254d700 0731279707d741318e1025c16c8498af 9e27692650e843559b63431c6bae5963 - - default default] No more DHCP agents
2026-07-30 19:47:31.328 7 WARNING neutron.api.rpc.agentnotifiers.dhcp_rpc_agent_api [None req-a5d07d12-e70c-4a49-a541-b874d254d700 0731279707d741318e1025c16c8498af 9e27692650e843559b63431c6bae5963 - - default default] Unable to schedule network 47d64f6e-9eb2-48f1-a819-04adb3ecf0d4: no agents available; will retry on subsequent port and subnet creation events.
2026-07-30 19:47:31.347 8 WARNING neutron.scheduler.dhcp_agent_scheduler [None req-86a5df2c-3212-4d5b-870b-c0987467eb73 917a5d53b28b4a83971d6e31cb8bb4b9 2b59f125df04493bbe061c9620103988 - - default default] No more DHCP agents
2026-07-30 19:47:31.349 8 WARNING neutron.api.rpc.agentnotifiers.dhcp_rpc_agent_api [None req-86a5df2c-3212-4d5b-870b-c0987467eb73 917a5d53b28b4a83971d6e31cb8bb4b9 2b59f125df04493bbe061c9620103988 - - default default] Unable to schedule network 1cc8d663-e758-42e0-b4a7-24787fba85c9: no agents available; will retry on subsequent port and subnet creation events.
2026-07-30 19:47:31.389 8 INFO neutron.plugins.ml2.drivers.ovn.mech_driver.mech_driver [None req-53050d9e-7895-4e7f-bc5c-bc267368e1ec - - - - - -] OVN reports status down for port: 442a7dfd-14ba-452b-bdad-68a919dda114
2026-07-30 19:47:31.423 7 INFO neutron.db.ovn_revision_numbers_db [None req-a5d07d12-e70c-4a49-a541-b874d254d700 0731279707d741318e1025c16c8498af 9e27692650e843559b63431c6bae5963 - - default default] Successfully bumped revision number for resource 442a7dfd-14ba-452b-bdad-68a919dda114 (type: ports) to 1 [pid: 7|app: 0|req: 367/627] 10.0.0.208 () {34 vars in 671 bytes} [Thu Jul 30 19:47:30 2026] POST /v2.0/networks => generated 652 bytes in 1199 msecs (HTTP/1.1 201) 4 headers in 162 bytes (1 switches on core 0) /var/lib/openstack/lib/python3.12/site-packages/pycadf/identifier.py:70: UserWarning: Invalid uuid: neutron. To ensure interoperability, identifiers should be a valid uuid. warnings.warn(('Invalid uuid: %s. To ensure interoperability, '
2026-07-30 19:47:31.674 8 INFO neutron.db.ovn_revision_numbers_db [None req-86a5df2c-3212-4d5b-870b-c0987467eb73 917a5d53b28b4a83971d6e31cb8bb4b9 2b59f125df04493bbe061c9620103988 - - default default] Successfully bumped revision number for resource c2658685-57ef-4c30-8669-545fa282ca15 (type: router_ports) to 3 [pid: 8|app: 0|req: 261/628] 10.0.0.208 () {34 vars in 783 bytes} [Thu Jul 30 19:47:29 2026] PUT /v2.0/routers/330e1034-e115-4484-843f-e6975c7a5a76/add_router_interface => generated 309 bytes in 2228 msecs (HTTP/1.1 200) 4 headers in 157 bytes (1 switches on core 0) /var/lib/openstack/lib/python3.12/site-packages/pycadf/identifier.py:70: UserWarning: Invalid uuid: neutron. To ensure interoperability, identifiers should be a valid uuid. warnings.warn(('Invalid uuid: %s. To ensure interoperability, ' [pid: 7|app: 0|req: 368/629] 10.0.0.208 () {32 vars in 740 bytes} [Thu Jul 30 19:47:31 2026] DELETE /v2.0/security-groups/798c73f9-a8f0-4473-a24d-282fa39ff580 => generated 0 bytes in 452 msecs (HTTP/1.1 204) 2 headers in 112 bytes (1 switches on core 0) [pid: 7|app: 0|req: 369/630] 10.0.0.208 () {32 vars in 717 bytes} [Thu Jul 30 19:47:31 2026] GET /v2.0/ports/c2658685-57ef-4c30-8669-545fa282ca15 => generated 1009 bytes in 33 msecs (HTTP/1.1 200) 4 headers in 158 bytes (1 switches on core 0)
2026-07-30 19:47:32.226 8 WARNING neutron.scheduler.dhcp_agent_scheduler [None req-d39ee642-fd7e-471e-9461-f65f3efbf906 0731279707d741318e1025c16c8498af 9e27692650e843559b63431c6bae5963 - - default default] No more DHCP agents
2026-07-30 19:47:32.228 8 WARNING neutron.api.rpc.agentnotifiers.dhcp_rpc_agent_api [None req-d39ee642-fd7e-471e-9461-f65f3efbf906 0731279707d741318e1025c16c8498af 9e27692650e843559b63431c6bae5963 - - default default] Unable to schedule network f5508efc-7c13-43b0-8a0a-7d97a47b7180: no agents available; will retry on subsequent port and subnet creation events.
2026-07-30 19:47:32.259 7 INFO neutron_taas.services.taas.taas_plugin [None req-634da19e-8633-4ce2-a020-76d60f4323b2 917a5d53b28b4a83971d6e31cb8bb4b9 2b59f125df04493bbe061c9620103988 - - default default] TaaS: Handle Delete Port: c2658685-57ef-4c30-8669-545fa282ca15
2026-07-30 19:47:32.262 7 INFO neutron_taas.services.taas.tap_mirror_plugin [None req-634da19e-8633-4ce2-a020-76d60f4323b2 917a5d53b28b4a83971d6e31cb8bb4b9 2b59f125df04493bbe061c9620103988 - - default default] Tap Mirror: Handle Delete Port: c2658685-57ef-4c30-8669-545fa282ca15
2026-07-30 19:47:32.339 8 INFO neutron.plugins.ml2.drivers.ovn.mech_driver.mech_driver [None req-53050d9e-7895-4e7f-bc5c-bc267368e1ec - - - - - -] OVN reports status down for port: f7c8c025-8d4b-451d-a841-2c25c4600b62
2026-07-30 19:47:32.448 8 INFO neutron.db.ovn_revision_numbers_db [None req-d39ee642-fd7e-471e-9461-f65f3efbf906 0731279707d741318e1025c16c8498af 9e27692650e843559b63431c6bae5963 - - default default] Successfully bumped revision number for resource f7c8c025-8d4b-451d-a841-2c25c4600b62 (type: ports) to 1 [pid: 7|app: 0|req: 370/631] 10.0.0.208 () {34 vars in 789 bytes} [Thu Jul 30 19:47:31 2026] PUT /v2.0/routers/330e1034-e115-4484-843f-e6975c7a5a76/remove_router_interface => generated 309 bytes in 747 msecs (HTTP/1.1 200) 4 headers in 157 bytes (1 switches on core 0) /var/lib/openstack/lib/python3.12/site-packages/pycadf/identifier.py:70: UserWarning: Invalid uuid: neutron. To ensure interoperability, identifiers should be a valid uuid. warnings.warn(('Invalid uuid: %s. To ensure interoperability, '
2026-07-30 19:47:32.765 7 INFO neutron.api.v2.resource [None req-5b753f0c-31c2-4620-9e8b-ce1048a25571 917a5d53b28b4a83971d6e31cb8bb4b9 2b59f125df04493bbe061c9620103988 - - default default] remove_router_interface failed (client error): The resource could not be found. [pid: 7|app: 0|req: 371/632] 10.0.0.208 () {34 vars in 789 bytes} [Thu Jul 30 19:47:32 2026] PUT /v2.0/routers/330e1034-e115-4484-843f-e6975c7a5a76/remove_router_interface => generated 197 bytes in 49 msecs (HTTP/1.1 404) 4 headers in 164 bytes (1 switches on core 0)
2026-07-30 19:47:33.074 8 INFO neutron.plugins.ml2.drivers.ovn.mech_driver.ovsdb.commands [None req-3f8be2c5-62aa-489a-ae5d-7c4f0d2d8f59 - - - - - -] Schedule LRP lrp-f7c8c025-8d4b-451d-a841-2c25c4600b62 on gateway 9771e1ff-9ade-413e-a9e6-8672277d8a05 with priority 1
2026-07-30 19:47:33.120 8 INFO neutron.plugins.ml2.drivers.ovn.mech_driver.ovsdb.ovsdb_monitor [-] Router 95f8b686-f8c9-4e7e-93a3-ec5e64634dec is bound to host instance
2026-07-30 19:47:33.125 8 INFO neutron.plugins.ml2.drivers.ovn.mech_driver.mech_driver [None req-53050d9e-7895-4e7f-bc5c-bc267368e1ec - - - - - -] OVN reports status up for port: f7c8c025-8d4b-451d-a841-2c25c4600b62
2026-07-30 19:47:33.171 7 INFO neutron.db.ovn_revision_numbers_db [None req-31b9f66a-42b1-4563-9f2a-dfa8fad0cb3b 805fc715626240b9ae0e428bf3b15cd6 a3cb728a1234469093c78365aab77525 - - default default] Successfully bumped revision number for resource 3139852a-5184-4dda-915f-2dfd8a65fcc6 (type: security_groups) to 1
2026-07-30 19:47:33.213 7 INFO neutron.db.ovn_revision_numbers_db [None req-31b9f66a-42b1-4563-9f2a-dfa8fad0cb3b 805fc715626240b9ae0e428bf3b15cd6 a3cb728a1234469093c78365aab77525 - - default default] Successfully bumped revision number for resource 0285282c-622d-4c78-aaeb-a6a64e8a28f6 (type: security_group_rules) to 0
2026-07-30 19:47:33.243 8 INFO neutron.plugins.ml2.plugin [None req-53050d9e-7895-4e7f-bc5c-bc267368e1ec - - - - - -] Attempt 1 to provision port f7c8c025-8d4b-451d-a841-2c25c4600b62
2026-07-30 19:47:33.271 7 INFO neutron.db.ovn_revision_numbers_db [None req-31b9f66a-42b1-4563-9f2a-dfa8fad0cb3b 805fc715626240b9ae0e428bf3b15cd6 a3cb728a1234469093c78365aab77525 - - default default] Successfully bumped revision number for resource 303af912-28b5-4afd-92a5-be7ecec41e79 (type: security_group_rules) to 0
2026-07-30 19:47:33.305 8 INFO neutron.db.ovn_revision_numbers_db [None req-d39ee642-fd7e-471e-9461-f65f3efbf906 0731279707d741318e1025c16c8498af 9e27692650e843559b63431c6bae5963 - - default default] Successfully bumped revision number for resource f7c8c025-8d4b-451d-a841-2c25c4600b62 (type: router_ports) to 1
2026-07-30 19:47:33.332 7 INFO neutron.db.ovn_revision_numbers_db [None req-31b9f66a-42b1-4563-9f2a-dfa8fad0cb3b 805fc715626240b9ae0e428bf3b15cd6 a3cb728a1234469093c78365aab77525 - - default default] Successfully bumped revision number for resource 3600b184-9201-403b-87fc-636dc1d7e6b2 (type: security_group_rules) to 0
2026-07-30 19:47:33.381 7 INFO neutron.db.ovn_revision_numbers_db [None req-31b9f66a-42b1-4563-9f2a-dfa8fad0cb3b 805fc715626240b9ae0e428bf3b15cd6 a3cb728a1234469093c78365aab77525 - - default default] Successfully bumped revision number for resource a325ba63-544d-4644-8b8f-75e209311e05 (type: security_group_rules) to 0
2026-07-30 19:47:33.466 7 INFO neutron.db.segments_db [None req-31b9f66a-42b1-4563-9f2a-dfa8fad0cb3b 805fc715626240b9ae0e428bf3b15cd6 a3cb728a1234469093c78365aab77525 - - default default] Added segment 3dd780f8-870b-42f8-8d7a-e8e7636d1fed of type geneve for network 3c71aaed-e255-4154-bcda-db3e7e7e07dd
2026-07-30 19:47:33.536 8 INFO neutron.db.ovn_revision_numbers_db [None req-d39ee642-fd7e-471e-9461-f65f3efbf906 0731279707d741318e1025c16c8498af 9e27692650e843559b63431c6bae5963 - - default default] Successfully bumped revision number for resource 95f8b686-f8c9-4e7e-93a3-ec5e64634dec (type: routers) to 2 [pid: 8|app: 0|req: 262/633] 10.0.0.208 () {34 vars in 669 bytes} [Thu Jul 30 19:47:31 2026] POST /v2.0/routers => generated 954 bytes in 1935 msecs (HTTP/1.1 201) 4 headers in 162 bytes (1 switches on core 0)
2026-07-30 19:47:33.625 7 INFO neutron.db.ovn_revision_numbers_db [None req-31b9f66a-42b1-4563-9f2a-dfa8fad0cb3b 805fc715626240b9ae0e428bf3b15cd6 a3cb728a1234469093c78365aab77525 - - default default] Successfully bumped revision number for resource 3c71aaed-e255-4154-bcda-db3e7e7e07dd (type: networks) to 1 [pid: 8|app: 0|req: 263/634] 10.0.0.208 () {32 vars in 736 bytes} [Thu Jul 30 19:47:33 2026] GET /v2.0/ports?device_id=330e1034-e115-4484-843f-e6975c7a5a76 => generated 12 bytes in 39 msecs (HTTP/1.1 200) 4 headers in 156 bytes (1 switches on core 0)
2026-07-30 19:47:33.821 7 WARNING neutron.scheduler.dhcp_agent_scheduler [None req-31b9f66a-42b1-4563-9f2a-dfa8fad0cb3b 805fc715626240b9ae0e428bf3b15cd6 a3cb728a1234469093c78365aab77525 - - default default] No more DHCP agents
2026-07-30 19:47:33.822 7 WARNING neutron.api.rpc.agentnotifiers.dhcp_rpc_agent_api [None req-31b9f66a-42b1-4563-9f2a-dfa8fad0cb3b 805fc715626240b9ae0e428bf3b15cd6 a3cb728a1234469093c78365aab77525 - - default default] Unable to schedule network 3c71aaed-e255-4154-bcda-db3e7e7e07dd: no agents available; will retry on subsequent port and subnet creation events. [pid: 8|app: 0|req: 264/635] 10.0.0.208 () {32 vars in 776 bytes} [Thu Jul 30 19:47:33 2026] GET /v2.0/subnets?project_id=9e27692650e843559b63431c6bae5963&cidr=10.100.0.0%2F28 => generated 14 bytes in 192 msecs (HTTP/1.1 200) 4 headers in 156 bytes (1 switches on core 0)
2026-07-30 19:47:33.935 7 INFO neutron.db.ovn_revision_numbers_db [None req-31b9f66a-42b1-4563-9f2a-dfa8fad0cb3b 805fc715626240b9ae0e428bf3b15cd6 a3cb728a1234469093c78365aab77525 - - default default] Successfully bumped revision number for resource 813908a3-7cc5-4d33-8be6-069732770a78 (type: ports) to 1 [pid: 7|app: 0|req: 372/636] 10.0.0.208 () {34 vars in 670 bytes} [Thu Jul 30 19:47:32 2026] POST /v2.0/networks => generated 650 bytes in 1217 msecs (HTTP/1.1 201) 4 headers in 162 bytes (1 switches on core 0) [pid: 7|app: 0|req: 373/637] 10.0.0.208 () {32 vars in 694 bytes} [Thu Jul 30 19:47:33 2026] GET /v2.0/networks?router%3Aexternal=True => generated 791 bytes in 48 msecs (HTTP/1.1 200) 4 headers in 157 bytes (1 switches on core 0) [pid: 8|app: 0|req: 265/638] 10.0.0.208 () {32 vars in 724 bytes} [Thu Jul 30 19:47:33 2026] DELETE /v2.0/routers/330e1034-e115-4484-843f-e6975c7a5a76 => generated 0 bytes in 436 msecs (HTTP/1.1 204) 2 headers in 112 bytes (1 switches on core 0) [pid: 8|app: 0|req: 266/639] 10.0.0.208 () {32 vars in 784 bytes} [Thu Jul 30 19:47:34 2026] GET /v2.0/subnets?network_id=f5508efc-7c13-43b0-8a0a-7d97a47b7180&cidr=10.100.0.0%2F28 => generated 14 bytes in 33 msecs (HTTP/1.1 200) 4 headers in 156 bytes (1 switches on core 0)
2026-07-30 19:47:34.325 7 WARNING neutron.scheduler.dhcp_agent_scheduler [None req-12179cec-621a-41c8-ac5a-82d2ea4ea520 805fc715626240b9ae0e428bf3b15cd6 a3cb728a1234469093c78365aab77525 - - default default] No more DHCP agents
2026-07-30 19:47:34.327 7 WARNING neutron.api.rpc.agentnotifiers.dhcp_rpc_agent_api [None req-12179cec-621a-41c8-ac5a-82d2ea4ea520 805fc715626240b9ae0e428bf3b15cd6 a3cb728a1234469093c78365aab77525 - - default default] Unable to schedule network 3c71aaed-e255-4154-bcda-db3e7e7e07dd: no agents available; will retry on subsequent port and subnet creation events. [pid: 8|app: 0|req: 267/640] 10.0.0.208 () {32 vars in 724 bytes} [Thu Jul 30 19:47:34 2026] DELETE /v2.0/subnets/4719d95e-2936-4fe7-99f5-0b2fee1df01c => generated 0 bytes in 366 msecs (HTTP/1.1 204) 3 headers in 131 bytes (1 switches on core 0)
2026-07-30 19:47:34.701 8 INFO neutron.db.ovn_revision_numbers_db [None req-ad197c96-2681-419c-8d0e-c5c6124b92c6 - - - - - -] Successfully bumped revision number for resource f7c8c025-8d4b-451d-a841-2c25c4600b62 (type: ports) to 4
2026-07-30 19:47:34.840 7 INFO neutron.db.ovn_revision_numbers_db [None req-ba632089-a488-49d3-aac2-32f76fe587e3 - - - - - -] Successfully bumped revision number for resource 813908a3-7cc5-4d33-8be6-069732770a78 (type: ports) to 2
2026-07-30 19:47:34.896 7 INFO neutron.db.ovn_revision_numbers_db [None req-ba632089-a488-49d3-aac2-32f76fe587e3 - - - - - -] Successfully bumped revision number for resource 8e2c6b0c-0674-4704-8b2d-15f4fcdc7b0d (type: subnets) to 0 [pid: 7|app: 0|req: 374/641] 10.0.0.208 () {34 vars in 669 bytes} [Thu Jul 30 19:47:34 2026] POST /v2.0/subnets => generated 626 bytes in 907 msecs (HTTP/1.1 201) 4 headers in 162 bytes (1 switches on core 0)
2026-07-30 19:47:35.040 7 INFO neutron_taas.services.taas.taas_plugin [None req-4daa9bd7-d234-434c-90a3-4bfcd5602546 917a5d53b28b4a83971d6e31cb8bb4b9 2b59f125df04493bbe061c9620103988 - - default default] TaaS: Handle Delete Port: c6d5f68e-a728-4c42-8d97-a44d15b39a3b
2026-07-30 19:47:35.043 7 INFO neutron_taas.services.taas.tap_mirror_plugin [None req-4daa9bd7-d234-434c-90a3-4bfcd5602546 917a5d53b28b4a83971d6e31cb8bb4b9 2b59f125df04493bbe061c9620103988 - - default default] Tap Mirror: Handle Delete Port: c6d5f68e-a728-4c42-8d97-a44d15b39a3b
2026-07-30 19:47:35.082 8 WARNING neutron.scheduler.dhcp_agent_scheduler [None req-c6f51bf4-5bed-4bc4-9484-adfd11825854 0731279707d741318e1025c16c8498af 9e27692650e843559b63431c6bae5963 - - default default] No more DHCP agents
2026-07-30 19:47:35.092 8 WARNING neutron.api.rpc.agentnotifiers.dhcp_rpc_agent_api [None req-c6f51bf4-5bed-4bc4-9484-adfd11825854 0731279707d741318e1025c16c8498af 9e27692650e843559b63431c6bae5963 - - default default] Unable to schedule network 47d64f6e-9eb2-48f1-a819-04adb3ecf0d4: no agents available; will retry on subsequent port and subnet creation events.
2026-07-30 19:47:35.301 8 INFO neutron.db.ovn_revision_numbers_db [None req-ad197c96-2681-419c-8d0e-c5c6124b92c6 - - - - - -] Successfully bumped revision number for resource f7c8c025-8d4b-451d-a841-2c25c4600b62 (type: ports) to 5
2026-07-30 19:47:35.343 7 INFO neutron.services.segments.plugin [-] Segment d5faa54d-19b2-4fa3-b851-ae5e7fa75269 resource provider aggregate not found
2026-07-30 19:47:35.352 7 INFO neutron.services.segments.plugin [-] Segment d5faa54d-19b2-4fa3-b851-ae5e7fa75269 resource provider aggregate not found
2026-07-30 19:47:35.360 7 INFO neutron.services.segments.plugin [-] Segment d5faa54d-19b2-4fa3-b851-ae5e7fa75269 resource provider not found; error: Placement Client Error (4xx): {"errors": [{"status": 404, "title": "Not Found", "detail": "The resource could not be found.\n\n No resource provider with uuid d5faa54d-19b2-4fa3-b851-ae5e7fa75269 found for delete ", "request_id": "req-b20c9947-9aca-489f-b84f-1e05580edf5d"}]}
2026-07-30 19:47:35.367 7 INFO neutron.services.segments.plugin [-] Segment d5faa54d-19b2-4fa3-b851-ae5e7fa75269 resource provider not found; error: Placement Client Error (4xx): {"errors": [{"status": 404, "title": "Not Found", "detail": "The resource could not be found.\n\n No resource provider with uuid d5faa54d-19b2-4fa3-b851-ae5e7fa75269 found for delete ", "request_id": "req-d2b303ae-8fb6-42b2-bec1-3dbf3fabc744"}]} [pid: 7|app: 0|req: 375/642] 10.0.0.208 () {32 vars in 726 bytes} [Thu Jul 30 19:47:34 2026] DELETE /v2.0/networks/1cc8d663-e758-42e0-b4a7-24787fba85c9 => generated 0 bytes in 500 msecs (HTTP/1.1 204) 3 headers in 131 bytes (1 switches on core 0)
2026-07-30 19:47:35.550 7 INFO neutron.db.segments_db [None req-836b10c5-d947-42dd-8fef-dddd3ce81bef 805fc715626240b9ae0e428bf3b15cd6 a3cb728a1234469093c78365aab77525 - - default default] Added segment 2d361c30-85d8-4143-ab27-b3c9fb4ba2e6 of type geneve for network de556172-9aaa-423b-b352-663534431651
2026-07-30 19:47:35.772 8 INFO neutron.db.ovn_revision_numbers_db [None req-38a37e27-aa40-473e-8d44-49b31ee65b84 - - - - - -] Successfully bumped revision number for resource 442a7dfd-14ba-452b-bdad-68a919dda114 (type: ports) to 2
2026-07-30 19:47:35.775 7 INFO neutron.db.ovn_revision_numbers_db [None req-836b10c5-d947-42dd-8fef-dddd3ce81bef 805fc715626240b9ae0e428bf3b15cd6 a3cb728a1234469093c78365aab77525 - - default default] Successfully bumped revision number for resource de556172-9aaa-423b-b352-663534431651 (type: networks) to 1
2026-07-30 19:47:35.839 8 INFO neutron.db.ovn_revision_numbers_db [None req-38a37e27-aa40-473e-8d44-49b31ee65b84 - - - - - -] Successfully bumped revision number for resource a0aa69f6-5c5f-4250-8e81-681ae08ddfeb (type: subnets) to 0
2026-07-30 19:47:35.864 7 WARNING neutron.plugins.ml2.drivers.ovn.mech_driver.ovsdb.ovn_client [None req-584eeb52-4163-4af2-8d02-6b2c3ffb0b5c - - - - - -] No port found with ID c2658685-57ef-4c30-8669-545fa282ca15: RuntimeError: No port found with ID c2658685-57ef-4c30-8669-545fa282ca15 [pid: 8|app: 0|req: 268/643] 10.0.0.208 () {34 vars in 669 bytes} [Thu Jul 30 19:47:34 2026] POST /v2.0/subnets => generated 656 bytes in 1203 msecs (HTTP/1.1 201) 4 headers in 162 bytes (1 switches on core 0)
2026-07-30 19:47:36.022 7 WARNING neutron.scheduler.dhcp_agent_scheduler [None req-836b10c5-d947-42dd-8fef-dddd3ce81bef 805fc715626240b9ae0e428bf3b15cd6 a3cb728a1234469093c78365aab77525 - - default default] No more DHCP agents
2026-07-30 19:47:36.023 7 WARNING neutron.api.rpc.agentnotifiers.dhcp_rpc_agent_api [None req-836b10c5-d947-42dd-8fef-dddd3ce81bef 805fc715626240b9ae0e428bf3b15cd6 a3cb728a1234469093c78365aab77525 - - default default] Unable to schedule network de556172-9aaa-423b-b352-663534431651: no agents available; will retry on subsequent port and subnet creation events.
2026-07-30 19:47:36.024 8 INFO neutron.db.segments_db [None req-1f0490c6-2008-4fae-b8a1-6b8e0c1c4bca 917a5d53b28b4a83971d6e31cb8bb4b9 2b59f125df04493bbe061c9620103988 - - default default] Added segment db075014-8f48-4040-a37f-cf2ed2f8df5e of type geneve for network 16a7aea2-89bc-407d-8e14-2a52233f5955
2026-07-30 19:47:36.172 7 INFO neutron.db.ovn_revision_numbers_db [None req-836b10c5-d947-42dd-8fef-dddd3ce81bef 805fc715626240b9ae0e428bf3b15cd6 a3cb728a1234469093c78365aab77525 - - default default] Successfully bumped revision number for resource 0d751462-93ed-48ea-b393-5809eb0a656b (type: ports) to 1 [pid: 7|app: 0|req: 376/644] 10.0.0.208 () {34 vars in 670 bytes} [Thu Jul 30 19:47:35 2026] POST /v2.0/networks => generated 649 bytes in 802 msecs (HTTP/1.1 201) 4 headers in 162 bytes (1 switches on core 0)
2026-07-30 19:47:36.261 8 INFO neutron.db.ovn_revision_numbers_db [None req-1f0490c6-2008-4fae-b8a1-6b8e0c1c4bca 917a5d53b28b4a83971d6e31cb8bb4b9 2b59f125df04493bbe061c9620103988 - - default default] Successfully bumped revision number for resource 16a7aea2-89bc-407d-8e14-2a52233f5955 (type: networks) to 1
2026-07-30 19:47:36.357 8 INFO neutron.plugins.ml2.drivers.ovn.mech_driver.mech_driver [None req-53050d9e-7895-4e7f-bc5c-bc267368e1ec - - - - - -] OVN reports status down for port: 813908a3-7cc5-4d33-8be6-069732770a78
2026-07-30 19:47:36.470 8 INFO neutron.plugins.ml2.drivers.ovn.mech_driver.mech_driver [None req-53050d9e-7895-4e7f-bc5c-bc267368e1ec - - - - - -] OVN reports status down for port: 0d751462-93ed-48ea-b393-5809eb0a656b
2026-07-30 19:47:36.531 8 WARNING neutron.scheduler.dhcp_agent_scheduler [None req-1f0490c6-2008-4fae-b8a1-6b8e0c1c4bca 917a5d53b28b4a83971d6e31cb8bb4b9 2b59f125df04493bbe061c9620103988 - - default default] No more DHCP agents
2026-07-30 19:47:36.533 8 WARNING neutron.api.rpc.agentnotifiers.dhcp_rpc_agent_api [None req-1f0490c6-2008-4fae-b8a1-6b8e0c1c4bca 917a5d53b28b4a83971d6e31cb8bb4b9 2b59f125df04493bbe061c9620103988 - - default default] Unable to schedule network 16a7aea2-89bc-407d-8e14-2a52233f5955: no agents available; will retry on subsequent port and subnet creation events.
2026-07-30 19:47:36.642 7 INFO neutron.plugins.ml2.drivers.ovn.mech_driver.mech_driver [None req-584eeb52-4163-4af2-8d02-6b2c3ffb0b5c - - - - - -] OVN reports status down for port: f3ed9bb5-108c-45ca-a89b-cfdcf282a909
2026-07-30 19:47:36.693 8 INFO neutron.db.ovn_revision_numbers_db [None req-1f0490c6-2008-4fae-b8a1-6b8e0c1c4bca 917a5d53b28b4a83971d6e31cb8bb4b9 2b59f125df04493bbe061c9620103988 - - default default] Successfully bumped revision number for resource f3ed9bb5-108c-45ca-a89b-cfdcf282a909 (type: ports) to 1 [pid: 8|app: 0|req: 269/645] 10.0.0.208 () {34 vars in 670 bytes} [Thu Jul 30 19:47:35 2026] POST /v2.0/networks => generated 649 bytes in 859 msecs (HTTP/1.1 201) 4 headers in 162 bytes (1 switches on core 0)
2026-07-30 19:47:36.833 7 WARNING neutron.scheduler.dhcp_agent_scheduler [None req-2ddcd1b4-9df2-44d2-a4f7-ea63038ebd93 0731279707d741318e1025c16c8498af 9e27692650e843559b63431c6bae5963 - - default default] No more DHCP agents
2026-07-30 19:47:36.835 7 WARNING neutron.api.rpc.agentnotifiers.dhcp_rpc_agent_api [None req-2ddcd1b4-9df2-44d2-a4f7-ea63038ebd93 0731279707d741318e1025c16c8498af 9e27692650e843559b63431c6bae5963 - - default default] Unable to schedule network 47d64f6e-9eb2-48f1-a819-04adb3ecf0d4: no agents available; will retry on subsequent port and subnet creation events.
2026-07-30 19:47:36.946 8 INFO neutron.plugins.ml2.drivers.ovn.mech_driver.mech_driver [None req-53050d9e-7895-4e7f-bc5c-bc267368e1ec - - - - - -] OVN reports status down for port: 02727175-a010-46fe-9982-ad78ac19a860
2026-07-30 19:47:37.006 7 INFO neutron.db.ovn_revision_numbers_db [None req-2ddcd1b4-9df2-44d2-a4f7-ea63038ebd93 0731279707d741318e1025c16c8498af 9e27692650e843559b63431c6bae5963 - - default default] Successfully bumped revision number for resource 02727175-a010-46fe-9982-ad78ac19a860 (type: ports) to 1
2026-07-30 19:47:37.082 8 WARNING neutron.scheduler.dhcp_agent_scheduler [None req-2ce63701-2c59-47ea-b3bb-a7f0fccee64e 805fc715626240b9ae0e428bf3b15cd6 a3cb728a1234469093c78365aab77525 - - default default] No more DHCP agents
2026-07-30 19:47:37.083 8 WARNING neutron.api.rpc.agentnotifiers.dhcp_rpc_agent_api [None req-2ce63701-2c59-47ea-b3bb-a7f0fccee64e 805fc715626240b9ae0e428bf3b15cd6 a3cb728a1234469093c78365aab77525 - - default default] Unable to schedule network de556172-9aaa-423b-b352-663534431651: no agents available; will retry on subsequent port and subnet creation events.
2026-07-30 19:47:37.553 8 INFO neutron.db.ovn_revision_numbers_db [None req-e3d08bc7-c1b6-484d-a931-15ddb6633e0e - - - - - -] Successfully bumped revision number for resource 0d751462-93ed-48ea-b393-5809eb0a656b (type: ports) to 2
2026-07-30 19:47:37.614 8 INFO neutron.db.ovn_revision_numbers_db [None req-e3d08bc7-c1b6-484d-a931-15ddb6633e0e - - - - - -] Successfully bumped revision number for resource 81c9d9d0-2896-4e20-ba43-af72e2cb5c6f (type: subnets) to 0 [pid: 8|app: 0|req: 270/646] 10.0.0.208 () {34 vars in 669 bytes} [Thu Jul 30 19:47:36 2026] POST /v2.0/subnets => generated 629 bytes in 913 msecs (HTTP/1.1 201) 4 headers in 162 bytes (1 switches on core 0)
2026-07-30 19:47:37.721 8 INFO neutron.plugins.ml2.drivers.ovn.mech_driver.mech_driver [None req-53050d9e-7895-4e7f-bc5c-bc267368e1ec - - - - - -] OVN reports status up for port: 02727175-a010-46fe-9982-ad78ac19a860
2026-07-30 19:47:37.757 8 INFO neutron.plugins.ml2.plugin [None req-53050d9e-7895-4e7f-bc5c-bc267368e1ec - - - - - -] Attempt 1 to provision port 02727175-a010-46fe-9982-ad78ac19a860
2026-07-30 19:47:37.774 7 WARNING neutron.scheduler.dhcp_agent_scheduler [None req-2ddcd1b4-9df2-44d2-a4f7-ea63038ebd93 0731279707d741318e1025c16c8498af 9e27692650e843559b63431c6bae5963 - - default default] No more DHCP agents
2026-07-30 19:47:37.775 7 WARNING neutron.api.rpc.agentnotifiers.dhcp_rpc_agent_api [None req-2ddcd1b4-9df2-44d2-a4f7-ea63038ebd93 0731279707d741318e1025c16c8498af 9e27692650e843559b63431c6bae5963 - - default default] Unable to schedule network 47d64f6e-9eb2-48f1-a819-04adb3ecf0d4: no agents available; will retry on subsequent port and subnet creation events.
2026-07-30 19:47:38.149 7 INFO neutron.db.ovn_revision_numbers_db [None req-2ddcd1b4-9df2-44d2-a4f7-ea63038ebd93 0731279707d741318e1025c16c8498af 9e27692650e843559b63431c6bae5963 - - default default] Successfully bumped revision number for resource 02727175-a010-46fe-9982-ad78ac19a860 (type: router_ports) to 1 [pid: 7|app: 0|req: 377/647] 10.0.0.208 () {34 vars in 783 bytes} [Thu Jul 30 19:47:36 2026] PUT /v2.0/routers/95f8b686-f8c9-4e7e-93a3-ec5e64634dec/add_router_interface => generated 309 bytes in 1911 msecs (HTTP/1.1 200) 4 headers in 157 bytes (1 switches on core 0)
2026-07-30 19:47:38.265 8 WARNING neutron.scheduler.dhcp_agent_scheduler [None req-d7234532-00e0-4781-97f7-fc459438ba36 936d5761b0944e94b1096cb78ed86617 d2d74e83692b459bbda021636d4568d9 - - default default] No more DHCP agents
2026-07-30 19:47:38.269 8 WARNING neutron.api.rpc.agentnotifiers.dhcp_rpc_agent_api [None req-d7234532-00e0-4781-97f7-fc459438ba36 936d5761b0944e94b1096cb78ed86617 d2d74e83692b459bbda021636d4568d9 - - default default] Unable to schedule network f5508efc-7c13-43b0-8a0a-7d97a47b7180: no agents available; will retry on subsequent port and subnet creation events.
2026-07-30 19:47:38.388 7 WARNING neutron.scheduler.dhcp_agent_scheduler [None req-86001265-dea2-4a69-9591-b99d7d3f0e48 917a5d53b28b4a83971d6e31cb8bb4b9 2b59f125df04493bbe061c9620103988 - - default default] No more DHCP agents
2026-07-30 19:47:38.389 7 WARNING neutron.api.rpc.agentnotifiers.dhcp_rpc_agent_api [None req-86001265-dea2-4a69-9591-b99d7d3f0e48 917a5d53b28b4a83971d6e31cb8bb4b9 2b59f125df04493bbe061c9620103988 - - default default] Unable to schedule network 16a7aea2-89bc-407d-8e14-2a52233f5955: no agents available; will retry on subsequent port and subnet creation events.
2026-07-30 19:47:38.412 8 INFO neutron.db.ovn_revision_numbers_db [None req-53050d9e-7895-4e7f-bc5c-bc267368e1ec - - - - - -] Successfully bumped revision number for resource 02727175-a010-46fe-9982-ad78ac19a860 (type: ports) to 2 [pid: 8|app: 0|req: 271/648] 10.0.0.208 () {34 vars in 676 bytes} [Thu Jul 30 19:47:37 2026] POST /v2.0/floatingips => generated 552 bytes in 1007 msecs (HTTP/1.1 201) 4 headers in 162 bytes (1 switches on core 0)
2026-07-30 19:47:38.787 8 INFO neutron.db.segments_db [None req-0e63e2d9-9742-40f1-a573-f6d36ed255af 805fc715626240b9ae0e428bf3b15cd6 a3cb728a1234469093c78365aab77525 - - default default] Added segment a31b3262-e4f5-40aa-9078-a6bf83be31c0 of type geneve for network f42736a8-d894-4a8f-85c4-3af6e31c6528
2026-07-30 19:47:38.865 7 INFO neutron.db.ovn_revision_numbers_db [None req-ca956476-58b1-4d1e-b995-3f3987b8ba13 - - - - - -] Successfully bumped revision number for resource f3ed9bb5-108c-45ca-a89b-cfdcf282a909 (type: ports) to 2
2026-07-30 19:47:38.924 7 INFO neutron.db.ovn_revision_numbers_db [None req-ca956476-58b1-4d1e-b995-3f3987b8ba13 - - - - - -] Successfully bumped revision number for resource dbd2051e-a131-48ea-9e34-b854fb7cbee8 (type: subnets) to 0 [pid: 7|app: 0|req: 378/649] 10.0.0.208 () {34 vars in 669 bytes} [Thu Jul 30 19:47:38 2026] POST /v2.0/subnets => generated 626 bytes in 815 msecs (HTTP/1.1 201) 4 headers in 162 bytes (1 switches on core 0)
2026-07-30 19:47:38.994 8 INFO neutron.db.ovn_revision_numbers_db [None req-0e63e2d9-9742-40f1-a573-f6d36ed255af 805fc715626240b9ae0e428bf3b15cd6 a3cb728a1234469093c78365aab77525 - - default default] Successfully bumped revision number for resource f42736a8-d894-4a8f-85c4-3af6e31c6528 (type: networks) to 1 [pid: 7|app: 0|req: 379/650] 10.0.0.208 () {32 vars in 649 bytes} [Thu Jul 30 19:47:38 2026] GET /v2.0/networks => generated 4663 bytes in 67 msecs (HTTP/1.1 200) 4 headers in 158 bytes (1 switches on core 0)
2026-07-30 19:47:39.214 8 WARNING neutron.scheduler.dhcp_agent_scheduler [None req-0e63e2d9-9742-40f1-a573-f6d36ed255af 805fc715626240b9ae0e428bf3b15cd6 a3cb728a1234469093c78365aab77525 - - default default] No more DHCP agents
2026-07-30 19:47:39.215 8 WARNING neutron.api.rpc.agentnotifiers.dhcp_rpc_agent_api [None req-0e63e2d9-9742-40f1-a573-f6d36ed255af 805fc715626240b9ae0e428bf3b15cd6 a3cb728a1234469093c78365aab77525 - - default default] Unable to schedule network f42736a8-d894-4a8f-85c4-3af6e31c6528: no agents available; will retry on subsequent port and subnet creation events.
2026-07-30 19:47:39.274 7 INFO neutron.plugins.ml2.drivers.ovn.mech_driver.mech_driver [None req-584eeb52-4163-4af2-8d02-6b2c3ffb0b5c - - - - - -] OVN reports status down for port: 14072389-7b4b-429e-824a-e2b5f04b4817
2026-07-30 19:47:39.322 8 INFO neutron.db.ovn_revision_numbers_db [None req-0e63e2d9-9742-40f1-a573-f6d36ed255af 805fc715626240b9ae0e428bf3b15cd6 a3cb728a1234469093c78365aab77525 - - default default] Successfully bumped revision number for resource 14072389-7b4b-429e-824a-e2b5f04b4817 (type: ports) to 1
2026-07-30 19:47:39.336 7 WARNING neutron.scheduler.dhcp_agent_scheduler [None req-c177b567-d6d3-4423-86e8-b3f30dcd04af 936d5761b0944e94b1096cb78ed86617 d2d74e83692b459bbda021636d4568d9 - - default default] No more DHCP agents
2026-07-30 19:47:39.337 7 WARNING neutron.api.rpc.agentnotifiers.dhcp_rpc_agent_api [None req-c177b567-d6d3-4423-86e8-b3f30dcd04af 936d5761b0944e94b1096cb78ed86617 d2d74e83692b459bbda021636d4568d9 - - default default] Unable to schedule network f5508efc-7c13-43b0-8a0a-7d97a47b7180: no agents available; will retry on subsequent port and subnet creation events. [pid: 8|app: 0|req: 272/651] 10.0.0.208 () {34 vars in 670 bytes} [Thu Jul 30 19:47:38 2026] POST /v2.0/networks => generated 650 bytes in 704 msecs (HTTP/1.1 201) 4 headers in 162 bytes (1 switches on core 0)
2026-07-30 19:47:39.547 8 INFO neutron.db.ovn_revision_numbers_db [None req-e098d92c-cb09-4eae-a4b0-d3c0381b6204 917a5d53b28b4a83971d6e31cb8bb4b9 2b59f125df04493bbe061c9620103988 - - default default] Successfully bumped revision number for resource 1e390191-6e01-4a91-89eb-daec05142e00 (type: routers) to 1 [pid: 8|app: 0|req: 273/652] 10.0.0.208 () {34 vars in 669 bytes} [Thu Jul 30 19:47:39 2026] POST /v2.0/routers => generated 602 bytes in 213 msecs (HTTP/1.1 201) 4 headers in 162 bytes (1 switches on core 0) [pid: 8|app: 0|req: 274/653] 10.0.0.208 () {32 vars in 647 bytes} [Thu Jul 30 19:47:39 2026] GET /v2.0/subnets => generated 3236 bytes in 35 msecs (HTTP/1.1 200) 4 headers in 158 bytes (1 switches on core 0) [pid: 7|app: 0|req: 380/654] 10.0.0.208 () {34 vars in 676 bytes} [Thu Jul 30 19:47:39 2026] POST /v2.0/floatingips => generated 552 bytes in 711 msecs (HTTP/1.1 201) 4 headers in 162 bytes (1 switches on core 0)
2026-07-30 19:47:39.860 8 WARNING neutron.scheduler.dhcp_agent_scheduler [None req-49dc8995-ff24-4c92-857d-2848ae4b4703 805fc715626240b9ae0e428bf3b15cd6 a3cb728a1234469093c78365aab77525 - - default default] No more DHCP agents
2026-07-30 19:47:39.863 8 WARNING neutron.api.rpc.agentnotifiers.dhcp_rpc_agent_api [None req-49dc8995-ff24-4c92-857d-2848ae4b4703 805fc715626240b9ae0e428bf3b15cd6 a3cb728a1234469093c78365aab77525 - - default default] Unable to schedule network f42736a8-d894-4a8f-85c4-3af6e31c6528: no agents available; will retry on subsequent port and subnet creation events.
2026-07-30 19:47:40.120 7 WARNING neutron.scheduler.dhcp_agent_scheduler [None req-b7cb414a-528e-4f72-8cb4-75a0799eeccb 917a5d53b28b4a83971d6e31cb8bb4b9 2b59f125df04493bbe061c9620103988 - - default default] No more DHCP agents
