2026-05-11 02:02:54.472 9 INFO neutron.notifiers.nova [-] Nova event matching ['req-c5cc5bb6-216e-4fb8-b6b3-b0c9c34926c9'] response: {'server_uuid': '64dfdba5-df07-49b2-b372-bae794215418', 'name': 'network-vif-deleted', 'tag': '719675b9-3b8b-4c20-ab43-5e1f00f75d76', 'status': 'completed', 'code': 200}
2026-05-11 02:02:54.575 9 INFO neutron.db.ovn_revision_numbers_db [None req-d3b99b26-6804-494a-996a-49b8282b2332 - - - - - -] Successfully bumped revision number for resource 9339d4e1-1579-4da0-82aa-134a14266c13 (type: ports) to 1
2026-05-11 02:02:54.577 9 INFO neutron.db.ovn_revision_numbers_db [None req-c56a4960-717d-4f69-b50c-4371f5a98dbe f6a1eab280bb4675a19f2737111a8190 2a02514e1226463db8226cdf845d2c0b - - default default] Successfully bumped revision number for resource d0f4757b-77b6-4b54-8e17-066c95090d8d (type: security_groups) to 1
2026-05-11 02:02:54.594 9 INFO neutron.db.ovn_revision_numbers_db [None req-c56a4960-717d-4f69-b50c-4371f5a98dbe f6a1eab280bb4675a19f2737111a8190 2a02514e1226463db8226cdf845d2c0b - - default default] Successfully bumped revision number for resource 32bb4532-7b11-466e-ae30-23f5a4328a99 (type: security_group_rules) to 0
2026-05-11 02:02:54.616 9 INFO neutron.db.ovn_revision_numbers_db [None req-c56a4960-717d-4f69-b50c-4371f5a98dbe f6a1eab280bb4675a19f2737111a8190 2a02514e1226463db8226cdf845d2c0b - - default default] Successfully bumped revision number for resource 494f6b68-e132-442d-8425-b7695e62010e (type: security_group_rules) to 0
2026-05-11 02:02:54.642 9 INFO neutron.db.ovn_revision_numbers_db [None req-c56a4960-717d-4f69-b50c-4371f5a98dbe f6a1eab280bb4675a19f2737111a8190 2a02514e1226463db8226cdf845d2c0b - - default default] Successfully bumped revision number for resource 5a4122ab-557a-40a7-89ac-2ece91376ca0 (type: security_group_rules) to 0
2026-05-11 02:02:54.666 9 INFO neutron.db.ovn_revision_numbers_db [None req-c56a4960-717d-4f69-b50c-4371f5a98dbe f6a1eab280bb4675a19f2737111a8190 2a02514e1226463db8226cdf845d2c0b - - default default] Successfully bumped revision number for resource fe16202e-74fb-4013-97b1-4733ce2cfbde (type: security_group_rules) to 0
2026-05-11 02:02:54.707 9 INFO neutron.wsgi [None req-c56a4960-717d-4f69-b50c-4371f5a98dbe f6a1eab280bb4675a19f2737111a8190 2a02514e1226463db8226cdf845d2c0b - - default default] 10.0.0.96 "GET /v2.0/security-groups?tenant_id=a70d4bd6a4b74e488e4c8ffaa20ab5ca&name=default HTTP/1.1" status: 200 len: 2996 time: 0.2972128
2026-05-11 02:02:54.737 10 INFO neutron.wsgi [None req-22021bdc-7334-4ed7-8eec-4e5c035bf5b6 f6a1eab280bb4675a19f2737111a8190 2a02514e1226463db8226cdf845d2c0b - - default default] 10.0.0.230 "GET /v2.0/ports HTTP/1.1" status: 200 len: 14960 time: 0.2387991
2026-05-11 02:02:54.772 10 WARNING neutron.scheduler.dhcp_agent_scheduler [None req-5ae77763-a579-4910-9379-defae1101dbc f6a1eab280bb4675a19f2737111a8190 2a02514e1226463db8226cdf845d2c0b - - default default] No more DHCP agents
2026-05-11 02:02:54.783 10 WARNING neutron.api.rpc.agentnotifiers.dhcp_rpc_agent_api [None req-5ae77763-a579-4910-9379-defae1101dbc f6a1eab280bb4675a19f2737111a8190 2a02514e1226463db8226cdf845d2c0b - - default default] Unable to schedule network df59a687-f2a4-4799-a258-200b99d818d8: no agents available; will retry on subsequent port and subnet creation events.
2026-05-11 02:02:54.893 10 INFO neutron.wsgi [None req-cd567f74-b2d6-45f8-b436-55984d2c9013 f6a1eab280bb4675a19f2737111a8190 2a02514e1226463db8226cdf845d2c0b - - default default] 10.0.0.230 "GET /v2.0/routers HTTP/1.1" status: 200 len: 2214 time: 0.1439514
2026-05-11 02:02:54.925 10 INFO neutron.wsgi [None req-2caad48c-4cd0-47fa-bf07-44cfaa2313fa f6a1eab280bb4675a19f2737111a8190 2a02514e1226463db8226cdf845d2c0b - - default default] 10.0.0.230 "GET /v2.0/agents?binary=ovn-controller HTTP/1.1" status: 200 len: 591 time: 0.0279310
2026-05-11 02:02:54.950 10 INFO neutron.wsgi [None req-726206e6-a542-45fe-85eb-0e3d43ee2f06 f6a1eab280bb4675a19f2737111a8190 2a02514e1226463db8226cdf845d2c0b - - default default] 10.0.0.230 "GET /v2.0/network-ip-availabilities HTTP/1.1" status: 200 len: 2720 time: 0.0211539
2026-05-11 02:02:54.975 10 INFO neutron.db.ovn_revision_numbers_db [None req-b7777e05-7891-4ff9-942e-f3b3cf2918f3 f6a1eab280bb4675a19f2737111a8190 2a02514e1226463db8226cdf845d2c0b - - default default] Successfully bumped revision number for resource 0d0e465e-b0cd-4d1b-b5e4-57c469a5d094 (type: router_ports) to 1
2026-05-11 02:02:54.977 10 INFO neutron.wsgi [None req-b7777e05-7891-4ff9-942e-f3b3cf2918f3 f6a1eab280bb4675a19f2737111a8190 2a02514e1226463db8226cdf845d2c0b - - default default] 10.0.0.96 "PUT /v2.0/routers/efe04b73-2a45-4a64-a74e-32bd5afa055d/add_router_interface HTTP/1.1" status: 200 len: 503 time: 3.4689522
2026-05-11 02:02:55.017 10 INFO neutron.wsgi [None req-5a1f3f66-1fdb-4bac-91e1-e07c4764592a f6a1eab280bb4675a19f2737111a8190 2a02514e1226463db8226cdf845d2c0b - - default default] 10.0.0.230 "GET /v2.0/subnets HTTP/1.1" status: 200 len: 3411 time: 0.0625770
2026-05-11 02:02:55.019 10 INFO neutron.db.ovn_revision_numbers_db [None req-bf330d73-d748-4cf8-baff-df318e4b0fae - - - - - -] Successfully bumped revision number for resource 0d0e465e-b0cd-4d1b-b5e4-57c469a5d094 (type: ports) to 2
2026-05-11 02:02:55.033 9 INFO neutron.db.ovn_revision_numbers_db [None req-d3b99b26-6804-494a-996a-49b8282b2332 - - - - - -] Successfully bumped revision number for resource 9339d4e1-1579-4da0-82aa-134a14266c13 (type: router_ports) to 3
2026-05-11 02:02:55.046 10 INFO neutron.wsgi [None req-07fa5eb9-aa8b-4114-bc92-d0d18556062d f6a1eab280bb4675a19f2737111a8190 2a02514e1226463db8226cdf845d2c0b - - default default] 10.0.0.230 "GET /v2.0/subnetpools HTTP/1.1" status: 200 len: 193 time: 0.0224380
2026-05-11 02:02:55.092 10 INFO neutron.wsgi [None req-2e4c9462-e0ad-4fde-b355-75548249cb19 f6a1eab280bb4675a19f2737111a8190 2a02514e1226463db8226cdf845d2c0b - - default default] 10.0.0.230 "GET /v2.0/floatingips HTTP/1.1" status: 200 len: 730 time: 0.0419915
2026-05-11 02:02:55.133 9 INFO neutron.wsgi [None req-021cd37f-40d5-48e7-a439-7e338fa9a01b f6a1eab280bb4675a19f2737111a8190 2a02514e1226463db8226cdf845d2c0b - - default default] 10.0.0.96 "DELETE /v2.0/security-groups/d0f4757b-77b6-4b54-8e17-066c95090d8d HTTP/1.1" status: 204 len: 168 time: 0.4207165
2026-05-11 02:02:55.166 9 INFO neutron.db.ovn_revision_numbers_db [None req-d3b99b26-6804-494a-996a-49b8282b2332 - - - - - -] Successfully bumped revision number for resource 9339d4e1-1579-4da0-82aa-134a14266c13 (type: ports) to 2
2026-05-11 02:02:55.304 10 INFO neutron.db.ovn_revision_numbers_db [None req-5ae77763-a579-4910-9379-defae1101dbc f6a1eab280bb4675a19f2737111a8190 2a02514e1226463db8226cdf845d2c0b - - default default] Successfully bumped revision number for resource 893872b9-ec5c-4fef-99c2-8b38af96cba6 (type: ports) to 1
2026-05-11 02:02:55.312 10 INFO neutron.wsgi [None req-14372e46-a5e9-438f-b843-7333b97ccf1b f6a1eab280bb4675a19f2737111a8190 2a02514e1226463db8226cdf845d2c0b - - default default] 10.0.0.230 "GET /v2.0/networks HTTP/1.1" status: 200 len: 4635 time: 0.2185204
2026-05-11 02:02:55.368 10 INFO neutron.db.ovn_revision_numbers_db [None req-bf330d73-d748-4cf8-baff-df318e4b0fae - - - - - -] Successfully bumped revision number for resource 0d0e465e-b0cd-4d1b-b5e4-57c469a5d094 (type: router_ports) to 2
2026-05-11 02:02:55.373 10 INFO neutron.wsgi [None req-679f212e-8b51-4e53-9bc3-8d51c0751fd9 f6a1eab280bb4675a19f2737111a8190 2a02514e1226463db8226cdf845d2c0b - - default default] 10.0.0.230 "GET /v2.0/subnets HTTP/1.1" status: 200 len: 3411 time: 0.0556288
2026-05-11 02:02:55.397 10 INFO neutron.wsgi [None req-f6a76eac-c452-4a6d-8719-aa5e12fbc9b6 f6a1eab280bb4675a19f2737111a8190 2a02514e1226463db8226cdf845d2c0b - - default default] 10.0.0.230 "GET /v2.0/agents HTTP/1.1" status: 200 len: 997 time: 0.0182168
2026-05-11 02:02:55.441 9 INFO neutron.db.ovn_revision_numbers_db [None req-d3b99b26-6804-494a-996a-49b8282b2332 - - - - - -] Successfully bumped revision number for resource 9339d4e1-1579-4da0-82aa-134a14266c13 (type: ports) to 4
2026-05-11 02:02:55.505 10 INFO neutron.wsgi [None req-b393e0a4-3044-42a3-8026-05ee426d8f4b f6a1eab280bb4675a19f2737111a8190 2a02514e1226463db8226cdf845d2c0b - - default default] 10.0.0.230 "GET /v2.0/security-groups HTTP/1.1" status: 200 len: 27871 time: 0.1062326
2026-05-11 02:02:55.637 10 INFO neutron.wsgi [None req-f146c883-3cc8-4a63-9502-c35e5f5099cf b3b6fba760ce4c7dbcf7218662750ee7 72b6dc0253aa47c9b8fb8e81b39c7fe0 - - default default] 10.0.0.96 "DELETE /v2.0/security-groups/09857a84-8ee5-4ae5-a1ed-7b03dc5a954d HTTP/1.1" status: 204 len: 168 time: 0.1619833
2026-05-11 02:02:55.660 9 INFO neutron.api.v2.resource [None req-e01b74c5-b5d8-4484-aa08-0d88af35d870 b3b6fba760ce4c7dbcf7218662750ee7 72b6dc0253aa47c9b8fb8e81b39c7fe0 - - default default] show failed (client error): The resource could not be found.
2026-05-11 02:02:55.661 9 INFO neutron.wsgi [None req-e01b74c5-b5d8-4484-aa08-0d88af35d870 b3b6fba760ce4c7dbcf7218662750ee7 72b6dc0253aa47c9b8fb8e81b39c7fe0 - - default default] 10.0.0.96 "GET /v2.0/security-groups/09857a84-8ee5-4ae5-a1ed-7b03dc5a954d HTTP/1.1" status: 404 len: 347 time: 0.0199292
2026-05-11 02:02:55.720 9 INFO neutron.db.ovn_revision_numbers_db [None req-d3b99b26-6804-494a-996a-49b8282b2332 - - - - - -] Successfully bumped revision number for resource 9339d4e1-1579-4da0-82aa-134a14266c13 (type: router_ports) to 4
2026-05-11 02:02:55.754 9 INFO neutron.db.ovn_revision_numbers_db [None req-2c640c12-90d7-49db-ae2e-b61509a829fd fc84de9d4f714eae95f071a13b3396fc aa9bff6e6201488b86c97f6ffd9a73bf - - default default] Successfully bumped revision number for resource c7e2d596-8c03-497f-8be3-708e63ac62ba (type: security_groups) to 1
2026-05-11 02:02:55.767 9 INFO neutron.db.ovn_revision_numbers_db [None req-2c640c12-90d7-49db-ae2e-b61509a829fd fc84de9d4f714eae95f071a13b3396fc aa9bff6e6201488b86c97f6ffd9a73bf - - default default] Successfully bumped revision number for resource 7c252279-6f84-4a43-883f-3a95b74d1b5c (type: security_group_rules) to 0
2026-05-11 02:02:55.780 9 INFO neutron.db.ovn_revision_numbers_db [None req-2c640c12-90d7-49db-ae2e-b61509a829fd fc84de9d4f714eae95f071a13b3396fc aa9bff6e6201488b86c97f6ffd9a73bf - - default default] Successfully bumped revision number for resource b5027e79-8809-40fe-9d21-a7f2b936afd4 (type: security_group_rules) to 0
2026-05-11 02:02:55.798 9 INFO neutron.wsgi [None req-2c640c12-90d7-49db-ae2e-b61509a829fd fc84de9d4f714eae95f071a13b3396fc aa9bff6e6201488b86c97f6ffd9a73bf - - default default] 10.0.0.96 "POST /v2.0/security-groups HTTP/1.1" status: 201 len: 1795 time: 0.1974459
2026-05-11 02:02:55.913 10 INFO neutron.db.ovn_revision_numbers_db [None req-5ae77763-a579-4910-9379-defae1101dbc f6a1eab280bb4675a19f2737111a8190 2a02514e1226463db8226cdf845d2c0b - - default default] Successfully bumped revision number for resource 893872b9-ec5c-4fef-99c2-8b38af96cba6 (type: router_ports) to 1
2026-05-11 02:02:55.933 9 INFO neutron.db.ovn_revision_numbers_db [None req-62f4be9f-ed32-486e-9758-352ba75bf8bd fc84de9d4f714eae95f071a13b3396fc aa9bff6e6201488b86c97f6ffd9a73bf - - default default] Successfully bumped revision number for resource 3c8a37e1-ef74-4037-ad0a-fe41ceb7b826 (type: security_group_rules) to 0
2026-05-11 02:02:55.955 9 INFO neutron.wsgi [None req-62f4be9f-ed32-486e-9758-352ba75bf8bd fc84de9d4f714eae95f071a13b3396fc aa9bff6e6201488b86c97f6ffd9a73bf - - default default] 10.0.0.96 "POST /v2.0/security-group-rules HTTP/1.1" status: 201 len: 764 time: 0.1511910
2026-05-11 02:02:56.082 9 INFO neutron.db.ovn_revision_numbers_db [None req-e7379eb5-ea5c-4f61-98ca-cf819c67c583 fc84de9d4f714eae95f071a13b3396fc aa9bff6e6201488b86c97f6ffd9a73bf - - default default] Successfully bumped revision number for resource e02083d7-6443-4189-a186-60b8b7d0fbe0 (type: security_group_rules) to 0
2026-05-11 02:02:56.094 10 INFO neutron.db.ovn_revision_numbers_db [None req-5ae77763-a579-4910-9379-defae1101dbc f6a1eab280bb4675a19f2737111a8190 2a02514e1226463db8226cdf845d2c0b - - default default] Successfully bumped revision number for resource 893872b9-ec5c-4fef-99c2-8b38af96cba6 (type: ports) to 1
2026-05-11 02:02:56.099 10 INFO neutron.wsgi [None req-11b5727f-d723-494b-9dce-98cb8aba5067 b3b6fba760ce4c7dbcf7218662750ee7 72b6dc0253aa47c9b8fb8e81b39c7fe0 - - default default] 10.0.0.96 "DELETE /v2.0/floatingips/2cf53321-f227-43ba-bc3b-14bcd714bcc6 HTTP/1.1" status: 204 len: 168 time: 0.4342027
2026-05-11 02:02:56.107 9 INFO neutron.wsgi [None req-e7379eb5-ea5c-4f61-98ca-cf819c67c583 fc84de9d4f714eae95f071a13b3396fc aa9bff6e6201488b86c97f6ffd9a73bf - - default default] 10.0.0.96 "POST /v2.0/security-group-rules HTTP/1.1" status: 201 len: 769 time: 0.1472375
2026-05-11 02:02:56.191 10 WARNING neutron.scheduler.dhcp_agent_scheduler [None req-5ae77763-a579-4910-9379-defae1101dbc f6a1eab280bb4675a19f2737111a8190 2a02514e1226463db8226cdf845d2c0b - - default default] No more DHCP agents
2026-05-11 02:02:56.193 10 WARNING neutron.api.rpc.agentnotifiers.dhcp_rpc_agent_api [None req-5ae77763-a579-4910-9379-defae1101dbc f6a1eab280bb4675a19f2737111a8190 2a02514e1226463db8226cdf845d2c0b - - default default] Unable to schedule network df59a687-f2a4-4799-a258-200b99d818d8: no agents available; will retry on subsequent port and subnet creation events.
2026-05-11 02:02:56.361 9 WARNING neutron.scheduler.dhcp_agent_scheduler [None req-78421752-9b99-4d42-b3ca-a98f16af34bc fc84de9d4f714eae95f071a13b3396fc aa9bff6e6201488b86c97f6ffd9a73bf - - default default] No more DHCP agents
2026-05-11 02:02:56.364 9 WARNING neutron.api.rpc.agentnotifiers.dhcp_rpc_agent_api [None req-78421752-9b99-4d42-b3ca-a98f16af34bc fc84de9d4f714eae95f071a13b3396fc aa9bff6e6201488b86c97f6ffd9a73bf - - default default] Unable to schedule network ff242978-c630-477a-8591-8f3e9d7d41ce: no agents available; will retry on subsequent port and subnet creation events.
2026-05-11 02:02:56.638 9 INFO neutron.db.ovn_revision_numbers_db [None req-78421752-9b99-4d42-b3ca-a98f16af34bc fc84de9d4f714eae95f071a13b3396fc aa9bff6e6201488b86c97f6ffd9a73bf - - default default] Successfully bumped revision number for resource b781846d-71c8-4fb8-9118-7e29aa9724ff (type: floatingips) to 0
2026-05-11 02:02:56.650 9 INFO neutron.wsgi [None req-78421752-9b99-4d42-b3ca-a98f16af34bc fc84de9d4f714eae95f071a13b3396fc aa9bff6e6201488b86c97f6ffd9a73bf - - default default] 10.0.0.96 "POST /v2.0/floatingips HTTP/1.1" status: 201 len: 751 time: 0.5396183
2026-05-11 02:02:57.109 10 INFO neutron.db.ovn_revision_numbers_db [None req-5ae77763-a579-4910-9379-defae1101dbc f6a1eab280bb4675a19f2737111a8190 2a02514e1226463db8226cdf845d2c0b - - default default] Successfully bumped revision number for resource 893872b9-ec5c-4fef-99c2-8b38af96cba6 (type: router_ports) to 1
2026-05-11 02:02:57.111 10 INFO neutron.wsgi [None req-5ae77763-a579-4910-9379-defae1101dbc f6a1eab280bb4675a19f2737111a8190 2a02514e1226463db8226cdf845d2c0b - - default default] 10.0.0.96 "PUT /v2.0/routers/07fb0495-8a8d-4513-9b04-87f7cba7d5d6/add_router_interface HTTP/1.1" status: 200 len: 503 time: 3.2557771
2026-05-11 02:02:57.573 10 INFO neutron.wsgi [None req-3eaa08e9-65bb-4df9-be4e-1b23464881bd f6a1eab280bb4675a19f2737111a8190 2a02514e1226463db8226cdf845d2c0b - - default default] 10.0.0.96 "PUT /v2.0/routers/d074fe9c-5a49-4d6c-92f6-57da7f5fecbb/remove_router_interface HTTP/1.1" status: 200 len: 503 time: 1.4670746 /var/lib/openstack/lib/python3.10/site-packages/pycadf/identifier.py:71: UserWarning: Invalid uuid: neutron. To ensure interoperability, identifiers should be a valid uuid. warnings.warn(('Invalid uuid: %s. To ensure interoperability, '
2026-05-11 02:02:57.788 9 INFO neutron.db.ovn_revision_numbers_db [None req-4cf364fe-083e-47b9-8da6-93dd516d0de4 f6a1eab280bb4675a19f2737111a8190 2a02514e1226463db8226cdf845d2c0b - - default default] Successfully bumped revision number for resource 0c2ee60f-652c-4ed4-bb82-beb8f07536fd (type: security_groups) to 1
2026-05-11 02:02:57.810 9 INFO neutron.db.ovn_revision_numbers_db [None req-4cf364fe-083e-47b9-8da6-93dd516d0de4 f6a1eab280bb4675a19f2737111a8190 2a02514e1226463db8226cdf845d2c0b - - default default] Successfully bumped revision number for resource 06d7acd9-3435-46d9-ae19-f297570c7c25 (type: security_group_rules) to 0
2026-05-11 02:02:57.824 9 INFO neutron.db.ovn_revision_numbers_db [None req-4cf364fe-083e-47b9-8da6-93dd516d0de4 f6a1eab280bb4675a19f2737111a8190 2a02514e1226463db8226cdf845d2c0b - - default default] Successfully bumped revision number for resource 40957aee-1e1d-4f4c-88cd-8b584033772f (type: security_group_rules) to 0
2026-05-11 02:02:57.837 9 INFO neutron.db.ovn_revision_numbers_db [None req-4cf364fe-083e-47b9-8da6-93dd516d0de4 f6a1eab280bb4675a19f2737111a8190 2a02514e1226463db8226cdf845d2c0b - - default default] Successfully bumped revision number for resource 86d9f302-a10d-4471-8dd5-a287d29bbfb4 (type: security_group_rules) to 0
2026-05-11 02:02:57.844 10 INFO neutron.db.ovn_revision_numbers_db [None req-a2b5262f-1848-469b-8f98-03aa0edf475e 6629f129e6b945a6b0a3be998afb1c2b e203c8231fc04a7c8dd8e466459b1c60 - - default default] Successfully bumped revision number for resource 7e56ef75-2361-4ae6-9375-ee699476417c (type: security_groups) to 1
2026-05-11 02:02:57.854 9 INFO neutron.db.ovn_revision_numbers_db [None req-4cf364fe-083e-47b9-8da6-93dd516d0de4 f6a1eab280bb4675a19f2737111a8190 2a02514e1226463db8226cdf845d2c0b - - default default] Successfully bumped revision number for resource e5d7916b-8700-4f6b-b1fc-b45c5418525e (type: security_group_rules) to 0
2026-05-11 02:02:57.880 10 INFO neutron.db.ovn_revision_numbers_db [None req-a2b5262f-1848-469b-8f98-03aa0edf475e 6629f129e6b945a6b0a3be998afb1c2b e203c8231fc04a7c8dd8e466459b1c60 - - default default] Successfully bumped revision number for resource d7b22dee-8739-40bd-a23e-9be4076827aa (type: security_group_rules) to 0
2026-05-11 02:02:57.885 9 INFO neutron.wsgi [None req-4cf364fe-083e-47b9-8da6-93dd516d0de4 f6a1eab280bb4675a19f2737111a8190 2a02514e1226463db8226cdf845d2c0b - - default default] 10.0.0.96 "GET /v2.0/security-groups?tenant_id=3f9e6e09f1cb4b4a85d6aec16412b1ef&name=default HTTP/1.1" status: 200 len: 2996 time: 0.3291357
2026-05-11 02:02:57.898 10 INFO neutron.db.ovn_revision_numbers_db [None req-a2b5262f-1848-469b-8f98-03aa0edf475e 6629f129e6b945a6b0a3be998afb1c2b e203c8231fc04a7c8dd8e466459b1c60 - - default default] Successfully bumped revision number for resource f408cc3a-332e-41d7-8592-e9093fc89f99 (type: security_group_rules) to 0
2026-05-11 02:02:57.933 10 INFO neutron.wsgi [None req-a2b5262f-1848-469b-8f98-03aa0edf475e 6629f129e6b945a6b0a3be998afb1c2b e203c8231fc04a7c8dd8e466459b1c60 - - default default] 10.0.0.96 "POST /v2.0/security-groups HTTP/1.1" status: 201 len: 1795 time: 0.2802861
2026-05-11 02:02:58.082 9 INFO neutron.wsgi [None req-da8797f5-bcbf-447f-8604-835760c82825 f6a1eab280bb4675a19f2737111a8190 2a02514e1226463db8226cdf845d2c0b - - default default] 10.0.0.96 "DELETE /v2.0/security-groups/0c2ee60f-652c-4ed4-bb82-beb8f07536fd HTTP/1.1" status: 204 len: 168 time: 0.1909611
2026-05-11 02:02:58.152 10 INFO neutron.db.ovn_revision_numbers_db [None req-c8279c13-2e26-4a45-a5b1-3754ceafe1c2 6629f129e6b945a6b0a3be998afb1c2b e203c8231fc04a7c8dd8e466459b1c60 - - default default] Successfully bumped revision number for resource b0038f4b-9346-402f-9519-01fb32c8ad2a (type: security_group_rules) to 0
2026-05-11 02:02:58.184 10 INFO neutron.wsgi [None req-c8279c13-2e26-4a45-a5b1-3754ceafe1c2 6629f129e6b945a6b0a3be998afb1c2b e203c8231fc04a7c8dd8e466459b1c60 - - default default] 10.0.0.96 "POST /v2.0/security-group-rules HTTP/1.1" status: 201 len: 764 time: 0.2449663
2026-05-11 02:02:58.301 10 INFO neutron.wsgi [None req-e417049a-1920-47f4-b8cd-5931924bf708 f6a1eab280bb4675a19f2737111a8190 2a02514e1226463db8226cdf845d2c0b - - default default] 10.0.0.96 "DELETE /v2.0/routers/d074fe9c-5a49-4d6c-92f6-57da7f5fecbb HTTP/1.1" status: 204 len: 168 time: 0.7212124
2026-05-11 02:02:58.368 9 INFO neutron.db.ovn_revision_numbers_db [None req-54db8aef-35d2-4933-a32f-d01fd5b38a83 6629f129e6b945a6b0a3be998afb1c2b e203c8231fc04a7c8dd8e466459b1c60 - - default default] Successfully bumped revision number for resource 58936ac6-8db3-4925-a91b-3d2cb29c3427 (type: security_group_rules) to 0
2026-05-11 02:02:58.400 9 INFO neutron.wsgi [None req-54db8aef-35d2-4933-a32f-d01fd5b38a83 6629f129e6b945a6b0a3be998afb1c2b e203c8231fc04a7c8dd8e466459b1c60 - - default default] 10.0.0.96 "POST /v2.0/security-group-rules HTTP/1.1" status: 201 len: 769 time: 0.2017729
2026-05-11 02:02:58.495 10 INFO neutron.wsgi [None req-96501a91-aa61-4085-b77f-02367681e446 f6a1eab280bb4675a19f2737111a8190 2a02514e1226463db8226cdf845d2c0b - - default default] 10.0.0.96 "DELETE /v2.0/subnets/6bba8b98-1d3d-4d94-b486-dcec72fd70f3 HTTP/1.1" status: 204 len: 168 time: 0.1892149
2026-05-11 02:02:58.719 9 WARNING neutron.scheduler.dhcp_agent_scheduler [None req-0f9f60b9-fada-4062-aa1d-d11ab23fcfb0 6629f129e6b945a6b0a3be998afb1c2b e203c8231fc04a7c8dd8e466459b1c60 - - default default] No more DHCP agents
2026-05-11 02:02:58.721 9 WARNING neutron.api.rpc.agentnotifiers.dhcp_rpc_agent_api [None req-0f9f60b9-fada-4062-aa1d-d11ab23fcfb0 6629f129e6b945a6b0a3be998afb1c2b e203c8231fc04a7c8dd8e466459b1c60 - - default default] Unable to schedule network ff242978-c630-477a-8591-8f3e9d7d41ce: no agents available; will retry on subsequent port and subnet creation events.
2026-05-11 02:02:58.965 9 INFO neutron.db.ovn_revision_numbers_db [None req-0f9f60b9-fada-4062-aa1d-d11ab23fcfb0 6629f129e6b945a6b0a3be998afb1c2b e203c8231fc04a7c8dd8e466459b1c60 - - default default] Successfully bumped revision number for resource f1140ef8-1f96-45d0-9927-b343d4e8b651 (type: floatingips) to 0
2026-05-11 02:02:58.980 9 INFO neutron.wsgi [None req-0f9f60b9-fada-4062-aa1d-d11ab23fcfb0 6629f129e6b945a6b0a3be998afb1c2b e203c8231fc04a7c8dd8e466459b1c60 - - default default] 10.0.0.96 "POST /v2.0/floatingips HTTP/1.1" status: 201 len: 751 time: 0.5705562
2026-05-11 02:02:59.010 10 INFO neutron.services.segments.plugin [-] Segment 95a7183a-c61a-43bc-aac6-71faec09d8bb resource provider aggregate not found
2026-05-11 02:02:59.024 10 INFO neutron.services.segments.plugin [-] Segment 95a7183a-c61a-43bc-aac6-71faec09d8bb resource provider aggregate not found
2026-05-11 02:02:59.041 10 INFO neutron.services.segments.plugin [-] Segment 95a7183a-c61a-43bc-aac6-71faec09d8bb resource provider not found; error: Placement Client Error (4xx): {"errors": [{"status": 404, "title": "Not Found", "detail": "The resource could not be found.\n\n No resource provider with uuid 95a7183a-c61a-43bc-aac6-71faec09d8bb found for delete ", "request_id": "req-6a86a40b-adb7-4618-a5b5-efed2a4ca52d"}]}
2026-05-11 02:02:59.042 10 INFO neutron.services.segments.plugin [-] Segment 95a7183a-c61a-43bc-aac6-71faec09d8bb resource provider not found; error: Placement Client Error (4xx): {"errors": [{"status": 404, "title": "Not Found", "detail": "The resource could not be found.\n\n No resource provider with uuid 95a7183a-c61a-43bc-aac6-71faec09d8bb found for delete ", "request_id": "req-1363c474-a597-4ff2-aa8a-9b1d218c0c96"}]}
2026-05-11 02:02:59.064 10 INFO neutron.wsgi [None req-e0ee59af-31a7-44f9-9adc-25f30d011b74 f6a1eab280bb4675a19f2737111a8190 2a02514e1226463db8226cdf845d2c0b - - default default] 10.0.0.96 "DELETE /v2.0/networks/88c18178-08c1-4671-834a-c9a5227598d6 HTTP/1.1" status: 204 len: 168 time: 0.5645142
2026-05-11 02:02:59.391 9 INFO neutron.wsgi [None req-4b4d931c-1ef4-4d62-9bde-bcbcc1613648 f6a1eab280bb4675a19f2737111a8190 2a02514e1226463db8226cdf845d2c0b - - default default] 10.0.0.96 "GET /v2.0/security-groups?tenant_id=72b6dc0253aa47c9b8fb8e81b39c7fe0&name=default HTTP/1.1" status: 200 len: 2992 time: 0.0390718
2026-05-11 02:02:59.497 10 INFO neutron.wsgi [req-55549b50-fc52-46e3-84aa-eaecece5848a req-f57efbe3-f279-49af-a537-9406a8015352 6629f129e6b945a6b0a3be998afb1c2b e203c8231fc04a7c8dd8e466459b1c60 - - default default] 10.0.0.15 "GET /v2.0/security-groups?name=tempest-securitygroup--231688612&fields=id&tenant_id=e203c8231fc04a7c8dd8e466459b1c60 HTTP/1.1" status: 200 len: 267 time: 0.0377243
2026-05-11 02:02:59.566 10 INFO neutron.wsgi [req-55549b50-fc52-46e3-84aa-eaecece5848a req-b419cf9e-d95f-4394-a7e2-30e513a5e1a6 6629f129e6b945a6b0a3be998afb1c2b e203c8231fc04a7c8dd8e466459b1c60 - - default default] 10.0.0.15 "GET /v2.0/networks?id=df59a687-f2a4-4799-a258-200b99d818d8 HTTP/1.1" status: 200 len: 882 time: 0.0626502
2026-05-11 02:02:59.597 10 INFO neutron.wsgi [req-55549b50-fc52-46e3-84aa-eaecece5848a req-faaf5de9-e511-43b3-aa80-08f6325302bc 6629f129e6b945a6b0a3be998afb1c2b e203c8231fc04a7c8dd8e466459b1c60 - - default default] 10.0.0.15 "GET /v2.0/quotas/e203c8231fc04a7c8dd8e466459b1c60 HTTP/1.1" status: 200 len: 386 time: 0.0140977
2026-05-11 02:02:59.620 9 INFO neutron.wsgi [None req-48dd9daf-9294-488d-b1bc-9fcde0091a2a f6a1eab280bb4675a19f2737111a8190 2a02514e1226463db8226cdf845d2c0b - - default default] 10.0.0.96 "DELETE /v2.0/security-groups/ae94172d-0552-4cdc-8645-4584190696fe HTTP/1.1" status: 204 len: 168 time: 0.2241626
2026-05-11 02:02:59.691 10 INFO neutron.wsgi [req-55549b50-fc52-46e3-84aa-eaecece5848a req-c88c0ba5-efc5-4635-9259-d666fbbde9af 6629f129e6b945a6b0a3be998afb1c2b e203c8231fc04a7c8dd8e466459b1c60 - - default default] 10.0.0.15 "GET /v2.0/ports?tenant_id=e203c8231fc04a7c8dd8e466459b1c60&fields=id HTTP/1.1" status: 200 len: 302 time: 0.0872176
2026-05-11 02:02:59.797 10 INFO neutron.wsgi [req-55549b50-fc52-46e3-84aa-eaecece5848a req-00202f9d-e02a-47ed-b3cd-a1043503e847 55f991a7fc184b8aa8a45640e88358c5 e372edc487564543ba6003396eb8f5e9 - - 001184f3b1ca4d748842f4ce7543235f 001184f3b1ca4d748842f4ce7543235f] 10.0.0.15 "GET /v2.0/networks/df59a687-f2a4-4799-a258-200b99d818d8?fields=segments HTTP/1.1" status: 200 len: 212 time: 0.0834677
2026-05-11 02:02:59.875 10 INFO neutron.wsgi [req-55549b50-fc52-46e3-84aa-eaecece5848a req-26417d56-b9b7-44d5-8bc2-38a443950a46 55f991a7fc184b8aa8a45640e88358c5 e372edc487564543ba6003396eb8f5e9 - - 001184f3b1ca4d748842f4ce7543235f 001184f3b1ca4d748842f4ce7543235f] 10.0.0.15 "GET /v2.0/networks/df59a687-f2a4-4799-a258-200b99d818d8?fields=provider%3Aphysical_network&fields=provider%3Anetwork_type HTTP/1.1" status: 200 len: 277 time: 0.0689566
2026-05-11 02:03:00.009 9 INFO neutron.wsgi [req-9db5a3ca-2969-4803-a1c6-f7283c3f3989 req-a3f1eee0-efaf-420b-a9b6-1ad75c3d8f1a 6629f129e6b945a6b0a3be998afb1c2b e203c8231fc04a7c8dd8e466459b1c60 - - default default] 10.0.0.15 "GET /v2.0/ports?device_id=6352e7c9-2595-4c71-9a79-147eb610b764 HTTP/1.1" status: 200 len: 210 time: 0.0244722
2026-05-11 02:03:00.147 10 WARNING neutron.plugins.ml2.drivers.ovn.mech_driver.ovsdb.ovn_client [None req-bf330d73-d748-4cf8-baff-df318e4b0fae - - - - - -] No hosting information found for port 0d0e465e-b0cd-4d1b-b5e4-57c469a5d094: RuntimeError: No hosting information found for port 0d0e465e-b0cd-4d1b-b5e4-57c469a5d094
2026-05-11 02:03:00.147 10 INFO neutron.plugins.ml2.drivers.ovn.mech_driver.mech_driver [None req-bf330d73-d748-4cf8-baff-df318e4b0fae - - - - - -] OVN reports status up for port: 893872b9-ec5c-4fef-99c2-8b38af96cba6
2026-05-11 02:03:00.155 10 INFO neutron.plugins.ml2.plugin [None req-bf330d73-d748-4cf8-baff-df318e4b0fae - - - - - -] Attempt 1 to provision port 893872b9-ec5c-4fef-99c2-8b38af96cba6
2026-05-11 02:03:00.443 10 INFO neutron.db.ovn_revision_numbers_db [None req-bf330d73-d748-4cf8-baff-df318e4b0fae - - - - - -] Successfully bumped revision number for resource 893872b9-ec5c-4fef-99c2-8b38af96cba6 (type: ports) to 2
2026-05-11 02:03:00.574 10 INFO neutron.db.ovn_revision_numbers_db [None req-bf330d73-d748-4cf8-baff-df318e4b0fae - - - - - -] Successfully bumped revision number for resource 893872b9-ec5c-4fef-99c2-8b38af96cba6 (type: router_ports) to 2
2026-05-11 02:03:00.764 9 INFO neutron.wsgi [req-55549b50-fc52-46e3-84aa-eaecece5848a req-71d6c65d-d59b-41f7-b90f-ef5732eb76c9 6629f129e6b945a6b0a3be998afb1c2b e203c8231fc04a7c8dd8e466459b1c60 - - default default] 199.204.45.22 "GET /v2.0/networks?id=df59a687-f2a4-4799-a258-200b99d818d8 HTTP/1.1" status: 200 len: 882 time: 0.0764472
2026-05-11 02:03:00.813 9 INFO neutron.wsgi [req-55549b50-fc52-46e3-84aa-eaecece5848a req-3beda3ea-64ea-47ad-a268-85d9979cef84 6629f129e6b945a6b0a3be998afb1c2b e203c8231fc04a7c8dd8e466459b1c60 - - default default] 199.204.45.22 "GET /v2.0/security-groups?fields=id&fields=name&tenant_id=e203c8231fc04a7c8dd8e466459b1c60 HTTP/1.1" status: 200 len: 379 time: 0.0429626
2026-05-11 02:03:00.903 9 INFO neutron.db.ovn_revision_numbers_db [None req-f2378dbd-9dff-41d3-bfb5-3404a9f3c237 f6a1eab280bb4675a19f2737111a8190 2a02514e1226463db8226cdf845d2c0b - - default default] Successfully bumped revision number for resource 7596fdad-2f0e-48d9-848b-8bb7163f4ad6 (type: security_groups) to 1
2026-05-11 02:03:00.929 9 INFO neutron.db.ovn_revision_numbers_db [None req-f2378dbd-9dff-41d3-bfb5-3404a9f3c237 f6a1eab280bb4675a19f2737111a8190 2a02514e1226463db8226cdf845d2c0b - - default default] Successfully bumped revision number for resource 008520f1-7183-424e-babb-92b040499f88 (type: security_group_rules) to 0
2026-05-11 02:03:00.945 9 INFO neutron.db.ovn_revision_numbers_db [None req-f2378dbd-9dff-41d3-bfb5-3404a9f3c237 f6a1eab280bb4675a19f2737111a8190 2a02514e1226463db8226cdf845d2c0b - - default default] Successfully bumped revision number for resource 8018237b-53d3-43a3-a589-e9cd51af3f88 (type: security_group_rules) to 0
2026-05-11 02:03:00.973 9 INFO neutron.db.ovn_revision_numbers_db [None req-f2378dbd-9dff-41d3-bfb5-3404a9f3c237 f6a1eab280bb4675a19f2737111a8190 2a02514e1226463db8226cdf845d2c0b - - default default] Successfully bumped revision number for resource d88de893-23af-4c7d-8452-bc4204d67960 (type: security_group_rules) to 0
2026-05-11 02:03:00.991 9 INFO neutron.db.ovn_revision_numbers_db [None req-f2378dbd-9dff-41d3-bfb5-3404a9f3c237 f6a1eab280bb4675a19f2737111a8190 2a02514e1226463db8226cdf845d2c0b - - default default] Successfully bumped revision number for resource fff2a5db-fd4d-4019-a55d-0bc0394881b0 (type: security_group_rules) to 0
2026-05-11 02:03:01.029 9 INFO neutron.wsgi [None req-f2378dbd-9dff-41d3-bfb5-3404a9f3c237 f6a1eab280bb4675a19f2737111a8190 2a02514e1226463db8226cdf845d2c0b - - default default] 10.0.0.96 "GET /v2.0/security-groups?tenant_id=2f9e457ccfbd41299b25e024c6903cc4&name=default HTTP/1.1" status: 200 len: 2996 time: 0.4359949
2026-05-11 02:03:01.093 10 INFO neutron.wsgi [req-31422c48-3edf-404e-bb1b-ddb12fd2e4d2 req-a41e4b31-b53b-4f3e-9f9b-2ad0c75d00f5 6629f129e6b945a6b0a3be998afb1c2b e203c8231fc04a7c8dd8e466459b1c60 - - default default] 10.0.0.15 "GET /v2.0/ports?device_id=6352e7c9-2595-4c71-9a79-147eb610b764 HTTP/1.1" status: 200 len: 210 time: 0.0215161
2026-05-11 02:03:01.218 9 WARNING neutron.scheduler.dhcp_agent_scheduler [req-55549b50-fc52-46e3-84aa-eaecece5848a req-98f13ac2-fab0-438f-8969-049eef60354d 6629f129e6b945a6b0a3be998afb1c2b e203c8231fc04a7c8dd8e466459b1c60 - - default default] No more DHCP agents
2026-05-11 02:03:01.223 9 WARNING neutron.api.rpc.agentnotifiers.dhcp_rpc_agent_api [req-55549b50-fc52-46e3-84aa-eaecece5848a req-98f13ac2-fab0-438f-8969-049eef60354d 6629f129e6b945a6b0a3be998afb1c2b e203c8231fc04a7c8dd8e466459b1c60 - - default default] Unable to schedule network df59a687-f2a4-4799-a258-200b99d818d8: no agents available; will retry on subsequent port and subnet creation events.
2026-05-11 02:03:01.262 10 INFO neutron.wsgi [None req-7a585d89-a9ff-472e-b7a6-30a0585e9ff9 f6a1eab280bb4675a19f2737111a8190 2a02514e1226463db8226cdf845d2c0b - - default default] 10.0.0.96 "DELETE /v2.0/security-groups/7596fdad-2f0e-48d9-848b-8bb7163f4ad6 HTTP/1.1" status: 204 len: 168 time: 0.2213128
2026-05-11 02:03:01.411 9 INFO neutron.db.ovn_revision_numbers_db [req-55549b50-fc52-46e3-84aa-eaecece5848a req-98f13ac2-fab0-438f-8969-049eef60354d 6629f129e6b945a6b0a3be998afb1c2b e203c8231fc04a7c8dd8e466459b1c60 - - default default] Successfully bumped revision number for resource 777ce503-7cd4-4101-ab23-3c6315a74f46 (type: ports) to 1
2026-05-11 02:03:01.444 9 INFO neutron.wsgi [req-55549b50-fc52-46e3-84aa-eaecece5848a req-98f13ac2-fab0-438f-8969-049eef60354d 6629f129e6b945a6b0a3be998afb1c2b e203c8231fc04a7c8dd8e466459b1c60 - - default default] 199.204.45.22 "POST /v2.0/ports HTTP/1.1" status: 201 len: 1158 time: 0.6274142 /var/lib/openstack/lib/python3.10/site-packages/pycadf/identifier.py:71: UserWarning: Invalid uuid: neutron. To ensure interoperability, identifiers should be a valid uuid. warnings.warn(('Invalid uuid: %s. To ensure interoperability, '
2026-05-11 02:03:01.929 10 INFO neutron.db.ovn_revision_numbers_db [None req-427f7a27-4a1b-4e89-aec8-2f63d008cb9f f6a1eab280bb4675a19f2737111a8190 2a02514e1226463db8226cdf845d2c0b - - default default] Successfully bumped revision number for resource 87d2f6c8-fc78-4cd7-9ddd-084714c4b591 (type: security_groups) to 1
2026-05-11 02:03:01.944 10 INFO neutron.db.ovn_revision_numbers_db [None req-427f7a27-4a1b-4e89-aec8-2f63d008cb9f f6a1eab280bb4675a19f2737111a8190 2a02514e1226463db8226cdf845d2c0b - - default default] Successfully bumped revision number for resource 1a495633-49e3-4b41-912c-d0e7f5f0db61 (type: security_group_rules) to 0
2026-05-11 02:03:01.950 9 INFO neutron.db.ovn_revision_numbers_db [req-55549b50-fc52-46e3-84aa-eaecece5848a req-519080a7-a8be-4492-8f86-523ebb89158e 55f991a7fc184b8aa8a45640e88358c5 e372edc487564543ba6003396eb8f5e9 - - 001184f3b1ca4d748842f4ce7543235f 001184f3b1ca4d748842f4ce7543235f] Successfully bumped revision number for resource 777ce503-7cd4-4101-ab23-3c6315a74f46 (type: ports) to 2
2026-05-11 02:03:01.958 10 INFO neutron.db.ovn_revision_numbers_db [None req-427f7a27-4a1b-4e89-aec8-2f63d008cb9f f6a1eab280bb4675a19f2737111a8190 2a02514e1226463db8226cdf845d2c0b - - default default] Successfully bumped revision number for resource 31e79eef-f206-4431-a96e-d827a3eceec4 (type: security_group_rules) to 0
2026-05-11 02:03:01.978 10 INFO neutron.db.ovn_revision_numbers_db [None req-427f7a27-4a1b-4e89-aec8-2f63d008cb9f f6a1eab280bb4675a19f2737111a8190 2a02514e1226463db8226cdf845d2c0b - - default default] Successfully bumped revision number for resource e6c64eab-e9d5-4945-ad10-94a95f948165 (type: security_group_rules) to 0
2026-05-11 02:03:01.996 10 INFO neutron.db.ovn_revision_numbers_db [None req-427f7a27-4a1b-4e89-aec8-2f63d008cb9f f6a1eab280bb4675a19f2737111a8190 2a02514e1226463db8226cdf845d2c0b - - default default] Successfully bumped revision number for resource fc3f1ee3-91c9-403c-8155-65b65a859649 (type: security_group_rules) to 0
2026-05-11 02:03:02.055 10 INFO neutron.db.segments_db [None req-427f7a27-4a1b-4e89-aec8-2f63d008cb9f f6a1eab280bb4675a19f2737111a8190 2a02514e1226463db8226cdf845d2c0b - - default default] Added segment f7c9df69-4a09-48a6-92be-f97e740ee247 of type geneve for network a661d6b0-3ec3-4476-8e21-50a42c0e0418
2026-05-11 02:03:02.155 9 INFO neutron.db.ovn_revision_numbers_db [req-55549b50-fc52-46e3-84aa-eaecece5848a req-519080a7-a8be-4492-8f86-523ebb89158e 55f991a7fc184b8aa8a45640e88358c5 e372edc487564543ba6003396eb8f5e9 - - 001184f3b1ca4d748842f4ce7543235f 001184f3b1ca4d748842f4ce7543235f] Successfully bumped revision number for resource 777ce503-7cd4-4101-ab23-3c6315a74f46 (type: ports) to 2
2026-05-11 02:03:02.169 9 INFO neutron.wsgi [req-55549b50-fc52-46e3-84aa-eaecece5848a req-519080a7-a8be-4492-8f86-523ebb89158e 55f991a7fc184b8aa8a45640e88358c5 e372edc487564543ba6003396eb8f5e9 - - 001184f3b1ca4d748842f4ce7543235f 001184f3b1ca4d748842f4ce7543235f] 199.204.45.22 "PUT /v2.0/ports/777ce503-7cd4-4101-ab23-3c6315a74f46 HTTP/1.1" status: 200 len: 1376 time: 0.7180398
2026-05-11 02:03:02.212 9 INFO neutron.notifiers.nova [-] Nova event matching ['req-eccb40e9-9a7d-432e-9c60-92713ba4b37a'] response: {'name': 'network-changed', 'server_uuid': '6352e7c9-2595-4c71-9a79-147eb610b764', 'tag': '777ce503-7cd4-4101-ab23-3c6315a74f46', 'status': 'completed', 'code': 200} /var/lib/openstack/lib/python3.10/site-packages/pycadf/identifier.py:71: UserWarning: Invalid uuid: neutron. To ensure interoperability, identifiers should be a valid uuid. warnings.warn(('Invalid uuid: %s. To ensure interoperability, '
2026-05-11 02:03:02.236 10 INFO neutron.wsgi [req-e8e730b8-5e30-410c-b8e2-08ea700afe16 req-50b299ae-4fcf-4814-948e-54c3f03a1c4e 6629f129e6b945a6b0a3be998afb1c2b e203c8231fc04a7c8dd8e466459b1c60 - - default default] 10.0.0.15 "GET /v2.0/ports?device_id=6352e7c9-2595-4c71-9a79-147eb610b764 HTTP/1.1" status: 200 len: 1168 time: 0.0700471
2026-05-11 02:03:02.253 9 INFO neutron.wsgi [req-55549b50-fc52-46e3-84aa-eaecece5848a req-3037d8d0-25b4-40c4-bcf4-ee96d399f974 55f991a7fc184b8aa8a45640e88358c5 e372edc487564543ba6003396eb8f5e9 - - 001184f3b1ca4d748842f4ce7543235f 001184f3b1ca4d748842f4ce7543235f] 199.204.45.22 "GET /v2.0/ports?tenant_id=e203c8231fc04a7c8dd8e466459b1c60&device_id=6352e7c9-2595-4c71-9a79-147eb610b764 HTTP/1.1" status: 200 len: 1407 time: 0.0368199
2026-05-11 02:03:02.280 10 INFO neutron.db.ovn_revision_numbers_db [None req-427f7a27-4a1b-4e89-aec8-2f63d008cb9f f6a1eab280bb4675a19f2737111a8190 2a02514e1226463db8226cdf845d2c0b - - default default] Successfully bumped revision number for resource a661d6b0-3ec3-4476-8e21-50a42c0e0418 (type: networks) to 1
2026-05-11 02:03:02.284 9 INFO neutron.wsgi [req-55549b50-fc52-46e3-84aa-eaecece5848a req-823ea80f-9375-4057-9d9b-af6586f0648d 55f991a7fc184b8aa8a45640e88358c5 e372edc487564543ba6003396eb8f5e9 - - 001184f3b1ca4d748842f4ce7543235f 001184f3b1ca4d748842f4ce7543235f] 199.204.45.22 "GET /v2.0/floatingips?fixed_ip_address=10.100.0.4&port_id=777ce503-7cd4-4101-ab23-3c6315a74f46 HTTP/1.1" status: 200 len: 217 time: 0.0251527
2026-05-11 02:03:02.307 10 INFO neutron.wsgi [req-e8e730b8-5e30-410c-b8e2-08ea700afe16 req-3680fffd-a0ef-4e0e-bc76-d019cbd81c82 6629f129e6b945a6b0a3be998afb1c2b e203c8231fc04a7c8dd8e466459b1c60 - - default default] 10.0.0.15 "GET /v2.0/security-groups?id=7e56ef75-2361-4ae6-9375-ee699476417c&fields=id&fields=name HTTP/1.1" status: 200 len: 312 time: 0.0648413
2026-05-11 02:03:02.342 9 INFO neutron.wsgi [req-55549b50-fc52-46e3-84aa-eaecece5848a req-a32ce8e6-db19-43ce-b894-cb5001514297 55f991a7fc184b8aa8a45640e88358c5 e372edc487564543ba6003396eb8f5e9 - - 001184f3b1ca4d748842f4ce7543235f 001184f3b1ca4d748842f4ce7543235f] 199.204.45.22 "GET /v2.0/subnets?id=02e2e758-66c8-4e00-a1ed-7d91b58d748d HTTP/1.1" status: 200 len: 876 time: 0.0505528
2026-05-11 02:03:02.372 9 INFO neutron.wsgi [req-55549b50-fc52-46e3-84aa-eaecece5848a req-f7d4a9cd-d001-483c-a0c1-203ddb439a43 55f991a7fc184b8aa8a45640e88358c5 e372edc487564543ba6003396eb8f5e9 - - 001184f3b1ca4d748842f4ce7543235f 001184f3b1ca4d748842f4ce7543235f] 199.204.45.22 "GET /v2.0/ports?network_id=df59a687-f2a4-4799-a258-200b99d818d8&device_owner=network%3Adhcp HTTP/1.1" status: 200 len: 210 time: 0.0230768
2026-05-11 02:03:02.497 10 WARNING neutron.scheduler.dhcp_agent_scheduler [None req-427f7a27-4a1b-4e89-aec8-2f63d008cb9f f6a1eab280bb4675a19f2737111a8190 2a02514e1226463db8226cdf845d2c0b - - default default] No more DHCP agents
2026-05-11 02:03:02.500 10 WARNING neutron.api.rpc.agentnotifiers.dhcp_rpc_agent_api [None req-427f7a27-4a1b-4e89-aec8-2f63d008cb9f f6a1eab280bb4675a19f2737111a8190 2a02514e1226463db8226cdf845d2c0b - - default default] Unable to schedule network a661d6b0-3ec3-4476-8e21-50a42c0e0418: no agents available; will retry on subsequent port and subnet creation events.
2026-05-11 02:03:02.588 10 INFO neutron.db.ovn_revision_numbers_db [None req-427f7a27-4a1b-4e89-aec8-2f63d008cb9f f6a1eab280bb4675a19f2737111a8190 2a02514e1226463db8226cdf845d2c0b - - default default] Successfully bumped revision number for resource 452b4ba6-4731-47f0-b189-2ae4e7a4c8ec (type: ports) to 1
2026-05-11 02:03:02.621 10 INFO neutron.wsgi [None req-427f7a27-4a1b-4e89-aec8-2f63d008cb9f f6a1eab280bb4675a19f2737111a8190 2a02514e1226463db8226cdf845d2c0b - - default default] 10.0.0.96 "POST /v2.0/networks HTTP/1.1" status: 201 len: 947 time: 1.1589234
2026-05-11 02:03:02.632 9 INFO neutron.wsgi [req-55549b50-fc52-46e3-84aa-eaecece5848a req-cedcd997-0707-45d6-9d44-8dcc2f2daf76 55f991a7fc184b8aa8a45640e88358c5 e372edc487564543ba6003396eb8f5e9 - - 001184f3b1ca4d748842f4ce7543235f 001184f3b1ca4d748842f4ce7543235f] 199.204.45.22 "GET /v2.0/networks/df59a687-f2a4-4799-a258-200b99d818d8?fields=segments HTTP/1.1" status: 200 len: 212 time: 0.2526748
2026-05-11 02:03:02.636 9 INFO neutron.wsgi [req-85e53941-8fc6-4eea-a5af-b55ffe106ca9 req-fddc1e34-af7d-4b28-94ba-2e9dde89516e fc84de9d4f714eae95f071a13b3396fc aa9bff6e6201488b86c97f6ffd9a73bf - - default default] 10.0.0.15 "GET /v2.0/security-groups?name=tempest-securitygroup--528603378&fields=id&tenant_id=aa9bff6e6201488b86c97f6ffd9a73bf HTTP/1.1" status: 200 len: 267 time: 0.0526567
2026-05-11 02:03:02.724 9 INFO neutron.wsgi [req-55549b50-fc52-46e3-84aa-eaecece5848a req-4b891b9d-c35e-4ca2-a164-73359d48fdd2 55f991a7fc184b8aa8a45640e88358c5 e372edc487564543ba6003396eb8f5e9 - - 001184f3b1ca4d748842f4ce7543235f 001184f3b1ca4d748842f4ce7543235f] 199.204.45.22 "GET /v2.0/networks/df59a687-f2a4-4799-a258-200b99d818d8?fields=provider%3Aphysical_network&fields=provider%3Anetwork_type HTTP/1.1" status: 200 len: 277 time: 0.0870430
2026-05-11 02:03:02.732 9 INFO neutron.wsgi [req-85e53941-8fc6-4eea-a5af-b55ffe106ca9 req-bc232b93-0998-49b6-9890-45c7189cef89 fc84de9d4f714eae95f071a13b3396fc aa9bff6e6201488b86c97f6ffd9a73bf - - default default] 10.0.0.15 "GET /v2.0/networks?id=dcca7439-fb7a-46f5-8d5c-504cb70debf6 HTTP/1.1" status: 200 len: 878 time: 0.0883563
2026-05-11 02:03:02.754 9 INFO neutron.wsgi [req-85e53941-8fc6-4eea-a5af-b55ffe106ca9 req-d6703c13-9d3c-4d72-9b33-a122f05a72d7 fc84de9d4f714eae95f071a13b3396fc aa9bff6e6201488b86c97f6ffd9a73bf - - default default] 10.0.0.15 "GET /v2.0/quotas/aa9bff6e6201488b86c97f6ffd9a73bf HTTP/1.1" status: 200 len: 386 time: 0.0149732
2026-05-11 02:03:02.815 10 WARNING neutron.scheduler.dhcp_agent_scheduler [None req-3c41c497-e41e-4adf-ba38-28339e293588 f6a1eab280bb4675a19f2737111a8190 2a02514e1226463db8226cdf845d2c0b - - default default] No more DHCP agents
2026-05-11 02:03:02.817 10 WARNING neutron.api.rpc.agentnotifiers.dhcp_rpc_agent_api [None req-3c41c497-e41e-4adf-ba38-28339e293588 f6a1eab280bb4675a19f2737111a8190 2a02514e1226463db8226cdf845d2c0b - - default default] Unable to schedule network a661d6b0-3ec3-4476-8e21-50a42c0e0418: no agents available; will retry on subsequent port and subnet creation events.
2026-05-11 02:03:02.824 9 INFO neutron.wsgi [req-da6a6849-d2c7-4414-9caf-1d4cb9443e10 req-3cfe993e-f666-4f12-8fa8-f1544933589f 55f991a7fc184b8aa8a45640e88358c5 e372edc487564543ba6003396eb8f5e9 - - 001184f3b1ca4d748842f4ce7543235f 001184f3b1ca4d748842f4ce7543235f] 199.204.45.22 "GET /v2.0/ports?tenant_id=e203c8231fc04a7c8dd8e466459b1c60&device_id=6352e7c9-2595-4c71-9a79-147eb610b764 HTTP/1.1" status: 200 len: 1407 time: 0.0407629
2026-05-11 02:03:02.906 9 INFO neutron.wsgi [req-85e53941-8fc6-4eea-a5af-b55ffe106ca9 req-05477e0f-2fa1-4590-89c4-0d3c1055f103 fc84de9d4f714eae95f071a13b3396fc aa9bff6e6201488b86c97f6ffd9a73bf - - default default] 10.0.0.15 "GET /v2.0/ports?tenant_id=aa9bff6e6201488b86c97f6ffd9a73bf&fields=id HTTP/1.1" status: 200 len: 302 time: 0.1442304
2026-05-11 02:03:02.908 9 INFO neutron.wsgi [req-da6a6849-d2c7-4414-9caf-1d4cb9443e10 req-af76f170-9ed0-4a27-a1dc-ebeb3b9a81a9 55f991a7fc184b8aa8a45640e88358c5 e372edc487564543ba6003396eb8f5e9 - - 001184f3b1ca4d748842f4ce7543235f 001184f3b1ca4d748842f4ce7543235f] 199.204.45.22 "GET /v2.0/networks?id=df59a687-f2a4-4799-a258-200b99d818d8 HTTP/1.1" status: 200 len: 981 time: 0.0789740
2026-05-11 02:03:02.938 9 INFO neutron.plugins.ml2.drivers.ovn.mech_driver.mech_driver [None req-d7fd741a-a85c-4092-858e-c1902e487ad4 - - - - - -] OVN reports status up for port: 777ce503-7cd4-4101-ab23-3c6315a74f46
2026-05-11 02:03:02.941 9 INFO neutron.wsgi [req-da6a6849-d2c7-4414-9caf-1d4cb9443e10 req-e8cab2b7-0b3c-4094-a2ba-052ff85a6fee 55f991a7fc184b8aa8a45640e88358c5 e372edc487564543ba6003396eb8f5e9 - - 001184f3b1ca4d748842f4ce7543235f 001184f3b1ca4d748842f4ce7543235f] 199.204.45.22 "GET /v2.0/floatingips?fixed_ip_address=10.100.0.4&port_id=777ce503-7cd4-4101-ab23-3c6315a74f46 HTTP/1.1" status: 200 len: 217 time: 0.0259848
2026-05-11 02:03:02.964 9 INFO neutron.plugins.ml2.plugin [None req-d7fd741a-a85c-4092-858e-c1902e487ad4 - - - - - -] Attempt 1 to provision port 777ce503-7cd4-4101-ab23-3c6315a74f46
2026-05-11 02:03:03.013 9 INFO neutron.wsgi [req-da6a6849-d2c7-4414-9caf-1d4cb9443e10 req-4b482b8f-6d4d-4edc-b159-7dd34e394c42 55f991a7fc184b8aa8a45640e88358c5 e372edc487564543ba6003396eb8f5e9 - - 001184f3b1ca4d748842f4ce7543235f 001184f3b1ca4d748842f4ce7543235f] 199.204.45.22 "GET /v2.0/subnets?id=02e2e758-66c8-4e00-a1ed-7d91b58d748d HTTP/1.1" status: 200 len: 876 time: 0.0589702
2026-05-11 02:03:03.040 9 INFO neutron.wsgi [req-da6a6849-d2c7-4414-9caf-1d4cb9443e10 req-b2d87ccc-c54f-426a-8cf5-a00a4e1f2631 55f991a7fc184b8aa8a45640e88358c5 e372edc487564543ba6003396eb8f5e9 - - 001184f3b1ca4d748842f4ce7543235f 001184f3b1ca4d748842f4ce7543235f] 199.204.45.22 "GET /v2.0/ports?network_id=df59a687-f2a4-4799-a258-200b99d818d8&device_owner=network%3Adhcp HTTP/1.1" status: 200 len: 210 time: 0.0201845
2026-05-11 02:03:03.140 9 INFO neutron.wsgi [req-da6a6849-d2c7-4414-9caf-1d4cb9443e10 req-2d33b895-24c5-471b-87e3-e63a2f481f5f 55f991a7fc184b8aa8a45640e88358c5 e372edc487564543ba6003396eb8f5e9 - - 001184f3b1ca4d748842f4ce7543235f 001184f3b1ca4d748842f4ce7543235f] 199.204.45.22 "GET /v2.0/networks/df59a687-f2a4-4799-a258-200b99d818d8?fields=segments HTTP/1.1" status: 200 len: 212 time: 0.0900006
2026-05-11 02:03:03.215 9 INFO neutron.wsgi [req-da6a6849-d2c7-4414-9caf-1d4cb9443e10 req-9ee058c0-9131-4d2b-bdb7-1b3e3e5194cb 55f991a7fc184b8aa8a45640e88358c5 e372edc487564543ba6003396eb8f5e9 - - 001184f3b1ca4d748842f4ce7543235f 001184f3b1ca4d748842f4ce7543235f] 199.204.45.22 "GET /v2.0/networks/df59a687-f2a4-4799-a258-200b99d818d8?fields=provider%3Aphysical_network&fields=provider%3Anetwork_type HTTP/1.1" status: 200 len: 277 time: 0.0695653
2026-05-11 02:03:03.353 9 INFO neutron.db.ovn_revision_numbers_db [None req-d7fd741a-a85c-4092-858e-c1902e487ad4 - - - - - -] Successfully bumped revision number for resource 777ce503-7cd4-4101-ab23-3c6315a74f46 (type: ports) to 4
2026-05-11 02:03:03.407 10 INFO neutron.wsgi [req-2cc4065d-6a8d-4c81-8b30-8aa7868ac1b9 req-341cc54e-fb5a-474a-b89a-a2ceff3b0dd7 6629f129e6b945a6b0a3be998afb1c2b e203c8231fc04a7c8dd8e466459b1c60 - - default default] 10.0.0.15 "GET /v2.0/ports?device_id=6352e7c9-2595-4c71-9a79-147eb610b764 HTTP/1.1" status: 200 len: 1170 time: 0.0415130
2026-05-11 02:03:03.414 10 INFO neutron.db.ovn_revision_numbers_db [None req-3c41c497-e41e-4adf-ba38-28339e293588 f6a1eab280bb4675a19f2737111a8190 2a02514e1226463db8226cdf845d2c0b - - default default] Successfully bumped revision number for resource 452b4ba6-4731-47f0-b189-2ae4e7a4c8ec (type: ports) to 2 /var/lib/openstack/lib/python3.10/site-packages/pycadf/identifier.py:71: UserWarning: Invalid uuid: neutron. To ensure interoperability, identifiers should be a valid uuid. warnings.warn(('Invalid uuid: %s. To ensure interoperability, '
2026-05-11 02:03:03.421 9 INFO neutron.wsgi [req-85e53941-8fc6-4eea-a5af-b55ffe106ca9 req-a189d205-2bf2-4f75-93e1-40c27d1ac86e 55f991a7fc184b8aa8a45640e88358c5 e372edc487564543ba6003396eb8f5e9 - - 001184f3b1ca4d748842f4ce7543235f 001184f3b1ca4d748842f4ce7543235f] 10.0.0.15 "GET /v2.0/extensions HTTP/1.1" status: 200 len: 16525 time: 0.0603583
2026-05-11 02:03:03.472 10 INFO neutron.wsgi [req-2cc4065d-6a8d-4c81-8b30-8aa7868ac1b9 req-e8dc071c-4098-4f36-ba33-ab590a84385c 6629f129e6b945a6b0a3be998afb1c2b e203c8231fc04a7c8dd8e466459b1c60 - - default default] 10.0.0.15 "GET /v2.0/security-groups?id=7e56ef75-2361-4ae6-9375-ee699476417c&fields=id&fields=name HTTP/1.1" status: 200 len: 312 time: 0.0562198
2026-05-11 02:03:03.473 10 INFO neutron.db.ovn_revision_numbers_db [None req-3c41c497-e41e-4adf-ba38-28339e293588 f6a1eab280bb4675a19f2737111a8190 2a02514e1226463db8226cdf845d2c0b - - default default] Successfully bumped revision number for resource 635de7f3-04b2-4078-a475-0a504af5e070 (type: subnets) to 0
2026-05-11 02:03:03.487 10 INFO neutron.wsgi [None req-3c41c497-e41e-4adf-ba38-28339e293588 f6a1eab280bb4675a19f2737111a8190 2a02514e1226463db8226cdf845d2c0b - - default default] 10.0.0.96 "POST /v2.0/subnets HTTP/1.1" status: 201 len: 867 time: 0.8595111
2026-05-11 02:03:03.489 9 INFO neutron.wsgi [req-85e53941-8fc6-4eea-a5af-b55ffe106ca9 req-6c16e885-b651-417b-91d0-62619d2750ed 55f991a7fc184b8aa8a45640e88358c5 e372edc487564543ba6003396eb8f5e9 - - 001184f3b1ca4d748842f4ce7543235f 001184f3b1ca4d748842f4ce7543235f] 10.0.0.15 "GET /v2.0/networks/dcca7439-fb7a-46f5-8d5c-504cb70debf6?fields=segments HTTP/1.1" status: 200 len: 212 time: 0.0595217
2026-05-11 02:03:03.549 9 INFO neutron.wsgi [req-85e53941-8fc6-4eea-a5af-b55ffe106ca9 req-252fa081-5750-48bd-98b7-343b5abc8676 55f991a7fc184b8aa8a45640e88358c5 e372edc487564543ba6003396eb8f5e9 - - 001184f3b1ca4d748842f4ce7543235f 001184f3b1ca4d748842f4ce7543235f] 10.0.0.15 "GET /v2.0/networks/dcca7439-fb7a-46f5-8d5c-504cb70debf6?fields=provider%3Aphysical_network&fields=provider%3Anetwork_type HTTP/1.1" status: 200 len: 277 time: 0.0512042
2026-05-11 02:03:03.628 10 INFO neutron.db.ovn_revision_numbers_db [None req-edf880ac-563a-4418-b799-442b56e9c5ce 97b870170019481794f5f3022c7a82a0 2897d4adbf6343ba8b36db4b1bc3cfd6 - - default default] Successfully bumped revision number for resource f936bb37-1883-4cb0-9b9b-8dacd67b621e (type: security_groups) to 1
