2026-05-11 02:03:54.859 10 INFO neutron.wsgi [None req-c821455d-3dad-439c-a753-ba4ca27a01f7 f6a1eab280bb4675a19f2737111a8190 2a02514e1226463db8226cdf845d2c0b - - default default] 10.0.0.230 "GET /v2.0/subnets HTTP/1.1" status: 200 len: 2750 time: 0.0503249
2026-05-11 02:03:54.908 10 INFO neutron.wsgi [None req-048a6cd7-2e9f-48fd-ac37-be25260eeea1 f6a1eab280bb4675a19f2737111a8190 2a02514e1226463db8226cdf845d2c0b - - default default] 10.0.0.230 "GET /v2.0/ports HTTP/1.1" status: 200 len: 16439 time: 0.0463789
2026-05-11 02:03:54.934 10 INFO neutron.wsgi [None req-e2ad2a89-9963-426f-83b2-8883a241febf f6a1eab280bb4675a19f2737111a8190 2a02514e1226463db8226cdf845d2c0b - - default default] 10.0.0.230 "GET /v2.0/network-ip-availabilities HTTP/1.1" status: 200 len: 3375 time: 0.0143933
2026-05-11 02:03:55.036 10 INFO neutron.wsgi [None req-a6279bf3-745e-4135-ad22-0ed6812991fc f6a1eab280bb4675a19f2737111a8190 2a02514e1226463db8226cdf845d2c0b - - default default] 10.0.0.230 "GET /v2.0/networks HTTP/1.1" status: 200 len: 6767 time: 0.0997140
2026-05-11 02:03:55.097 9 INFO neutron.wsgi [None req-e9c25194-9e53-4905-8e53-efb7adb38e68 f6a1eab280bb4675a19f2737111a8190 2a02514e1226463db8226cdf845d2c0b - - default default] 10.0.0.96 "PUT /v2.0/routers/dccae232-0954-4ba5-92ae-db4126778d52/remove_router_interface HTTP/1.1" status: 200 len: 503 time: 1.3607252
2026-05-11 02:03:55.109 10 INFO neutron.wsgi [None req-1936a6bd-d6bc-41f7-ba37-e4ecf9bb12a2 f6a1eab280bb4675a19f2737111a8190 2a02514e1226463db8226cdf845d2c0b - - default default] 10.0.0.230 "GET /v2.0/floatingips HTTP/1.1" status: 200 len: 1035 time: 0.0659108
2026-05-11 02:03:55.449 10 WARNING neutron.scheduler.dhcp_agent_scheduler [None req-d8671564-ced0-4eec-a8d7-c1109c050a04 819fa431b1164c60856e6e49803ad8a5 920703b24fcd4805a443e79dc48b74cb - - default default] No more DHCP agents
2026-05-11 02:03:55.451 10 INFO neutron.wsgi [None req-73c0eefb-6c64-4d45-a504-4c74b9f82982 f6a1eab280bb4675a19f2737111a8190 2a02514e1226463db8226cdf845d2c0b - - default default] 10.0.0.230 "GET /v2.0/routers HTTP/1.1" status: 200 len: 1536 time: 0.3392973
2026-05-11 02:03:55.455 10 WARNING neutron.api.rpc.agentnotifiers.dhcp_rpc_agent_api [None req-d8671564-ced0-4eec-a8d7-c1109c050a04 819fa431b1164c60856e6e49803ad8a5 920703b24fcd4805a443e79dc48b74cb - - default default] Unable to schedule network 16661166-2d9b-49f3-a6e3-a5185fa9354d: no agents available; will retry on subsequent port and subnet creation events.
2026-05-11 02:03:55.485 10 INFO neutron.wsgi [None req-6d7943e2-80ec-438e-9415-f6c59f93b918 f6a1eab280bb4675a19f2737111a8190 2a02514e1226463db8226cdf845d2c0b - - default default] 10.0.0.230 "GET /v2.0/agents?binary=ovn-controller HTTP/1.1" status: 200 len: 591 time: 0.0329649
2026-05-11 02:03:56.121 10 INFO neutron.db.ovn_revision_numbers_db [None req-d8671564-ced0-4eec-a8d7-c1109c050a04 819fa431b1164c60856e6e49803ad8a5 920703b24fcd4805a443e79dc48b74cb - - default default] Successfully bumped revision number for resource d87b49fb-afdb-418f-93b2-c6183bf340d1 (type: ports) to 2
2026-05-11 02:03:56.157 10 INFO neutron.wsgi [None req-60e3ecb1-cabd-414e-ac96-fb864eed451c f6a1eab280bb4675a19f2737111a8190 2a02514e1226463db8226cdf845d2c0b - - default default] 10.0.0.96 "DELETE /v2.0/routers/dccae232-0954-4ba5-92ae-db4126778d52 HTTP/1.1" status: 204 len: 168 time: 1.0549531
2026-05-11 02:03:56.168 10 INFO neutron.db.ovn_revision_numbers_db [None req-d8671564-ced0-4eec-a8d7-c1109c050a04 819fa431b1164c60856e6e49803ad8a5 920703b24fcd4805a443e79dc48b74cb - - default default] Successfully bumped revision number for resource 5e8d8fd5-8682-41a9-b811-b71ee76cc661 (type: subnets) to 0
2026-05-11 02:03:56.212 10 WARNING neutron.scheduler.dhcp_agent_scheduler [None req-d8671564-ced0-4eec-a8d7-c1109c050a04 819fa431b1164c60856e6e49803ad8a5 920703b24fcd4805a443e79dc48b74cb - - default default] No more DHCP agents
2026-05-11 02:03:56.217 10 WARNING neutron.api.rpc.agentnotifiers.dhcp_rpc_agent_api [None req-d8671564-ced0-4eec-a8d7-c1109c050a04 819fa431b1164c60856e6e49803ad8a5 920703b24fcd4805a443e79dc48b74cb - - default default] Unable to schedule network f576d077-724e-4abe-a7fe-d852456378cd: no agents available; will retry on subsequent port and subnet creation events.
2026-05-11 02:03:56.441 10 INFO neutron.wsgi [None req-b1b12be3-0071-4cec-9c80-105815857cfd f6a1eab280bb4675a19f2737111a8190 2a02514e1226463db8226cdf845d2c0b - - default default] 10.0.0.96 "DELETE /v2.0/subnets/b7fe499d-7b30-447b-891e-041625dc1f46 HTTP/1.1" status: 204 len: 168 time: 0.2794793
2026-05-11 02:03:56.980 10 INFO neutron.services.segments.plugin [-] Segment 3a6abe5e-6321-4284-8e62-9ebd2bffa033 resource provider aggregate not found
2026-05-11 02:03:56.988 10 INFO neutron.services.segments.plugin [-] Segment 3a6abe5e-6321-4284-8e62-9ebd2bffa033 resource provider aggregate not found
2026-05-11 02:03:56.997 10 INFO neutron.db.ovn_revision_numbers_db [None req-d8671564-ced0-4eec-a8d7-c1109c050a04 819fa431b1164c60856e6e49803ad8a5 920703b24fcd4805a443e79dc48b74cb - - default default] Successfully bumped revision number for resource 5d31befb-1d65-41fe-b8eb-faeac08f5a01 (type: ports) to 2
2026-05-11 02:03:56.999 10 INFO neutron.services.segments.plugin [-] Segment 3a6abe5e-6321-4284-8e62-9ebd2bffa033 resource provider not found; error: Placement Client Error (4xx): {"errors": [{"status": 404, "title": "Not Found", "detail": "The resource could not be found.\n\n No resource provider with uuid 3a6abe5e-6321-4284-8e62-9ebd2bffa033 found for delete ", "request_id": "req-45b9d16e-e6a3-4073-bcbb-cc1256983d53"}]}
2026-05-11 02:03:57.016 10 INFO neutron.services.segments.plugin [-] Segment 3a6abe5e-6321-4284-8e62-9ebd2bffa033 resource provider not found; error: Placement Client Error (4xx): {"errors": [{"status": 404, "title": "Not Found", "detail": "The resource could not be found.\n\n No resource provider with uuid 3a6abe5e-6321-4284-8e62-9ebd2bffa033 found for delete ", "request_id": "req-8acadfe4-caa9-4e33-9d98-5447009e108d"}]}
2026-05-11 02:03:57.046 10 INFO neutron.wsgi [None req-b6e23348-f1a1-41e2-95c6-ae65a93fc4bd f6a1eab280bb4675a19f2737111a8190 2a02514e1226463db8226cdf845d2c0b - - default default] 10.0.0.96 "DELETE /v2.0/networks/4a156a6e-277b-4e64-bc7d-8cbb5f4a0071 HTTP/1.1" status: 204 len: 168 time: 0.6001496
2026-05-11 02:03:57.048 10 INFO neutron.db.ovn_revision_numbers_db [None req-d8671564-ced0-4eec-a8d7-c1109c050a04 819fa431b1164c60856e6e49803ad8a5 920703b24fcd4805a443e79dc48b74cb - - default default] Successfully bumped revision number for resource f935fddd-f758-4685-aa5b-87d7fdabc3aa (type: subnets) to 0
2026-05-11 02:03:57.074 10 INFO neutron.wsgi [None req-d8671564-ced0-4eec-a8d7-c1109c050a04 819fa431b1164c60856e6e49803ad8a5 920703b24fcd4805a443e79dc48b74cb - - default default] 10.0.0.96 "POST /v2.0/subnets HTTP/1.1" status: 201 len: 1426 time: 2.5482373
2026-05-11 02:03:57.124 10 INFO neutron.wsgi [None req-a22beddd-bad6-4185-9541-62f13c0a7d06 819fa431b1164c60856e6e49803ad8a5 920703b24fcd4805a443e79dc48b74cb - - default default] 10.0.0.96 "GET /v2.0/subnets HTTP/1.1" status: 200 len: 2034 time: 0.0442140 /var/lib/openstack/lib/python3.10/site-packages/pycadf/identifier.py:71: UserWarning: Invalid uuid: neutron. To ensure interoperability, identifiers should be a valid uuid. warnings.warn(('Invalid uuid: %s. To ensure interoperability, '
2026-05-11 02:03:57.214 9 INFO neutron.wsgi [None req-5347db36-4c8b-4355-b718-d01249e8dacb f6a1eab280bb4675a19f2737111a8190 2a02514e1226463db8226cdf845d2c0b - - default default] 10.0.0.96 "GET /v2.0/security-groups?tenant_id=ca449bb7945c4603b9f32cd2edfb059c&name=default HTTP/1.1" status: 200 len: 2996 time: 0.0502396
2026-05-11 02:03:57.298 9 INFO neutron.db.ovn_revision_numbers_db [None req-6674ffab-fb1e-4f3f-bec2-d24a43213e77 f6a1eab280bb4675a19f2737111a8190 2a02514e1226463db8226cdf845d2c0b - - default default] Successfully bumped revision number for resource 14b0be08-45fb-40bd-b537-f95041d01aab (type: security_groups) to 1
2026-05-11 02:03:57.316 9 INFO neutron.db.ovn_revision_numbers_db [None req-6674ffab-fb1e-4f3f-bec2-d24a43213e77 f6a1eab280bb4675a19f2737111a8190 2a02514e1226463db8226cdf845d2c0b - - default default] Successfully bumped revision number for resource 084586ff-90b6-4605-a83b-ae3d650c0fb2 (type: security_group_rules) to 0
2026-05-11 02:03:57.333 9 INFO neutron.db.ovn_revision_numbers_db [None req-6674ffab-fb1e-4f3f-bec2-d24a43213e77 f6a1eab280bb4675a19f2737111a8190 2a02514e1226463db8226cdf845d2c0b - - default default] Successfully bumped revision number for resource 9234fd32-4ee8-4c68-9368-dd0e1c695f49 (type: security_group_rules) to 0
2026-05-11 02:03:57.357 9 INFO neutron.db.ovn_revision_numbers_db [None req-6674ffab-fb1e-4f3f-bec2-d24a43213e77 f6a1eab280bb4675a19f2737111a8190 2a02514e1226463db8226cdf845d2c0b - - default default] Successfully bumped revision number for resource a03600cf-ec94-431b-9ba2-fb5f39435b4a (type: security_group_rules) to 0
2026-05-11 02:03:57.375 9 INFO neutron.db.ovn_revision_numbers_db [None req-6674ffab-fb1e-4f3f-bec2-d24a43213e77 f6a1eab280bb4675a19f2737111a8190 2a02514e1226463db8226cdf845d2c0b - - default default] Successfully bumped revision number for resource f04d7ac2-ce9d-4ff9-890a-64cc8bc74f35 (type: security_group_rules) to 0
2026-05-11 02:03:57.377 10 INFO neutron.wsgi [None req-9a026a16-c85a-4566-85be-c0108a69e080 819fa431b1164c60856e6e49803ad8a5 920703b24fcd4805a443e79dc48b74cb - - default default] 10.0.0.96 "DELETE /v2.0/subnets/5e8d8fd5-8682-41a9-b811-b71ee76cc661 HTTP/1.1" status: 204 len: 168 time: 0.2481210
2026-05-11 02:03:57.401 9 INFO neutron.wsgi [None req-6674ffab-fb1e-4f3f-bec2-d24a43213e77 f6a1eab280bb4675a19f2737111a8190 2a02514e1226463db8226cdf845d2c0b - - default default] 10.0.0.96 "GET /v2.0/security-groups?tenant_id=52162e8363424262b6d23a480605e91a&name=default HTTP/1.1" status: 200 len: 2996 time: 0.4251118
2026-05-11 02:03:57.511 10 INFO neutron.wsgi [None req-056de03c-bc45-4af9-9f66-19612004fc52 f6a1eab280bb4675a19f2737111a8190 2a02514e1226463db8226cdf845d2c0b - - default default] 10.0.0.96 "DELETE /v2.0/security-groups/0fa4f663-bafb-4c73-9324-c7aee929b019 HTTP/1.1" status: 204 len: 168 time: 0.2913940
2026-05-11 02:03:57.605 10 INFO neutron.wsgi [None req-84c20840-9c5f-45a7-bfd6-5fe9cd71ab50 819fa431b1164c60856e6e49803ad8a5 920703b24fcd4805a443e79dc48b74cb - - default default] 10.0.0.96 "DELETE /v2.0/subnets/f935fddd-f758-4685-aa5b-87d7fdabc3aa HTTP/1.1" status: 204 len: 168 time: 0.2212362
2026-05-11 02:03:57.611 9 INFO neutron.wsgi [None req-6d382475-7104-4553-83fe-4f3a72f879d4 f6a1eab280bb4675a19f2737111a8190 2a02514e1226463db8226cdf845d2c0b - - default default] 10.0.0.96 "DELETE /v2.0/security-groups/14b0be08-45fb-40bd-b537-f95041d01aab HTTP/1.1" status: 204 len: 168 time: 0.2047918
2026-05-11 02:03:57.650 10 INFO neutron.wsgi [None req-d86aefa4-b64d-4712-988d-702d67226634 819fa431b1164c60856e6e49803ad8a5 920703b24fcd4805a443e79dc48b74cb - - default default] 10.0.0.96 "GET /v2.0/subnets HTTP/1.1" status: 200 len: 820 time: 0.0400121
2026-05-11 02:03:58.045 10 INFO neutron.wsgi [None req-b2d7289d-4957-43ec-9f8a-35c7bc49f276 819fa431b1164c60856e6e49803ad8a5 920703b24fcd4805a443e79dc48b74cb - - default default] 10.0.0.96 "DELETE /v2.0/networks/f576d077-724e-4abe-a7fe-d852456378cd HTTP/1.1" status: 204 len: 168 time: 0.3883746
2026-05-11 02:03:58.416 9 INFO neutron.services.segments.plugin [-] Segment 5712d2f3-3818-467b-a80d-dff52898488f resource provider aggregate not found
2026-05-11 02:03:58.420 9 INFO neutron.services.segments.plugin [-] Segment 5712d2f3-3818-467b-a80d-dff52898488f resource provider aggregate not found
2026-05-11 02:03:58.440 9 INFO neutron.services.segments.plugin [-] Segment 5712d2f3-3818-467b-a80d-dff52898488f resource provider not found; error: Placement Client Error (4xx): {"errors": [{"status": 404, "title": "Not Found", "detail": "The resource could not be found.\n\n No resource provider with uuid 5712d2f3-3818-467b-a80d-dff52898488f found for delete ", "request_id": "req-2edd9313-230a-492c-96a3-ce140fc23928"}]}
2026-05-11 02:03:58.448 9 INFO neutron.services.segments.plugin [-] Segment 5712d2f3-3818-467b-a80d-dff52898488f resource provider not found; error: Placement Client Error (4xx): {"errors": [{"status": 404, "title": "Not Found", "detail": "The resource could not be found.\n\n No resource provider with uuid 5712d2f3-3818-467b-a80d-dff52898488f found for delete ", "request_id": "req-8e931d37-0d3e-4549-b933-2080c4da525c"}]}
2026-05-11 02:03:58.478 9 INFO neutron.wsgi [None req-541f8d8d-8d35-4606-ab11-e4f2bb4a8222 819fa431b1164c60856e6e49803ad8a5 920703b24fcd4805a443e79dc48b74cb - - default default] 10.0.0.96 "DELETE /v2.0/networks/16661166-2d9b-49f3-a6e3-a5185fa9354d HTTP/1.1" status: 204 len: 168 time: 0.4276500
2026-05-11 02:03:58.879 9 INFO neutron.wsgi [None req-454e87c0-4618-4cf8-b9ee-e409e59a755f 819fa431b1164c60856e6e49803ad8a5 920703b24fcd4805a443e79dc48b74cb - - default default] 10.0.0.96 "DELETE /v2.0/networks/e9923c2a-55ae-4ce3-a09e-14934ccbb32f HTTP/1.1" status: 204 len: 168 time: 0.3911338
2026-05-11 02:03:59.022 10 INFO neutron.services.segments.plugin [-] Segment 14a45471-c318-4251-a589-db0c39fd7883 resource provider aggregate not found
2026-05-11 02:03:59.042 10 INFO neutron.services.segments.plugin [-] Segment 14a45471-c318-4251-a589-db0c39fd7883 resource provider not found; error: Placement Client Error (4xx): {"errors": [{"status": 404, "title": "Not Found", "detail": "The resource could not be found.\n\n No resource provider with uuid 14a45471-c318-4251-a589-db0c39fd7883 found for delete ", "request_id": "req-9fb5094a-63d5-4426-a8fa-1f4110d2c39b"}]}
2026-05-11 02:03:59.055 10 INFO neutron.services.segments.plugin [-] Segment 14a45471-c318-4251-a589-db0c39fd7883 resource provider aggregate not found
2026-05-11 02:03:59.084 10 INFO neutron.services.segments.plugin [-] Segment 14a45471-c318-4251-a589-db0c39fd7883 resource provider not found; error: Placement Client Error (4xx): {"errors": [{"status": 404, "title": "Not Found", "detail": "The resource could not be found.\n\n No resource provider with uuid 14a45471-c318-4251-a589-db0c39fd7883 found for delete ", "request_id": "req-dcfb61f3-848e-4e55-b7f3-f4a7a68e4ad4"}]}
2026-05-11 02:03:59.304 9 INFO neutron.wsgi [req-e6afcb02-fa83-4f54-b9ba-4af4e6fe64f8 req-75b3ec13-2807-4da0-80c0-9dc9c810adde 59237714b1d24f43a5010c67e6f9688d 77faa07f0418415aadfbb5908b094806 - - default default] 10.0.0.15 "GET /v2.0/ports?device_id=808db01b-bc80-4d07-adea-21a9b85c8893 HTTP/1.1" status: 200 len: 1170 time: 0.1250618
2026-05-11 02:03:59.306 10 INFO neutron.wsgi [None req-b89149e0-b887-4fce-a0f3-a28bdefbc360 819fa431b1164c60856e6e49803ad8a5 920703b24fcd4805a443e79dc48b74cb - - default default] 10.0.0.96 "DELETE /v2.0/networks/c19f4821-2b8f-4106-a7a0-fdbddac9effd HTTP/1.1" status: 204 len: 168 time: 0.4211218
2026-05-11 02:03:59.366 9 INFO neutron.wsgi [req-e6afcb02-fa83-4f54-b9ba-4af4e6fe64f8 req-44267107-04f6-4690-a534-42d506311e54 59237714b1d24f43a5010c67e6f9688d 77faa07f0418415aadfbb5908b094806 - - default default] 10.0.0.15 "GET /v2.0/security-groups?id=3808dcf4-1163-4ba1-90e8-52389717557b&fields=id&fields=name HTTP/1.1" status: 200 len: 313 time: 0.0497799
2026-05-11 02:03:59.546 10 INFO neutron.wsgi [req-d87bcd78-c7a5-4a6c-aec6-4ec196105a9a req-4f4c2b07-7bfe-45a7-ac66-7898a1f176a7 59237714b1d24f43a5010c67e6f9688d 77faa07f0418415aadfbb5908b094806 - - default default] 10.0.0.15 "GET /v2.0/ports?device_id=808db01b-bc80-4d07-adea-21a9b85c8893 HTTP/1.1" status: 200 len: 1170 time: 0.0950501
2026-05-11 02:03:59.598 10 INFO neutron.wsgi [req-d87bcd78-c7a5-4a6c-aec6-4ec196105a9a req-59410c72-2b4e-48af-b4e1-7ba73f69a9a3 59237714b1d24f43a5010c67e6f9688d 77faa07f0418415aadfbb5908b094806 - - default default] 10.0.0.15 "GET /v2.0/security-groups?id=3808dcf4-1163-4ba1-90e8-52389717557b&fields=id&fields=name HTTP/1.1" status: 200 len: 313 time: 0.0411773
2026-05-11 02:04:00.007 9 INFO neutron.wsgi [req-6974ae6c-ffc1-4896-9ab9-2430d30980eb req-c162b1d2-0f08-4409-acdb-9a7de0dddd6a 55f991a7fc184b8aa8a45640e88358c5 e372edc487564543ba6003396eb8f5e9 - - 001184f3b1ca4d748842f4ce7543235f 001184f3b1ca4d748842f4ce7543235f] 199.204.45.22 "GET /v2.0/ports?tenant_id=77faa07f0418415aadfbb5908b094806&device_id=808db01b-bc80-4d07-adea-21a9b85c8893 HTTP/1.1" status: 200 len: 1409 time: 0.0375710
2026-05-11 02:04:00.007 10 INFO neutron.wsgi [req-c26aa8c3-1308-49ad-bdfd-00eef2498f88 req-87937c4d-3c98-42bf-b8ae-a5e4c0c4c80c 59237714b1d24f43a5010c67e6f9688d 77faa07f0418415aadfbb5908b094806 - - default default] 10.0.0.15 "GET /v2.0/ports?device_id=808db01b-bc80-4d07-adea-21a9b85c8893 HTTP/1.1" status: 200 len: 1170 time: 0.0511847
2026-05-11 02:04:00.048 10 INFO neutron.wsgi [req-c26aa8c3-1308-49ad-bdfd-00eef2498f88 req-515ebb46-6c7d-42e3-9ccb-25a42aa86a1a 59237714b1d24f43a5010c67e6f9688d 77faa07f0418415aadfbb5908b094806 - - default default] 10.0.0.15 "GET /v2.0/security-groups?id=3808dcf4-1163-4ba1-90e8-52389717557b&fields=id&fields=name HTTP/1.1" status: 200 len: 313 time: 0.0329785
2026-05-11 02:04:00.096 9 INFO neutron.wsgi [req-6974ae6c-ffc1-4896-9ab9-2430d30980eb req-e302d981-2519-4fcb-be62-461f0c4eb2a4 55f991a7fc184b8aa8a45640e88358c5 e372edc487564543ba6003396eb8f5e9 - - 001184f3b1ca4d748842f4ce7543235f 001184f3b1ca4d748842f4ce7543235f] 199.204.45.22 "GET /v2.0/networks?id=e1729fcc-8a51-45e9-a790-c0c983b98a28 HTTP/1.1" status: 200 len: 974 time: 0.0816991
2026-05-11 02:04:00.112 9 INFO neutron.wsgi [None req-a092ff45-f52e-4e60-ae26-9e5f361df0fa f6a1eab280bb4675a19f2737111a8190 2a02514e1226463db8226cdf845d2c0b - - default default] 10.0.0.96 "GET /v2.0/security-groups?tenant_id=920703b24fcd4805a443e79dc48b74cb&name=default HTTP/1.1" status: 200 len: 2996 time: 0.1576045
2026-05-11 02:04:00.151 9 INFO neutron.wsgi [req-6974ae6c-ffc1-4896-9ab9-2430d30980eb req-2af2ac28-f284-466a-baea-2df61da8f059 55f991a7fc184b8aa8a45640e88358c5 e372edc487564543ba6003396eb8f5e9 - - 001184f3b1ca4d748842f4ce7543235f 001184f3b1ca4d748842f4ce7543235f] 199.204.45.22 "GET /v2.0/floatingips?fixed_ip_address=10.100.0.3&port_id=0d0ceb42-f647-4d03-bbb8-57df01460b07 HTTP/1.1" status: 200 len: 1059 time: 0.0460100
2026-05-11 02:04:00.191 9 INFO neutron.wsgi [req-6974ae6c-ffc1-4896-9ab9-2430d30980eb req-1f2ac684-3f93-4d53-a900-7b6aae1277cb 55f991a7fc184b8aa8a45640e88358c5 e372edc487564543ba6003396eb8f5e9 - - 001184f3b1ca4d748842f4ce7543235f 001184f3b1ca4d748842f4ce7543235f] 199.204.45.22 "GET /v2.0/subnets?id=1c52f174-1721-473f-ad95-fdbea0d99d7b HTTP/1.1" status: 200 len: 869 time: 0.0323567
2026-05-11 02:04:00.218 9 INFO neutron.wsgi [req-6974ae6c-ffc1-4896-9ab9-2430d30980eb req-51d9c791-53c7-49ac-b15e-e6d40c866137 55f991a7fc184b8aa8a45640e88358c5 e372edc487564543ba6003396eb8f5e9 - - 001184f3b1ca4d748842f4ce7543235f 001184f3b1ca4d748842f4ce7543235f] 199.204.45.22 "GET /v2.0/ports?network_id=e1729fcc-8a51-45e9-a790-c0c983b98a28&device_owner=network%3Adhcp HTTP/1.1" status: 200 len: 210 time: 0.0213606
2026-05-11 02:04:00.320 9 INFO neutron.wsgi [req-6974ae6c-ffc1-4896-9ab9-2430d30980eb req-2eb574ec-2edb-44e8-9798-01eaaf779e68 55f991a7fc184b8aa8a45640e88358c5 e372edc487564543ba6003396eb8f5e9 - - 001184f3b1ca4d748842f4ce7543235f 001184f3b1ca4d748842f4ce7543235f] 199.204.45.22 "GET /v2.0/networks/e1729fcc-8a51-45e9-a790-c0c983b98a28?fields=segments HTTP/1.1" status: 200 len: 212 time: 0.0937529
2026-05-11 02:04:00.362 10 INFO neutron.wsgi [None req-3bf38c87-d994-4f50-9a50-138d58bf030a f6a1eab280bb4675a19f2737111a8190 2a02514e1226463db8226cdf845d2c0b - - default default] 10.0.0.96 "DELETE /v2.0/security-groups/fa2454f3-b6b4-4908-b9bc-797a9ce45326 HTTP/1.1" status: 204 len: 168 time: 0.2407176
2026-05-11 02:04:00.384 9 INFO neutron.wsgi [req-6974ae6c-ffc1-4896-9ab9-2430d30980eb req-258de78a-6b91-405f-a034-813e81ee913d 55f991a7fc184b8aa8a45640e88358c5 e372edc487564543ba6003396eb8f5e9 - - 001184f3b1ca4d748842f4ce7543235f 001184f3b1ca4d748842f4ce7543235f] 199.204.45.22 "GET /v2.0/networks/e1729fcc-8a51-45e9-a790-c0c983b98a28?fields=provider%3Aphysical_network&fields=provider%3Anetwork_type HTTP/1.1" status: 200 len: 277 time: 0.0560822
2026-05-11 02:04:00.463 9 INFO neutron.services.segments.plugin [-] Segment 5ab66189-a1b3-4753-bc49-21f3c5378910 resource provider aggregate not found
2026-05-11 02:04:00.470 9 INFO neutron.services.segments.plugin [-] Segment 5ab66189-a1b3-4753-bc49-21f3c5378910 resource provider aggregate not found
2026-05-11 02:04:00.486 9 INFO neutron.services.segments.plugin [-] Segment 5ab66189-a1b3-4753-bc49-21f3c5378910 resource provider not found; error: Placement Client Error (4xx): {"errors": [{"status": 404, "title": "Not Found", "detail": "The resource could not be found.\n\n No resource provider with uuid 5ab66189-a1b3-4753-bc49-21f3c5378910 found for delete ", "request_id": "req-ffecd644-ab6b-4978-bdaf-a1ac2554802f"}]}
2026-05-11 02:04:00.495 9 INFO neutron.services.segments.plugin [-] Segment 5ab66189-a1b3-4753-bc49-21f3c5378910 resource provider not found; error: Placement Client Error (4xx): {"errors": [{"status": 404, "title": "Not Found", "detail": "The resource could not be found.\n\n No resource provider with uuid 5ab66189-a1b3-4753-bc49-21f3c5378910 found for delete ", "request_id": "req-48967bc1-2e47-488c-afa3-fe86ed716217"}]}
2026-05-11 02:04:00.532 10 INFO neutron.db.ovn_revision_numbers_db [None req-10a9b272-ee6e-48c6-b656-050962b4d541 f6a1eab280bb4675a19f2737111a8190 2a02514e1226463db8226cdf845d2c0b - - default default] Successfully bumped revision number for resource 965b182c-b540-4be1-89b5-21e821a38d0d (type: security_groups) to 1
2026-05-11 02:04:00.547 10 INFO neutron.db.ovn_revision_numbers_db [None req-10a9b272-ee6e-48c6-b656-050962b4d541 f6a1eab280bb4675a19f2737111a8190 2a02514e1226463db8226cdf845d2c0b - - default default] Successfully bumped revision number for resource 14d2d0ff-be80-4312-8206-cde7cbc82412 (type: security_group_rules) to 0
2026-05-11 02:04:00.562 10 INFO neutron.db.ovn_revision_numbers_db [None req-10a9b272-ee6e-48c6-b656-050962b4d541 f6a1eab280bb4675a19f2737111a8190 2a02514e1226463db8226cdf845d2c0b - - default default] Successfully bumped revision number for resource 9c73dcd2-b4c6-4182-b9bc-a0a8c4374102 (type: security_group_rules) to 0
2026-05-11 02:04:00.582 10 INFO neutron.db.ovn_revision_numbers_db [None req-10a9b272-ee6e-48c6-b656-050962b4d541 f6a1eab280bb4675a19f2737111a8190 2a02514e1226463db8226cdf845d2c0b - - default default] Successfully bumped revision number for resource cc0a739e-4df3-4c43-95f9-90cb74e4e06f (type: security_group_rules) to 0
2026-05-11 02:04:00.612 10 INFO neutron.db.ovn_revision_numbers_db [None req-10a9b272-ee6e-48c6-b656-050962b4d541 f6a1eab280bb4675a19f2737111a8190 2a02514e1226463db8226cdf845d2c0b - - default default] Successfully bumped revision number for resource f398caa0-c896-4e81-85b0-cd1cd8117a83 (type: security_group_rules) to 0
2026-05-11 02:04:00.624 9 INFO neutron.plugins.ml2.drivers.ovn.mech_driver.mech_driver [None req-d7fd741a-a85c-4092-858e-c1902e487ad4 - - - - - -] OVN reports status down for port: 0d0ceb42-f647-4d03-bbb8-57df01460b07
2026-05-11 02:04:00.645 10 INFO neutron.wsgi [None req-10a9b272-ee6e-48c6-b656-050962b4d541 f6a1eab280bb4675a19f2737111a8190 2a02514e1226463db8226cdf845d2c0b - - default default] 10.0.0.96 "GET /v2.0/security-groups?tenant_id=e1e19f7b67d640b9b645980dc8682048&name=default HTTP/1.1" status: 200 len: 2996 time: 0.4536524
2026-05-11 02:04:00.815 9 INFO neutron.notifiers.nova [-] Nova event matching ['req-75d4976d-1876-494e-b11b-741d7483fc98'] response: {'server_uuid': '808db01b-bc80-4d07-adea-21a9b85c8893', 'name': 'network-vif-unplugged', 'status': 'completed', 'tag': '0d0ceb42-f647-4d03-bbb8-57df01460b07', 'code': 200}
2026-05-11 02:04:00.975 9 INFO neutron.wsgi [None req-f8b3c554-7bb9-48aa-a6cf-23c3e8366473 f6a1eab280bb4675a19f2737111a8190 2a02514e1226463db8226cdf845d2c0b - - default default] 10.0.0.96 "DELETE /v2.0/security-groups/965b182c-b540-4be1-89b5-21e821a38d0d HTTP/1.1" status: 204 len: 168 time: 0.3115215
2026-05-11 02:04:00.992 9 INFO neutron.db.ovn_revision_numbers_db [None req-d7fd741a-a85c-4092-858e-c1902e487ad4 - - - - - -] Successfully bumped revision number for resource 0d0ceb42-f647-4d03-bbb8-57df01460b07 (type: ports) to 5
2026-05-11 02:04:01.060 10 INFO neutron.services.segments.plugin [-] Segment e81b0a95-5c90-40b6-8307-a078913cbed3 resource provider aggregate not found
2026-05-11 02:04:01.079 10 INFO neutron.services.segments.plugin [-] Segment e81b0a95-5c90-40b6-8307-a078913cbed3 resource provider not found; error: Placement Client Error (4xx): {"errors": [{"status": 404, "title": "Not Found", "detail": "The resource could not be found.\n\n No resource provider with uuid e81b0a95-5c90-40b6-8307-a078913cbed3 found for delete ", "request_id": "req-f435d5b6-7497-4484-9236-15d8e290b402"}]}
2026-05-11 02:04:01.104 10 INFO neutron.services.segments.plugin [-] Segment e81b0a95-5c90-40b6-8307-a078913cbed3 resource provider aggregate not found
2026-05-11 02:04:01.125 10 INFO neutron.services.segments.plugin [-] Segment e81b0a95-5c90-40b6-8307-a078913cbed3 resource provider not found; error: Placement Client Error (4xx): {"errors": [{"status": 404, "title": "Not Found", "detail": "The resource could not be found.\n\n No resource provider with uuid e81b0a95-5c90-40b6-8307-a078913cbed3 found for delete ", "request_id": "req-05cd2ac8-0f38-4d2a-8948-8b3c39896f7c"}]}
2026-05-11 02:04:01.169 10 INFO neutron.wsgi [req-b6894340-86d1-4649-89f3-818a0215ddaa req-cf70a5bf-a2f8-440d-bf75-2231fc7cdd29 59237714b1d24f43a5010c67e6f9688d 77faa07f0418415aadfbb5908b094806 - - default default] 10.0.0.15 "GET /v2.0/ports?device_id=808db01b-bc80-4d07-adea-21a9b85c8893 HTTP/1.1" status: 200 len: 1168 time: 0.0406609
2026-05-11 02:04:01.219 10 INFO neutron.wsgi [req-b6894340-86d1-4649-89f3-818a0215ddaa req-3e1ea492-e98e-4101-9dc7-09ba1cae0cc5 59237714b1d24f43a5010c67e6f9688d 77faa07f0418415aadfbb5908b094806 - - default default] 10.0.0.15 "GET /v2.0/security-groups?id=3808dcf4-1163-4ba1-90e8-52389717557b&fields=id&fields=name HTTP/1.1" status: 200 len: 313 time: 0.0450656
2026-05-11 02:04:01.235 9 INFO neutron.plugins.ml2.drivers.ovn.mech_driver.mech_driver [None req-d7fd741a-a85c-4092-858e-c1902e487ad4 - - - - - -] OVN reports status up for port: 0d0ceb42-f647-4d03-bbb8-57df01460b07
2026-05-11 02:04:01.257 9 INFO neutron.plugins.ml2.plugin [None req-d7fd741a-a85c-4092-858e-c1902e487ad4 - - - - - -] Attempt 1 to provision port 0d0ceb42-f647-4d03-bbb8-57df01460b07
2026-05-11 02:04:01.600 9 INFO neutron.db.ovn_revision_numbers_db [None req-d7fd741a-a85c-4092-858e-c1902e487ad4 - - - - - -] Successfully bumped revision number for resource 0d0ceb42-f647-4d03-bbb8-57df01460b07 (type: ports) to 6
2026-05-11 02:04:02.325 10 INFO neutron.db.ovn_revision_numbers_db [None req-c2defe18-3325-4545-963f-82a791b9e9df f6a1eab280bb4675a19f2737111a8190 2a02514e1226463db8226cdf845d2c0b - - default default] Successfully bumped revision number for resource bc126b00-4265-416a-92d1-5b8115b05d78 (type: security_groups) to 1
2026-05-11 02:04:02.346 10 INFO neutron.wsgi [req-1e103037-fcdc-4071-8392-c17e8c5647e3 req-815d4563-c43a-473e-9332-503c035a977b 59237714b1d24f43a5010c67e6f9688d 77faa07f0418415aadfbb5908b094806 - - default default] 10.0.0.15 "GET /v2.0/ports?device_id=808db01b-bc80-4d07-adea-21a9b85c8893 HTTP/1.1" status: 200 len: 1170 time: 0.0452490
2026-05-11 02:04:02.354 10 INFO neutron.db.ovn_revision_numbers_db [None req-c2defe18-3325-4545-963f-82a791b9e9df f6a1eab280bb4675a19f2737111a8190 2a02514e1226463db8226cdf845d2c0b - - default default] Successfully bumped revision number for resource 3f7efc53-7815-45b1-abb5-8fcbb4552a3b (type: security_group_rules) to 0
2026-05-11 02:04:02.387 10 INFO neutron.db.ovn_revision_numbers_db [None req-c2defe18-3325-4545-963f-82a791b9e9df f6a1eab280bb4675a19f2737111a8190 2a02514e1226463db8226cdf845d2c0b - - default default] Successfully bumped revision number for resource 6a267d91-c45a-48bb-bfb4-c0e5e11c1869 (type: security_group_rules) to 0
2026-05-11 02:04:02.401 10 INFO neutron.wsgi [req-1e103037-fcdc-4071-8392-c17e8c5647e3 req-735166b1-5773-47df-994e-826891e67c39 59237714b1d24f43a5010c67e6f9688d 77faa07f0418415aadfbb5908b094806 - - default default] 10.0.0.15 "GET /v2.0/security-groups?id=3808dcf4-1163-4ba1-90e8-52389717557b&fields=id&fields=name HTTP/1.1" status: 200 len: 313 time: 0.0487642
2026-05-11 02:04:02.410 10 INFO neutron.db.ovn_revision_numbers_db [None req-c2defe18-3325-4545-963f-82a791b9e9df f6a1eab280bb4675a19f2737111a8190 2a02514e1226463db8226cdf845d2c0b - - default default] Successfully bumped revision number for resource ce9f6dbe-0972-4519-bfb3-62f7c05e18a8 (type: security_group_rules) to 0
2026-05-11 02:04:02.442 10 INFO neutron.db.ovn_revision_numbers_db [None req-c2defe18-3325-4545-963f-82a791b9e9df f6a1eab280bb4675a19f2737111a8190 2a02514e1226463db8226cdf845d2c0b - - default default] Successfully bumped revision number for resource cfc3a7e1-751e-4f46-8973-e145c8826fbb (type: security_group_rules) to 0
2026-05-11 02:04:02.471 10 INFO neutron.wsgi [None req-c2defe18-3325-4545-963f-82a791b9e9df f6a1eab280bb4675a19f2737111a8190 2a02514e1226463db8226cdf845d2c0b - - default default] 10.0.0.96 "GET /v2.0/security-groups?tenant_id=5f25ad26d7fa43818802c55fc5bdebba&name=default HTTP/1.1" status: 200 len: 2996 time: 0.5912008
2026-05-11 02:04:02.714 10 INFO neutron.wsgi [None req-119a6b2d-dbf3-4cd1-8dbc-aa84f99c651d f6a1eab280bb4675a19f2737111a8190 2a02514e1226463db8226cdf845d2c0b - - default default] 10.0.0.96 "DELETE /v2.0/security-groups/bc126b00-4265-416a-92d1-5b8115b05d78 HTTP/1.1" status: 204 len: 168 time: 0.2391980 /var/lib/openstack/lib/python3.10/site-packages/pycadf/identifier.py:71: UserWarning: Invalid uuid: neutron. To ensure interoperability, identifiers should be a valid uuid. warnings.warn(('Invalid uuid: %s. To ensure interoperability, '
2026-05-11 02:04:02.858 9 INFO neutron.notifiers.nova [-] Nova event matching ['req-add95522-e19b-4a1a-9209-a956cd9916eb'] response: {'server_uuid': '808db01b-bc80-4d07-adea-21a9b85c8893', 'name': 'network-vif-plugged', 'status': 'completed', 'tag': '0d0ceb42-f647-4d03-bbb8-57df01460b07', 'code': 200}
2026-05-11 02:04:02.858 9 INFO neutron.notifiers.nova [-] Nova event matching ['req-add95522-e19b-4a1a-9209-a956cd9916eb'] response: {'server_uuid': '808db01b-bc80-4d07-adea-21a9b85c8893', 'name': 'network-vif-plugged', 'status': 'completed', 'tag': '0d0ceb42-f647-4d03-bbb8-57df01460b07', 'code': 200}
2026-05-11 02:04:02.858 9 INFO neutron.notifiers.nova [-] Nova event matching ['req-add95522-e19b-4a1a-9209-a956cd9916eb'] response: {'server_uuid': '808db01b-bc80-4d07-adea-21a9b85c8893', 'name': 'network-vif-plugged', 'status': 'completed', 'tag': '0d0ceb42-f647-4d03-bbb8-57df01460b07', 'code': 200}
2026-05-11 02:04:02.945 9 INFO neutron.db.ovn_revision_numbers_db [None req-8bacc5b3-ac31-4cd5-a82d-e38a9d099052 093acd80b53c48fbad98e39a575cd180 6f050bb5de08429a82a0316d4638932c - - default default] Successfully bumped revision number for resource e53af99f-b1c0-4ba5-b444-e47253427a05 (type: security_groups) to 1
2026-05-11 02:04:02.961 9 INFO neutron.db.ovn_revision_numbers_db [None req-8bacc5b3-ac31-4cd5-a82d-e38a9d099052 093acd80b53c48fbad98e39a575cd180 6f050bb5de08429a82a0316d4638932c - - default default] Successfully bumped revision number for resource 10ba5a10-76e7-42ce-9dd4-9ee06aa9bce9 (type: security_group_rules) to 0
2026-05-11 02:04:02.976 9 INFO neutron.db.ovn_revision_numbers_db [None req-8bacc5b3-ac31-4cd5-a82d-e38a9d099052 093acd80b53c48fbad98e39a575cd180 6f050bb5de08429a82a0316d4638932c - - default default] Successfully bumped revision number for resource 3852d95d-10c3-43a6-9b7b-fd6779f6aa78 (type: security_group_rules) to 0
2026-05-11 02:04:03.001 9 INFO neutron.db.ovn_revision_numbers_db [None req-8bacc5b3-ac31-4cd5-a82d-e38a9d099052 093acd80b53c48fbad98e39a575cd180 6f050bb5de08429a82a0316d4638932c - - default default] Successfully bumped revision number for resource 7ae9b809-76ee-4700-bb67-5c9551a6cdea (type: security_group_rules) to 0
2026-05-11 02:04:03.008 9 INFO neutron.db.ovn_revision_numbers_db [None req-340d51ab-bd5e-4cf7-8366-f3fd7cd3ce62 f6a1eab280bb4675a19f2737111a8190 2a02514e1226463db8226cdf845d2c0b - - default default] Successfully bumped revision number for resource 5ec54d5d-8963-4bed-b110-4d4eedcebe65 (type: security_groups) to 1
2026-05-11 02:04:03.015 9 INFO neutron.db.ovn_revision_numbers_db [None req-8bacc5b3-ac31-4cd5-a82d-e38a9d099052 093acd80b53c48fbad98e39a575cd180 6f050bb5de08429a82a0316d4638932c - - default default] Successfully bumped revision number for resource c0715f9e-d108-45b6-bb10-9d81a4773629 (type: security_group_rules) to 0
2026-05-11 02:04:03.025 9 INFO neutron.db.ovn_revision_numbers_db [None req-340d51ab-bd5e-4cf7-8366-f3fd7cd3ce62 f6a1eab280bb4675a19f2737111a8190 2a02514e1226463db8226cdf845d2c0b - - default default] Successfully bumped revision number for resource 169f1a5c-5623-4cd2-a1c2-af8b2f5bf464 (type: security_group_rules) to 0
2026-05-11 02:04:03.041 9 INFO neutron.db.ovn_revision_numbers_db [None req-340d51ab-bd5e-4cf7-8366-f3fd7cd3ce62 f6a1eab280bb4675a19f2737111a8190 2a02514e1226463db8226cdf845d2c0b - - default default] Successfully bumped revision number for resource 1cf28969-1354-43a2-a78b-2ee1eb372e5e (type: security_group_rules) to 0
2026-05-11 02:04:03.057 9 INFO neutron.db.ovn_revision_numbers_db [None req-340d51ab-bd5e-4cf7-8366-f3fd7cd3ce62 f6a1eab280bb4675a19f2737111a8190 2a02514e1226463db8226cdf845d2c0b - - default default] Successfully bumped revision number for resource bb9b31df-a01e-4cc0-a187-ac81842b58f6 (type: security_group_rules) to 0
2026-05-11 02:04:03.066 9 INFO neutron.db.segments_db [None req-8bacc5b3-ac31-4cd5-a82d-e38a9d099052 093acd80b53c48fbad98e39a575cd180 6f050bb5de08429a82a0316d4638932c - - default default] Added segment 6621dbd4-04a9-4975-bec1-c7c51c69e472 of type geneve for network ca065f73-8321-4603-99b0-9abf719ddca3
2026-05-11 02:04:03.079 9 INFO neutron.db.ovn_revision_numbers_db [None req-340d51ab-bd5e-4cf7-8366-f3fd7cd3ce62 f6a1eab280bb4675a19f2737111a8190 2a02514e1226463db8226cdf845d2c0b - - default default] Successfully bumped revision number for resource fef43df0-80b3-4e98-93c8-b73df39efad2 (type: security_group_rules) to 0
2026-05-11 02:04:03.105 9 INFO neutron.wsgi [None req-340d51ab-bd5e-4cf7-8366-f3fd7cd3ce62 f6a1eab280bb4675a19f2737111a8190 2a02514e1226463db8226cdf845d2c0b - - default default] 10.0.0.96 "GET /v2.0/security-groups?tenant_id=46c9e96b8fb645d2accde07393dfad1e&name=default HTTP/1.1" status: 200 len: 2996 time: 0.2177613
2026-05-11 02:04:03.217 9 INFO neutron.db.ovn_revision_numbers_db [None req-8bacc5b3-ac31-4cd5-a82d-e38a9d099052 093acd80b53c48fbad98e39a575cd180 6f050bb5de08429a82a0316d4638932c - - default default] Successfully bumped revision number for resource ca065f73-8321-4603-99b0-9abf719ddca3 (type: networks) to 1
2026-05-11 02:04:03.310 10 INFO neutron.wsgi [None req-44518c9a-74cb-4bae-96f2-14f303b81561 f6a1eab280bb4675a19f2737111a8190 2a02514e1226463db8226cdf845d2c0b - - default default] 10.0.0.96 "DELETE /v2.0/security-groups/5ec54d5d-8963-4bed-b110-4d4eedcebe65 HTTP/1.1" status: 204 len: 168 time: 0.1978300
2026-05-11 02:04:03.390 9 WARNING neutron.scheduler.dhcp_agent_scheduler [None req-8bacc5b3-ac31-4cd5-a82d-e38a9d099052 093acd80b53c48fbad98e39a575cd180 6f050bb5de08429a82a0316d4638932c - - default default] No more DHCP agents
2026-05-11 02:04:03.392 9 WARNING neutron.api.rpc.agentnotifiers.dhcp_rpc_agent_api [None req-8bacc5b3-ac31-4cd5-a82d-e38a9d099052 093acd80b53c48fbad98e39a575cd180 6f050bb5de08429a82a0316d4638932c - - default default] Unable to schedule network ca065f73-8321-4603-99b0-9abf719ddca3: no agents available; will retry on subsequent port and subnet creation events.
2026-05-11 02:04:03.490 9 INFO neutron.db.ovn_revision_numbers_db [None req-8bacc5b3-ac31-4cd5-a82d-e38a9d099052 093acd80b53c48fbad98e39a575cd180 6f050bb5de08429a82a0316d4638932c - - default default] Successfully bumped revision number for resource f656b018-fef6-4261-a43a-b485ddb30891 (type: ports) to 1
2026-05-11 02:04:03.514 9 INFO neutron.wsgi [None req-8bacc5b3-ac31-4cd5-a82d-e38a9d099052 093acd80b53c48fbad98e39a575cd180 6f050bb5de08429a82a0316d4638932c - - default default] 10.0.0.96 "POST /v2.0/networks HTTP/1.1" status: 201 len: 844 time: 0.9028254
2026-05-11 02:04:03.821 9 WARNING neutron.scheduler.dhcp_agent_scheduler [None req-d13dafd7-0794-4263-83bc-7a532cd74023 093acd80b53c48fbad98e39a575cd180 6f050bb5de08429a82a0316d4638932c - - default default] No more DHCP agents
2026-05-11 02:04:03.822 9 WARNING neutron.api.rpc.agentnotifiers.dhcp_rpc_agent_api [None req-d13dafd7-0794-4263-83bc-7a532cd74023 093acd80b53c48fbad98e39a575cd180 6f050bb5de08429a82a0316d4638932c - - default default] Unable to schedule network ca065f73-8321-4603-99b0-9abf719ddca3: no agents available; will retry on subsequent port and subnet creation events.
2026-05-11 02:04:03.907 9 INFO neutron.db.ovn_revision_numbers_db [None req-d13dafd7-0794-4263-83bc-7a532cd74023 093acd80b53c48fbad98e39a575cd180 6f050bb5de08429a82a0316d4638932c - - default default] Successfully bumped revision number for resource 31476e65-1a01-4408-b554-be4bfe8754b5 (type: ports) to 1
2026-05-11 02:04:03.933 9 INFO neutron.wsgi [None req-d13dafd7-0794-4263-83bc-7a532cd74023 093acd80b53c48fbad98e39a575cd180 6f050bb5de08429a82a0316d4638932c - - default default] 10.0.0.96 "POST /v2.0/ports HTTP/1.1" status: 201 len: 974 time: 0.4129498 /var/lib/openstack/lib/python3.10/site-packages/pycadf/identifier.py:71: UserWarning: Invalid uuid: neutron. To ensure interoperability, identifiers should be a valid uuid. warnings.warn(('Invalid uuid: %s. To ensure interoperability, '
2026-05-11 02:04:04.031 9 INFO neutron.db.segments_db [None req-ee106bfe-6f93-4301-aabd-b5d563dc2ef3 093acd80b53c48fbad98e39a575cd180 6f050bb5de08429a82a0316d4638932c - - default default] Added segment 04f180bc-ab6b-4e22-a003-b52e7884583a of type geneve for network a6e9bf56-051c-44ed-9fe8-6e4eb3b4505f
2026-05-11 02:04:04.181 9 INFO neutron.db.ovn_revision_numbers_db [None req-ee106bfe-6f93-4301-aabd-b5d563dc2ef3 093acd80b53c48fbad98e39a575cd180 6f050bb5de08429a82a0316d4638932c - - default default] Successfully bumped revision number for resource a6e9bf56-051c-44ed-9fe8-6e4eb3b4505f (type: networks) to 1
2026-05-11 02:04:04.244 10 INFO neutron.wsgi [None req-34bfa235-d981-42ce-a6fc-a51fe672a169 c1752b2aca514beeb249b8dc50a318eb 4d565e6674924003a5bdb7cd1e99a732 - - default default] 10.0.0.3 "GET /v2.0/extensions HTTP/1.1" status: 200 len: 16525 time: 0.1071522
2026-05-11 02:04:04.376 9 WARNING neutron.scheduler.dhcp_agent_scheduler [None req-ee106bfe-6f93-4301-aabd-b5d563dc2ef3 093acd80b53c48fbad98e39a575cd180 6f050bb5de08429a82a0316d4638932c - - default default] No more DHCP agents
2026-05-11 02:04:04.379 9 WARNING neutron.api.rpc.agentnotifiers.dhcp_rpc_agent_api [None req-ee106bfe-6f93-4301-aabd-b5d563dc2ef3 093acd80b53c48fbad98e39a575cd180 6f050bb5de08429a82a0316d4638932c - - default default] Unable to schedule network a6e9bf56-051c-44ed-9fe8-6e4eb3b4505f: no agents available; will retry on subsequent port and subnet creation events.
2026-05-11 02:04:04.418 9 INFO neutron.wsgi [None req-a8db2b18-ddb1-49cb-b1ba-39940a5290e6 c1752b2aca514beeb249b8dc50a318eb 4d565e6674924003a5bdb7cd1e99a732 - - default default] 10.0.0.3 "GET /v2.0/quotas/4d565e6674924003a5bdb7cd1e99a732/details HTTP/1.1" status: 200 len: 756 time: 0.1595924
2026-05-11 02:04:04.472 9 INFO neutron.db.ovn_revision_numbers_db [None req-ee106bfe-6f93-4301-aabd-b5d563dc2ef3 093acd80b53c48fbad98e39a575cd180 6f050bb5de08429a82a0316d4638932c - - default default] Successfully bumped revision number for resource 7be10b9d-7a67-4e2e-aa79-429148bc21bd (type: ports) to 1
2026-05-11 02:04:04.495 9 INFO neutron.wsgi [None req-ee106bfe-6f93-4301-aabd-b5d563dc2ef3 093acd80b53c48fbad98e39a575cd180 6f050bb5de08429a82a0316d4638932c - - default default] 10.0.0.96 "POST /v2.0/networks HTTP/1.1" status: 201 len: 830 time: 0.5554695
2026-05-11 02:04:04.766 9 WARNING neutron.scheduler.dhcp_agent_scheduler [None req-b754b01c-3da5-42ce-b65f-33f0f1a7fa2e 093acd80b53c48fbad98e39a575cd180 6f050bb5de08429a82a0316d4638932c - - default default] No more DHCP agents
2026-05-11 02:04:04.767 9 WARNING neutron.api.rpc.agentnotifiers.dhcp_rpc_agent_api [None req-b754b01c-3da5-42ce-b65f-33f0f1a7fa2e 093acd80b53c48fbad98e39a575cd180 6f050bb5de08429a82a0316d4638932c - - default default] Unable to schedule network a6e9bf56-051c-44ed-9fe8-6e4eb3b4505f: no agents available; will retry on subsequent port and subnet creation events.
2026-05-11 02:04:05.293 9 INFO neutron.db.ovn_revision_numbers_db [None req-b754b01c-3da5-42ce-b65f-33f0f1a7fa2e 093acd80b53c48fbad98e39a575cd180 6f050bb5de08429a82a0316d4638932c - - default default] Successfully bumped revision number for resource 7be10b9d-7a67-4e2e-aa79-429148bc21bd (type: ports) to 2
2026-05-11 02:04:05.338 9 INFO neutron.db.ovn_revision_numbers_db [None req-b754b01c-3da5-42ce-b65f-33f0f1a7fa2e 093acd80b53c48fbad98e39a575cd180 6f050bb5de08429a82a0316d4638932c - - default default] Successfully bumped revision number for resource be03af46-bd7d-4707-a161-db142a3edede (type: subnets) to 0
2026-05-11 02:04:05.352 9 INFO neutron.wsgi [None req-b754b01c-3da5-42ce-b65f-33f0f1a7fa2e 093acd80b53c48fbad98e39a575cd180 6f050bb5de08429a82a0316d4638932c - - default default] 10.0.0.96 "POST /v2.0/subnets HTTP/1.1" status: 201 len: 801 time: 0.8500714
2026-05-11 02:04:05.742 9 WARNING neutron.scheduler.dhcp_agent_scheduler [None req-eda9207b-b499-436b-bcac-4e57ff2e6ab7 093acd80b53c48fbad98e39a575cd180 6f050bb5de08429a82a0316d4638932c - - default default] No more DHCP agents
2026-05-11 02:04:05.745 9 WARNING neutron.api.rpc.agentnotifiers.dhcp_rpc_agent_api [None req-eda9207b-b499-436b-bcac-4e57ff2e6ab7 093acd80b53c48fbad98e39a575cd180 6f050bb5de08429a82a0316d4638932c - - default default] Unable to schedule network a6e9bf56-051c-44ed-9fe8-6e4eb3b4505f: no agents available; will retry on subsequent port and subnet creation events.
2026-05-11 02:04:06.148 9 INFO neutron.db.ovn_revision_numbers_db [None req-eda9207b-b499-436b-bcac-4e57ff2e6ab7 093acd80b53c48fbad98e39a575cd180 6f050bb5de08429a82a0316d4638932c - - default default] Successfully bumped revision number for resource 3716f193-fb2c-469c-8a2b-6dce0e90894b (type: ports) to 1
2026-05-11 02:04:06.173 9 INFO neutron.wsgi [None req-eda9207b-b499-436b-bcac-4e57ff2e6ab7 093acd80b53c48fbad98e39a575cd180 6f050bb5de08429a82a0316d4638932c - - default default] 10.0.0.96 "POST /v2.0/ports HTTP/1.1" status: 201 len: 1149 time: 0.8118167 /var/lib/openstack/lib/python3.10/site-packages/pycadf/identifier.py:71: UserWarning: Invalid uuid: neutron. To ensure interoperability, identifiers should be a valid uuid. warnings.warn(('Invalid uuid: %s. To ensure interoperability, '
2026-05-11 02:04:06.498 9 INFO neutron.wsgi [None req-be04d774-f3e2-4b0d-8677-f72e5f953f1d 093acd80b53c48fbad98e39a575cd180 6f050bb5de08429a82a0316d4638932c - - default default] 10.0.0.96 "DELETE /v2.0/ports/3716f193-fb2c-469c-8a2b-6dce0e90894b HTTP/1.1" status: 204 len: 168 time: 0.3199332
2026-05-11 02:04:06.522 9 INFO neutron.pecan_wsgi.hooks.translation [None req-30d156da-872a-4502-932f-c55a456aabc4 093acd80b53c48fbad98e39a575cd180 6f050bb5de08429a82a0316d4638932c - - default default] DELETE failed (client error): The resource could not be found.
2026-05-11 02:04:06.525 9 INFO neutron.wsgi [None req-30d156da-872a-4502-932f-c55a456aabc4 093acd80b53c48fbad98e39a575cd180 6f050bb5de08429a82a0316d4638932c - - default default] 10.0.0.96 "DELETE /v2.0/ports/3716f193-fb2c-469c-8a2b-6dce0e90894b HTTP/1.1" status: 404 len: 333 time: 0.0203447
2026-05-11 02:04:06.547 9 INFO neutron.pecan_wsgi.hooks.translation [None req-3569ea7f-28e8-4da0-a6f6-09f1b84fd122 093acd80b53c48fbad98e39a575cd180 6f050bb5de08429a82a0316d4638932c - - default default] GET failed (client error): The resource could not be found.
2026-05-11 02:04:06.548 9 INFO neutron.wsgi [None req-3569ea7f-28e8-4da0-a6f6-09f1b84fd122 093acd80b53c48fbad98e39a575cd180 6f050bb5de08429a82a0316d4638932c - - default default] 10.0.0.96 "GET /v2.0/ports/3716f193-fb2c-469c-8a2b-6dce0e90894b HTTP/1.1" status: 404 len: 333 time: 0.0183136
2026-05-11 02:04:06.761 9 INFO neutron.wsgi [None req-f373b137-ab01-4a19-b27e-25eb288b40d5 093acd80b53c48fbad98e39a575cd180 6f050bb5de08429a82a0316d4638932c - - default default] 10.0.0.96 "DELETE /v2.0/subnets/be03af46-bd7d-4707-a161-db142a3edede HTTP/1.1" status: 204 len: 168 time: 0.2080050
2026-05-11 02:04:07.105 9 INFO neutron.services.segments.plugin [-] Segment 04f180bc-ab6b-4e22-a003-b52e7884583a resource provider aggregate not found
2026-05-11 02:04:07.113 9 INFO neutron.services.segments.plugin [-] Segment 04f180bc-ab6b-4e22-a003-b52e7884583a resource provider aggregate not found
2026-05-11 02:04:07.131 10 INFO neutron.wsgi [None req-a33083e2-cd1b-4a12-bb83-2e09a098793d c1752b2aca514beeb249b8dc50a318eb 4d565e6674924003a5bdb7cd1e99a732 - - default default] 10.0.0.3 "GET /v2.0/extensions HTTP/1.1" status: 200 len: 16525 time: 0.0094998
2026-05-11 02:04:07.138 9 INFO neutron.services.segments.plugin [-] Segment 04f180bc-ab6b-4e22-a003-b52e7884583a resource provider not found; error: Placement Client Error (4xx): {"errors": [{"status": 404, "title": "Not Found", "detail": "The resource could not be found.\n\n No resource provider with uuid 04f180bc-ab6b-4e22-a003-b52e7884583a found for delete ", "request_id": "req-cb5f370e-a9d7-41b1-9d9e-58c6ff2e3f51"}]}
2026-05-11 02:04:07.141 9 INFO neutron.services.segments.plugin [-] Segment 04f180bc-ab6b-4e22-a003-b52e7884583a resource provider not found; error: Placement Client Error (4xx): {"errors": [{"status": 404, "title": "Not Found", "detail": "The resource could not be found.\n\n No resource provider with uuid 04f180bc-ab6b-4e22-a003-b52e7884583a found for delete ", "request_id": "req-a2219b54-5fff-4660-989b-856bbf5b4a8d"}]}
2026-05-11 02:04:07.161 9 INFO neutron.wsgi [None req-49d2d954-ad23-4fc9-bc1a-3074e3b4da12 093acd80b53c48fbad98e39a575cd180 6f050bb5de08429a82a0316d4638932c - - default default] 10.0.0.96 "DELETE /v2.0/networks/a6e9bf56-051c-44ed-9fe8-6e4eb3b4505f HTTP/1.1" status: 204 len: 168 time: 0.3947957
2026-05-11 02:04:07.221 9 INFO neutron.wsgi [None req-e0ab58fe-6c58-4992-b181-3def9e4e18fb c1752b2aca514beeb249b8dc50a318eb 4d565e6674924003a5bdb7cd1e99a732 - - default default] 10.0.0.3 "GET /v2.0/quotas/4d565e6674924003a5bdb7cd1e99a732/details HTTP/1.1" status: 200 len: 756 time: 0.0733631
2026-05-11 02:04:07.265 10 INFO neutron.db.segments_db [None req-a31b07ff-2f72-4461-b6ce-ed82a3052634 093acd80b53c48fbad98e39a575cd180 6f050bb5de08429a82a0316d4638932c - - default default] Added segment 3a0440f2-85de-473c-a815-987abf85364f of type geneve for network 45cd7e7f-1095-46be-81dd-23f6846127a6
2026-05-11 02:04:07.443 10 INFO neutron.db.ovn_revision_numbers_db [None req-a31b07ff-2f72-4461-b6ce-ed82a3052634 093acd80b53c48fbad98e39a575cd180 6f050bb5de08429a82a0316d4638932c - - default default] Successfully bumped revision number for resource 45cd7e7f-1095-46be-81dd-23f6846127a6 (type: networks) to 1
2026-05-11 02:04:07.489 10 INFO neutron.db.ovn_revision_numbers_db [None req-87a82ecb-abbc-44a9-a973-46bdf6ed58b4 f6a1eab280bb4675a19f2737111a8190 2a02514e1226463db8226cdf845d2c0b - - default default] Successfully bumped revision number for resource c9484b6f-0905-4be6-9da1-8e1418d58385 (type: security_groups) to 1
2026-05-11 02:04:07.516 10 INFO neutron.db.ovn_revision_numbers_db [None req-87a82ecb-abbc-44a9-a973-46bdf6ed58b4 f6a1eab280bb4675a19f2737111a8190 2a02514e1226463db8226cdf845d2c0b - - default default] Successfully bumped revision number for resource 39e91253-fcc0-4665-9823-7619d5a8ce16 (type: security_group_rules) to 0
2026-05-11 02:04:07.543 10 INFO neutron.db.ovn_revision_numbers_db [None req-87a82ecb-abbc-44a9-a973-46bdf6ed58b4 f6a1eab280bb4675a19f2737111a8190 2a02514e1226463db8226cdf845d2c0b - - default default] Successfully bumped revision number for resource 62ca0fef-5ce2-47fb-b06f-3afdf8f04883 (type: security_group_rules) to 0
2026-05-11 02:04:07.560 10 INFO neutron.db.ovn_revision_numbers_db [None req-87a82ecb-abbc-44a9-a973-46bdf6ed58b4 f6a1eab280bb4675a19f2737111a8190 2a02514e1226463db8226cdf845d2c0b - - default default] Successfully bumped revision number for resource c435e0b4-8f45-4a61-be60-06d6fee43fe7 (type: security_group_rules) to 0
2026-05-11 02:04:07.777 10 INFO neutron.db.ovn_revision_numbers_db [None req-87a82ecb-abbc-44a9-a973-46bdf6ed58b4 f6a1eab280bb4675a19f2737111a8190 2a02514e1226463db8226cdf845d2c0b - - default default] Successfully bumped revision number for resource feb36046-d484-49ea-b310-aa416e29368a (type: security_group_rules) to 0
2026-05-11 02:04:07.809 10 INFO neutron.wsgi [None req-87a82ecb-abbc-44a9-a973-46bdf6ed58b4 f6a1eab280bb4675a19f2737111a8190 2a02514e1226463db8226cdf845d2c0b - - default default] 10.0.0.96 "GET /v2.0/security-groups?tenant_id=02058140fc5040a0b3cd71f02cd5e425&name=default HTTP/1.1" status: 200 len: 2996 time: 0.6421695
2026-05-11 02:04:07.835 10 WARNING neutron.scheduler.dhcp_agent_scheduler [None req-a31b07ff-2f72-4461-b6ce-ed82a3052634 093acd80b53c48fbad98e39a575cd180 6f050bb5de08429a82a0316d4638932c - - default default] No more DHCP agents
2026-05-11 02:04:07.839 10 WARNING neutron.api.rpc.agentnotifiers.dhcp_rpc_agent_api [None req-a31b07ff-2f72-4461-b6ce-ed82a3052634 093acd80b53c48fbad98e39a575cd180 6f050bb5de08429a82a0316d4638932c - - default default] Unable to schedule network 45cd7e7f-1095-46be-81dd-23f6846127a6: no agents available; will retry on subsequent port and subnet creation events.
