2026-05-11 02:04:07.920 10 INFO neutron.db.ovn_revision_numbers_db [None req-a31b07ff-2f72-4461-b6ce-ed82a3052634 093acd80b53c48fbad98e39a575cd180 6f050bb5de08429a82a0316d4638932c - - default default] Successfully bumped revision number for resource 6eb9446c-9fb5-46b4-b336-b1de46cf2ad1 (type: ports) to 1
2026-05-11 02:04:07.940 10 INFO neutron.wsgi [None req-a31b07ff-2f72-4461-b6ce-ed82a3052634 093acd80b53c48fbad98e39a575cd180 6f050bb5de08429a82a0316d4638932c - - default default] 10.0.0.96 "POST /v2.0/networks HTTP/1.1" status: 201 len: 830 time: 0.7723830
2026-05-11 02:04:08.035 9 INFO neutron.wsgi [None req-0ccfc27e-72ad-4dc9-8249-c86f284f0434 f6a1eab280bb4675a19f2737111a8190 2a02514e1226463db8226cdf845d2c0b - - default default] 10.0.0.96 "DELETE /v2.0/security-groups/c9484b6f-0905-4be6-9da1-8e1418d58385 HTTP/1.1" status: 204 len: 168 time: 0.2203720
2026-05-11 02:04:08.192 10 WARNING neutron.scheduler.dhcp_agent_scheduler [None req-24038b48-5d95-4c89-a5bc-94955795dee6 093acd80b53c48fbad98e39a575cd180 6f050bb5de08429a82a0316d4638932c - - default default] No more DHCP agents
2026-05-11 02:04:08.195 10 WARNING neutron.api.rpc.agentnotifiers.dhcp_rpc_agent_api [None req-24038b48-5d95-4c89-a5bc-94955795dee6 093acd80b53c48fbad98e39a575cd180 6f050bb5de08429a82a0316d4638932c - - default default] Unable to schedule network 45cd7e7f-1095-46be-81dd-23f6846127a6: no agents available; will retry on subsequent port and subnet creation events.
2026-05-11 02:04:08.277 9 INFO neutron.db.ovn_revision_numbers_db [None req-78f1d39f-103e-44f3-91fc-ce081876ae2f f6a1eab280bb4675a19f2737111a8190 2a02514e1226463db8226cdf845d2c0b - - default default] Successfully bumped revision number for resource abcfff64-1628-4fd3-b9b4-314831782d67 (type: security_groups) to 1
2026-05-11 02:04:08.293 9 INFO neutron.db.ovn_revision_numbers_db [None req-78f1d39f-103e-44f3-91fc-ce081876ae2f f6a1eab280bb4675a19f2737111a8190 2a02514e1226463db8226cdf845d2c0b - - default default] Successfully bumped revision number for resource 2f7416ae-e7dc-4c66-8976-66043459d3fe (type: security_group_rules) to 0
2026-05-11 02:04:08.308 10 INFO neutron.wsgi [-] 10.0.0.133 "GET / HTTP/1.1" status: 200 len: 246 time: 0.0012434
2026-05-11 02:04:08.310 10 INFO neutron.wsgi [-] 10.0.0.133 "GET / HTTP/1.1" status: 200 len: 246 time: 0.0008507
2026-05-11 02:04:08.311 9 INFO neutron.db.ovn_revision_numbers_db [None req-78f1d39f-103e-44f3-91fc-ce081876ae2f f6a1eab280bb4675a19f2737111a8190 2a02514e1226463db8226cdf845d2c0b - - default default] Successfully bumped revision number for resource 612e998f-a03d-46d7-8c89-db9f063d893b (type: security_group_rules) to 0
2026-05-11 02:04:08.328 9 INFO neutron.db.ovn_revision_numbers_db [None req-78f1d39f-103e-44f3-91fc-ce081876ae2f f6a1eab280bb4675a19f2737111a8190 2a02514e1226463db8226cdf845d2c0b - - default default] Successfully bumped revision number for resource 73e6e582-4439-4843-bc81-d914852a8f65 (type: security_group_rules) to 0
2026-05-11 02:04:08.344 9 INFO neutron.db.ovn_revision_numbers_db [None req-78f1d39f-103e-44f3-91fc-ce081876ae2f f6a1eab280bb4675a19f2737111a8190 2a02514e1226463db8226cdf845d2c0b - - default default] Successfully bumped revision number for resource b2f2a715-819d-4454-8932-a8ffafd76317 (type: security_group_rules) to 0
2026-05-11 02:04:08.380 9 INFO neutron.wsgi [None req-78f1d39f-103e-44f3-91fc-ce081876ae2f f6a1eab280bb4675a19f2737111a8190 2a02514e1226463db8226cdf845d2c0b - - default default] 10.0.0.96 "GET /v2.0/security-groups?tenant_id=04467dd8a82049f7aef377774f2dd14d&name=default HTTP/1.1" status: 200 len: 2996 time: 0.2235186
2026-05-11 02:04:08.610 9 INFO neutron.wsgi [None req-270ba0be-f712-43cc-bf74-c24e7478fcfc f6a1eab280bb4675a19f2737111a8190 2a02514e1226463db8226cdf845d2c0b - - default default] 10.0.0.96 "DELETE /v2.0/security-groups/abcfff64-1628-4fd3-b9b4-314831782d67 HTTP/1.1" status: 204 len: 168 time: 0.2265811
2026-05-11 02:04:08.621 10 INFO neutron.db.ovn_revision_numbers_db [None req-24038b48-5d95-4c89-a5bc-94955795dee6 093acd80b53c48fbad98e39a575cd180 6f050bb5de08429a82a0316d4638932c - - default default] Successfully bumped revision number for resource 6eb9446c-9fb5-46b4-b336-b1de46cf2ad1 (type: ports) to 2
2026-05-11 02:04:08.654 10 INFO neutron.db.ovn_revision_numbers_db [None req-24038b48-5d95-4c89-a5bc-94955795dee6 093acd80b53c48fbad98e39a575cd180 6f050bb5de08429a82a0316d4638932c - - default default] Successfully bumped revision number for resource d3db7fea-cba0-4932-9720-783ca3af68de (type: subnets) to 0
2026-05-11 02:04:08.670 10 INFO neutron.wsgi [None req-24038b48-5d95-4c89-a5bc-94955795dee6 093acd80b53c48fbad98e39a575cd180 6f050bb5de08429a82a0316d4638932c - - default default] 10.0.0.96 "POST /v2.0/subnets HTTP/1.1" status: 201 len: 801 time: 0.7241573
2026-05-11 02:04:08.997 10 WARNING neutron.scheduler.dhcp_agent_scheduler [None req-549ce5f2-cee9-4dc9-8f5e-c20759ee4677 093acd80b53c48fbad98e39a575cd180 6f050bb5de08429a82a0316d4638932c - - default default] No more DHCP agents
2026-05-11 02:04:08.999 10 WARNING neutron.api.rpc.agentnotifiers.dhcp_rpc_agent_api [None req-549ce5f2-cee9-4dc9-8f5e-c20759ee4677 093acd80b53c48fbad98e39a575cd180 6f050bb5de08429a82a0316d4638932c - - default default] Unable to schedule network 45cd7e7f-1095-46be-81dd-23f6846127a6: no agents available; will retry on subsequent port and subnet creation events.
2026-05-11 02:04:09.175 10 INFO neutron.db.ovn_revision_numbers_db [None req-549ce5f2-cee9-4dc9-8f5e-c20759ee4677 093acd80b53c48fbad98e39a575cd180 6f050bb5de08429a82a0316d4638932c - - default default] Successfully bumped revision number for resource 9146daf2-dbfe-4f1d-986c-4abe6c1546fa (type: ports) to 1
2026-05-11 02:04:09.201 10 INFO neutron.wsgi [None req-549ce5f2-cee9-4dc9-8f5e-c20759ee4677 093acd80b53c48fbad98e39a575cd180 6f050bb5de08429a82a0316d4638932c - - default default] 10.0.0.96 "POST /v2.0/ports HTTP/1.1" status: 201 len: 1115 time: 0.5246658
2026-05-11 02:04:09.582 10 INFO neutron.wsgi [None req-691e34b7-2264-4825-b14e-13b103c1438a 093acd80b53c48fbad98e39a575cd180 6f050bb5de08429a82a0316d4638932c - - default default] 10.0.0.96 "DELETE /v2.0/ports/9146daf2-dbfe-4f1d-986c-4abe6c1546fa HTTP/1.1" status: 204 len: 168 time: 0.3747172
2026-05-11 02:04:09.602 10 INFO neutron.pecan_wsgi.hooks.translation [None req-b319c16e-42a3-4a9d-8881-168c99483345 093acd80b53c48fbad98e39a575cd180 6f050bb5de08429a82a0316d4638932c - - default default] GET failed (client error): The resource could not be found.
2026-05-11 02:04:09.603 10 INFO neutron.wsgi [None req-b319c16e-42a3-4a9d-8881-168c99483345 093acd80b53c48fbad98e39a575cd180 6f050bb5de08429a82a0316d4638932c - - default default] 10.0.0.96 "GET /v2.0/ports/9146daf2-dbfe-4f1d-986c-4abe6c1546fa HTTP/1.1" status: 404 len: 333 time: 0.0161898
2026-05-11 02:04:09.845 10 INFO neutron.wsgi [None req-ecbb8302-6344-4eba-9d05-bf4b22cf89c8 093acd80b53c48fbad98e39a575cd180 6f050bb5de08429a82a0316d4638932c - - default default] 10.0.0.96 "DELETE /v2.0/subnets/d3db7fea-cba0-4932-9720-783ca3af68de HTTP/1.1" status: 204 len: 168 time: 0.2363067
2026-05-11 02:04:10.101 10 INFO neutron.db.ovn_revision_numbers_db [None req-ecbed8ad-89fe-4764-b34b-dfa3797ff399 f6a1eab280bb4675a19f2737111a8190 2a02514e1226463db8226cdf845d2c0b - - default default] Successfully bumped revision number for resource 5434de65-ff7e-48e0-8341-f3c4cd0a7288 (type: security_groups) to 1
2026-05-11 02:04:10.132 10 INFO neutron.db.ovn_revision_numbers_db [None req-ecbed8ad-89fe-4764-b34b-dfa3797ff399 f6a1eab280bb4675a19f2737111a8190 2a02514e1226463db8226cdf845d2c0b - - default default] Successfully bumped revision number for resource 54b25b6c-cefc-4b38-b9d7-88901e7dca2b (type: security_group_rules) to 0
2026-05-11 02:04:10.150 10 INFO neutron.db.ovn_revision_numbers_db [None req-ecbed8ad-89fe-4764-b34b-dfa3797ff399 f6a1eab280bb4675a19f2737111a8190 2a02514e1226463db8226cdf845d2c0b - - default default] Successfully bumped revision number for resource a690bb19-8f0d-4824-9c0b-69f693d7d87c (type: security_group_rules) to 0
2026-05-11 02:04:10.188 10 INFO neutron.db.ovn_revision_numbers_db [None req-ecbed8ad-89fe-4764-b34b-dfa3797ff399 f6a1eab280bb4675a19f2737111a8190 2a02514e1226463db8226cdf845d2c0b - - default default] Successfully bumped revision number for resource f7c0ffb9-0a69-499b-b168-c305ce4d7eda (type: security_group_rules) to 0
2026-05-11 02:04:10.220 10 INFO neutron.services.segments.plugin [-] Segment 3a0440f2-85de-473c-a815-987abf85364f resource provider aggregate not found
2026-05-11 02:04:10.228 10 INFO neutron.services.segments.plugin [-] Segment 3a0440f2-85de-473c-a815-987abf85364f resource provider aggregate not found
2026-05-11 02:04:10.242 10 INFO neutron.services.segments.plugin [-] Segment 3a0440f2-85de-473c-a815-987abf85364f resource provider not found; error: Placement Client Error (4xx): {"errors": [{"status": 404, "title": "Not Found", "detail": "The resource could not be found.\n\n No resource provider with uuid 3a0440f2-85de-473c-a815-987abf85364f found for delete ", "request_id": "req-8be956cd-70c9-4da3-8f1b-4c1a02f9fe86"}]}
2026-05-11 02:04:10.245 10 INFO neutron.services.segments.plugin [-] Segment 3a0440f2-85de-473c-a815-987abf85364f resource provider not found; error: Placement Client Error (4xx): {"errors": [{"status": 404, "title": "Not Found", "detail": "The resource could not be found.\n\n No resource provider with uuid 3a0440f2-85de-473c-a815-987abf85364f found for delete ", "request_id": "req-2cbc6930-c3d4-4c8e-ac92-c060c652b2ba"}]}
2026-05-11 02:04:10.246 10 INFO neutron.db.ovn_revision_numbers_db [None req-ecbed8ad-89fe-4764-b34b-dfa3797ff399 f6a1eab280bb4675a19f2737111a8190 2a02514e1226463db8226cdf845d2c0b - - default default] Successfully bumped revision number for resource fb78d301-b4ae-46cd-886a-b21d84867b75 (type: security_group_rules) to 0
2026-05-11 02:04:10.269 10 INFO neutron.wsgi [None req-9f3b49ca-9cc8-4eff-985c-41eaabc4d031 093acd80b53c48fbad98e39a575cd180 6f050bb5de08429a82a0316d4638932c - - default default] 10.0.0.96 "DELETE /v2.0/networks/45cd7e7f-1095-46be-81dd-23f6846127a6 HTTP/1.1" status: 204 len: 168 time: 0.4190209
2026-05-11 02:04:10.279 10 INFO neutron.wsgi [None req-ecbed8ad-89fe-4764-b34b-dfa3797ff399 f6a1eab280bb4675a19f2737111a8190 2a02514e1226463db8226cdf845d2c0b - - default default] 10.0.0.96 "GET /v2.0/security-groups?tenant_id=4d565e6674924003a5bdb7cd1e99a732&name=default HTTP/1.1" status: 200 len: 2996 time: 0.5109501
2026-05-11 02:04:10.513 10 INFO neutron.wsgi [None req-190a6eb2-5eb5-4a18-8632-972ca4921979 f6a1eab280bb4675a19f2737111a8190 2a02514e1226463db8226cdf845d2c0b - - default default] 10.0.0.96 "DELETE /v2.0/security-groups/5434de65-ff7e-48e0-8341-f3c4cd0a7288 HTTP/1.1" status: 204 len: 168 time: 0.2280970
2026-05-11 02:04:10.536 9 WARNING neutron.scheduler.dhcp_agent_scheduler [None req-2bddfe52-c326-4beb-a1bc-7d1e836d2ca9 093acd80b53c48fbad98e39a575cd180 6f050bb5de08429a82a0316d4638932c - - default default] No more DHCP agents
2026-05-11 02:04:10.545 9 WARNING neutron.api.rpc.agentnotifiers.dhcp_rpc_agent_api [None req-2bddfe52-c326-4beb-a1bc-7d1e836d2ca9 093acd80b53c48fbad98e39a575cd180 6f050bb5de08429a82a0316d4638932c - - default default] Unable to schedule network ca065f73-8321-4603-99b0-9abf719ddca3: no agents available; will retry on subsequent port and subnet creation events.
2026-05-11 02:04:10.630 9 INFO neutron.db.ovn_revision_numbers_db [None req-2bddfe52-c326-4beb-a1bc-7d1e836d2ca9 093acd80b53c48fbad98e39a575cd180 6f050bb5de08429a82a0316d4638932c - - default default] Successfully bumped revision number for resource c280dcc0-39f5-41e2-9c64-4cd75f7a98d8 (type: ports) to 1
2026-05-11 02:04:10.658 9 INFO neutron.wsgi [None req-2bddfe52-c326-4beb-a1bc-7d1e836d2ca9 093acd80b53c48fbad98e39a575cd180 6f050bb5de08429a82a0316d4638932c - - default default] 10.0.0.96 "POST /v2.0/ports HTTP/1.1" status: 201 len: 974 time: 0.3849812 /var/lib/openstack/lib/python3.10/site-packages/pycadf/identifier.py:71: UserWarning: Invalid uuid: neutron. To ensure interoperability, identifiers should be a valid uuid. warnings.warn(('Invalid uuid: %s. To ensure interoperability, '
2026-05-11 02:04:10.914 10 INFO neutron.plugins.ml2.drivers.ovn.mech_driver.mech_driver [None req-bf330d73-d748-4cf8-baff-df318e4b0fae - - - - - -] OVN reports status down for port: c280dcc0-39f5-41e2-9c64-4cd75f7a98d8
2026-05-11 02:04:10.934 9 INFO neutron.db.ovn_revision_numbers_db [None req-788525e3-9449-4269-8ce8-c1965c60e985 093acd80b53c48fbad98e39a575cd180 6f050bb5de08429a82a0316d4638932c - - default default] Successfully bumped revision number for resource c280dcc0-39f5-41e2-9c64-4cd75f7a98d8 (type: ports) to 2
2026-05-11 02:04:10.948 9 INFO neutron.wsgi [None req-788525e3-9449-4269-8ce8-c1965c60e985 093acd80b53c48fbad98e39a575cd180 6f050bb5de08429a82a0316d4638932c - - default default] 10.0.0.96 "PUT /v2.0/ports/c280dcc0-39f5-41e2-9c64-4cd75f7a98d8 HTTP/1.1" status: 200 len: 946 time: 0.2830584 /var/lib/openstack/lib/python3.10/site-packages/pycadf/identifier.py:71: UserWarning: Invalid uuid: neutron. To ensure interoperability, identifiers should be a valid uuid. warnings.warn(('Invalid uuid: %s. To ensure interoperability, '
2026-05-11 02:04:11.196 9 INFO neutron.wsgi [None req-715aeedc-a189-464c-ae9c-59deccb6b13f 093acd80b53c48fbad98e39a575cd180 6f050bb5de08429a82a0316d4638932c - - default default] 10.0.0.96 "DELETE /v2.0/ports/c280dcc0-39f5-41e2-9c64-4cd75f7a98d8 HTTP/1.1" status: 204 len: 168 time: 0.2415049
2026-05-11 02:04:11.295 9 INFO neutron.wsgi [None req-8259e0a6-e077-41a8-bbdb-84e30c719ab7 093acd80b53c48fbad98e39a575cd180 6f050bb5de08429a82a0316d4638932c - - default default] 10.0.0.96 "GET /v2.0/ports HTTP/1.1" status: 200 len: 1729 time: 0.0913520
2026-05-11 02:04:11.317 9 INFO neutron.pecan_wsgi.hooks.translation [None req-63b4e649-31c8-4620-b655-391010f6362b 093acd80b53c48fbad98e39a575cd180 6f050bb5de08429a82a0316d4638932c - - default default] GET failed (client error): The resource could not be found.
2026-05-11 02:04:11.319 9 INFO neutron.wsgi [None req-63b4e649-31c8-4620-b655-391010f6362b 093acd80b53c48fbad98e39a575cd180 6f050bb5de08429a82a0316d4638932c - - default default] 10.0.0.96 "GET /v2.0/ports/c280dcc0-39f5-41e2-9c64-4cd75f7a98d8 HTTP/1.1" status: 404 len: 333 time: 0.0181723
2026-05-11 02:04:11.374 9 INFO neutron.wsgi [None req-aab199bb-389b-4321-8a42-6752ce16ac80 093acd80b53c48fbad98e39a575cd180 6f050bb5de08429a82a0316d4638932c - - default default] 10.0.0.96 "GET /v2.0/ports HTTP/1.1" status: 200 len: 1729 time: 0.0460987
2026-05-11 02:04:11.455 10 INFO neutron.wsgi [None req-e476d175-b39c-4465-9229-abd6fc371eba 093acd80b53c48fbad98e39a575cd180 6f050bb5de08429a82a0316d4638932c - - default default] 10.0.0.96 "GET /v2.0/ports/31476e65-1a01-4408-b554-be4bfe8754b5 HTTP/1.1" status: 200 len: 969 time: 0.0758808
2026-05-11 02:04:11.479 10 INFO neutron.pecan_wsgi.hooks.translation [None req-7accb61c-679e-4f0f-998c-8b639bc25d14 093acd80b53c48fbad98e39a575cd180 6f050bb5de08429a82a0316d4638932c - - default default] DELETE failed (client error): The resource could not be found.
2026-05-11 02:04:11.483 10 INFO neutron.wsgi [None req-7accb61c-679e-4f0f-998c-8b639bc25d14 093acd80b53c48fbad98e39a575cd180 6f050bb5de08429a82a0316d4638932c - - default default] 10.0.0.96 "DELETE /v2.0/ports/9146daf2-dbfe-4f1d-986c-4abe6c1546fa HTTP/1.1" status: 404 len: 333 time: 0.0225239
2026-05-11 02:04:11.506 10 INFO neutron.pecan_wsgi.hooks.translation [None req-6f7daf2f-d772-48e2-ad97-67440eea71d1 093acd80b53c48fbad98e39a575cd180 6f050bb5de08429a82a0316d4638932c - - default default] DELETE failed (client error): The resource could not be found.
2026-05-11 02:04:11.509 10 INFO neutron.wsgi [None req-6f7daf2f-d772-48e2-ad97-67440eea71d1 093acd80b53c48fbad98e39a575cd180 6f050bb5de08429a82a0316d4638932c - - default default] 10.0.0.96 "DELETE /v2.0/subnets/d3db7fea-cba0-4932-9720-783ca3af68de HTTP/1.1" status: 404 len: 337 time: 0.0224807
2026-05-11 02:04:11.531 10 INFO neutron.pecan_wsgi.hooks.translation [None req-9c9885e1-d5aa-456b-ae00-67ad1e642a0f 093acd80b53c48fbad98e39a575cd180 6f050bb5de08429a82a0316d4638932c - - default default] DELETE failed (client error): The resource could not be found.
2026-05-11 02:04:11.533 10 INFO neutron.wsgi [None req-9c9885e1-d5aa-456b-ae00-67ad1e642a0f 093acd80b53c48fbad98e39a575cd180 6f050bb5de08429a82a0316d4638932c - - default default] 10.0.0.96 "DELETE /v2.0/subnets/be03af46-bd7d-4707-a161-db142a3edede HTTP/1.1" status: 404 len: 337 time: 0.0183425
2026-05-11 02:04:11.772 10 INFO neutron.wsgi [None req-5a9d23be-7669-40ca-9176-4bdf0570e042 093acd80b53c48fbad98e39a575cd180 6f050bb5de08429a82a0316d4638932c - - default default] 10.0.0.96 "DELETE /v2.0/ports/31476e65-1a01-4408-b554-be4bfe8754b5 HTTP/1.1" status: 204 len: 168 time: 0.2333324
2026-05-11 02:04:12.151 10 INFO neutron.wsgi [None req-86d51ea3-e879-4ff5-85e9-94048a4bce04 093acd80b53c48fbad98e39a575cd180 6f050bb5de08429a82a0316d4638932c - - default default] 10.0.0.96 "DELETE /v2.0/networks/ca065f73-8321-4603-99b0-9abf719ddca3 HTTP/1.1" status: 204 len: 168 time: 0.3743830
2026-05-11 02:04:12.263 10 INFO neutron.services.segments.plugin [-] Segment 6621dbd4-04a9-4975-bec1-c7c51c69e472 resource provider aggregate not found
2026-05-11 02:04:12.273 10 INFO neutron.services.segments.plugin [-] Segment 6621dbd4-04a9-4975-bec1-c7c51c69e472 resource provider aggregate not found
2026-05-11 02:04:12.280 10 INFO neutron.services.segments.plugin [-] Segment 6621dbd4-04a9-4975-bec1-c7c51c69e472 resource provider not found; error: Placement Client Error (4xx): {"errors": [{"status": 404, "title": "Not Found", "detail": "The resource could not be found.\n\n No resource provider with uuid 6621dbd4-04a9-4975-bec1-c7c51c69e472 found for delete ", "request_id": "req-4d130583-9e7d-4839-a165-98c3f6441539"}]}
2026-05-11 02:04:12.288 10 INFO neutron.services.segments.plugin [-] Segment 6621dbd4-04a9-4975-bec1-c7c51c69e472 resource provider not found; error: Placement Client Error (4xx): {"errors": [{"status": 404, "title": "Not Found", "detail": "The resource could not be found.\n\n No resource provider with uuid 6621dbd4-04a9-4975-bec1-c7c51c69e472 found for delete ", "request_id": "req-542b4309-94a8-441b-ac1b-133cca00fa7b"}]}
2026-05-11 02:04:12.876 10 INFO neutron.wsgi [None req-bb17b446-e8d2-427a-95ab-4b70c59451cd f6a1eab280bb4675a19f2737111a8190 2a02514e1226463db8226cdf845d2c0b - - default default] 10.0.0.96 "GET /v2.0/security-groups?tenant_id=6f050bb5de08429a82a0316d4638932c&name=default HTTP/1.1" status: 200 len: 2996 time: 0.2260797
2026-05-11 02:04:13.064 10 INFO neutron.wsgi [None req-6a664e75-d6c0-4426-bd3e-355511be16fb f6a1eab280bb4675a19f2737111a8190 2a02514e1226463db8226cdf845d2c0b - - default default] 10.0.0.96 "DELETE /v2.0/security-groups/e53af99f-b1c0-4ba5-b444-e47253427a05 HTTP/1.1" status: 204 len: 168 time: 0.1841302
2026-05-11 02:04:13.778 9 INFO neutron.wsgi [req-2709a539-ef39-4041-850f-609b88463921 req-9ee3267d-ca04-441f-8d38-0dcb91604fe1 55f991a7fc184b8aa8a45640e88358c5 e372edc487564543ba6003396eb8f5e9 - - 001184f3b1ca4d748842f4ce7543235f 001184f3b1ca4d748842f4ce7543235f] 10.0.0.207 "GET /v2.0/ports?device_id=808db01b-bc80-4d07-adea-21a9b85c8893 HTTP/1.1" status: 200 len: 1409 time: 0.0277195
2026-05-11 02:04:13.824 9 INFO neutron.wsgi [req-2709a539-ef39-4041-850f-609b88463921 req-ee175a0f-3910-48e2-8a9a-e5d3f7862172 55f991a7fc184b8aa8a45640e88358c5 e372edc487564543ba6003396eb8f5e9 - - 001184f3b1ca4d748842f4ce7543235f 001184f3b1ca4d748842f4ce7543235f] 10.0.0.207 "GET /v2.0/security-groups?id=3808dcf4-1163-4ba1-90e8-52389717557b&fields=id&fields=name HTTP/1.1" status: 200 len: 313 time: 0.0390058
2026-05-11 02:04:14.234 10 INFO neutron.db.ovn_revision_numbers_db [None req-ca886f57-d345-4af8-b343-1b4e9ce20937 f6a1eab280bb4675a19f2737111a8190 2a02514e1226463db8226cdf845d2c0b - - default default] Successfully bumped revision number for resource d01efa86-c496-4736-a1d4-922cc934930c (type: security_groups) to 1
2026-05-11 02:04:14.270 10 INFO neutron.db.ovn_revision_numbers_db [None req-ca886f57-d345-4af8-b343-1b4e9ce20937 f6a1eab280bb4675a19f2737111a8190 2a02514e1226463db8226cdf845d2c0b - - default default] Successfully bumped revision number for resource 1e328cea-b177-452e-8b2c-6d54ab4be8b4 (type: security_group_rules) to 0
2026-05-11 02:04:14.286 10 INFO neutron.db.ovn_revision_numbers_db [None req-ca886f57-d345-4af8-b343-1b4e9ce20937 f6a1eab280bb4675a19f2737111a8190 2a02514e1226463db8226cdf845d2c0b - - default default] Successfully bumped revision number for resource 50d9db24-c41e-4e51-8016-6cdb2fdb82f7 (type: security_group_rules) to 0
2026-05-11 02:04:14.309 10 INFO neutron.db.ovn_revision_numbers_db [None req-ca886f57-d345-4af8-b343-1b4e9ce20937 f6a1eab280bb4675a19f2737111a8190 2a02514e1226463db8226cdf845d2c0b - - default default] Successfully bumped revision number for resource e317a374-3aef-459f-adb6-ad60ce581773 (type: security_group_rules) to 0
2026-05-11 02:04:14.346 10 INFO neutron.db.ovn_revision_numbers_db [None req-ca886f57-d345-4af8-b343-1b4e9ce20937 f6a1eab280bb4675a19f2737111a8190 2a02514e1226463db8226cdf845d2c0b - - default default] Successfully bumped revision number for resource f8bf1a57-a363-455c-bb82-bb6fe221b6b6 (type: security_group_rules) to 0
2026-05-11 02:04:14.376 10 INFO neutron.wsgi [None req-ca886f57-d345-4af8-b343-1b4e9ce20937 f6a1eab280bb4675a19f2737111a8190 2a02514e1226463db8226cdf845d2c0b - - default default] 10.0.0.96 "GET /v2.0/security-groups?tenant_id=5fd75e6ee65a4631b986902fb1318c77&name=default HTTP/1.1" status: 200 len: 2996 time: 0.4112797
2026-05-11 02:04:14.596 10 INFO neutron.wsgi [None req-a7f5413b-9c72-4e35-b546-128af3943062 f6a1eab280bb4675a19f2737111a8190 2a02514e1226463db8226cdf845d2c0b - - default default] 10.0.0.96 "DELETE /v2.0/security-groups/d01efa86-c496-4736-a1d4-922cc934930c HTTP/1.1" status: 204 len: 168 time: 0.2149081
2026-05-11 02:04:15.363 9 WARNING neutron.scheduler.dhcp_agent_scheduler [None req-ac27faa8-65a5-4beb-9168-87f203e5d4be 121dc24fbc4a4ec59817a8c3c50a5b28 433744e65ea24bbcb1a78328d68f97b1 - - default default] No more DHCP agents
2026-05-11 02:04:15.366 9 WARNING neutron.api.rpc.agentnotifiers.dhcp_rpc_agent_api [None req-ac27faa8-65a5-4beb-9168-87f203e5d4be 121dc24fbc4a4ec59817a8c3c50a5b28 433744e65ea24bbcb1a78328d68f97b1 - - default default] Unable to schedule network ff242978-c630-477a-8591-8f3e9d7d41ce: no agents available; will retry on subsequent port and subnet creation events.
2026-05-11 02:04:15.687 9 INFO neutron.db.ovn_revision_numbers_db [None req-ac27faa8-65a5-4beb-9168-87f203e5d4be 121dc24fbc4a4ec59817a8c3c50a5b28 433744e65ea24bbcb1a78328d68f97b1 - - default default] Successfully bumped revision number for resource f4020e8e-24fe-41da-8ff5-95aa5223ce3d (type: floatingips) to 0
2026-05-11 02:04:15.700 9 INFO neutron.wsgi [None req-ac27faa8-65a5-4beb-9168-87f203e5d4be 121dc24fbc4a4ec59817a8c3c50a5b28 433744e65ea24bbcb1a78328d68f97b1 - - default default] 10.0.0.96 "POST /v2.0/floatingips HTTP/1.1" status: 201 len: 751 time: 0.7171383
2026-05-11 02:04:15.984 9 WARNING neutron.scheduler.dhcp_agent_scheduler [None req-6b8497de-a7f7-4260-a750-0387c3255e57 121dc24fbc4a4ec59817a8c3c50a5b28 433744e65ea24bbcb1a78328d68f97b1 - - default default] No more DHCP agents
2026-05-11 02:04:15.987 9 WARNING neutron.api.rpc.agentnotifiers.dhcp_rpc_agent_api [None req-6b8497de-a7f7-4260-a750-0387c3255e57 121dc24fbc4a4ec59817a8c3c50a5b28 433744e65ea24bbcb1a78328d68f97b1 - - default default] Unable to schedule network ff242978-c630-477a-8591-8f3e9d7d41ce: no agents available; will retry on subsequent port and subnet creation events.
2026-05-11 02:04:16.290 9 INFO neutron.db.ovn_revision_numbers_db [None req-6b8497de-a7f7-4260-a750-0387c3255e57 121dc24fbc4a4ec59817a8c3c50a5b28 433744e65ea24bbcb1a78328d68f97b1 - - default default] Successfully bumped revision number for resource 40ead9c7-6d21-4bee-8ca4-01ad847465e6 (type: floatingips) to 0
2026-05-11 02:04:16.304 9 INFO neutron.wsgi [None req-6b8497de-a7f7-4260-a750-0387c3255e57 121dc24fbc4a4ec59817a8c3c50a5b28 433744e65ea24bbcb1a78328d68f97b1 - - default default] 10.0.0.96 "POST /v2.0/floatingips HTTP/1.1" status: 201 len: 751 time: 0.5969436
2026-05-11 02:04:16.582 9 WARNING neutron.scheduler.dhcp_agent_scheduler [None req-59496bc5-9b11-4780-a63c-80e9c82cea3e 121dc24fbc4a4ec59817a8c3c50a5b28 433744e65ea24bbcb1a78328d68f97b1 - - default default] No more DHCP agents
2026-05-11 02:04:16.585 9 WARNING neutron.api.rpc.agentnotifiers.dhcp_rpc_agent_api [None req-59496bc5-9b11-4780-a63c-80e9c82cea3e 121dc24fbc4a4ec59817a8c3c50a5b28 433744e65ea24bbcb1a78328d68f97b1 - - default default] Unable to schedule network ff242978-c630-477a-8591-8f3e9d7d41ce: no agents available; will retry on subsequent port and subnet creation events.
2026-05-11 02:04:16.928 9 INFO neutron.db.ovn_revision_numbers_db [None req-59496bc5-9b11-4780-a63c-80e9c82cea3e 121dc24fbc4a4ec59817a8c3c50a5b28 433744e65ea24bbcb1a78328d68f97b1 - - default default] Successfully bumped revision number for resource aaec05be-52d8-497d-baaa-f3631a755825 (type: floatingips) to 0
2026-05-11 02:04:16.944 9 INFO neutron.wsgi [None req-59496bc5-9b11-4780-a63c-80e9c82cea3e 121dc24fbc4a4ec59817a8c3c50a5b28 433744e65ea24bbcb1a78328d68f97b1 - - default default] 10.0.0.96 "POST /v2.0/floatingips HTTP/1.1" status: 201 len: 751 time: 0.6347046
2026-05-11 02:04:17.232 9 WARNING neutron.scheduler.dhcp_agent_scheduler [None req-fbf6a569-70cd-46fa-8272-b3d32dc3aaf4 121dc24fbc4a4ec59817a8c3c50a5b28 433744e65ea24bbcb1a78328d68f97b1 - - default default] No more DHCP agents
2026-05-11 02:04:17.235 9 WARNING neutron.api.rpc.agentnotifiers.dhcp_rpc_agent_api [None req-fbf6a569-70cd-46fa-8272-b3d32dc3aaf4 121dc24fbc4a4ec59817a8c3c50a5b28 433744e65ea24bbcb1a78328d68f97b1 - - default default] Unable to schedule network ff242978-c630-477a-8591-8f3e9d7d41ce: no agents available; will retry on subsequent port and subnet creation events.
2026-05-11 02:04:17.320 9 INFO neutron.db.ovn_revision_numbers_db [None req-3187cadb-4e89-457a-8ce0-704f152a717f f6a1eab280bb4675a19f2737111a8190 2a02514e1226463db8226cdf845d2c0b - - default default] Successfully bumped revision number for resource 535f5126-6211-4b1e-a96d-d1bf1a90141b (type: security_groups) to 1
2026-05-11 02:04:17.337 9 INFO neutron.db.ovn_revision_numbers_db [None req-3187cadb-4e89-457a-8ce0-704f152a717f f6a1eab280bb4675a19f2737111a8190 2a02514e1226463db8226cdf845d2c0b - - default default] Successfully bumped revision number for resource 0187ec96-7994-405f-88fb-7f96e63f96f7 (type: security_group_rules) to 0
2026-05-11 02:04:17.357 9 INFO neutron.db.ovn_revision_numbers_db [None req-3187cadb-4e89-457a-8ce0-704f152a717f f6a1eab280bb4675a19f2737111a8190 2a02514e1226463db8226cdf845d2c0b - - default default] Successfully bumped revision number for resource 17542b30-2666-4966-ae29-8573ae4a70bd (type: security_group_rules) to 0
2026-05-11 02:04:17.378 9 INFO neutron.db.ovn_revision_numbers_db [None req-3187cadb-4e89-457a-8ce0-704f152a717f f6a1eab280bb4675a19f2737111a8190 2a02514e1226463db8226cdf845d2c0b - - default default] Successfully bumped revision number for resource 227dbccc-62c3-48d7-8520-365221426513 (type: security_group_rules) to 0
2026-05-11 02:04:17.394 9 INFO neutron.db.ovn_revision_numbers_db [None req-3187cadb-4e89-457a-8ce0-704f152a717f f6a1eab280bb4675a19f2737111a8190 2a02514e1226463db8226cdf845d2c0b - - default default] Successfully bumped revision number for resource f5fc687f-720e-4d35-8d27-ffae15d6d415 (type: security_group_rules) to 0
2026-05-11 02:04:17.428 9 INFO neutron.wsgi [None req-3187cadb-4e89-457a-8ce0-704f152a717f f6a1eab280bb4675a19f2737111a8190 2a02514e1226463db8226cdf845d2c0b - - default default] 10.0.0.96 "GET /v2.0/security-groups?tenant_id=cc7fd4237e55423086b01e96cbf9ccc0&name=default HTTP/1.1" status: 200 len: 2996 time: 0.4895904
2026-05-11 02:04:17.561 9 INFO neutron.db.ovn_revision_numbers_db [None req-fbf6a569-70cd-46fa-8272-b3d32dc3aaf4 121dc24fbc4a4ec59817a8c3c50a5b28 433744e65ea24bbcb1a78328d68f97b1 - - default default] Successfully bumped revision number for resource cca9c552-22d9-4ae1-8bc6-8e4ea49e51b1 (type: floatingips) to 0
2026-05-11 02:04:17.577 9 INFO neutron.wsgi [None req-fbf6a569-70cd-46fa-8272-b3d32dc3aaf4 121dc24fbc4a4ec59817a8c3c50a5b28 433744e65ea24bbcb1a78328d68f97b1 - - default default] 10.0.0.96 "POST /v2.0/floatingips HTTP/1.1" status: 201 len: 751 time: 0.6282296
2026-05-11 02:04:17.659 10 INFO neutron.wsgi [None req-463b15b4-df65-44b0-a652-69b4fca2d9e4 f6a1eab280bb4675a19f2737111a8190 2a02514e1226463db8226cdf845d2c0b - - default default] 10.0.0.96 "DELETE /v2.0/security-groups/535f5126-6211-4b1e-a96d-d1bf1a90141b HTTP/1.1" status: 204 len: 168 time: 0.2267725
2026-05-11 02:04:17.909 10 WARNING neutron.scheduler.dhcp_agent_scheduler [None req-1b164388-1b72-4f1d-9d14-f12fe7908744 121dc24fbc4a4ec59817a8c3c50a5b28 433744e65ea24bbcb1a78328d68f97b1 - - default default] No more DHCP agents
2026-05-11 02:04:17.917 10 WARNING neutron.api.rpc.agentnotifiers.dhcp_rpc_agent_api [None req-1b164388-1b72-4f1d-9d14-f12fe7908744 121dc24fbc4a4ec59817a8c3c50a5b28 433744e65ea24bbcb1a78328d68f97b1 - - default default] Unable to schedule network ff242978-c630-477a-8591-8f3e9d7d41ce: no agents available; will retry on subsequent port and subnet creation events.
2026-05-11 02:04:17.972 10 INFO neutron.wsgi [req-95a67c81-89f5-4e21-b14f-ebe8ddfe2cb9 req-45363041-84c9-4bd0-9652-a6fe4256990b 59237714b1d24f43a5010c67e6f9688d 77faa07f0418415aadfbb5908b094806 - - default default] 10.0.0.15 "GET /v2.0/ports?device_id=808db01b-bc80-4d07-adea-21a9b85c8893 HTTP/1.1" status: 200 len: 1170 time: 0.1117964
2026-05-11 02:04:18.018 9 INFO neutron.db.ovn_revision_numbers_db [None req-2de82a2d-2869-49d3-b11b-c99707306af5 f6a1eab280bb4675a19f2737111a8190 2a02514e1226463db8226cdf845d2c0b - - default default] Successfully bumped revision number for resource cbe88b9b-2413-4420-89ec-e76656345881 (type: security_groups) to 1
2026-05-11 02:04:18.022 10 INFO neutron.wsgi [req-95a67c81-89f5-4e21-b14f-ebe8ddfe2cb9 req-2a53beac-25a7-4275-bf08-c21842b80881 59237714b1d24f43a5010c67e6f9688d 77faa07f0418415aadfbb5908b094806 - - default default] 10.0.0.15 "GET /v2.0/security-groups?id=3808dcf4-1163-4ba1-90e8-52389717557b&fields=id&fields=name HTTP/1.1" status: 200 len: 313 time: 0.0436206
2026-05-11 02:04:18.037 9 INFO neutron.db.ovn_revision_numbers_db [None req-2de82a2d-2869-49d3-b11b-c99707306af5 f6a1eab280bb4675a19f2737111a8190 2a02514e1226463db8226cdf845d2c0b - - default default] Successfully bumped revision number for resource 16f1d51c-b123-4642-9de6-1f518c3df299 (type: security_group_rules) to 0
2026-05-11 02:04:18.059 9 INFO neutron.db.ovn_revision_numbers_db [None req-2de82a2d-2869-49d3-b11b-c99707306af5 f6a1eab280bb4675a19f2737111a8190 2a02514e1226463db8226cdf845d2c0b - - default default] Successfully bumped revision number for resource 1b46ad6f-5cfc-434a-b5a0-3a6617e50e32 (type: security_group_rules) to 0
2026-05-11 02:04:18.077 9 INFO neutron.db.ovn_revision_numbers_db [None req-2de82a2d-2869-49d3-b11b-c99707306af5 f6a1eab280bb4675a19f2737111a8190 2a02514e1226463db8226cdf845d2c0b - - default default] Successfully bumped revision number for resource 25a955aa-abf8-45e7-b785-b7b47b7fee2a (type: security_group_rules) to 0
2026-05-11 02:04:18.094 9 INFO neutron.db.ovn_revision_numbers_db [None req-2de82a2d-2869-49d3-b11b-c99707306af5 f6a1eab280bb4675a19f2737111a8190 2a02514e1226463db8226cdf845d2c0b - - default default] Successfully bumped revision number for resource af15c501-faf5-4a76-9198-4efb1ec26cee (type: security_group_rules) to 0
2026-05-11 02:04:18.116 9 INFO neutron.wsgi [None req-2de82a2d-2869-49d3-b11b-c99707306af5 f6a1eab280bb4675a19f2737111a8190 2a02514e1226463db8226cdf845d2c0b - - default default] 10.0.0.96 "GET /v2.0/security-groups?tenant_id=5e12d37416de4b7aba53875d90318971&name=default HTTP/1.1" status: 200 len: 2996 time: 0.4717855
2026-05-11 02:04:18.251 10 INFO neutron.wsgi [req-d966cf4b-0967-496f-9bfe-44688c4d46bb req-490226b9-359d-46a5-ac28-6620396fe12c 59237714b1d24f43a5010c67e6f9688d 77faa07f0418415aadfbb5908b094806 - - default default] 10.0.0.15 "GET /v2.0/ports?device_id=808db01b-bc80-4d07-adea-21a9b85c8893 HTTP/1.1" status: 200 len: 1170 time: 0.0600433
2026-05-11 02:04:18.268 9 INFO neutron.plugins.ml2.drivers.ovn.mech_driver.mech_driver [None req-d7fd741a-a85c-4092-858e-c1902e487ad4 - - - - - -] OVN reports status down for port: 0d0ceb42-f647-4d03-bbb8-57df01460b07
2026-05-11 02:04:18.358 9 INFO neutron.wsgi [None req-e27464f3-5e3e-42e3-b53b-cf61cd298cad f6a1eab280bb4675a19f2737111a8190 2a02514e1226463db8226cdf845d2c0b - - default default] 10.0.0.96 "DELETE /v2.0/security-groups/cbe88b9b-2413-4420-89ec-e76656345881 HTTP/1.1" status: 204 len: 168 time: 0.2378545
2026-05-11 02:04:18.360 10 INFO neutron.wsgi [req-d966cf4b-0967-496f-9bfe-44688c4d46bb req-b4d6a1c7-2394-4ec5-876c-54e3915bfd7d 59237714b1d24f43a5010c67e6f9688d 77faa07f0418415aadfbb5908b094806 - - default default] 10.0.0.15 "GET /v2.0/security-groups?id=3808dcf4-1163-4ba1-90e8-52389717557b&fields=id&fields=name HTTP/1.1" status: 200 len: 313 time: 0.1018367
2026-05-11 02:04:18.375 10 INFO neutron.db.ovn_revision_numbers_db [None req-1b164388-1b72-4f1d-9d14-f12fe7908744 121dc24fbc4a4ec59817a8c3c50a5b28 433744e65ea24bbcb1a78328d68f97b1 - - default default] Successfully bumped revision number for resource e22d639c-a247-4d3d-8ab5-0d16b28a9c1d (type: floatingips) to 0
2026-05-11 02:04:18.396 10 INFO neutron.wsgi [None req-1b164388-1b72-4f1d-9d14-f12fe7908744 121dc24fbc4a4ec59817a8c3c50a5b28 433744e65ea24bbcb1a78328d68f97b1 - - default default] 10.0.0.96 "POST /v2.0/floatingips HTTP/1.1" status: 201 len: 751 time: 0.8100934
2026-05-11 02:04:18.445 9 INFO neutron.notifiers.nova [-] Nova event matching ['req-060aa2d2-4f6b-4075-a417-4525f5594c31'] response: {'server_uuid': '808db01b-bc80-4d07-adea-21a9b85c8893', 'name': 'network-vif-unplugged', 'status': 'completed', 'tag': '0d0ceb42-f647-4d03-bbb8-57df01460b07', 'code': 200}
2026-05-11 02:04:18.449 10 INFO neutron.wsgi [None req-73664be5-4f49-4a9b-9d82-471e1eea8822 121dc24fbc4a4ec59817a8c3c50a5b28 433744e65ea24bbcb1a78328d68f97b1 - - default default] 10.0.0.96 "PUT /v2.0/floatingips/f4020e8e-24fe-41da-8ff5-95aa5223ce3d/tags HTTP/1.1" status: 200 len: 210 time: 0.0475318
2026-05-11 02:04:18.498 10 INFO neutron.wsgi [None req-b9702afc-30f9-4590-bf69-df585fa5870e 121dc24fbc4a4ec59817a8c3c50a5b28 433744e65ea24bbcb1a78328d68f97b1 - - default default] 10.0.0.96 "PUT /v2.0/floatingips/40ead9c7-6d21-4bee-8ca4-01ad847465e6/tags HTTP/1.1" status: 200 len: 218 time: 0.0450110
2026-05-11 02:04:18.554 10 INFO neutron.wsgi [None req-954a0996-507f-4456-8684-a54e4cf9928f 121dc24fbc4a4ec59817a8c3c50a5b28 433744e65ea24bbcb1a78328d68f97b1 - - default default] 10.0.0.96 "PUT /v2.0/floatingips/aaec05be-52d8-497d-baaa-f3631a755825/tags HTTP/1.1" status: 200 len: 227 time: 0.0424869
2026-05-11 02:04:18.597 10 INFO neutron.wsgi [None req-fd5dd51f-f8d0-4d7b-bce6-c6edcde150b9 121dc24fbc4a4ec59817a8c3c50a5b28 433744e65ea24bbcb1a78328d68f97b1 - - default default] 10.0.0.96 "PUT /v2.0/floatingips/cca9c552-22d9-4ae1-8bc6-8e4ea49e51b1/tags HTTP/1.1" status: 200 len: 212 time: 0.0366945
2026-05-11 02:04:18.645 10 INFO neutron.wsgi [None req-7bfcffac-b36c-44ab-8f1f-7a0895970a44 121dc24fbc4a4ec59817a8c3c50a5b28 433744e65ea24bbcb1a78328d68f97b1 - - default default] 10.0.0.96 "GET /v2.0/floatingips?tags=red HTTP/1.1" status: 200 len: 1866 time: 0.0416574
2026-05-11 02:04:18.699 10 INFO neutron.wsgi [None req-d98deb33-6b6c-4b9d-89ba-cc6359aa2b68 121dc24fbc4a4ec59817a8c3c50a5b28 433744e65ea24bbcb1a78328d68f97b1 - - default default] 10.0.0.96 "GET /v2.0/floatingips?tags=red%2Cblue HTTP/1.1" status: 200 len: 1323 time: 0.0418513
2026-05-11 02:04:18.746 10 INFO neutron.wsgi [None req-351c3963-c339-41dc-a627-1fb705c4a516 121dc24fbc4a4ec59817a8c3c50a5b28 433744e65ea24bbcb1a78328d68f97b1 - - default default] 10.0.0.96 "GET /v2.0/floatingips?tags-any=blue HTTP/1.1" status: 200 len: 1323 time: 0.0417802
2026-05-11 02:04:18.783 10 INFO neutron.wsgi [None req-4cae9f56-7df8-4dba-9165-f63c84ee679d 121dc24fbc4a4ec59817a8c3c50a5b28 433744e65ea24bbcb1a78328d68f97b1 - - default default] 10.0.0.96 "GET /v2.0/floatingips?tags-any=red%2Cblue HTTP/1.1" status: 200 len: 1866 time: 0.0315750
2026-05-11 02:04:18.881 9 INFO neutron.wsgi [req-497d5e37-3bdd-4390-a2d1-857477ab4eed req-25e7f53e-712f-4664-a67b-df4b4352542f 59237714b1d24f43a5010c67e6f9688d 77faa07f0418415aadfbb5908b094806 - - default default] 199.204.45.22 "GET /v2.0/ports?device_id=808db01b-bc80-4d07-adea-21a9b85c8893 HTTP/1.1" status: 200 len: 1168 time: 0.3621178
2026-05-11 02:04:18.889 9 INFO neutron.db.ovn_revision_numbers_db [None req-d7fd741a-a85c-4092-858e-c1902e487ad4 - - - - - -] Successfully bumped revision number for resource 0d0ceb42-f647-4d03-bbb8-57df01460b07 (type: ports) to 7
2026-05-11 02:04:18.914 9 INFO neutron.db.ovn_revision_numbers_db [None req-786f81f9-ef4e-4475-bc8e-56ae1eb88f97 f6a1eab280bb4675a19f2737111a8190 2a02514e1226463db8226cdf845d2c0b - - default default] Successfully bumped revision number for resource 8fff7ea2-0450-4b8b-9dc8-b1d234614fe3 (type: security_groups) to 1
2026-05-11 02:04:18.943 9 INFO neutron.db.ovn_revision_numbers_db [None req-786f81f9-ef4e-4475-bc8e-56ae1eb88f97 f6a1eab280bb4675a19f2737111a8190 2a02514e1226463db8226cdf845d2c0b - - default default] Successfully bumped revision number for resource 43266f26-8c8f-45bf-b749-127b96bd3d32 (type: security_group_rules) to 0
2026-05-11 02:04:18.973 9 INFO neutron.db.ovn_revision_numbers_db [None req-786f81f9-ef4e-4475-bc8e-56ae1eb88f97 f6a1eab280bb4675a19f2737111a8190 2a02514e1226463db8226cdf845d2c0b - - default default] Successfully bumped revision number for resource 510993af-23d3-40bb-8501-6af65bf71c0d (type: security_group_rules) to 0
2026-05-11 02:04:18.988 9 INFO neutron.db.ovn_revision_numbers_db [None req-786f81f9-ef4e-4475-bc8e-56ae1eb88f97 f6a1eab280bb4675a19f2737111a8190 2a02514e1226463db8226cdf845d2c0b - - default default] Successfully bumped revision number for resource 94674180-6541-4cdb-a35e-0ae7f4a3c07a (type: security_group_rules) to 0
2026-05-11 02:04:19.011 10 INFO neutron.wsgi [None req-262e85e1-cb57-4028-92ad-a9d5fb187e25 121dc24fbc4a4ec59817a8c3c50a5b28 433744e65ea24bbcb1a78328d68f97b1 - - default default] 10.0.0.96 "GET /v2.0/floatingips?not-tags=red HTTP/1.1" status: 200 len: 1295 time: 0.2227769
2026-05-11 02:04:19.011 9 INFO neutron.db.ovn_revision_numbers_db [None req-786f81f9-ef4e-4475-bc8e-56ae1eb88f97 f6a1eab280bb4675a19f2737111a8190 2a02514e1226463db8226cdf845d2c0b - - default default] Successfully bumped revision number for resource c7a5d767-6115-4a15-a491-f080212cd864 (type: security_group_rules) to 0
2026-05-11 02:04:19.037 9 INFO neutron.wsgi [None req-786f81f9-ef4e-4475-bc8e-56ae1eb88f97 f6a1eab280bb4675a19f2737111a8190 2a02514e1226463db8226cdf845d2c0b - - default default] 10.0.0.96 "GET /v2.0/security-groups?tenant_id=ed692050572445d6b87ee8724a74466f&name=default HTTP/1.1" status: 200 len: 2996 time: 0.5377223 /var/lib/openstack/lib/python3.10/site-packages/pycadf/identifier.py:71: UserWarning: Invalid uuid: neutron. To ensure interoperability, identifiers should be a valid uuid. warnings.warn(('Invalid uuid: %s. To ensure interoperability, '
2026-05-11 02:04:19.055 10 INFO neutron.wsgi [None req-02417163-f602-47a5-8703-0cecee76f8ad 121dc24fbc4a4ec59817a8c3c50a5b28 433744e65ea24bbcb1a78328d68f97b1 - - default default] 10.0.0.96 "GET /v2.0/floatingips?not-tags=red%2Cblue HTTP/1.1" status: 200 len: 1838 time: 0.0391979
2026-05-11 02:04:19.103 10 INFO neutron.wsgi [None req-66d61ba0-1e16-42d1-b7a6-156d72c6df07 121dc24fbc4a4ec59817a8c3c50a5b28 433744e65ea24bbcb1a78328d68f97b1 - - default default] 10.0.0.96 "GET /v2.0/floatingips?not-tags-any=blue HTTP/1.1" status: 200 len: 1838 time: 0.0435302
2026-05-11 02:04:19.137 10 INFO neutron.wsgi [None req-17cc3e49-2ef0-40d7-b113-40fe84276c93 121dc24fbc4a4ec59817a8c3c50a5b28 433744e65ea24bbcb1a78328d68f97b1 - - default default] 10.0.0.96 "GET /v2.0/floatingips?not-tags-any=red%2Cblue HTTP/1.1" status: 200 len: 1295 time: 0.0298901
2026-05-11 02:04:19.232 9 INFO neutron.db.l3_db [req-497d5e37-3bdd-4390-a2d1-857477ab4eed req-1b0f2c63-1789-4038-a927-71950e3471ea 59237714b1d24f43a5010c67e6f9688d 77faa07f0418415aadfbb5908b094806 - - default default] Floating IP 355064b7-0d19-4265-86e0-60042f48341f disassociated. External IP: 10.96.250.214, port: 0d0ceb42-f647-4d03-bbb8-57df01460b07.
2026-05-11 02:04:19.329 9 INFO neutron.wsgi [None req-31c3aa6f-d5a3-48df-b6bd-c36f9a8a3b49 f6a1eab280bb4675a19f2737111a8190 2a02514e1226463db8226cdf845d2c0b - - default default] 10.0.0.96 "DELETE /v2.0/security-groups/8fff7ea2-0450-4b8b-9dc8-b1d234614fe3 HTTP/1.1" status: 204 len: 168 time: 0.2876070
2026-05-11 02:04:19.418 9 INFO neutron.wsgi [req-497d5e37-3bdd-4390-a2d1-857477ab4eed req-1b0f2c63-1789-4038-a927-71950e3471ea 59237714b1d24f43a5010c67e6f9688d 77faa07f0418415aadfbb5908b094806 - - default default] 199.204.45.22 "DELETE /v2.0/ports/0d0ceb42-f647-4d03-bbb8-57df01460b07 HTTP/1.1" status: 204 len: 173 time: 0.5319295 /var/lib/openstack/lib/python3.10/site-packages/pycadf/identifier.py:71: UserWarning: Invalid uuid: neutron. To ensure interoperability, identifiers should be a valid uuid. warnings.warn(('Invalid uuid: %s. To ensure interoperability, '
2026-05-11 02:04:19.499 10 INFO neutron.wsgi [req-939db918-e4a9-4396-804c-18c3fd30ffaf req-f8ef4c9b-ce5b-4a33-a394-5a5c02329fa2 59237714b1d24f43a5010c67e6f9688d 77faa07f0418415aadfbb5908b094806 - - default default] 10.0.0.15 "GET /v2.0/ports?device_id=808db01b-bc80-4d07-adea-21a9b85c8893 HTTP/1.1" status: 200 len: 210 time: 0.0505772
2026-05-11 02:04:19.567 10 INFO neutron.wsgi [None req-103a025a-3c95-4179-89f3-f61004710373 121dc24fbc4a4ec59817a8c3c50a5b28 433744e65ea24bbcb1a78328d68f97b1 - - default default] 10.0.0.96 "DELETE /v2.0/floatingips/f4020e8e-24fe-41da-8ff5-95aa5223ce3d HTTP/1.1" status: 204 len: 168 time: 0.4221039
2026-05-11 02:04:19.742 10 INFO neutron.db.ovn_revision_numbers_db [None req-d3221802-e75f-484d-a80b-56317b080eb6 731383954d49432e8aea89fe162604ca 4e848dfc30ff4401afe46ada35495bdd - - default default] Successfully bumped revision number for resource 0d1faeeb-2e97-4016-9cd3-41075437ac85 (type: security_groups) to 1
2026-05-11 02:04:19.758 10 INFO neutron.db.ovn_revision_numbers_db [None req-d3221802-e75f-484d-a80b-56317b080eb6 731383954d49432e8aea89fe162604ca 4e848dfc30ff4401afe46ada35495bdd - - default default] Successfully bumped revision number for resource 03899170-658a-449b-ba66-42bd2df3d748 (type: security_group_rules) to 0
2026-05-11 02:04:19.775 10 INFO neutron.db.ovn_revision_numbers_db [None req-d3221802-e75f-484d-a80b-56317b080eb6 731383954d49432e8aea89fe162604ca 4e848dfc30ff4401afe46ada35495bdd - - default default] Successfully bumped revision number for resource 2deba15f-5c37-4cec-9b01-4f6c8e613675 (type: security_group_rules) to 0
2026-05-11 02:04:19.792 10 INFO neutron.db.ovn_revision_numbers_db [None req-d3221802-e75f-484d-a80b-56317b080eb6 731383954d49432e8aea89fe162604ca 4e848dfc30ff4401afe46ada35495bdd - - default default] Successfully bumped revision number for resource daf2b44c-44b3-41b6-b1cd-86939f8ff083 (type: security_group_rules) to 0
2026-05-11 02:04:19.813 10 INFO neutron.db.ovn_revision_numbers_db [None req-d3221802-e75f-484d-a80b-56317b080eb6 731383954d49432e8aea89fe162604ca 4e848dfc30ff4401afe46ada35495bdd - - default default] Successfully bumped revision number for resource fc039d13-d5a5-4e12-8a7c-d49a56afe6b3 (type: security_group_rules) to 0
2026-05-11 02:04:19.874 10 INFO neutron.db.segments_db [None req-d3221802-e75f-484d-a80b-56317b080eb6 731383954d49432e8aea89fe162604ca 4e848dfc30ff4401afe46ada35495bdd - - default default] Added segment 09da15a4-7e2a-4c38-bba8-54f37583d799 of type geneve for network 175ed97b-37c1-4397-ae69-f9f0037b2339
2026-05-11 02:04:19.926 9 INFO neutron.wsgi [None req-318a528e-7658-48e1-96d3-b9b9840b8b0c 121dc24fbc4a4ec59817a8c3c50a5b28 433744e65ea24bbcb1a78328d68f97b1 - - default default] 10.0.0.96 "DELETE /v2.0/floatingips/40ead9c7-6d21-4bee-8ca4-01ad847465e6 HTTP/1.1" status: 204 len: 168 time: 0.3545384
2026-05-11 02:04:20.070 10 INFO neutron.db.ovn_revision_numbers_db [None req-d3221802-e75f-484d-a80b-56317b080eb6 731383954d49432e8aea89fe162604ca 4e848dfc30ff4401afe46ada35495bdd - - default default] Successfully bumped revision number for resource 175ed97b-37c1-4397-ae69-f9f0037b2339 (type: networks) to 1
2026-05-11 02:04:20.257 10 WARNING neutron.scheduler.dhcp_agent_scheduler [None req-d3221802-e75f-484d-a80b-56317b080eb6 731383954d49432e8aea89fe162604ca 4e848dfc30ff4401afe46ada35495bdd - - default default] No more DHCP agents
2026-05-11 02:04:20.261 10 WARNING neutron.api.rpc.agentnotifiers.dhcp_rpc_agent_api [None req-d3221802-e75f-484d-a80b-56317b080eb6 731383954d49432e8aea89fe162604ca 4e848dfc30ff4401afe46ada35495bdd - - default default] Unable to schedule network 175ed97b-37c1-4397-ae69-f9f0037b2339: no agents available; will retry on subsequent port and subnet creation events.
2026-05-11 02:04:20.320 9 INFO neutron.wsgi [None req-798116a1-6209-4ff9-9ab4-9d01737c1f64 121dc24fbc4a4ec59817a8c3c50a5b28 433744e65ea24bbcb1a78328d68f97b1 - - default default] 10.0.0.96 "DELETE /v2.0/floatingips/aaec05be-52d8-497d-baaa-f3631a755825 HTTP/1.1" status: 204 len: 168 time: 0.3884490
2026-05-11 02:04:20.395 10 INFO neutron.db.ovn_revision_numbers_db [None req-d3221802-e75f-484d-a80b-56317b080eb6 731383954d49432e8aea89fe162604ca 4e848dfc30ff4401afe46ada35495bdd - - default default] Successfully bumped revision number for resource a286fac5-1058-40c4-ba3f-e46cf952d744 (type: ports) to 1
2026-05-11 02:04:20.426 10 INFO neutron.wsgi [None req-d3221802-e75f-484d-a80b-56317b080eb6 731383954d49432e8aea89fe162604ca 4e848dfc30ff4401afe46ada35495bdd - - default default] 10.0.0.96 "POST /v2.0/networks HTTP/1.1" status: 201 len: 832 time: 1.0492468
2026-05-11 02:04:20.485 9 INFO neutron.notifiers.nova [-] Nova event matching ['req-283f70e3-a299-4fba-ab44-a82919fe7b80'] response: {'server_uuid': '808db01b-bc80-4d07-adea-21a9b85c8893', 'name': 'network-vif-plugged', 'status': 'completed', 'tag': '0d0ceb42-f647-4d03-bbb8-57df01460b07', 'code': 200}
2026-05-11 02:04:20.485 9 INFO neutron.notifiers.nova [-] Nova event matching ['req-283f70e3-a299-4fba-ab44-a82919fe7b80'] response: {'server_uuid': '808db01b-bc80-4d07-adea-21a9b85c8893', 'name': 'network-vif-deleted', 'tag': '0d0ceb42-f647-4d03-bbb8-57df01460b07', 'status': 'completed', 'code': 200}
2026-05-11 02:04:20.546 10 INFO neutron.db.segments_db [None req-f1633adc-b407-4f61-9b1a-bff989057072 731383954d49432e8aea89fe162604ca 4e848dfc30ff4401afe46ada35495bdd - - default default] Added segment ed2d755c-3e63-40db-bb43-541022bd371e of type geneve for network f652e923-e8eb-4851-a2d2-0c786b003fba
2026-05-11 02:04:20.713 9 INFO neutron.wsgi [None req-a1dd141b-7072-434c-a1e3-e145ccf837b1 59237714b1d24f43a5010c67e6f9688d 77faa07f0418415aadfbb5908b094806 - - default default] 10.0.0.96 "DELETE /v2.0/security-groups/3808dcf4-1163-4ba1-90e8-52389717557b HTTP/1.1" status: 204 len: 168 time: 0.1328142
2026-05-11 02:04:20.731 9 INFO neutron.api.v2.resource [None req-f0f906c0-40e9-4658-ba17-26eafd0ccbc7 59237714b1d24f43a5010c67e6f9688d 77faa07f0418415aadfbb5908b094806 - - default default] show failed (client error): The resource could not be found.
2026-05-11 02:04:20.733 9 INFO neutron.wsgi [None req-f0f906c0-40e9-4658-ba17-26eafd0ccbc7 59237714b1d24f43a5010c67e6f9688d 77faa07f0418415aadfbb5908b094806 - - default default] 10.0.0.96 "GET /v2.0/security-groups/3808dcf4-1163-4ba1-90e8-52389717557b HTTP/1.1" status: 404 len: 347 time: 0.0147426
2026-05-11 02:04:20.758 10 INFO neutron.db.ovn_revision_numbers_db [None req-f1633adc-b407-4f61-9b1a-bff989057072 731383954d49432e8aea89fe162604ca 4e848dfc30ff4401afe46ada35495bdd - - default default] Successfully bumped revision number for resource f652e923-e8eb-4851-a2d2-0c786b003fba (type: networks) to 1
2026-05-11 02:04:20.861 10 INFO neutron.wsgi [None req-dc0f3edb-eacf-435a-9b70-c67fd630df33 121dc24fbc4a4ec59817a8c3c50a5b28 433744e65ea24bbcb1a78328d68f97b1 - - default default] 10.0.0.96 "DELETE /v2.0/floatingips/cca9c552-22d9-4ae1-8bc6-8e4ea49e51b1 HTTP/1.1" status: 204 len: 168 time: 0.5321743
2026-05-11 02:04:21.010 10 WARNING neutron.scheduler.dhcp_agent_scheduler [None req-f1633adc-b407-4f61-9b1a-bff989057072 731383954d49432e8aea89fe162604ca 4e848dfc30ff4401afe46ada35495bdd - - default default] No more DHCP agents
2026-05-11 02:04:21.014 10 WARNING neutron.api.rpc.agentnotifiers.dhcp_rpc_agent_api [None req-f1633adc-b407-4f61-9b1a-bff989057072 731383954d49432e8aea89fe162604ca 4e848dfc30ff4401afe46ada35495bdd - - default default] Unable to schedule network f652e923-e8eb-4851-a2d2-0c786b003fba: no agents available; will retry on subsequent port and subnet creation events.
2026-05-11 02:04:21.109 10 INFO neutron.db.ovn_revision_numbers_db [None req-f1633adc-b407-4f61-9b1a-bff989057072 731383954d49432e8aea89fe162604ca 4e848dfc30ff4401afe46ada35495bdd - - default default] Successfully bumped revision number for resource cbb5e3c8-64f3-40ab-ac05-5a9f4ce9392f (type: ports) to 1
2026-05-11 02:04:21.112 9 INFO neutron.wsgi [None req-15d7b91b-dc1a-4eab-b49e-95f6f4d84c8f 59237714b1d24f43a5010c67e6f9688d 77faa07f0418415aadfbb5908b094806 - - default default] 10.0.0.96 "DELETE /v2.0/floatingips/355064b7-0d19-4265-86e0-60042f48341f HTTP/1.1" status: 204 len: 168 time: 0.3637576
2026-05-11 02:04:21.144 10 INFO neutron.wsgi [None req-f1633adc-b407-4f61-9b1a-bff989057072 731383954d49432e8aea89fe162604ca 4e848dfc30ff4401afe46ada35495bdd - - default default] 10.0.0.96 "POST /v2.0/networks HTTP/1.1" status: 201 len: 832 time: 0.7117920
