2026-05-11 02:02:45.602 9 INFO neutron.db.ovn_revision_numbers_db [None req-453eb3c9-1fc4-41e8-a4bb-5cd7399dbfeb f6a1eab280bb4675a19f2737111a8190 2a02514e1226463db8226cdf845d2c0b - - default default] Successfully bumped revision number for resource 73591d39-a4b6-48c2-95bc-2b52af39f144 (type: security_group_rules) to 0
2026-05-11 02:02:45.643 9 INFO neutron.db.ovn_revision_numbers_db [None req-453eb3c9-1fc4-41e8-a4bb-5cd7399dbfeb f6a1eab280bb4675a19f2737111a8190 2a02514e1226463db8226cdf845d2c0b - - default default] Successfully bumped revision number for resource dc6f51c9-660a-4bf2-b11f-d15789193153 (type: security_group_rules) to 0
2026-05-11 02:02:45.681 9 INFO neutron.db.ovn_revision_numbers_db [None req-453eb3c9-1fc4-41e8-a4bb-5cd7399dbfeb f6a1eab280bb4675a19f2737111a8190 2a02514e1226463db8226cdf845d2c0b - - default default] Successfully bumped revision number for resource f0a97426-30a1-4cef-98f2-1df99616cca8 (type: security_group_rules) to 0
2026-05-11 02:02:45.689 10 INFO neutron.services.segments.plugin [-] Segment ee43818a-2bcf-4ef5-a9bc-06a1128e5366 resource provider aggregate not found
2026-05-11 02:02:45.700 10 INFO neutron.services.segments.plugin [-] Segment ee43818a-2bcf-4ef5-a9bc-06a1128e5366 resource provider aggregate not found
2026-05-11 02:02:45.713 10 INFO neutron.services.segments.plugin [-] Segment ee43818a-2bcf-4ef5-a9bc-06a1128e5366 resource provider not found; error: Placement Client Error (4xx): {"errors": [{"status": 404, "title": "Not Found", "detail": "The resource could not be found.\n\n No resource provider with uuid ee43818a-2bcf-4ef5-a9bc-06a1128e5366 found for delete ", "request_id": "req-dc379f76-b14e-4c53-a129-cd44b82e9556"}]}
2026-05-11 02:02:45.716 10 INFO neutron.services.segments.plugin [-] Segment ee43818a-2bcf-4ef5-a9bc-06a1128e5366 resource provider not found; error: Placement Client Error (4xx): {"errors": [{"status": 404, "title": "Not Found", "detail": "The resource could not be found.\n\n No resource provider with uuid ee43818a-2bcf-4ef5-a9bc-06a1128e5366 found for delete ", "request_id": "req-54753305-cd01-4816-8bbd-f95fc0e7183d"}]}
2026-05-11 02:02:45.727 9 INFO neutron.wsgi [None req-453eb3c9-1fc4-41e8-a4bb-5cd7399dbfeb f6a1eab280bb4675a19f2737111a8190 2a02514e1226463db8226cdf845d2c0b - - default default] 10.0.0.96 "GET /v2.0/security-groups?tenant_id=9fd71348667546dd9221f1fa649d2d45&name=default HTTP/1.1" status: 200 len: 2996 time: 0.6026521
2026-05-11 02:02:46.038 9 INFO neutron.wsgi [None req-5b7c4443-506c-4fcd-9274-5ae7c6f280f7 f6a1eab280bb4675a19f2737111a8190 2a02514e1226463db8226cdf845d2c0b - - default default] 10.0.0.96 "DELETE /v2.0/security-groups/f1fd88a4-d77a-4249-b232-502492e86ad3 HTTP/1.1" status: 204 len: 168 time: 0.5718732
2026-05-11 02:02:46.086 9 INFO neutron.wsgi [req-3c8bb6a2-dcb1-4517-9f30-4aa14a5820fc req-55f3df59-17cc-4a1c-867e-69dd9110ebfb b3b6fba760ce4c7dbcf7218662750ee7 72b6dc0253aa47c9b8fb8e81b39c7fe0 - - default default] 10.0.0.15 "GET /v2.0/ports?device_id=64dfdba5-df07-49b2-b372-bae794215418 HTTP/1.1" status: 200 len: 1168 time: 0.1594868 /var/lib/openstack/lib/python3.10/site-packages/pycadf/identifier.py:71: UserWarning: Invalid uuid: neutron. To ensure interoperability, identifiers should be a valid uuid. warnings.warn(('Invalid uuid: %s. To ensure interoperability, '
2026-05-11 02:02:46.159 9 INFO neutron.wsgi [req-3c8bb6a2-dcb1-4517-9f30-4aa14a5820fc req-d5d0f922-af33-4279-9365-33b3f2992d44 b3b6fba760ce4c7dbcf7218662750ee7 72b6dc0253aa47c9b8fb8e81b39c7fe0 - - default default] 10.0.0.15 "GET /v2.0/security-groups?id=09857a84-8ee5-4ae5-a1ed-7b03dc5a954d&fields=id&fields=name HTTP/1.1" status: 200 len: 313 time: 0.0672729
2026-05-11 02:02:46.178 9 INFO neutron.db.ovn_revision_numbers_db [req-08b828dc-bf8e-434f-a078-7a44d5b34be3 req-97d77636-fcc3-4dc2-bfee-5b55e5229eab 55f991a7fc184b8aa8a45640e88358c5 e372edc487564543ba6003396eb8f5e9 - - 001184f3b1ca4d748842f4ce7543235f 001184f3b1ca4d748842f4ce7543235f] Successfully bumped revision number for resource 719675b9-3b8b-4c20-ab43-5e1f00f75d76 (type: ports) to 2
2026-05-11 02:02:46.266 9 INFO neutron.wsgi [None req-029d6d59-1229-4253-bdbf-bc9aefb0c574 f6a1eab280bb4675a19f2737111a8190 2a02514e1226463db8226cdf845d2c0b - - default default] 10.0.0.96 "DELETE /v2.0/security-groups/8451fa8a-ae8f-4b6a-af70-74477ae80580 HTTP/1.1" status: 204 len: 168 time: 0.5319030
2026-05-11 02:02:46.297 10 INFO neutron.wsgi [None req-5f4d9aed-94a2-413e-8057-3c4ed8de4292 f6a1eab280bb4675a19f2737111a8190 2a02514e1226463db8226cdf845d2c0b - - default default] 10.0.0.96 "PUT /v2.0/routers/d2dc67ad-c855-4bbf-b449-e564dea0f461/remove_router_interface HTTP/1.1" status: 200 len: 503 time: 1.1031961 /var/lib/openstack/lib/python3.10/site-packages/pycadf/identifier.py:71: UserWarning: Invalid uuid: neutron. To ensure interoperability, identifiers should be a valid uuid. warnings.warn(('Invalid uuid: %s. To ensure interoperability, '
2026-05-11 02:02:46.389 9 INFO neutron.db.ovn_revision_numbers_db [req-08b828dc-bf8e-434f-a078-7a44d5b34be3 req-97d77636-fcc3-4dc2-bfee-5b55e5229eab 55f991a7fc184b8aa8a45640e88358c5 e372edc487564543ba6003396eb8f5e9 - - 001184f3b1ca4d748842f4ce7543235f 001184f3b1ca4d748842f4ce7543235f] Successfully bumped revision number for resource 719675b9-3b8b-4c20-ab43-5e1f00f75d76 (type: ports) to 2
2026-05-11 02:02:46.408 9 INFO neutron.wsgi [req-08b828dc-bf8e-434f-a078-7a44d5b34be3 req-97d77636-fcc3-4dc2-bfee-5b55e5229eab 55f991a7fc184b8aa8a45640e88358c5 e372edc487564543ba6003396eb8f5e9 - - 001184f3b1ca4d748842f4ce7543235f 001184f3b1ca4d748842f4ce7543235f] 199.204.45.22 "PUT /v2.0/ports/719675b9-3b8b-4c20-ab43-5e1f00f75d76 HTTP/1.1" status: 200 len: 1376 time: 1.1108692 /var/lib/openstack/lib/python3.10/site-packages/pycadf/identifier.py:71: UserWarning: Invalid uuid: neutron. To ensure interoperability, identifiers should be a valid uuid. warnings.warn(('Invalid uuid: %s. To ensure interoperability, '
2026-05-11 02:02:46.511 9 INFO neutron.wsgi [req-08b828dc-bf8e-434f-a078-7a44d5b34be3 req-cfe2ff64-7da5-4bf1-8c13-a95162986382 55f991a7fc184b8aa8a45640e88358c5 e372edc487564543ba6003396eb8f5e9 - - 001184f3b1ca4d748842f4ce7543235f 001184f3b1ca4d748842f4ce7543235f] 199.204.45.22 "GET /v2.0/ports?tenant_id=72b6dc0253aa47c9b8fb8e81b39c7fe0&device_id=64dfdba5-df07-49b2-b372-bae794215418 HTTP/1.1" status: 200 len: 1407 time: 0.0546620
2026-05-11 02:02:46.556 9 INFO neutron.wsgi [req-08b828dc-bf8e-434f-a078-7a44d5b34be3 req-a1938708-98f3-4381-9dbb-d42a367796ca 55f991a7fc184b8aa8a45640e88358c5 e372edc487564543ba6003396eb8f5e9 - - 001184f3b1ca4d748842f4ce7543235f 001184f3b1ca4d748842f4ce7543235f] 199.204.45.22 "GET /v2.0/floatingips?fixed_ip_address=10.100.0.5&port_id=719675b9-3b8b-4c20-ab43-5e1f00f75d76 HTTP/1.1" status: 200 len: 217 time: 0.0347881
2026-05-11 02:02:46.600 9 INFO neutron.wsgi [req-08b828dc-bf8e-434f-a078-7a44d5b34be3 req-751e5936-b3d1-4b96-a1fd-ec0aab94a3e8 55f991a7fc184b8aa8a45640e88358c5 e372edc487564543ba6003396eb8f5e9 - - 001184f3b1ca4d748842f4ce7543235f 001184f3b1ca4d748842f4ce7543235f] 199.204.45.22 "GET /v2.0/subnets?id=6bba8b98-1d3d-4d94-b486-dcec72fd70f3 HTTP/1.1" status: 200 len: 862 time: 0.0384665
2026-05-11 02:02:46.653 9 INFO neutron.wsgi [req-08b828dc-bf8e-434f-a078-7a44d5b34be3 req-ca209148-385f-439e-9aa2-39005769e6ef 55f991a7fc184b8aa8a45640e88358c5 e372edc487564543ba6003396eb8f5e9 - - 001184f3b1ca4d748842f4ce7543235f 001184f3b1ca4d748842f4ce7543235f] 199.204.45.22 "GET /v2.0/ports?network_id=88c18178-08c1-4671-834a-c9a5227598d6&device_owner=network%3Adhcp HTTP/1.1" status: 200 len: 210 time: 0.0436230
2026-05-11 02:02:46.687 9 INFO neutron.db.ovn_revision_numbers_db [None req-499f753e-6724-466d-8aa6-60f491a0d39d f6a1eab280bb4675a19f2737111a8190 2a02514e1226463db8226cdf845d2c0b - - default default] Successfully bumped revision number for resource 7e325b09-6649-4ab6-a9b4-e0a922f4b4af (type: security_groups) to 1
2026-05-11 02:02:46.708 9 INFO neutron.db.ovn_revision_numbers_db [None req-499f753e-6724-466d-8aa6-60f491a0d39d f6a1eab280bb4675a19f2737111a8190 2a02514e1226463db8226cdf845d2c0b - - default default] Successfully bumped revision number for resource 6b809756-d110-4f40-a2f0-f77d1fbf2c96 (type: security_group_rules) to 0
2026-05-11 02:02:46.737 9 INFO neutron.db.ovn_revision_numbers_db [None req-499f753e-6724-466d-8aa6-60f491a0d39d f6a1eab280bb4675a19f2737111a8190 2a02514e1226463db8226cdf845d2c0b - - default default] Successfully bumped revision number for resource 8455797d-6b21-4834-ac11-79e7b4548ba8 (type: security_group_rules) to 0
2026-05-11 02:02:46.763 9 INFO neutron.wsgi [req-08b828dc-bf8e-434f-a078-7a44d5b34be3 req-2cfc5452-b137-4491-a2b9-878d8e420d80 55f991a7fc184b8aa8a45640e88358c5 e372edc487564543ba6003396eb8f5e9 - - 001184f3b1ca4d748842f4ce7543235f 001184f3b1ca4d748842f4ce7543235f] 199.204.45.22 "GET /v2.0/networks/88c18178-08c1-4671-834a-c9a5227598d6?fields=segments HTTP/1.1" status: 200 len: 212 time: 0.0971203
2026-05-11 02:02:46.764 9 INFO neutron.db.ovn_revision_numbers_db [None req-499f753e-6724-466d-8aa6-60f491a0d39d f6a1eab280bb4675a19f2737111a8190 2a02514e1226463db8226cdf845d2c0b - - default default] Successfully bumped revision number for resource a431c9bd-6e59-4d72-9ba4-30ac8b9d1261 (type: security_group_rules) to 0
2026-05-11 02:02:46.787 9 INFO neutron.db.ovn_revision_numbers_db [None req-499f753e-6724-466d-8aa6-60f491a0d39d f6a1eab280bb4675a19f2737111a8190 2a02514e1226463db8226cdf845d2c0b - - default default] Successfully bumped revision number for resource bfe48b1f-188b-4815-a857-c24277606fce (type: security_group_rules) to 0
2026-05-11 02:02:46.826 9 INFO neutron.wsgi [None req-499f753e-6724-466d-8aa6-60f491a0d39d f6a1eab280bb4675a19f2737111a8190 2a02514e1226463db8226cdf845d2c0b - - default default] 10.0.0.96 "GET /v2.0/security-groups?tenant_id=8693fec4efe846588bbec95c24bb67c4&name=default HTTP/1.1" status: 200 len: 2996 time: 0.3576233
2026-05-11 02:02:46.851 9 INFO neutron.wsgi [req-08b828dc-bf8e-434f-a078-7a44d5b34be3 req-47ea997e-0abc-4e34-8d26-69bb95abd812 55f991a7fc184b8aa8a45640e88358c5 e372edc487564543ba6003396eb8f5e9 - - 001184f3b1ca4d748842f4ce7543235f 001184f3b1ca4d748842f4ce7543235f] 199.204.45.22 "GET /v2.0/networks/88c18178-08c1-4671-834a-c9a5227598d6?fields=provider%3Aphysical_network&fields=provider%3Anetwork_type HTTP/1.1" status: 200 len: 277 time: 0.0800190
2026-05-11 02:02:46.948 9 INFO neutron.notifiers.nova [-] Nova event matching ['req-5403593d-5e79-4e45-bcfb-94845d6afe1c'] response: {'name': 'network-changed', 'server_uuid': '64dfdba5-df07-49b2-b372-bae794215418', 'tag': '719675b9-3b8b-4c20-ab43-5e1f00f75d76', 'status': 'completed', 'code': 200}
2026-05-11 02:02:46.998 10 INFO neutron.wsgi [None req-87af3782-12dd-4d9e-9da9-531d1f15ddad f6a1eab280bb4675a19f2737111a8190 2a02514e1226463db8226cdf845d2c0b - - default default] 10.0.0.96 "DELETE /v2.0/routers/d2dc67ad-c855-4bbf-b449-e564dea0f461 HTTP/1.1" status: 204 len: 168 time: 0.6964765
2026-05-11 02:02:47.030 9 INFO neutron.wsgi [req-b1a07aa0-4380-4aec-ac60-aeba22b50c1d req-e7839254-c38d-47f5-bea0-ec6646742584 55f991a7fc184b8aa8a45640e88358c5 e372edc487564543ba6003396eb8f5e9 - - 001184f3b1ca4d748842f4ce7543235f 001184f3b1ca4d748842f4ce7543235f] 199.204.45.22 "GET /v2.0/ports?tenant_id=72b6dc0253aa47c9b8fb8e81b39c7fe0&device_id=64dfdba5-df07-49b2-b372-bae794215418 HTTP/1.1" status: 200 len: 1407 time: 0.0348959
2026-05-11 02:02:47.118 9 INFO neutron.wsgi [req-b1a07aa0-4380-4aec-ac60-aeba22b50c1d req-8d2b4f7a-f0fb-437b-bd48-0a403a466871 55f991a7fc184b8aa8a45640e88358c5 e372edc487564543ba6003396eb8f5e9 - - 001184f3b1ca4d748842f4ce7543235f 001184f3b1ca4d748842f4ce7543235f] 199.204.45.22 "GET /v2.0/networks?id=88c18178-08c1-4671-834a-c9a5227598d6 HTTP/1.1" status: 200 len: 966 time: 0.0800459
2026-05-11 02:02:47.127 9 INFO neutron.wsgi [None req-45835a8d-676f-41eb-8410-43ae7e31fed3 f6a1eab280bb4675a19f2737111a8190 2a02514e1226463db8226cdf845d2c0b - - default default] 10.0.0.96 "DELETE /v2.0/security-groups/7e325b09-6649-4ab6-a9b4-e0a922f4b4af HTTP/1.1" status: 204 len: 168 time: 0.2955067
2026-05-11 02:02:47.154 9 INFO neutron.wsgi [req-b1a07aa0-4380-4aec-ac60-aeba22b50c1d req-3c786772-25eb-4a43-b51e-3a5e49f3e0de 55f991a7fc184b8aa8a45640e88358c5 e372edc487564543ba6003396eb8f5e9 - - 001184f3b1ca4d748842f4ce7543235f 001184f3b1ca4d748842f4ce7543235f] 199.204.45.22 "GET /v2.0/floatingips?fixed_ip_address=10.100.0.5&port_id=719675b9-3b8b-4c20-ab43-5e1f00f75d76 HTTP/1.1" status: 200 len: 217 time: 0.0197115
2026-05-11 02:02:47.187 10 INFO neutron.wsgi [None req-54f00575-37cc-408f-888a-3923d8356920 f6a1eab280bb4675a19f2737111a8190 2a02514e1226463db8226cdf845d2c0b - - default default] 10.0.0.96 "DELETE /v2.0/subnets/69217890-1eca-4fa5-8e81-fbf5ce24d37d HTTP/1.1" status: 204 len: 168 time: 0.1818950
2026-05-11 02:02:47.265 9 INFO neutron.wsgi [req-b78d63e3-a2f3-4061-bb10-24e0341155a1 req-cc3c8aaa-f27e-4477-894c-d0598a255736 b3b6fba760ce4c7dbcf7218662750ee7 72b6dc0253aa47c9b8fb8e81b39c7fe0 - - default default] 10.0.0.15 "GET /v2.0/ports?device_id=64dfdba5-df07-49b2-b372-bae794215418 HTTP/1.1" status: 200 len: 1168 time: 0.0450091
2026-05-11 02:02:47.292 9 INFO neutron.wsgi [req-b1a07aa0-4380-4aec-ac60-aeba22b50c1d req-483d5c62-2d00-4eba-8e4b-5b45c0965e60 55f991a7fc184b8aa8a45640e88358c5 e372edc487564543ba6003396eb8f5e9 - - 001184f3b1ca4d748842f4ce7543235f 001184f3b1ca4d748842f4ce7543235f] 199.204.45.22 "GET /v2.0/subnets?id=6bba8b98-1d3d-4d94-b486-dcec72fd70f3 HTTP/1.1" status: 200 len: 862 time: 0.0407755
2026-05-11 02:02:47.342 9 INFO neutron.wsgi [req-b1a07aa0-4380-4aec-ac60-aeba22b50c1d req-8de892dd-1893-462e-8709-d0a0c0b87c87 55f991a7fc184b8aa8a45640e88358c5 e372edc487564543ba6003396eb8f5e9 - - 001184f3b1ca4d748842f4ce7543235f 001184f3b1ca4d748842f4ce7543235f] 199.204.45.22 "GET /v2.0/ports?network_id=88c18178-08c1-4671-834a-c9a5227598d6&device_owner=network%3Adhcp HTTP/1.1" status: 200 len: 210 time: 0.0262539
2026-05-11 02:02:47.346 9 INFO neutron.wsgi [req-b78d63e3-a2f3-4061-bb10-24e0341155a1 req-7f5c364d-d133-42e3-89bd-a4750053ad6a b3b6fba760ce4c7dbcf7218662750ee7 72b6dc0253aa47c9b8fb8e81b39c7fe0 - - default default] 10.0.0.15 "GET /v2.0/security-groups?id=09857a84-8ee5-4ae5-a1ed-7b03dc5a954d&fields=id&fields=name HTTP/1.1" status: 200 len: 313 time: 0.0752435
2026-05-11 02:02:47.412 9 INFO neutron.wsgi [req-b1a07aa0-4380-4aec-ac60-aeba22b50c1d req-6efc4b5a-6893-46e0-b860-8b3ce64d2861 55f991a7fc184b8aa8a45640e88358c5 e372edc487564543ba6003396eb8f5e9 - - 001184f3b1ca4d748842f4ce7543235f 001184f3b1ca4d748842f4ce7543235f] 199.204.45.22 "GET /v2.0/networks/88c18178-08c1-4671-834a-c9a5227598d6?fields=segments HTTP/1.1" status: 200 len: 212 time: 0.0593653
2026-05-11 02:02:47.485 9 INFO neutron.wsgi [req-b1a07aa0-4380-4aec-ac60-aeba22b50c1d req-c0a261d5-59e3-4762-820a-0f16bd971cff 55f991a7fc184b8aa8a45640e88358c5 e372edc487564543ba6003396eb8f5e9 - - 001184f3b1ca4d748842f4ce7543235f 001184f3b1ca4d748842f4ce7543235f] 199.204.45.22 "GET /v2.0/networks/88c18178-08c1-4671-834a-c9a5227598d6?fields=provider%3Aphysical_network&fields=provider%3Anetwork_type HTTP/1.1" status: 200 len: 277 time: 0.0650084
2026-05-11 02:02:47.576 10 INFO neutron.wsgi [None req-892370a4-ea82-42b5-b812-3f284abd2729 f6a1eab280bb4675a19f2737111a8190 2a02514e1226463db8226cdf845d2c0b - - default default] 10.0.0.96 "DELETE /v2.0/networks/42485073-2f32-453d-be84-9f90c5547eb6 HTTP/1.1" status: 204 len: 168 time: 0.3833241
2026-05-11 02:02:47.742 10 INFO neutron.services.segments.plugin [-] Segment fa2a37ef-9680-4ba7-9afc-74f8a77e0865 resource provider aggregate not found
2026-05-11 02:02:47.751 10 INFO neutron.services.segments.plugin [-] Segment fa2a37ef-9680-4ba7-9afc-74f8a77e0865 resource provider aggregate not found
2026-05-11 02:02:47.775 10 INFO neutron.services.segments.plugin [-] Segment fa2a37ef-9680-4ba7-9afc-74f8a77e0865 resource provider not found; error: Placement Client Error (4xx): {"errors": [{"status": 404, "title": "Not Found", "detail": "The resource could not be found.\n\n No resource provider with uuid fa2a37ef-9680-4ba7-9afc-74f8a77e0865 found for delete ", "request_id": "req-aa6b06e4-5469-4cd9-81f4-7cedffa7bbc9"}]}
2026-05-11 02:02:47.779 10 INFO neutron.services.segments.plugin [-] Segment fa2a37ef-9680-4ba7-9afc-74f8a77e0865 resource provider not found; error: Placement Client Error (4xx): {"errors": [{"status": 404, "title": "Not Found", "detail": "The resource could not be found.\n\n No resource provider with uuid fa2a37ef-9680-4ba7-9afc-74f8a77e0865 found for delete ", "request_id": "req-3db6c04d-871a-4451-ac1e-2064c98c0b8c"}]}
2026-05-11 02:02:47.831 9 INFO neutron.wsgi [None req-c9caa386-9aa2-4272-8197-0c10194349c4 f6a1eab280bb4675a19f2737111a8190 2a02514e1226463db8226cdf845d2c0b - - default default] 10.0.0.96 "GET /v2.0/security-groups?tenant_id=5588b49232f849f0a97f4a40eece173e&name=default HTTP/1.1" status: 200 len: 2992 time: 0.0558927
2026-05-11 02:02:48.094 9 INFO neutron.wsgi [None req-ab408f53-9bac-4a9e-b169-c4bebf1eae0d f6a1eab280bb4675a19f2737111a8190 2a02514e1226463db8226cdf845d2c0b - - default default] 10.0.0.96 "DELETE /v2.0/security-groups/2603ffb4-bffd-47f2-9b69-acd0c1ca7dfe HTTP/1.1" status: 204 len: 168 time: 0.2548413
2026-05-11 02:02:48.342 10 INFO neutron.db.ovn_revision_numbers_db [None req-0ccde32e-56b7-4bfb-9d51-61cbdf1dfa78 f6a1eab280bb4675a19f2737111a8190 2a02514e1226463db8226cdf845d2c0b - - default default] Successfully bumped revision number for resource 940e0f41-757e-47c9-aeed-e99d4690a162 (type: security_groups) to 1
2026-05-11 02:02:48.355 10 INFO neutron.db.ovn_revision_numbers_db [None req-0ccde32e-56b7-4bfb-9d51-61cbdf1dfa78 f6a1eab280bb4675a19f2737111a8190 2a02514e1226463db8226cdf845d2c0b - - default default] Successfully bumped revision number for resource 5453639a-0ef0-4e4b-9b5f-9d92015d51ee (type: security_group_rules) to 0
2026-05-11 02:02:48.370 10 INFO neutron.db.ovn_revision_numbers_db [None req-0ccde32e-56b7-4bfb-9d51-61cbdf1dfa78 f6a1eab280bb4675a19f2737111a8190 2a02514e1226463db8226cdf845d2c0b - - default default] Successfully bumped revision number for resource 569a5190-8520-49f0-a070-2e722cc1b5c8 (type: security_group_rules) to 0
2026-05-11 02:02:48.386 10 INFO neutron.db.ovn_revision_numbers_db [None req-0ccde32e-56b7-4bfb-9d51-61cbdf1dfa78 f6a1eab280bb4675a19f2737111a8190 2a02514e1226463db8226cdf845d2c0b - - default default] Successfully bumped revision number for resource b659205f-e3f3-4a6a-a715-fe479e17165c (type: security_group_rules) to 0
2026-05-11 02:02:48.400 10 INFO neutron.db.ovn_revision_numbers_db [None req-0ccde32e-56b7-4bfb-9d51-61cbdf1dfa78 f6a1eab280bb4675a19f2737111a8190 2a02514e1226463db8226cdf845d2c0b - - default default] Successfully bumped revision number for resource f6d73460-7282-46fd-ac2d-f52a29c48841 (type: security_group_rules) to 0
2026-05-11 02:02:48.484 10 INFO neutron.db.segments_db [None req-0ccde32e-56b7-4bfb-9d51-61cbdf1dfa78 f6a1eab280bb4675a19f2737111a8190 2a02514e1226463db8226cdf845d2c0b - - default default] Added segment 3b221449-75b5-4b49-a75f-ffa194908157 of type geneve for network dcca7439-fb7a-46f5-8d5c-504cb70debf6
2026-05-11 02:02:48.520 10 INFO neutron.wsgi [req-69ddd554-e513-4f83-9b7c-5a862f27e0e6 req-6c0c5344-79ea-45f3-8ed7-d45d945b70f1 b3b6fba760ce4c7dbcf7218662750ee7 72b6dc0253aa47c9b8fb8e81b39c7fe0 - - default default] 10.0.0.15 "GET /v2.0/ports?device_id=64dfdba5-df07-49b2-b372-bae794215418 HTTP/1.1" status: 200 len: 1168 time: 0.1149781
2026-05-11 02:02:48.581 10 INFO neutron.wsgi [req-69ddd554-e513-4f83-9b7c-5a862f27e0e6 req-bcc7eaf5-c6c1-446c-8397-81d2156b5b3f b3b6fba760ce4c7dbcf7218662750ee7 72b6dc0253aa47c9b8fb8e81b39c7fe0 - - default default] 10.0.0.15 "GET /v2.0/security-groups?id=09857a84-8ee5-4ae5-a1ed-7b03dc5a954d&fields=id&fields=name HTTP/1.1" status: 200 len: 313 time: 0.0544374
2026-05-11 02:02:48.646 10 INFO neutron.db.ovn_revision_numbers_db [None req-0ccde32e-56b7-4bfb-9d51-61cbdf1dfa78 f6a1eab280bb4675a19f2737111a8190 2a02514e1226463db8226cdf845d2c0b - - default default] Successfully bumped revision number for resource dcca7439-fb7a-46f5-8d5c-504cb70debf6 (type: networks) to 1
2026-05-11 02:02:48.864 10 WARNING neutron.scheduler.dhcp_agent_scheduler [None req-0ccde32e-56b7-4bfb-9d51-61cbdf1dfa78 f6a1eab280bb4675a19f2737111a8190 2a02514e1226463db8226cdf845d2c0b - - default default] No more DHCP agents
2026-05-11 02:02:48.867 10 WARNING neutron.api.rpc.agentnotifiers.dhcp_rpc_agent_api [None req-0ccde32e-56b7-4bfb-9d51-61cbdf1dfa78 f6a1eab280bb4675a19f2737111a8190 2a02514e1226463db8226cdf845d2c0b - - default default] Unable to schedule network dcca7439-fb7a-46f5-8d5c-504cb70debf6: no agents available; will retry on subsequent port and subnet creation events.
2026-05-11 02:02:48.948 10 WARNING neutron.plugins.ml2.drivers.ovn.mech_driver.ovsdb.ovn_client [None req-bf330d73-d748-4cf8-baff-df318e4b0fae - - - - - -] No port found with ID 6eaafecf-f51a-4de2-8938-dec03825f7b9: RuntimeError: No port found with ID 6eaafecf-f51a-4de2-8938-dec03825f7b9
2026-05-11 02:02:48.965 10 INFO neutron.db.ovn_revision_numbers_db [None req-0ccde32e-56b7-4bfb-9d51-61cbdf1dfa78 f6a1eab280bb4675a19f2737111a8190 2a02514e1226463db8226cdf845d2c0b - - default default] Successfully bumped revision number for resource 3ad25c80-43d0-4f68-bed5-2c274614533d (type: ports) to 1
2026-05-11 02:02:48.991 10 INFO neutron.wsgi [None req-0ccde32e-56b7-4bfb-9d51-61cbdf1dfa78 f6a1eab280bb4675a19f2737111a8190 2a02514e1226463db8226cdf845d2c0b - - default default] 10.0.0.96 "POST /v2.0/networks HTTP/1.1" status: 201 len: 949 time: 1.0176227
2026-05-11 02:02:49.195 9 WARNING neutron.scheduler.dhcp_agent_scheduler [None req-88b487d0-3a2c-4cc6-80a7-b68e1bb66747 f6a1eab280bb4675a19f2737111a8190 2a02514e1226463db8226cdf845d2c0b - - default default] No more DHCP agents
2026-05-11 02:02:49.196 9 WARNING neutron.api.rpc.agentnotifiers.dhcp_rpc_agent_api [None req-88b487d0-3a2c-4cc6-80a7-b68e1bb66747 f6a1eab280bb4675a19f2737111a8190 2a02514e1226463db8226cdf845d2c0b - - default default] Unable to schedule network dcca7439-fb7a-46f5-8d5c-504cb70debf6: no agents available; will retry on subsequent port and subnet creation events.
2026-05-11 02:02:49.646 9 INFO neutron.db.ovn_revision_numbers_db [None req-88b487d0-3a2c-4cc6-80a7-b68e1bb66747 f6a1eab280bb4675a19f2737111a8190 2a02514e1226463db8226cdf845d2c0b - - default default] Successfully bumped revision number for resource 3ad25c80-43d0-4f68-bed5-2c274614533d (type: ports) to 2
2026-05-11 02:02:49.698 9 INFO neutron.db.ovn_revision_numbers_db [None req-88b487d0-3a2c-4cc6-80a7-b68e1bb66747 f6a1eab280bb4675a19f2737111a8190 2a02514e1226463db8226cdf845d2c0b - - default default] Successfully bumped revision number for resource 0a0ccd4e-ed7d-40db-b285-9bc0e6c0d9b9 (type: subnets) to 0
2026-05-11 02:02:49.721 9 INFO neutron.wsgi [req-5fd2a466-b4ff-49b4-8139-493f5c436bcf req-61708274-8bff-4041-af1d-f4360f4650ed b3b6fba760ce4c7dbcf7218662750ee7 72b6dc0253aa47c9b8fb8e81b39c7fe0 - - default default] 10.0.0.15 "GET /v2.0/ports?device_id=64dfdba5-df07-49b2-b372-bae794215418 HTTP/1.1" status: 200 len: 1168 time: 0.0579660
2026-05-11 02:02:49.725 9 INFO neutron.wsgi [None req-88b487d0-3a2c-4cc6-80a7-b68e1bb66747 f6a1eab280bb4675a19f2737111a8190 2a02514e1226463db8226cdf845d2c0b - - default default] 10.0.0.96 "POST /v2.0/subnets HTTP/1.1" status: 201 len: 869 time: 0.7296736
2026-05-11 02:02:49.734 10 INFO neutron.plugins.ml2.drivers.ovn.mech_driver.mech_driver [None req-bf330d73-d748-4cf8-baff-df318e4b0fae - - - - - -] OVN reports status up for port: 719675b9-3b8b-4c20-ab43-5e1f00f75d76
2026-05-11 02:02:49.761 10 INFO neutron.plugins.ml2.plugin [None req-bf330d73-d748-4cf8-baff-df318e4b0fae - - - - - -] Attempt 1 to provision port 719675b9-3b8b-4c20-ab43-5e1f00f75d76
2026-05-11 02:02:49.781 9 INFO neutron.wsgi [req-5fd2a466-b4ff-49b4-8139-493f5c436bcf req-17393a6b-ae6e-4e43-9815-130d7a8ffc45 b3b6fba760ce4c7dbcf7218662750ee7 72b6dc0253aa47c9b8fb8e81b39c7fe0 - - default default] 10.0.0.15 "GET /v2.0/security-groups?id=09857a84-8ee5-4ae5-a1ed-7b03dc5a954d&fields=id&fields=name HTTP/1.1" status: 200 len: 313 time: 0.0536788
2026-05-11 02:02:50.116 10 INFO neutron.db.ovn_revision_numbers_db [None req-bf330d73-d748-4cf8-baff-df318e4b0fae - - - - - -] Successfully bumped revision number for resource 719675b9-3b8b-4c20-ab43-5e1f00f75d76 (type: ports) to 4
2026-05-11 02:02:50.282 10 INFO neutron.db.ovn_revision_numbers_db [None req-b54f2b43-ef35-4921-adfe-4b01b3f2a92d f6a1eab280bb4675a19f2737111a8190 2a02514e1226463db8226cdf845d2c0b - - default default] Successfully bumped revision number for resource 2cd0f4a7-67dd-4d1b-a9cc-9d13ed6c2bd8 (type: security_groups) to 1
2026-05-11 02:02:50.304 10 INFO neutron.db.ovn_revision_numbers_db [None req-b54f2b43-ef35-4921-adfe-4b01b3f2a92d f6a1eab280bb4675a19f2737111a8190 2a02514e1226463db8226cdf845d2c0b - - default default] Successfully bumped revision number for resource 02f9d601-7921-42e2-a7bf-088e3afa4289 (type: security_group_rules) to 0
2026-05-11 02:02:50.319 10 INFO neutron.db.ovn_revision_numbers_db [None req-b54f2b43-ef35-4921-adfe-4b01b3f2a92d f6a1eab280bb4675a19f2737111a8190 2a02514e1226463db8226cdf845d2c0b - - default default] Successfully bumped revision number for resource 7195a495-cee2-41f6-b392-ceee1ec7f9c1 (type: security_group_rules) to 0
2026-05-11 02:02:50.339 10 INFO neutron.db.ovn_revision_numbers_db [None req-b54f2b43-ef35-4921-adfe-4b01b3f2a92d f6a1eab280bb4675a19f2737111a8190 2a02514e1226463db8226cdf845d2c0b - - default default] Successfully bumped revision number for resource a9850d1e-7dca-4d7e-a44b-468834f0f95a (type: security_group_rules) to 0
2026-05-11 02:02:50.367 10 INFO neutron.db.ovn_revision_numbers_db [None req-b54f2b43-ef35-4921-adfe-4b01b3f2a92d f6a1eab280bb4675a19f2737111a8190 2a02514e1226463db8226cdf845d2c0b - - default default] Successfully bumped revision number for resource bda07cc8-2a27-427e-9592-231cedf54226 (type: security_group_rules) to 0
2026-05-11 02:02:50.420 10 INFO neutron.db.segments_db [None req-b54f2b43-ef35-4921-adfe-4b01b3f2a92d f6a1eab280bb4675a19f2737111a8190 2a02514e1226463db8226cdf845d2c0b - - default default] Added segment 46651e48-55ca-4a88-806c-65cd5e20ba7c of type geneve for network df59a687-f2a4-4799-a258-200b99d818d8
2026-05-11 02:02:50.470 9 WARNING neutron.scheduler.dhcp_agent_scheduler [None req-b6df1d55-7cf3-4ab0-80ce-9ef43459beec f6a1eab280bb4675a19f2737111a8190 2a02514e1226463db8226cdf845d2c0b - - default default] No more DHCP agents
2026-05-11 02:02:50.472 9 WARNING neutron.api.rpc.agentnotifiers.dhcp_rpc_agent_api [None req-b6df1d55-7cf3-4ab0-80ce-9ef43459beec f6a1eab280bb4675a19f2737111a8190 2a02514e1226463db8226cdf845d2c0b - - default default] Unable to schedule network ff242978-c630-477a-8591-8f3e9d7d41ce: no agents available; will retry on subsequent port and subnet creation events.
2026-05-11 02:02:50.484 10 INFO neutron.notifiers.nova [-] Nova event matching ['req-e9d10001-498c-42d1-9a31-7a5dc17d8ef0'] response: {'server_uuid': '64dfdba5-df07-49b2-b372-bae794215418', 'name': 'network-vif-plugged', 'status': 'completed', 'tag': '719675b9-3b8b-4c20-ab43-5e1f00f75d76', 'code': 200}
2026-05-11 02:02:50.589 10 INFO neutron.db.ovn_revision_numbers_db [None req-b54f2b43-ef35-4921-adfe-4b01b3f2a92d f6a1eab280bb4675a19f2737111a8190 2a02514e1226463db8226cdf845d2c0b - - default default] Successfully bumped revision number for resource df59a687-f2a4-4799-a258-200b99d818d8 (type: networks) to 1
2026-05-11 02:02:50.600 9 INFO neutron.db.ovn_revision_numbers_db [None req-b6df1d55-7cf3-4ab0-80ce-9ef43459beec f6a1eab280bb4675a19f2737111a8190 2a02514e1226463db8226cdf845d2c0b - - default default] Successfully bumped revision number for resource 758ee128-4d88-4957-8072-fde4247ecaea (type: ports) to 1
2026-05-11 02:02:50.808 10 WARNING neutron.scheduler.dhcp_agent_scheduler [None req-b54f2b43-ef35-4921-adfe-4b01b3f2a92d f6a1eab280bb4675a19f2737111a8190 2a02514e1226463db8226cdf845d2c0b - - default default] No more DHCP agents
2026-05-11 02:02:50.812 10 WARNING neutron.api.rpc.agentnotifiers.dhcp_rpc_agent_api [None req-b54f2b43-ef35-4921-adfe-4b01b3f2a92d f6a1eab280bb4675a19f2737111a8190 2a02514e1226463db8226cdf845d2c0b - - default default] Unable to schedule network df59a687-f2a4-4799-a258-200b99d818d8: no agents available; will retry on subsequent port and subnet creation events.
2026-05-11 02:02:50.912 9 INFO neutron.wsgi [req-05078170-cb34-4b6e-a0d1-38f123c0c4be req-9b2b56b4-5a5d-4c6a-9e79-37ef19c2780b b3b6fba760ce4c7dbcf7218662750ee7 72b6dc0253aa47c9b8fb8e81b39c7fe0 - - default default] 10.0.0.15 "GET /v2.0/ports?device_id=64dfdba5-df07-49b2-b372-bae794215418 HTTP/1.1" status: 200 len: 1170 time: 0.0471044
2026-05-11 02:02:50.918 10 INFO neutron.db.ovn_revision_numbers_db [None req-b54f2b43-ef35-4921-adfe-4b01b3f2a92d f6a1eab280bb4675a19f2737111a8190 2a02514e1226463db8226cdf845d2c0b - - default default] Successfully bumped revision number for resource 4336ec83-645b-4829-9d73-7a71aacf5bb8 (type: ports) to 1
2026-05-11 02:02:50.936 10 INFO neutron.wsgi [None req-b54f2b43-ef35-4921-adfe-4b01b3f2a92d f6a1eab280bb4675a19f2737111a8190 2a02514e1226463db8226cdf845d2c0b - - default default] 10.0.0.96 "POST /v2.0/networks HTTP/1.1" status: 201 len: 953 time: 0.9680064 /var/lib/openstack/lib/python3.10/site-packages/pycadf/identifier.py:71: UserWarning: Invalid uuid: neutron. To ensure interoperability, identifiers should be a valid uuid. warnings.warn(('Invalid uuid: %s. To ensure interoperability, '
2026-05-11 02:02:50.976 9 INFO neutron.wsgi [req-05078170-cb34-4b6e-a0d1-38f123c0c4be req-b1d4bf61-1268-44ae-96ad-5293729849dc b3b6fba760ce4c7dbcf7218662750ee7 72b6dc0253aa47c9b8fb8e81b39c7fe0 - - default default] 10.0.0.15 "GET /v2.0/security-groups?id=09857a84-8ee5-4ae5-a1ed-7b03dc5a954d&fields=id&fields=name HTTP/1.1" status: 200 len: 313 time: 0.0470178
2026-05-11 02:02:51.110 10 WARNING neutron.scheduler.dhcp_agent_scheduler [None req-c7374f15-92d8-4a61-b57f-603c46b5f2a4 f6a1eab280bb4675a19f2737111a8190 2a02514e1226463db8226cdf845d2c0b - - default default] No more DHCP agents
2026-05-11 02:02:51.113 10 WARNING neutron.api.rpc.agentnotifiers.dhcp_rpc_agent_api [None req-c7374f15-92d8-4a61-b57f-603c46b5f2a4 f6a1eab280bb4675a19f2737111a8190 2a02514e1226463db8226cdf845d2c0b - - default default] Unable to schedule network df59a687-f2a4-4799-a258-200b99d818d8: no agents available; will retry on subsequent port and subnet creation events.
2026-05-11 02:02:51.243 10 INFO neutron.plugins.ml2.drivers.ovn.mech_driver.mech_driver [None req-bf330d73-d748-4cf8-baff-df318e4b0fae - - - - - -] OVN reports status up for port: 758ee128-4d88-4957-8072-fde4247ecaea
2026-05-11 02:02:51.251 9 INFO neutron.plugins.ml2.drivers.ovn.mech_driver.ovsdb.ovsdb_monitor [None req-d3b99b26-6804-494a-996a-49b8282b2332 - - - - - -] Router efe04b73-2a45-4a64-a74e-32bd5afa055d is bound to host instance
2026-05-11 02:02:51.259 10 INFO neutron.plugins.ml2.plugin [None req-bf330d73-d748-4cf8-baff-df318e4b0fae - - - - - -] Attempt 1 to provision port 758ee128-4d88-4957-8072-fde4247ecaea
2026-05-11 02:02:51.277 9 INFO neutron.db.ovn_revision_numbers_db [None req-b6df1d55-7cf3-4ab0-80ce-9ef43459beec f6a1eab280bb4675a19f2737111a8190 2a02514e1226463db8226cdf845d2c0b - - default default] Successfully bumped revision number for resource 758ee128-4d88-4957-8072-fde4247ecaea (type: router_ports) to 1
2026-05-11 02:02:51.282 10 INFO neutron.wsgi [req-cef6f45e-84c0-4f82-b82e-75d685efdd68 req-e4d6e71d-6e81-4d14-ae3f-8044fe593e82 b3b6fba760ce4c7dbcf7218662750ee7 72b6dc0253aa47c9b8fb8e81b39c7fe0 - - default default] 10.0.0.15 "GET /v2.0/ports?device_id=64dfdba5-df07-49b2-b372-bae794215418 HTTP/1.1" status: 200 len: 1170 time: 0.0762184
2026-05-11 02:02:51.448 9 INFO neutron.db.ovn_revision_numbers_db [None req-b6df1d55-7cf3-4ab0-80ce-9ef43459beec f6a1eab280bb4675a19f2737111a8190 2a02514e1226463db8226cdf845d2c0b - - default default] Successfully bumped revision number for resource efe04b73-2a45-4a64-a74e-32bd5afa055d (type: routers) to 2
2026-05-11 02:02:51.502 9 INFO neutron.wsgi [None req-b6df1d55-7cf3-4ab0-80ce-9ef43459beec f6a1eab280bb4675a19f2737111a8190 2a02514e1226463db8226cdf845d2c0b - - default default] 10.0.0.96 "POST /v2.0/routers HTTP/1.1" status: 201 len: 880 time: 1.7650490
2026-05-11 02:02:51.644 10 INFO neutron.db.ovn_revision_numbers_db [None req-c7374f15-92d8-4a61-b57f-603c46b5f2a4 f6a1eab280bb4675a19f2737111a8190 2a02514e1226463db8226cdf845d2c0b - - default default] Successfully bumped revision number for resource 4336ec83-645b-4829-9d73-7a71aacf5bb8 (type: ports) to 2
2026-05-11 02:02:51.711 10 INFO neutron.db.ovn_revision_numbers_db [None req-c7374f15-92d8-4a61-b57f-603c46b5f2a4 f6a1eab280bb4675a19f2737111a8190 2a02514e1226463db8226cdf845d2c0b - - default default] Successfully bumped revision number for resource 02e2e758-66c8-4e00-a1ed-7d91b58d748d (type: subnets) to 0
2026-05-11 02:02:51.723 10 INFO neutron.wsgi [None req-c7374f15-92d8-4a61-b57f-603c46b5f2a4 f6a1eab280bb4675a19f2737111a8190 2a02514e1226463db8226cdf845d2c0b - - default default] 10.0.0.96 "POST /v2.0/subnets HTTP/1.1" status: 201 len: 873 time: 0.7831542
2026-05-11 02:02:51.804 9 INFO neutron.db.l3_db [None req-40c23609-e6e5-459a-b85f-efba5bd68ca6 b3b6fba760ce4c7dbcf7218662750ee7 72b6dc0253aa47c9b8fb8e81b39c7fe0 - - default default] Floating IP 2cf53321-f227-43ba-bc3b-14bcd714bcc6 associated. External IP: 10.96.250.203, port: 719675b9-3b8b-4c20-ab43-5e1f00f75d76.
2026-05-11 02:02:52.146 9 INFO neutron.db.ovn_revision_numbers_db [None req-40c23609-e6e5-459a-b85f-efba5bd68ca6 b3b6fba760ce4c7dbcf7218662750ee7 72b6dc0253aa47c9b8fb8e81b39c7fe0 - - default default] Successfully bumped revision number for resource 2cf53321-f227-43ba-bc3b-14bcd714bcc6 (type: floatingips) to 1
2026-05-11 02:02:52.245 10 WARNING neutron.scheduler.dhcp_agent_scheduler [None req-b7777e05-7891-4ff9-942e-f3b3cf2918f3 f6a1eab280bb4675a19f2737111a8190 2a02514e1226463db8226cdf845d2c0b - - default default] No more DHCP agents
2026-05-11 02:02:52.255 10 WARNING neutron.api.rpc.agentnotifiers.dhcp_rpc_agent_api [None req-b7777e05-7891-4ff9-942e-f3b3cf2918f3 f6a1eab280bb4675a19f2737111a8190 2a02514e1226463db8226cdf845d2c0b - - default default] Unable to schedule network dcca7439-fb7a-46f5-8d5c-504cb70debf6: no agents available; will retry on subsequent port and subnet creation events.
2026-05-11 02:02:52.285 9 INFO neutron.db.ovn_revision_numbers_db [None req-d3b99b26-6804-494a-996a-49b8282b2332 - - - - - -] Successfully bumped revision number for resource 758ee128-4d88-4957-8072-fde4247ecaea (type: ports) to 1
2026-05-11 02:02:52.293 9 INFO neutron.db.ovn_revision_numbers_db [None req-40c23609-e6e5-459a-b85f-efba5bd68ca6 b3b6fba760ce4c7dbcf7218662750ee7 72b6dc0253aa47c9b8fb8e81b39c7fe0 - - default default] Successfully bumped revision number for resource 2cf53321-f227-43ba-bc3b-14bcd714bcc6 (type: floatingips) to 2
2026-05-11 02:02:52.322 9 INFO neutron.wsgi [None req-40c23609-e6e5-459a-b85f-efba5bd68ca6 b3b6fba760ce4c7dbcf7218662750ee7 72b6dc0253aa47c9b8fb8e81b39c7fe0 - - default default] 10.0.0.96 "PUT /v2.0/floatingips/2cf53321-f227-43ba-bc3b-14bcd714bcc6 HTTP/1.1" status: 200 len: 1049 time: 1.0236392
2026-05-11 02:02:52.428 9 INFO neutron.notifiers.nova [-] Nova event matching ['req-ef41c2fe-dda0-4f2a-9a0f-f6770f507ec5'] response: {'name': 'network-changed', 'server_uuid': '64dfdba5-df07-49b2-b372-bae794215418', 'tag': '719675b9-3b8b-4c20-ab43-5e1f00f75d76', 'status': 'completed', 'code': 200}
2026-05-11 02:02:52.441 10 INFO neutron.wsgi [req-852933d9-042c-4088-b136-6b521843d933 req-f20610b2-d05e-466d-916a-aaa3a57ed6d9 b3b6fba760ce4c7dbcf7218662750ee7 72b6dc0253aa47c9b8fb8e81b39c7fe0 - - default default] 10.0.0.15 "GET /v2.0/ports?device_id=64dfdba5-df07-49b2-b372-bae794215418 HTTP/1.1" status: 200 len: 1170 time: 0.0575933 /var/lib/openstack/lib/python3.10/site-packages/pycadf/identifier.py:71: UserWarning: Invalid uuid: neutron. To ensure interoperability, identifiers should be a valid uuid. warnings.warn(('Invalid uuid: %s. To ensure interoperability, '
2026-05-11 02:02:52.477 10 WARNING neutron.scheduler.dhcp_agent_scheduler [None req-e9d3d865-e97f-4be1-8195-5e1c37a59778 f6a1eab280bb4675a19f2737111a8190 2a02514e1226463db8226cdf845d2c0b - - default default] No more DHCP agents
2026-05-11 02:02:52.493 10 WARNING neutron.api.rpc.agentnotifiers.dhcp_rpc_agent_api [None req-e9d3d865-e97f-4be1-8195-5e1c37a59778 f6a1eab280bb4675a19f2737111a8190 2a02514e1226463db8226cdf845d2c0b - - default default] Unable to schedule network ff242978-c630-477a-8591-8f3e9d7d41ce: no agents available; will retry on subsequent port and subnet creation events.
2026-05-11 02:02:52.501 9 INFO neutron.wsgi [req-1e85bfb5-f08d-40f1-94f4-da1316f00806 req-ea16ad37-21cc-4a2d-8f09-de3b63d3f643 55f991a7fc184b8aa8a45640e88358c5 e372edc487564543ba6003396eb8f5e9 - - 001184f3b1ca4d748842f4ce7543235f 001184f3b1ca4d748842f4ce7543235f] 199.204.45.22 "GET /v2.0/ports?tenant_id=72b6dc0253aa47c9b8fb8e81b39c7fe0&device_id=64dfdba5-df07-49b2-b372-bae794215418 HTTP/1.1" status: 200 len: 1409 time: 0.0467288
2026-05-11 02:02:52.518 10 INFO neutron.db.ovn_revision_numbers_db [None req-b7777e05-7891-4ff9-942e-f3b3cf2918f3 f6a1eab280bb4675a19f2737111a8190 2a02514e1226463db8226cdf845d2c0b - - default default] Successfully bumped revision number for resource 0d0e465e-b0cd-4d1b-b5e4-57c469a5d094 (type: ports) to 1
2026-05-11 02:02:52.525 10 INFO neutron.wsgi [req-852933d9-042c-4088-b136-6b521843d933 req-52f27d96-bdca-4574-ba9a-c6ca84e2ace6 b3b6fba760ce4c7dbcf7218662750ee7 72b6dc0253aa47c9b8fb8e81b39c7fe0 - - default default] 10.0.0.15 "GET /v2.0/security-groups?id=09857a84-8ee5-4ae5-a1ed-7b03dc5a954d&fields=id&fields=name HTTP/1.1" status: 200 len: 313 time: 0.0685539
2026-05-11 02:02:52.528 10 INFO neutron.notifiers.nova [-] Nova event matching ['req-40726f5a-209c-4126-a667-342686268d4a'] response: {'server_uuid': '64dfdba5-df07-49b2-b372-bae794215418', 'name': 'network-vif-plugged', 'status': 'completed', 'tag': '719675b9-3b8b-4c20-ab43-5e1f00f75d76', 'code': 200}
2026-05-11 02:02:52.612 9 INFO neutron.wsgi [req-1e85bfb5-f08d-40f1-94f4-da1316f00806 req-df401ba5-3b22-4f44-b10b-8871b13dfc91 55f991a7fc184b8aa8a45640e88358c5 e372edc487564543ba6003396eb8f5e9 - - 001184f3b1ca4d748842f4ce7543235f 001184f3b1ca4d748842f4ce7543235f] 199.204.45.22 "GET /v2.0/networks?id=88c18178-08c1-4671-834a-c9a5227598d6 HTTP/1.1" status: 200 len: 966 time: 0.1054139
2026-05-11 02:02:52.669 9 INFO neutron.db.ovn_revision_numbers_db [None req-d3b99b26-6804-494a-996a-49b8282b2332 - - - - - -] Successfully bumped revision number for resource 758ee128-4d88-4957-8072-fde4247ecaea (type: router_ports) to 3
2026-05-11 02:02:52.674 9 INFO neutron.wsgi [req-1e85bfb5-f08d-40f1-94f4-da1316f00806 req-717d8296-1791-4925-9f9d-545875cf6cce 55f991a7fc184b8aa8a45640e88358c5 e372edc487564543ba6003396eb8f5e9 - - 001184f3b1ca4d748842f4ce7543235f 001184f3b1ca4d748842f4ce7543235f] 199.204.45.22 "GET /v2.0/floatingips?fixed_ip_address=10.100.0.5&port_id=719675b9-3b8b-4c20-ab43-5e1f00f75d76 HTTP/1.1" status: 200 len: 1059 time: 0.0485880
2026-05-11 02:02:52.737 10 INFO neutron.db.ovn_revision_numbers_db [None req-e9d3d865-e97f-4be1-8195-5e1c37a59778 f6a1eab280bb4675a19f2737111a8190 2a02514e1226463db8226cdf845d2c0b - - default default] Successfully bumped revision number for resource 9339d4e1-1579-4da0-82aa-134a14266c13 (type: ports) to 1
2026-05-11 02:02:52.925 9 INFO neutron.wsgi [req-1e85bfb5-f08d-40f1-94f4-da1316f00806 req-a4bc05ce-3ecf-4269-9185-d9a94a21325e 55f991a7fc184b8aa8a45640e88358c5 e372edc487564543ba6003396eb8f5e9 - - 001184f3b1ca4d748842f4ce7543235f 001184f3b1ca4d748842f4ce7543235f] 199.204.45.22 "GET /v2.0/subnets?id=6bba8b98-1d3d-4d94-b486-dcec72fd70f3 HTTP/1.1" status: 200 len: 862 time: 0.2381217
2026-05-11 02:02:52.963 9 INFO neutron.wsgi [req-1e85bfb5-f08d-40f1-94f4-da1316f00806 req-4f3d0510-b410-4b24-8a49-dabdb8d1bb9d 55f991a7fc184b8aa8a45640e88358c5 e372edc487564543ba6003396eb8f5e9 - - 001184f3b1ca4d748842f4ce7543235f 001184f3b1ca4d748842f4ce7543235f] 199.204.45.22 "GET /v2.0/ports?network_id=88c18178-08c1-4671-834a-c9a5227598d6&device_owner=network%3Adhcp HTTP/1.1" status: 200 len: 210 time: 0.0285945
2026-05-11 02:02:53.079 9 INFO neutron.wsgi [req-62927faf-93d8-4e35-a345-c95e7f6a458c req-1c543b33-b19b-4f36-b06c-2e7ef9fa14f9 b3b6fba760ce4c7dbcf7218662750ee7 72b6dc0253aa47c9b8fb8e81b39c7fe0 - - default default] 10.0.0.15 "GET /v2.0/ports?device_id=64dfdba5-df07-49b2-b372-bae794215418 HTTP/1.1" status: 200 len: 1170 time: 0.1952572
2026-05-11 02:02:53.126 9 INFO neutron.wsgi [req-1e85bfb5-f08d-40f1-94f4-da1316f00806 req-f40cde24-a6b1-438f-be76-64f9aa82a364 55f991a7fc184b8aa8a45640e88358c5 e372edc487564543ba6003396eb8f5e9 - - 001184f3b1ca4d748842f4ce7543235f 001184f3b1ca4d748842f4ce7543235f] 199.204.45.22 "GET /v2.0/networks/88c18178-08c1-4671-834a-c9a5227598d6?fields=segments HTTP/1.1" status: 200 len: 212 time: 0.1546376
2026-05-11 02:02:53.130 9 INFO neutron.db.ovn_revision_numbers_db [None req-d3b99b26-6804-494a-996a-49b8282b2332 - - - - - -] Successfully bumped revision number for resource 758ee128-4d88-4957-8072-fde4247ecaea (type: ports) to 2
2026-05-11 02:02:53.138 9 INFO neutron.wsgi [req-62927faf-93d8-4e35-a345-c95e7f6a458c req-919aa78a-5614-43ce-ab50-6374d7038c66 b3b6fba760ce4c7dbcf7218662750ee7 72b6dc0253aa47c9b8fb8e81b39c7fe0 - - default default] 10.0.0.15 "GET /v2.0/security-groups?id=09857a84-8ee5-4ae5-a1ed-7b03dc5a954d&fields=id&fields=name HTTP/1.1" status: 200 len: 313 time: 0.0534315
2026-05-11 02:02:53.237 9 INFO neutron.wsgi [req-23d6ad70-2b51-479f-9851-55bc78bfa132 req-aefb5ffa-cb13-46c0-a390-30598a1c6dad b3b6fba760ce4c7dbcf7218662750ee7 72b6dc0253aa47c9b8fb8e81b39c7fe0 - - default default] 199.204.45.22 "GET /v2.0/ports?device_id=64dfdba5-df07-49b2-b372-bae794215418 HTTP/1.1" status: 200 len: 1170 time: 0.0596111
2026-05-11 02:02:53.252 9 INFO neutron.wsgi [req-1e85bfb5-f08d-40f1-94f4-da1316f00806 req-708960eb-d581-44cd-b709-29b4f2186822 55f991a7fc184b8aa8a45640e88358c5 e372edc487564543ba6003396eb8f5e9 - - 001184f3b1ca4d748842f4ce7543235f 001184f3b1ca4d748842f4ce7543235f] 199.204.45.22 "GET /v2.0/networks/88c18178-08c1-4671-834a-c9a5227598d6?fields=provider%3Aphysical_network&fields=provider%3Anetwork_type HTTP/1.1" status: 200 len: 277 time: 0.1191180
2026-05-11 02:02:53.309 10 INFO neutron.wsgi [-] 10.0.0.133 "GET / HTTP/1.1" status: 200 len: 246 time: 0.0015657
2026-05-11 02:02:53.311 10 INFO neutron.wsgi [-] 10.0.0.133 "GET / HTTP/1.1" status: 200 len: 246 time: 0.0011270
2026-05-11 02:02:53.343 10 INFO neutron.db.ovn_revision_numbers_db [None req-b7777e05-7891-4ff9-942e-f3b3cf2918f3 f6a1eab280bb4675a19f2737111a8190 2a02514e1226463db8226cdf845d2c0b - - default default] Successfully bumped revision number for resource 0d0e465e-b0cd-4d1b-b5e4-57c469a5d094 (type: router_ports) to 1
2026-05-11 02:02:53.563 10 INFO neutron.db.ovn_revision_numbers_db [None req-b7777e05-7891-4ff9-942e-f3b3cf2918f3 f6a1eab280bb4675a19f2737111a8190 2a02514e1226463db8226cdf845d2c0b - - default default] Successfully bumped revision number for resource 0d0e465e-b0cd-4d1b-b5e4-57c469a5d094 (type: ports) to 1
2026-05-11 02:02:53.566 9 INFO neutron.db.ovn_revision_numbers_db [None req-d3b99b26-6804-494a-996a-49b8282b2332 - - - - - -] Successfully bumped revision number for resource 758ee128-4d88-4957-8072-fde4247ecaea (type: ports) to 4
2026-05-11 02:02:53.645 9 INFO neutron.db.l3_db [req-23d6ad70-2b51-479f-9851-55bc78bfa132 req-25fc5a69-f935-42a1-863c-63bd6de2e2eb b3b6fba760ce4c7dbcf7218662750ee7 72b6dc0253aa47c9b8fb8e81b39c7fe0 - - default default] Floating IP 2cf53321-f227-43ba-bc3b-14bcd714bcc6 disassociated. External IP: 10.96.250.203, port: 719675b9-3b8b-4c20-ab43-5e1f00f75d76.
2026-05-11 02:02:53.695 10 WARNING neutron.scheduler.dhcp_agent_scheduler [None req-b7777e05-7891-4ff9-942e-f3b3cf2918f3 f6a1eab280bb4675a19f2737111a8190 2a02514e1226463db8226cdf845d2c0b - - default default] No more DHCP agents
2026-05-11 02:02:53.700 10 WARNING neutron.api.rpc.agentnotifiers.dhcp_rpc_agent_api [None req-b7777e05-7891-4ff9-942e-f3b3cf2918f3 f6a1eab280bb4675a19f2737111a8190 2a02514e1226463db8226cdf845d2c0b - - default default] Unable to schedule network dcca7439-fb7a-46f5-8d5c-504cb70debf6: no agents available; will retry on subsequent port and subnet creation events.
2026-05-11 02:02:53.724 9 INFO neutron.plugins.ml2.drivers.ovn.mech_driver.mech_driver [None req-d7fd741a-a85c-4092-858e-c1902e487ad4 - - - - - -] OVN reports status up for port: 9339d4e1-1579-4da0-82aa-134a14266c13
2026-05-11 02:02:53.731 10 INFO neutron.db.ovn_revision_numbers_db [None req-e9d3d865-e97f-4be1-8195-5e1c37a59778 f6a1eab280bb4675a19f2737111a8190 2a02514e1226463db8226cdf845d2c0b - - default default] Successfully bumped revision number for resource 9339d4e1-1579-4da0-82aa-134a14266c13 (type: router_ports) to 1
2026-05-11 02:02:53.745 9 INFO neutron.plugins.ml2.plugin [None req-d7fd741a-a85c-4092-858e-c1902e487ad4 - - - - - -] Attempt 1 to provision port 9339d4e1-1579-4da0-82aa-134a14266c13
2026-05-11 02:02:53.816 10 INFO neutron.db.ovn_revision_numbers_db [None req-f8f7acbf-380d-4ab2-9110-e73b30f2d5d9 f6a1eab280bb4675a19f2737111a8190 2a02514e1226463db8226cdf845d2c0b - - default default] Successfully bumped revision number for resource f1b7949e-316c-4e70-a369-d308c83e8af0 (type: security_groups) to 1
2026-05-11 02:02:53.821 10 INFO neutron.db.ovn_revision_numbers_db [None req-e9d3d865-e97f-4be1-8195-5e1c37a59778 f6a1eab280bb4675a19f2737111a8190 2a02514e1226463db8226cdf845d2c0b - - default default] Successfully bumped revision number for resource 07fb0495-8a8d-4513-9b04-87f7cba7d5d6 (type: routers) to 2
2026-05-11 02:02:53.838 10 INFO neutron.db.ovn_revision_numbers_db [None req-f8f7acbf-380d-4ab2-9110-e73b30f2d5d9 f6a1eab280bb4675a19f2737111a8190 2a02514e1226463db8226cdf845d2c0b - - default default] Successfully bumped revision number for resource 237ba1ab-1869-4c29-88f3-c1c55da2d589 (type: security_group_rules) to 0
2026-05-11 02:02:53.842 10 INFO neutron.wsgi [None req-e9d3d865-e97f-4be1-8195-5e1c37a59778 f6a1eab280bb4675a19f2737111a8190 2a02514e1226463db8226cdf845d2c0b - - default default] 10.0.0.96 "POST /v2.0/routers HTTP/1.1" status: 201 len: 884 time: 2.1137450
2026-05-11 02:02:53.857 10 INFO neutron.db.ovn_revision_numbers_db [None req-f8f7acbf-380d-4ab2-9110-e73b30f2d5d9 f6a1eab280bb4675a19f2737111a8190 2a02514e1226463db8226cdf845d2c0b - - default default] Successfully bumped revision number for resource 50ef8dd8-040d-4560-b9cd-65834bb6aa05 (type: security_group_rules) to 0
2026-05-11 02:02:53.914 10 INFO neutron.db.ovn_revision_numbers_db [None req-f8f7acbf-380d-4ab2-9110-e73b30f2d5d9 f6a1eab280bb4675a19f2737111a8190 2a02514e1226463db8226cdf845d2c0b - - default default] Successfully bumped revision number for resource a643170d-eef4-4561-99a9-78424dcafba2 (type: security_group_rules) to 0
2026-05-11 02:02:53.942 9 INFO neutron.wsgi [req-23d6ad70-2b51-479f-9851-55bc78bfa132 req-25fc5a69-f935-42a1-863c-63bd6de2e2eb b3b6fba760ce4c7dbcf7218662750ee7 72b6dc0253aa47c9b8fb8e81b39c7fe0 - - default default] 199.204.45.22 "DELETE /v2.0/ports/719675b9-3b8b-4c20-ab43-5e1f00f75d76 HTTP/1.1" status: 204 len: 173 time: 0.6986713
2026-05-11 02:02:53.943 10 INFO neutron.db.ovn_revision_numbers_db [None req-f8f7acbf-380d-4ab2-9110-e73b30f2d5d9 f6a1eab280bb4675a19f2737111a8190 2a02514e1226463db8226cdf845d2c0b - - default default] Successfully bumped revision number for resource ac816015-e656-4613-ab28-dd4250dabe6b (type: security_group_rules) to 0
2026-05-11 02:02:53.973 9 INFO neutron.db.ovn_revision_numbers_db [None req-d3b99b26-6804-494a-996a-49b8282b2332 - - - - - -] Successfully bumped revision number for resource 758ee128-4d88-4957-8072-fde4247ecaea (type: router_ports) to 4
2026-05-11 02:02:53.991 10 INFO neutron.wsgi [None req-f8f7acbf-380d-4ab2-9110-e73b30f2d5d9 f6a1eab280bb4675a19f2737111a8190 2a02514e1226463db8226cdf845d2c0b - - default default] 10.0.0.96 "GET /v2.0/security-groups?tenant_id=2f452aa7b6e1478dbb9896357c6c74cd&name=default HTTP/1.1" status: 200 len: 2996 time: 0.5537243 /var/lib/openstack/lib/python3.10/site-packages/pycadf/identifier.py:71: UserWarning: Invalid uuid: neutron. To ensure interoperability, identifiers should be a valid uuid. warnings.warn(('Invalid uuid: %s. To ensure interoperability, '
2026-05-11 02:02:54.005 9 INFO neutron.plugins.ml2.drivers.ovn.mech_driver.ovsdb.ovsdb_monitor [None req-d3b99b26-6804-494a-996a-49b8282b2332 - - - - - -] Router 07fb0495-8a8d-4513-9b04-87f7cba7d5d6 is bound to host instance
2026-05-11 02:02:54.177 10 INFO neutron.plugins.ml2.drivers.ovn.mech_driver.mech_driver [None req-bf330d73-d748-4cf8-baff-df318e4b0fae - - - - - -] OVN reports status down for port: 719675b9-3b8b-4c20-ab43-5e1f00f75d76
2026-05-11 02:02:54.191 10 INFO neutron.plugins.ml2.drivers.ovn.mech_driver.mech_driver [None req-bf330d73-d748-4cf8-baff-df318e4b0fae - - - - - -] OVN reports status up for port: 0d0e465e-b0cd-4d1b-b5e4-57c469a5d094
2026-05-11 02:02:54.231 10 INFO neutron.plugins.ml2.plugin [None req-bf330d73-d748-4cf8-baff-df318e4b0fae - - - - - -] Attempt 1 to provision port 0d0e465e-b0cd-4d1b-b5e4-57c469a5d094
2026-05-11 02:02:54.301 9 INFO neutron.wsgi [None req-2e50993d-30a8-4631-84d7-cc6d8605195d f6a1eab280bb4675a19f2737111a8190 2a02514e1226463db8226cdf845d2c0b - - default default] 10.0.0.96 "DELETE /v2.0/security-groups/f1b7949e-316c-4e70-a369-d308c83e8af0 HTTP/1.1" status: 204 len: 168 time: 0.3030174
2026-05-11 02:02:54.386 10 INFO neutron.wsgi [req-5b2943b4-8535-4bba-abe1-5928e1282a90 req-f5521bb5-38ef-4c77-a85b-c4c077eb7134 b3b6fba760ce4c7dbcf7218662750ee7 72b6dc0253aa47c9b8fb8e81b39c7fe0 - - default default] 10.0.0.15 "GET /v2.0/ports?device_id=64dfdba5-df07-49b2-b372-bae794215418 HTTP/1.1" status: 200 len: 210 time: 0.1613598
