2026-05-11 02:06:26.053 10 INFO neutron.db.segments_db [None req-f6fca15d-24c4-46a2-b70c-f11d5d3c1055 161dcb38305742789c9e4099c59a60d3 3dbb2d5be3b84a8cad4bc207b3c4352a - - default default] Added segment 6a8157e2-44cb-4672-9a86-614335887f90 of type geneve for network 019def99-ed41-461f-bffc-43d86f07e8f5
2026-05-11 02:06:26.196 10 INFO neutron.db.ovn_revision_numbers_db [None req-f6fca15d-24c4-46a2-b70c-f11d5d3c1055 161dcb38305742789c9e4099c59a60d3 3dbb2d5be3b84a8cad4bc207b3c4352a - - default default] Successfully bumped revision number for resource 019def99-ed41-461f-bffc-43d86f07e8f5 (type: networks) to 1
2026-05-11 02:06:26.365 10 WARNING neutron.scheduler.dhcp_agent_scheduler [None req-f6fca15d-24c4-46a2-b70c-f11d5d3c1055 161dcb38305742789c9e4099c59a60d3 3dbb2d5be3b84a8cad4bc207b3c4352a - - default default] No more DHCP agents
2026-05-11 02:06:26.367 10 WARNING neutron.api.rpc.agentnotifiers.dhcp_rpc_agent_api [None req-f6fca15d-24c4-46a2-b70c-f11d5d3c1055 161dcb38305742789c9e4099c59a60d3 3dbb2d5be3b84a8cad4bc207b3c4352a - - default default] Unable to schedule network 019def99-ed41-461f-bffc-43d86f07e8f5: no agents available; will retry on subsequent port and subnet creation events.
2026-05-11 02:06:26.447 10 INFO neutron.db.ovn_revision_numbers_db [None req-f6fca15d-24c4-46a2-b70c-f11d5d3c1055 161dcb38305742789c9e4099c59a60d3 3dbb2d5be3b84a8cad4bc207b3c4352a - - default default] Successfully bumped revision number for resource 871e5320-f999-4997-a997-5ed4e0701c5e (type: ports) to 1
2026-05-11 02:06:26.471 10 INFO neutron.wsgi [None req-f6fca15d-24c4-46a2-b70c-f11d5d3c1055 161dcb38305742789c9e4099c59a60d3 3dbb2d5be3b84a8cad4bc207b3c4352a - - default default] 10.0.0.96 "POST /v2.0/networks HTTP/1.1" status: 201 len: 837 time: 0.5024798
2026-05-11 02:06:26.760 10 WARNING neutron.scheduler.dhcp_agent_scheduler [None req-34bbd813-e521-4ada-bb87-b6647f4e0e2c 161dcb38305742789c9e4099c59a60d3 3dbb2d5be3b84a8cad4bc207b3c4352a - - default default] No more DHCP agents
2026-05-11 02:06:26.764 10 WARNING neutron.api.rpc.agentnotifiers.dhcp_rpc_agent_api [None req-34bbd813-e521-4ada-bb87-b6647f4e0e2c 161dcb38305742789c9e4099c59a60d3 3dbb2d5be3b84a8cad4bc207b3c4352a - - default default] Unable to schedule network 019def99-ed41-461f-bffc-43d86f07e8f5: no agents available; will retry on subsequent port and subnet creation events.
2026-05-11 02:06:27.273 10 INFO neutron.db.ovn_revision_numbers_db [None req-34bbd813-e521-4ada-bb87-b6647f4e0e2c 161dcb38305742789c9e4099c59a60d3 3dbb2d5be3b84a8cad4bc207b3c4352a - - default default] Successfully bumped revision number for resource 871e5320-f999-4997-a997-5ed4e0701c5e (type: ports) to 2
2026-05-11 02:06:27.307 10 INFO neutron.db.ovn_revision_numbers_db [None req-34bbd813-e521-4ada-bb87-b6647f4e0e2c 161dcb38305742789c9e4099c59a60d3 3dbb2d5be3b84a8cad4bc207b3c4352a - - default default] Successfully bumped revision number for resource 0967c114-7497-40bc-8c13-a2699dcabe39 (type: subnets) to 0
2026-05-11 02:06:27.324 10 INFO neutron.wsgi [None req-34bbd813-e521-4ada-bb87-b6647f4e0e2c 161dcb38305742789c9e4099c59a60d3 3dbb2d5be3b84a8cad4bc207b3c4352a - - default default] 10.0.0.96 "POST /v2.0/subnets HTTP/1.1" status: 201 len: 830 time: 0.8479192
2026-05-11 02:06:27.657 9 WARNING neutron.scheduler.dhcp_agent_scheduler [None req-f34f74a1-f133-4f29-bb3f-54dfee3fce3d 161dcb38305742789c9e4099c59a60d3 3dbb2d5be3b84a8cad4bc207b3c4352a - - default default] No more DHCP agents
2026-05-11 02:06:27.659 9 WARNING neutron.api.rpc.agentnotifiers.dhcp_rpc_agent_api [None req-f34f74a1-f133-4f29-bb3f-54dfee3fce3d 161dcb38305742789c9e4099c59a60d3 3dbb2d5be3b84a8cad4bc207b3c4352a - - default default] Unable to schedule network 019def99-ed41-461f-bffc-43d86f07e8f5: no agents available; will retry on subsequent port and subnet creation events.
2026-05-11 02:06:27.696 9 INFO neutron.db.ovn_revision_numbers_db [None req-f34f74a1-f133-4f29-bb3f-54dfee3fce3d 161dcb38305742789c9e4099c59a60d3 3dbb2d5be3b84a8cad4bc207b3c4352a - - default default] Successfully bumped revision number for resource fbd3c49d-d0ff-4055-818f-421ec9f488e5 (type: subnets) to 0
2026-05-11 02:06:27.714 9 INFO neutron.wsgi [None req-f34f74a1-f133-4f29-bb3f-54dfee3fce3d 161dcb38305742789c9e4099c59a60d3 3dbb2d5be3b84a8cad4bc207b3c4352a - - default default] 10.0.0.96 "POST /v2.0/subnets HTTP/1.1" status: 201 len: 904 time: 0.3853729
2026-05-11 02:06:28.185 9 WARNING neutron.scheduler.dhcp_agent_scheduler [None req-48ce5be5-c2a8-4d2c-af08-2385d57d39a5 161dcb38305742789c9e4099c59a60d3 3dbb2d5be3b84a8cad4bc207b3c4352a - - default default] No more DHCP agents
2026-05-11 02:06:28.188 9 WARNING neutron.api.rpc.agentnotifiers.dhcp_rpc_agent_api [None req-48ce5be5-c2a8-4d2c-af08-2385d57d39a5 161dcb38305742789c9e4099c59a60d3 3dbb2d5be3b84a8cad4bc207b3c4352a - - default default] Unable to schedule network ff242978-c630-477a-8591-8f3e9d7d41ce: no agents available; will retry on subsequent port and subnet creation events.
2026-05-11 02:06:28.347 9 INFO neutron.db.ovn_revision_numbers_db [None req-48ce5be5-c2a8-4d2c-af08-2385d57d39a5 161dcb38305742789c9e4099c59a60d3 3dbb2d5be3b84a8cad4bc207b3c4352a - - default default] Successfully bumped revision number for resource 3a306659-5788-4d9e-b74b-a409ea1fb32c (type: ports) to 1
2026-05-11 02:06:29.218 10 INFO neutron.plugins.ml2.drivers.ovn.mech_driver.mech_driver [None req-bf330d73-d748-4cf8-baff-df318e4b0fae - - - - - -] OVN reports status up for port: 3a306659-5788-4d9e-b74b-a409ea1fb32c
2026-05-11 02:06:29.230 10 INFO neutron.plugins.ml2.plugin [None req-bf330d73-d748-4cf8-baff-df318e4b0fae - - - - - -] Attempt 1 to provision port 3a306659-5788-4d9e-b74b-a409ea1fb32c
2026-05-11 02:06:29.238 9 INFO neutron.plugins.ml2.drivers.ovn.mech_driver.ovsdb.ovsdb_monitor [None req-d3b99b26-6804-494a-996a-49b8282b2332 - - - - - -] Router 8640910a-43ce-4570-9b66-a7731e90679a is bound to host instance
2026-05-11 02:06:29.261 9 INFO neutron.db.ovn_revision_numbers_db [None req-48ce5be5-c2a8-4d2c-af08-2385d57d39a5 161dcb38305742789c9e4099c59a60d3 3dbb2d5be3b84a8cad4bc207b3c4352a - - default default] Successfully bumped revision number for resource 3a306659-5788-4d9e-b74b-a409ea1fb32c (type: router_ports) to 1
2026-05-11 02:06:29.353 9 INFO neutron.db.ovn_revision_numbers_db [None req-48ce5be5-c2a8-4d2c-af08-2385d57d39a5 161dcb38305742789c9e4099c59a60d3 3dbb2d5be3b84a8cad4bc207b3c4352a - - default default] Successfully bumped revision number for resource 8640910a-43ce-4570-9b66-a7731e90679a (type: routers) to 2
2026-05-11 02:06:29.372 9 INFO neutron.wsgi [None req-48ce5be5-c2a8-4d2c-af08-2385d57d39a5 161dcb38305742789c9e4099c59a60d3 3dbb2d5be3b84a8cad4bc207b3c4352a - - default default] 10.0.0.96 "POST /v2.0/routers HTTP/1.1" status: 201 len: 864 time: 1.6526804
2026-05-11 02:06:29.936 9 INFO neutron.db.ovn_revision_numbers_db [None req-d3b99b26-6804-494a-996a-49b8282b2332 - - - - - -] Successfully bumped revision number for resource 3a306659-5788-4d9e-b74b-a409ea1fb32c (type: ports) to 1
2026-05-11 02:06:30.032 9 WARNING neutron.scheduler.dhcp_agent_scheduler [None req-1a7e6ce6-d07e-4d01-ab0c-86fff95cc083 161dcb38305742789c9e4099c59a60d3 3dbb2d5be3b84a8cad4bc207b3c4352a - - default default] No more DHCP agents
2026-05-11 02:06:30.036 9 WARNING neutron.api.rpc.agentnotifiers.dhcp_rpc_agent_api [None req-1a7e6ce6-d07e-4d01-ab0c-86fff95cc083 161dcb38305742789c9e4099c59a60d3 3dbb2d5be3b84a8cad4bc207b3c4352a - - default default] Unable to schedule network 2f03e8b8-170e-49a3-b489-41d725a66a71: no agents available; will retry on subsequent port and subnet creation events.
2026-05-11 02:06:30.279 9 INFO neutron.db.ovn_revision_numbers_db [None req-1a7e6ce6-d07e-4d01-ab0c-86fff95cc083 161dcb38305742789c9e4099c59a60d3 3dbb2d5be3b84a8cad4bc207b3c4352a - - default default] Successfully bumped revision number for resource 480d8b9a-1f34-49f4-b677-e76c4ae9cacb (type: ports) to 1
2026-05-11 02:06:30.288 9 INFO neutron.db.ovn_revision_numbers_db [None req-d3b99b26-6804-494a-996a-49b8282b2332 - - - - - -] Successfully bumped revision number for resource 3a306659-5788-4d9e-b74b-a409ea1fb32c (type: router_ports) to 3
2026-05-11 02:06:30.489 9 INFO neutron.db.ovn_revision_numbers_db [None req-d3b99b26-6804-494a-996a-49b8282b2332 - - - - - -] Successfully bumped revision number for resource 3a306659-5788-4d9e-b74b-a409ea1fb32c (type: ports) to 2
2026-05-11 02:06:31.117 9 INFO neutron.db.ovn_revision_numbers_db [None req-d3b99b26-6804-494a-996a-49b8282b2332 - - - - - -] Successfully bumped revision number for resource 3a306659-5788-4d9e-b74b-a409ea1fb32c (type: ports) to 4
2026-05-11 02:06:31.152 9 INFO neutron.plugins.ml2.drivers.ovn.mech_driver.mech_driver [None req-d7fd741a-a85c-4092-858e-c1902e487ad4 - - - - - -] OVN reports status up for port: 480d8b9a-1f34-49f4-b677-e76c4ae9cacb
2026-05-11 02:06:31.167 9 INFO neutron.plugins.ml2.plugin [None req-d7fd741a-a85c-4092-858e-c1902e487ad4 - - - - - -] Attempt 1 to provision port 480d8b9a-1f34-49f4-b677-e76c4ae9cacb
2026-05-11 02:06:31.199 9 INFO neutron.db.ovn_revision_numbers_db [None req-1a7e6ce6-d07e-4d01-ab0c-86fff95cc083 161dcb38305742789c9e4099c59a60d3 3dbb2d5be3b84a8cad4bc207b3c4352a - - default default] Successfully bumped revision number for resource 480d8b9a-1f34-49f4-b677-e76c4ae9cacb (type: router_ports) to 1
2026-05-11 02:06:31.525 9 INFO neutron.db.ovn_revision_numbers_db [None req-1a7e6ce6-d07e-4d01-ab0c-86fff95cc083 161dcb38305742789c9e4099c59a60d3 3dbb2d5be3b84a8cad4bc207b3c4352a - - default default] Successfully bumped revision number for resource 480d8b9a-1f34-49f4-b677-e76c4ae9cacb (type: ports) to 1
2026-05-11 02:06:31.599 9 INFO neutron.db.ovn_revision_numbers_db [None req-d3b99b26-6804-494a-996a-49b8282b2332 - - - - - -] Successfully bumped revision number for resource 3a306659-5788-4d9e-b74b-a409ea1fb32c (type: router_ports) to 4
2026-05-11 02:06:31.652 9 WARNING neutron.scheduler.dhcp_agent_scheduler [None req-1a7e6ce6-d07e-4d01-ab0c-86fff95cc083 161dcb38305742789c9e4099c59a60d3 3dbb2d5be3b84a8cad4bc207b3c4352a - - default default] No more DHCP agents
2026-05-11 02:06:31.657 9 WARNING neutron.api.rpc.agentnotifiers.dhcp_rpc_agent_api [None req-1a7e6ce6-d07e-4d01-ab0c-86fff95cc083 161dcb38305742789c9e4099c59a60d3 3dbb2d5be3b84a8cad4bc207b3c4352a - - default default] Unable to schedule network 2f03e8b8-170e-49a3-b489-41d725a66a71: no agents available; will retry on subsequent port and subnet creation events.
2026-05-11 02:06:31.746 9 INFO neutron.db.ovn_revision_numbers_db [None req-d7fd741a-a85c-4092-858e-c1902e487ad4 - - - - - -] Successfully bumped revision number for resource 480d8b9a-1f34-49f4-b677-e76c4ae9cacb (type: ports) to 2
2026-05-11 02:06:31.909 9 INFO neutron.db.ovn_revision_numbers_db [None req-d7fd741a-a85c-4092-858e-c1902e487ad4 - - - - - -] Successfully bumped revision number for resource 480d8b9a-1f34-49f4-b677-e76c4ae9cacb (type: router_ports) to 2
2026-05-11 02:06:32.061 9 INFO neutron.db.ovn_revision_numbers_db [None req-1a7e6ce6-d07e-4d01-ab0c-86fff95cc083 161dcb38305742789c9e4099c59a60d3 3dbb2d5be3b84a8cad4bc207b3c4352a - - default default] Successfully bumped revision number for resource 480d8b9a-1f34-49f4-b677-e76c4ae9cacb (type: router_ports) to 2
2026-05-11 02:06:32.064 9 INFO neutron.wsgi [None req-1a7e6ce6-d07e-4d01-ab0c-86fff95cc083 161dcb38305742789c9e4099c59a60d3 3dbb2d5be3b84a8cad4bc207b3c4352a - - default default] 10.0.0.96 "PUT /v2.0/routers/8640910a-43ce-4570-9b66-a7731e90679a/add_router_interface HTTP/1.1" status: 200 len: 503 time: 2.6859906
2026-05-11 02:06:32.597 9 WARNING neutron.scheduler.dhcp_agent_scheduler [None req-0dcf95d8-630e-43ce-9021-15d60f3d635b 161dcb38305742789c9e4099c59a60d3 3dbb2d5be3b84a8cad4bc207b3c4352a - - default default] No more DHCP agents
2026-05-11 02:06:32.599 9 WARNING neutron.api.rpc.agentnotifiers.dhcp_rpc_agent_api [None req-0dcf95d8-630e-43ce-9021-15d60f3d635b 161dcb38305742789c9e4099c59a60d3 3dbb2d5be3b84a8cad4bc207b3c4352a - - default default] Unable to schedule network c9e6de07-eb42-4d38-bb4b-4a2cdca0d18f: no agents available; will retry on subsequent port and subnet creation events.
2026-05-11 02:06:32.763 9 INFO neutron.db.ovn_revision_numbers_db [None req-0dcf95d8-630e-43ce-9021-15d60f3d635b 161dcb38305742789c9e4099c59a60d3 3dbb2d5be3b84a8cad4bc207b3c4352a - - default default] Successfully bumped revision number for resource 68647621-d418-403f-97c7-940e358420b2 (type: ports) to 1
2026-05-11 02:06:32.959 10 INFO neutron.wsgi [req-d508b505-6fd6-492f-afbd-615d9dfd51f9 req-d1e3dcf8-f5a6-49c7-af00-6f376f83bec9 55f991a7fc184b8aa8a45640e88358c5 e372edc487564543ba6003396eb8f5e9 - - 001184f3b1ca4d748842f4ce7543235f 001184f3b1ca4d748842f4ce7543235f] 10.0.0.207 "GET /v2.0/ports?device_id=e2522d82-c550-4707-9074-a58bd467137f HTTP/1.1" status: 200 len: 1409 time: 0.0313036
2026-05-11 02:06:33.001 10 INFO neutron.wsgi [req-d508b505-6fd6-492f-afbd-615d9dfd51f9 req-09cf3554-4916-47ea-9f63-0f6cd6181b99 55f991a7fc184b8aa8a45640e88358c5 e372edc487564543ba6003396eb8f5e9 - - 001184f3b1ca4d748842f4ce7543235f 001184f3b1ca4d748842f4ce7543235f] 10.0.0.207 "GET /v2.0/security-groups?id=e4035c75-a841-45ec-8776-ac82a77c9e5a&fields=id&fields=name HTTP/1.1" status: 200 len: 313 time: 0.0370533
2026-05-11 02:06:33.333 10 INFO neutron.plugins.ml2.drivers.ovn.mech_driver.mech_driver [None req-bf330d73-d748-4cf8-baff-df318e4b0fae - - - - - -] OVN reports status up for port: 68647621-d418-403f-97c7-940e358420b2
2026-05-11 02:06:33.339 10 INFO neutron.plugins.ml2.plugin [None req-bf330d73-d748-4cf8-baff-df318e4b0fae - - - - - -] Attempt 1 to provision port 68647621-d418-403f-97c7-940e358420b2
2026-05-11 02:06:33.350 9 INFO neutron.db.ovn_revision_numbers_db [None req-0dcf95d8-630e-43ce-9021-15d60f3d635b 161dcb38305742789c9e4099c59a60d3 3dbb2d5be3b84a8cad4bc207b3c4352a - - default default] Successfully bumped revision number for resource 68647621-d418-403f-97c7-940e358420b2 (type: router_ports) to 1
2026-05-11 02:06:33.528 9 INFO neutron.db.ovn_revision_numbers_db [None req-0dcf95d8-630e-43ce-9021-15d60f3d635b 161dcb38305742789c9e4099c59a60d3 3dbb2d5be3b84a8cad4bc207b3c4352a - - default default] Successfully bumped revision number for resource 68647621-d418-403f-97c7-940e358420b2 (type: ports) to 1
2026-05-11 02:06:33.601 10 INFO neutron.db.ovn_revision_numbers_db [None req-bf330d73-d748-4cf8-baff-df318e4b0fae - - - - - -] Successfully bumped revision number for resource 68647621-d418-403f-97c7-940e358420b2 (type: ports) to 2
2026-05-11 02:06:33.603 9 WARNING neutron.scheduler.dhcp_agent_scheduler [None req-0dcf95d8-630e-43ce-9021-15d60f3d635b 161dcb38305742789c9e4099c59a60d3 3dbb2d5be3b84a8cad4bc207b3c4352a - - default default] No more DHCP agents
2026-05-11 02:06:33.605 9 WARNING neutron.api.rpc.agentnotifiers.dhcp_rpc_agent_api [None req-0dcf95d8-630e-43ce-9021-15d60f3d635b 161dcb38305742789c9e4099c59a60d3 3dbb2d5be3b84a8cad4bc207b3c4352a - - default default] Unable to schedule network c9e6de07-eb42-4d38-bb4b-4a2cdca0d18f: no agents available; will retry on subsequent port and subnet creation events.
2026-05-11 02:06:33.728 10 INFO neutron.db.ovn_revision_numbers_db [None req-bf330d73-d748-4cf8-baff-df318e4b0fae - - - - - -] Successfully bumped revision number for resource 68647621-d418-403f-97c7-940e358420b2 (type: router_ports) to 2
2026-05-11 02:06:33.937 9 INFO neutron.db.ovn_revision_numbers_db [None req-0dcf95d8-630e-43ce-9021-15d60f3d635b 161dcb38305742789c9e4099c59a60d3 3dbb2d5be3b84a8cad4bc207b3c4352a - - default default] Successfully bumped revision number for resource 68647621-d418-403f-97c7-940e358420b2 (type: router_ports) to 2
2026-05-11 02:06:33.939 9 INFO neutron.wsgi [None req-0dcf95d8-630e-43ce-9021-15d60f3d635b 161dcb38305742789c9e4099c59a60d3 3dbb2d5be3b84a8cad4bc207b3c4352a - - default default] 10.0.0.96 "PUT /v2.0/routers/8640910a-43ce-4570-9b66-a7731e90679a/add_router_interface HTTP/1.1" status: 200 len: 503 time: 1.8704863
2026-05-11 02:06:34.701 9 WARNING neutron.scheduler.dhcp_agent_scheduler [None req-9d327f5f-0df5-4fe2-903b-b56a8fdf440e 161dcb38305742789c9e4099c59a60d3 3dbb2d5be3b84a8cad4bc207b3c4352a - - default default] No more DHCP agents
2026-05-11 02:06:34.704 9 WARNING neutron.api.rpc.agentnotifiers.dhcp_rpc_agent_api [None req-9d327f5f-0df5-4fe2-903b-b56a8fdf440e 161dcb38305742789c9e4099c59a60d3 3dbb2d5be3b84a8cad4bc207b3c4352a - - default default] Unable to schedule network 019def99-ed41-461f-bffc-43d86f07e8f5: no agents available; will retry on subsequent port and subnet creation events.
2026-05-11 02:06:34.877 9 INFO neutron.db.ovn_revision_numbers_db [None req-9d327f5f-0df5-4fe2-903b-b56a8fdf440e 161dcb38305742789c9e4099c59a60d3 3dbb2d5be3b84a8cad4bc207b3c4352a - - default default] Successfully bumped revision number for resource 2a7b44c3-6b15-4ec0-9163-90b01718583e (type: ports) to 1
2026-05-11 02:06:35.189 10 INFO neutron.wsgi [req-1a594877-c49a-4240-8f51-ec61e9bfcc1a req-5cfbbd59-6e7c-46eb-8f42-246b5c0eb181 91630802f04e4551b24f95c62aca032b a9e80335556347c18bbe92a25942ef18 - - default default] 10.0.0.15 "GET /v2.0/ports?device_id=e2522d82-c550-4707-9074-a58bd467137f HTTP/1.1" status: 200 len: 1170 time: 0.1155539
2026-05-11 02:06:35.235 10 INFO neutron.wsgi [req-1a594877-c49a-4240-8f51-ec61e9bfcc1a req-a3f51e13-21f2-43ca-ae26-f85d2c37e96f 91630802f04e4551b24f95c62aca032b a9e80335556347c18bbe92a25942ef18 - - default default] 10.0.0.15 "GET /v2.0/security-groups?id=e4035c75-a841-45ec-8776-ac82a77c9e5a&fields=id&fields=name HTTP/1.1" status: 200 len: 313 time: 0.0402100
2026-05-11 02:06:35.514 9 INFO neutron.wsgi [req-3b0a41af-ba33-46f0-acec-39ba68ce6027 req-73d49ab2-8f5d-49e3-a332-42c799b23966 91630802f04e4551b24f95c62aca032b a9e80335556347c18bbe92a25942ef18 - - default default] 199.204.45.22 "GET /v2.0/ports?device_id=e2522d82-c550-4707-9074-a58bd467137f HTTP/1.1" status: 200 len: 1170 time: 0.1333885
2026-05-11 02:06:35.608 9 INFO neutron.db.ovn_revision_numbers_db [None req-9d327f5f-0df5-4fe2-903b-b56a8fdf440e 161dcb38305742789c9e4099c59a60d3 3dbb2d5be3b84a8cad4bc207b3c4352a - - default default] Successfully bumped revision number for resource 2a7b44c3-6b15-4ec0-9163-90b01718583e (type: router_ports) to 1
2026-05-11 02:06:35.845 9 INFO neutron.db.ovn_revision_numbers_db [None req-9d327f5f-0df5-4fe2-903b-b56a8fdf440e 161dcb38305742789c9e4099c59a60d3 3dbb2d5be3b84a8cad4bc207b3c4352a - - default default] Successfully bumped revision number for resource 2a7b44c3-6b15-4ec0-9163-90b01718583e (type: ports) to 1
2026-05-11 02:06:35.913 9 INFO neutron.db.l3_db [req-3b0a41af-ba33-46f0-acec-39ba68ce6027 req-3cf98f5a-e894-47f2-ae0a-59a31a6c314d 91630802f04e4551b24f95c62aca032b a9e80335556347c18bbe92a25942ef18 - - default default] Floating IP 75d5c9f3-9acb-4752-a801-cf3c6e79ba7c disassociated. External IP: 10.96.250.211, port: 67230476-265d-4e1f-bec6-4a746f0ffb3e.
2026-05-11 02:06:35.967 9 WARNING neutron.scheduler.dhcp_agent_scheduler [None req-9d327f5f-0df5-4fe2-903b-b56a8fdf440e 161dcb38305742789c9e4099c59a60d3 3dbb2d5be3b84a8cad4bc207b3c4352a - - default default] No more DHCP agents
2026-05-11 02:06:35.969 9 WARNING neutron.api.rpc.agentnotifiers.dhcp_rpc_agent_api [None req-9d327f5f-0df5-4fe2-903b-b56a8fdf440e 161dcb38305742789c9e4099c59a60d3 3dbb2d5be3b84a8cad4bc207b3c4352a - - default default] Unable to schedule network 019def99-ed41-461f-bffc-43d86f07e8f5: no agents available; will retry on subsequent port and subnet creation events.
2026-05-11 02:06:36.132 9 INFO neutron.wsgi [req-3b0a41af-ba33-46f0-acec-39ba68ce6027 req-3cf98f5a-e894-47f2-ae0a-59a31a6c314d 91630802f04e4551b24f95c62aca032b a9e80335556347c18bbe92a25942ef18 - - default default] 199.204.45.22 "DELETE /v2.0/ports/67230476-265d-4e1f-bec6-4a746f0ffb3e HTTP/1.1" status: 204 len: 173 time: 0.6134565
2026-05-11 02:06:36.171 9 INFO neutron.notifiers.nova [-] Nova event matching ['req-ec690a50-ee66-4839-991e-65960150edc8'] response: {'server_uuid': 'e2522d82-c550-4707-9074-a58bd467137f', 'name': 'network-vif-deleted', 'tag': '67230476-265d-4e1f-bec6-4a746f0ffb3e', 'status': 'completed', 'code': 200}
2026-05-11 02:06:36.341 9 INFO neutron.db.ovn_revision_numbers_db [None req-9d327f5f-0df5-4fe2-903b-b56a8fdf440e 161dcb38305742789c9e4099c59a60d3 3dbb2d5be3b84a8cad4bc207b3c4352a - - default default] Successfully bumped revision number for resource 2a7b44c3-6b15-4ec0-9163-90b01718583e (type: router_ports) to 1
2026-05-11 02:06:36.343 10 INFO neutron.wsgi [req-788b02b3-3503-43fc-8b7a-84e4db072614 req-185b8125-b47e-4cf5-9497-4947404a6b59 91630802f04e4551b24f95c62aca032b a9e80335556347c18bbe92a25942ef18 - - default default] 10.0.0.15 "GET /v2.0/ports?device_id=e2522d82-c550-4707-9074-a58bd467137f HTTP/1.1" status: 200 len: 210 time: 0.0305471
2026-05-11 02:06:36.346 9 INFO neutron.wsgi [None req-9d327f5f-0df5-4fe2-903b-b56a8fdf440e 161dcb38305742789c9e4099c59a60d3 3dbb2d5be3b84a8cad4bc207b3c4352a - - default default] 10.0.0.96 "PUT /v2.0/routers/8640910a-43ce-4570-9b66-a7731e90679a/add_router_interface HTTP/1.1" status: 200 len: 503 time: 2.4016623
2026-05-11 02:06:36.512 9 INFO neutron.db.ovn_revision_numbers_db [None req-160d51f3-9732-4722-b3a8-ff97bdd0fda7 161dcb38305742789c9e4099c59a60d3 3dbb2d5be3b84a8cad4bc207b3c4352a - - default default] Successfully bumped revision number for resource 82199aa6-72f1-4afa-b91a-aedf04b968f5 (type: security_groups) to 1
2026-05-11 02:06:36.527 9 INFO neutron.db.ovn_revision_numbers_db [None req-160d51f3-9732-4722-b3a8-ff97bdd0fda7 161dcb38305742789c9e4099c59a60d3 3dbb2d5be3b84a8cad4bc207b3c4352a - - default default] Successfully bumped revision number for resource 264b50a8-df3b-40bd-8ce0-f08a9832c231 (type: security_group_rules) to 0
2026-05-11 02:06:36.540 9 INFO neutron.db.ovn_revision_numbers_db [None req-160d51f3-9732-4722-b3a8-ff97bdd0fda7 161dcb38305742789c9e4099c59a60d3 3dbb2d5be3b84a8cad4bc207b3c4352a - - default default] Successfully bumped revision number for resource aa132bb3-a472-4370-9fdb-23aacad34c34 (type: security_group_rules) to 0
2026-05-11 02:06:36.560 9 INFO neutron.wsgi [None req-160d51f3-9732-4722-b3a8-ff97bdd0fda7 161dcb38305742789c9e4099c59a60d3 3dbb2d5be3b84a8cad4bc207b3c4352a - - default default] 10.0.0.96 "POST /v2.0/security-groups HTTP/1.1" status: 201 len: 1765 time: 0.1617048
2026-05-11 02:06:36.675 10 INFO neutron.db.ovn_revision_numbers_db [None req-7da6d0cd-e291-4091-9c4b-9b524df0392d 161dcb38305742789c9e4099c59a60d3 3dbb2d5be3b84a8cad4bc207b3c4352a - - default default] Successfully bumped revision number for resource c740a3b5-f77d-4a3d-964a-262bc695dae5 (type: security_group_rules) to 0
2026-05-11 02:06:36.705 10 INFO neutron.wsgi [None req-7da6d0cd-e291-4091-9c4b-9b524df0392d 161dcb38305742789c9e4099c59a60d3 3dbb2d5be3b84a8cad4bc207b3c4352a - - default default] 10.0.0.96 "POST /v2.0/security-group-rules HTTP/1.1" status: 201 len: 764 time: 0.1388111
2026-05-11 02:06:36.832 10 INFO neutron.db.ovn_revision_numbers_db [None req-ed7f3efd-680e-41d5-82ac-4df69a0d33ed 161dcb38305742789c9e4099c59a60d3 3dbb2d5be3b84a8cad4bc207b3c4352a - - default default] Successfully bumped revision number for resource 8cea7a8e-c235-45b4-b9c8-f99b77fa96d8 (type: security_group_rules) to 0
2026-05-11 02:06:36.855 10 INFO neutron.wsgi [None req-ed7f3efd-680e-41d5-82ac-4df69a0d33ed 161dcb38305742789c9e4099c59a60d3 3dbb2d5be3b84a8cad4bc207b3c4352a - - default default] 10.0.0.96 "POST /v2.0/security-group-rules HTTP/1.1" status: 201 len: 764 time: 0.1453485
2026-05-11 02:06:36.960 10 INFO neutron.db.ovn_revision_numbers_db [None req-195cc803-603b-4fa4-ab92-7b6760fcc697 161dcb38305742789c9e4099c59a60d3 3dbb2d5be3b84a8cad4bc207b3c4352a - - default default] Successfully bumped revision number for resource 93ec5be5-7817-46b3-8410-91fb36299f0a (type: security_group_rules) to 0
2026-05-11 02:06:36.980 10 INFO neutron.wsgi [None req-195cc803-603b-4fa4-ab92-7b6760fcc697 161dcb38305742789c9e4099c59a60d3 3dbb2d5be3b84a8cad4bc207b3c4352a - - default default] 10.0.0.96 "POST /v2.0/security-group-rules HTTP/1.1" status: 201 len: 766 time: 0.1197047
2026-05-11 02:06:37.097 10 INFO neutron.db.ovn_revision_numbers_db [None req-5c711ac5-639c-4579-90b2-c5e5efb4da54 161dcb38305742789c9e4099c59a60d3 3dbb2d5be3b84a8cad4bc207b3c4352a - - default default] Successfully bumped revision number for resource e14d11e4-dd9a-4ab1-868a-de144ead32d7 (type: security_group_rules) to 0
2026-05-11 02:06:37.124 10 INFO neutron.wsgi [None req-5c711ac5-639c-4579-90b2-c5e5efb4da54 161dcb38305742789c9e4099c59a60d3 3dbb2d5be3b84a8cad4bc207b3c4352a - - default default] 10.0.0.96 "POST /v2.0/security-group-rules HTTP/1.1" status: 201 len: 768 time: 0.1382637
2026-05-11 02:06:37.182 9 WARNING neutron.plugins.ml2.drivers.ovn.mech_driver.ovsdb.ovn_client [None req-d7fd741a-a85c-4092-858e-c1902e487ad4 - - - - - -] No hosting information found for port 480d8b9a-1f34-49f4-b677-e76c4ae9cacb: RuntimeError: No hosting information found for port 480d8b9a-1f34-49f4-b677-e76c4ae9cacb
2026-05-11 02:06:37.245 10 INFO neutron.db.ovn_revision_numbers_db [None req-9560175d-40cf-43aa-b31f-3d67643b2e65 161dcb38305742789c9e4099c59a60d3 3dbb2d5be3b84a8cad4bc207b3c4352a - - default default] Successfully bumped revision number for resource 79d8ac04-0472-44db-8c52-4a7e86477018 (type: security_group_rules) to 0
2026-05-11 02:06:37.270 10 INFO neutron.wsgi [None req-9560175d-40cf-43aa-b31f-3d67643b2e65 161dcb38305742789c9e4099c59a60d3 3dbb2d5be3b84a8cad4bc207b3c4352a - - default default] 10.0.0.96 "POST /v2.0/security-group-rules HTTP/1.1" status: 201 len: 768 time: 0.1430082
2026-05-11 02:06:37.420 10 INFO neutron.db.ovn_revision_numbers_db [None req-9984359e-b5bd-4f48-acf9-e56ad367e6c4 161dcb38305742789c9e4099c59a60d3 3dbb2d5be3b84a8cad4bc207b3c4352a - - default default] Successfully bumped revision number for resource 126d51aa-259c-4ab6-993b-4ec907583b2e (type: security_group_rules) to 0
2026-05-11 02:06:37.455 10 INFO neutron.wsgi [None req-9984359e-b5bd-4f48-acf9-e56ad367e6c4 161dcb38305742789c9e4099c59a60d3 3dbb2d5be3b84a8cad4bc207b3c4352a - - default default] 10.0.0.96 "POST /v2.0/security-group-rules HTTP/1.1" status: 201 len: 764 time: 0.1791353
2026-05-11 02:06:37.582 10 INFO neutron.wsgi [None req-2252727e-da82-4533-9bbc-facc7d8dfd38 91630802f04e4551b24f95c62aca032b a9e80335556347c18bbe92a25942ef18 - - default default] 10.0.0.96 "DELETE /v2.0/security-groups/e4035c75-a841-45ec-8776-ac82a77c9e5a HTTP/1.1" status: 204 len: 168 time: 0.1779633
2026-05-11 02:06:37.601 10 INFO neutron.db.ovn_revision_numbers_db [None req-edd53433-ab6d-442d-b81a-c8a7e1689f51 161dcb38305742789c9e4099c59a60d3 3dbb2d5be3b84a8cad4bc207b3c4352a - - default default] Successfully bumped revision number for resource 7f7f24f7-d907-488f-af43-e8f74fba2280 (type: security_group_rules) to 0 /var/lib/openstack/lib/python3.10/site-packages/pycadf/identifier.py:71: UserWarning: Invalid uuid: neutron. To ensure interoperability, identifiers should be a valid uuid. warnings.warn(('Invalid uuid: %s. To ensure interoperability, '
2026-05-11 02:06:37.624 10 INFO neutron.wsgi [None req-edd53433-ab6d-442d-b81a-c8a7e1689f51 161dcb38305742789c9e4099c59a60d3 3dbb2d5be3b84a8cad4bc207b3c4352a - - default default] 10.0.0.96 "POST /v2.0/security-group-rules HTTP/1.1" status: 201 len: 764 time: 0.1637428
2026-05-11 02:06:37.778 10 INFO neutron.db.ovn_revision_numbers_db [None req-90fc4d52-9260-4a58-9220-cb2790292a8b 161dcb38305742789c9e4099c59a60d3 3dbb2d5be3b84a8cad4bc207b3c4352a - - default default] Successfully bumped revision number for resource 43dc7cc5-3692-4d79-a504-f876f3c7db43 (type: security_group_rules) to 0
2026-05-11 02:06:37.799 10 INFO neutron.wsgi [None req-90fc4d52-9260-4a58-9220-cb2790292a8b 161dcb38305742789c9e4099c59a60d3 3dbb2d5be3b84a8cad4bc207b3c4352a - - default default] 10.0.0.96 "POST /v2.0/security-group-rules HTTP/1.1" status: 201 len: 764 time: 0.1700034
2026-05-11 02:06:37.921 10 INFO neutron.db.ovn_revision_numbers_db [None req-bffb1256-1a05-4eae-a457-645bb26686f0 161dcb38305742789c9e4099c59a60d3 3dbb2d5be3b84a8cad4bc207b3c4352a - - default default] Successfully bumped revision number for resource b8605979-cd65-492a-8e6b-fc48ba7ae1c1 (type: security_group_rules) to 0
2026-05-11 02:06:37.949 10 INFO neutron.wsgi [None req-bffb1256-1a05-4eae-a457-645bb26686f0 161dcb38305742789c9e4099c59a60d3 3dbb2d5be3b84a8cad4bc207b3c4352a - - default default] 10.0.0.96 "POST /v2.0/security-group-rules HTTP/1.1" status: 201 len: 766 time: 0.1434779
2026-05-11 02:06:37.977 9 INFO neutron.wsgi [None req-c9e5013f-afcf-4ea8-b365-8293d0294901 91630802f04e4551b24f95c62aca032b a9e80335556347c18bbe92a25942ef18 - - default default] 10.0.0.96 "DELETE /v2.0/floatingips/75d5c9f3-9acb-4752-a801-cf3c6e79ba7c HTTP/1.1" status: 204 len: 168 time: 0.3618791
2026-05-11 02:06:38.095 10 INFO neutron.db.ovn_revision_numbers_db [None req-6a35f1be-ebaf-49f2-9308-0df95e0223bc 161dcb38305742789c9e4099c59a60d3 3dbb2d5be3b84a8cad4bc207b3c4352a - - default default] Successfully bumped revision number for resource 10860add-002b-42c2-92d4-eac8d32b5615 (type: security_group_rules) to 0
2026-05-11 02:06:38.121 10 INFO neutron.wsgi [None req-6a35f1be-ebaf-49f2-9308-0df95e0223bc 161dcb38305742789c9e4099c59a60d3 3dbb2d5be3b84a8cad4bc207b3c4352a - - default default] 10.0.0.96 "POST /v2.0/security-group-rules HTTP/1.1" status: 201 len: 768 time: 0.1674962
2026-05-11 02:06:38.146 9 INFO neutron.wsgi [req-f350a5a1-d60c-453c-b788-65203f671bdf req-249b914b-76e3-479a-b640-093b9979c7b0 91630802f04e4551b24f95c62aca032b a9e80335556347c18bbe92a25942ef18 - - default default] 10.0.0.15 "GET /v2.0/ports?device_id=09e76ee3-f3e8-476e-b1ee-739018bf3630 HTTP/1.1" status: 200 len: 1174 time: 0.0327897
2026-05-11 02:06:38.202 9 INFO neutron.wsgi [req-f350a5a1-d60c-453c-b788-65203f671bdf req-3ba9bb4f-f0c6-425b-8212-4e7f2af58fa3 91630802f04e4551b24f95c62aca032b a9e80335556347c18bbe92a25942ef18 - - default default] 10.0.0.15 "GET /v2.0/security-groups?id=9b68264c-c4e0-4576-bc70-a426e5d55c77&fields=id&fields=name HTTP/1.1" status: 200 len: 313 time: 0.0481758
2026-05-11 02:06:38.289 10 INFO neutron.db.ovn_revision_numbers_db [None req-b2cceb18-890f-4bc6-9d19-5042b2c8594e 161dcb38305742789c9e4099c59a60d3 3dbb2d5be3b84a8cad4bc207b3c4352a - - default default] Successfully bumped revision number for resource 90b742a8-2f38-49ed-a81c-985498b0d1da (type: security_group_rules) to 0
2026-05-11 02:06:38.308 10 INFO neutron.wsgi [-] 10.0.0.133 "GET / HTTP/1.1" status: 200 len: 246 time: 0.0012548
2026-05-11 02:06:38.311 9 INFO neutron.wsgi [-] 10.0.0.133 "GET / HTTP/1.1" status: 200 len: 246 time: 0.0032444
2026-05-11 02:06:38.319 10 INFO neutron.wsgi [None req-b2cceb18-890f-4bc6-9d19-5042b2c8594e 161dcb38305742789c9e4099c59a60d3 3dbb2d5be3b84a8cad4bc207b3c4352a - - default default] 10.0.0.96 "POST /v2.0/security-group-rules HTTP/1.1" status: 201 len: 764 time: 0.1943328
2026-05-11 02:06:38.559 9 INFO neutron.wsgi [req-c82ce118-aee7-4d02-8908-3379ccef1df9 req-1e1849ac-60ef-41b6-a432-f372bc0dcdf2 91630802f04e4551b24f95c62aca032b a9e80335556347c18bbe92a25942ef18 - - default default] 199.204.45.22 "GET /v2.0/ports?device_id=09e76ee3-f3e8-476e-b1ee-739018bf3630 HTTP/1.1" status: 200 len: 1174 time: 0.0415730
2026-05-11 02:06:38.577 10 INFO neutron.wsgi [req-152833cc-8eee-4524-976a-2d9ab2b620ee req-6340f49c-55a9-4874-85e0-d3f7a5fe6acf 161dcb38305742789c9e4099c59a60d3 3dbb2d5be3b84a8cad4bc207b3c4352a - - default default] 10.0.0.15 "GET /v2.0/security-groups?name=tempest-lb_member_SG-102484632&fields=id&tenant_id=3dbb2d5be3b84a8cad4bc207b3c4352a HTTP/1.1" status: 200 len: 267 time: 0.0386415
2026-05-11 02:06:38.691 10 INFO neutron.wsgi [req-152833cc-8eee-4524-976a-2d9ab2b620ee req-343f6701-d5c4-4913-a7ba-292c8f49a6fa 161dcb38305742789c9e4099c59a60d3 3dbb2d5be3b84a8cad4bc207b3c4352a - - default default] 10.0.0.15 "GET /v2.0/networks?id=c9e6de07-eb42-4d38-bb4b-4a2cdca0d18f HTTP/1.1" status: 200 len: 903 time: 0.1057882
2026-05-11 02:06:38.708 10 INFO neutron.wsgi [req-152833cc-8eee-4524-976a-2d9ab2b620ee req-3f83a06a-d173-4a29-90b6-7b4aca1283d4 161dcb38305742789c9e4099c59a60d3 3dbb2d5be3b84a8cad4bc207b3c4352a - - default default] 10.0.0.15 "GET /v2.0/quotas/3dbb2d5be3b84a8cad4bc207b3c4352a HTTP/1.1" status: 200 len: 386 time: 0.0096235
2026-05-11 02:06:38.845 9 INFO neutron.wsgi [req-c82ce118-aee7-4d02-8908-3379ccef1df9 req-80d0d9b5-2e5f-4027-9ff6-f869f06b8175 91630802f04e4551b24f95c62aca032b a9e80335556347c18bbe92a25942ef18 - - default default] 199.204.45.22 "DELETE /v2.0/ports/135bbdca-3c38-4837-9704-a45fe044c294 HTTP/1.1" status: 204 len: 173 time: 0.2801743
2026-05-11 02:06:38.888 9 INFO neutron.notifiers.nova [-] Nova event matching ['req-2b337ce2-29f0-4972-ab7d-3da67bd2e07f'] response: {'server_uuid': '09e76ee3-f3e8-476e-b1ee-739018bf3630', 'name': 'network-vif-deleted', 'tag': '135bbdca-3c38-4837-9704-a45fe044c294', 'status': 'completed', 'code': 200}
2026-05-11 02:06:38.898 10 WARNING neutron.plugins.ml2.drivers.ovn.mech_driver.ovsdb.ovn_client [None req-bf330d73-d748-4cf8-baff-df318e4b0fae - - - - - -] No hosting information found for port 68647621-d418-403f-97c7-940e358420b2: RuntimeError: No hosting information found for port 68647621-d418-403f-97c7-940e358420b2
2026-05-11 02:06:38.899 10 INFO neutron.plugins.ml2.drivers.ovn.mech_driver.mech_driver [None req-bf330d73-d748-4cf8-baff-df318e4b0fae - - - - - -] OVN reports status down for port: 67230476-265d-4e1f-bec6-4a746f0ffb3e
2026-05-11 02:06:38.917 10 INFO neutron.plugins.ml2.drivers.ovn.mech_driver.mech_driver [None req-bf330d73-d748-4cf8-baff-df318e4b0fae - - - - - -] OVN reports status up for port: 2a7b44c3-6b15-4ec0-9163-90b01718583e
2026-05-11 02:06:38.927 10 INFO neutron.plugins.ml2.plugin [None req-bf330d73-d748-4cf8-baff-df318e4b0fae - - - - - -] Attempt 1 to provision port 2a7b44c3-6b15-4ec0-9163-90b01718583e
2026-05-11 02:06:38.959 10 INFO neutron.wsgi [req-152833cc-8eee-4524-976a-2d9ab2b620ee req-1f4bc67a-20a3-428b-bdff-ab89669bad5b 161dcb38305742789c9e4099c59a60d3 3dbb2d5be3b84a8cad4bc207b3c4352a - - default default] 10.0.0.15 "GET /v2.0/ports?tenant_id=3dbb2d5be3b84a8cad4bc207b3c4352a&fields=id HTTP/1.1" status: 200 len: 486 time: 0.2427943
2026-05-11 02:06:39.043 10 INFO neutron.wsgi [req-152833cc-8eee-4524-976a-2d9ab2b620ee req-09364c25-4dc3-47ee-8b8a-199a23011374 55f991a7fc184b8aa8a45640e88358c5 e372edc487564543ba6003396eb8f5e9 - - 001184f3b1ca4d748842f4ce7543235f 001184f3b1ca4d748842f4ce7543235f] 10.0.0.15 "GET /v2.0/networks/c9e6de07-eb42-4d38-bb4b-4a2cdca0d18f?fields=segments HTTP/1.1" status: 200 len: 212 time: 0.0688739
2026-05-11 02:06:39.124 10 INFO neutron.wsgi [req-152833cc-8eee-4524-976a-2d9ab2b620ee req-2e94aad0-a939-43e8-84bf-5498c982f03d 55f991a7fc184b8aa8a45640e88358c5 e372edc487564543ba6003396eb8f5e9 - - 001184f3b1ca4d748842f4ce7543235f 001184f3b1ca4d748842f4ce7543235f] 10.0.0.15 "GET /v2.0/networks/c9e6de07-eb42-4d38-bb4b-4a2cdca0d18f?fields=provider%3Aphysical_network&fields=provider%3Anetwork_type HTTP/1.1" status: 200 len: 277 time: 0.0726674
2026-05-11 02:06:39.242 10 INFO neutron.db.ovn_revision_numbers_db [None req-bf330d73-d748-4cf8-baff-df318e4b0fae - - - - - -] Successfully bumped revision number for resource 2a7b44c3-6b15-4ec0-9163-90b01718583e (type: ports) to 2
2026-05-11 02:06:39.257 9 INFO neutron.wsgi [req-b640d155-02f3-4936-9f51-07b053e9f1d6 req-40f5dcee-be9d-4c0a-b3dd-a429c257b518 161dcb38305742789c9e4099c59a60d3 3dbb2d5be3b84a8cad4bc207b3c4352a - - default default] 10.0.0.15 "GET /v2.0/ports?device_id=1997404f-4d23-4aba-a586-ea436addd1f9 HTTP/1.1" status: 200 len: 210 time: 0.0213411
2026-05-11 02:06:39.350 10 INFO neutron.db.ovn_revision_numbers_db [None req-bf330d73-d748-4cf8-baff-df318e4b0fae - - - - - -] Successfully bumped revision number for resource 2a7b44c3-6b15-4ec0-9163-90b01718583e (type: router_ports) to 2
2026-05-11 02:06:39.401 9 INFO neutron.wsgi [None req-e920ed5a-6657-4d9f-92d1-434e27b1462d 91630802f04e4551b24f95c62aca032b a9e80335556347c18bbe92a25942ef18 - - default default] 10.0.0.96 "DELETE /v2.0/security-groups/9b68264c-c4e0-4576-bc70-a426e5d55c77 HTTP/1.1" status: 204 len: 168 time: 0.1337819
2026-05-11 02:06:39.982 9 INFO neutron.wsgi [req-152833cc-8eee-4524-976a-2d9ab2b620ee req-d0c57306-5669-47fc-9178-ecc385f39278 161dcb38305742789c9e4099c59a60d3 3dbb2d5be3b84a8cad4bc207b3c4352a - - default default] 199.204.45.22 "GET /v2.0/networks?id=c9e6de07-eb42-4d38-bb4b-4a2cdca0d18f HTTP/1.1" status: 200 len: 903 time: 0.0785437
2026-05-11 02:06:40.024 9 INFO neutron.wsgi [req-152833cc-8eee-4524-976a-2d9ab2b620ee req-f1c5f579-171c-483b-ad64-e6deafc45e23 161dcb38305742789c9e4099c59a60d3 3dbb2d5be3b84a8cad4bc207b3c4352a - - default default] 199.204.45.22 "GET /v2.0/security-groups?fields=id&fields=name&tenant_id=3dbb2d5be3b84a8cad4bc207b3c4352a HTTP/1.1" status: 200 len: 377 time: 0.0381143
2026-05-11 02:06:40.385 9 WARNING neutron.scheduler.dhcp_agent_scheduler [req-152833cc-8eee-4524-976a-2d9ab2b620ee req-ebb9d5a5-4f4f-4c67-a0b5-cf606010ce36 161dcb38305742789c9e4099c59a60d3 3dbb2d5be3b84a8cad4bc207b3c4352a - - default default] No more DHCP agents
2026-05-11 02:06:40.387 9 WARNING neutron.api.rpc.agentnotifiers.dhcp_rpc_agent_api [req-152833cc-8eee-4524-976a-2d9ab2b620ee req-ebb9d5a5-4f4f-4c67-a0b5-cf606010ce36 161dcb38305742789c9e4099c59a60d3 3dbb2d5be3b84a8cad4bc207b3c4352a - - default default] Unable to schedule network c9e6de07-eb42-4d38-bb4b-4a2cdca0d18f: no agents available; will retry on subsequent port and subnet creation events.
2026-05-11 02:06:40.506 10 INFO neutron.wsgi [None req-ead8634c-9f81-4de9-a4dc-584b01f618f6 91630802f04e4551b24f95c62aca032b a9e80335556347c18bbe92a25942ef18 - - default default] 10.0.0.96 "PUT /v2.0/routers/a7ff7766-bd31-4ef7-9523-454344a7d307/remove_router_interface HTTP/1.1" status: 200 len: 503 time: 1.0729802 /var/lib/openstack/lib/python3.10/site-packages/pycadf/identifier.py:71: UserWarning: Invalid uuid: neutron. To ensure interoperability, identifiers should be a valid uuid. warnings.warn(('Invalid uuid: %s. To ensure interoperability, '
2026-05-11 02:06:40.766 10 INFO neutron.wsgi [None req-69b67fac-254d-4c21-9221-0c9e92205505 91630802f04e4551b24f95c62aca032b a9e80335556347c18bbe92a25942ef18 - - default default] 10.0.0.96 "DELETE /v2.0/subnets/69ea0116-2820-44f6-ac93-e1ed12c692f3 HTTP/1.1" status: 204 len: 168 time: 0.2536955 /var/lib/openstack/lib/python3.10/site-packages/pycadf/identifier.py:71: UserWarning: Invalid uuid: neutron. To ensure interoperability, identifiers should be a valid uuid. warnings.warn(('Invalid uuid: %s. To ensure interoperability, '
2026-05-11 02:06:40.833 9 INFO neutron.db.ovn_revision_numbers_db [req-152833cc-8eee-4524-976a-2d9ab2b620ee req-ebb9d5a5-4f4f-4c67-a0b5-cf606010ce36 161dcb38305742789c9e4099c59a60d3 3dbb2d5be3b84a8cad4bc207b3c4352a - - default default] Successfully bumped revision number for resource 9fd75e56-3007-4fab-91ae-44b7dff9f761 (type: ports) to 1
2026-05-11 02:06:40.870 9 INFO neutron.wsgi [req-152833cc-8eee-4524-976a-2d9ab2b620ee req-ebb9d5a5-4f4f-4c67-a0b5-cf606010ce36 161dcb38305742789c9e4099c59a60d3 3dbb2d5be3b84a8cad4bc207b3c4352a - - default default] 199.204.45.22 "POST /v2.0/ports HTTP/1.1" status: 201 len: 1380 time: 0.8416216
2026-05-11 02:06:41.397 9 INFO neutron.db.ovn_revision_numbers_db [req-152833cc-8eee-4524-976a-2d9ab2b620ee req-a42d2602-3946-410b-935d-e5c88b4dfad7 55f991a7fc184b8aa8a45640e88358c5 e372edc487564543ba6003396eb8f5e9 - - 001184f3b1ca4d748842f4ce7543235f 001184f3b1ca4d748842f4ce7543235f] Successfully bumped revision number for resource 9fd75e56-3007-4fab-91ae-44b7dff9f761 (type: ports) to 2
2026-05-11 02:06:41.526 9 INFO neutron.wsgi [None req-a052d64a-1bf4-47d3-9c7c-b0c86c161db3 91630802f04e4551b24f95c62aca032b a9e80335556347c18bbe92a25942ef18 - - default default] 10.0.0.96 "DELETE /v2.0/routers/a7ff7766-bd31-4ef7-9523-454344a7d307 HTTP/1.1" status: 204 len: 168 time: 0.7551231 /var/lib/openstack/lib/python3.10/site-packages/pycadf/identifier.py:71: UserWarning: Invalid uuid: neutron. To ensure interoperability, identifiers should be a valid uuid. warnings.warn(('Invalid uuid: %s. To ensure interoperability, '
2026-05-11 02:06:41.706 9 INFO neutron.db.ovn_revision_numbers_db [req-152833cc-8eee-4524-976a-2d9ab2b620ee req-a42d2602-3946-410b-935d-e5c88b4dfad7 55f991a7fc184b8aa8a45640e88358c5 e372edc487564543ba6003396eb8f5e9 - - 001184f3b1ca4d748842f4ce7543235f 001184f3b1ca4d748842f4ce7543235f] Successfully bumped revision number for resource 9fd75e56-3007-4fab-91ae-44b7dff9f761 (type: ports) to 2
2026-05-11 02:06:41.724 9 INFO neutron.wsgi [req-152833cc-8eee-4524-976a-2d9ab2b620ee req-a42d2602-3946-410b-935d-e5c88b4dfad7 55f991a7fc184b8aa8a45640e88358c5 e372edc487564543ba6003396eb8f5e9 - - 001184f3b1ca4d748842f4ce7543235f 001184f3b1ca4d748842f4ce7543235f] 199.204.45.22 "PUT /v2.0/ports/9fd75e56-3007-4fab-91ae-44b7dff9f761 HTTP/1.1" status: 200 len: 1597 time: 0.8348854
2026-05-11 02:06:41.766 9 INFO neutron.notifiers.nova [-] Nova event matching ['req-60991fe7-470b-4306-ab10-4e8b073efe6c'] response: {'name': 'network-changed', 'server_uuid': '1997404f-4d23-4aba-a586-ea436addd1f9', 'tag': '9fd75e56-3007-4fab-91ae-44b7dff9f761', 'status': 'completed', 'code': 200} /var/lib/openstack/lib/python3.10/site-packages/pycadf/identifier.py:71: UserWarning: Invalid uuid: neutron. To ensure interoperability, identifiers should be a valid uuid. warnings.warn(('Invalid uuid: %s. To ensure interoperability, '
2026-05-11 02:06:41.794 9 INFO neutron.wsgi [req-152833cc-8eee-4524-976a-2d9ab2b620ee req-83f41f7c-65df-4862-9608-ef81a9b3c786 55f991a7fc184b8aa8a45640e88358c5 e372edc487564543ba6003396eb8f5e9 - - 001184f3b1ca4d748842f4ce7543235f 001184f3b1ca4d748842f4ce7543235f] 199.204.45.22 "GET /v2.0/ports?tenant_id=3dbb2d5be3b84a8cad4bc207b3c4352a&device_id=1997404f-4d23-4aba-a586-ea436addd1f9 HTTP/1.1" status: 200 len: 1628 time: 0.0298436
2026-05-11 02:06:41.838 9 INFO neutron.wsgi [req-152833cc-8eee-4524-976a-2d9ab2b620ee req-f970af06-5bf3-4575-94b9-7a156810d565 55f991a7fc184b8aa8a45640e88358c5 e372edc487564543ba6003396eb8f5e9 - - 001184f3b1ca4d748842f4ce7543235f 001184f3b1ca4d748842f4ce7543235f] 199.204.45.22 "GET /v2.0/floatingips?fixed_ip_address=10.2.1.19&port_id=9fd75e56-3007-4fab-91ae-44b7dff9f761 HTTP/1.1" status: 200 len: 217 time: 0.0286310
2026-05-11 02:06:41.879 9 INFO neutron.wsgi [req-152833cc-8eee-4524-976a-2d9ab2b620ee req-8255ac95-bbc3-4dd8-88f3-195ff04b94e6 55f991a7fc184b8aa8a45640e88358c5 e372edc487564543ba6003396eb8f5e9 - - 001184f3b1ca4d748842f4ce7543235f 001184f3b1ca4d748842f4ce7543235f] 199.204.45.22 "GET /v2.0/floatingips?fixed_ip_address=fd7b%3Af9f7%3Afff%3A4eca%3A%3Ae2&port_id=9fd75e56-3007-4fab-91ae-44b7dff9f761 HTTP/1.1" status: 200 len: 217 time: 0.0304668
2026-05-11 02:06:41.948 9 INFO neutron.wsgi [req-152833cc-8eee-4524-976a-2d9ab2b620ee req-33007345-1f79-4221-b7c3-52ab67f09a08 55f991a7fc184b8aa8a45640e88358c5 e372edc487564543ba6003396eb8f5e9 - - 001184f3b1ca4d748842f4ce7543235f 001184f3b1ca4d748842f4ce7543235f] 199.204.45.22 "GET /v2.0/subnets?id=d3b7b3bd-e37f-482c-832d-a610e2ca0b14&id=2580389c-e558-4eaa-935a-6224a0d78399 HTTP/1.1" status: 200 len: 1563 time: 0.0610764
2026-05-11 02:06:41.976 9 INFO neutron.wsgi [req-152833cc-8eee-4524-976a-2d9ab2b620ee req-672c1b5a-9610-489c-ab1f-208226fa2fe0 55f991a7fc184b8aa8a45640e88358c5 e372edc487564543ba6003396eb8f5e9 - - 001184f3b1ca4d748842f4ce7543235f 001184f3b1ca4d748842f4ce7543235f] 199.204.45.22 "GET /v2.0/ports?network_id=c9e6de07-eb42-4d38-bb4b-4a2cdca0d18f&device_owner=network%3Adhcp HTTP/1.1" status: 200 len: 210 time: 0.0191576
2026-05-11 02:06:42.013 9 INFO neutron.wsgi [req-152833cc-8eee-4524-976a-2d9ab2b620ee req-7da3c582-3a90-44a4-ac7a-9a89949df5c1 55f991a7fc184b8aa8a45640e88358c5 e372edc487564543ba6003396eb8f5e9 - - 001184f3b1ca4d748842f4ce7543235f 001184f3b1ca4d748842f4ce7543235f] 199.204.45.22 "GET /v2.0/ports?network_id=c9e6de07-eb42-4d38-bb4b-4a2cdca0d18f&device_owner=network%3Adhcp HTTP/1.1" status: 200 len: 210 time: 0.0294750
2026-05-11 02:06:42.034 9 INFO neutron.services.segments.plugin [-] Segment c61f2ad5-0a0f-4c57-be79-2189312625fb resource provider aggregate not found
2026-05-11 02:06:42.040 9 INFO neutron.services.segments.plugin [-] Segment c61f2ad5-0a0f-4c57-be79-2189312625fb resource provider aggregate not found
2026-05-11 02:06:42.061 9 INFO neutron.services.segments.plugin [-] Segment c61f2ad5-0a0f-4c57-be79-2189312625fb resource provider not found; error: Placement Client Error (4xx): {"errors": [{"status": 404, "title": "Not Found", "detail": "The resource could not be found.\n\n No resource provider with uuid c61f2ad5-0a0f-4c57-be79-2189312625fb found for delete ", "request_id": "req-db593219-9104-4788-b847-3ae058e394cd"}]}
2026-05-11 02:06:42.061 9 INFO neutron.services.segments.plugin [-] Segment c61f2ad5-0a0f-4c57-be79-2189312625fb resource provider not found; error: Placement Client Error (4xx): {"errors": [{"status": 404, "title": "Not Found", "detail": "The resource could not be found.\n\n No resource provider with uuid c61f2ad5-0a0f-4c57-be79-2189312625fb found for delete ", "request_id": "req-7319bf2d-e0af-4467-84cc-221577ea40b9"}]}
2026-05-11 02:06:42.107 9 INFO neutron.wsgi [None req-517734dc-7575-4fd7-8e10-81c3b551e257 91630802f04e4551b24f95c62aca032b a9e80335556347c18bbe92a25942ef18 - - default default] 10.0.0.96 "DELETE /v2.0/networks/9a8d2bef-e057-480e-ab57-0c72cd3ef203 HTTP/1.1" status: 204 len: 168 time: 0.5744514
2026-05-11 02:06:42.122 9 INFO neutron.wsgi [req-152833cc-8eee-4524-976a-2d9ab2b620ee req-25068255-aa72-4830-aca0-aaed33ecdf67 55f991a7fc184b8aa8a45640e88358c5 e372edc487564543ba6003396eb8f5e9 - - 001184f3b1ca4d748842f4ce7543235f 001184f3b1ca4d748842f4ce7543235f] 199.204.45.22 "GET /v2.0/networks/c9e6de07-eb42-4d38-bb4b-4a2cdca0d18f?fields=segments HTTP/1.1" status: 200 len: 212 time: 0.0833006
2026-05-11 02:06:42.190 9 INFO neutron.wsgi [req-152833cc-8eee-4524-976a-2d9ab2b620ee req-7ac0f824-553f-4adc-b52b-a35313b85a17 55f991a7fc184b8aa8a45640e88358c5 e372edc487564543ba6003396eb8f5e9 - - 001184f3b1ca4d748842f4ce7543235f 001184f3b1ca4d748842f4ce7543235f] 199.204.45.22 "GET /v2.0/networks/c9e6de07-eb42-4d38-bb4b-4a2cdca0d18f?fields=provider%3Aphysical_network&fields=provider%3Anetwork_type HTTP/1.1" status: 200 len: 277 time: 0.0597315
2026-05-11 02:06:42.274 9 INFO neutron.wsgi [req-b3159eaa-2c02-412b-9171-f325484d18bb req-1094738c-fb45-4c30-9621-65c0038dfce5 55f991a7fc184b8aa8a45640e88358c5 e372edc487564543ba6003396eb8f5e9 - - 001184f3b1ca4d748842f4ce7543235f 001184f3b1ca4d748842f4ce7543235f] 199.204.45.22 "GET /v2.0/ports?tenant_id=3dbb2d5be3b84a8cad4bc207b3c4352a&device_id=1997404f-4d23-4aba-a586-ea436addd1f9 HTTP/1.1" status: 200 len: 1628 time: 0.0390079
2026-05-11 02:06:42.343 9 INFO neutron.wsgi [req-b3159eaa-2c02-412b-9171-f325484d18bb req-4c67eec6-a1d9-42f3-89b1-e053b7547956 55f991a7fc184b8aa8a45640e88358c5 e372edc487564543ba6003396eb8f5e9 - - 001184f3b1ca4d748842f4ce7543235f 001184f3b1ca4d748842f4ce7543235f] 199.204.45.22 "GET /v2.0/networks?id=c9e6de07-eb42-4d38-bb4b-4a2cdca0d18f HTTP/1.1" status: 200 len: 1002 time: 0.0639281
2026-05-11 02:06:42.385 9 INFO neutron.wsgi [req-b3159eaa-2c02-412b-9171-f325484d18bb req-571823df-96d1-4e0b-a54f-dcaba3bc7de9 55f991a7fc184b8aa8a45640e88358c5 e372edc487564543ba6003396eb8f5e9 - - 001184f3b1ca4d748842f4ce7543235f 001184f3b1ca4d748842f4ce7543235f] 199.204.45.22 "GET /v2.0/floatingips?fixed_ip_address=10.2.1.19&port_id=9fd75e56-3007-4fab-91ae-44b7dff9f761 HTTP/1.1" status: 200 len: 217 time: 0.0263135
2026-05-11 02:06:42.422 9 INFO neutron.wsgi [req-b3159eaa-2c02-412b-9171-f325484d18bb req-79da48aa-0c3d-4265-ad88-b0a858d0590c 55f991a7fc184b8aa8a45640e88358c5 e372edc487564543ba6003396eb8f5e9 - - 001184f3b1ca4d748842f4ce7543235f 001184f3b1ca4d748842f4ce7543235f] 199.204.45.22 "GET /v2.0/floatingips?fixed_ip_address=fd7b%3Af9f7%3Afff%3A4eca%3A%3Ae2&port_id=9fd75e56-3007-4fab-91ae-44b7dff9f761 HTTP/1.1" status: 200 len: 217 time: 0.0247018
2026-05-11 02:06:42.460 9 INFO neutron.wsgi [req-b3159eaa-2c02-412b-9171-f325484d18bb req-4ac85b01-977f-4eea-aee7-20d1d279b8a9 55f991a7fc184b8aa8a45640e88358c5 e372edc487564543ba6003396eb8f5e9 - - 001184f3b1ca4d748842f4ce7543235f 001184f3b1ca4d748842f4ce7543235f] 199.204.45.22 "GET /v2.0/subnets?id=d3b7b3bd-e37f-482c-832d-a610e2ca0b14&id=2580389c-e558-4eaa-935a-6224a0d78399 HTTP/1.1" status: 200 len: 1563 time: 0.0344024
2026-05-11 02:06:42.486 9 INFO neutron.wsgi [req-b3159eaa-2c02-412b-9171-f325484d18bb req-dcb45499-882f-4f68-bf82-07fddb5616b9 55f991a7fc184b8aa8a45640e88358c5 e372edc487564543ba6003396eb8f5e9 - - 001184f3b1ca4d748842f4ce7543235f 001184f3b1ca4d748842f4ce7543235f] 199.204.45.22 "GET /v2.0/ports?network_id=c9e6de07-eb42-4d38-bb4b-4a2cdca0d18f&device_owner=network%3Adhcp HTTP/1.1" status: 200 len: 210 time: 0.0171859
2026-05-11 02:06:42.511 9 INFO neutron.wsgi [req-b3159eaa-2c02-412b-9171-f325484d18bb req-adc8304a-68f6-4340-9b9b-d7c034fd3a27 55f991a7fc184b8aa8a45640e88358c5 e372edc487564543ba6003396eb8f5e9 - - 001184f3b1ca4d748842f4ce7543235f 001184f3b1ca4d748842f4ce7543235f] 199.204.45.22 "GET /v2.0/ports?network_id=c9e6de07-eb42-4d38-bb4b-4a2cdca0d18f&device_owner=network%3Adhcp HTTP/1.1" status: 200 len: 210 time: 0.0197980
2026-05-11 02:06:42.594 9 INFO neutron.wsgi [req-b3159eaa-2c02-412b-9171-f325484d18bb req-0edc3e56-45a4-4654-8c0b-b409fd761520 55f991a7fc184b8aa8a45640e88358c5 e372edc487564543ba6003396eb8f5e9 - - 001184f3b1ca4d748842f4ce7543235f 001184f3b1ca4d748842f4ce7543235f] 199.204.45.22 "GET /v2.0/networks/c9e6de07-eb42-4d38-bb4b-4a2cdca0d18f?fields=segments HTTP/1.1" status: 200 len: 212 time: 0.0716662
