2026-05-11 02:06:55.717 10 INFO neutron.db.ovn_revision_numbers_db [None req-4c2d876a-ce2e-4c04-9244-8a7970e6f2dc f6a1eab280bb4675a19f2737111a8190 2a02514e1226463db8226cdf845d2c0b - - default default] Successfully bumped revision number for resource 4b02e634-6270-4b50-94da-1feebd185b83 (type: ports) to 1
2026-05-11 02:06:55.901 9 INFO neutron.db.ovn_revision_numbers_db [None req-d3b99b26-6804-494a-996a-49b8282b2332 - - - - - -] Successfully bumped revision number for resource ce5be041-5c14-4c37-aada-0a3e802c1157 (type: router_ports) to 3
2026-05-11 02:06:56.047 9 INFO neutron.db.ovn_revision_numbers_db [None req-d3b99b26-6804-494a-996a-49b8282b2332 - - - - - -] Successfully bumped revision number for resource ce5be041-5c14-4c37-aada-0a3e802c1157 (type: ports) to 2
2026-05-11 02:06:56.289 9 INFO neutron.db.ovn_revision_numbers_db [None req-d3b99b26-6804-494a-996a-49b8282b2332 - - - - - -] Successfully bumped revision number for resource ce5be041-5c14-4c37-aada-0a3e802c1157 (type: ports) to 4
2026-05-11 02:06:56.419 10 INFO neutron.db.ovn_revision_numbers_db [None req-4c2d876a-ce2e-4c04-9244-8a7970e6f2dc f6a1eab280bb4675a19f2737111a8190 2a02514e1226463db8226cdf845d2c0b - - default default] Successfully bumped revision number for resource 4b02e634-6270-4b50-94da-1feebd185b83 (type: router_ports) to 1
2026-05-11 02:06:56.562 9 WARNING neutron.plugins.ml2.drivers.ovn.mech_driver.ovsdb.ovn_client [None req-d7fd741a-a85c-4092-858e-c1902e487ad4 - - - - - -] No hosting information found for port 930bfd5b-7779-40e1-b1af-9ddde1ad2de1: RuntimeError: No hosting information found for port 930bfd5b-7779-40e1-b1af-9ddde1ad2de1
2026-05-11 02:06:56.574 10 INFO neutron.db.ovn_revision_numbers_db [None req-4c2d876a-ce2e-4c04-9244-8a7970e6f2dc f6a1eab280bb4675a19f2737111a8190 2a02514e1226463db8226cdf845d2c0b - - default default] Successfully bumped revision number for resource 4b02e634-6270-4b50-94da-1feebd185b83 (type: ports) to 1
2026-05-11 02:06:56.585 9 INFO neutron.plugins.ml2.drivers.ovn.mech_driver.mech_driver [None req-d7fd741a-a85c-4092-858e-c1902e487ad4 - - - - - -] OVN reports status up for port: e61ae54f-60c2-4487-9aec-769a544325a3
2026-05-11 02:06:56.593 9 INFO neutron.db.ovn_revision_numbers_db [None req-d3b99b26-6804-494a-996a-49b8282b2332 - - - - - -] Successfully bumped revision number for resource ce5be041-5c14-4c37-aada-0a3e802c1157 (type: router_ports) to 4
2026-05-11 02:06:56.607 9 INFO neutron.plugins.ml2.plugin [None req-d7fd741a-a85c-4092-858e-c1902e487ad4 - - - - - -] Attempt 1 to provision port e61ae54f-60c2-4487-9aec-769a544325a3
2026-05-11 02:06:56.649 10 WARNING neutron.scheduler.dhcp_agent_scheduler [None req-4c2d876a-ce2e-4c04-9244-8a7970e6f2dc f6a1eab280bb4675a19f2737111a8190 2a02514e1226463db8226cdf845d2c0b - - default default] No more DHCP agents
2026-05-11 02:06:56.651 10 WARNING neutron.api.rpc.agentnotifiers.dhcp_rpc_agent_api [None req-4c2d876a-ce2e-4c04-9244-8a7970e6f2dc f6a1eab280bb4675a19f2737111a8190 2a02514e1226463db8226cdf845d2c0b - - default default] Unable to schedule network 7077084e-1929-4c31-ac0a-4cd098995ab9: no agents available; will retry on subsequent port and subnet creation events.
2026-05-11 02:06:56.755 9 INFO neutron.notifiers.nova [-] Nova event matching ['req-5a31a524-c3be-4598-8238-e3f44732fabe'] response: {'server_uuid': 'c88b9d26-dabc-438a-9dbb-aa5d399c2d22', 'name': 'network-vif-plugged', 'status': 'completed', 'tag': 'e61ae54f-60c2-4487-9aec-769a544325a3', 'code': 200}
2026-05-11 02:06:56.987 9 INFO neutron.db.ovn_revision_numbers_db [None req-d7fd741a-a85c-4092-858e-c1902e487ad4 - - - - - -] Successfully bumped revision number for resource e61ae54f-60c2-4487-9aec-769a544325a3 (type: ports) to 4
2026-05-11 02:06:57.037 9 INFO neutron.plugins.ml2.drivers.ovn.mech_driver.mech_driver [None req-d7fd741a-a85c-4092-858e-c1902e487ad4 - - - - - -] OVN reports status up for port: 4b02e634-6270-4b50-94da-1feebd185b83
2026-05-11 02:06:57.048 9 INFO neutron.plugins.ml2.plugin [None req-d7fd741a-a85c-4092-858e-c1902e487ad4 - - - - - -] Attempt 1 to provision port 4b02e634-6270-4b50-94da-1feebd185b83
2026-05-11 02:06:57.319 10 INFO neutron.wsgi [req-4c0b58bf-96b7-4f93-9627-499ee4bc21ea req-5659e765-cdb1-4cc8-9202-b837102beec0 161dcb38305742789c9e4099c59a60d3 3dbb2d5be3b84a8cad4bc207b3c4352a - - default default] 10.0.0.15 "GET /v2.0/ports?device_id=c88b9d26-dabc-438a-9dbb-aa5d399c2d22 HTTP/1.1" status: 200 len: 1400 time: 0.1118917
2026-05-11 02:06:57.324 9 INFO neutron.db.ovn_revision_numbers_db [None req-d7fd741a-a85c-4092-858e-c1902e487ad4 - - - - - -] Successfully bumped revision number for resource 4b02e634-6270-4b50-94da-1feebd185b83 (type: ports) to 2
2026-05-11 02:06:57.373 10 INFO neutron.wsgi [req-4c0b58bf-96b7-4f93-9627-499ee4bc21ea req-b6f2808a-4623-4bea-9f7f-e1ceeb418dd6 161dcb38305742789c9e4099c59a60d3 3dbb2d5be3b84a8cad4bc207b3c4352a - - default default] 10.0.0.15 "GET /v2.0/security-groups?id=82199aa6-72f1-4afa-b91a-aedf04b968f5&fields=id&fields=name HTTP/1.1" status: 200 len: 310 time: 0.0457156
2026-05-11 02:06:57.449 10 INFO neutron.db.ovn_revision_numbers_db [None req-4c2d876a-ce2e-4c04-9244-8a7970e6f2dc f6a1eab280bb4675a19f2737111a8190 2a02514e1226463db8226cdf845d2c0b - - default default] Successfully bumped revision number for resource 4b02e634-6270-4b50-94da-1feebd185b83 (type: router_ports) to 1
2026-05-11 02:06:57.451 10 INFO neutron.wsgi [None req-4c2d876a-ce2e-4c04-9244-8a7970e6f2dc f6a1eab280bb4675a19f2737111a8190 2a02514e1226463db8226cdf845d2c0b - - default default] 10.0.0.96 "PUT /v2.0/routers/2a1612cd-4122-4e6a-bb8d-9a9c3f937862/add_router_interface HTTP/1.1" status: 200 len: 503 time: 2.3030596
2026-05-11 02:06:57.456 10 INFO neutron.wsgi [None req-18ecef02-88de-46df-bc43-65976aee3fb2 161dcb38305742789c9e4099c59a60d3 3dbb2d5be3b84a8cad4bc207b3c4352a - - default default] 10.0.0.96 "GET /v2.0/ports?network_id=019def99-ed41-461f-bffc-43d86f07e8f5&mac_address=fa%3A16%3A3e%3A72%3A89%3Ae6 HTTP/1.1" status: 200 len: 1395 time: 0.0522683
2026-05-11 02:06:57.471 9 INFO neutron.db.ovn_revision_numbers_db [None req-d7fd741a-a85c-4092-858e-c1902e487ad4 - - - - - -] Successfully bumped revision number for resource 4b02e634-6270-4b50-94da-1feebd185b83 (type: router_ports) to 2
2026-05-11 02:06:57.752 10 WARNING neutron.scheduler.dhcp_agent_scheduler [None req-4a240762-e541-46c9-8635-4f22f1e727f8 161dcb38305742789c9e4099c59a60d3 3dbb2d5be3b84a8cad4bc207b3c4352a - - default default] No more DHCP agents
2026-05-11 02:06:57.754 10 WARNING neutron.api.rpc.agentnotifiers.dhcp_rpc_agent_api [None req-4a240762-e541-46c9-8635-4f22f1e727f8 161dcb38305742789c9e4099c59a60d3 3dbb2d5be3b84a8cad4bc207b3c4352a - - default default] Unable to schedule network ff242978-c630-477a-8591-8f3e9d7d41ce: no agents available; will retry on subsequent port and subnet creation events.
2026-05-11 02:06:57.953 10 INFO neutron.wsgi [req-d12d0dd7-fcad-438d-b95b-ec75ef1bbd0a req-fe158a98-aedf-4a63-9f7f-c49d8da815fb 55f991a7fc184b8aa8a45640e88358c5 e372edc487564543ba6003396eb8f5e9 - - 001184f3b1ca4d748842f4ce7543235f 001184f3b1ca4d748842f4ce7543235f] 10.0.0.207 "GET /v2.0/ports?device_id=1997404f-4d23-4aba-a586-ea436addd1f9 HTTP/1.1" status: 200 len: 1630 time: 0.0370479
2026-05-11 02:06:58.028 10 INFO neutron.wsgi [req-d12d0dd7-fcad-438d-b95b-ec75ef1bbd0a req-5da096c2-0bb2-4bba-8d33-08152d6e884f 55f991a7fc184b8aa8a45640e88358c5 e372edc487564543ba6003396eb8f5e9 - - 001184f3b1ca4d748842f4ce7543235f 001184f3b1ca4d748842f4ce7543235f] 10.0.0.207 "GET /v2.0/security-groups?id=82199aa6-72f1-4afa-b91a-aedf04b968f5&fields=id&fields=name HTTP/1.1" status: 200 len: 310 time: 0.0696936 /var/lib/openstack/lib/python3.10/site-packages/pycadf/identifier.py:71: UserWarning: Invalid uuid: neutron. To ensure interoperability, identifiers should be a valid uuid. warnings.warn(('Invalid uuid: %s. To ensure interoperability, '
2026-05-11 02:06:58.243 9 INFO neutron.db.ovn_revision_numbers_db [None req-3f5b8fac-c188-4c2a-afcc-34eaa6aa8533 5f38f832cbf04743a620a62a4c00306c 57ec1492a5dc4d4da98565f6327f7be6 - - default default] Successfully bumped revision number for resource ce7e3fda-10d1-48df-98f5-0013fbf0e6d1 (type: security_groups) to 1
2026-05-11 02:06:58.250 10 INFO neutron.db.l3_db [None req-4a240762-e541-46c9-8635-4f22f1e727f8 161dcb38305742789c9e4099c59a60d3 3dbb2d5be3b84a8cad4bc207b3c4352a - - default default] Floating IP b5fb10cc-a590-4f9f-9707-de0d564fec00 associated. External IP: 10.96.250.217, port: e61ae54f-60c2-4487-9aec-769a544325a3.
2026-05-11 02:06:58.260 9 INFO neutron.db.ovn_revision_numbers_db [None req-3f5b8fac-c188-4c2a-afcc-34eaa6aa8533 5f38f832cbf04743a620a62a4c00306c 57ec1492a5dc4d4da98565f6327f7be6 - - default default] Successfully bumped revision number for resource 2d9a95aa-fc1b-494e-8504-ea3c0a673f0d (type: security_group_rules) to 0
2026-05-11 02:06:58.274 9 INFO neutron.db.ovn_revision_numbers_db [None req-3f5b8fac-c188-4c2a-afcc-34eaa6aa8533 5f38f832cbf04743a620a62a4c00306c 57ec1492a5dc4d4da98565f6327f7be6 - - default default] Successfully bumped revision number for resource d35c85ae-d775-4c77-9355-1570986f6f57 (type: security_group_rules) to 0
2026-05-11 02:06:58.293 9 INFO neutron.wsgi [None req-3f5b8fac-c188-4c2a-afcc-34eaa6aa8533 5f38f832cbf04743a620a62a4c00306c 57ec1492a5dc4d4da98565f6327f7be6 - - default default] 10.0.0.96 "POST /v2.0/security-groups HTTP/1.1" status: 201 len: 1813 time: 0.1949806
2026-05-11 02:06:58.417 9 INFO neutron.db.ovn_revision_numbers_db [None req-69901164-42ea-42e5-9edd-65bfb9935bf3 5f38f832cbf04743a620a62a4c00306c 57ec1492a5dc4d4da98565f6327f7be6 - - default default] Successfully bumped revision number for resource 51574ae3-2444-42fe-afbf-a9f4aad9ecd4 (type: security_group_rules) to 0
2026-05-11 02:06:58.430 10 INFO neutron.db.ovn_revision_numbers_db [None req-4a240762-e541-46c9-8635-4f22f1e727f8 161dcb38305742789c9e4099c59a60d3 3dbb2d5be3b84a8cad4bc207b3c4352a - - default default] Successfully bumped revision number for resource b5fb10cc-a590-4f9f-9707-de0d564fec00 (type: floatingips) to 0
2026-05-11 02:06:58.445 9 INFO neutron.wsgi [None req-69901164-42ea-42e5-9edd-65bfb9935bf3 5f38f832cbf04743a620a62a4c00306c 57ec1492a5dc4d4da98565f6327f7be6 - - default default] 10.0.0.96 "POST /v2.0/security-group-rules HTTP/1.1" status: 201 len: 764 time: 0.1478927
2026-05-11 02:06:58.578 10 INFO neutron.db.ovn_revision_numbers_db [None req-4a240762-e541-46c9-8635-4f22f1e727f8 161dcb38305742789c9e4099c59a60d3 3dbb2d5be3b84a8cad4bc207b3c4352a - - default default] Successfully bumped revision number for resource b5fb10cc-a590-4f9f-9707-de0d564fec00 (type: floatingips) to 1
2026-05-11 02:06:58.610 9 INFO neutron.db.ovn_revision_numbers_db [None req-b15757a2-61f0-444b-8c6f-33b7eab11630 5f38f832cbf04743a620a62a4c00306c 57ec1492a5dc4d4da98565f6327f7be6 - - default default] Successfully bumped revision number for resource 5ad9b00e-fb9b-4f0e-a09d-8a3da1b9c567 (type: security_group_rules) to 0
2026-05-11 02:06:58.622 10 INFO neutron.wsgi [None req-4a240762-e541-46c9-8635-4f22f1e727f8 161dcb38305742789c9e4099c59a60d3 3dbb2d5be3b84a8cad4bc207b3c4352a - - default default] 10.0.0.96 "POST /v2.0/floatingips HTTP/1.1" status: 201 len: 1053 time: 1.1613376
2026-05-11 02:06:58.652 9 INFO neutron.wsgi [None req-b15757a2-61f0-444b-8c6f-33b7eab11630 5f38f832cbf04743a620a62a4c00306c 57ec1492a5dc4d4da98565f6327f7be6 - - default default] 10.0.0.96 "POST /v2.0/security-group-rules HTTP/1.1" status: 201 len: 763 time: 0.2002370
2026-05-11 02:06:58.676 10 INFO neutron.notifiers.nova [-] Nova event matching ['req-e2dad26e-f863-45d1-9468-aaaf311a9fa9'] response: {'name': 'network-changed', 'server_uuid': 'c88b9d26-dabc-438a-9dbb-aa5d399c2d22', 'tag': 'e61ae54f-60c2-4487-9aec-769a544325a3', 'status': 'completed', 'code': 200}
2026-05-11 02:06:58.734 9 INFO neutron.wsgi [req-1048a526-b83d-4608-b43e-68cf2623ee62 req-0d9d5d55-b74f-4aef-9c1f-ce35e2481651 55f991a7fc184b8aa8a45640e88358c5 e372edc487564543ba6003396eb8f5e9 - - 001184f3b1ca4d748842f4ce7543235f 001184f3b1ca4d748842f4ce7543235f] 199.204.45.22 "GET /v2.0/ports?tenant_id=3dbb2d5be3b84a8cad4bc207b3c4352a&device_id=c88b9d26-dabc-438a-9dbb-aa5d399c2d22 HTTP/1.1" status: 200 len: 1638 time: 0.0351737
2026-05-11 02:06:58.794 9 INFO neutron.notifiers.nova [-] Nova event matching ['req-c8f090dc-703e-4c20-85bf-87c2536dba40'] response: {'server_uuid': 'c88b9d26-dabc-438a-9dbb-aa5d399c2d22', 'name': 'network-vif-plugged', 'status': 'completed', 'tag': 'e61ae54f-60c2-4487-9aec-769a544325a3', 'code': 200}
2026-05-11 02:06:58.809 9 INFO neutron.wsgi [req-1048a526-b83d-4608-b43e-68cf2623ee62 req-e072e128-4b41-4401-b0b9-b7711af2859d 55f991a7fc184b8aa8a45640e88358c5 e372edc487564543ba6003396eb8f5e9 - - 001184f3b1ca4d748842f4ce7543235f 001184f3b1ca4d748842f4ce7543235f] 199.204.45.22 "GET /v2.0/networks?id=019def99-ed41-461f-bffc-43d86f07e8f5 HTTP/1.1" status: 200 len: 1003 time: 0.0671356
2026-05-11 02:06:58.820 9 INFO neutron.db.ovn_revision_numbers_db [None req-0d9af4d1-c6e2-426e-a351-da72a69bd1ad 5f38f832cbf04743a620a62a4c00306c 57ec1492a5dc4d4da98565f6327f7be6 - - default default] Successfully bumped revision number for resource 9323c735-f6fd-4b6e-b398-f5011d93428b (type: security_group_rules) to 0
2026-05-11 02:06:58.855 9 INFO neutron.wsgi [req-1048a526-b83d-4608-b43e-68cf2623ee62 req-8cd0057b-509e-497f-aacc-d0a443673a4b 55f991a7fc184b8aa8a45640e88358c5 e372edc487564543ba6003396eb8f5e9 - - 001184f3b1ca4d748842f4ce7543235f 001184f3b1ca4d748842f4ce7543235f] 199.204.45.22 "GET /v2.0/floatingips?fixed_ip_address=10.2.2.31&port_id=e61ae54f-60c2-4487-9aec-769a544325a3 HTTP/1.1" status: 200 len: 1058 time: 0.0408781
2026-05-11 02:06:58.858 9 INFO neutron.wsgi [None req-0d9af4d1-c6e2-426e-a351-da72a69bd1ad 5f38f832cbf04743a620a62a4c00306c 57ec1492a5dc4d4da98565f6327f7be6 - - default default] 10.0.0.96 "POST /v2.0/security-group-rules HTTP/1.1" status: 201 len: 769 time: 0.2024279
2026-05-11 02:06:58.880 9 INFO neutron.wsgi [req-1048a526-b83d-4608-b43e-68cf2623ee62 req-ae59e40e-efbe-4537-b97b-7c6e9c8e7156 55f991a7fc184b8aa8a45640e88358c5 e372edc487564543ba6003396eb8f5e9 - - 001184f3b1ca4d748842f4ce7543235f 001184f3b1ca4d748842f4ce7543235f] 199.204.45.22 "GET /v2.0/floatingips?fixed_ip_address=fd77%3A1457%3A4cf0%3A26a8%3A%3A155&port_id=e61ae54f-60c2-4487-9aec-769a544325a3 HTTP/1.1" status: 200 len: 217 time: 0.0170259
2026-05-11 02:06:58.916 9 INFO neutron.wsgi [req-1048a526-b83d-4608-b43e-68cf2623ee62 req-bb6661f1-5437-4c9c-848c-133a973c5695 55f991a7fc184b8aa8a45640e88358c5 e372edc487564543ba6003396eb8f5e9 - - 001184f3b1ca4d748842f4ce7543235f 001184f3b1ca4d748842f4ce7543235f] 199.204.45.22 "GET /v2.0/subnets?id=0967c114-7497-40bc-8c13-a2699dcabe39&id=fbd3c49d-d0ff-4055-818f-421ec9f488e5 HTTP/1.1" status: 200 len: 1565 time: 0.0321715
2026-05-11 02:06:58.952 9 INFO neutron.wsgi [req-1048a526-b83d-4608-b43e-68cf2623ee62 req-8881cbf4-c9a3-4bb0-9b17-fd7f9e5e9446 55f991a7fc184b8aa8a45640e88358c5 e372edc487564543ba6003396eb8f5e9 - - 001184f3b1ca4d748842f4ce7543235f 001184f3b1ca4d748842f4ce7543235f] 199.204.45.22 "GET /v2.0/ports?network_id=019def99-ed41-461f-bffc-43d86f07e8f5&device_owner=network%3Adhcp HTTP/1.1" status: 200 len: 210 time: 0.0303688
2026-05-11 02:06:58.977 9 INFO neutron.wsgi [req-1048a526-b83d-4608-b43e-68cf2623ee62 req-25dd9a2d-3e83-42e1-b3f5-74fdae5295b0 55f991a7fc184b8aa8a45640e88358c5 e372edc487564543ba6003396eb8f5e9 - - 001184f3b1ca4d748842f4ce7543235f 001184f3b1ca4d748842f4ce7543235f] 199.204.45.22 "GET /v2.0/ports?network_id=019def99-ed41-461f-bffc-43d86f07e8f5&device_owner=network%3Adhcp HTTP/1.1" status: 200 len: 210 time: 0.0186064
2026-05-11 02:06:59.006 10 INFO neutron.db.ovn_revision_numbers_db [None req-15dd79c4-97cf-49d8-9428-74d0dc570c45 5f38f832cbf04743a620a62a4c00306c 57ec1492a5dc4d4da98565f6327f7be6 - - default default] Successfully bumped revision number for resource 0bab7d52-8ed4-4cda-bb84-f438c702e6de (type: security_group_rules) to 0
2026-05-11 02:06:59.032 10 INFO neutron.wsgi [None req-15dd79c4-97cf-49d8-9428-74d0dc570c45 5f38f832cbf04743a620a62a4c00306c 57ec1492a5dc4d4da98565f6327f7be6 - - default default] 10.0.0.96 "POST /v2.0/security-group-rules HTTP/1.1" status: 201 len: 768 time: 0.1682005
2026-05-11 02:06:59.040 9 INFO neutron.wsgi [req-1048a526-b83d-4608-b43e-68cf2623ee62 req-20ddfb68-c232-4b6a-8f32-b60539234bc0 55f991a7fc184b8aa8a45640e88358c5 e372edc487564543ba6003396eb8f5e9 - - 001184f3b1ca4d748842f4ce7543235f 001184f3b1ca4d748842f4ce7543235f] 199.204.45.22 "GET /v2.0/networks/019def99-ed41-461f-bffc-43d86f07e8f5?fields=segments HTTP/1.1" status: 200 len: 212 time: 0.0577044
2026-05-11 02:06:59.067 10 INFO neutron.db.securitygroups_db [None req-861e3a58-a26d-41ea-8bda-cc07f25e23b9 5f38f832cbf04743a620a62a4c00306c 57ec1492a5dc4d4da98565f6327f7be6 - - default default] Project 57ec1492a5dc4d4da98565f6327f7be6 added a security group rule with legacy IPv6 ICMP protocol name icmp, ipv6-icmp should be used instead. It was automatically converted.
2026-05-11 02:06:59.115 9 INFO neutron.wsgi [req-1048a526-b83d-4608-b43e-68cf2623ee62 req-bf4ad234-e7d9-4eb2-a24a-dd3dfdbab1b1 55f991a7fc184b8aa8a45640e88358c5 e372edc487564543ba6003396eb8f5e9 - - 001184f3b1ca4d748842f4ce7543235f 001184f3b1ca4d748842f4ce7543235f] 199.204.45.22 "GET /v2.0/networks/019def99-ed41-461f-bffc-43d86f07e8f5?fields=provider%3Aphysical_network&fields=provider%3Anetwork_type HTTP/1.1" status: 200 len: 277 time: 0.0681520
2026-05-11 02:06:59.198 10 INFO neutron.db.ovn_revision_numbers_db [None req-861e3a58-a26d-41ea-8bda-cc07f25e23b9 5f38f832cbf04743a620a62a4c00306c 57ec1492a5dc4d4da98565f6327f7be6 - - default default] Successfully bumped revision number for resource 40c2c284-8c5e-4aca-b6cd-04d103899848 (type: security_group_rules) to 0
2026-05-11 02:06:59.229 10 INFO neutron.wsgi [None req-861e3a58-a26d-41ea-8bda-cc07f25e23b9 5f38f832cbf04743a620a62a4c00306c 57ec1492a5dc4d4da98565f6327f7be6 - - default default] 10.0.0.96 "POST /v2.0/security-group-rules HTTP/1.1" status: 201 len: 774 time: 0.1906607
2026-05-11 02:06:59.256 10 INFO neutron.db.securitygroups_db [None req-de832950-f9c7-40f7-b532-e26725b5de53 5f38f832cbf04743a620a62a4c00306c 57ec1492a5dc4d4da98565f6327f7be6 - - default default] Project 57ec1492a5dc4d4da98565f6327f7be6 added a security group rule with legacy IPv6 ICMP protocol name icmp, ipv6-icmp should be used instead. It was automatically converted.
2026-05-11 02:06:59.403 10 INFO neutron.db.ovn_revision_numbers_db [None req-de832950-f9c7-40f7-b532-e26725b5de53 5f38f832cbf04743a620a62a4c00306c 57ec1492a5dc4d4da98565f6327f7be6 - - default default] Successfully bumped revision number for resource 8af7b2a4-ae5d-4284-a730-4f08c3b3986c (type: security_group_rules) to 0
2026-05-11 02:06:59.434 10 INFO neutron.wsgi [None req-de832950-f9c7-40f7-b532-e26725b5de53 5f38f832cbf04743a620a62a4c00306c 57ec1492a5dc4d4da98565f6327f7be6 - - default default] 10.0.0.96 "POST /v2.0/security-group-rules HTTP/1.1" status: 201 len: 773 time: 0.1991868
2026-05-11 02:07:00.031 10 INFO neutron.db.ovn_revision_numbers_db [None req-6dee6a81-9eed-45da-b946-4b9d9e7abc62 5f38f832cbf04743a620a62a4c00306c 57ec1492a5dc4d4da98565f6327f7be6 - - default default] Successfully bumped revision number for resource f687a971-86d8-4b72-a283-925c0790c35d (type: security_groups) to 1
2026-05-11 02:07:00.044 10 INFO neutron.db.ovn_revision_numbers_db [None req-6dee6a81-9eed-45da-b946-4b9d9e7abc62 5f38f832cbf04743a620a62a4c00306c 57ec1492a5dc4d4da98565f6327f7be6 - - default default] Successfully bumped revision number for resource 52f01211-d1d5-4616-8859-5e637b35ae81 (type: security_group_rules) to 0
2026-05-11 02:07:00.091 10 INFO neutron.db.ovn_revision_numbers_db [None req-6dee6a81-9eed-45da-b946-4b9d9e7abc62 5f38f832cbf04743a620a62a4c00306c 57ec1492a5dc4d4da98565f6327f7be6 - - default default] Successfully bumped revision number for resource 7077f7cd-f63b-45ba-8a50-5f013a80c76c (type: security_group_rules) to 0
2026-05-11 02:07:00.112 10 INFO neutron.wsgi [None req-6dee6a81-9eed-45da-b946-4b9d9e7abc62 5f38f832cbf04743a620a62a4c00306c 57ec1492a5dc4d4da98565f6327f7be6 - - default default] 10.0.0.96 "POST /v2.0/security-groups HTTP/1.1" status: 201 len: 1796 time: 0.1948647
2026-05-11 02:07:00.251 9 INFO neutron.db.ovn_revision_numbers_db [None req-fe517677-3f20-4fc2-8963-33b55542334c 5f38f832cbf04743a620a62a4c00306c 57ec1492a5dc4d4da98565f6327f7be6 - - default default] Successfully bumped revision number for resource 0776e68a-9234-4062-94dd-33d6aecde999 (type: security_group_rules) to 0
2026-05-11 02:07:00.276 9 INFO neutron.wsgi [None req-fe517677-3f20-4fc2-8963-33b55542334c 5f38f832cbf04743a620a62a4c00306c 57ec1492a5dc4d4da98565f6327f7be6 - - default default] 10.0.0.96 "POST /v2.0/security-group-rules HTTP/1.1" status: 201 len: 764 time: 0.1581004
2026-05-11 02:07:00.389 9 INFO neutron.db.ovn_revision_numbers_db [None req-659e7c19-39b7-4300-9acb-17d4fcfd4a3a 5f38f832cbf04743a620a62a4c00306c 57ec1492a5dc4d4da98565f6327f7be6 - - default default] Successfully bumped revision number for resource 60a5011a-1df9-43d6-a2de-15c11834240d (type: security_group_rules) to 0
2026-05-11 02:07:00.414 9 INFO neutron.wsgi [None req-659e7c19-39b7-4300-9acb-17d4fcfd4a3a 5f38f832cbf04743a620a62a4c00306c 57ec1492a5dc4d4da98565f6327f7be6 - - default default] 10.0.0.96 "POST /v2.0/security-group-rules HTTP/1.1" status: 201 len: 769 time: 0.1330047
2026-05-11 02:07:00.677 9 WARNING neutron.scheduler.dhcp_agent_scheduler [None req-473e567d-77e3-4f2a-a023-4b4e9c364d6d 5f38f832cbf04743a620a62a4c00306c 57ec1492a5dc4d4da98565f6327f7be6 - - default default] No more DHCP agents
2026-05-11 02:07:00.679 9 WARNING neutron.api.rpc.agentnotifiers.dhcp_rpc_agent_api [None req-473e567d-77e3-4f2a-a023-4b4e9c364d6d 5f38f832cbf04743a620a62a4c00306c 57ec1492a5dc4d4da98565f6327f7be6 - - default default] Unable to schedule network ff242978-c630-477a-8591-8f3e9d7d41ce: no agents available; will retry on subsequent port and subnet creation events.
2026-05-11 02:07:01.044 9 INFO neutron.db.ovn_revision_numbers_db [None req-473e567d-77e3-4f2a-a023-4b4e9c364d6d 5f38f832cbf04743a620a62a4c00306c 57ec1492a5dc4d4da98565f6327f7be6 - - default default] Successfully bumped revision number for resource fa248735-7079-447a-8525-447cde757024 (type: floatingips) to 0
2026-05-11 02:07:01.060 9 INFO neutron.wsgi [None req-473e567d-77e3-4f2a-a023-4b4e9c364d6d 5f38f832cbf04743a620a62a4c00306c 57ec1492a5dc4d4da98565f6327f7be6 - - default default] 10.0.0.96 "POST /v2.0/floatingips HTTP/1.1" status: 201 len: 751 time: 0.6406162
2026-05-11 02:07:01.173 9 INFO neutron.wsgi [req-6624538f-529a-41fb-9835-63f4baf6cf9c req-a3f79365-5179-4ca4-94a3-4677563aaf35 5f38f832cbf04743a620a62a4c00306c 57ec1492a5dc4d4da98565f6327f7be6 - - default default] 10.0.0.15 "GET /v2.0/security-groups?name=tempest-secgroup-smoke-1205534563&fields=id&tenant_id=57ec1492a5dc4d4da98565f6327f7be6 HTTP/1.1" status: 200 len: 267 time: 0.0437891
2026-05-11 02:07:01.237 9 INFO neutron.wsgi [req-6624538f-529a-41fb-9835-63f4baf6cf9c req-a8de350e-5550-40bc-a6e5-543952427832 5f38f832cbf04743a620a62a4c00306c 57ec1492a5dc4d4da98565f6327f7be6 - - default default] 10.0.0.15 "GET /v2.0/security-groups?name=tempest-securitygroup--52171050&fields=id&tenant_id=57ec1492a5dc4d4da98565f6327f7be6 HTTP/1.1" status: 200 len: 267 time: 0.0556583
2026-05-11 02:07:01.320 9 INFO neutron.wsgi [req-6624538f-529a-41fb-9835-63f4baf6cf9c req-37cf5185-00ec-43fd-ae0f-48b9884cf634 5f38f832cbf04743a620a62a4c00306c 57ec1492a5dc4d4da98565f6327f7be6 - - default default] 10.0.0.15 "GET /v2.0/networks?id=4a018826-7229-41f8-b4b3-b4efe5dc2ccc HTTP/1.1" status: 200 len: 872 time: 0.0767648
2026-05-11 02:07:01.341 9 INFO neutron.wsgi [req-6624538f-529a-41fb-9835-63f4baf6cf9c req-360a4cf6-39c9-4a42-afe9-dc7c5286f6f0 5f38f832cbf04743a620a62a4c00306c 57ec1492a5dc4d4da98565f6327f7be6 - - default default] 10.0.0.15 "GET /v2.0/quotas/57ec1492a5dc4d4da98565f6327f7be6 HTTP/1.1" status: 200 len: 386 time: 0.0109267
2026-05-11 02:07:01.443 9 INFO neutron.wsgi [req-6624538f-529a-41fb-9835-63f4baf6cf9c req-86efd9f6-0114-4c1d-ac44-f9c9d99c457e 5f38f832cbf04743a620a62a4c00306c 57ec1492a5dc4d4da98565f6327f7be6 - - default default] 10.0.0.15 "GET /v2.0/ports?tenant_id=57ec1492a5dc4d4da98565f6327f7be6&fields=id HTTP/1.1" status: 200 len: 302 time: 0.0952284
2026-05-11 02:07:01.508 9 INFO neutron.wsgi [req-6624538f-529a-41fb-9835-63f4baf6cf9c req-fd5cc69b-b904-4411-a026-aa1e65867195 55f991a7fc184b8aa8a45640e88358c5 e372edc487564543ba6003396eb8f5e9 - - 001184f3b1ca4d748842f4ce7543235f 001184f3b1ca4d748842f4ce7543235f] 10.0.0.15 "GET /v2.0/networks/4a018826-7229-41f8-b4b3-b4efe5dc2ccc?fields=segments HTTP/1.1" status: 200 len: 212 time: 0.0517681
2026-05-11 02:07:01.571 9 INFO neutron.wsgi [req-6624538f-529a-41fb-9835-63f4baf6cf9c req-3f84b804-6a90-4a12-9e26-df5fe3cdb171 55f991a7fc184b8aa8a45640e88358c5 e372edc487564543ba6003396eb8f5e9 - - 001184f3b1ca4d748842f4ce7543235f 001184f3b1ca4d748842f4ce7543235f] 10.0.0.15 "GET /v2.0/networks/4a018826-7229-41f8-b4b3-b4efe5dc2ccc?fields=provider%3Aphysical_network&fields=provider%3Anetwork_type HTTP/1.1" status: 200 len: 277 time: 0.0569491
2026-05-11 02:07:01.738 10 INFO neutron.wsgi [req-6f99dc98-1788-4b3d-a55c-dbeae9090b81 req-7d347b28-cd63-4c95-9557-994ddd25e2c9 5f38f832cbf04743a620a62a4c00306c 57ec1492a5dc4d4da98565f6327f7be6 - - default default] 10.0.0.15 "GET /v2.0/ports?device_id=cea47e50-9292-4dc3-829d-ef114e5a3593 HTTP/1.1" status: 200 len: 210 time: 0.0230100
2026-05-11 02:07:02.469 9 INFO neutron.wsgi [req-6624538f-529a-41fb-9835-63f4baf6cf9c req-9356bbda-0df8-4a3c-a1cc-c07cc817185e 5f38f832cbf04743a620a62a4c00306c 57ec1492a5dc4d4da98565f6327f7be6 - - default default] 199.204.45.22 "GET /v2.0/networks?id=4a018826-7229-41f8-b4b3-b4efe5dc2ccc HTTP/1.1" status: 200 len: 872 time: 0.0720563
2026-05-11 02:07:02.528 9 INFO neutron.wsgi [req-6624538f-529a-41fb-9835-63f4baf6cf9c req-b96e7359-48b5-4571-903f-65669bceca32 5f38f832cbf04743a620a62a4c00306c 57ec1492a5dc4d4da98565f6327f7be6 - - default default] 199.204.45.22 "GET /v2.0/security-groups?fields=id&fields=name&tenant_id=57ec1492a5dc4d4da98565f6327f7be6 HTTP/1.1" status: 200 len: 471 time: 0.0482314
2026-05-11 02:07:02.632 9 WARNING neutron.plugins.ml2.drivers.ovn.mech_driver.ovsdb.ovn_client [None req-d7fd741a-a85c-4092-858e-c1902e487ad4 - - - - - -] No hosting information found for port 4b02e634-6270-4b50-94da-1feebd185b83: RuntimeError: No hosting information found for port 4b02e634-6270-4b50-94da-1feebd185b83 /var/lib/openstack/lib/python3.10/site-packages/pycadf/identifier.py:71: UserWarning: Invalid uuid: neutron. To ensure interoperability, identifiers should be a valid uuid. warnings.warn(('Invalid uuid: %s. To ensure interoperability, '
2026-05-11 02:07:02.836 9 INFO neutron.wsgi [req-28e80f37-473d-4fed-b4f0-71929a26212c req-d9b9b33c-d06d-4c85-b363-e4a45131278b 5f38f832cbf04743a620a62a4c00306c 57ec1492a5dc4d4da98565f6327f7be6 - - default default] 10.0.0.15 "GET /v2.0/ports?device_id=cea47e50-9292-4dc3-829d-ef114e5a3593 HTTP/1.1" status: 200 len: 210 time: 0.0251663
2026-05-11 02:07:02.909 9 WARNING neutron.scheduler.dhcp_agent_scheduler [req-6624538f-529a-41fb-9835-63f4baf6cf9c req-aa3501e7-5cf2-41e9-acde-9328dd25390d 5f38f832cbf04743a620a62a4c00306c 57ec1492a5dc4d4da98565f6327f7be6 - - default default] No more DHCP agents
2026-05-11 02:07:02.912 9 WARNING neutron.api.rpc.agentnotifiers.dhcp_rpc_agent_api [req-6624538f-529a-41fb-9835-63f4baf6cf9c req-aa3501e7-5cf2-41e9-acde-9328dd25390d 5f38f832cbf04743a620a62a4c00306c 57ec1492a5dc4d4da98565f6327f7be6 - - default default] Unable to schedule network 4a018826-7229-41f8-b4b3-b4efe5dc2ccc: no agents available; will retry on subsequent port and subnet creation events.
2026-05-11 02:07:03.065 9 INFO neutron.db.ovn_revision_numbers_db [req-6624538f-529a-41fb-9835-63f4baf6cf9c req-aa3501e7-5cf2-41e9-acde-9328dd25390d 5f38f832cbf04743a620a62a4c00306c 57ec1492a5dc4d4da98565f6327f7be6 - - default default] Successfully bumped revision number for resource db60e1fb-79f8-4974-91ff-8f1565364210 (type: ports) to 1
2026-05-11 02:07:03.090 9 INFO neutron.wsgi [req-6624538f-529a-41fb-9835-63f4baf6cf9c req-aa3501e7-5cf2-41e9-acde-9328dd25390d 5f38f832cbf04743a620a62a4c00306c 57ec1492a5dc4d4da98565f6327f7be6 - - default default] 199.204.45.22 "POST /v2.0/ports HTTP/1.1" status: 201 len: 1201 time: 0.5552819 /var/lib/openstack/lib/python3.10/site-packages/pycadf/identifier.py:71: UserWarning: Invalid uuid: neutron. To ensure interoperability, identifiers should be a valid uuid. warnings.warn(('Invalid uuid: %s. To ensure interoperability, '
2026-05-11 02:07:03.497 9 INFO neutron.db.ovn_revision_numbers_db [req-6624538f-529a-41fb-9835-63f4baf6cf9c req-b757668c-5e9a-45ba-b2ff-350a5587449d 55f991a7fc184b8aa8a45640e88358c5 e372edc487564543ba6003396eb8f5e9 - - 001184f3b1ca4d748842f4ce7543235f 001184f3b1ca4d748842f4ce7543235f] Successfully bumped revision number for resource db60e1fb-79f8-4974-91ff-8f1565364210 (type: ports) to 2
2026-05-11 02:07:03.689 9 INFO neutron.db.ovn_revision_numbers_db [req-6624538f-529a-41fb-9835-63f4baf6cf9c req-b757668c-5e9a-45ba-b2ff-350a5587449d 55f991a7fc184b8aa8a45640e88358c5 e372edc487564543ba6003396eb8f5e9 - - 001184f3b1ca4d748842f4ce7543235f 001184f3b1ca4d748842f4ce7543235f] Successfully bumped revision number for resource db60e1fb-79f8-4974-91ff-8f1565364210 (type: ports) to 2
2026-05-11 02:07:03.705 9 INFO neutron.wsgi [req-6624538f-529a-41fb-9835-63f4baf6cf9c req-b757668c-5e9a-45ba-b2ff-350a5587449d 55f991a7fc184b8aa8a45640e88358c5 e372edc487564543ba6003396eb8f5e9 - - 001184f3b1ca4d748842f4ce7543235f 001184f3b1ca4d748842f4ce7543235f] 199.204.45.22 "PUT /v2.0/ports/db60e1fb-79f8-4974-91ff-8f1565364210 HTTP/1.1" status: 200 len: 1419 time: 0.6059239
2026-05-11 02:07:03.745 9 INFO neutron.notifiers.nova [-] Nova event matching ['req-1b3ff4bd-d5a8-4e01-8382-89cabd34d2ec'] response: {'name': 'network-changed', 'server_uuid': 'cea47e50-9292-4dc3-829d-ef114e5a3593', 'tag': 'db60e1fb-79f8-4974-91ff-8f1565364210', 'status': 'completed', 'code': 200} /var/lib/openstack/lib/python3.10/site-packages/pycadf/identifier.py:71: UserWarning: Invalid uuid: neutron. To ensure interoperability, identifiers should be a valid uuid. warnings.warn(('Invalid uuid: %s. To ensure interoperability, '
2026-05-11 02:07:03.790 9 INFO neutron.wsgi [req-6624538f-529a-41fb-9835-63f4baf6cf9c req-74894f85-6daa-470e-907e-9776457e6ebb 55f991a7fc184b8aa8a45640e88358c5 e372edc487564543ba6003396eb8f5e9 - - 001184f3b1ca4d748842f4ce7543235f 001184f3b1ca4d748842f4ce7543235f] 199.204.45.22 "GET /v2.0/ports?tenant_id=57ec1492a5dc4d4da98565f6327f7be6&device_id=cea47e50-9292-4dc3-829d-ef114e5a3593 HTTP/1.1" status: 200 len: 1450 time: 0.0390761
2026-05-11 02:07:03.825 9 INFO neutron.wsgi [req-6624538f-529a-41fb-9835-63f4baf6cf9c req-f3a36cb5-04b9-4b44-b706-8ca2f4849f22 55f991a7fc184b8aa8a45640e88358c5 e372edc487564543ba6003396eb8f5e9 - - 001184f3b1ca4d748842f4ce7543235f 001184f3b1ca4d748842f4ce7543235f] 199.204.45.22 "GET /v2.0/floatingips?fixed_ip_address=10.100.0.10&port_id=db60e1fb-79f8-4974-91ff-8f1565364210 HTTP/1.1" status: 200 len: 217 time: 0.0301664
2026-05-11 02:07:03.873 9 INFO neutron.wsgi [req-6624538f-529a-41fb-9835-63f4baf6cf9c req-2c61ebbe-53d7-4aca-bfe3-4ff14d7e6bc9 55f991a7fc184b8aa8a45640e88358c5 e372edc487564543ba6003396eb8f5e9 - - 001184f3b1ca4d748842f4ce7543235f 001184f3b1ca4d748842f4ce7543235f] 199.204.45.22 "GET /v2.0/subnets?id=7a50a18f-0efe-4ece-b06b-a5ee14c793b4 HTTP/1.1" status: 200 len: 866 time: 0.0419283
2026-05-11 02:07:03.910 9 INFO neutron.wsgi [req-6624538f-529a-41fb-9835-63f4baf6cf9c req-904295ea-6cfe-4015-beef-6d862e512f9b 55f991a7fc184b8aa8a45640e88358c5 e372edc487564543ba6003396eb8f5e9 - - 001184f3b1ca4d748842f4ce7543235f 001184f3b1ca4d748842f4ce7543235f] 199.204.45.22 "GET /v2.0/ports?network_id=4a018826-7229-41f8-b4b3-b4efe5dc2ccc&device_owner=network%3Adhcp HTTP/1.1" status: 200 len: 210 time: 0.0286853
2026-05-11 02:07:03.965 9 INFO neutron.wsgi [req-2eafa2bd-0137-4069-a65c-ef4842c56d7e req-fd6bdb94-9caf-4608-8e97-defbd2ddf3c9 5f38f832cbf04743a620a62a4c00306c 57ec1492a5dc4d4da98565f6327f7be6 - - default default] 10.0.0.15 "GET /v2.0/ports?device_id=cea47e50-9292-4dc3-829d-ef114e5a3593 HTTP/1.1" status: 200 len: 1212 time: 0.0592375
2026-05-11 02:07:04.001 9 INFO neutron.wsgi [req-6624538f-529a-41fb-9835-63f4baf6cf9c req-db66481c-6478-4758-ad62-3dd126adecfe 55f991a7fc184b8aa8a45640e88358c5 e372edc487564543ba6003396eb8f5e9 - - 001184f3b1ca4d748842f4ce7543235f 001184f3b1ca4d748842f4ce7543235f] 199.204.45.22 "GET /v2.0/networks/4a018826-7229-41f8-b4b3-b4efe5dc2ccc?fields=segments HTTP/1.1" status: 200 len: 212 time: 0.0845561
2026-05-11 02:07:04.041 9 INFO neutron.wsgi [req-2eafa2bd-0137-4069-a65c-ef4842c56d7e req-3f812adc-f219-4939-b9d3-4f16a9f567b9 5f38f832cbf04743a620a62a4c00306c 57ec1492a5dc4d4da98565f6327f7be6 - - default default] 10.0.0.15 "GET /v2.0/security-groups?id=ce7e3fda-10d1-48df-98f5-0013fbf0e6d1&id=f687a971-86d8-4b72-a283-925c0790c35d&fields=id&fields=name HTTP/1.1" status: 200 len: 404 time: 0.0672963
2026-05-11 02:07:04.092 9 INFO neutron.wsgi [req-6624538f-529a-41fb-9835-63f4baf6cf9c req-9b2b7d24-6c6b-405e-a5a7-c8170a132cd2 55f991a7fc184b8aa8a45640e88358c5 e372edc487564543ba6003396eb8f5e9 - - 001184f3b1ca4d748842f4ce7543235f 001184f3b1ca4d748842f4ce7543235f] 199.204.45.22 "GET /v2.0/networks/4a018826-7229-41f8-b4b3-b4efe5dc2ccc?fields=provider%3Aphysical_network&fields=provider%3Anetwork_type HTTP/1.1" status: 200 len: 277 time: 0.0764675
2026-05-11 02:07:04.195 9 INFO neutron.wsgi [req-b588d61c-2048-4c13-8275-fef488bc8ae7 req-2abb3919-038b-4d0e-9d64-d2e0f4a09746 55f991a7fc184b8aa8a45640e88358c5 e372edc487564543ba6003396eb8f5e9 - - 001184f3b1ca4d748842f4ce7543235f 001184f3b1ca4d748842f4ce7543235f] 199.204.45.22 "GET /v2.0/ports?tenant_id=57ec1492a5dc4d4da98565f6327f7be6&device_id=cea47e50-9292-4dc3-829d-ef114e5a3593 HTTP/1.1" status: 200 len: 1450 time: 0.0641897
2026-05-11 02:07:04.288 9 INFO neutron.wsgi [req-b588d61c-2048-4c13-8275-fef488bc8ae7 req-a264694e-72d1-4df6-8208-2a732d3ceb19 55f991a7fc184b8aa8a45640e88358c5 e372edc487564543ba6003396eb8f5e9 - - 001184f3b1ca4d748842f4ce7543235f 001184f3b1ca4d748842f4ce7543235f] 199.204.45.22 "GET /v2.0/networks?id=4a018826-7229-41f8-b4b3-b4efe5dc2ccc HTTP/1.1" status: 200 len: 971 time: 0.0836957
2026-05-11 02:07:04.294 9 INFO neutron.wsgi [req-f531a04b-1c6f-44ca-8559-abb7be784440 req-5215b89c-77b6-4fb9-95e9-f941f27a0215 55f991a7fc184b8aa8a45640e88358c5 e372edc487564543ba6003396eb8f5e9 - - 001184f3b1ca4d748842f4ce7543235f 001184f3b1ca4d748842f4ce7543235f] 199.204.45.22 "GET /v2.0/ports?device_id=cea47e50-9292-4dc3-829d-ef114e5a3593 HTTP/1.1" status: 200 len: 1450 time: 0.0416522
2026-05-11 02:07:04.350 9 INFO neutron.wsgi [req-b588d61c-2048-4c13-8275-fef488bc8ae7 req-f3fb3a59-d975-4de2-a9f9-7e1268cf2918 55f991a7fc184b8aa8a45640e88358c5 e372edc487564543ba6003396eb8f5e9 - - 001184f3b1ca4d748842f4ce7543235f 001184f3b1ca4d748842f4ce7543235f] 199.204.45.22 "GET /v2.0/floatingips?fixed_ip_address=10.100.0.10&port_id=db60e1fb-79f8-4974-91ff-8f1565364210 HTTP/1.1" status: 200 len: 217 time: 0.0511351
2026-05-11 02:07:04.391 9 INFO neutron.wsgi [req-f531a04b-1c6f-44ca-8559-abb7be784440 req-e45fbe50-4818-46b4-a501-566e0edcaed6 55f991a7fc184b8aa8a45640e88358c5 e372edc487564543ba6003396eb8f5e9 - - 001184f3b1ca4d748842f4ce7543235f 001184f3b1ca4d748842f4ce7543235f] 199.204.45.22 "GET /v2.0/security-groups?id=ce7e3fda-10d1-48df-98f5-0013fbf0e6d1&id=f687a971-86d8-4b72-a283-925c0790c35d&fields=id&fields=name HTTP/1.1" status: 200 len: 404 time: 0.0909247
2026-05-11 02:07:04.393 9 INFO neutron.wsgi [req-b588d61c-2048-4c13-8275-fef488bc8ae7 req-baac1a7c-cb50-4b9c-bd3a-486e4ffe11ff 55f991a7fc184b8aa8a45640e88358c5 e372edc487564543ba6003396eb8f5e9 - - 001184f3b1ca4d748842f4ce7543235f 001184f3b1ca4d748842f4ce7543235f] 199.204.45.22 "GET /v2.0/subnets?id=7a50a18f-0efe-4ece-b06b-a5ee14c793b4 HTTP/1.1" status: 200 len: 866 time: 0.0372989
2026-05-11 02:07:04.443 9 INFO neutron.wsgi [req-b588d61c-2048-4c13-8275-fef488bc8ae7 req-362f69b7-67e8-4182-9ef6-90fa07c4adbf 55f991a7fc184b8aa8a45640e88358c5 e372edc487564543ba6003396eb8f5e9 - - 001184f3b1ca4d748842f4ce7543235f 001184f3b1ca4d748842f4ce7543235f] 199.204.45.22 "GET /v2.0/ports?network_id=4a018826-7229-41f8-b4b3-b4efe5dc2ccc&device_owner=network%3Adhcp HTTP/1.1" status: 200 len: 210 time: 0.0231993
2026-05-11 02:07:04.498 9 INFO neutron.plugins.ml2.drivers.ovn.mech_driver.mech_driver [None req-d7fd741a-a85c-4092-858e-c1902e487ad4 - - - - - -] OVN reports status up for port: db60e1fb-79f8-4974-91ff-8f1565364210
2026-05-11 02:07:04.519 9 INFO neutron.plugins.ml2.plugin [None req-d7fd741a-a85c-4092-858e-c1902e487ad4 - - - - - -] Attempt 1 to provision port db60e1fb-79f8-4974-91ff-8f1565364210
2026-05-11 02:07:04.570 9 INFO neutron.wsgi [req-b588d61c-2048-4c13-8275-fef488bc8ae7 req-ce61b7f3-19ad-4958-8c62-d79f325b0680 55f991a7fc184b8aa8a45640e88358c5 e372edc487564543ba6003396eb8f5e9 - - 001184f3b1ca4d748842f4ce7543235f 001184f3b1ca4d748842f4ce7543235f] 199.204.45.22 "GET /v2.0/networks/4a018826-7229-41f8-b4b3-b4efe5dc2ccc?fields=segments HTTP/1.1" status: 200 len: 212 time: 0.1185489
2026-05-11 02:07:04.677 9 INFO neutron.wsgi [req-b588d61c-2048-4c13-8275-fef488bc8ae7 req-c05bb9af-925e-4c67-be05-d6d67efe5805 55f991a7fc184b8aa8a45640e88358c5 e372edc487564543ba6003396eb8f5e9 - - 001184f3b1ca4d748842f4ce7543235f 001184f3b1ca4d748842f4ce7543235f] 199.204.45.22 "GET /v2.0/networks/4a018826-7229-41f8-b4b3-b4efe5dc2ccc?fields=provider%3Aphysical_network&fields=provider%3Anetwork_type HTTP/1.1" status: 200 len: 277 time: 0.0994482
2026-05-11 02:07:04.930 9 INFO neutron.db.ovn_revision_numbers_db [None req-d7fd741a-a85c-4092-858e-c1902e487ad4 - - - - - -] Successfully bumped revision number for resource db60e1fb-79f8-4974-91ff-8f1565364210 (type: ports) to 4
2026-05-11 02:07:05.194 10 INFO neutron.wsgi [req-b1bd92de-898a-41a9-b365-ee68baf61b7e req-3435898e-1cd4-46d5-965b-77c4511e507a 5f38f832cbf04743a620a62a4c00306c 57ec1492a5dc4d4da98565f6327f7be6 - - default default] 10.0.0.15 "GET /v2.0/ports?device_id=cea47e50-9292-4dc3-829d-ef114e5a3593 HTTP/1.1" status: 200 len: 1214 time: 0.0809908
2026-05-11 02:07:05.239 10 INFO neutron.wsgi [req-b1bd92de-898a-41a9-b365-ee68baf61b7e req-c69f3213-cf9d-457d-8e5f-bb846bd8017c 5f38f832cbf04743a620a62a4c00306c 57ec1492a5dc4d4da98565f6327f7be6 - - default default] 10.0.0.15 "GET /v2.0/security-groups?id=ce7e3fda-10d1-48df-98f5-0013fbf0e6d1&id=f687a971-86d8-4b72-a283-925c0790c35d&fields=id&fields=name HTTP/1.1" status: 200 len: 404 time: 0.0393147
2026-05-11 02:07:05.789 9 INFO neutron.notifiers.nova [-] Nova event matching ['req-200c36ba-a32c-49ff-8fe4-ff42a9fe495d'] response: {'server_uuid': 'cea47e50-9292-4dc3-829d-ef114e5a3593', 'name': 'network-vif-plugged', 'status': 'completed', 'tag': 'db60e1fb-79f8-4974-91ff-8f1565364210', 'code': 200}
2026-05-11 02:07:05.790 9 INFO neutron.notifiers.nova [-] Nova event matching ['req-200c36ba-a32c-49ff-8fe4-ff42a9fe495d'] response: {'server_uuid': 'cea47e50-9292-4dc3-829d-ef114e5a3593', 'name': 'network-vif-plugged', 'status': 'completed', 'tag': 'db60e1fb-79f8-4974-91ff-8f1565364210', 'code': 200}
2026-05-11 02:07:06.367 10 INFO neutron.wsgi [req-01203381-06f1-4954-9f8a-1dac99d63e96 req-3257ece6-0924-4a3e-a381-b301ac9eb271 5f38f832cbf04743a620a62a4c00306c 57ec1492a5dc4d4da98565f6327f7be6 - - default default] 10.0.0.15 "GET /v2.0/ports?device_id=cea47e50-9292-4dc3-829d-ef114e5a3593 HTTP/1.1" status: 200 len: 1214 time: 0.0629177
2026-05-11 02:07:06.423 10 INFO neutron.wsgi [req-01203381-06f1-4954-9f8a-1dac99d63e96 req-453592d2-acd3-4ea6-9a77-dc1092e69058 5f38f832cbf04743a620a62a4c00306c 57ec1492a5dc4d4da98565f6327f7be6 - - default default] 10.0.0.15 "GET /v2.0/security-groups?id=ce7e3fda-10d1-48df-98f5-0013fbf0e6d1&id=f687a971-86d8-4b72-a283-925c0790c35d&fields=id&fields=name HTTP/1.1" status: 200 len: 404 time: 0.0469587 /var/lib/openstack/lib/python3.10/site-packages/pycadf/identifier.py:71: UserWarning: Invalid uuid: neutron. To ensure interoperability, identifiers should be a valid uuid. warnings.warn(('Invalid uuid: %s. To ensure interoperability, '
2026-05-11 02:07:06.581 9 INFO neutron.wsgi [req-aa8e3bbe-409f-4ca4-a175-86936eb904b6 req-5bff361a-7c40-40af-b73b-eb943c473e46 5f38f832cbf04743a620a62a4c00306c 57ec1492a5dc4d4da98565f6327f7be6 - - default default] 10.0.0.15 "GET /v2.0/ports?device_id=cea47e50-9292-4dc3-829d-ef114e5a3593 HTTP/1.1" status: 200 len: 1214 time: 0.0915418
2026-05-11 02:07:06.830 10 INFO neutron.db.l3_db [None req-61454302-f91e-4337-bcac-b4bfc0ee810e 5f38f832cbf04743a620a62a4c00306c 57ec1492a5dc4d4da98565f6327f7be6 - - default default] Floating IP fa248735-7079-447a-8525-447cde757024 associated. External IP: 10.96.250.210, port: db60e1fb-79f8-4974-91ff-8f1565364210.
2026-05-11 02:07:07.072 10 INFO neutron.db.ovn_revision_numbers_db [None req-61454302-f91e-4337-bcac-b4bfc0ee810e 5f38f832cbf04743a620a62a4c00306c 57ec1492a5dc4d4da98565f6327f7be6 - - default default] Successfully bumped revision number for resource fa248735-7079-447a-8525-447cde757024 (type: floatingips) to 1
2026-05-11 02:07:07.195 10 INFO neutron.db.ovn_revision_numbers_db [None req-61454302-f91e-4337-bcac-b4bfc0ee810e 5f38f832cbf04743a620a62a4c00306c 57ec1492a5dc4d4da98565f6327f7be6 - - default default] Successfully bumped revision number for resource fa248735-7079-447a-8525-447cde757024 (type: floatingips) to 2
2026-05-11 02:07:07.221 10 INFO neutron.wsgi [None req-61454302-f91e-4337-bcac-b4bfc0ee810e 5f38f832cbf04743a620a62a4c00306c 57ec1492a5dc4d4da98565f6327f7be6 - - default default] 10.0.0.96 "PUT /v2.0/floatingips/fa248735-7079-447a-8525-447cde757024 HTTP/1.1" status: 200 len: 1050 time: 0.6256609
2026-05-11 02:07:07.263 10 INFO neutron.notifiers.nova [-] Nova event matching ['req-20215992-7545-40d1-ae05-1ff728c66333'] response: {'name': 'network-changed', 'server_uuid': 'cea47e50-9292-4dc3-829d-ef114e5a3593', 'tag': 'db60e1fb-79f8-4974-91ff-8f1565364210', 'status': 'completed', 'code': 200}
2026-05-11 02:07:07.327 9 INFO neutron.wsgi [req-58f2b820-50ea-40a0-908a-2138f354fdd2 req-28fe6018-37f0-481c-8174-7e56479c7896 55f991a7fc184b8aa8a45640e88358c5 e372edc487564543ba6003396eb8f5e9 - - 001184f3b1ca4d748842f4ce7543235f 001184f3b1ca4d748842f4ce7543235f] 199.204.45.22 "GET /v2.0/ports?tenant_id=57ec1492a5dc4d4da98565f6327f7be6&device_id=cea47e50-9292-4dc3-829d-ef114e5a3593 HTTP/1.1" status: 200 len: 1452 time: 0.0450103
2026-05-11 02:07:07.400 9 INFO neutron.wsgi [req-58f2b820-50ea-40a0-908a-2138f354fdd2 req-86138056-435b-48e9-b5db-735fb16956b9 55f991a7fc184b8aa8a45640e88358c5 e372edc487564543ba6003396eb8f5e9 - - 001184f3b1ca4d748842f4ce7543235f 001184f3b1ca4d748842f4ce7543235f] 199.204.45.22 "GET /v2.0/networks?id=4a018826-7229-41f8-b4b3-b4efe5dc2ccc HTTP/1.1" status: 200 len: 971 time: 0.0661838
2026-05-11 02:07:07.450 9 INFO neutron.wsgi [req-58f2b820-50ea-40a0-908a-2138f354fdd2 req-a1a2f27b-e527-4c33-a2af-86646444a709 55f991a7fc184b8aa8a45640e88358c5 e372edc487564543ba6003396eb8f5e9 - - 001184f3b1ca4d748842f4ce7543235f 001184f3b1ca4d748842f4ce7543235f] 199.204.45.22 "GET /v2.0/floatingips?fixed_ip_address=10.100.0.10&port_id=db60e1fb-79f8-4974-91ff-8f1565364210 HTTP/1.1" status: 200 len: 1060 time: 0.0419300
2026-05-11 02:07:07.489 9 INFO neutron.wsgi [req-58f2b820-50ea-40a0-908a-2138f354fdd2 req-f5b3daaf-31e3-4937-be1a-a48c288ac0eb 55f991a7fc184b8aa8a45640e88358c5 e372edc487564543ba6003396eb8f5e9 - - 001184f3b1ca4d748842f4ce7543235f 001184f3b1ca4d748842f4ce7543235f] 199.204.45.22 "GET /v2.0/subnets?id=7a50a18f-0efe-4ece-b06b-a5ee14c793b4 HTTP/1.1" status: 200 len: 866 time: 0.0331175
2026-05-11 02:07:07.513 9 INFO neutron.wsgi [req-58f2b820-50ea-40a0-908a-2138f354fdd2 req-df6f69a4-b283-429d-89cb-b96abbc1af66 55f991a7fc184b8aa8a45640e88358c5 e372edc487564543ba6003396eb8f5e9 - - 001184f3b1ca4d748842f4ce7543235f 001184f3b1ca4d748842f4ce7543235f] 199.204.45.22 "GET /v2.0/ports?network_id=4a018826-7229-41f8-b4b3-b4efe5dc2ccc&device_owner=network%3Adhcp HTTP/1.1" status: 200 len: 210 time: 0.0186102
2026-05-11 02:07:07.579 9 INFO neutron.wsgi [req-58f2b820-50ea-40a0-908a-2138f354fdd2 req-017cac70-2cec-4315-8321-c74ab1bda9a9 55f991a7fc184b8aa8a45640e88358c5 e372edc487564543ba6003396eb8f5e9 - - 001184f3b1ca4d748842f4ce7543235f 001184f3b1ca4d748842f4ce7543235f] 199.204.45.22 "GET /v2.0/networks/4a018826-7229-41f8-b4b3-b4efe5dc2ccc?fields=segments HTTP/1.1" status: 200 len: 212 time: 0.0587654
2026-05-11 02:07:07.655 9 INFO neutron.wsgi [req-58f2b820-50ea-40a0-908a-2138f354fdd2 req-f27b71c1-091f-4e03-9c50-d1873c3da580 55f991a7fc184b8aa8a45640e88358c5 e372edc487564543ba6003396eb8f5e9 - - 001184f3b1ca4d748842f4ce7543235f 001184f3b1ca4d748842f4ce7543235f] 199.204.45.22 "GET /v2.0/networks/4a018826-7229-41f8-b4b3-b4efe5dc2ccc?fields=provider%3Aphysical_network&fields=provider%3Anetwork_type HTTP/1.1" status: 200 len: 277 time: 0.0661373
2026-05-11 02:07:08.309 9 INFO neutron.wsgi [-] 10.0.0.133 "GET / HTTP/1.1" status: 200 len: 246 time: 0.0028241
2026-05-11 02:07:08.311 10 INFO neutron.wsgi [-] 10.0.0.133 "GET / HTTP/1.1" status: 200 len: 246 time: 0.0037200 /var/lib/openstack/lib/python3.10/site-packages/pycadf/identifier.py:71: UserWarning: Invalid uuid: neutron. To ensure interoperability, identifiers should be a valid uuid. warnings.warn(('Invalid uuid: %s. To ensure interoperability, '
2026-05-11 02:07:08.838 10 INFO neutron.wsgi [req-637f0340-041f-4c27-a3a0-e9ed1cedc994 req-7c3a7b3b-077d-41bd-99e4-9917325baf25 55f991a7fc184b8aa8a45640e88358c5 e372edc487564543ba6003396eb8f5e9 - - 001184f3b1ca4d748842f4ce7543235f 001184f3b1ca4d748842f4ce7543235f] 10.0.0.207 "GET /v2.0/ports?device_id=c88b9d26-dabc-438a-9dbb-aa5d399c2d22 HTTP/1.1" status: 200 len: 1638 time: 0.0392218
2026-05-11 02:07:08.885 10 INFO neutron.wsgi [req-637f0340-041f-4c27-a3a0-e9ed1cedc994 req-79ec4101-0e6c-42c2-9bc6-43c57dad24a5 55f991a7fc184b8aa8a45640e88358c5 e372edc487564543ba6003396eb8f5e9 - - 001184f3b1ca4d748842f4ce7543235f 001184f3b1ca4d748842f4ce7543235f] 10.0.0.207 "GET /v2.0/security-groups?id=82199aa6-72f1-4afa-b91a-aedf04b968f5&fields=id&fields=name HTTP/1.1" status: 200 len: 310 time: 0.0411363
2026-05-11 02:07:12.542 10 INFO neutron.wsgi [None req-c8e9ec45-39a6-4392-8d52-07a6bac3bda5 d84d86da1b5241b7a34eebd325040d4c b5b1ecbea895465eb16b84a4efdcc727 - - default default] 10.0.0.96 "GET /v2.0/subnets/14872d12-75da-4319-82af-600ca18c155e HTTP/1.1" status: 200 len: 846 time: 0.0334368
2026-05-11 02:07:13.064 9 INFO neutron.wsgi [None req-081cc6cc-119d-4ba5-bf42-7f1db89ef9cd f6a1eab280bb4675a19f2737111a8190 2a02514e1226463db8226cdf845d2c0b - - default default] 10.0.0.204 "GET /v2.0/extensions/security-group HTTP/1.1" status: 200 len: 369 time: 0.0538914
2026-05-11 02:07:13.079 9 INFO neutron.wsgi [None req-4738cbd9-2dd3-49c9-8d3f-5a194cd0ac13 f6a1eab280bb4675a19f2737111a8190 2a02514e1226463db8226cdf845d2c0b - - default default] 10.0.0.204 "GET /v2.0/extensions/dns-integration HTTP/1.1" status: 200 len: 371 time: 0.0051756
2026-05-11 02:07:13.088 9 INFO neutron.wsgi [None req-a3278077-ebe4-436e-8af5-1d6c32fb61dc f6a1eab280bb4675a19f2737111a8190 2a02514e1226463db8226cdf845d2c0b - - default default] 10.0.0.204 "GET /v2.0/extensions/qos HTTP/1.1" status: 200 len: 365 time: 0.0064371
2026-05-11 02:07:13.100 9 INFO neutron.wsgi [None req-4b62dfd0-045a-4f61-90a4-259036824e23 f6a1eab280bb4675a19f2737111a8190 2a02514e1226463db8226cdf845d2c0b - - default default] 10.0.0.204 "GET /v2.0/extensions/allowed-address-pairs HTTP/1.1" status: 200 len: 383 time: 0.0047760
2026-05-11 02:07:13.595 10 INFO neutron.wsgi [-] 10.0.0.204 "GET / HTTP/1.1" status: 200 len: 284 time: 0.0031042
2026-05-11 02:07:13.643 10 INFO neutron.wsgi [None req-9b61a4b5-d8be-4bea-a358-6160a99a3d9e 161dcb38305742789c9e4099c59a60d3 3dbb2d5be3b84a8cad4bc207b3c4352a - - default default] 10.0.0.204 "GET /v2.0/subnets/14872d12-75da-4319-82af-600ca18c155e HTTP/1.1" status: 200 len: 833 time: 0.0373268
2026-05-11 02:07:13.662 9 INFO neutron.wsgi [None req-bba7e7a2-1388-4b0a-890a-d000c07bb861 f6a1eab280bb4675a19f2737111a8190 2a02514e1226463db8226cdf845d2c0b - - default default] 10.0.0.204 "GET /v2.0/extensions/security-group HTTP/1.1" status: 200 len: 369 time: 0.0096738
2026-05-11 02:07:13.672 9 INFO neutron.wsgi [None req-c027db6f-5e16-44b2-ab34-8766073657be f6a1eab280bb4675a19f2737111a8190 2a02514e1226463db8226cdf845d2c0b - - default default] 10.0.0.204 "GET /v2.0/extensions/dns-integration HTTP/1.1" status: 200 len: 371 time: 0.0046909
2026-05-11 02:07:13.682 9 INFO neutron.wsgi [None req-c7d2573b-ded7-48d8-9d30-1475332335e6 f6a1eab280bb4675a19f2737111a8190 2a02514e1226463db8226cdf845d2c0b - - default default] 10.0.0.204 "GET /v2.0/extensions/qos HTTP/1.1" status: 200 len: 365 time: 0.0052245
2026-05-11 02:07:13.692 9 INFO neutron.wsgi [None req-67281301-5cc8-434f-bb00-e4142b340ff7 f6a1eab280bb4675a19f2737111a8190 2a02514e1226463db8226cdf845d2c0b - - default default] 10.0.0.204 "GET /v2.0/extensions/allowed-address-pairs HTTP/1.1" status: 200 len: 383 time: 0.0053947
2026-05-11 02:07:13.737 9 INFO neutron.wsgi [None req-a8f158b0-67cc-44ae-b87e-3c3cbc41ae08 f6a1eab280bb4675a19f2737111a8190 2a02514e1226463db8226cdf845d2c0b - - default default] 10.0.0.204 "GET /v2.0/subnets/14872d12-75da-4319-82af-600ca18c155e HTTP/1.1" status: 200 len: 851 time: 0.0353789
2026-05-11 02:07:13.938 9 INFO neutron.wsgi [None req-56beb98e-a6b1-40ba-9475-09ebbc1bf9f1 f6a1eab280bb4675a19f2737111a8190 2a02514e1226463db8226cdf845d2c0b - - default default] 10.0.0.204 "GET /v2.0/extensions/security-group HTTP/1.1" status: 200 len: 369 time: 0.0082996
2026-05-11 02:07:13.950 9 INFO neutron.wsgi [None req-259ed83f-6fc2-40f3-9fe4-bf6a6eb1b873 f6a1eab280bb4675a19f2737111a8190 2a02514e1226463db8226cdf845d2c0b - - default default] 10.0.0.204 "GET /v2.0/extensions/dns-integration HTTP/1.1" status: 200 len: 371 time: 0.0045328
