2026-05-11 02:06:16.033 10 INFO neutron.db.ovn_revision_numbers_db [None req-0e5e8b38-e3ca-48b5-9eea-48bffd2771d1 91630802f04e4551b24f95c62aca032b a9e80335556347c18bbe92a25942ef18 - - default default] Successfully bumped revision number for resource 3110ce3c-43e8-4c52-bf66-a849cbb8269f (type: security_group_rules) to 0
2026-05-11 02:06:16.058 10 INFO neutron.wsgi [None req-0e5e8b38-e3ca-48b5-9eea-48bffd2771d1 91630802f04e4551b24f95c62aca032b a9e80335556347c18bbe92a25942ef18 - - default default] 10.0.0.96 "POST /v2.0/security-group-rules HTTP/1.1" status: 201 len: 768 time: 0.1382978
2026-05-11 02:06:16.087 10 INFO neutron.db.securitygroups_db [None req-12200165-8d1f-41ff-8fbf-c952ffbc0fd1 91630802f04e4551b24f95c62aca032b a9e80335556347c18bbe92a25942ef18 - - default default] Project a9e80335556347c18bbe92a25942ef18 added a security group rule with legacy IPv6 ICMP protocol name icmp, ipv6-icmp should be used instead. It was automatically converted.
2026-05-11 02:06:16.186 10 INFO neutron.db.ovn_revision_numbers_db [None req-12200165-8d1f-41ff-8fbf-c952ffbc0fd1 91630802f04e4551b24f95c62aca032b a9e80335556347c18bbe92a25942ef18 - - default default] Successfully bumped revision number for resource b77d5982-82a2-4752-b3a0-22a41984157b (type: security_group_rules) to 0
2026-05-11 02:06:16.215 10 INFO neutron.wsgi [None req-12200165-8d1f-41ff-8fbf-c952ffbc0fd1 91630802f04e4551b24f95c62aca032b a9e80335556347c18bbe92a25942ef18 - - default default] 10.0.0.96 "POST /v2.0/security-group-rules HTTP/1.1" status: 201 len: 774 time: 0.1512172
2026-05-11 02:06:16.242 10 INFO neutron.db.securitygroups_db [None req-07fb26d8-be59-4ae7-8297-da54623e7ebd 91630802f04e4551b24f95c62aca032b a9e80335556347c18bbe92a25942ef18 - - default default] Project a9e80335556347c18bbe92a25942ef18 added a security group rule with legacy IPv6 ICMP protocol name icmp, ipv6-icmp should be used instead. It was automatically converted.
2026-05-11 02:06:16.354 10 INFO neutron.db.ovn_revision_numbers_db [None req-07fb26d8-be59-4ae7-8297-da54623e7ebd 91630802f04e4551b24f95c62aca032b a9e80335556347c18bbe92a25942ef18 - - default default] Successfully bumped revision number for resource a995038d-d0ba-4086-a03b-905dbaefe71d (type: security_group_rules) to 0
2026-05-11 02:06:16.379 10 INFO neutron.wsgi [None req-07fb26d8-be59-4ae7-8297-da54623e7ebd 91630802f04e4551b24f95c62aca032b a9e80335556347c18bbe92a25942ef18 - - default default] 10.0.0.96 "POST /v2.0/security-group-rules HTTP/1.1" status: 201 len: 773 time: 0.1582150
2026-05-11 02:06:17.089 10 INFO neutron.wsgi [None req-64731b20-6492-4e41-8bb4-9a70a8fbfde1 91630802f04e4551b24f95c62aca032b a9e80335556347c18bbe92a25942ef18 - - default default] 10.0.0.96 "GET /v2.0/networks HTTP/1.1" status: 200 len: 1493 time: 0.3364201
2026-05-11 02:06:17.298 10 INFO neutron.wsgi [req-3e1caadb-4f99-4d06-9378-b0d927ccfc6a req-be374c02-3d2f-464f-ad96-f2a661e62c1f 91630802f04e4551b24f95c62aca032b a9e80335556347c18bbe92a25942ef18 - - default default] 10.0.0.15 "GET /v2.0/security-groups?name=tempest-secgroup-smoke-1680220229&fields=id&tenant_id=a9e80335556347c18bbe92a25942ef18 HTTP/1.1" status: 200 len: 267 time: 0.0330563
2026-05-11 02:06:17.377 10 INFO neutron.wsgi [req-3e1caadb-4f99-4d06-9378-b0d927ccfc6a req-6a13e49b-2045-4907-aab9-6685df0e3abc 91630802f04e4551b24f95c62aca032b a9e80335556347c18bbe92a25942ef18 - - default default] 10.0.0.15 "GET /v2.0/networks?id=9a8d2bef-e057-480e-ab57-0c72cd3ef203 HTTP/1.1" status: 200 len: 860 time: 0.0714774
2026-05-11 02:06:17.395 10 INFO neutron.wsgi [req-3e1caadb-4f99-4d06-9378-b0d927ccfc6a req-a23fa531-787a-46b2-9503-2f40a324e497 91630802f04e4551b24f95c62aca032b a9e80335556347c18bbe92a25942ef18 - - default default] 10.0.0.15 "GET /v2.0/quotas/a9e80335556347c18bbe92a25942ef18 HTTP/1.1" status: 200 len: 386 time: 0.0093098
2026-05-11 02:06:17.519 10 INFO neutron.wsgi [req-3e1caadb-4f99-4d06-9378-b0d927ccfc6a req-d19ed463-5f78-4aff-ac57-984b040819fb 91630802f04e4551b24f95c62aca032b a9e80335556347c18bbe92a25942ef18 - - default default] 10.0.0.15 "GET /v2.0/ports?tenant_id=a9e80335556347c18bbe92a25942ef18&fields=id HTTP/1.1" status: 200 len: 348 time: 0.1174519
2026-05-11 02:06:17.587 10 INFO neutron.wsgi [req-3e1caadb-4f99-4d06-9378-b0d927ccfc6a req-ce67ccec-e03d-4f49-9a0a-d1e16bf2fcd5 55f991a7fc184b8aa8a45640e88358c5 e372edc487564543ba6003396eb8f5e9 - - 001184f3b1ca4d748842f4ce7543235f 001184f3b1ca4d748842f4ce7543235f] 10.0.0.15 "GET /v2.0/networks/9a8d2bef-e057-480e-ab57-0c72cd3ef203?fields=segments HTTP/1.1" status: 200 len: 212 time: 0.0551631
2026-05-11 02:06:17.656 10 INFO neutron.wsgi [req-3e1caadb-4f99-4d06-9378-b0d927ccfc6a req-38f23e47-05c6-4b79-80cf-c4f3352928dc 55f991a7fc184b8aa8a45640e88358c5 e372edc487564543ba6003396eb8f5e9 - - 001184f3b1ca4d748842f4ce7543235f 001184f3b1ca4d748842f4ce7543235f] 10.0.0.15 "GET /v2.0/networks/9a8d2bef-e057-480e-ab57-0c72cd3ef203?fields=provider%3Aphysical_network&fields=provider%3Anetwork_type HTTP/1.1" status: 200 len: 277 time: 0.0604510
2026-05-11 02:06:17.727 9 INFO neutron.wsgi [req-db0e199b-7c2c-4312-889d-41b8d4805840 req-534ba1a6-3d5b-4f71-b87a-3072c627db98 55f991a7fc184b8aa8a45640e88358c5 e372edc487564543ba6003396eb8f5e9 - - 001184f3b1ca4d748842f4ce7543235f 001184f3b1ca4d748842f4ce7543235f] 199.204.45.22 "GET /v2.0/ports?device_id=09e76ee3-f3e8-476e-b1ee-739018bf3630&fields=binding%3Ahost_id&fields=binding%3Avif_type HTTP/1.1" status: 200 len: 265 time: 0.0370247
2026-05-11 02:06:17.817 9 INFO neutron.wsgi [req-1f259f34-af06-4124-9bfa-6a73a078daf1 req-fae99303-0034-4f98-85f5-f2a4c840a6c0 91630802f04e4551b24f95c62aca032b a9e80335556347c18bbe92a25942ef18 - - default default] 10.0.0.15 "GET /v2.0/ports?device_id=e2522d82-c550-4707-9074-a58bd467137f HTTP/1.1" status: 200 len: 210 time: 0.0286090
2026-05-11 02:06:17.823 9 INFO neutron.wsgi [req-db0e199b-7c2c-4312-889d-41b8d4805840 req-81e00784-c057-4fea-aaa2-cd88d14361e0 55f991a7fc184b8aa8a45640e88358c5 e372edc487564543ba6003396eb8f5e9 - - 001184f3b1ca4d748842f4ce7543235f 001184f3b1ca4d748842f4ce7543235f] 199.204.45.22 "GET /v2.0/ports?tenant_id=a9e80335556347c18bbe92a25942ef18&device_id=09e76ee3-f3e8-476e-b1ee-739018bf3630 HTTP/1.1" status: 200 len: 1413 time: 0.0599787
2026-05-11 02:06:17.908 9 INFO neutron.wsgi [req-db0e199b-7c2c-4312-889d-41b8d4805840 req-c5de6d6b-bfb0-4c42-8153-7ce8a6cf6245 55f991a7fc184b8aa8a45640e88358c5 e372edc487564543ba6003396eb8f5e9 - - 001184f3b1ca4d748842f4ce7543235f 001184f3b1ca4d748842f4ce7543235f] 199.204.45.22 "GET /v2.0/networks?id=9a8d2bef-e057-480e-ab57-0c72cd3ef203 HTTP/1.1" status: 200 len: 959 time: 0.0648513
2026-05-11 02:06:17.938 9 INFO neutron.wsgi [req-db0e199b-7c2c-4312-889d-41b8d4805840 req-e5ad5ad1-aef8-4e59-9e8b-dc8e8989eae7 55f991a7fc184b8aa8a45640e88358c5 e372edc487564543ba6003396eb8f5e9 - - 001184f3b1ca4d748842f4ce7543235f 001184f3b1ca4d748842f4ce7543235f] 199.204.45.22 "GET /v2.0/floatingips?fixed_ip_address=10.100.0.10&port_id=135bbdca-3c38-4837-9704-a45fe044c294 HTTP/1.1" status: 200 len: 217 time: 0.0235324
2026-05-11 02:06:17.984 9 INFO neutron.wsgi [req-db0e199b-7c2c-4312-889d-41b8d4805840 req-e15f29dc-e88e-4101-8b44-6830de1398b3 55f991a7fc184b8aa8a45640e88358c5 e372edc487564543ba6003396eb8f5e9 - - 001184f3b1ca4d748842f4ce7543235f 001184f3b1ca4d748842f4ce7543235f] 199.204.45.22 "GET /v2.0/subnets?id=69ea0116-2820-44f6-ac93-e1ed12c692f3 HTTP/1.1" status: 200 len: 851 time: 0.0367126
2026-05-11 02:06:18.016 9 INFO neutron.wsgi [req-db0e199b-7c2c-4312-889d-41b8d4805840 req-7a207b85-ea15-4739-9bee-4b11996bf6c9 55f991a7fc184b8aa8a45640e88358c5 e372edc487564543ba6003396eb8f5e9 - - 001184f3b1ca4d748842f4ce7543235f 001184f3b1ca4d748842f4ce7543235f] 199.204.45.22 "GET /v2.0/ports?network_id=9a8d2bef-e057-480e-ab57-0c72cd3ef203&device_owner=network%3Adhcp HTTP/1.1" status: 200 len: 210 time: 0.0239384
2026-05-11 02:06:18.080 9 INFO neutron.wsgi [req-db0e199b-7c2c-4312-889d-41b8d4805840 req-846c0646-3450-4646-9eea-51a1f85234c7 55f991a7fc184b8aa8a45640e88358c5 e372edc487564543ba6003396eb8f5e9 - - 001184f3b1ca4d748842f4ce7543235f 001184f3b1ca4d748842f4ce7543235f] 199.204.45.22 "GET /v2.0/networks/9a8d2bef-e057-480e-ab57-0c72cd3ef203?fields=segments HTTP/1.1" status: 200 len: 212 time: 0.0578966
2026-05-11 02:06:18.155 9 INFO neutron.wsgi [req-db0e199b-7c2c-4312-889d-41b8d4805840 req-a99ad196-8ad5-4e8a-98da-ed1c8171c690 55f991a7fc184b8aa8a45640e88358c5 e372edc487564543ba6003396eb8f5e9 - - 001184f3b1ca4d748842f4ce7543235f 001184f3b1ca4d748842f4ce7543235f] 199.204.45.22 "GET /v2.0/networks/9a8d2bef-e057-480e-ab57-0c72cd3ef203?fields=provider%3Aphysical_network&fields=provider%3Anetwork_type HTTP/1.1" status: 200 len: 277 time: 0.0680037
2026-05-11 02:06:18.170 10 INFO neutron.db.ovn_revision_numbers_db [None req-4b367861-56f0-4633-904a-2b8d3bb75e71 5d6caf9bcb564952902bf170ed7cce41 bd529272a4a742ebb15914ada9301119 - - default default] Successfully bumped revision number for resource 70fd445f-4e0e-4885-a0c0-62d772d13796 (type: security_groups) to 1
2026-05-11 02:06:18.184 10 INFO neutron.db.ovn_revision_numbers_db [None req-4b367861-56f0-4633-904a-2b8d3bb75e71 5d6caf9bcb564952902bf170ed7cce41 bd529272a4a742ebb15914ada9301119 - - default default] Successfully bumped revision number for resource 32b91251-fdcc-4292-ae80-28a7daf9d098 (type: security_group_rules) to 0
2026-05-11 02:06:18.201 10 INFO neutron.db.ovn_revision_numbers_db [None req-4b367861-56f0-4633-904a-2b8d3bb75e71 5d6caf9bcb564952902bf170ed7cce41 bd529272a4a742ebb15914ada9301119 - - default default] Successfully bumped revision number for resource 80148cc3-cf85-4da1-a24d-823004f27a46 (type: security_group_rules) to 0
2026-05-11 02:06:18.216 10 INFO neutron.db.ovn_revision_numbers_db [None req-4b367861-56f0-4633-904a-2b8d3bb75e71 5d6caf9bcb564952902bf170ed7cce41 bd529272a4a742ebb15914ada9301119 - - default default] Successfully bumped revision number for resource 8d68a8e1-e853-417f-94cb-5c6fd03fc5a9 (type: security_group_rules) to 0
2026-05-11 02:06:18.228 10 INFO neutron.db.ovn_revision_numbers_db [None req-4b367861-56f0-4633-904a-2b8d3bb75e71 5d6caf9bcb564952902bf170ed7cce41 bd529272a4a742ebb15914ada9301119 - - default default] Successfully bumped revision number for resource 9e7fbe5f-44e7-411d-ae4d-7a77a8160239 (type: security_group_rules) to 0
2026-05-11 02:06:18.490 9 INFO neutron.wsgi [req-3e1caadb-4f99-4d06-9378-b0d927ccfc6a req-2e3be3be-c4de-44eb-bba1-0de47d3508d0 91630802f04e4551b24f95c62aca032b a9e80335556347c18bbe92a25942ef18 - - default default] 199.204.45.22 "GET /v2.0/networks?id=9a8d2bef-e057-480e-ab57-0c72cd3ef203 HTTP/1.1" status: 200 len: 860 time: 0.0682206
2026-05-11 02:06:18.535 10 INFO neutron.db.ovn_revision_numbers_db [None req-4b367861-56f0-4633-904a-2b8d3bb75e71 5d6caf9bcb564952902bf170ed7cce41 bd529272a4a742ebb15914ada9301119 - - default default] Successfully bumped revision number for resource 6c41fd1b-6f96-429e-896c-2cb8578ee02a (type: security_groups) to 1
2026-05-11 02:06:18.551 10 INFO neutron.db.ovn_revision_numbers_db [None req-4b367861-56f0-4633-904a-2b8d3bb75e71 5d6caf9bcb564952902bf170ed7cce41 bd529272a4a742ebb15914ada9301119 - - default default] Successfully bumped revision number for resource 5c6f43a4-385d-430f-ae61-8206b7a24350 (type: security_group_rules) to 0
2026-05-11 02:06:18.553 9 INFO neutron.wsgi [req-3e1caadb-4f99-4d06-9378-b0d927ccfc6a req-8f43eb4b-aca7-4834-b41a-f03235124011 91630802f04e4551b24f95c62aca032b a9e80335556347c18bbe92a25942ef18 - - default default] 199.204.45.22 "GET /v2.0/security-groups?fields=id&fields=name&tenant_id=a9e80335556347c18bbe92a25942ef18 HTTP/1.1" status: 200 len: 473 time: 0.0556359
2026-05-11 02:06:18.569 10 INFO neutron.db.ovn_revision_numbers_db [None req-4b367861-56f0-4633-904a-2b8d3bb75e71 5d6caf9bcb564952902bf170ed7cce41 bd529272a4a742ebb15914ada9301119 - - default default] Successfully bumped revision number for resource d62a5e57-72dc-43c8-88b6-e65f6904e076 (type: security_group_rules) to 0
2026-05-11 02:06:18.592 10 INFO neutron.wsgi [None req-4b367861-56f0-4633-904a-2b8d3bb75e71 5d6caf9bcb564952902bf170ed7cce41 bd529272a4a742ebb15914ada9301119 - - default default] 10.0.0.96 "POST /v2.0/security-groups HTTP/1.1" status: 201 len: 1739 time: 0.8040524
2026-05-11 02:06:18.635 9 INFO neutron.wsgi [None req-1bce63dd-abab-43ca-bdc8-53399e3fcabd 5d6caf9bcb564952902bf170ed7cce41 bd529272a4a742ebb15914ada9301119 - - default default] 10.0.0.96 "PUT /v2.0/security-groups/6c41fd1b-6f96-429e-896c-2cb8578ee02a/tags HTTP/1.1" status: 200 len: 218 time: 0.0367119
2026-05-11 02:06:18.661 9 INFO neutron.wsgi [None req-618b9d7b-dc29-48f4-b9dc-f6c058162470 5d6caf9bcb564952902bf170ed7cce41 bd529272a4a742ebb15914ada9301119 - - default default] 10.0.0.96 "GET /v2.0/security-groups/6c41fd1b-6f96-429e-896c-2cb8578ee02a/tags HTTP/1.1" status: 200 len: 218 time: 0.0199051
2026-05-11 02:06:18.709 10 INFO neutron.wsgi [None req-3db14323-fc29-4af9-9f8a-0bbce7c83005 5d6caf9bcb564952902bf170ed7cce41 bd529272a4a742ebb15914ada9301119 - - default default] 10.0.0.96 "PUT /v2.0/security-groups/6c41fd1b-6f96-429e-896c-2cb8578ee02a/tags/green HTTP/1.1" status: 201 len: 201 time: 0.0412512
2026-05-11 02:06:18.734 10 INFO neutron.wsgi [None req-60bb1829-d03e-4f1a-bfa4-b923b10dde86 5d6caf9bcb564952902bf170ed7cce41 bd529272a4a742ebb15914ada9301119 - - default default] 10.0.0.96 "GET /v2.0/security-groups/6c41fd1b-6f96-429e-896c-2cb8578ee02a/tags HTTP/1.1" status: 200 len: 227 time: 0.0196819
2026-05-11 02:06:18.757 10 INFO neutron.wsgi [None req-3ffb864e-440f-46e2-8a8a-2a9647f95224 5d6caf9bcb564952902bf170ed7cce41 bd529272a4a742ebb15914ada9301119 - - default default] 10.0.0.96 "PUT /v2.0/security-groups/6c41fd1b-6f96-429e-896c-2cb8578ee02a/tags/red HTTP/1.1" status: 201 len: 201 time: 0.0176523
2026-05-11 02:06:18.781 10 INFO neutron.wsgi [None req-732bfa3a-3001-41e7-8e55-03ecf077f030 5d6caf9bcb564952902bf170ed7cce41 bd529272a4a742ebb15914ada9301119 - - default default] 10.0.0.96 "GET /v2.0/security-groups/6c41fd1b-6f96-429e-896c-2cb8578ee02a/tags HTTP/1.1" status: 200 len: 227 time: 0.0200002
2026-05-11 02:06:18.839 9 INFO neutron.wsgi [None req-408f1edb-33e3-4cd5-929f-bfe000ae9fb0 5d6caf9bcb564952902bf170ed7cce41 bd529272a4a742ebb15914ada9301119 - - default default] 10.0.0.96 "PUT /v2.0/security-groups/6c41fd1b-6f96-429e-896c-2cb8578ee02a/tags/black.or.white HTTP/1.1" status: 201 len: 201 time: 0.0507758
2026-05-11 02:06:18.874 9 INFO neutron.wsgi [None req-73c05204-c050-4915-abbb-f1a67104cd06 5d6caf9bcb564952902bf170ed7cce41 bd529272a4a742ebb15914ada9301119 - - default default] 10.0.0.96 "GET /v2.0/security-groups/6c41fd1b-6f96-429e-896c-2cb8578ee02a/tags HTTP/1.1" status: 200 len: 245 time: 0.0300443
2026-05-11 02:06:18.910 10 INFO neutron.wsgi [req-2c67d663-45f1-4462-abdf-f84c1d2739cf req-256a127e-f608-4f21-93a7-cf98a4d94c08 91630802f04e4551b24f95c62aca032b a9e80335556347c18bbe92a25942ef18 - - default default] 10.0.0.15 "GET /v2.0/ports?device_id=e2522d82-c550-4707-9074-a58bd467137f HTTP/1.1" status: 200 len: 210 time: 0.0205798
2026-05-11 02:06:18.929 10 INFO neutron.wsgi [None req-fe052d81-53f5-4052-a3a2-15bfb30702b3 5d6caf9bcb564952902bf170ed7cce41 bd529272a4a742ebb15914ada9301119 - - default default] 10.0.0.96 "PUT /v2.0/security-groups/6c41fd1b-6f96-429e-896c-2cb8578ee02a/tags HTTP/1.1" status: 200 len: 230 time: 0.0520120
2026-05-11 02:06:18.933 9 WARNING neutron.scheduler.dhcp_agent_scheduler [req-3e1caadb-4f99-4d06-9378-b0d927ccfc6a req-ab3b0b2a-ae50-4d3c-87d1-2c50053327a6 91630802f04e4551b24f95c62aca032b a9e80335556347c18bbe92a25942ef18 - - default default] No more DHCP agents
2026-05-11 02:06:18.936 9 WARNING neutron.api.rpc.agentnotifiers.dhcp_rpc_agent_api [req-3e1caadb-4f99-4d06-9378-b0d927ccfc6a req-ab3b0b2a-ae50-4d3c-87d1-2c50053327a6 91630802f04e4551b24f95c62aca032b a9e80335556347c18bbe92a25942ef18 - - default default] Unable to schedule network 9a8d2bef-e057-480e-ab57-0c72cd3ef203: no agents available; will retry on subsequent port and subnet creation events.
2026-05-11 02:06:18.953 10 INFO neutron.wsgi [None req-2a657d8e-7b9c-4f5e-ad0d-afe4d98af07e 5d6caf9bcb564952902bf170ed7cce41 bd529272a4a742ebb15914ada9301119 - - default default] 10.0.0.96 "GET /v2.0/security-groups/6c41fd1b-6f96-429e-896c-2cb8578ee02a/tags HTTP/1.1" status: 200 len: 230 time: 0.0202036
2026-05-11 02:06:18.976 10 INFO neutron.wsgi [None req-edf4c862-5514-4d5d-95f2-e41ff2337338 5d6caf9bcb564952902bf170ed7cce41 bd529272a4a742ebb15914ada9301119 - - default default] 10.0.0.96 "GET /v2.0/security-groups/6c41fd1b-6f96-429e-896c-2cb8578ee02a/tags/red HTTP/1.1" status: 204 len: 168 time: 0.0173512 /var/lib/openstack/lib/python3.10/site-packages/pycadf/identifier.py:71: UserWarning: Invalid uuid: neutron. To ensure interoperability, identifiers should be a valid uuid. warnings.warn(('Invalid uuid: %s. To ensure interoperability, '
2026-05-11 02:06:19.002 9 INFO neutron.api.v2.resource [None req-c3de33a8-425f-4c36-8204-f3c1574bbd92 5d6caf9bcb564952902bf170ed7cce41 bd529272a4a742ebb15914ada9301119 - - default default] show failed (client error): The resource could not be found.
2026-05-11 02:06:19.003 9 INFO neutron.wsgi [None req-c3de33a8-425f-4c36-8204-f3c1574bbd92 5d6caf9bcb564952902bf170ed7cce41 bd529272a4a742ebb15914ada9301119 - - default default] 10.0.0.96 "GET /v2.0/security-groups/6c41fd1b-6f96-429e-896c-2cb8578ee02a/tags/green HTTP/1.1" status: 404 len: 299 time: 0.0233281
2026-05-11 02:06:19.037 10 INFO neutron.wsgi [None req-0893080e-6aac-4466-bc27-b9f13d8c6e48 5d6caf9bcb564952902bf170ed7cce41 bd529272a4a742ebb15914ada9301119 - - default default] 10.0.0.96 "DELETE /v2.0/security-groups/6c41fd1b-6f96-429e-896c-2cb8578ee02a/tags/red HTTP/1.1" status: 204 len: 168 time: 0.0302112
2026-05-11 02:06:19.065 10 INFO neutron.wsgi [None req-60bf9f5a-6c74-4e84-aa02-b8b7789ab96f 5d6caf9bcb564952902bf170ed7cce41 bd529272a4a742ebb15914ada9301119 - - default default] 10.0.0.96 "GET /v2.0/security-groups/6c41fd1b-6f96-429e-896c-2cb8578ee02a/tags HTTP/1.1" status: 200 len: 223 time: 0.0226409
2026-05-11 02:06:19.105 9 INFO neutron.api.v2.resource [None req-0986bfda-f759-4203-a0b4-4e306fe851ff 5d6caf9bcb564952902bf170ed7cce41 bd529272a4a742ebb15914ada9301119 - - default default] delete failed (client error): The resource could not be found.
2026-05-11 02:06:19.107 9 INFO neutron.wsgi [None req-0986bfda-f759-4203-a0b4-4e306fe851ff 5d6caf9bcb564952902bf170ed7cce41 bd529272a4a742ebb15914ada9301119 - - default default] 10.0.0.96 "DELETE /v2.0/security-groups/6c41fd1b-6f96-429e-896c-2cb8578ee02a/tags/green HTTP/1.1" status: 404 len: 299 time: 0.0349584
2026-05-11 02:06:19.118 9 INFO neutron.db.ovn_revision_numbers_db [req-3e1caadb-4f99-4d06-9378-b0d927ccfc6a req-ab3b0b2a-ae50-4d3c-87d1-2c50053327a6 91630802f04e4551b24f95c62aca032b a9e80335556347c18bbe92a25942ef18 - - default default] Successfully bumped revision number for resource 67230476-265d-4e1f-bec6-4a746f0ffb3e (type: ports) to 1
2026-05-11 02:06:19.145 9 INFO neutron.wsgi [req-3e1caadb-4f99-4d06-9378-b0d927ccfc6a req-ab3b0b2a-ae50-4d3c-87d1-2c50053327a6 91630802f04e4551b24f95c62aca032b a9e80335556347c18bbe92a25942ef18 - - default default] 199.204.45.22 "POST /v2.0/ports HTTP/1.1" status: 201 len: 1158 time: 0.5853379
2026-05-11 02:06:19.149 9 INFO neutron.wsgi [None req-3b6fa39a-0aba-4c6a-92b3-f879d39b6e7b 5d6caf9bcb564952902bf170ed7cce41 bd529272a4a742ebb15914ada9301119 - - default default] 10.0.0.96 "DELETE /v2.0/security-groups/6c41fd1b-6f96-429e-896c-2cb8578ee02a/tags HTTP/1.1" status: 204 len: 168 time: 0.0373867
2026-05-11 02:06:19.182 9 INFO neutron.wsgi [None req-0b762b34-7843-46cc-8aff-8780fe1214d1 5d6caf9bcb564952902bf170ed7cce41 bd529272a4a742ebb15914ada9301119 - - default default] 10.0.0.96 "GET /v2.0/security-groups/6c41fd1b-6f96-429e-896c-2cb8578ee02a/tags HTTP/1.1" status: 200 len: 205 time: 0.0287085
2026-05-11 02:06:19.324 10 INFO neutron.wsgi [None req-c351cc07-949e-473c-9a53-dfc176bb1e3a 5d6caf9bcb564952902bf170ed7cce41 bd529272a4a742ebb15914ada9301119 - - default default] 10.0.0.96 "DELETE /v2.0/security-groups/6c41fd1b-6f96-429e-896c-2cb8578ee02a HTTP/1.1" status: 204 len: 168 time: 0.1259925
2026-05-11 02:06:19.562 9 INFO neutron.db.ovn_revision_numbers_db [req-3e1caadb-4f99-4d06-9378-b0d927ccfc6a req-499862a2-baf3-4667-8017-623ca200e5af 55f991a7fc184b8aa8a45640e88358c5 e372edc487564543ba6003396eb8f5e9 - - 001184f3b1ca4d748842f4ce7543235f 001184f3b1ca4d748842f4ce7543235f] Successfully bumped revision number for resource 67230476-265d-4e1f-bec6-4a746f0ffb3e (type: ports) to 2
2026-05-11 02:06:19.729 9 INFO neutron.db.ovn_revision_numbers_db [req-3e1caadb-4f99-4d06-9378-b0d927ccfc6a req-499862a2-baf3-4667-8017-623ca200e5af 55f991a7fc184b8aa8a45640e88358c5 e372edc487564543ba6003396eb8f5e9 - - 001184f3b1ca4d748842f4ce7543235f 001184f3b1ca4d748842f4ce7543235f] Successfully bumped revision number for resource 67230476-265d-4e1f-bec6-4a746f0ffb3e (type: ports) to 2
2026-05-11 02:06:19.743 9 INFO neutron.wsgi [req-3e1caadb-4f99-4d06-9378-b0d927ccfc6a req-499862a2-baf3-4667-8017-623ca200e5af 55f991a7fc184b8aa8a45640e88358c5 e372edc487564543ba6003396eb8f5e9 - - 001184f3b1ca4d748842f4ce7543235f 001184f3b1ca4d748842f4ce7543235f] 199.204.45.22 "PUT /v2.0/ports/67230476-265d-4e1f-bec6-4a746f0ffb3e HTTP/1.1" status: 200 len: 1376 time: 0.5847242 /var/lib/openstack/lib/python3.10/site-packages/pycadf/identifier.py:71: UserWarning: Invalid uuid: neutron. To ensure interoperability, identifiers should be a valid uuid. warnings.warn(('Invalid uuid: %s. To ensure interoperability, '
2026-05-11 02:06:19.788 9 INFO neutron.notifiers.nova [-] Nova event matching ['req-18a918aa-188b-429f-b6e5-5b5c24cddd24'] response: {'name': 'network-changed', 'server_uuid': 'e2522d82-c550-4707-9074-a58bd467137f', 'tag': '67230476-265d-4e1f-bec6-4a746f0ffb3e', 'status': 'completed', 'code': 200}
2026-05-11 02:06:19.812 9 INFO neutron.wsgi [req-3e1caadb-4f99-4d06-9378-b0d927ccfc6a req-46452fb7-8170-442e-8a87-189e3e965bb4 55f991a7fc184b8aa8a45640e88358c5 e372edc487564543ba6003396eb8f5e9 - - 001184f3b1ca4d748842f4ce7543235f 001184f3b1ca4d748842f4ce7543235f] 199.204.45.22 "GET /v2.0/ports?tenant_id=a9e80335556347c18bbe92a25942ef18&device_id=e2522d82-c550-4707-9074-a58bd467137f HTTP/1.1" status: 200 len: 1407 time: 0.0355327
2026-05-11 02:06:19.844 9 INFO neutron.wsgi [req-3e1caadb-4f99-4d06-9378-b0d927ccfc6a req-6989c4f5-6f21-458c-9148-8fe510f18cf8 55f991a7fc184b8aa8a45640e88358c5 e372edc487564543ba6003396eb8f5e9 - - 001184f3b1ca4d748842f4ce7543235f 001184f3b1ca4d748842f4ce7543235f] 199.204.45.22 "GET /v2.0/floatingips?fixed_ip_address=10.100.0.6&port_id=67230476-265d-4e1f-bec6-4a746f0ffb3e HTTP/1.1" status: 200 len: 217 time: 0.0236988
2026-05-11 02:06:19.875 9 INFO neutron.wsgi [req-3e1caadb-4f99-4d06-9378-b0d927ccfc6a req-33479a53-1913-4508-b64a-f76f5dc0318a 55f991a7fc184b8aa8a45640e88358c5 e372edc487564543ba6003396eb8f5e9 - - 001184f3b1ca4d748842f4ce7543235f 001184f3b1ca4d748842f4ce7543235f] 199.204.45.22 "GET /v2.0/subnets?id=69ea0116-2820-44f6-ac93-e1ed12c692f3 HTTP/1.1" status: 200 len: 851 time: 0.0249977
2026-05-11 02:06:19.897 9 INFO neutron.wsgi [req-3e1caadb-4f99-4d06-9378-b0d927ccfc6a req-28f7c9a1-b1ae-4fa0-a480-ba7f88278b4c 55f991a7fc184b8aa8a45640e88358c5 e372edc487564543ba6003396eb8f5e9 - - 001184f3b1ca4d748842f4ce7543235f 001184f3b1ca4d748842f4ce7543235f] 199.204.45.22 "GET /v2.0/ports?network_id=9a8d2bef-e057-480e-ab57-0c72cd3ef203&device_owner=network%3Adhcp HTTP/1.1" status: 200 len: 210 time: 0.0135736
2026-05-11 02:06:19.949 9 INFO neutron.wsgi [req-3e1caadb-4f99-4d06-9378-b0d927ccfc6a req-f1dcbe87-a030-41a1-bee7-8fe172e2f26f 55f991a7fc184b8aa8a45640e88358c5 e372edc487564543ba6003396eb8f5e9 - - 001184f3b1ca4d748842f4ce7543235f 001184f3b1ca4d748842f4ce7543235f] 199.204.45.22 "GET /v2.0/networks/9a8d2bef-e057-480e-ab57-0c72cd3ef203?fields=segments HTTP/1.1" status: 200 len: 212 time: 0.0457969
2026-05-11 02:06:20.017 9 INFO neutron.wsgi [req-3e1caadb-4f99-4d06-9378-b0d927ccfc6a req-c01561ea-614d-41b4-abdf-3784fc75c9f8 55f991a7fc184b8aa8a45640e88358c5 e372edc487564543ba6003396eb8f5e9 - - 001184f3b1ca4d748842f4ce7543235f 001184f3b1ca4d748842f4ce7543235f] 199.204.45.22 "GET /v2.0/networks/9a8d2bef-e057-480e-ab57-0c72cd3ef203?fields=provider%3Aphysical_network&fields=provider%3Anetwork_type HTTP/1.1" status: 200 len: 277 time: 0.0629590
2026-05-11 02:06:20.020 10 INFO neutron.wsgi [req-5df683bd-d8ce-4d79-b38a-bdd4018db4c6 req-ac90b881-f96f-4f6f-af1b-8982cc292e9e 91630802f04e4551b24f95c62aca032b a9e80335556347c18bbe92a25942ef18 - - default default] 10.0.0.15 "GET /v2.0/ports?device_id=e2522d82-c550-4707-9074-a58bd467137f HTTP/1.1" status: 200 len: 1168 time: 0.0404947
2026-05-11 02:06:20.063 10 INFO neutron.wsgi [req-5df683bd-d8ce-4d79-b38a-bdd4018db4c6 req-082f10a3-a033-4595-83fd-c6ee68be2a71 91630802f04e4551b24f95c62aca032b a9e80335556347c18bbe92a25942ef18 - - default default] 10.0.0.15 "GET /v2.0/security-groups?id=e4035c75-a841-45ec-8776-ac82a77c9e5a&fields=id&fields=name HTTP/1.1" status: 200 len: 313 time: 0.0357411
2026-05-11 02:06:20.101 9 INFO neutron.wsgi [req-12e91c30-e7e0-4492-9ca0-2fde6a231000 req-a07df1a4-fbc6-4fb8-be22-2dff98bea7d8 55f991a7fc184b8aa8a45640e88358c5 e372edc487564543ba6003396eb8f5e9 - - 001184f3b1ca4d748842f4ce7543235f 001184f3b1ca4d748842f4ce7543235f] 199.204.45.22 "GET /v2.0/ports?tenant_id=a9e80335556347c18bbe92a25942ef18&device_id=e2522d82-c550-4707-9074-a58bd467137f HTTP/1.1" status: 200 len: 1407 time: 0.0393825
2026-05-11 02:06:20.185 9 INFO neutron.wsgi [req-12e91c30-e7e0-4492-9ca0-2fde6a231000 req-f86ee903-3dc5-4d10-b8c0-e4ea2d31763a 55f991a7fc184b8aa8a45640e88358c5 e372edc487564543ba6003396eb8f5e9 - - 001184f3b1ca4d748842f4ce7543235f 001184f3b1ca4d748842f4ce7543235f] 199.204.45.22 "GET /v2.0/networks?id=9a8d2bef-e057-480e-ab57-0c72cd3ef203 HTTP/1.1" status: 200 len: 959 time: 0.0759559
2026-05-11 02:06:20.198 10 INFO neutron.plugins.ml2.drivers.ovn.mech_driver.mech_driver [None req-bf330d73-d748-4cf8-baff-df318e4b0fae - - - - - -] OVN reports status up for port: 67230476-265d-4e1f-bec6-4a746f0ffb3e
2026-05-11 02:06:20.219 10 INFO neutron.plugins.ml2.plugin [None req-bf330d73-d748-4cf8-baff-df318e4b0fae - - - - - -] Attempt 1 to provision port 67230476-265d-4e1f-bec6-4a746f0ffb3e
2026-05-11 02:06:20.224 9 INFO neutron.wsgi [req-12e91c30-e7e0-4492-9ca0-2fde6a231000 req-2e7e15b0-eea5-409b-a1e0-5e008ada2b4a 55f991a7fc184b8aa8a45640e88358c5 e372edc487564543ba6003396eb8f5e9 - - 001184f3b1ca4d748842f4ce7543235f 001184f3b1ca4d748842f4ce7543235f] 199.204.45.22 "GET /v2.0/floatingips?fixed_ip_address=10.100.0.6&port_id=67230476-265d-4e1f-bec6-4a746f0ffb3e HTTP/1.1" status: 200 len: 217 time: 0.0267057
2026-05-11 02:06:20.264 9 INFO neutron.wsgi [req-12e91c30-e7e0-4492-9ca0-2fde6a231000 req-9d8d96be-0107-4063-94b4-c5b5ef74761d 55f991a7fc184b8aa8a45640e88358c5 e372edc487564543ba6003396eb8f5e9 - - 001184f3b1ca4d748842f4ce7543235f 001184f3b1ca4d748842f4ce7543235f] 199.204.45.22 "GET /v2.0/subnets?id=69ea0116-2820-44f6-ac93-e1ed12c692f3 HTTP/1.1" status: 200 len: 851 time: 0.0329611
2026-05-11 02:06:20.292 9 INFO neutron.wsgi [req-12e91c30-e7e0-4492-9ca0-2fde6a231000 req-f79e8eca-b578-4c29-b127-0614d4b4e945 55f991a7fc184b8aa8a45640e88358c5 e372edc487564543ba6003396eb8f5e9 - - 001184f3b1ca4d748842f4ce7543235f 001184f3b1ca4d748842f4ce7543235f] 199.204.45.22 "GET /v2.0/ports?network_id=9a8d2bef-e057-480e-ab57-0c72cd3ef203&device_owner=network%3Adhcp HTTP/1.1" status: 200 len: 210 time: 0.0220978
2026-05-11 02:06:20.340 10 INFO neutron.notifiers.nova [-] Nova event matching ['req-4e202e7f-1a85-4774-9267-f6e7e3f80d54'] response: {'server_uuid': 'e2522d82-c550-4707-9074-a58bd467137f', 'name': 'network-vif-plugged', 'status': 'completed', 'tag': '67230476-265d-4e1f-bec6-4a746f0ffb3e', 'code': 200}
2026-05-11 02:06:20.385 9 INFO neutron.wsgi [req-12e91c30-e7e0-4492-9ca0-2fde6a231000 req-acad10da-6059-4f4f-bd53-fc5c7d722d30 55f991a7fc184b8aa8a45640e88358c5 e372edc487564543ba6003396eb8f5e9 - - 001184f3b1ca4d748842f4ce7543235f 001184f3b1ca4d748842f4ce7543235f] 199.204.45.22 "GET /v2.0/networks/9a8d2bef-e057-480e-ab57-0c72cd3ef203?fields=segments HTTP/1.1" status: 200 len: 212 time: 0.0841894
2026-05-11 02:06:20.408 9 INFO neutron.db.ovn_revision_numbers_db [None req-ac6386e1-1539-4024-a290-e0d5339218d5 f6a1eab280bb4675a19f2737111a8190 2a02514e1226463db8226cdf845d2c0b - - default default] Successfully bumped revision number for resource 81cf971d-fefc-4c73-bef2-2e082caeef01 (type: security_groups) to 1
2026-05-11 02:06:20.437 9 INFO neutron.db.ovn_revision_numbers_db [None req-ac6386e1-1539-4024-a290-e0d5339218d5 f6a1eab280bb4675a19f2737111a8190 2a02514e1226463db8226cdf845d2c0b - - default default] Successfully bumped revision number for resource 39bb8d79-ddfd-44a6-81f6-82dfaf970396 (type: security_group_rules) to 0
2026-05-11 02:06:20.454 9 INFO neutron.db.ovn_revision_numbers_db [None req-ac6386e1-1539-4024-a290-e0d5339218d5 f6a1eab280bb4675a19f2737111a8190 2a02514e1226463db8226cdf845d2c0b - - default default] Successfully bumped revision number for resource 5588b310-f306-405c-959a-988ecd66ede8 (type: security_group_rules) to 0
2026-05-11 02:06:20.470 9 INFO neutron.wsgi [req-12e91c30-e7e0-4492-9ca0-2fde6a231000 req-91a05972-2c18-4809-986c-40c741d01ee7 55f991a7fc184b8aa8a45640e88358c5 e372edc487564543ba6003396eb8f5e9 - - 001184f3b1ca4d748842f4ce7543235f 001184f3b1ca4d748842f4ce7543235f] 199.204.45.22 "GET /v2.0/networks/9a8d2bef-e057-480e-ab57-0c72cd3ef203?fields=provider%3Aphysical_network&fields=provider%3Anetwork_type HTTP/1.1" status: 200 len: 277 time: 0.0725074
2026-05-11 02:06:20.484 9 INFO neutron.db.ovn_revision_numbers_db [None req-ac6386e1-1539-4024-a290-e0d5339218d5 f6a1eab280bb4675a19f2737111a8190 2a02514e1226463db8226cdf845d2c0b - - default default] Successfully bumped revision number for resource a0230044-a076-4fd8-bec2-2ac56902d9c8 (type: security_group_rules) to 0
2026-05-11 02:06:20.500 9 INFO neutron.db.ovn_revision_numbers_db [None req-ac6386e1-1539-4024-a290-e0d5339218d5 f6a1eab280bb4675a19f2737111a8190 2a02514e1226463db8226cdf845d2c0b - - default default] Successfully bumped revision number for resource f475c460-67fc-4534-b910-cff911a5d197 (type: security_group_rules) to 0
2026-05-11 02:06:20.517 10 INFO neutron.db.ovn_revision_numbers_db [None req-bf330d73-d748-4cf8-baff-df318e4b0fae - - - - - -] Successfully bumped revision number for resource 67230476-265d-4e1f-bec6-4a746f0ffb3e (type: ports) to 4
2026-05-11 02:06:20.520 9 INFO neutron.wsgi [None req-ac6386e1-1539-4024-a290-e0d5339218d5 f6a1eab280bb4675a19f2737111a8190 2a02514e1226463db8226cdf845d2c0b - - default default] 10.0.0.96 "GET /v2.0/security-groups?tenant_id=5e9ae52c382046f0810f340d75812a4b&name=default HTTP/1.1" status: 200 len: 3000 time: 0.5592492
2026-05-11 02:06:20.742 9 INFO neutron.wsgi [None req-b73cdb3e-1c45-48f0-90cc-1a37efbc676b f6a1eab280bb4675a19f2737111a8190 2a02514e1226463db8226cdf845d2c0b - - default default] 10.0.0.96 "DELETE /v2.0/security-groups/81cf971d-fefc-4c73-bef2-2e082caeef01 HTTP/1.1" status: 204 len: 168 time: 0.2144203
2026-05-11 02:06:20.988 9 INFO neutron.wsgi [None req-a44af18b-610b-47cd-9e00-20ec4da02d17 f6a1eab280bb4675a19f2737111a8190 2a02514e1226463db8226cdf845d2c0b - - default default] 10.0.0.96 "GET /v2.0/security-groups?tenant_id=bd529272a4a742ebb15914ada9301119&name=default HTTP/1.1" status: 200 len: 2996 time: 0.0396140 /var/lib/openstack/lib/python3.10/site-packages/pycadf/identifier.py:71: UserWarning: Invalid uuid: neutron. To ensure interoperability, identifiers should be a valid uuid. warnings.warn(('Invalid uuid: %s. To ensure interoperability, '
2026-05-11 02:06:21.197 10 INFO neutron.wsgi [req-5f1f6d65-4b97-47d7-b9ab-89f9916cfb32 req-788d526a-5f4d-4cd9-b7c0-8a55d7061409 91630802f04e4551b24f95c62aca032b a9e80335556347c18bbe92a25942ef18 - - default default] 10.0.0.15 "GET /v2.0/ports?device_id=e2522d82-c550-4707-9074-a58bd467137f HTTP/1.1" status: 200 len: 1170 time: 0.0585191
2026-05-11 02:06:21.255 10 INFO neutron.wsgi [req-5f1f6d65-4b97-47d7-b9ab-89f9916cfb32 req-172e8077-5274-4ad5-b40b-e89a9ed12490 91630802f04e4551b24f95c62aca032b a9e80335556347c18bbe92a25942ef18 - - default default] 10.0.0.15 "GET /v2.0/security-groups?id=e4035c75-a841-45ec-8776-ac82a77c9e5a&fields=id&fields=name HTTP/1.1" status: 200 len: 313 time: 0.0538280
2026-05-11 02:06:21.270 9 INFO neutron.wsgi [None req-d87181a8-2ef0-4cc2-b7d2-d44ba383a47f f6a1eab280bb4675a19f2737111a8190 2a02514e1226463db8226cdf845d2c0b - - default default] 10.0.0.96 "DELETE /v2.0/security-groups/70fd445f-4e0e-4885-a0c0-62d772d13796 HTTP/1.1" status: 204 len: 168 time: 0.2762589
2026-05-11 02:06:21.425 9 INFO neutron.wsgi [req-0cb7dc6f-9c5b-40af-b8ae-a5102edccccc req-4da632f4-c08d-47dd-b10a-36d8c505926c 91630802f04e4551b24f95c62aca032b a9e80335556347c18bbe92a25942ef18 - - default default] 10.0.0.15 "GET /v2.0/ports?device_id=e2522d82-c550-4707-9074-a58bd467137f HTTP/1.1" status: 200 len: 1170 time: 0.0979567
2026-05-11 02:06:21.485 9 INFO neutron.wsgi [req-0cb7dc6f-9c5b-40af-b8ae-a5102edccccc req-59cb5011-4298-4087-8b1c-a03dc104cba0 91630802f04e4551b24f95c62aca032b a9e80335556347c18bbe92a25942ef18 - - default default] 10.0.0.15 "GET /v2.0/security-groups?id=e4035c75-a841-45ec-8776-ac82a77c9e5a&fields=id&fields=name HTTP/1.1" status: 200 len: 313 time: 0.0531955
2026-05-11 02:06:21.548 9 INFO neutron.wsgi [None req-351e8f2c-dc9e-4a09-95e8-1fd9fda7b114 7fe953d45d8e412caffd793e401b2531 4d913eccb29e4e9b806666047b49593a - - default default] 10.0.0.96 "GET /v2.0/ports?device_id=e2522d82-c550-4707-9074-a58bd467137f HTTP/1.1" status: 200 len: 1404 time: 0.0302949
2026-05-11 02:06:21.797 9 INFO neutron.db.l3_db [None req-0b166ada-03a6-4376-8125-59cf4b8a26db 91630802f04e4551b24f95c62aca032b a9e80335556347c18bbe92a25942ef18 - - default default] Floating IP 75d5c9f3-9acb-4752-a801-cf3c6e79ba7c associated. External IP: 10.96.250.211, port: 67230476-265d-4e1f-bec6-4a746f0ffb3e.
2026-05-11 02:06:22.041 9 INFO neutron.db.ovn_revision_numbers_db [None req-0b166ada-03a6-4376-8125-59cf4b8a26db 91630802f04e4551b24f95c62aca032b a9e80335556347c18bbe92a25942ef18 - - default default] Successfully bumped revision number for resource 75d5c9f3-9acb-4752-a801-cf3c6e79ba7c (type: floatingips) to 4
2026-05-11 02:06:22.157 9 INFO neutron.db.ovn_revision_numbers_db [None req-0b166ada-03a6-4376-8125-59cf4b8a26db 91630802f04e4551b24f95c62aca032b a9e80335556347c18bbe92a25942ef18 - - default default] Successfully bumped revision number for resource 75d5c9f3-9acb-4752-a801-cf3c6e79ba7c (type: floatingips) to 5
2026-05-11 02:06:22.189 9 INFO neutron.wsgi [None req-0b166ada-03a6-4376-8125-59cf4b8a26db 91630802f04e4551b24f95c62aca032b a9e80335556347c18bbe92a25942ef18 - - default default] 10.0.0.96 "PUT /v2.0/floatingips/75d5c9f3-9acb-4752-a801-cf3c6e79ba7c HTTP/1.1" status: 200 len: 1049 time: 0.6365149
2026-05-11 02:06:22.225 10 INFO neutron.wsgi [None req-4d1d3702-f387-44f4-9bec-0fc992bd7971 91630802f04e4551b24f95c62aca032b a9e80335556347c18bbe92a25942ef18 - - default default] 10.0.0.96 "GET /v2.0/floatingips/75d5c9f3-9acb-4752-a801-cf3c6e79ba7c HTTP/1.1" status: 200 len: 1051 time: 0.0321593
2026-05-11 02:06:22.245 9 INFO neutron.notifiers.nova [-] Nova event matching ['req-73076fcf-3e99-404d-9cb4-25767d93001e'] response: {'name': 'network-changed', 'server_uuid': 'e2522d82-c550-4707-9074-a58bd467137f', 'tag': '67230476-265d-4e1f-bec6-4a746f0ffb3e', 'status': 'completed', 'code': 200} /var/lib/openstack/lib/python3.10/site-packages/pycadf/identifier.py:71: UserWarning: Invalid uuid: neutron. To ensure interoperability, identifiers should be a valid uuid. warnings.warn(('Invalid uuid: %s. To ensure interoperability, '
2026-05-11 02:06:22.302 9 INFO neutron.wsgi [req-0c22a7e4-5620-4135-bad4-2f2786a8390f req-b28b03d5-6f8d-47e7-9869-f460beb35cb3 55f991a7fc184b8aa8a45640e88358c5 e372edc487564543ba6003396eb8f5e9 - - 001184f3b1ca4d748842f4ce7543235f 001184f3b1ca4d748842f4ce7543235f] 199.204.45.22 "GET /v2.0/ports?tenant_id=a9e80335556347c18bbe92a25942ef18&device_id=e2522d82-c550-4707-9074-a58bd467137f HTTP/1.1" status: 200 len: 1409 time: 0.0344980
2026-05-11 02:06:22.375 9 INFO neutron.wsgi [req-0c22a7e4-5620-4135-bad4-2f2786a8390f req-998d58e4-c173-462a-84a4-5e3a885f30e4 55f991a7fc184b8aa8a45640e88358c5 e372edc487564543ba6003396eb8f5e9 - - 001184f3b1ca4d748842f4ce7543235f 001184f3b1ca4d748842f4ce7543235f] 199.204.45.22 "GET /v2.0/networks?id=9a8d2bef-e057-480e-ab57-0c72cd3ef203 HTTP/1.1" status: 200 len: 959 time: 0.0652897
2026-05-11 02:06:22.392 10 INFO neutron.notifiers.nova [-] Nova event matching ['req-c39a2ec2-c07a-40ac-ae01-6d06369c9236'] response: {'server_uuid': 'e2522d82-c550-4707-9074-a58bd467137f', 'name': 'network-vif-plugged', 'status': 'completed', 'tag': '67230476-265d-4e1f-bec6-4a746f0ffb3e', 'code': 200}
2026-05-11 02:06:22.430 9 INFO neutron.wsgi [req-0c22a7e4-5620-4135-bad4-2f2786a8390f req-aedd8821-f526-451e-8de8-ede72e004e0f 55f991a7fc184b8aa8a45640e88358c5 e372edc487564543ba6003396eb8f5e9 - - 001184f3b1ca4d748842f4ce7543235f 001184f3b1ca4d748842f4ce7543235f] 199.204.45.22 "GET /v2.0/floatingips?fixed_ip_address=10.100.0.6&port_id=67230476-265d-4e1f-bec6-4a746f0ffb3e HTTP/1.1" status: 200 len: 1059 time: 0.0461771
2026-05-11 02:06:22.472 9 INFO neutron.wsgi [req-0c22a7e4-5620-4135-bad4-2f2786a8390f req-da5628e0-1e7f-46d8-840d-7df16cab603c 55f991a7fc184b8aa8a45640e88358c5 e372edc487564543ba6003396eb8f5e9 - - 001184f3b1ca4d748842f4ce7543235f 001184f3b1ca4d748842f4ce7543235f] 199.204.45.22 "GET /v2.0/subnets?id=69ea0116-2820-44f6-ac93-e1ed12c692f3 HTTP/1.1" status: 200 len: 851 time: 0.0332868
2026-05-11 02:06:22.478 10 INFO neutron.db.ovn_revision_numbers_db [None req-45d01e85-ca61-4c5c-b4b8-0dc8ed6cdcd2 161dcb38305742789c9e4099c59a60d3 3dbb2d5be3b84a8cad4bc207b3c4352a - - default default] Successfully bumped revision number for resource ad3077cb-0de0-4937-ba86-25b3fabe6819 (type: security_groups) to 1
2026-05-11 02:06:22.491 10 INFO neutron.db.ovn_revision_numbers_db [None req-45d01e85-ca61-4c5c-b4b8-0dc8ed6cdcd2 161dcb38305742789c9e4099c59a60d3 3dbb2d5be3b84a8cad4bc207b3c4352a - - default default] Successfully bumped revision number for resource 05ebd4a7-db98-422e-b00e-7917dbe8723c (type: security_group_rules) to 0
2026-05-11 02:06:22.494 9 INFO neutron.wsgi [req-0c22a7e4-5620-4135-bad4-2f2786a8390f req-a560ad33-1ccb-43b5-878f-2fa8615555fe 55f991a7fc184b8aa8a45640e88358c5 e372edc487564543ba6003396eb8f5e9 - - 001184f3b1ca4d748842f4ce7543235f 001184f3b1ca4d748842f4ce7543235f] 199.204.45.22 "GET /v2.0/ports?network_id=9a8d2bef-e057-480e-ab57-0c72cd3ef203&device_owner=network%3Adhcp HTTP/1.1" status: 200 len: 210 time: 0.0180714
2026-05-11 02:06:22.504 10 INFO neutron.db.ovn_revision_numbers_db [None req-45d01e85-ca61-4c5c-b4b8-0dc8ed6cdcd2 161dcb38305742789c9e4099c59a60d3 3dbb2d5be3b84a8cad4bc207b3c4352a - - default default] Successfully bumped revision number for resource 11584df3-943a-4bd2-9199-849e283b0068 (type: security_group_rules) to 0
2026-05-11 02:06:22.519 10 INFO neutron.db.ovn_revision_numbers_db [None req-45d01e85-ca61-4c5c-b4b8-0dc8ed6cdcd2 161dcb38305742789c9e4099c59a60d3 3dbb2d5be3b84a8cad4bc207b3c4352a - - default default] Successfully bumped revision number for resource 295a0c9e-19e2-4633-8a51-25a767a62f07 (type: security_group_rules) to 0
2026-05-11 02:06:22.532 10 INFO neutron.db.ovn_revision_numbers_db [None req-45d01e85-ca61-4c5c-b4b8-0dc8ed6cdcd2 161dcb38305742789c9e4099c59a60d3 3dbb2d5be3b84a8cad4bc207b3c4352a - - default default] Successfully bumped revision number for resource d76d8406-d946-492a-ad9a-a33f31651262 (type: security_group_rules) to 0
2026-05-11 02:06:22.552 9 INFO neutron.wsgi [req-0c22a7e4-5620-4135-bad4-2f2786a8390f req-5609649e-dbfe-4d93-9937-0cc200b6a5a9 55f991a7fc184b8aa8a45640e88358c5 e372edc487564543ba6003396eb8f5e9 - - 001184f3b1ca4d748842f4ce7543235f 001184f3b1ca4d748842f4ce7543235f] 199.204.45.22 "GET /v2.0/networks/9a8d2bef-e057-480e-ab57-0c72cd3ef203?fields=segments HTTP/1.1" status: 200 len: 212 time: 0.0550904
2026-05-11 02:06:22.584 10 INFO neutron.db.segments_db [None req-45d01e85-ca61-4c5c-b4b8-0dc8ed6cdcd2 161dcb38305742789c9e4099c59a60d3 3dbb2d5be3b84a8cad4bc207b3c4352a - - default default] Added segment 0b7373ab-eedd-40f4-88b1-fdc170429844 of type geneve for network 2f03e8b8-170e-49a3-b489-41d725a66a71
2026-05-11 02:06:22.618 9 INFO neutron.wsgi [req-0c22a7e4-5620-4135-bad4-2f2786a8390f req-7a12706b-5262-43c1-abb5-4a3d8fd693a4 55f991a7fc184b8aa8a45640e88358c5 e372edc487564543ba6003396eb8f5e9 - - 001184f3b1ca4d748842f4ce7543235f 001184f3b1ca4d748842f4ce7543235f] 199.204.45.22 "GET /v2.0/networks/9a8d2bef-e057-480e-ab57-0c72cd3ef203?fields=provider%3Aphysical_network&fields=provider%3Anetwork_type HTTP/1.1" status: 200 len: 277 time: 0.0585921
2026-05-11 02:06:22.736 10 INFO neutron.db.ovn_revision_numbers_db [None req-45d01e85-ca61-4c5c-b4b8-0dc8ed6cdcd2 161dcb38305742789c9e4099c59a60d3 3dbb2d5be3b84a8cad4bc207b3c4352a - - default default] Successfully bumped revision number for resource 2f03e8b8-170e-49a3-b489-41d725a66a71 (type: networks) to 1
2026-05-11 02:06:22.945 10 WARNING neutron.scheduler.dhcp_agent_scheduler [None req-45d01e85-ca61-4c5c-b4b8-0dc8ed6cdcd2 161dcb38305742789c9e4099c59a60d3 3dbb2d5be3b84a8cad4bc207b3c4352a - - default default] No more DHCP agents
2026-05-11 02:06:22.946 10 WARNING neutron.api.rpc.agentnotifiers.dhcp_rpc_agent_api [None req-45d01e85-ca61-4c5c-b4b8-0dc8ed6cdcd2 161dcb38305742789c9e4099c59a60d3 3dbb2d5be3b84a8cad4bc207b3c4352a - - default default] Unable to schedule network 2f03e8b8-170e-49a3-b489-41d725a66a71: no agents available; will retry on subsequent port and subnet creation events.
2026-05-11 02:06:23.032 10 INFO neutron.db.ovn_revision_numbers_db [None req-45d01e85-ca61-4c5c-b4b8-0dc8ed6cdcd2 161dcb38305742789c9e4099c59a60d3 3dbb2d5be3b84a8cad4bc207b3c4352a - - default default] Successfully bumped revision number for resource 7ca73642-4b68-48a7-a7fa-d7d9af08a7b7 (type: ports) to 1
2026-05-11 02:06:23.054 10 INFO neutron.wsgi [None req-45d01e85-ca61-4c5c-b4b8-0dc8ed6cdcd2 161dcb38305742789c9e4099c59a60d3 3dbb2d5be3b84a8cad4bc207b3c4352a - - default default] 10.0.0.96 "POST /v2.0/networks HTTP/1.1" status: 201 len: 839 time: 0.8920228
2026-05-11 02:06:23.302 10 WARNING neutron.scheduler.dhcp_agent_scheduler [None req-4b85527d-f27b-4d6f-b3da-dce429fa251c 161dcb38305742789c9e4099c59a60d3 3dbb2d5be3b84a8cad4bc207b3c4352a - - default default] No more DHCP agents
2026-05-11 02:06:23.305 10 WARNING neutron.api.rpc.agentnotifiers.dhcp_rpc_agent_api [None req-4b85527d-f27b-4d6f-b3da-dce429fa251c 161dcb38305742789c9e4099c59a60d3 3dbb2d5be3b84a8cad4bc207b3c4352a - - default default] Unable to schedule network 2f03e8b8-170e-49a3-b489-41d725a66a71: no agents available; will retry on subsequent port and subnet creation events.
2026-05-11 02:06:23.314 9 INFO neutron.wsgi [-] 10.0.0.133 "GET / HTTP/1.1" status: 200 len: 246 time: 0.0027020
2026-05-11 02:06:23.316 9 INFO neutron.wsgi [-] 10.0.0.133 "GET / HTTP/1.1" status: 200 len: 246 time: 0.0013835
2026-05-11 02:06:23.796 10 INFO neutron.db.ovn_revision_numbers_db [None req-4b85527d-f27b-4d6f-b3da-dce429fa251c 161dcb38305742789c9e4099c59a60d3 3dbb2d5be3b84a8cad4bc207b3c4352a - - default default] Successfully bumped revision number for resource 7ca73642-4b68-48a7-a7fa-d7d9af08a7b7 (type: ports) to 2
2026-05-11 02:06:23.837 10 INFO neutron.db.ovn_revision_numbers_db [None req-4b85527d-f27b-4d6f-b3da-dce429fa251c 161dcb38305742789c9e4099c59a60d3 3dbb2d5be3b84a8cad4bc207b3c4352a - - default default] Successfully bumped revision number for resource 14872d12-75da-4319-82af-600ca18c155e (type: subnets) to 0
2026-05-11 02:06:23.854 10 INFO neutron.wsgi [None req-4b85527d-f27b-4d6f-b3da-dce429fa251c 161dcb38305742789c9e4099c59a60d3 3dbb2d5be3b84a8cad4bc207b3c4352a - - default default] 10.0.0.96 "POST /v2.0/subnets HTTP/1.1" status: 201 len: 833 time: 0.7926328
2026-05-11 02:06:23.921 10 INFO neutron.wsgi [None req-65c98063-8a24-4c64-b93e-9c078fcfdd0e d84d86da1b5241b7a34eebd325040d4c b5b1ecbea895465eb16b84a4efdcc727 - - default default] 10.0.0.96 "GET /v2.0/subnetpools?name=shared-default-subnetpool-v6 HTTP/1.1" status: 200 len: 212 time: 0.0597372
2026-05-11 02:06:24.226 10 WARNING neutron.scheduler.dhcp_agent_scheduler [None req-54350d60-3555-4de9-b8e6-e8c8c2877f40 161dcb38305742789c9e4099c59a60d3 3dbb2d5be3b84a8cad4bc207b3c4352a - - default default] No more DHCP agents
2026-05-11 02:06:24.228 10 WARNING neutron.api.rpc.agentnotifiers.dhcp_rpc_agent_api [None req-54350d60-3555-4de9-b8e6-e8c8c2877f40 161dcb38305742789c9e4099c59a60d3 3dbb2d5be3b84a8cad4bc207b3c4352a - - default default] Unable to schedule network 2f03e8b8-170e-49a3-b489-41d725a66a71: no agents available; will retry on subsequent port and subnet creation events.
2026-05-11 02:06:24.278 10 INFO neutron.db.ovn_revision_numbers_db [None req-54350d60-3555-4de9-b8e6-e8c8c2877f40 161dcb38305742789c9e4099c59a60d3 3dbb2d5be3b84a8cad4bc207b3c4352a - - default default] Successfully bumped revision number for resource 08f93a74-7bb4-4b30-b58e-eb4d9480c76c (type: subnets) to 0
2026-05-11 02:06:24.296 10 INFO neutron.wsgi [None req-54350d60-3555-4de9-b8e6-e8c8c2877f40 161dcb38305742789c9e4099c59a60d3 3dbb2d5be3b84a8cad4bc207b3c4352a - - default default] 10.0.0.96 "POST /v2.0/subnets HTTP/1.1" status: 201 len: 906 time: 0.3683701
2026-05-11 02:06:24.393 10 INFO neutron.db.segments_db [None req-31abf79c-f42c-42b6-b466-abcbb9e0dbe2 161dcb38305742789c9e4099c59a60d3 3dbb2d5be3b84a8cad4bc207b3c4352a - - default default] Added segment 2b728773-34f6-4bd2-9154-73cdc4ac3dd4 of type geneve for network c9e6de07-eb42-4d38-bb4b-4a2cdca0d18f
2026-05-11 02:06:24.550 10 INFO neutron.db.ovn_revision_numbers_db [None req-31abf79c-f42c-42b6-b466-abcbb9e0dbe2 161dcb38305742789c9e4099c59a60d3 3dbb2d5be3b84a8cad4bc207b3c4352a - - default default] Successfully bumped revision number for resource c9e6de07-eb42-4d38-bb4b-4a2cdca0d18f (type: networks) to 1
2026-05-11 02:06:24.754 10 WARNING neutron.scheduler.dhcp_agent_scheduler [None req-31abf79c-f42c-42b6-b466-abcbb9e0dbe2 161dcb38305742789c9e4099c59a60d3 3dbb2d5be3b84a8cad4bc207b3c4352a - - default default] No more DHCP agents
2026-05-11 02:06:24.757 10 WARNING neutron.api.rpc.agentnotifiers.dhcp_rpc_agent_api [None req-31abf79c-f42c-42b6-b466-abcbb9e0dbe2 161dcb38305742789c9e4099c59a60d3 3dbb2d5be3b84a8cad4bc207b3c4352a - - default default] Unable to schedule network c9e6de07-eb42-4d38-bb4b-4a2cdca0d18f: no agents available; will retry on subsequent port and subnet creation events.
2026-05-11 02:06:24.844 10 INFO neutron.db.ovn_revision_numbers_db [None req-31abf79c-f42c-42b6-b466-abcbb9e0dbe2 161dcb38305742789c9e4099c59a60d3 3dbb2d5be3b84a8cad4bc207b3c4352a - - default default] Successfully bumped revision number for resource 5682ef86-018a-43d7-9ff5-2de2e28bc756 (type: ports) to 1
2026-05-11 02:06:24.869 10 INFO neutron.wsgi [None req-31abf79c-f42c-42b6-b466-abcbb9e0dbe2 161dcb38305742789c9e4099c59a60d3 3dbb2d5be3b84a8cad4bc207b3c4352a - - default default] 10.0.0.96 "POST /v2.0/networks HTTP/1.1" status: 201 len: 836 time: 0.5668128
2026-05-11 02:06:25.094 10 WARNING neutron.scheduler.dhcp_agent_scheduler [None req-b0fa38f0-8358-425b-b654-456ce1f0d7ec 161dcb38305742789c9e4099c59a60d3 3dbb2d5be3b84a8cad4bc207b3c4352a - - default default] No more DHCP agents
2026-05-11 02:06:25.097 10 WARNING neutron.api.rpc.agentnotifiers.dhcp_rpc_agent_api [None req-b0fa38f0-8358-425b-b654-456ce1f0d7ec 161dcb38305742789c9e4099c59a60d3 3dbb2d5be3b84a8cad4bc207b3c4352a - - default default] Unable to schedule network c9e6de07-eb42-4d38-bb4b-4a2cdca0d18f: no agents available; will retry on subsequent port and subnet creation events.
2026-05-11 02:06:25.591 10 INFO neutron.db.ovn_revision_numbers_db [None req-b0fa38f0-8358-425b-b654-456ce1f0d7ec 161dcb38305742789c9e4099c59a60d3 3dbb2d5be3b84a8cad4bc207b3c4352a - - default default] Successfully bumped revision number for resource 5682ef86-018a-43d7-9ff5-2de2e28bc756 (type: ports) to 2
2026-05-11 02:06:25.627 10 INFO neutron.db.ovn_revision_numbers_db [None req-b0fa38f0-8358-425b-b654-456ce1f0d7ec 161dcb38305742789c9e4099c59a60d3 3dbb2d5be3b84a8cad4bc207b3c4352a - - default default] Successfully bumped revision number for resource 2580389c-e558-4eaa-935a-6224a0d78399 (type: subnets) to 0
2026-05-11 02:06:25.644 10 INFO neutron.wsgi [None req-b0fa38f0-8358-425b-b654-456ce1f0d7ec 161dcb38305742789c9e4099c59a60d3 3dbb2d5be3b84a8cad4bc207b3c4352a - - default default] 10.0.0.96 "POST /v2.0/subnets HTTP/1.1" status: 201 len: 831 time: 0.7697651
2026-05-11 02:06:25.908 10 WARNING neutron.scheduler.dhcp_agent_scheduler [None req-15363905-323d-4d78-9f56-5e6f57c4e379 161dcb38305742789c9e4099c59a60d3 3dbb2d5be3b84a8cad4bc207b3c4352a - - default default] No more DHCP agents
2026-05-11 02:06:25.912 10 WARNING neutron.api.rpc.agentnotifiers.dhcp_rpc_agent_api [None req-15363905-323d-4d78-9f56-5e6f57c4e379 161dcb38305742789c9e4099c59a60d3 3dbb2d5be3b84a8cad4bc207b3c4352a - - default default] Unable to schedule network c9e6de07-eb42-4d38-bb4b-4a2cdca0d18f: no agents available; will retry on subsequent port and subnet creation events.
2026-05-11 02:06:25.947 10 INFO neutron.db.ovn_revision_numbers_db [None req-15363905-323d-4d78-9f56-5e6f57c4e379 161dcb38305742789c9e4099c59a60d3 3dbb2d5be3b84a8cad4bc207b3c4352a - - default default] Successfully bumped revision number for resource d3b7b3bd-e37f-482c-832d-a610e2ca0b14 (type: subnets) to 0
2026-05-11 02:06:25.963 10 INFO neutron.wsgi [None req-15363905-323d-4d78-9f56-5e6f57c4e379 161dcb38305742789c9e4099c59a60d3 3dbb2d5be3b84a8cad4bc207b3c4352a - - default default] 10.0.0.96 "POST /v2.0/subnets HTTP/1.1" status: 201 len: 901 time: 0.3141363
