2026-05-11 02:03:03.656 10 INFO neutron.db.ovn_revision_numbers_db [None req-edf880ac-563a-4418-b799-442b56e9c5ce 97b870170019481794f5f3022c7a82a0 2897d4adbf6343ba8b36db4b1bc3cfd6 - - default default] Successfully bumped revision number for resource 1b4ce4cc-3168-4212-845d-0339bf999d4f (type: security_group_rules) to 0
2026-05-11 02:03:03.684 10 INFO neutron.db.ovn_revision_numbers_db [None req-edf880ac-563a-4418-b799-442b56e9c5ce 97b870170019481794f5f3022c7a82a0 2897d4adbf6343ba8b36db4b1bc3cfd6 - - default default] Successfully bumped revision number for resource 211235e3-a6e6-4a17-9039-89413874d887 (type: security_group_rules) to 0
2026-05-11 02:03:03.712 10 INFO neutron.db.ovn_revision_numbers_db [None req-edf880ac-563a-4418-b799-442b56e9c5ce 97b870170019481794f5f3022c7a82a0 2897d4adbf6343ba8b36db4b1bc3cfd6 - - default default] Successfully bumped revision number for resource 33ae830a-5587-4576-8ee9-48e14ae4c20e (type: security_group_rules) to 0
2026-05-11 02:03:03.748 10 INFO neutron.db.ovn_revision_numbers_db [None req-edf880ac-563a-4418-b799-442b56e9c5ce 97b870170019481794f5f3022c7a82a0 2897d4adbf6343ba8b36db4b1bc3cfd6 - - default default] Successfully bumped revision number for resource b517c637-6430-4c5c-8e78-bea28f8bd1d4 (type: security_group_rules) to 0
2026-05-11 02:03:03.819 10 INFO neutron.db.segments_db [None req-edf880ac-563a-4418-b799-442b56e9c5ce 97b870170019481794f5f3022c7a82a0 2897d4adbf6343ba8b36db4b1bc3cfd6 - - default default] Added segment 2371b8d5-1b34-449f-8853-b92e042eb43f of type geneve for network 52dde89b-95e0-4691-82fb-9c8f8dceb477
2026-05-11 02:03:03.942 10 INFO neutron.wsgi [req-25ad93bd-7a47-413c-879a-e73117e938d1 req-dbabca0a-0cc5-469e-9725-104d97857eae fc84de9d4f714eae95f071a13b3396fc aa9bff6e6201488b86c97f6ffd9a73bf - - default default] 10.0.0.15 "GET /v2.0/ports?device_id=3febbefa-0d09-4589-b84b-2832e1b762af HTTP/1.1" status: 200 len: 210 time: 0.0305789
2026-05-11 02:03:04.035 10 INFO neutron.db.ovn_revision_numbers_db [None req-edf880ac-563a-4418-b799-442b56e9c5ce 97b870170019481794f5f3022c7a82a0 2897d4adbf6343ba8b36db4b1bc3cfd6 - - default default] Successfully bumped revision number for resource 52dde89b-95e0-4691-82fb-9c8f8dceb477 (type: networks) to 1
2026-05-11 02:03:04.206 10 WARNING neutron.scheduler.dhcp_agent_scheduler [None req-30a7637a-fa23-4ea4-b094-bab842c66236 f6a1eab280bb4675a19f2737111a8190 2a02514e1226463db8226cdf845d2c0b - - default default] No more DHCP agents
2026-05-11 02:03:04.212 10 WARNING neutron.api.rpc.agentnotifiers.dhcp_rpc_agent_api [None req-30a7637a-fa23-4ea4-b094-bab842c66236 f6a1eab280bb4675a19f2737111a8190 2a02514e1226463db8226cdf845d2c0b - - default default] Unable to schedule network ff242978-c630-477a-8591-8f3e9d7d41ce: no agents available; will retry on subsequent port and subnet creation events.
2026-05-11 02:03:04.246 9 INFO neutron.notifiers.nova [-] Nova event matching ['req-ba1fd8b8-5cbb-4afb-8378-ff3c541e0ea7'] response: {'server_uuid': '6352e7c9-2595-4c71-9a79-147eb610b764', 'name': 'network-vif-plugged', 'status': 'completed', 'tag': '777ce503-7cd4-4101-ab23-3c6315a74f46', 'code': 200}
2026-05-11 02:03:04.246 9 INFO neutron.notifiers.nova [-] Nova event matching ['req-ba1fd8b8-5cbb-4afb-8378-ff3c541e0ea7'] response: {'server_uuid': '6352e7c9-2595-4c71-9a79-147eb610b764', 'name': 'network-vif-plugged', 'status': 'completed', 'tag': '777ce503-7cd4-4101-ab23-3c6315a74f46', 'code': 200}
2026-05-11 02:03:04.451 10 WARNING neutron.scheduler.dhcp_agent_scheduler [None req-edf880ac-563a-4418-b799-442b56e9c5ce 97b870170019481794f5f3022c7a82a0 2897d4adbf6343ba8b36db4b1bc3cfd6 - - default default] No more DHCP agents
2026-05-11 02:03:04.453 10 WARNING neutron.api.rpc.agentnotifiers.dhcp_rpc_agent_api [None req-edf880ac-563a-4418-b799-442b56e9c5ce 97b870170019481794f5f3022c7a82a0 2897d4adbf6343ba8b36db4b1bc3cfd6 - - default default] Unable to schedule network 52dde89b-95e0-4691-82fb-9c8f8dceb477: no agents available; will retry on subsequent port and subnet creation events.
2026-05-11 02:03:04.473 10 INFO neutron.db.ovn_revision_numbers_db [None req-30a7637a-fa23-4ea4-b094-bab842c66236 f6a1eab280bb4675a19f2737111a8190 2a02514e1226463db8226cdf845d2c0b - - default default] Successfully bumped revision number for resource 5361bfcd-4788-48fc-9493-d6ad5a7ead32 (type: ports) to 1
2026-05-11 02:03:04.589 10 INFO neutron.wsgi [req-6d854f51-391d-48a0-b3fb-f751a3ed6d04 req-11c172ee-e3a6-4e86-95f0-ee4c416407d9 6629f129e6b945a6b0a3be998afb1c2b e203c8231fc04a7c8dd8e466459b1c60 - - default default] 10.0.0.15 "GET /v2.0/ports?device_id=6352e7c9-2595-4c71-9a79-147eb610b764 HTTP/1.1" status: 200 len: 1170 time: 0.0418832
2026-05-11 02:03:04.590 10 INFO neutron.db.ovn_revision_numbers_db [None req-edf880ac-563a-4418-b799-442b56e9c5ce 97b870170019481794f5f3022c7a82a0 2897d4adbf6343ba8b36db4b1bc3cfd6 - - default default] Successfully bumped revision number for resource 2c92d834-341d-449b-836d-16f99835132f (type: ports) to 1
2026-05-11 02:03:04.652 10 INFO neutron.wsgi [None req-edf880ac-563a-4418-b799-442b56e9c5ce 97b870170019481794f5f3022c7a82a0 2897d4adbf6343ba8b36db4b1bc3cfd6 - - default default] 10.0.0.96 "POST /v2.0/networks HTTP/1.1" status: 201 len: 848 time: 1.4190886
2026-05-11 02:03:04.696 10 INFO neutron.wsgi [req-6d854f51-391d-48a0-b3fb-f751a3ed6d04 req-9c9c7a36-1bf7-464b-a627-60b46449db64 6629f129e6b945a6b0a3be998afb1c2b e203c8231fc04a7c8dd8e466459b1c60 - - default default] 10.0.0.15 "GET /v2.0/security-groups?id=7e56ef75-2361-4ae6-9375-ee699476417c&fields=id&fields=name HTTP/1.1" status: 200 len: 312 time: 0.0883524
2026-05-11 02:03:04.875 9 INFO neutron.wsgi [req-dacbb3ff-194f-4015-86e1-90633ea5e66c req-76d2695d-674a-45b2-b6af-b9db00e23370 6629f129e6b945a6b0a3be998afb1c2b e203c8231fc04a7c8dd8e466459b1c60 - - default default] 10.0.0.15 "GET /v2.0/ports?device_id=6352e7c9-2595-4c71-9a79-147eb610b764 HTTP/1.1" status: 200 len: 1170 time: 0.0982707
2026-05-11 02:03:04.975 9 INFO neutron.wsgi [req-85e53941-8fc6-4eea-a5af-b55ffe106ca9 req-1941c540-bd93-4f5d-9f83-b8db11f23576 fc84de9d4f714eae95f071a13b3396fc aa9bff6e6201488b86c97f6ffd9a73bf - - default default] 199.204.45.22 "GET /v2.0/networks?id=dcca7439-fb7a-46f5-8d5c-504cb70debf6 HTTP/1.1" status: 200 len: 878 time: 0.1284406
2026-05-11 02:03:05.001 10 WARNING neutron.scheduler.dhcp_agent_scheduler [None req-c088141a-d0d8-4754-8b8b-66c69c2afbdd 97b870170019481794f5f3022c7a82a0 2897d4adbf6343ba8b36db4b1bc3cfd6 - - default default] No more DHCP agents
2026-05-11 02:03:05.005 10 WARNING neutron.api.rpc.agentnotifiers.dhcp_rpc_agent_api [None req-c088141a-d0d8-4754-8b8b-66c69c2afbdd 97b870170019481794f5f3022c7a82a0 2897d4adbf6343ba8b36db4b1bc3cfd6 - - default default] Unable to schedule network 52dde89b-95e0-4691-82fb-9c8f8dceb477: no agents available; will retry on subsequent port and subnet creation events.
2026-05-11 02:03:05.044 10 INFO neutron.wsgi [req-4a391c5a-ccbd-4dfe-86b1-fa3031670c8b req-10b89f12-2785-4b8a-a724-d9dcb97c2ee4 fc84de9d4f714eae95f071a13b3396fc aa9bff6e6201488b86c97f6ffd9a73bf - - default default] 10.0.0.15 "GET /v2.0/ports?device_id=3febbefa-0d09-4589-b84b-2832e1b762af HTTP/1.1" status: 200 len: 210 time: 0.0312581
2026-05-11 02:03:05.055 9 INFO neutron.wsgi [req-85e53941-8fc6-4eea-a5af-b55ffe106ca9 req-4414354f-4450-48e7-b024-7da1e595df49 fc84de9d4f714eae95f071a13b3396fc aa9bff6e6201488b86c97f6ffd9a73bf - - default default] 199.204.45.22 "GET /v2.0/security-groups?fields=id&fields=name&tenant_id=aa9bff6e6201488b86c97f6ffd9a73bf HTTP/1.1" status: 200 len: 379 time: 0.0749087
2026-05-11 02:03:05.067 10 INFO neutron.db.ovn_revision_numbers_db [None req-c088141a-d0d8-4754-8b8b-66c69c2afbdd 97b870170019481794f5f3022c7a82a0 2897d4adbf6343ba8b36db4b1bc3cfd6 - - default default] Successfully bumped revision number for resource ea2dea2a-2434-4066-b6ad-dabd944e12c6 (type: subnets) to 0
2026-05-11 02:03:05.087 10 INFO neutron.wsgi [None req-c088141a-d0d8-4754-8b8b-66c69c2afbdd 97b870170019481794f5f3022c7a82a0 2897d4adbf6343ba8b36db4b1bc3cfd6 - - default default] 10.0.0.96 "POST /v2.0/subnets HTTP/1.1" status: 201 len: 802 time: 0.4299839
2026-05-11 02:03:05.175 10 WARNING neutron.plugins.ml2.drivers.ovn.mech_driver.ovsdb.ovn_client [None req-bf330d73-d748-4cf8-baff-df318e4b0fae - - - - - -] No hosting information found for port 893872b9-ec5c-4fef-99c2-8b38af96cba6: RuntimeError: No hosting information found for port 893872b9-ec5c-4fef-99c2-8b38af96cba6
2026-05-11 02:03:05.206 9 INFO neutron.db.l3_db [None req-4ecea305-c75d-4ccb-89b7-e27b8492a4ee 6629f129e6b945a6b0a3be998afb1c2b e203c8231fc04a7c8dd8e466459b1c60 - - default default] Floating IP f1140ef8-1f96-45d0-9927-b343d4e8b651 associated. External IP: 10.96.250.220, port: 777ce503-7cd4-4101-ab23-3c6315a74f46.
2026-05-11 02:03:05.513 9 INFO neutron.db.ovn_revision_numbers_db [None req-4ecea305-c75d-4ccb-89b7-e27b8492a4ee 6629f129e6b945a6b0a3be998afb1c2b e203c8231fc04a7c8dd8e466459b1c60 - - default default] Successfully bumped revision number for resource f1140ef8-1f96-45d0-9927-b343d4e8b651 (type: floatingips) to 1
2026-05-11 02:03:05.574 9 INFO neutron.plugins.ml2.drivers.ovn.mech_driver.mech_driver [None req-d7fd741a-a85c-4092-858e-c1902e487ad4 - - - - - -] OVN reports status up for port: 5361bfcd-4788-48fc-9493-d6ad5a7ead32
2026-05-11 02:03:05.605 9 WARNING neutron.scheduler.dhcp_agent_scheduler [req-85e53941-8fc6-4eea-a5af-b55ffe106ca9 req-d3055108-a3a7-4937-953b-8051bb79babc fc84de9d4f714eae95f071a13b3396fc aa9bff6e6201488b86c97f6ffd9a73bf - - default default] No more DHCP agents
2026-05-11 02:03:05.611 9 INFO neutron.plugins.ml2.drivers.ovn.mech_driver.ovsdb.ovsdb_monitor [None req-d3b99b26-6804-494a-996a-49b8282b2332 - - - - - -] Router 6c27a748-fd41-4f63-9888-01493f70774c is bound to host instance
2026-05-11 02:03:05.613 9 INFO neutron.plugins.ml2.plugin [None req-d7fd741a-a85c-4092-858e-c1902e487ad4 - - - - - -] Attempt 1 to provision port 5361bfcd-4788-48fc-9493-d6ad5a7ead32
2026-05-11 02:03:05.615 9 WARNING neutron.api.rpc.agentnotifiers.dhcp_rpc_agent_api [req-85e53941-8fc6-4eea-a5af-b55ffe106ca9 req-d3055108-a3a7-4937-953b-8051bb79babc fc84de9d4f714eae95f071a13b3396fc aa9bff6e6201488b86c97f6ffd9a73bf - - default default] Unable to schedule network dcca7439-fb7a-46f5-8d5c-504cb70debf6: no agents available; will retry on subsequent port and subnet creation events.
2026-05-11 02:03:05.648 10 INFO neutron.db.ovn_revision_numbers_db [None req-30a7637a-fa23-4ea4-b094-bab842c66236 f6a1eab280bb4675a19f2737111a8190 2a02514e1226463db8226cdf845d2c0b - - default default] Successfully bumped revision number for resource 5361bfcd-4788-48fc-9493-d6ad5a7ead32 (type: router_ports) to 1
2026-05-11 02:03:05.756 10 INFO neutron.db.ovn_revision_numbers_db [None req-30a7637a-fa23-4ea4-b094-bab842c66236 f6a1eab280bb4675a19f2737111a8190 2a02514e1226463db8226cdf845d2c0b - - default default] Successfully bumped revision number for resource 6c27a748-fd41-4f63-9888-01493f70774c (type: routers) to 2
2026-05-11 02:03:05.779 10 INFO neutron.wsgi [None req-30a7637a-fa23-4ea4-b094-bab842c66236 f6a1eab280bb4675a19f2737111a8190 2a02514e1226463db8226cdf845d2c0b - - default default] 10.0.0.96 "POST /v2.0/routers HTTP/1.1" status: 201 len: 878 time: 2.2871625
2026-05-11 02:03:06.014 9 INFO neutron.db.ovn_revision_numbers_db [None req-4ecea305-c75d-4ccb-89b7-e27b8492a4ee 6629f129e6b945a6b0a3be998afb1c2b e203c8231fc04a7c8dd8e466459b1c60 - - default default] Successfully bumped revision number for resource f1140ef8-1f96-45d0-9927-b343d4e8b651 (type: floatingips) to 2
2026-05-11 02:03:06.028 10 WARNING neutron.scheduler.dhcp_agent_scheduler [None req-11ac39d7-dfba-4fa7-869c-91df30fc3a45 97b870170019481794f5f3022c7a82a0 2897d4adbf6343ba8b36db4b1bc3cfd6 - - default default] No more DHCP agents
2026-05-11 02:03:06.032 10 WARNING neutron.api.rpc.agentnotifiers.dhcp_rpc_agent_api [None req-11ac39d7-dfba-4fa7-869c-91df30fc3a45 97b870170019481794f5f3022c7a82a0 2897d4adbf6343ba8b36db4b1bc3cfd6 - - default default] Unable to schedule network ff242978-c630-477a-8591-8f3e9d7d41ce: no agents available; will retry on subsequent port and subnet creation events.
2026-05-11 02:03:06.056 9 INFO neutron.wsgi [None req-4ecea305-c75d-4ccb-89b7-e27b8492a4ee 6629f129e6b945a6b0a3be998afb1c2b e203c8231fc04a7c8dd8e466459b1c60 - - default default] 10.0.0.96 "PUT /v2.0/floatingips/f1140ef8-1f96-45d0-9927-b343d4e8b651 HTTP/1.1" status: 200 len: 1049 time: 1.1713259 /var/lib/openstack/lib/python3.10/site-packages/pycadf/identifier.py:71: UserWarning: Invalid uuid: neutron. To ensure interoperability, identifiers should be a valid uuid. warnings.warn(('Invalid uuid: %s. To ensure interoperability, '
2026-05-11 02:03:06.171 9 INFO neutron.db.ovn_revision_numbers_db [req-85e53941-8fc6-4eea-a5af-b55ffe106ca9 req-d3055108-a3a7-4937-953b-8051bb79babc fc84de9d4f714eae95f071a13b3396fc aa9bff6e6201488b86c97f6ffd9a73bf - - default default] Successfully bumped revision number for resource c673dc0a-48a5-4852-9cfb-aa10a41040a9 (type: ports) to 1
2026-05-11 02:03:06.187 9 INFO neutron.wsgi [req-e6339db7-f5b7-43e1-9114-36670ccb4120 req-b9b867a7-9fd0-4b7d-90c1-5579c84dcefd 6629f129e6b945a6b0a3be998afb1c2b e203c8231fc04a7c8dd8e466459b1c60 - - default default] 10.0.0.15 "GET /v2.0/ports?device_id=6352e7c9-2595-4c71-9a79-147eb610b764 HTTP/1.1" status: 200 len: 1170 time: 0.0617938
2026-05-11 02:03:06.228 9 INFO neutron.wsgi [req-85e53941-8fc6-4eea-a5af-b55ffe106ca9 req-d3055108-a3a7-4937-953b-8051bb79babc fc84de9d4f714eae95f071a13b3396fc aa9bff6e6201488b86c97f6ffd9a73bf - - default default] 199.204.45.22 "POST /v2.0/ports HTTP/1.1" status: 201 len: 1162 time: 1.1654108
2026-05-11 02:03:06.292 9 INFO neutron.wsgi [req-e6339db7-f5b7-43e1-9114-36670ccb4120 req-b2a60a9b-452a-4caf-855c-388481a874cd 6629f129e6b945a6b0a3be998afb1c2b e203c8231fc04a7c8dd8e466459b1c60 - - default default] 10.0.0.15 "GET /v2.0/security-groups?id=7e56ef75-2361-4ae6-9375-ee699476417c&fields=id&fields=name HTTP/1.1" status: 200 len: 312 time: 0.0945501
2026-05-11 02:03:06.315 10 INFO neutron.wsgi [req-b3badd5d-eafe-4d96-b169-d984bde5d845 req-2f32967b-adae-4c69-9443-0baa22b99e9c fc84de9d4f714eae95f071a13b3396fc aa9bff6e6201488b86c97f6ffd9a73bf - - default default] 10.0.0.15 "GET /v2.0/ports?device_id=3febbefa-0d09-4589-b84b-2832e1b762af HTTP/1.1" status: 200 len: 1160 time: 0.1863680
2026-05-11 02:03:06.347 9 INFO neutron.notifiers.nova [-] Nova event matching ['req-1804deef-09b5-4bca-9d5f-09e7341e0c2f'] response: {'name': 'network-changed', 'server_uuid': '6352e7c9-2595-4c71-9a79-147eb610b764', 'tag': '777ce503-7cd4-4101-ab23-3c6315a74f46', 'status': 'completed', 'code': 200}
2026-05-11 02:03:06.393 10 INFO neutron.wsgi [req-b3badd5d-eafe-4d96-b169-d984bde5d845 req-ff83fa0c-3367-4edc-9773-5f7789cc372e fc84de9d4f714eae95f071a13b3396fc aa9bff6e6201488b86c97f6ffd9a73bf - - default default] 10.0.0.15 "GET /v2.0/security-groups?id=c7e2d596-8c03-497f-8be3-708e63ac62ba&fields=id&fields=name HTTP/1.1" status: 200 len: 312 time: 0.0679314
2026-05-11 02:03:06.396 10 INFO neutron.db.ovn_revision_numbers_db [None req-11ac39d7-dfba-4fa7-869c-91df30fc3a45 97b870170019481794f5f3022c7a82a0 2897d4adbf6343ba8b36db4b1bc3cfd6 - - default default] Successfully bumped revision number for resource cb46be70-3df6-461f-9d66-5d09fa3fcb3d (type: ports) to 1
2026-05-11 02:03:06.447 9 INFO neutron.wsgi [req-703bbd75-edbc-4b22-b3aa-5ea073b81039 req-89637db5-ec9c-4607-9c1d-f13791847bd2 55f991a7fc184b8aa8a45640e88358c5 e372edc487564543ba6003396eb8f5e9 - - 001184f3b1ca4d748842f4ce7543235f 001184f3b1ca4d748842f4ce7543235f] 199.204.45.22 "GET /v2.0/ports?tenant_id=e203c8231fc04a7c8dd8e466459b1c60&device_id=6352e7c9-2595-4c71-9a79-147eb610b764 HTTP/1.1" status: 200 len: 1409 time: 0.0765731
2026-05-11 02:03:06.572 9 INFO neutron.wsgi [req-703bbd75-edbc-4b22-b3aa-5ea073b81039 req-71182ba9-73a0-4d51-81eb-d5ed6629047e 55f991a7fc184b8aa8a45640e88358c5 e372edc487564543ba6003396eb8f5e9 - - 001184f3b1ca4d748842f4ce7543235f 001184f3b1ca4d748842f4ce7543235f] 199.204.45.22 "GET /v2.0/networks?id=df59a687-f2a4-4799-a258-200b99d818d8 HTTP/1.1" status: 200 len: 981 time: 0.1162958
2026-05-11 02:03:06.642 9 INFO neutron.wsgi [req-703bbd75-edbc-4b22-b3aa-5ea073b81039 req-bf47df15-efaa-497c-97ea-a5ba7de8874a 55f991a7fc184b8aa8a45640e88358c5 e372edc487564543ba6003396eb8f5e9 - - 001184f3b1ca4d748842f4ce7543235f 001184f3b1ca4d748842f4ce7543235f] 199.204.45.22 "GET /v2.0/floatingips?fixed_ip_address=10.100.0.4&port_id=777ce503-7cd4-4101-ab23-3c6315a74f46 HTTP/1.1" status: 200 len: 1059 time: 0.0628238
2026-05-11 02:03:06.727 9 INFO neutron.wsgi [req-703bbd75-edbc-4b22-b3aa-5ea073b81039 req-035c73d2-b217-45ac-b5ea-15bdefb376f4 55f991a7fc184b8aa8a45640e88358c5 e372edc487564543ba6003396eb8f5e9 - - 001184f3b1ca4d748842f4ce7543235f 001184f3b1ca4d748842f4ce7543235f] 199.204.45.22 "GET /v2.0/subnets?id=02e2e758-66c8-4e00-a1ed-7d91b58d748d HTTP/1.1" status: 200 len: 876 time: 0.0773094
2026-05-11 02:03:06.730 10 WARNING neutron.scheduler.dhcp_agent_scheduler [None req-c956a5bb-a5bf-47a3-959a-3665fe6fb8a2 f6a1eab280bb4675a19f2737111a8190 2a02514e1226463db8226cdf845d2c0b - - default default] No more DHCP agents
2026-05-11 02:03:06.733 10 WARNING neutron.api.rpc.agentnotifiers.dhcp_rpc_agent_api [None req-c956a5bb-a5bf-47a3-959a-3665fe6fb8a2 f6a1eab280bb4675a19f2737111a8190 2a02514e1226463db8226cdf845d2c0b - - default default] Unable to schedule network a661d6b0-3ec3-4476-8e21-50a42c0e0418: no agents available; will retry on subsequent port and subnet creation events. /var/lib/openstack/lib/python3.10/site-packages/pycadf/identifier.py:71: UserWarning: Invalid uuid: neutron. To ensure interoperability, identifiers should be a valid uuid. warnings.warn(('Invalid uuid: %s. To ensure interoperability, '
2026-05-11 02:03:06.756 9 INFO neutron.wsgi [req-703bbd75-edbc-4b22-b3aa-5ea073b81039 req-d19b53f4-2dc2-43c2-aa0c-1ffd2aff3719 55f991a7fc184b8aa8a45640e88358c5 e372edc487564543ba6003396eb8f5e9 - - 001184f3b1ca4d748842f4ce7543235f 001184f3b1ca4d748842f4ce7543235f] 199.204.45.22 "GET /v2.0/ports?network_id=df59a687-f2a4-4799-a258-200b99d818d8&device_owner=network%3Adhcp HTTP/1.1" status: 200 len: 210 time: 0.0213509
2026-05-11 02:03:06.868 9 INFO neutron.wsgi [req-703bbd75-edbc-4b22-b3aa-5ea073b81039 req-c302d9d2-8b69-4f2f-a2a2-923032660b40 55f991a7fc184b8aa8a45640e88358c5 e372edc487564543ba6003396eb8f5e9 - - 001184f3b1ca4d748842f4ce7543235f 001184f3b1ca4d748842f4ce7543235f] 199.204.45.22 "GET /v2.0/networks/df59a687-f2a4-4799-a258-200b99d818d8?fields=segments HTTP/1.1" status: 200 len: 212 time: 0.1026883
2026-05-11 02:03:06.885 9 INFO neutron.db.ovn_revision_numbers_db [None req-d3b99b26-6804-494a-996a-49b8282b2332 - - - - - -] Successfully bumped revision number for resource 5361bfcd-4788-48fc-9493-d6ad5a7ead32 (type: ports) to 1
2026-05-11 02:03:06.933 9 INFO neutron.db.ovn_revision_numbers_db [req-85e53941-8fc6-4eea-a5af-b55ffe106ca9 req-29712ccb-e397-4a37-be3b-2ce1af08e4fc 55f991a7fc184b8aa8a45640e88358c5 e372edc487564543ba6003396eb8f5e9 - - 001184f3b1ca4d748842f4ce7543235f 001184f3b1ca4d748842f4ce7543235f] Successfully bumped revision number for resource c673dc0a-48a5-4852-9cfb-aa10a41040a9 (type: ports) to 2
2026-05-11 02:03:06.966 9 INFO neutron.wsgi [req-703bbd75-edbc-4b22-b3aa-5ea073b81039 req-cac77517-f5d4-41a7-87ac-88e97a737c8e 55f991a7fc184b8aa8a45640e88358c5 e372edc487564543ba6003396eb8f5e9 - - 001184f3b1ca4d748842f4ce7543235f 001184f3b1ca4d748842f4ce7543235f] 199.204.45.22 "GET /v2.0/networks/df59a687-f2a4-4799-a258-200b99d818d8?fields=provider%3Aphysical_network&fields=provider%3Anetwork_type HTTP/1.1" status: 200 len: 277 time: 0.0836399
2026-05-11 02:03:06.976 10 INFO neutron.db.ovn_revision_numbers_db [None req-c956a5bb-a5bf-47a3-959a-3665fe6fb8a2 f6a1eab280bb4675a19f2737111a8190 2a02514e1226463db8226cdf845d2c0b - - default default] Successfully bumped revision number for resource 808ac5fa-0476-44a1-a166-f07bf7edde09 (type: ports) to 1
2026-05-11 02:03:07.233 9 INFO neutron.db.ovn_revision_numbers_db [req-85e53941-8fc6-4eea-a5af-b55ffe106ca9 req-29712ccb-e397-4a37-be3b-2ce1af08e4fc 55f991a7fc184b8aa8a45640e88358c5 e372edc487564543ba6003396eb8f5e9 - - 001184f3b1ca4d748842f4ce7543235f 001184f3b1ca4d748842f4ce7543235f] Successfully bumped revision number for resource c673dc0a-48a5-4852-9cfb-aa10a41040a9 (type: ports) to 2
2026-05-11 02:03:07.266 9 INFO neutron.wsgi [req-85e53941-8fc6-4eea-a5af-b55ffe106ca9 req-29712ccb-e397-4a37-be3b-2ce1af08e4fc 55f991a7fc184b8aa8a45640e88358c5 e372edc487564543ba6003396eb8f5e9 - - 001184f3b1ca4d748842f4ce7543235f 001184f3b1ca4d748842f4ce7543235f] 199.204.45.22 "PUT /v2.0/ports/c673dc0a-48a5-4852-9cfb-aa10a41040a9 HTTP/1.1" status: 200 len: 1380 time: 1.0235581
2026-05-11 02:03:07.304 9 INFO neutron.db.ovn_revision_numbers_db [None req-d3b99b26-6804-494a-996a-49b8282b2332 - - - - - -] Successfully bumped revision number for resource 5361bfcd-4788-48fc-9493-d6ad5a7ead32 (type: router_ports) to 3
2026-05-11 02:03:07.313 10 INFO neutron.db.ovn_revision_numbers_db [None req-11ac39d7-dfba-4fa7-869c-91df30fc3a45 97b870170019481794f5f3022c7a82a0 2897d4adbf6343ba8b36db4b1bc3cfd6 - - default default] Successfully bumped revision number for resource cb46be70-3df6-461f-9d66-5d09fa3fcb3d (type: router_ports) to 1 /var/lib/openstack/lib/python3.10/site-packages/pycadf/identifier.py:71: UserWarning: Invalid uuid: neutron. To ensure interoperability, identifiers should be a valid uuid. warnings.warn(('Invalid uuid: %s. To ensure interoperability, '
2026-05-11 02:03:07.360 9 INFO neutron.wsgi [req-85e53941-8fc6-4eea-a5af-b55ffe106ca9 req-4478606d-b224-4ae7-814c-580fdc6b2cbb 55f991a7fc184b8aa8a45640e88358c5 e372edc487564543ba6003396eb8f5e9 - - 001184f3b1ca4d748842f4ce7543235f 001184f3b1ca4d748842f4ce7543235f] 199.204.45.22 "GET /v2.0/ports?tenant_id=aa9bff6e6201488b86c97f6ffd9a73bf&device_id=3febbefa-0d09-4589-b84b-2832e1b762af HTTP/1.1" status: 200 len: 1411 time: 0.0430470
2026-05-11 02:03:07.388 9 INFO neutron.wsgi [req-85e53941-8fc6-4eea-a5af-b55ffe106ca9 req-f0328b43-83e4-4c41-befb-fbe171e53268 55f991a7fc184b8aa8a45640e88358c5 e372edc487564543ba6003396eb8f5e9 - - 001184f3b1ca4d748842f4ce7543235f 001184f3b1ca4d748842f4ce7543235f] 199.204.45.22 "GET /v2.0/floatingips?fixed_ip_address=10.100.0.13&port_id=c673dc0a-48a5-4852-9cfb-aa10a41040a9 HTTP/1.1" status: 200 len: 217 time: 0.0232015
2026-05-11 02:03:07.405 10 INFO neutron.db.ovn_revision_numbers_db [None req-11ac39d7-dfba-4fa7-869c-91df30fc3a45 97b870170019481794f5f3022c7a82a0 2897d4adbf6343ba8b36db4b1bc3cfd6 - - default default] Successfully bumped revision number for resource 2d11377a-2ac9-46af-9e79-7b3d830a34c2 (type: routers) to 2
2026-05-11 02:03:07.426 10 INFO neutron.wsgi [None req-11ac39d7-dfba-4fa7-869c-91df30fc3a45 97b870170019481794f5f3022c7a82a0 2897d4adbf6343ba8b36db4b1bc3cfd6 - - default default] 10.0.0.96 "POST /v2.0/routers HTTP/1.1" status: 201 len: 874 time: 2.3341658
2026-05-11 02:03:07.559 10 INFO neutron.plugins.ml2.drivers.ovn.mech_driver.mech_driver [None req-bf330d73-d748-4cf8-baff-df318e4b0fae - - - - - -] OVN reports status up for port: 808ac5fa-0476-44a1-a166-f07bf7edde09
2026-05-11 02:03:07.570 10 INFO neutron.plugins.ml2.plugin [None req-bf330d73-d748-4cf8-baff-df318e4b0fae - - - - - -] Attempt 1 to provision port 808ac5fa-0476-44a1-a166-f07bf7edde09
2026-05-11 02:03:07.586 10 INFO neutron.db.ovn_revision_numbers_db [None req-c956a5bb-a5bf-47a3-959a-3665fe6fb8a2 f6a1eab280bb4675a19f2737111a8190 2a02514e1226463db8226cdf845d2c0b - - default default] Successfully bumped revision number for resource 808ac5fa-0476-44a1-a166-f07bf7edde09 (type: router_ports) to 1
2026-05-11 02:03:07.618 9 INFO neutron.wsgi [req-85e53941-8fc6-4eea-a5af-b55ffe106ca9 req-bf0eaac2-3976-4c42-82f7-15adad41d2c2 55f991a7fc184b8aa8a45640e88358c5 e372edc487564543ba6003396eb8f5e9 - - 001184f3b1ca4d748842f4ce7543235f 001184f3b1ca4d748842f4ce7543235f] 199.204.45.22 "GET /v2.0/subnets?id=0a0ccd4e-ed7d-40db-b285-9bc0e6c0d9b9 HTTP/1.1" status: 200 len: 872 time: 0.2141380
2026-05-11 02:03:07.709 9 INFO neutron.wsgi [req-85e53941-8fc6-4eea-a5af-b55ffe106ca9 req-f83bd54e-746e-45dc-8318-0750e615dc64 55f991a7fc184b8aa8a45640e88358c5 e372edc487564543ba6003396eb8f5e9 - - 001184f3b1ca4d748842f4ce7543235f 001184f3b1ca4d748842f4ce7543235f] 199.204.45.22 "GET /v2.0/ports?network_id=dcca7439-fb7a-46f5-8d5c-504cb70debf6&device_owner=network%3Adhcp HTTP/1.1" status: 200 len: 210 time: 0.0705593
2026-05-11 02:03:07.732 9 INFO neutron.wsgi [req-6fc0a692-7a6a-4311-a0a4-69991388948e req-95c1de5c-d22d-4a76-88c2-f46a25f16f11 fc84de9d4f714eae95f071a13b3396fc aa9bff6e6201488b86c97f6ffd9a73bf - - default default] 10.0.0.15 "GET /v2.0/ports?device_id=3febbefa-0d09-4589-b84b-2832e1b762af HTTP/1.1" status: 200 len: 1172 time: 0.1267567
2026-05-11 02:03:07.809 9 INFO neutron.db.ovn_revision_numbers_db [None req-d3b99b26-6804-494a-996a-49b8282b2332 - - - - - -] Successfully bumped revision number for resource 5361bfcd-4788-48fc-9493-d6ad5a7ead32 (type: ports) to 2
2026-05-11 02:03:07.828 9 INFO neutron.wsgi [req-6fc0a692-7a6a-4311-a0a4-69991388948e req-cc270499-0e6f-4173-b448-9bf70a6f12d6 fc84de9d4f714eae95f071a13b3396fc aa9bff6e6201488b86c97f6ffd9a73bf - - default default] 10.0.0.15 "GET /v2.0/security-groups?id=c7e2d596-8c03-497f-8be3-708e63ac62ba&fields=id&fields=name HTTP/1.1" status: 200 len: 312 time: 0.0837562
2026-05-11 02:03:07.870 9 INFO neutron.wsgi [req-85e53941-8fc6-4eea-a5af-b55ffe106ca9 req-fec1b0a5-d8bb-4ea3-8767-38ff4ff4e5b0 55f991a7fc184b8aa8a45640e88358c5 e372edc487564543ba6003396eb8f5e9 - - 001184f3b1ca4d748842f4ce7543235f 001184f3b1ca4d748842f4ce7543235f] 199.204.45.22 "GET /v2.0/networks/dcca7439-fb7a-46f5-8d5c-504cb70debf6?fields=segments HTTP/1.1" status: 200 len: 212 time: 0.1508384
2026-05-11 02:03:07.961 10 INFO neutron.db.ovn_revision_numbers_db [None req-c956a5bb-a5bf-47a3-959a-3665fe6fb8a2 f6a1eab280bb4675a19f2737111a8190 2a02514e1226463db8226cdf845d2c0b - - default default] Successfully bumped revision number for resource 808ac5fa-0476-44a1-a166-f07bf7edde09 (type: ports) to 1
2026-05-11 02:03:07.987 9 INFO neutron.wsgi [req-85e53941-8fc6-4eea-a5af-b55ffe106ca9 req-047fc5ba-be8a-4bb3-9bac-8be87ccd2209 55f991a7fc184b8aa8a45640e88358c5 e372edc487564543ba6003396eb8f5e9 - - 001184f3b1ca4d748842f4ce7543235f 001184f3b1ca4d748842f4ce7543235f] 199.204.45.22 "GET /v2.0/networks/dcca7439-fb7a-46f5-8d5c-504cb70debf6?fields=provider%3Aphysical_network&fields=provider%3Anetwork_type HTTP/1.1" status: 200 len: 277 time: 0.1071432
2026-05-11 02:03:08.085 10 WARNING neutron.scheduler.dhcp_agent_scheduler [None req-c956a5bb-a5bf-47a3-959a-3665fe6fb8a2 f6a1eab280bb4675a19f2737111a8190 2a02514e1226463db8226cdf845d2c0b - - default default] No more DHCP agents
2026-05-11 02:03:08.088 10 WARNING neutron.api.rpc.agentnotifiers.dhcp_rpc_agent_api [None req-c956a5bb-a5bf-47a3-959a-3665fe6fb8a2 f6a1eab280bb4675a19f2737111a8190 2a02514e1226463db8226cdf845d2c0b - - default default] Unable to schedule network a661d6b0-3ec3-4476-8e21-50a42c0e0418: no agents available; will retry on subsequent port and subnet creation events.
2026-05-11 02:03:08.183 10 INFO neutron.db.ovn_revision_numbers_db [None req-bf330d73-d748-4cf8-baff-df318e4b0fae - - - - - -] Successfully bumped revision number for resource 808ac5fa-0476-44a1-a166-f07bf7edde09 (type: ports) to 2
2026-05-11 02:03:08.313 10 INFO neutron.wsgi [-] 10.0.0.133 "GET / HTTP/1.1" status: 200 len: 246 time: 0.0015147
2026-05-11 02:03:08.314 10 INFO neutron.wsgi [-] 10.0.0.133 "GET / HTTP/1.1" status: 200 len: 246 time: 0.0009260
2026-05-11 02:03:08.365 9 INFO neutron.db.ovn_revision_numbers_db [None req-d3b99b26-6804-494a-996a-49b8282b2332 - - - - - -] Successfully bumped revision number for resource 5361bfcd-4788-48fc-9493-d6ad5a7ead32 (type: ports) to 4
2026-05-11 02:03:08.399 10 INFO neutron.db.ovn_revision_numbers_db [None req-bf330d73-d748-4cf8-baff-df318e4b0fae - - - - - -] Successfully bumped revision number for resource 808ac5fa-0476-44a1-a166-f07bf7edde09 (type: router_ports) to 2
2026-05-11 02:03:08.411 9 INFO neutron.notifiers.nova [-] Nova event matching ['req-819ba3de-d7c8-4280-964c-1fcc84a6fb90'] response: {'name': 'network-changed', 'server_uuid': '3febbefa-0d09-4589-b84b-2832e1b762af', 'tag': 'c673dc0a-48a5-4852-9cfb-aa10a41040a9', 'status': 'completed', 'code': 200}
2026-05-11 02:03:08.500 9 INFO neutron.plugins.ml2.drivers.ovn.mech_driver.mech_driver [None req-d7fd741a-a85c-4092-858e-c1902e487ad4 - - - - - -] OVN reports status up for port: cb46be70-3df6-461f-9d66-5d09fa3fcb3d
2026-05-11 02:03:08.543 9 INFO neutron.plugins.ml2.plugin [None req-d7fd741a-a85c-4092-858e-c1902e487ad4 - - - - - -] Attempt 1 to provision port cb46be70-3df6-461f-9d66-5d09fa3fcb3d
2026-05-11 02:03:08.547 9 INFO neutron.wsgi [req-49e759da-927c-43f1-ba3f-a966cae318c4 req-54570ed7-6778-4c30-94f6-a2e0462ee24c 55f991a7fc184b8aa8a45640e88358c5 e372edc487564543ba6003396eb8f5e9 - - 001184f3b1ca4d748842f4ce7543235f 001184f3b1ca4d748842f4ce7543235f] 199.204.45.22 "GET /v2.0/ports?tenant_id=aa9bff6e6201488b86c97f6ffd9a73bf&device_id=3febbefa-0d09-4589-b84b-2832e1b762af HTTP/1.1" status: 200 len: 1411 time: 0.1258163
2026-05-11 02:03:08.905 9 INFO neutron.wsgi [req-49e759da-927c-43f1-ba3f-a966cae318c4 req-9bb0528b-9f23-43cc-b203-94ae685d9bfc 55f991a7fc184b8aa8a45640e88358c5 e372edc487564543ba6003396eb8f5e9 - - 001184f3b1ca4d748842f4ce7543235f 001184f3b1ca4d748842f4ce7543235f] 199.204.45.22 "GET /v2.0/networks?id=dcca7439-fb7a-46f5-8d5c-504cb70debf6 HTTP/1.1" status: 200 len: 977 time: 0.3451405
2026-05-11 02:03:08.944 9 INFO neutron.wsgi [req-49e759da-927c-43f1-ba3f-a966cae318c4 req-db503ea9-ead2-4adf-93c4-0e68c286532a 55f991a7fc184b8aa8a45640e88358c5 e372edc487564543ba6003396eb8f5e9 - - 001184f3b1ca4d748842f4ce7543235f 001184f3b1ca4d748842f4ce7543235f] 199.204.45.22 "GET /v2.0/floatingips?fixed_ip_address=10.100.0.13&port_id=c673dc0a-48a5-4852-9cfb-aa10a41040a9 HTTP/1.1" status: 200 len: 217 time: 0.0330842
2026-05-11 02:03:09.000 10 INFO neutron.db.ovn_revision_numbers_db [None req-c956a5bb-a5bf-47a3-959a-3665fe6fb8a2 f6a1eab280bb4675a19f2737111a8190 2a02514e1226463db8226cdf845d2c0b - - default default] Successfully bumped revision number for resource 808ac5fa-0476-44a1-a166-f07bf7edde09 (type: router_ports) to 2
2026-05-11 02:03:09.004 10 INFO neutron.wsgi [None req-c956a5bb-a5bf-47a3-959a-3665fe6fb8a2 f6a1eab280bb4675a19f2737111a8190 2a02514e1226463db8226cdf845d2c0b - - default default] 10.0.0.96 "PUT /v2.0/routers/6c27a748-fd41-4f63-9888-01493f70774c/add_router_interface HTTP/1.1" status: 200 len: 503 time: 3.2175856
2026-05-11 02:03:09.045 9 WARNING neutron.scheduler.dhcp_agent_scheduler [None req-b27c2991-279c-479b-8585-a4eba91b3606 97b870170019481794f5f3022c7a82a0 2897d4adbf6343ba8b36db4b1bc3cfd6 - - default default] No more DHCP agents
2026-05-11 02:03:09.059 9 INFO neutron.wsgi [req-49e759da-927c-43f1-ba3f-a966cae318c4 req-4eb16fd7-aacd-48a5-8958-2e11bf0bb4e9 55f991a7fc184b8aa8a45640e88358c5 e372edc487564543ba6003396eb8f5e9 - - 001184f3b1ca4d748842f4ce7543235f 001184f3b1ca4d748842f4ce7543235f] 199.204.45.22 "GET /v2.0/subnets?id=0a0ccd4e-ed7d-40db-b285-9bc0e6c0d9b9 HTTP/1.1" status: 200 len: 872 time: 0.1064112
2026-05-11 02:03:09.063 9 WARNING neutron.api.rpc.agentnotifiers.dhcp_rpc_agent_api [None req-b27c2991-279c-479b-8585-a4eba91b3606 97b870170019481794f5f3022c7a82a0 2897d4adbf6343ba8b36db4b1bc3cfd6 - - default default] Unable to schedule network 52dde89b-95e0-4691-82fb-9c8f8dceb477: no agents available; will retry on subsequent port and subnet creation events.
2026-05-11 02:03:09.107 9 INFO neutron.wsgi [req-49e759da-927c-43f1-ba3f-a966cae318c4 req-4d56f427-3aaf-4ae9-80c0-b602c7cbeed3 55f991a7fc184b8aa8a45640e88358c5 e372edc487564543ba6003396eb8f5e9 - - 001184f3b1ca4d748842f4ce7543235f 001184f3b1ca4d748842f4ce7543235f] 199.204.45.22 "GET /v2.0/ports?network_id=dcca7439-fb7a-46f5-8d5c-504cb70debf6&device_owner=network%3Adhcp HTTP/1.1" status: 200 len: 210 time: 0.0313282
2026-05-11 02:03:09.139 9 INFO neutron.wsgi [req-d98e9499-106b-4d01-adbb-b4c4a1259164 req-0d39f497-cf48-40d0-9844-0105ac646fef fc84de9d4f714eae95f071a13b3396fc aa9bff6e6201488b86c97f6ffd9a73bf - - default default] 10.0.0.15 "GET /v2.0/ports?device_id=3febbefa-0d09-4589-b84b-2832e1b762af HTTP/1.1" status: 200 len: 1172 time: 0.2198105
2026-05-11 02:03:09.141 9 INFO neutron.db.ovn_revision_numbers_db [None req-d3b99b26-6804-494a-996a-49b8282b2332 - - - - - -] Successfully bumped revision number for resource 5361bfcd-4788-48fc-9493-d6ad5a7ead32 (type: router_ports) to 4
2026-05-11 02:03:09.244 9 INFO neutron.wsgi [req-49e759da-927c-43f1-ba3f-a966cae318c4 req-f3df578e-5347-48cf-9128-d16885383c93 55f991a7fc184b8aa8a45640e88358c5 e372edc487564543ba6003396eb8f5e9 - - 001184f3b1ca4d748842f4ce7543235f 001184f3b1ca4d748842f4ce7543235f] 199.204.45.22 "GET /v2.0/networks/dcca7439-fb7a-46f5-8d5c-504cb70debf6?fields=segments HTTP/1.1" status: 200 len: 212 time: 0.1205149
2026-05-11 02:03:09.248 9 INFO neutron.wsgi [req-d98e9499-106b-4d01-adbb-b4c4a1259164 req-c05bd34e-8616-4d91-a29d-1e45fc48c680 fc84de9d4f714eae95f071a13b3396fc aa9bff6e6201488b86c97f6ffd9a73bf - - default default] 10.0.0.15 "GET /v2.0/security-groups?id=c7e2d596-8c03-497f-8be3-708e63ac62ba&fields=id&fields=name HTTP/1.1" status: 200 len: 312 time: 0.0948060
2026-05-11 02:03:09.338 9 INFO neutron.wsgi [req-49e759da-927c-43f1-ba3f-a966cae318c4 req-d29ab2d9-a98b-4387-bd8e-095b35aaa836 55f991a7fc184b8aa8a45640e88358c5 e372edc487564543ba6003396eb8f5e9 - - 001184f3b1ca4d748842f4ce7543235f 001184f3b1ca4d748842f4ce7543235f] 199.204.45.22 "GET /v2.0/networks/dcca7439-fb7a-46f5-8d5c-504cb70debf6?fields=provider%3Aphysical_network&fields=provider%3Anetwork_type HTTP/1.1" status: 200 len: 277 time: 0.0855241
2026-05-11 02:03:09.339 9 INFO neutron.db.ovn_revision_numbers_db [None req-b27c2991-279c-479b-8585-a4eba91b3606 97b870170019481794f5f3022c7a82a0 2897d4adbf6343ba8b36db4b1bc3cfd6 - - default default] Successfully bumped revision number for resource b79dc831-af16-4956-b3e8-d7509102c936 (type: ports) to 1
2026-05-11 02:03:09.873 9 INFO neutron.db.ovn_revision_numbers_db [None req-b27c2991-279c-479b-8585-a4eba91b3606 97b870170019481794f5f3022c7a82a0 2897d4adbf6343ba8b36db4b1bc3cfd6 - - default default] Successfully bumped revision number for resource b79dc831-af16-4956-b3e8-d7509102c936 (type: router_ports) to 1
2026-05-11 02:03:10.023 9 INFO neutron.db.ovn_revision_numbers_db [None req-b27c2991-279c-479b-8585-a4eba91b3606 97b870170019481794f5f3022c7a82a0 2897d4adbf6343ba8b36db4b1bc3cfd6 - - default default] Successfully bumped revision number for resource b79dc831-af16-4956-b3e8-d7509102c936 (type: ports) to 1
2026-05-11 02:03:10.034 10 INFO neutron.wsgi [req-f477b5ed-8216-42f0-9021-42567a707fe6 req-ff5fc6d4-933a-4363-b095-164a7d500276 5f1bf8b7c9fe43c89fd8faf9e6423fdd a5ab8432ed5d4e77b218f193ffdd634a - - default default] 10.0.0.15 "GET /v2.0/networks?id=a661d6b0-3ec3-4476-8e21-50a42c0e0418 HTTP/1.1" status: 200 len: 876 time: 0.0807691
2026-05-11 02:03:10.055 10 INFO neutron.wsgi [req-f477b5ed-8216-42f0-9021-42567a707fe6 req-2202817d-b8b9-4d65-93c8-286560bda21a 5f1bf8b7c9fe43c89fd8faf9e6423fdd a5ab8432ed5d4e77b218f193ffdd634a - - default default] 10.0.0.15 "GET /v2.0/quotas/a5ab8432ed5d4e77b218f193ffdd634a HTTP/1.1" status: 200 len: 386 time: 0.0120418
2026-05-11 02:03:10.098 9 WARNING neutron.scheduler.dhcp_agent_scheduler [None req-b27c2991-279c-479b-8585-a4eba91b3606 97b870170019481794f5f3022c7a82a0 2897d4adbf6343ba8b36db4b1bc3cfd6 - - default default] No more DHCP agents
2026-05-11 02:03:10.100 9 WARNING neutron.api.rpc.agentnotifiers.dhcp_rpc_agent_api [None req-b27c2991-279c-479b-8585-a4eba91b3606 97b870170019481794f5f3022c7a82a0 2897d4adbf6343ba8b36db4b1bc3cfd6 - - default default] Unable to schedule network 52dde89b-95e0-4691-82fb-9c8f8dceb477: no agents available; will retry on subsequent port and subnet creation events.
2026-05-11 02:03:10.148 10 INFO neutron.wsgi [req-f477b5ed-8216-42f0-9021-42567a707fe6 req-725a197e-82fa-43ca-8642-5df7a6e8a27f 5f1bf8b7c9fe43c89fd8faf9e6423fdd a5ab8432ed5d4e77b218f193ffdd634a - - default default] 10.0.0.15 "GET /v2.0/ports?tenant_id=a5ab8432ed5d4e77b218f193ffdd634a&fields=id HTTP/1.1" status: 200 len: 302 time: 0.0862777
2026-05-11 02:03:10.220 10 INFO neutron.wsgi [req-f477b5ed-8216-42f0-9021-42567a707fe6 req-841ec001-5fae-48d5-8e91-a86d2a91833f 55f991a7fc184b8aa8a45640e88358c5 e372edc487564543ba6003396eb8f5e9 - - 001184f3b1ca4d748842f4ce7543235f 001184f3b1ca4d748842f4ce7543235f] 10.0.0.15 "GET /v2.0/networks/a661d6b0-3ec3-4476-8e21-50a42c0e0418?fields=segments HTTP/1.1" status: 200 len: 212 time: 0.0621295
2026-05-11 02:03:10.316 10 INFO neutron.wsgi [req-f477b5ed-8216-42f0-9021-42567a707fe6 req-f542343a-f7fd-4108-a44f-8905dee8e8ed 55f991a7fc184b8aa8a45640e88358c5 e372edc487564543ba6003396eb8f5e9 - - 001184f3b1ca4d748842f4ce7543235f 001184f3b1ca4d748842f4ce7543235f] 10.0.0.15 "GET /v2.0/networks/a661d6b0-3ec3-4476-8e21-50a42c0e0418?fields=provider%3Aphysical_network&fields=provider%3Anetwork_type HTTP/1.1" status: 200 len: 277 time: 0.0867529
2026-05-11 02:03:10.384 9 INFO neutron.wsgi [req-0ccce169-d05d-49e3-8f69-60add0a4f4ee req-9dc17c1c-13f0-4fad-9a40-bce0e0238ac0 fc84de9d4f714eae95f071a13b3396fc aa9bff6e6201488b86c97f6ffd9a73bf - - default default] 10.0.0.15 "GET /v2.0/ports?device_id=3febbefa-0d09-4589-b84b-2832e1b762af HTTP/1.1" status: 200 len: 1172 time: 0.0467107
2026-05-11 02:03:10.462 9 INFO neutron.wsgi [req-0ccce169-d05d-49e3-8f69-60add0a4f4ee req-7517cfeb-3b3b-4f3d-9dad-00bd9354e56d fc84de9d4f714eae95f071a13b3396fc aa9bff6e6201488b86c97f6ffd9a73bf - - default default] 10.0.0.15 "GET /v2.0/security-groups?id=c7e2d596-8c03-497f-8be3-708e63ac62ba&fields=id&fields=name HTTP/1.1" status: 200 len: 312 time: 0.0647087
2026-05-11 02:03:10.466 10 INFO neutron.wsgi [req-193464d7-9537-4606-a4f7-b7f7f0c68a1c req-b8cb160f-2b99-4850-9d84-4b7a02eda9c4 5f1bf8b7c9fe43c89fd8faf9e6423fdd a5ab8432ed5d4e77b218f193ffdd634a - - default default] 10.0.0.15 "GET /v2.0/ports?device_id=55829509-34fb-447d-aa85-2a2ba4da9175 HTTP/1.1" status: 200 len: 210 time: 0.0300081
2026-05-11 02:03:10.508 9 INFO neutron.db.ovn_revision_numbers_db [None req-b27c2991-279c-479b-8585-a4eba91b3606 97b870170019481794f5f3022c7a82a0 2897d4adbf6343ba8b36db4b1bc3cfd6 - - default default] Successfully bumped revision number for resource b79dc831-af16-4956-b3e8-d7509102c936 (type: router_ports) to 1
2026-05-11 02:03:10.510 9 INFO neutron.wsgi [None req-b27c2991-279c-479b-8585-a4eba91b3606 97b870170019481794f5f3022c7a82a0 2897d4adbf6343ba8b36db4b1bc3cfd6 - - default default] 10.0.0.96 "PUT /v2.0/routers/2d11377a-2ac9-46af-9e79-7b3d830a34c2/add_router_interface HTTP/1.1" status: 200 len: 503 time: 3.0779691
2026-05-11 02:03:10.865 9 WARNING neutron.scheduler.dhcp_agent_scheduler [None req-f0ebb7f4-bc95-4f97-8a41-1a5d573dd557 97b870170019481794f5f3022c7a82a0 2897d4adbf6343ba8b36db4b1bc3cfd6 - - default default] No more DHCP agents
2026-05-11 02:03:10.868 9 WARNING neutron.api.rpc.agentnotifiers.dhcp_rpc_agent_api [None req-f0ebb7f4-bc95-4f97-8a41-1a5d573dd557 97b870170019481794f5f3022c7a82a0 2897d4adbf6343ba8b36db4b1bc3cfd6 - - default default] Unable to schedule network 52dde89b-95e0-4691-82fb-9c8f8dceb477: no agents available; will retry on subsequent port and subnet creation events.
2026-05-11 02:03:11.006 9 INFO neutron.db.ovn_revision_numbers_db [None req-f0ebb7f4-bc95-4f97-8a41-1a5d573dd557 97b870170019481794f5f3022c7a82a0 2897d4adbf6343ba8b36db4b1bc3cfd6 - - default default] Successfully bumped revision number for resource 12d8f805-7761-43bb-a445-21f818637857 (type: ports) to 1
2026-05-11 02:03:11.030 9 INFO neutron.wsgi [None req-f0ebb7f4-bc95-4f97-8a41-1a5d573dd557 97b870170019481794f5f3022c7a82a0 2897d4adbf6343ba8b36db4b1bc3cfd6 - - default default] 10.0.0.96 "POST /v2.0/ports HTTP/1.1" status: 201 len: 1154 time: 0.5150976 /var/lib/openstack/lib/python3.10/site-packages/pycadf/identifier.py:71: UserWarning: Invalid uuid: neutron. To ensure interoperability, identifiers should be a valid uuid. warnings.warn(('Invalid uuid: %s. To ensure interoperability, '
2026-05-11 02:03:11.194 9 INFO neutron.wsgi [req-f477b5ed-8216-42f0-9021-42567a707fe6 req-1c6e5bca-a662-4d44-88a0-7c04f3ef8949 5f1bf8b7c9fe43c89fd8faf9e6423fdd a5ab8432ed5d4e77b218f193ffdd634a - - default default] 199.204.45.22 "GET /v2.0/networks?id=a661d6b0-3ec3-4476-8e21-50a42c0e0418 HTTP/1.1" status: 200 len: 876 time: 0.0830491
2026-05-11 02:03:11.453 9 WARNING neutron.scheduler.dhcp_agent_scheduler [None req-702ea745-9101-419d-baf7-4fd0bafb17f6 97b870170019481794f5f3022c7a82a0 2897d4adbf6343ba8b36db4b1bc3cfd6 - - default default] No more DHCP agents
2026-05-11 02:03:11.459 9 WARNING neutron.api.rpc.agentnotifiers.dhcp_rpc_agent_api [None req-702ea745-9101-419d-baf7-4fd0bafb17f6 97b870170019481794f5f3022c7a82a0 2897d4adbf6343ba8b36db4b1bc3cfd6 - - default default] Unable to schedule network 52dde89b-95e0-4691-82fb-9c8f8dceb477: no agents available; will retry on subsequent port and subnet creation events. /var/lib/openstack/lib/python3.10/site-packages/pycadf/identifier.py:71: UserWarning: Invalid uuid: neutron. To ensure interoperability, identifiers should be a valid uuid. warnings.warn(('Invalid uuid: %s. To ensure interoperability, '
2026-05-11 02:03:11.561 10 INFO neutron.wsgi [req-a2993838-1d98-4138-83ca-d4c862f227a4 req-c1f2a4b7-2140-47f8-ab6d-d14d9d018903 5f1bf8b7c9fe43c89fd8faf9e6423fdd a5ab8432ed5d4e77b218f193ffdd634a - - default default] 10.0.0.15 "GET /v2.0/ports?device_id=55829509-34fb-447d-aa85-2a2ba4da9175 HTTP/1.1" status: 200 len: 210 time: 0.0266175
2026-05-11 02:03:11.594 9 INFO neutron.wsgi [req-39a3a875-d896-4972-b4c0-d2497b4db061 req-cf9729dc-f17a-4252-8015-8ba4767d239a fc84de9d4f714eae95f071a13b3396fc aa9bff6e6201488b86c97f6ffd9a73bf - - default default] 10.0.0.15 "GET /v2.0/ports?device_id=3febbefa-0d09-4589-b84b-2832e1b762af HTTP/1.1" status: 200 len: 1172 time: 0.0601101
2026-05-11 02:03:11.862 9 INFO neutron.wsgi [req-39a3a875-d896-4972-b4c0-d2497b4db061 req-52db0ecf-9c39-400f-b314-c1d4325fbf3b fc84de9d4f714eae95f071a13b3396fc aa9bff6e6201488b86c97f6ffd9a73bf - - default default] 10.0.0.15 "GET /v2.0/security-groups?id=c7e2d596-8c03-497f-8be3-708e63ac62ba&fields=id&fields=name HTTP/1.1" status: 200 len: 312 time: 0.2533844
2026-05-11 02:03:11.870 9 WARNING neutron.scheduler.dhcp_agent_scheduler [req-f477b5ed-8216-42f0-9021-42567a707fe6 req-2a9543a1-e274-4368-a763-d0870d9da72a 5f1bf8b7c9fe43c89fd8faf9e6423fdd a5ab8432ed5d4e77b218f193ffdd634a - - default default] No more DHCP agents
2026-05-11 02:03:11.874 9 WARNING neutron.api.rpc.agentnotifiers.dhcp_rpc_agent_api [req-f477b5ed-8216-42f0-9021-42567a707fe6 req-2a9543a1-e274-4368-a763-d0870d9da72a 5f1bf8b7c9fe43c89fd8faf9e6423fdd a5ab8432ed5d4e77b218f193ffdd634a - - default default] Unable to schedule network a661d6b0-3ec3-4476-8e21-50a42c0e0418: no agents available; will retry on subsequent port and subnet creation events.
2026-05-11 02:03:11.892 9 INFO neutron.db.ovn_revision_numbers_db [None req-702ea745-9101-419d-baf7-4fd0bafb17f6 97b870170019481794f5f3022c7a82a0 2897d4adbf6343ba8b36db4b1bc3cfd6 - - default default] Successfully bumped revision number for resource 3946d5c9-0aa9-42e5-9b91-4ae607a727fe (type: ports) to 1
2026-05-11 02:03:11.922 9 INFO neutron.wsgi [None req-702ea745-9101-419d-baf7-4fd0bafb17f6 97b870170019481794f5f3022c7a82a0 2897d4adbf6343ba8b36db4b1bc3cfd6 - - default default] 10.0.0.96 "POST /v2.0/ports HTTP/1.1" status: 201 len: 1157 time: 0.8877227
2026-05-11 02:03:12.022 9 INFO neutron.db.ovn_revision_numbers_db [req-f477b5ed-8216-42f0-9021-42567a707fe6 req-2a9543a1-e274-4368-a763-d0870d9da72a 5f1bf8b7c9fe43c89fd8faf9e6423fdd a5ab8432ed5d4e77b218f193ffdd634a - - default default] Successfully bumped revision number for resource 9f288226-3dfa-45a3-8c57-57040fbea834 (type: ports) to 1
2026-05-11 02:03:12.047 9 INFO neutron.wsgi [req-f477b5ed-8216-42f0-9021-42567a707fe6 req-2a9543a1-e274-4368-a763-d0870d9da72a 5f1bf8b7c9fe43c89fd8faf9e6423fdd a5ab8432ed5d4e77b218f193ffdd634a - - default default] 199.204.45.22 "POST /v2.0/ports HTTP/1.1" status: 201 len: 1158 time: 0.8415139 /var/lib/openstack/lib/python3.10/site-packages/pycadf/identifier.py:71: UserWarning: Invalid uuid: neutron. To ensure interoperability, identifiers should be a valid uuid. warnings.warn(('Invalid uuid: %s. To ensure interoperability, '
2026-05-11 02:03:12.218 10 WARNING neutron.scheduler.dhcp_agent_scheduler [None req-854aebfd-5b4d-4d5f-8b54-004dc3d24656 97b870170019481794f5f3022c7a82a0 2897d4adbf6343ba8b36db4b1bc3cfd6 - - default default] No more DHCP agents
2026-05-11 02:03:12.222 10 WARNING neutron.api.rpc.agentnotifiers.dhcp_rpc_agent_api [None req-854aebfd-5b4d-4d5f-8b54-004dc3d24656 97b870170019481794f5f3022c7a82a0 2897d4adbf6343ba8b36db4b1bc3cfd6 - - default default] Unable to schedule network ff242978-c630-477a-8591-8f3e9d7d41ce: no agents available; will retry on subsequent port and subnet creation events.
2026-05-11 02:03:12.447 9 INFO neutron.db.ovn_revision_numbers_db [req-f477b5ed-8216-42f0-9021-42567a707fe6 req-5851e377-a1b0-40ac-975b-1e04a499379c 55f991a7fc184b8aa8a45640e88358c5 e372edc487564543ba6003396eb8f5e9 - - 001184f3b1ca4d748842f4ce7543235f 001184f3b1ca4d748842f4ce7543235f] Successfully bumped revision number for resource 9f288226-3dfa-45a3-8c57-57040fbea834 (type: ports) to 2
2026-05-11 02:03:12.655 9 INFO neutron.db.ovn_revision_numbers_db [req-f477b5ed-8216-42f0-9021-42567a707fe6 req-5851e377-a1b0-40ac-975b-1e04a499379c 55f991a7fc184b8aa8a45640e88358c5 e372edc487564543ba6003396eb8f5e9 - - 001184f3b1ca4d748842f4ce7543235f 001184f3b1ca4d748842f4ce7543235f] Successfully bumped revision number for resource 9f288226-3dfa-45a3-8c57-57040fbea834 (type: ports) to 2
2026-05-11 02:03:12.671 9 INFO neutron.wsgi [req-f477b5ed-8216-42f0-9021-42567a707fe6 req-5851e377-a1b0-40ac-975b-1e04a499379c 55f991a7fc184b8aa8a45640e88358c5 e372edc487564543ba6003396eb8f5e9 - - 001184f3b1ca4d748842f4ce7543235f 001184f3b1ca4d748842f4ce7543235f] 199.204.45.22 "PUT /v2.0/ports/9f288226-3dfa-45a3-8c57-57040fbea834 HTTP/1.1" status: 200 len: 1376 time: 0.6159942
2026-05-11 02:03:12.704 9 INFO neutron.notifiers.nova [-] Nova event matching ['req-d8bc8eba-0b7d-484e-8b6b-337c1a6ce8ce'] response: {'name': 'network-changed', 'server_uuid': '55829509-34fb-447d-aa85-2a2ba4da9175', 'tag': '9f288226-3dfa-45a3-8c57-57040fbea834', 'status': 'completed', 'code': 200} /var/lib/openstack/lib/python3.10/site-packages/pycadf/identifier.py:71: UserWarning: Invalid uuid: neutron. To ensure interoperability, identifiers should be a valid uuid. warnings.warn(('Invalid uuid: %s. To ensure interoperability, '
2026-05-11 02:03:12.718 10 INFO neutron.wsgi [req-44d6d027-d20b-4b38-bf34-d51b1c0f50e9 req-8ed5dd29-2f1f-4756-be6c-dbef59ae157e 5f1bf8b7c9fe43c89fd8faf9e6423fdd a5ab8432ed5d4e77b218f193ffdd634a - - default default] 10.0.0.15 "GET /v2.0/ports?device_id=55829509-34fb-447d-aa85-2a2ba4da9175 HTTP/1.1" status: 200 len: 1168 time: 0.0367842
2026-05-11 02:03:12.757 9 INFO neutron.wsgi [req-f477b5ed-8216-42f0-9021-42567a707fe6 req-723d715e-00a4-4123-a731-ec7f84e49123 55f991a7fc184b8aa8a45640e88358c5 e372edc487564543ba6003396eb8f5e9 - - 001184f3b1ca4d748842f4ce7543235f 001184f3b1ca4d748842f4ce7543235f] 199.204.45.22 "GET /v2.0/ports?tenant_id=a5ab8432ed5d4e77b218f193ffdd634a&device_id=55829509-34fb-447d-aa85-2a2ba4da9175 HTTP/1.1" status: 200 len: 1407 time: 0.0431354
2026-05-11 02:03:12.779 10 INFO neutron.wsgi [req-44d6d027-d20b-4b38-bf34-d51b1c0f50e9 req-ab80bbe6-bac8-409f-90f4-dbc38d146555 5f1bf8b7c9fe43c89fd8faf9e6423fdd a5ab8432ed5d4e77b218f193ffdd634a - - default default] 10.0.0.15 "GET /v2.0/security-groups?id=87d2f6c8-fc78-4cd7-9ddd-084714c4b591&fields=id&fields=name HTTP/1.1" status: 200 len: 286 time: 0.0550115
2026-05-11 02:03:12.789 9 INFO neutron.wsgi [req-f477b5ed-8216-42f0-9021-42567a707fe6 req-07280a4a-0a45-42d5-89a1-c899d74b7be4 55f991a7fc184b8aa8a45640e88358c5 e372edc487564543ba6003396eb8f5e9 - - 001184f3b1ca4d748842f4ce7543235f 001184f3b1ca4d748842f4ce7543235f] 199.204.45.22 "GET /v2.0/floatingips?fixed_ip_address=10.100.0.5&port_id=9f288226-3dfa-45a3-8c57-57040fbea834 HTTP/1.1" status: 200 len: 217 time: 0.0240786
2026-05-11 02:03:12.853 9 INFO neutron.wsgi [req-f477b5ed-8216-42f0-9021-42567a707fe6 req-5628a854-81ac-42c2-8c20-265a7c72d182 55f991a7fc184b8aa8a45640e88358c5 e372edc487564543ba6003396eb8f5e9 - - 001184f3b1ca4d748842f4ce7543235f 001184f3b1ca4d748842f4ce7543235f] 199.204.45.22 "GET /v2.0/subnets?id=635de7f3-04b2-4078-a475-0a504af5e070 HTTP/1.1" status: 200 len: 870 time: 0.0567565
2026-05-11 02:03:12.883 9 INFO neutron.wsgi [req-f477b5ed-8216-42f0-9021-42567a707fe6 req-f8f7ffe8-8373-45d2-94a8-4287baed66e0 55f991a7fc184b8aa8a45640e88358c5 e372edc487564543ba6003396eb8f5e9 - - 001184f3b1ca4d748842f4ce7543235f 001184f3b1ca4d748842f4ce7543235f] 199.204.45.22 "GET /v2.0/ports?network_id=a661d6b0-3ec3-4476-8e21-50a42c0e0418&device_owner=network%3Adhcp HTTP/1.1" status: 200 len: 210 time: 0.0216553
2026-05-11 02:03:12.888 10 INFO neutron.db.l3_db [None req-854aebfd-5b4d-4d5f-8b54-004dc3d24656 97b870170019481794f5f3022c7a82a0 2897d4adbf6343ba8b36db4b1bc3cfd6 - - default default] Floating IP 96ee9833-d7c9-4355-b365-f2a30abe33c5 associated. External IP: 10.96.250.204, port: 3946d5c9-0aa9-42e5-9b91-4ae607a727fe.
2026-05-11 02:03:12.968 9 INFO neutron.wsgi [req-f477b5ed-8216-42f0-9021-42567a707fe6 req-3e705567-67f7-47d4-8d9f-12e3c5c7bb32 55f991a7fc184b8aa8a45640e88358c5 e372edc487564543ba6003396eb8f5e9 - - 001184f3b1ca4d748842f4ce7543235f 001184f3b1ca4d748842f4ce7543235f] 199.204.45.22 "GET /v2.0/networks/a661d6b0-3ec3-4476-8e21-50a42c0e0418?fields=segments HTTP/1.1" status: 200 len: 212 time: 0.0791492
