2026-05-11 02:06:04.415 10 INFO neutron.db.ovn_revision_numbers_db [None req-a9efc179-fe65-408a-a59c-0d241ce94d0b f6a1eab280bb4675a19f2737111a8190 2a02514e1226463db8226cdf845d2c0b - - default default] Successfully bumped revision number for resource 27cf503f-5918-41de-8645-c1194ad79d9b (type: security_group_rules) to 0
2026-05-11 02:06:04.438 10 INFO neutron.db.ovn_revision_numbers_db [None req-a9efc179-fe65-408a-a59c-0d241ce94d0b f6a1eab280bb4675a19f2737111a8190 2a02514e1226463db8226cdf845d2c0b - - default default] Successfully bumped revision number for resource 66993dd9-4a40-4bd8-87f8-9b2e4b20ce1a (type: security_group_rules) to 0
2026-05-11 02:06:04.452 10 INFO neutron.db.ovn_revision_numbers_db [None req-a9efc179-fe65-408a-a59c-0d241ce94d0b f6a1eab280bb4675a19f2737111a8190 2a02514e1226463db8226cdf845d2c0b - - default default] Successfully bumped revision number for resource 8a836997-7e20-4709-ba97-bdd4c8156b6f (type: security_group_rules) to 0
2026-05-11 02:06:04.485 10 INFO neutron.wsgi [None req-a9efc179-fe65-408a-a59c-0d241ce94d0b f6a1eab280bb4675a19f2737111a8190 2a02514e1226463db8226cdf845d2c0b - - default default] 10.0.0.96 "GET /v2.0/security-groups?tenant_id=22445d998dcb4f668ceb9781f7bb42ec&name=default HTTP/1.1" status: 200 len: 2996 time: 0.3574793
2026-05-11 02:06:04.620 10 INFO neutron.wsgi [None req-74fa0b0e-b432-4d7a-8968-7cdc9c8ed5df 86819eac963843b99cc8c442722f31a3 1150c74a8c3340db9663dbe80cda35b1 - - default default] 10.0.0.96 "DELETE /v2.0/networks/474387b5-c27a-4c91-819a-84080cbab957 HTTP/1.1" status: 204 len: 168 time: 0.3783269
2026-05-11 02:06:04.747 9 INFO neutron.wsgi [None req-f6e9eca5-9679-4293-bb18-4ff5abf0631d f6a1eab280bb4675a19f2737111a8190 2a02514e1226463db8226cdf845d2c0b - - default default] 10.0.0.96 "DELETE /v2.0/security-groups/f4f084ff-e5a7-444a-a81e-2cccf496bd51 HTTP/1.1" status: 204 len: 168 time: 0.2563202
2026-05-11 02:06:04.886 10 INFO neutron.wsgi [None req-eef08e68-c060-49c6-89e0-27dff8c805e2 f6a1eab280bb4675a19f2737111a8190 2a02514e1226463db8226cdf845d2c0b - - default default] 10.0.0.96 "GET /v2.0/security-groups?tenant_id=1d016e7c438745b69a6060f90fd57310&name=default HTTP/1.1" status: 200 len: 2996 time: 0.0393476
2026-05-11 02:06:05.018 9 INFO neutron.wsgi [None req-cc467d8b-b99c-4f8a-8ab8-f28f29ad18d3 86819eac963843b99cc8c442722f31a3 1150c74a8c3340db9663dbe80cda35b1 - - default default] 10.0.0.96 "DELETE /v2.0/networks/088ba77c-59e0-4a7d-85aa-46748b28c2dd HTTP/1.1" status: 204 len: 168 time: 0.3903382
2026-05-11 02:06:05.088 10 INFO neutron.wsgi [None req-60c5206a-65b6-4ec4-a68f-f4136ad328a5 f6a1eab280bb4675a19f2737111a8190 2a02514e1226463db8226cdf845d2c0b - - default default] 10.0.0.96 "DELETE /v2.0/security-groups/e7232cbf-1a98-427a-83d6-0afe1f33a780 HTTP/1.1" status: 204 len: 168 time: 0.1956797
2026-05-11 02:06:05.150 10 INFO neutron.services.segments.plugin [-] Segment 63325e82-e10c-4d26-bb8c-95d9c96fd15e resource provider aggregate not found
2026-05-11 02:06:05.155 10 INFO neutron.services.segments.plugin [-] Segment 63325e82-e10c-4d26-bb8c-95d9c96fd15e resource provider aggregate not found
2026-05-11 02:06:05.171 10 INFO neutron.services.segments.plugin [-] Segment 63325e82-e10c-4d26-bb8c-95d9c96fd15e resource provider not found; error: Placement Client Error (4xx): {"errors": [{"status": 404, "title": "Not Found", "detail": "The resource could not be found.\n\n No resource provider with uuid 63325e82-e10c-4d26-bb8c-95d9c96fd15e found for delete ", "request_id": "req-9a768ba5-542d-4df5-af27-a9056da6ca91"}]}
2026-05-11 02:06:05.178 10 INFO neutron.services.segments.plugin [-] Segment 63325e82-e10c-4d26-bb8c-95d9c96fd15e resource provider not found; error: Placement Client Error (4xx): {"errors": [{"status": 404, "title": "Not Found", "detail": "The resource could not be found.\n\n No resource provider with uuid 63325e82-e10c-4d26-bb8c-95d9c96fd15e found for delete ", "request_id": "req-8ec2d0b7-c45f-4b9b-88c6-023cc12f5256"}]}
2026-05-11 02:06:05.195 10 INFO neutron.services.segments.plugin [-] Segment 0307fd5e-b0df-4ef9-93c1-48323724d93d resource provider aggregate not found
2026-05-11 02:06:05.201 10 INFO neutron.services.segments.plugin [-] Segment 0307fd5e-b0df-4ef9-93c1-48323724d93d resource provider aggregate not found
2026-05-11 02:06:05.215 10 INFO neutron.services.segments.plugin [-] Segment 0307fd5e-b0df-4ef9-93c1-48323724d93d resource provider not found; error: Placement Client Error (4xx): {"errors": [{"status": 404, "title": "Not Found", "detail": "The resource could not be found.\n\n No resource provider with uuid 0307fd5e-b0df-4ef9-93c1-48323724d93d found for delete ", "request_id": "req-c95a28b0-63ff-455a-9aa4-588f5648109d"}]}
2026-05-11 02:06:05.216 10 INFO neutron.services.segments.plugin [-] Segment 0307fd5e-b0df-4ef9-93c1-48323724d93d resource provider not found; error: Placement Client Error (4xx): {"errors": [{"status": 404, "title": "Not Found", "detail": "The resource could not be found.\n\n No resource provider with uuid 0307fd5e-b0df-4ef9-93c1-48323724d93d found for delete ", "request_id": "req-679cf0b6-d158-410c-a88a-c4e08110afe3"}]}
2026-05-11 02:06:05.429 9 INFO neutron.services.segments.plugin [-] Segment 1b9802b6-82fa-4a04-b5c8-24acc970a655 resource provider aggregate not found
2026-05-11 02:06:05.435 9 INFO neutron.services.segments.plugin [-] Segment 1b9802b6-82fa-4a04-b5c8-24acc970a655 resource provider aggregate not found
2026-05-11 02:06:05.451 9 INFO neutron.services.segments.plugin [-] Segment 1b9802b6-82fa-4a04-b5c8-24acc970a655 resource provider not found; error: Placement Client Error (4xx): {"errors": [{"status": 404, "title": "Not Found", "detail": "The resource could not be found.\n\n No resource provider with uuid 1b9802b6-82fa-4a04-b5c8-24acc970a655 found for delete ", "request_id": "req-63b1004a-ccb2-4690-80d5-3bbfa9eab17d"}]}
2026-05-11 02:06:05.460 9 INFO neutron.services.segments.plugin [-] Segment 1b9802b6-82fa-4a04-b5c8-24acc970a655 resource provider not found; error: Placement Client Error (4xx): {"errors": [{"status": 404, "title": "Not Found", "detail": "The resource could not be found.\n\n No resource provider with uuid 1b9802b6-82fa-4a04-b5c8-24acc970a655 found for delete ", "request_id": "req-891dea13-c3e2-4d9a-9e39-fe80cf5b30e4"}]}
2026-05-11 02:06:05.471 9 INFO neutron.services.segments.plugin [-] Segment 3e5f616d-d5bb-4f02-952e-4422bd6f2751 resource provider aggregate not found
2026-05-11 02:06:05.479 9 INFO neutron.services.segments.plugin [-] Segment 3e5f616d-d5bb-4f02-952e-4422bd6f2751 resource provider aggregate not found
2026-05-11 02:06:05.487 9 INFO neutron.services.segments.plugin [-] Segment 3e5f616d-d5bb-4f02-952e-4422bd6f2751 resource provider not found; error: Placement Client Error (4xx): {"errors": [{"status": 404, "title": "Not Found", "detail": "The resource could not be found.\n\n No resource provider with uuid 3e5f616d-d5bb-4f02-952e-4422bd6f2751 found for delete ", "request_id": "req-711a5abb-7262-4b1e-89e7-e04cce7d1659"}]}
2026-05-11 02:06:05.498 9 INFO neutron.services.segments.plugin [-] Segment 3e5f616d-d5bb-4f02-952e-4422bd6f2751 resource provider not found; error: Placement Client Error (4xx): {"errors": [{"status": 404, "title": "Not Found", "detail": "The resource could not be found.\n\n No resource provider with uuid 3e5f616d-d5bb-4f02-952e-4422bd6f2751 found for delete ", "request_id": "req-96997cb1-8a3d-4b72-a13d-d5a69cf2f6e1"}]}
2026-05-11 02:06:06.022 10 INFO neutron.wsgi [None req-fb6a4cef-cc27-4763-be0d-e7730d586284 f6a1eab280bb4675a19f2737111a8190 2a02514e1226463db8226cdf845d2c0b - - default default] 10.0.0.96 "GET /v2.0/security-groups?tenant_id=1150c74a8c3340db9663dbe80cda35b1&name=default HTTP/1.1" status: 200 len: 2996 time: 0.1405752
2026-05-11 02:06:06.211 10 INFO neutron.wsgi [None req-fc348dbd-8299-4a0a-9bef-6aa322d67a30 f6a1eab280bb4675a19f2737111a8190 2a02514e1226463db8226cdf845d2c0b - - default default] 10.0.0.96 "DELETE /v2.0/security-groups/6f695ba2-1a8e-4ad6-b666-e02010b5ac17 HTTP/1.1" status: 204 len: 168 time: 0.1830480
2026-05-11 02:06:06.417 9 INFO neutron.db.ovn_revision_numbers_db [None req-428c4582-1a2a-4efd-a464-e10d8da36107 f6a1eab280bb4675a19f2737111a8190 2a02514e1226463db8226cdf845d2c0b - - default default] Successfully bumped revision number for resource d2f12338-9870-41ff-8813-c40b471d54d2 (type: security_groups) to 1
2026-05-11 02:06:06.431 9 INFO neutron.db.ovn_revision_numbers_db [None req-428c4582-1a2a-4efd-a464-e10d8da36107 f6a1eab280bb4675a19f2737111a8190 2a02514e1226463db8226cdf845d2c0b - - default default] Successfully bumped revision number for resource 1f564aa1-4b88-4778-9b39-95fde75ef5bb (type: security_group_rules) to 0
2026-05-11 02:06:06.446 9 INFO neutron.db.ovn_revision_numbers_db [None req-428c4582-1a2a-4efd-a464-e10d8da36107 f6a1eab280bb4675a19f2737111a8190 2a02514e1226463db8226cdf845d2c0b - - default default] Successfully bumped revision number for resource 5243c262-e33c-4483-81ad-b262ac5200b2 (type: security_group_rules) to 0
2026-05-11 02:06:06.461 9 INFO neutron.db.ovn_revision_numbers_db [None req-428c4582-1a2a-4efd-a464-e10d8da36107 f6a1eab280bb4675a19f2737111a8190 2a02514e1226463db8226cdf845d2c0b - - default default] Successfully bumped revision number for resource 52daec62-67e2-4dac-8053-672f27fa4835 (type: security_group_rules) to 0
2026-05-11 02:06:06.474 9 INFO neutron.db.ovn_revision_numbers_db [None req-428c4582-1a2a-4efd-a464-e10d8da36107 f6a1eab280bb4675a19f2737111a8190 2a02514e1226463db8226cdf845d2c0b - - default default] Successfully bumped revision number for resource 64e6e833-3a91-45c8-82a2-8a29db6ce8c8 (type: security_group_rules) to 0
2026-05-11 02:06:06.497 9 INFO neutron.wsgi [None req-428c4582-1a2a-4efd-a464-e10d8da36107 f6a1eab280bb4675a19f2737111a8190 2a02514e1226463db8226cdf845d2c0b - - default default] 10.0.0.96 "GET /v2.0/security-groups?tenant_id=8b505dac35824564b328a161798ae8c6&name=default HTTP/1.1" status: 200 len: 2996 time: 0.1887038
2026-05-11 02:06:06.687 9 INFO neutron.wsgi [None req-42fd0645-96bf-4a82-aba7-e1bde2a2ce73 f6a1eab280bb4675a19f2737111a8190 2a02514e1226463db8226cdf845d2c0b - - default default] 10.0.0.96 "DELETE /v2.0/security-groups/d2f12338-9870-41ff-8813-c40b471d54d2 HTTP/1.1" status: 204 len: 168 time: 0.1854455
2026-05-11 02:06:06.949 9 INFO neutron.db.ovn_revision_numbers_db [None req-0ba8043f-d849-4c6e-a272-ea2e5aaf4719 f6a1eab280bb4675a19f2737111a8190 2a02514e1226463db8226cdf845d2c0b - - default default] Successfully bumped revision number for resource a50cf5db-1491-4ec2-b821-18fa9700dbc0 (type: security_groups) to 1
2026-05-11 02:06:06.965 9 INFO neutron.db.ovn_revision_numbers_db [None req-0ba8043f-d849-4c6e-a272-ea2e5aaf4719 f6a1eab280bb4675a19f2737111a8190 2a02514e1226463db8226cdf845d2c0b - - default default] Successfully bumped revision number for resource 1e67c234-a4d1-4046-aa61-2d81d847a18e (type: security_group_rules) to 0
2026-05-11 02:06:06.985 9 INFO neutron.db.ovn_revision_numbers_db [None req-0ba8043f-d849-4c6e-a272-ea2e5aaf4719 f6a1eab280bb4675a19f2737111a8190 2a02514e1226463db8226cdf845d2c0b - - default default] Successfully bumped revision number for resource 60e1d1bc-fe97-45f3-a003-3c368f51c3b9 (type: security_group_rules) to 0
2026-05-11 02:06:06.997 9 INFO neutron.db.ovn_revision_numbers_db [None req-0ba8043f-d849-4c6e-a272-ea2e5aaf4719 f6a1eab280bb4675a19f2737111a8190 2a02514e1226463db8226cdf845d2c0b - - default default] Successfully bumped revision number for resource 73d94327-3471-4884-9519-10407130e12f (type: security_group_rules) to 0
2026-05-11 02:06:07.011 9 INFO neutron.db.ovn_revision_numbers_db [None req-0ba8043f-d849-4c6e-a272-ea2e5aaf4719 f6a1eab280bb4675a19f2737111a8190 2a02514e1226463db8226cdf845d2c0b - - default default] Successfully bumped revision number for resource d3eed56a-fff4-4234-a95d-e8ca4942f5e3 (type: security_group_rules) to 0
2026-05-11 02:06:07.035 9 INFO neutron.wsgi [None req-0ba8043f-d849-4c6e-a272-ea2e5aaf4719 f6a1eab280bb4675a19f2737111a8190 2a02514e1226463db8226cdf845d2c0b - - default default] 10.0.0.96 "GET /v2.0/security-groups?tenant_id=e44221600e1f430cbe04c3231c5985f8&name=default HTTP/1.1" status: 200 len: 2996 time: 0.2048168
2026-05-11 02:06:07.227 10 INFO neutron.wsgi [None req-133da5d3-aae5-4114-bf62-725e313e94e2 f6a1eab280bb4675a19f2737111a8190 2a02514e1226463db8226cdf845d2c0b - - default default] 10.0.0.96 "DELETE /v2.0/security-groups/a50cf5db-1491-4ec2-b821-18fa9700dbc0 HTTP/1.1" status: 204 len: 168 time: 0.1855817
2026-05-11 02:06:08.310 10 INFO neutron.wsgi [-] 10.0.0.133 "GET / HTTP/1.1" status: 200 len: 246 time: 0.0027838
2026-05-11 02:06:08.313 10 INFO neutron.wsgi [-] 10.0.0.133 "GET / HTTP/1.1" status: 200 len: 246 time: 0.0022926
2026-05-11 02:06:08.708 9 INFO neutron.db.ovn_revision_numbers_db [None req-92d3b39c-a57e-4bd4-a71e-20f347ca38a2 119e629d08644e17bd196b34e44a3539 7593ee85c6b1411a91b5457593564002 - - default default] Successfully bumped revision number for resource d2451b2d-26ba-417d-a3f6-f26b896bc9bf (type: security_groups) to 1
2026-05-11 02:06:08.724 9 INFO neutron.db.ovn_revision_numbers_db [None req-92d3b39c-a57e-4bd4-a71e-20f347ca38a2 119e629d08644e17bd196b34e44a3539 7593ee85c6b1411a91b5457593564002 - - default default] Successfully bumped revision number for resource 52958205-71a1-44a1-8f7f-c7f5f1aad00d (type: security_group_rules) to 0
2026-05-11 02:06:08.737 9 INFO neutron.db.ovn_revision_numbers_db [None req-92d3b39c-a57e-4bd4-a71e-20f347ca38a2 119e629d08644e17bd196b34e44a3539 7593ee85c6b1411a91b5457593564002 - - default default] Successfully bumped revision number for resource 54e8e0d7-c214-4d8f-ab11-7d9cd9f4b716 (type: security_group_rules) to 0
2026-05-11 02:06:08.750 9 INFO neutron.db.ovn_revision_numbers_db [None req-92d3b39c-a57e-4bd4-a71e-20f347ca38a2 119e629d08644e17bd196b34e44a3539 7593ee85c6b1411a91b5457593564002 - - default default] Successfully bumped revision number for resource 888d6291-5d25-4f46-b82b-91017e8de406 (type: security_group_rules) to 0
2026-05-11 02:06:08.767 9 INFO neutron.db.ovn_revision_numbers_db [None req-92d3b39c-a57e-4bd4-a71e-20f347ca38a2 119e629d08644e17bd196b34e44a3539 7593ee85c6b1411a91b5457593564002 - - default default] Successfully bumped revision number for resource 97ab5d87-a465-4439-837c-abfe040a2a92 (type: security_group_rules) to 0
2026-05-11 02:06:08.827 9 INFO neutron.db.segments_db [None req-92d3b39c-a57e-4bd4-a71e-20f347ca38a2 119e629d08644e17bd196b34e44a3539 7593ee85c6b1411a91b5457593564002 - - default default] Added segment 695b41b1-8711-42af-a373-49f177647422 of type geneve for network a7fe84fe-9d64-42ea-b5e5-299e06c08bd0
2026-05-11 02:06:09.004 9 INFO neutron.db.ovn_revision_numbers_db [None req-92d3b39c-a57e-4bd4-a71e-20f347ca38a2 119e629d08644e17bd196b34e44a3539 7593ee85c6b1411a91b5457593564002 - - default default] Successfully bumped revision number for resource a7fe84fe-9d64-42ea-b5e5-299e06c08bd0 (type: networks) to 1
2026-05-11 02:06:09.196 9 WARNING neutron.scheduler.dhcp_agent_scheduler [None req-92d3b39c-a57e-4bd4-a71e-20f347ca38a2 119e629d08644e17bd196b34e44a3539 7593ee85c6b1411a91b5457593564002 - - default default] No more DHCP agents
2026-05-11 02:06:09.199 9 WARNING neutron.api.rpc.agentnotifiers.dhcp_rpc_agent_api [None req-92d3b39c-a57e-4bd4-a71e-20f347ca38a2 119e629d08644e17bd196b34e44a3539 7593ee85c6b1411a91b5457593564002 - - default default] Unable to schedule network a7fe84fe-9d64-42ea-b5e5-299e06c08bd0: no agents available; will retry on subsequent port and subnet creation events.
2026-05-11 02:06:09.288 9 INFO neutron.db.ovn_revision_numbers_db [None req-92d3b39c-a57e-4bd4-a71e-20f347ca38a2 119e629d08644e17bd196b34e44a3539 7593ee85c6b1411a91b5457593564002 - - default default] Successfully bumped revision number for resource 3232dcfe-92f8-4378-bd5b-8d2ec265b59d (type: ports) to 1
2026-05-11 02:06:09.310 9 INFO neutron.wsgi [None req-92d3b39c-a57e-4bd4-a71e-20f347ca38a2 119e629d08644e17bd196b34e44a3539 7593ee85c6b1411a91b5457593564002 - - default default] 10.0.0.96 "POST /v2.0/networks HTTP/1.1" status: 201 len: 831 time: 0.9245803
2026-05-11 02:06:09.556 9 WARNING neutron.scheduler.dhcp_agent_scheduler [None req-91640316-7ce1-42b8-ab48-dbb15b0d6a5a 119e629d08644e17bd196b34e44a3539 7593ee85c6b1411a91b5457593564002 - - default default] No more DHCP agents
2026-05-11 02:06:09.558 9 WARNING neutron.api.rpc.agentnotifiers.dhcp_rpc_agent_api [None req-91640316-7ce1-42b8-ab48-dbb15b0d6a5a 119e629d08644e17bd196b34e44a3539 7593ee85c6b1411a91b5457593564002 - - default default] Unable to schedule network a7fe84fe-9d64-42ea-b5e5-299e06c08bd0: no agents available; will retry on subsequent port and subnet creation events.
2026-05-11 02:06:09.642 9 INFO neutron.db.ovn_revision_numbers_db [None req-91640316-7ce1-42b8-ab48-dbb15b0d6a5a 119e629d08644e17bd196b34e44a3539 7593ee85c6b1411a91b5457593564002 - - default default] Successfully bumped revision number for resource bdb38a44-e7da-481b-91af-e8af104bfb64 (type: ports) to 1
2026-05-11 02:06:09.667 9 INFO neutron.wsgi [None req-91640316-7ce1-42b8-ab48-dbb15b0d6a5a 119e629d08644e17bd196b34e44a3539 7593ee85c6b1411a91b5457593564002 - - default default] 10.0.0.96 "POST /v2.0/ports HTTP/1.1" status: 201 len: 942 time: 0.3514457 /var/lib/openstack/lib/python3.10/site-packages/pycadf/identifier.py:71: UserWarning: Invalid uuid: neutron. To ensure interoperability, identifiers should be a valid uuid. warnings.warn(('Invalid uuid: %s. To ensure interoperability, '
2026-05-11 02:06:09.889 9 INFO neutron.wsgi [None req-9b91f5e4-db16-43a1-9e9d-e92506d55394 119e629d08644e17bd196b34e44a3539 7593ee85c6b1411a91b5457593564002 - - default default] 10.0.0.96 "POST /v2.0/trunks HTTP/1.1" status: 201 len: 608 time: 0.2179351
2026-05-11 02:06:09.919 9 INFO neutron.wsgi [None req-075148c0-e303-4111-b0b1-f5ccdb6c4833 119e629d08644e17bd196b34e44a3539 7593ee85c6b1411a91b5457593564002 - - default default] 10.0.0.96 "PUT /v2.0/trunks/538c5f9f-29b3-44bb-b882-890f9157a88a/tags HTTP/1.1" status: 200 len: 218 time: 0.0235028
2026-05-11 02:06:09.941 9 INFO neutron.wsgi [None req-4f3ba197-6004-4ab2-865f-50c2fecfc2a7 119e629d08644e17bd196b34e44a3539 7593ee85c6b1411a91b5457593564002 - - default default] 10.0.0.96 "GET /v2.0/trunks/538c5f9f-29b3-44bb-b882-890f9157a88a/tags HTTP/1.1" status: 200 len: 218 time: 0.0169046
2026-05-11 02:06:09.981 9 INFO neutron.wsgi [None req-0d4d17d7-fac7-4e9d-84b0-54ddcb067f0b 119e629d08644e17bd196b34e44a3539 7593ee85c6b1411a91b5457593564002 - - default default] 10.0.0.96 "PUT /v2.0/trunks/538c5f9f-29b3-44bb-b882-890f9157a88a/tags/green HTTP/1.1" status: 201 len: 201 time: 0.0344765
2026-05-11 02:06:10.002 9 INFO neutron.wsgi [None req-c95a244a-9da7-43cf-b923-2ccc010c9562 119e629d08644e17bd196b34e44a3539 7593ee85c6b1411a91b5457593564002 - - default default] 10.0.0.96 "GET /v2.0/trunks/538c5f9f-29b3-44bb-b882-890f9157a88a/tags HTTP/1.1" status: 200 len: 227 time: 0.0150726
2026-05-11 02:06:10.022 9 INFO neutron.wsgi [None req-26c826c7-edba-4b87-b268-085573491b9c 119e629d08644e17bd196b34e44a3539 7593ee85c6b1411a91b5457593564002 - - default default] 10.0.0.96 "PUT /v2.0/trunks/538c5f9f-29b3-44bb-b882-890f9157a88a/tags/red HTTP/1.1" status: 201 len: 201 time: 0.0143392
2026-05-11 02:06:10.041 9 INFO neutron.wsgi [None req-cac35160-fb45-42a1-a428-8b021eb784cf 119e629d08644e17bd196b34e44a3539 7593ee85c6b1411a91b5457593564002 - - default default] 10.0.0.96 "GET /v2.0/trunks/538c5f9f-29b3-44bb-b882-890f9157a88a/tags HTTP/1.1" status: 200 len: 227 time: 0.0142369
2026-05-11 02:06:10.082 9 INFO neutron.wsgi [None req-265899e7-7252-4d19-81cd-9145551427ef 119e629d08644e17bd196b34e44a3539 7593ee85c6b1411a91b5457593564002 - - default default] 10.0.0.96 "PUT /v2.0/trunks/538c5f9f-29b3-44bb-b882-890f9157a88a/tags/black.or.white HTTP/1.1" status: 201 len: 201 time: 0.0358245
2026-05-11 02:06:10.124 9 INFO neutron.wsgi [None req-73fcd26b-7799-4ae3-bc59-2b7696d96e63 119e629d08644e17bd196b34e44a3539 7593ee85c6b1411a91b5457593564002 - - default default] 10.0.0.96 "GET /v2.0/trunks/538c5f9f-29b3-44bb-b882-890f9157a88a/tags HTTP/1.1" status: 200 len: 245 time: 0.0358467
2026-05-11 02:06:10.164 9 INFO neutron.wsgi [None req-2cd86bd2-95db-4484-b795-b1818ee4680e 119e629d08644e17bd196b34e44a3539 7593ee85c6b1411a91b5457593564002 - - default default] 10.0.0.96 "PUT /v2.0/trunks/538c5f9f-29b3-44bb-b882-890f9157a88a/tags HTTP/1.1" status: 200 len: 230 time: 0.0303686
2026-05-11 02:06:10.205 10 INFO neutron.wsgi [None req-7fd6512a-b8d3-46ce-96d7-673e9b5477fc 119e629d08644e17bd196b34e44a3539 7593ee85c6b1411a91b5457593564002 - - default default] 10.0.0.96 "GET /v2.0/trunks/538c5f9f-29b3-44bb-b882-890f9157a88a/tags HTTP/1.1" status: 200 len: 230 time: 0.0327244
2026-05-11 02:06:10.226 10 INFO neutron.wsgi [None req-8186c4de-177d-45dc-87f7-f116cfaf76a9 119e629d08644e17bd196b34e44a3539 7593ee85c6b1411a91b5457593564002 - - default default] 10.0.0.96 "GET /v2.0/trunks/538c5f9f-29b3-44bb-b882-890f9157a88a/tags/red HTTP/1.1" status: 204 len: 168 time: 0.0155406
2026-05-11 02:06:10.247 10 INFO neutron.api.v2.resource [None req-e214b3cb-d52f-4ed5-8d77-b1afdeb4e3a0 119e629d08644e17bd196b34e44a3539 7593ee85c6b1411a91b5457593564002 - - default default] show failed (client error): The resource could not be found.
2026-05-11 02:06:10.249 10 INFO neutron.wsgi [None req-e214b3cb-d52f-4ed5-8d77-b1afdeb4e3a0 119e629d08644e17bd196b34e44a3539 7593ee85c6b1411a91b5457593564002 - - default default] 10.0.0.96 "GET /v2.0/trunks/538c5f9f-29b3-44bb-b882-890f9157a88a/tags/green HTTP/1.1" status: 404 len: 299 time: 0.0191081
2026-05-11 02:06:10.281 10 INFO neutron.wsgi [None req-4d3def9c-bfdf-497e-85fe-1a3fd1bc0049 119e629d08644e17bd196b34e44a3539 7593ee85c6b1411a91b5457593564002 - - default default] 10.0.0.96 "DELETE /v2.0/trunks/538c5f9f-29b3-44bb-b882-890f9157a88a/tags/red HTTP/1.1" status: 204 len: 168 time: 0.0274358
2026-05-11 02:06:10.305 10 INFO neutron.wsgi [None req-0ea4e64b-5b9f-4bc1-b8e2-f84e17574ecb 119e629d08644e17bd196b34e44a3539 7593ee85c6b1411a91b5457593564002 - - default default] 10.0.0.96 "GET /v2.0/trunks/538c5f9f-29b3-44bb-b882-890f9157a88a/tags HTTP/1.1" status: 200 len: 223 time: 0.0183928
2026-05-11 02:06:10.329 10 INFO neutron.api.v2.resource [None req-96e0a800-24ce-4e16-8b12-916bf1a05606 119e629d08644e17bd196b34e44a3539 7593ee85c6b1411a91b5457593564002 - - default default] delete failed (client error): The resource could not be found.
2026-05-11 02:06:10.330 10 INFO neutron.wsgi [None req-96e0a800-24ce-4e16-8b12-916bf1a05606 119e629d08644e17bd196b34e44a3539 7593ee85c6b1411a91b5457593564002 - - default default] 10.0.0.96 "DELETE /v2.0/trunks/538c5f9f-29b3-44bb-b882-890f9157a88a/tags/green HTTP/1.1" status: 404 len: 299 time: 0.0213237
2026-05-11 02:06:10.361 10 INFO neutron.wsgi [None req-6842fe4c-5d65-4371-881f-08dc436cb58d 119e629d08644e17bd196b34e44a3539 7593ee85c6b1411a91b5457593564002 - - default default] 10.0.0.96 "DELETE /v2.0/trunks/538c5f9f-29b3-44bb-b882-890f9157a88a/tags HTTP/1.1" status: 204 len: 168 time: 0.0268586
2026-05-11 02:06:10.386 10 INFO neutron.wsgi [None req-c6af29c0-ffeb-4342-9f54-8e0bd400a511 119e629d08644e17bd196b34e44a3539 7593ee85c6b1411a91b5457593564002 - - default default] 10.0.0.96 "GET /v2.0/trunks/538c5f9f-29b3-44bb-b882-890f9157a88a/tags HTTP/1.1" status: 200 len: 205 time: 0.0182846
2026-05-11 02:06:10.420 10 INFO neutron.wsgi [None req-f506ed75-7515-4c3f-9690-b2491a3c3390 119e629d08644e17bd196b34e44a3539 7593ee85c6b1411a91b5457593564002 - - default default] 10.0.0.96 "GET /v2.0/trunks/538c5f9f-29b3-44bb-b882-890f9157a88a HTTP/1.1" status: 200 len: 603 time: 0.0198119
2026-05-11 02:06:10.553 10 INFO neutron.wsgi [None req-ca51f69d-1c2a-474d-9011-878e74809235 119e629d08644e17bd196b34e44a3539 7593ee85c6b1411a91b5457593564002 - - default default] 10.0.0.96 "GET /v2.0/ports/bdb38a44-e7da-481b-91af-e8af104bfb64 HTTP/1.1" status: 200 len: 1020 time: 0.1273632
2026-05-11 02:06:10.633 10 INFO neutron.wsgi [None req-233155a7-e46a-4928-a415-34d92e170f01 119e629d08644e17bd196b34e44a3539 7593ee85c6b1411a91b5457593564002 - - default default] 10.0.0.96 "DELETE /v2.0/trunks/538c5f9f-29b3-44bb-b882-890f9157a88a HTTP/1.1" status: 204 len: 168 time: 0.0745995
2026-05-11 02:06:10.725 9 INFO neutron.db.ovn_revision_numbers_db [None req-65fdf3ab-b55d-4649-bd0f-149870b8f33d 0ad20e0726bf4802bfa06b9494189d02 f055f635fbe244e6a87a85ef39bf8d17 - - default default] Successfully bumped revision number for resource 790e1265-2961-455d-9910-3d7e42b1e7eb (type: routers) to 1
2026-05-11 02:06:10.739 9 INFO neutron.wsgi [None req-65fdf3ab-b55d-4649-bd0f-149870b8f33d 0ad20e0726bf4802bfa06b9494189d02 f055f635fbe244e6a87a85ef39bf8d17 - - default default] 10.0.0.96 "POST /v2.0/routers HTTP/1.1" status: 201 len: 654 time: 0.3715150
2026-05-11 02:06:10.796 9 INFO neutron.wsgi [None req-2b442951-1a38-4193-9bf2-8476e3bbd166 0ad20e0726bf4802bfa06b9494189d02 f055f635fbe244e6a87a85ef39bf8d17 - - default default] 10.0.0.96 "PUT /v2.0/routers/790e1265-2961-455d-9910-3d7e42b1e7eb/tags HTTP/1.1" status: 200 len: 218 time: 0.0500662
2026-05-11 02:06:10.843 9 INFO neutron.wsgi [None req-e0d01d64-cc63-4604-923a-ab0349a53f3b 0ad20e0726bf4802bfa06b9494189d02 f055f635fbe244e6a87a85ef39bf8d17 - - default default] 10.0.0.96 "GET /v2.0/routers/790e1265-2961-455d-9910-3d7e42b1e7eb/tags HTTP/1.1" status: 200 len: 218 time: 0.0415766
2026-05-11 02:06:10.878 10 INFO neutron.wsgi [None req-d15f35a7-9cd4-4ca3-9c9a-320c463efdcb 119e629d08644e17bd196b34e44a3539 7593ee85c6b1411a91b5457593564002 - - default default] 10.0.0.96 "DELETE /v2.0/ports/bdb38a44-e7da-481b-91af-e8af104bfb64 HTTP/1.1" status: 204 len: 168 time: 0.2401457
2026-05-11 02:06:10.917 9 INFO neutron.wsgi [None req-e0051824-c0c0-4d1b-b37b-77105190a758 0ad20e0726bf4802bfa06b9494189d02 f055f635fbe244e6a87a85ef39bf8d17 - - default default] 10.0.0.96 "PUT /v2.0/routers/790e1265-2961-455d-9910-3d7e42b1e7eb/tags/green HTTP/1.1" status: 201 len: 201 time: 0.0687711
2026-05-11 02:06:10.976 9 INFO neutron.wsgi [None req-efb677e4-37af-4ef7-8fa4-97f733cf11fe 0ad20e0726bf4802bfa06b9494189d02 f055f635fbe244e6a87a85ef39bf8d17 - - default default] 10.0.0.96 "GET /v2.0/routers/790e1265-2961-455d-9910-3d7e42b1e7eb/tags HTTP/1.1" status: 200 len: 227 time: 0.0550294
2026-05-11 02:06:11.029 9 INFO neutron.wsgi [None req-5d952b97-77e1-4afc-a781-035671821ad1 0ad20e0726bf4802bfa06b9494189d02 f055f635fbe244e6a87a85ef39bf8d17 - - default default] 10.0.0.96 "PUT /v2.0/routers/790e1265-2961-455d-9910-3d7e42b1e7eb/tags/red HTTP/1.1" status: 201 len: 201 time: 0.0490248
2026-05-11 02:06:11.279 10 INFO neutron.services.segments.plugin [-] Segment 695b41b1-8711-42af-a373-49f177647422 resource provider aggregate not found
2026-05-11 02:06:11.288 10 INFO neutron.services.segments.plugin [-] Segment 695b41b1-8711-42af-a373-49f177647422 resource provider aggregate not found
2026-05-11 02:06:11.302 10 INFO neutron.services.segments.plugin [-] Segment 695b41b1-8711-42af-a373-49f177647422 resource provider not found; error: Placement Client Error (4xx): {"errors": [{"status": 404, "title": "Not Found", "detail": "The resource could not be found.\n\n No resource provider with uuid 695b41b1-8711-42af-a373-49f177647422 found for delete ", "request_id": "req-5542f56b-ac7d-4a10-936d-3c3d736e3b7e"}]}
2026-05-11 02:06:11.321 10 INFO neutron.services.segments.plugin [-] Segment 695b41b1-8711-42af-a373-49f177647422 resource provider not found; error: Placement Client Error (4xx): {"errors": [{"status": 404, "title": "Not Found", "detail": "The resource could not be found.\n\n No resource provider with uuid 695b41b1-8711-42af-a373-49f177647422 found for delete ", "request_id": "req-76878e33-0262-4409-bdb5-1f6078872cd9"}]}
2026-05-11 02:06:11.345 9 INFO neutron.wsgi [None req-91158d7e-cd0c-4c44-ac11-74d71f61c89e 0ad20e0726bf4802bfa06b9494189d02 f055f635fbe244e6a87a85ef39bf8d17 - - default default] 10.0.0.96 "GET /v2.0/routers/790e1265-2961-455d-9910-3d7e42b1e7eb/tags HTTP/1.1" status: 200 len: 227 time: 0.3107452
2026-05-11 02:06:11.353 10 INFO neutron.wsgi [None req-c7ff9681-78b0-4921-bd29-f5dbba724745 119e629d08644e17bd196b34e44a3539 7593ee85c6b1411a91b5457593564002 - - default default] 10.0.0.96 "DELETE /v2.0/networks/a7fe84fe-9d64-42ea-b5e5-299e06c08bd0 HTTP/1.1" status: 204 len: 168 time: 0.4704018
2026-05-11 02:06:11.404 9 INFO neutron.wsgi [None req-0d4f2e34-d569-4aa9-9846-3ae3bd8ac01f 0ad20e0726bf4802bfa06b9494189d02 f055f635fbe244e6a87a85ef39bf8d17 - - default default] 10.0.0.96 "PUT /v2.0/routers/790e1265-2961-455d-9910-3d7e42b1e7eb/tags/black.or.white HTTP/1.1" status: 201 len: 201 time: 0.0535483
2026-05-11 02:06:11.447 9 INFO neutron.wsgi [None req-181bb471-12c4-4d68-b408-303e8e340caa 0ad20e0726bf4802bfa06b9494189d02 f055f635fbe244e6a87a85ef39bf8d17 - - default default] 10.0.0.96 "GET /v2.0/routers/790e1265-2961-455d-9910-3d7e42b1e7eb/tags HTTP/1.1" status: 200 len: 245 time: 0.0372610
2026-05-11 02:06:11.503 9 INFO neutron.wsgi [None req-675df9ee-5100-47bc-ab7b-62a1cfb68fff 0ad20e0726bf4802bfa06b9494189d02 f055f635fbe244e6a87a85ef39bf8d17 - - default default] 10.0.0.96 "PUT /v2.0/routers/790e1265-2961-455d-9910-3d7e42b1e7eb/tags HTTP/1.1" status: 200 len: 230 time: 0.0502806
2026-05-11 02:06:11.554 9 INFO neutron.wsgi [None req-ce5b4661-5ba5-4a5b-b547-4f26225621a7 0ad20e0726bf4802bfa06b9494189d02 f055f635fbe244e6a87a85ef39bf8d17 - - default default] 10.0.0.96 "GET /v2.0/routers/790e1265-2961-455d-9910-3d7e42b1e7eb/tags HTTP/1.1" status: 200 len: 230 time: 0.0453377
2026-05-11 02:06:11.598 9 INFO neutron.wsgi [None req-b4ad74e5-4654-487d-902e-c7945850b84a 0ad20e0726bf4802bfa06b9494189d02 f055f635fbe244e6a87a85ef39bf8d17 - - default default] 10.0.0.96 "GET /v2.0/routers/790e1265-2961-455d-9910-3d7e42b1e7eb/tags/red HTTP/1.1" status: 204 len: 168 time: 0.0378931
2026-05-11 02:06:11.643 9 INFO neutron.api.v2.resource [None req-18c7be9d-8524-4de3-a24c-f7b1b76c42d9 0ad20e0726bf4802bfa06b9494189d02 f055f635fbe244e6a87a85ef39bf8d17 - - default default] show failed (client error): The resource could not be found.
2026-05-11 02:06:11.645 9 INFO neutron.wsgi [None req-18c7be9d-8524-4de3-a24c-f7b1b76c42d9 0ad20e0726bf4802bfa06b9494189d02 f055f635fbe244e6a87a85ef39bf8d17 - - default default] 10.0.0.96 "GET /v2.0/routers/790e1265-2961-455d-9910-3d7e42b1e7eb/tags/green HTTP/1.1" status: 404 len: 299 time: 0.0425098
2026-05-11 02:06:11.703 9 INFO neutron.wsgi [None req-683416d0-17ea-4837-a5e8-10f384a23957 0ad20e0726bf4802bfa06b9494189d02 f055f635fbe244e6a87a85ef39bf8d17 - - default default] 10.0.0.96 "DELETE /v2.0/routers/790e1265-2961-455d-9910-3d7e42b1e7eb/tags/red HTTP/1.1" status: 204 len: 168 time: 0.0533586
2026-05-11 02:06:11.749 9 INFO neutron.wsgi [None req-4beef991-6e59-4744-9338-911666d09ad2 0ad20e0726bf4802bfa06b9494189d02 f055f635fbe244e6a87a85ef39bf8d17 - - default default] 10.0.0.96 "GET /v2.0/routers/790e1265-2961-455d-9910-3d7e42b1e7eb/tags HTTP/1.1" status: 200 len: 223 time: 0.0405562
2026-05-11 02:06:11.799 9 INFO neutron.api.v2.resource [None req-13168009-1b21-4677-b813-12c41f1f3f16 0ad20e0726bf4802bfa06b9494189d02 f055f635fbe244e6a87a85ef39bf8d17 - - default default] delete failed (client error): The resource could not be found.
2026-05-11 02:06:11.800 9 INFO neutron.wsgi [None req-13168009-1b21-4677-b813-12c41f1f3f16 0ad20e0726bf4802bfa06b9494189d02 f055f635fbe244e6a87a85ef39bf8d17 - - default default] 10.0.0.96 "DELETE /v2.0/routers/790e1265-2961-455d-9910-3d7e42b1e7eb/tags/green HTTP/1.1" status: 404 len: 299 time: 0.0470779
2026-05-11 02:06:11.864 9 INFO neutron.wsgi [None req-bcba19d7-8084-42e2-a1fe-4832653b1c92 0ad20e0726bf4802bfa06b9494189d02 f055f635fbe244e6a87a85ef39bf8d17 - - default default] 10.0.0.96 "DELETE /v2.0/routers/790e1265-2961-455d-9910-3d7e42b1e7eb/tags HTTP/1.1" status: 204 len: 168 time: 0.0509949
2026-05-11 02:06:11.912 9 INFO neutron.wsgi [None req-cf778646-ad5e-4d07-87d0-bb07cba4f342 0ad20e0726bf4802bfa06b9494189d02 f055f635fbe244e6a87a85ef39bf8d17 - - default default] 10.0.0.96 "GET /v2.0/routers/790e1265-2961-455d-9910-3d7e42b1e7eb/tags HTTP/1.1" status: 200 len: 205 time: 0.0439517
2026-05-11 02:06:11.969 9 INFO neutron.wsgi [None req-16282852-9ef1-41d0-95f0-92a06325f6f8 0ad20e0726bf4802bfa06b9494189d02 f055f635fbe244e6a87a85ef39bf8d17 - - default default] 10.0.0.96 "GET /v2.0/routers/790e1265-2961-455d-9910-3d7e42b1e7eb HTTP/1.1" status: 200 len: 655 time: 0.0448248
2026-05-11 02:06:12.161 9 INFO neutron.wsgi [req-db2691eb-f046-41a0-8d74-a54c897e6862 req-c11c6db3-03b2-4ab3-b127-d5cf131178cf 55f991a7fc184b8aa8a45640e88358c5 e372edc487564543ba6003396eb8f5e9 - - 001184f3b1ca4d748842f4ce7543235f 001184f3b1ca4d748842f4ce7543235f] 10.0.0.207 "GET /v2.0/ports?device_id=09e76ee3-f3e8-476e-b1ee-739018bf3630 HTTP/1.1" status: 200 len: 1413 time: 0.0589464
2026-05-11 02:06:12.227 10 INFO neutron.db.ovn_revision_numbers_db [None req-480794cc-c884-404f-a4ec-9c7163262c50 f6a1eab280bb4675a19f2737111a8190 2a02514e1226463db8226cdf845d2c0b - - default default] Successfully bumped revision number for resource 6ba4ce3e-11fe-4cf3-876f-723da49c7be5 (type: security_groups) to 1
2026-05-11 02:06:12.239 9 INFO neutron.wsgi [req-db2691eb-f046-41a0-8d74-a54c897e6862 req-2e189dc1-ea5e-4a61-81a9-b3884d17d04b 55f991a7fc184b8aa8a45640e88358c5 e372edc487564543ba6003396eb8f5e9 - - 001184f3b1ca4d748842f4ce7543235f 001184f3b1ca4d748842f4ce7543235f] 10.0.0.207 "GET /v2.0/security-groups?id=9b68264c-c4e0-4576-bc70-a426e5d55c77&fields=id&fields=name HTTP/1.1" status: 200 len: 313 time: 0.0612152
2026-05-11 02:06:12.243 10 INFO neutron.db.ovn_revision_numbers_db [None req-480794cc-c884-404f-a4ec-9c7163262c50 f6a1eab280bb4675a19f2737111a8190 2a02514e1226463db8226cdf845d2c0b - - default default] Successfully bumped revision number for resource 0972bcf1-949a-45bd-a688-464cca151cf1 (type: security_group_rules) to 0
2026-05-11 02:06:12.259 10 INFO neutron.db.ovn_revision_numbers_db [None req-480794cc-c884-404f-a4ec-9c7163262c50 f6a1eab280bb4675a19f2737111a8190 2a02514e1226463db8226cdf845d2c0b - - default default] Successfully bumped revision number for resource 34bd5275-53cf-4385-9370-2e89ff389dc3 (type: security_group_rules) to 0
2026-05-11 02:06:12.279 10 INFO neutron.db.ovn_revision_numbers_db [None req-480794cc-c884-404f-a4ec-9c7163262c50 f6a1eab280bb4675a19f2737111a8190 2a02514e1226463db8226cdf845d2c0b - - default default] Successfully bumped revision number for resource 990d71b0-392f-443d-84d3-c9dbaeb6e375 (type: security_group_rules) to 0
2026-05-11 02:06:12.295 10 INFO neutron.db.ovn_revision_numbers_db [None req-480794cc-c884-404f-a4ec-9c7163262c50 f6a1eab280bb4675a19f2737111a8190 2a02514e1226463db8226cdf845d2c0b - - default default] Successfully bumped revision number for resource fd53808e-edd8-49db-9ae6-cd44d3b8e477 (type: security_group_rules) to 0
2026-05-11 02:06:12.318 10 INFO neutron.wsgi [None req-480794cc-c884-404f-a4ec-9c7163262c50 f6a1eab280bb4675a19f2737111a8190 2a02514e1226463db8226cdf845d2c0b - - default default] 10.0.0.96 "GET /v2.0/security-groups?tenant_id=c1380c29ccb1465da00082c0a60a0849&name=default HTTP/1.1" status: 200 len: 2996 time: 0.3178086
2026-05-11 02:06:12.425 9 INFO neutron.db.ovn_revision_numbers_db [None req-12e9fa14-0106-42de-9bb5-57c79cee1bbe 0ad20e0726bf4802bfa06b9494189d02 f055f635fbe244e6a87a85ef39bf8d17 - - default default] Successfully bumped revision number for resource 790e1265-2961-455d-9910-3d7e42b1e7eb (type: routers) to 7
2026-05-11 02:06:12.429 9 INFO neutron.wsgi [None req-12e9fa14-0106-42de-9bb5-57c79cee1bbe 0ad20e0726bf4802bfa06b9494189d02 f055f635fbe244e6a87a85ef39bf8d17 - - default default] 10.0.0.96 "PUT /v2.0/routers/790e1265-2961-455d-9910-3d7e42b1e7eb HTTP/1.1" status: 200 len: 655 time: 0.4540029
2026-05-11 02:06:12.455 9 INFO neutron.wsgi [None req-fab2f6c5-1eee-4bc7-b9d6-1cb45be8823f 0ad20e0726bf4802bfa06b9494189d02 f055f635fbe244e6a87a85ef39bf8d17 - - default default] 10.0.0.96 "GET /v2.0/ports?device_id=790e1265-2961-455d-9910-3d7e42b1e7eb HTTP/1.1" status: 200 len: 205 time: 0.0212457
2026-05-11 02:06:12.531 10 INFO neutron.wsgi [None req-1146eac2-6b6d-49a0-9963-29c6f17287c3 f6a1eab280bb4675a19f2737111a8190 2a02514e1226463db8226cdf845d2c0b - - default default] 10.0.0.96 "DELETE /v2.0/security-groups/6ba4ce3e-11fe-4cf3-876f-723da49c7be5 HTTP/1.1" status: 204 len: 168 time: 0.2080197
2026-05-11 02:06:12.709 9 INFO neutron.wsgi [None req-4e95c00e-4511-4b5f-904e-fd253b355024 0ad20e0726bf4802bfa06b9494189d02 f055f635fbe244e6a87a85ef39bf8d17 - - default default] 10.0.0.96 "DELETE /v2.0/routers/790e1265-2961-455d-9910-3d7e42b1e7eb HTTP/1.1" status: 204 len: 168 time: 0.2478993
2026-05-11 02:06:12.729 10 INFO neutron.wsgi [None req-019515cb-befd-4fed-81f2-4b5798d38f60 f6a1eab280bb4675a19f2737111a8190 2a02514e1226463db8226cdf845d2c0b - - default default] 10.0.0.96 "GET /v2.0/security-groups?tenant_id=7593ee85c6b1411a91b5457593564002&name=default HTTP/1.1" status: 200 len: 2996 time: 0.0599720
2026-05-11 02:06:12.972 10 INFO neutron.wsgi [None req-204e675e-243d-4a7f-b638-0264eab4913f f6a1eab280bb4675a19f2737111a8190 2a02514e1226463db8226cdf845d2c0b - - default default] 10.0.0.96 "DELETE /v2.0/security-groups/d2451b2d-26ba-417d-a3f6-f26b896bc9bf HTTP/1.1" status: 204 len: 168 time: 0.2381537
2026-05-11 02:06:13.398 10 INFO neutron.wsgi [None req-4b9be9e4-5c9e-4677-95e3-194174c7af85 7fe953d45d8e412caffd793e401b2531 4d913eccb29e4e9b806666047b49593a - - default default] 10.0.0.96 "GET /v2.0/ports?project_id=a9e80335556347c18bbe92a25942ef18&network_id=9a8d2bef-e057-480e-ab57-0c72cd3ef203 HTTP/1.1" status: 200 len: 3514 time: 0.0527248
2026-05-11 02:06:13.688 10 INFO neutron.wsgi [None req-e1cc1b95-6a31-430a-b336-8a3aabe951e0 7fe953d45d8e412caffd793e401b2531 4d913eccb29e4e9b806666047b49593a - - default default] 10.0.0.96 "GET /v2.0/subnets?network_id=ff242978-c630-477a-8591-8f3e9d7d41ce HTTP/1.1" status: 200 len: 838 time: 0.0392163
2026-05-11 02:06:13.753 10 INFO neutron.db.ovn_revision_numbers_db [None req-5e7c6d24-a31b-476c-91ff-516898bc75b2 f6a1eab280bb4675a19f2737111a8190 2a02514e1226463db8226cdf845d2c0b - - default default] Successfully bumped revision number for resource f986c5bf-a1c9-412b-8107-5ebec4151795 (type: security_groups) to 1
2026-05-11 02:06:13.767 10 INFO neutron.db.ovn_revision_numbers_db [None req-5e7c6d24-a31b-476c-91ff-516898bc75b2 f6a1eab280bb4675a19f2737111a8190 2a02514e1226463db8226cdf845d2c0b - - default default] Successfully bumped revision number for resource 23c30cd0-6201-451c-a4da-663ac89720e9 (type: security_group_rules) to 0
2026-05-11 02:06:13.782 10 INFO neutron.db.ovn_revision_numbers_db [None req-5e7c6d24-a31b-476c-91ff-516898bc75b2 f6a1eab280bb4675a19f2737111a8190 2a02514e1226463db8226cdf845d2c0b - - default default] Successfully bumped revision number for resource 97923b50-0c4c-4542-9b18-1e33795379c3 (type: security_group_rules) to 0
2026-05-11 02:06:13.800 10 INFO neutron.db.ovn_revision_numbers_db [None req-5e7c6d24-a31b-476c-91ff-516898bc75b2 f6a1eab280bb4675a19f2737111a8190 2a02514e1226463db8226cdf845d2c0b - - default default] Successfully bumped revision number for resource c09ff1cb-865b-4e6b-9618-28005719ad65 (type: security_group_rules) to 0
2026-05-11 02:06:13.825 10 INFO neutron.db.ovn_revision_numbers_db [None req-5e7c6d24-a31b-476c-91ff-516898bc75b2 f6a1eab280bb4675a19f2737111a8190 2a02514e1226463db8226cdf845d2c0b - - default default] Successfully bumped revision number for resource eace9009-4174-4016-be7b-be3f9309104c (type: security_group_rules) to 0
2026-05-11 02:06:13.846 10 INFO neutron.wsgi [None req-5e7c6d24-a31b-476c-91ff-516898bc75b2 f6a1eab280bb4675a19f2737111a8190 2a02514e1226463db8226cdf845d2c0b - - default default] 10.0.0.96 "GET /v2.0/security-groups?tenant_id=fd7bdf02aa3f4393a026afd8c686258b&name=default HTTP/1.1" status: 200 len: 2996 time: 0.3954952
2026-05-11 02:06:14.044 10 INFO neutron.wsgi [None req-7e6041f0-cf47-400d-ae54-905c5c8bc61a f6a1eab280bb4675a19f2737111a8190 2a02514e1226463db8226cdf845d2c0b - - default default] 10.0.0.96 "DELETE /v2.0/security-groups/f986c5bf-a1c9-412b-8107-5ebec4151795 HTTP/1.1" status: 204 len: 168 time: 0.1929955
2026-05-11 02:06:14.066 9 INFO neutron.db.l3_db [None req-72e0b5c6-9ec3-4e04-b33b-ebf5ea1755b3 91630802f04e4551b24f95c62aca032b a9e80335556347c18bbe92a25942ef18 - - default default] Floating IP 75d5c9f3-9acb-4752-a801-cf3c6e79ba7c disassociated. External IP: 10.96.250.211, port: 135bbdca-3c38-4837-9704-a45fe044c294.
2026-05-11 02:06:14.132 9 INFO neutron.db.ovn_revision_numbers_db [None req-72e0b5c6-9ec3-4e04-b33b-ebf5ea1755b3 91630802f04e4551b24f95c62aca032b a9e80335556347c18bbe92a25942ef18 - - default default] Successfully bumped revision number for resource 75d5c9f3-9acb-4752-a801-cf3c6e79ba7c (type: floatingips) to 2
2026-05-11 02:06:14.217 9 INFO neutron.wsgi [None req-72e0b5c6-9ec3-4e04-b33b-ebf5ea1755b3 91630802f04e4551b24f95c62aca032b a9e80335556347c18bbe92a25942ef18 - - default default] 10.0.0.96 "PUT /v2.0/floatingips/75d5c9f3-9acb-4752-a801-cf3c6e79ba7c HTTP/1.1" status: 200 len: 748 time: 0.2950928
2026-05-11 02:06:14.254 10 INFO neutron.wsgi [None req-66e1e25b-d58b-4770-8fbc-6511b838767e 91630802f04e4551b24f95c62aca032b a9e80335556347c18bbe92a25942ef18 - - default default] 10.0.0.96 "GET /v2.0/floatingips/75d5c9f3-9acb-4752-a801-cf3c6e79ba7c HTTP/1.1" status: 200 len: 746 time: 0.0310116
2026-05-11 02:06:14.264 9 INFO neutron.notifiers.nova [-] Nova event matching ['req-ef5fc6f0-c23a-4372-bcac-07fa3a2e3084'] response: {'name': 'network-changed', 'server_uuid': '09e76ee3-f3e8-476e-b1ee-739018bf3630', 'tag': '135bbdca-3c38-4837-9704-a45fe044c294', 'status': 'completed', 'code': 200}
2026-05-11 02:06:14.265 10 INFO neutron.db.ovn_revision_numbers_db [None req-7e0f5a5d-2122-4faf-8b0f-b581db7e20aa f6a1eab280bb4675a19f2737111a8190 2a02514e1226463db8226cdf845d2c0b - - default default] Successfully bumped revision number for resource d8e0eb59-3c2b-4c73-ba88-2eaf890d594c (type: security_groups) to 1
2026-05-11 02:06:14.282 10 INFO neutron.db.ovn_revision_numbers_db [None req-7e0f5a5d-2122-4faf-8b0f-b581db7e20aa f6a1eab280bb4675a19f2737111a8190 2a02514e1226463db8226cdf845d2c0b - - default default] Successfully bumped revision number for resource 917a3dae-c296-42ec-9572-5cd96e5bbde2 (type: security_group_rules) to 0 /var/lib/openstack/lib/python3.10/site-packages/pycadf/identifier.py:71: UserWarning: Invalid uuid: neutron. To ensure interoperability, identifiers should be a valid uuid. warnings.warn(('Invalid uuid: %s. To ensure interoperability, '
2026-05-11 02:06:14.295 10 INFO neutron.db.ovn_revision_numbers_db [None req-7e0f5a5d-2122-4faf-8b0f-b581db7e20aa f6a1eab280bb4675a19f2737111a8190 2a02514e1226463db8226cdf845d2c0b - - default default] Successfully bumped revision number for resource af1f58a9-8665-4e3f-87cf-b155ce8c9e9f (type: security_group_rules) to 0
2026-05-11 02:06:14.309 10 INFO neutron.db.ovn_revision_numbers_db [None req-7e0f5a5d-2122-4faf-8b0f-b581db7e20aa f6a1eab280bb4675a19f2737111a8190 2a02514e1226463db8226cdf845d2c0b - - default default] Successfully bumped revision number for resource b589c3dd-4298-41b8-9d90-d07ea52b5909 (type: security_group_rules) to 0
2026-05-11 02:06:14.325 10 INFO neutron.db.ovn_revision_numbers_db [None req-7e0f5a5d-2122-4faf-8b0f-b581db7e20aa f6a1eab280bb4675a19f2737111a8190 2a02514e1226463db8226cdf845d2c0b - - default default] Successfully bumped revision number for resource dd99687d-1bdb-472b-8066-0040b39182c3 (type: security_group_rules) to 0
2026-05-11 02:06:14.343 9 INFO neutron.wsgi [req-d1a57e49-6edc-40a0-9707-f15013285467 req-e5e5c554-a4bc-4498-8fb8-35397298858f 55f991a7fc184b8aa8a45640e88358c5 e372edc487564543ba6003396eb8f5e9 - - 001184f3b1ca4d748842f4ce7543235f 001184f3b1ca4d748842f4ce7543235f] 199.204.45.22 "GET /v2.0/ports?tenant_id=a9e80335556347c18bbe92a25942ef18&device_id=09e76ee3-f3e8-476e-b1ee-739018bf3630 HTTP/1.1" status: 200 len: 1413 time: 0.0616405
2026-05-11 02:06:14.347 10 INFO neutron.wsgi [None req-7e0f5a5d-2122-4faf-8b0f-b581db7e20aa f6a1eab280bb4675a19f2737111a8190 2a02514e1226463db8226cdf845d2c0b - - default default] 10.0.0.96 "GET /v2.0/security-groups?tenant_id=f055f635fbe244e6a87a85ef39bf8d17&name=default HTTP/1.1" status: 200 len: 2996 time: 0.2053728
2026-05-11 02:06:14.416 9 INFO neutron.wsgi [req-d1a57e49-6edc-40a0-9707-f15013285467 req-ec18c5dd-6947-4415-8240-d7cead18327e 55f991a7fc184b8aa8a45640e88358c5 e372edc487564543ba6003396eb8f5e9 - - 001184f3b1ca4d748842f4ce7543235f 001184f3b1ca4d748842f4ce7543235f] 199.204.45.22 "GET /v2.0/networks?id=9a8d2bef-e057-480e-ab57-0c72cd3ef203 HTTP/1.1" status: 200 len: 959 time: 0.0709374
2026-05-11 02:06:14.446 9 INFO neutron.wsgi [req-d1a57e49-6edc-40a0-9707-f15013285467 req-4cf6b76f-073a-4b55-96c4-3b54d623e231 55f991a7fc184b8aa8a45640e88358c5 e372edc487564543ba6003396eb8f5e9 - - 001184f3b1ca4d748842f4ce7543235f 001184f3b1ca4d748842f4ce7543235f] 199.204.45.22 "GET /v2.0/floatingips?fixed_ip_address=10.100.0.10&port_id=135bbdca-3c38-4837-9704-a45fe044c294 HTTP/1.1" status: 200 len: 217 time: 0.0263915
2026-05-11 02:06:14.491 9 INFO neutron.wsgi [req-d1a57e49-6edc-40a0-9707-f15013285467 req-23fa0c7e-249a-489b-ac64-4af47167cf09 55f991a7fc184b8aa8a45640e88358c5 e372edc487564543ba6003396eb8f5e9 - - 001184f3b1ca4d748842f4ce7543235f 001184f3b1ca4d748842f4ce7543235f] 199.204.45.22 "GET /v2.0/subnets?id=69ea0116-2820-44f6-ac93-e1ed12c692f3 HTTP/1.1" status: 200 len: 851 time: 0.0388684
2026-05-11 02:06:14.522 9 INFO neutron.wsgi [req-d1a57e49-6edc-40a0-9707-f15013285467 req-546e1d5b-37ad-4d28-82b8-de90fcba1fb8 55f991a7fc184b8aa8a45640e88358c5 e372edc487564543ba6003396eb8f5e9 - - 001184f3b1ca4d748842f4ce7543235f 001184f3b1ca4d748842f4ce7543235f] 199.204.45.22 "GET /v2.0/ports?network_id=9a8d2bef-e057-480e-ab57-0c72cd3ef203&device_owner=network%3Adhcp HTTP/1.1" status: 200 len: 210 time: 0.0232382
2026-05-11 02:06:14.527 10 INFO neutron.wsgi [None req-88f4c463-3ad9-4654-8829-d50cda8d5c4f f6a1eab280bb4675a19f2737111a8190 2a02514e1226463db8226cdf845d2c0b - - default default] 10.0.0.96 "DELETE /v2.0/security-groups/d8e0eb59-3c2b-4c73-ba88-2eaf890d594c HTTP/1.1" status: 204 len: 168 time: 0.1768095
2026-05-11 02:06:14.605 9 INFO neutron.wsgi [req-d1a57e49-6edc-40a0-9707-f15013285467 req-270c6055-f4af-4747-85d9-027bc79edd26 55f991a7fc184b8aa8a45640e88358c5 e372edc487564543ba6003396eb8f5e9 - - 001184f3b1ca4d748842f4ce7543235f 001184f3b1ca4d748842f4ce7543235f] 199.204.45.22 "GET /v2.0/networks/9a8d2bef-e057-480e-ab57-0c72cd3ef203?fields=segments HTTP/1.1" status: 200 len: 212 time: 0.0749686
2026-05-11 02:06:15.186 9 INFO neutron.wsgi [req-d1a57e49-6edc-40a0-9707-f15013285467 req-81db69a7-39ed-441a-a0d1-b90a7bfd8cfe 55f991a7fc184b8aa8a45640e88358c5 e372edc487564543ba6003396eb8f5e9 - - 001184f3b1ca4d748842f4ce7543235f 001184f3b1ca4d748842f4ce7543235f] 199.204.45.22 "GET /v2.0/networks/9a8d2bef-e057-480e-ab57-0c72cd3ef203?fields=provider%3Aphysical_network&fields=provider%3Anetwork_type HTTP/1.1" status: 200 len: 277 time: 0.5731981
2026-05-11 02:06:15.438 10 INFO neutron.db.ovn_revision_numbers_db [None req-5f806323-ee8b-4779-b33c-fe55202222d6 91630802f04e4551b24f95c62aca032b a9e80335556347c18bbe92a25942ef18 - - default default] Successfully bumped revision number for resource e4035c75-a841-45ec-8776-ac82a77c9e5a (type: security_groups) to 1
2026-05-11 02:06:15.455 10 INFO neutron.db.ovn_revision_numbers_db [None req-5f806323-ee8b-4779-b33c-fe55202222d6 91630802f04e4551b24f95c62aca032b a9e80335556347c18bbe92a25942ef18 - - default default] Successfully bumped revision number for resource 45ff08e8-6674-4f8b-a70f-8ccdcf96807a (type: security_group_rules) to 0
2026-05-11 02:06:15.471 10 INFO neutron.db.ovn_revision_numbers_db [None req-5f806323-ee8b-4779-b33c-fe55202222d6 91630802f04e4551b24f95c62aca032b a9e80335556347c18bbe92a25942ef18 - - default default] Successfully bumped revision number for resource a7d9e257-a5ef-4b83-8faa-54ef2918ae14 (type: security_group_rules) to 0
2026-05-11 02:06:15.494 10 INFO neutron.wsgi [None req-5f806323-ee8b-4779-b33c-fe55202222d6 91630802f04e4551b24f95c62aca032b a9e80335556347c18bbe92a25942ef18 - - default default] 10.0.0.96 "POST /v2.0/security-groups HTTP/1.1" status: 201 len: 1811 time: 0.1779542
2026-05-11 02:06:15.605 10 INFO neutron.db.ovn_revision_numbers_db [None req-9eaba45e-7421-4320-af30-618a21b86731 91630802f04e4551b24f95c62aca032b a9e80335556347c18bbe92a25942ef18 - - default default] Successfully bumped revision number for resource 96a5e7b4-4006-4e01-ac9d-314d217e762a (type: security_group_rules) to 0
2026-05-11 02:06:15.630 10 INFO neutron.wsgi [None req-9eaba45e-7421-4320-af30-618a21b86731 91630802f04e4551b24f95c62aca032b a9e80335556347c18bbe92a25942ef18 - - default default] 10.0.0.96 "POST /v2.0/security-group-rules HTTP/1.1" status: 201 len: 764 time: 0.1316092
2026-05-11 02:06:15.751 10 INFO neutron.db.ovn_revision_numbers_db [None req-d96f3e85-8cd0-456b-a2de-7f47dc01803b 91630802f04e4551b24f95c62aca032b a9e80335556347c18bbe92a25942ef18 - - default default] Successfully bumped revision number for resource a144fde9-b9e7-4d54-92f7-c7373f314df5 (type: security_group_rules) to 0
2026-05-11 02:06:15.773 10 INFO neutron.wsgi [None req-d96f3e85-8cd0-456b-a2de-7f47dc01803b 91630802f04e4551b24f95c62aca032b a9e80335556347c18bbe92a25942ef18 - - default default] 10.0.0.96 "POST /v2.0/security-group-rules HTTP/1.1" status: 201 len: 763 time: 0.1371820
2026-05-11 02:06:15.890 10 INFO neutron.db.ovn_revision_numbers_db [None req-9a3b6444-ee08-400c-8b94-e60787dd6467 91630802f04e4551b24f95c62aca032b a9e80335556347c18bbe92a25942ef18 - - default default] Successfully bumped revision number for resource 8934aaad-ee94-4d4e-b659-4df507e43d2b (type: security_group_rules) to 0
2026-05-11 02:06:15.914 10 INFO neutron.wsgi [None req-9a3b6444-ee08-400c-8b94-e60787dd6467 91630802f04e4551b24f95c62aca032b a9e80335556347c18bbe92a25942ef18 - - default default] 10.0.0.96 "POST /v2.0/security-group-rules HTTP/1.1" status: 201 len: 769 time: 0.1356661
