2026-05-11 02:04:46.716 9 INFO neutron.db.ovn_revision_numbers_db [None req-de3c43d6-ca14-451a-9d91-49b32602db95 f6a1eab280bb4675a19f2737111a8190 2a02514e1226463db8226cdf845d2c0b - - default default] Successfully bumped revision number for resource 03806106-91c6-4489-93d4-6f6d00b3f448 (type: security_group_rules) to 0
2026-05-11 02:04:46.721 10 INFO neutron.wsgi [None req-dda8c003-b818-47b7-a0ca-740ca79eae92 c00bfc743bf0496b8b900259625cb5d9 d08eaef80bf4442e81337defb94da41e - - default default] 10.0.0.96 "GET /v2.0/networks/c7a6cbbb-894e-44d2-bd66-d2fdb6e1b58b/tags HTTP/1.1" status: 200 len: 205 time: 0.0506694
2026-05-11 02:04:46.734 9 INFO neutron.db.ovn_revision_numbers_db [None req-de3c43d6-ca14-451a-9d91-49b32602db95 f6a1eab280bb4675a19f2737111a8190 2a02514e1226463db8226cdf845d2c0b - - default default] Successfully bumped revision number for resource 93b2230f-0715-43e7-829d-9f1af13c652e (type: security_group_rules) to 0
2026-05-11 02:04:46.773 9 INFO neutron.wsgi [None req-b240bb5d-230a-423c-98f7-3666e5aa4345 c00bfc743bf0496b8b900259625cb5d9 d08eaef80bf4442e81337defb94da41e - - default default] 10.0.0.96 "GET /v2.0/networks/4807147b-155e-48c7-b005-7b8bc885d492/tags HTTP/1.1" status: 200 len: 218 time: 0.0454133
2026-05-11 02:04:46.774 9 INFO neutron.db.ovn_revision_numbers_db [None req-de3c43d6-ca14-451a-9d91-49b32602db95 f6a1eab280bb4675a19f2737111a8190 2a02514e1226463db8226cdf845d2c0b - - default default] Successfully bumped revision number for resource eb5542e1-2179-4b0a-ad09-df7157a0d605 (type: security_group_rules) to 0
2026-05-11 02:04:46.786 9 INFO neutron.db.ovn_revision_numbers_db [None req-de3c43d6-ca14-451a-9d91-49b32602db95 f6a1eab280bb4675a19f2737111a8190 2a02514e1226463db8226cdf845d2c0b - - default default] Successfully bumped revision number for resource eceded98-e22c-4f19-83f9-9830700822af (type: security_group_rules) to 0
2026-05-11 02:04:46.807 9 INFO neutron.wsgi [None req-de3c43d6-ca14-451a-9d91-49b32602db95 f6a1eab280bb4675a19f2737111a8190 2a02514e1226463db8226cdf845d2c0b - - default default] 10.0.0.96 "GET /v2.0/security-groups?tenant_id=f41ded2592bf47ffa247c65204e60c25&name=default HTTP/1.1" status: 200 len: 2996 time: 0.3141432
2026-05-11 02:04:46.965 10 INFO neutron.db.ovn_revision_numbers_db [None req-7b003704-48b7-4293-8a1b-ad5685fa6182 debfeff9d1ce40619dcebfd202a1689e 1e151b5f54b145a796591f76c9e0961a - - default default] Successfully bumped revision number for resource a533dd96-dd32-4cde-a678-8ec804d4e2f6 (type: security_groups) to 1
2026-05-11 02:04:47.004 10 INFO neutron.db.ovn_revision_numbers_db [None req-7b003704-48b7-4293-8a1b-ad5685fa6182 debfeff9d1ce40619dcebfd202a1689e 1e151b5f54b145a796591f76c9e0961a - - default default] Successfully bumped revision number for resource 0cdaede7-f5de-49bb-b48e-6ef62ebcbd73 (type: security_group_rules) to 0
2026-05-11 02:04:47.024 10 INFO neutron.db.ovn_revision_numbers_db [None req-7b003704-48b7-4293-8a1b-ad5685fa6182 debfeff9d1ce40619dcebfd202a1689e 1e151b5f54b145a796591f76c9e0961a - - default default] Successfully bumped revision number for resource 28ca353a-990b-4f93-9773-2e4eb012d701 (type: security_group_rules) to 0
2026-05-11 02:04:47.034 9 INFO neutron.wsgi [None req-79889353-e850-44c7-aa46-4305d52e58db f6a1eab280bb4675a19f2737111a8190 2a02514e1226463db8226cdf845d2c0b - - default default] 10.0.0.96 "DELETE /v2.0/security-groups/ccc16d7d-0898-48dd-a067-26a8c3a6133c HTTP/1.1" status: 204 len: 168 time: 0.2220762
2026-05-11 02:04:47.052 10 INFO neutron.db.ovn_revision_numbers_db [None req-7b003704-48b7-4293-8a1b-ad5685fa6182 debfeff9d1ce40619dcebfd202a1689e 1e151b5f54b145a796591f76c9e0961a - - default default] Successfully bumped revision number for resource 9df21757-de54-4436-babc-18adb75dfd6f (type: security_group_rules) to 0
2026-05-11 02:04:47.071 10 INFO neutron.db.ovn_revision_numbers_db [None req-7b003704-48b7-4293-8a1b-ad5685fa6182 debfeff9d1ce40619dcebfd202a1689e 1e151b5f54b145a796591f76c9e0961a - - default default] Successfully bumped revision number for resource cdb7fb2f-f6e8-46ed-9998-f4e11e6a264d (type: security_group_rules) to 0
2026-05-11 02:04:47.179 10 INFO neutron.services.segments.plugin [-] Segment 5d87deee-a3e6-4bc7-b66b-72ff80a0095a resource provider aggregate not found
2026-05-11 02:04:47.184 10 INFO neutron.services.segments.plugin [-] Segment 5d87deee-a3e6-4bc7-b66b-72ff80a0095a resource provider aggregate not found
2026-05-11 02:04:47.200 10 INFO neutron.services.segments.plugin [-] Segment 5d87deee-a3e6-4bc7-b66b-72ff80a0095a resource provider not found; error: Placement Client Error (4xx): {"errors": [{"status": 404, "title": "Not Found", "detail": "The resource could not be found.\n\n No resource provider with uuid 5d87deee-a3e6-4bc7-b66b-72ff80a0095a found for delete ", "request_id": "req-4b87f8f4-aac4-4261-aa47-738e2e3c27d2"}]}
2026-05-11 02:04:47.201 10 INFO neutron.services.segments.plugin [-] Segment 5d87deee-a3e6-4bc7-b66b-72ff80a0095a resource provider not found; error: Placement Client Error (4xx): {"errors": [{"status": 404, "title": "Not Found", "detail": "The resource could not be found.\n\n No resource provider with uuid 5d87deee-a3e6-4bc7-b66b-72ff80a0095a found for delete ", "request_id": "req-b725fddd-a445-49a4-8398-62df0b897ce3"}]}
2026-05-11 02:04:47.213 10 INFO neutron.db.ovn_revision_numbers_db [None req-7b003704-48b7-4293-8a1b-ad5685fa6182 debfeff9d1ce40619dcebfd202a1689e 1e151b5f54b145a796591f76c9e0961a - - default default] Successfully bumped revision number for resource f288a4e2-5234-465e-babc-74d4d3718325 (type: security_groups) to 1
2026-05-11 02:04:47.225 10 INFO neutron.wsgi [None req-8ef60f12-fa6f-4677-95bf-5aaabae02739 c00bfc743bf0496b8b900259625cb5d9 d08eaef80bf4442e81337defb94da41e - - default default] 10.0.0.96 "DELETE /v2.0/networks/4807147b-155e-48c7-b005-7b8bc885d492 HTTP/1.1" status: 204 len: 168 time: 0.4379797
2026-05-11 02:04:47.233 10 INFO neutron.db.ovn_revision_numbers_db [None req-7b003704-48b7-4293-8a1b-ad5685fa6182 debfeff9d1ce40619dcebfd202a1689e 1e151b5f54b145a796591f76c9e0961a - - default default] Successfully bumped revision number for resource 71aac806-81d0-444a-a4f5-ee8dcc643d24 (type: security_group_rules) to 0
2026-05-11 02:04:47.244 10 INFO neutron.db.ovn_revision_numbers_db [None req-7b003704-48b7-4293-8a1b-ad5685fa6182 debfeff9d1ce40619dcebfd202a1689e 1e151b5f54b145a796591f76c9e0961a - - default default] Successfully bumped revision number for resource a4a7f912-9911-4ee6-87c9-b7a3ba6c0d0b (type: security_group_rules) to 0
2026-05-11 02:04:47.263 10 INFO neutron.wsgi [None req-7b003704-48b7-4293-8a1b-ad5685fa6182 debfeff9d1ce40619dcebfd202a1689e 1e151b5f54b145a796591f76c9e0961a - - default default] 10.0.0.96 "POST /v2.0/security-groups HTTP/1.1" status: 201 len: 1760 time: 0.5680940
2026-05-11 02:04:47.311 10 INFO neutron.wsgi [None req-ea62f7ea-01b3-4c52-805b-5b626b43df74 debfeff9d1ce40619dcebfd202a1689e 1e151b5f54b145a796591f76c9e0961a - - default default] 10.0.0.96 "GET /v2.0/security-groups HTTP/1.1" status: 200 len: 4538 time: 0.0427570
2026-05-11 02:04:47.403 10 INFO neutron.db.ovn_revision_numbers_db [None req-168a6d1f-cc33-49d3-894b-68387598e3c0 debfeff9d1ce40619dcebfd202a1689e 1e151b5f54b145a796591f76c9e0961a - - default default] Successfully bumped revision number for resource f288a4e2-5234-465e-babc-74d4d3718325 (type: security_groups) to 2
2026-05-11 02:04:47.406 10 INFO neutron.wsgi [None req-168a6d1f-cc33-49d3-894b-68387598e3c0 debfeff9d1ce40619dcebfd202a1689e 1e151b5f54b145a796591f76c9e0961a - - default default] 10.0.0.96 "PUT /v2.0/security-groups/f288a4e2-5234-465e-babc-74d4d3718325 HTTP/1.1" status: 200 len: 1794 time: 0.0892754
2026-05-11 02:04:47.449 10 INFO neutron.wsgi [None req-e9548d71-3134-4363-8861-542864d9a3d1 debfeff9d1ce40619dcebfd202a1689e 1e151b5f54b145a796591f76c9e0961a - - default default] 10.0.0.96 "GET /v2.0/security-groups/f288a4e2-5234-465e-babc-74d4d3718325 HTTP/1.1" status: 200 len: 1794 time: 0.0366635
2026-05-11 02:04:47.571 9 INFO neutron.services.segments.plugin [-] Segment 8a059108-ab90-4da2-a563-731e324b4730 resource provider aggregate not found
2026-05-11 02:04:47.576 9 INFO neutron.services.segments.plugin [-] Segment 8a059108-ab90-4da2-a563-731e324b4730 resource provider aggregate not found
2026-05-11 02:04:47.579 10 INFO neutron.wsgi [None req-5b7c4173-2b7d-40e1-a741-df367e4aa322 debfeff9d1ce40619dcebfd202a1689e 1e151b5f54b145a796591f76c9e0961a - - default default] 10.0.0.96 "DELETE /v2.0/security-groups/f288a4e2-5234-465e-babc-74d4d3718325 HTTP/1.1" status: 204 len: 168 time: 0.1243231
2026-05-11 02:04:47.592 9 INFO neutron.services.segments.plugin [-] Segment 8a059108-ab90-4da2-a563-731e324b4730 resource provider not found; error: Placement Client Error (4xx): {"errors": [{"status": 404, "title": "Not Found", "detail": "The resource could not be found.\n\n No resource provider with uuid 8a059108-ab90-4da2-a563-731e324b4730 found for delete ", "request_id": "req-32f3db2b-65be-4a52-99dd-b7db651b7b86"}]}
2026-05-11 02:04:47.594 9 INFO neutron.services.segments.plugin [-] Segment 8a059108-ab90-4da2-a563-731e324b4730 resource provider not found; error: Placement Client Error (4xx): {"errors": [{"status": 404, "title": "Not Found", "detail": "The resource could not be found.\n\n No resource provider with uuid 8a059108-ab90-4da2-a563-731e324b4730 found for delete ", "request_id": "req-7403709a-e908-40c2-b295-51588faf1690"}]}
2026-05-11 02:04:47.614 9 INFO neutron.wsgi [None req-5c9b7618-11ca-4e8d-9ee1-3b24fcf4b147 c00bfc743bf0496b8b900259625cb5d9 d08eaef80bf4442e81337defb94da41e - - default default] 10.0.0.96 "DELETE /v2.0/networks/c7a6cbbb-894e-44d2-bd66-d2fdb6e1b58b HTTP/1.1" status: 204 len: 168 time: 0.3831105
2026-05-11 02:04:47.620 10 INFO neutron.wsgi [None req-b8e23338-15ab-470d-928f-8a456a8a4144 debfeff9d1ce40619dcebfd202a1689e 1e151b5f54b145a796591f76c9e0961a - - default default] 10.0.0.96 "GET /v2.0/security-groups HTTP/1.1" status: 200 len: 2996 time: 0.0380888
2026-05-11 02:04:47.636 10 INFO neutron.api.v2.resource [None req-fcf0ade4-dfea-4ffe-b963-ec7a46f56620 debfeff9d1ce40619dcebfd202a1689e 1e151b5f54b145a796591f76c9e0961a - - default default] delete failed (client error): The resource could not be found.
2026-05-11 02:04:47.637 10 INFO neutron.wsgi [None req-fcf0ade4-dfea-4ffe-b963-ec7a46f56620 debfeff9d1ce40619dcebfd202a1689e 1e151b5f54b145a796591f76c9e0961a - - default default] 10.0.0.96 "DELETE /v2.0/security-groups/f288a4e2-5234-465e-babc-74d4d3718325 HTTP/1.1" status: 404 len: 347 time: 0.0109737
2026-05-11 02:04:47.753 10 INFO neutron.db.ovn_revision_numbers_db [None req-8aea6ea9-9a34-4a5b-ad0a-44ea8c42d8cc debfeff9d1ce40619dcebfd202a1689e 1e151b5f54b145a796591f76c9e0961a - - default default] Successfully bumped revision number for resource db27ac6b-a9fa-41f4-a059-c957ea4d091a (type: security_groups) to 1
2026-05-11 02:04:47.809 10 INFO neutron.db.ovn_revision_numbers_db [None req-8aea6ea9-9a34-4a5b-ad0a-44ea8c42d8cc debfeff9d1ce40619dcebfd202a1689e 1e151b5f54b145a796591f76c9e0961a - - default default] Successfully bumped revision number for resource 0f043d42-a894-4b52-a7f0-41922b16041b (type: security_group_rules) to 0
2026-05-11 02:04:47.828 10 INFO neutron.db.ovn_revision_numbers_db [None req-8aea6ea9-9a34-4a5b-ad0a-44ea8c42d8cc debfeff9d1ce40619dcebfd202a1689e 1e151b5f54b145a796591f76c9e0961a - - default default] Successfully bumped revision number for resource 6cc8ccae-888b-4182-964e-7d0729bc8a0f (type: security_group_rules) to 0
2026-05-11 02:04:47.849 10 INFO neutron.wsgi [None req-8aea6ea9-9a34-4a5b-ad0a-44ea8c42d8cc debfeff9d1ce40619dcebfd202a1689e 1e151b5f54b145a796591f76c9e0961a - - default default] 10.0.0.96 "POST /v2.0/security-groups HTTP/1.1" status: 201 len: 1761 time: 0.2057076
2026-05-11 02:04:47.971 10 INFO neutron.db.ovn_revision_numbers_db [None req-505c5abb-67c6-47a0-9154-b7c2c3b34c23 debfeff9d1ce40619dcebfd202a1689e 1e151b5f54b145a796591f76c9e0961a - - default default] Successfully bumped revision number for resource 6facb3af-a8a9-43a8-a627-b5b80cfa39f7 (type: security_group_rules) to 0
2026-05-11 02:04:48.003 10 INFO neutron.wsgi [None req-505c5abb-67c6-47a0-9154-b7c2c3b34c23 debfeff9d1ce40619dcebfd202a1689e 1e151b5f54b145a796591f76c9e0961a - - default default] 10.0.0.96 "POST /v2.0/security-group-rules HTTP/1.1" status: 201 len: 768 time: 0.1485648
2026-05-11 02:04:48.024 10 INFO neutron.wsgi [None req-f19d84cb-ebea-4958-886f-a1f37d634fd4 debfeff9d1ce40619dcebfd202a1689e 1e151b5f54b145a796591f76c9e0961a - - default default] 10.0.0.96 "GET /v2.0/security-group-rules/6facb3af-a8a9-43a8-a627-b5b80cfa39f7 HTTP/1.1" status: 200 len: 763 time: 0.0133767
2026-05-11 02:04:48.081 10 INFO neutron.wsgi [None req-a04c899b-f457-4dc6-befc-b871e73fb2c1 debfeff9d1ce40619dcebfd202a1689e 1e151b5f54b145a796591f76c9e0961a - - default default] 10.0.0.96 "GET /v2.0/security-group-rules HTTP/1.1" status: 200 len: 4113 time: 0.0505044
2026-05-11 02:04:48.203 10 INFO neutron.wsgi [None req-aa5d714e-b270-40ba-bc44-3a60ee4ecd4e debfeff9d1ce40619dcebfd202a1689e 1e151b5f54b145a796591f76c9e0961a - - default default] 10.0.0.96 "DELETE /v2.0/security-group-rules/6facb3af-a8a9-43a8-a627-b5b80cfa39f7 HTTP/1.1" status: 204 len: 168 time: 0.1174304
2026-05-11 02:04:48.233 10 WARNING neutron.plugins.ml2.drivers.ovn.mech_driver.ovsdb.ovn_client [None req-bf330d73-d748-4cf8-baff-df318e4b0fae - - - - - -] No port found with ID 4d8f994d-f066-4765-bae2-d662a090a86d: RuntimeError: No port found with ID 4d8f994d-f066-4765-bae2-d662a090a86d
2026-05-11 02:04:48.247 10 INFO neutron.wsgi [None req-45c66bdf-bb15-4c59-b72a-389219258ee9 debfeff9d1ce40619dcebfd202a1689e 1e151b5f54b145a796591f76c9e0961a - - default default] 10.0.0.96 "GET /v2.0/security-group-rules HTTP/1.1" status: 200 len: 3567 time: 0.0398726
2026-05-11 02:04:48.377 10 INFO neutron.db.ovn_revision_numbers_db [None req-eca1981c-47c2-4dae-9022-9c3ef91569a3 debfeff9d1ce40619dcebfd202a1689e 1e151b5f54b145a796591f76c9e0961a - - default default] Successfully bumped revision number for resource be5a430c-57ad-4b6c-9905-7a4f41bbacc3 (type: security_group_rules) to 0
2026-05-11 02:04:48.391 9 INFO neutron.wsgi [None req-4115dcfd-1cde-4f0c-af45-70ce4fd8a363 f6a1eab280bb4675a19f2737111a8190 2a02514e1226463db8226cdf845d2c0b - - default default] 10.0.0.96 "GET /v2.0/security-groups?tenant_id=d08eaef80bf4442e81337defb94da41e&name=default HTTP/1.1" status: 200 len: 2996 time: 0.1482136
2026-05-11 02:04:48.405 10 INFO neutron.wsgi [None req-eca1981c-47c2-4dae-9022-9c3ef91569a3 debfeff9d1ce40619dcebfd202a1689e 1e151b5f54b145a796591f76c9e0961a - - default default] 10.0.0.96 "POST /v2.0/security-group-rules HTTP/1.1" status: 201 len: 768 time: 0.1542439
2026-05-11 02:04:48.421 10 INFO neutron.wsgi [None req-af95300b-8963-48c5-aa06-36f3584cfb3e debfeff9d1ce40619dcebfd202a1689e 1e151b5f54b145a796591f76c9e0961a - - default default] 10.0.0.96 "GET /v2.0/security-group-rules/be5a430c-57ad-4b6c-9905-7a4f41bbacc3 HTTP/1.1" status: 200 len: 763 time: 0.0120184
2026-05-11 02:04:48.484 9 INFO neutron.wsgi [None req-a179718d-d216-4af3-af01-68f08ed56292 debfeff9d1ce40619dcebfd202a1689e 1e151b5f54b145a796591f76c9e0961a - - default default] 10.0.0.96 "GET /v2.0/security-group-rules HTTP/1.1" status: 200 len: 4113 time: 0.0581367
2026-05-11 02:04:48.528 10 INFO neutron.db.ovn_revision_numbers_db [None req-0cd9db09-aee1-4f46-80d6-50bcd1e09311 a0552dfa67b6462596f80902e0e4f1ef 8f18c37ecb7e4b2ebb4ba1a506d55e10 - - default default] Successfully bumped revision number for resource 6f995d94-0389-45a8-a97b-7cadb2eeea49 (type: security_groups) to 1
2026-05-11 02:04:48.546 10 INFO neutron.db.ovn_revision_numbers_db [None req-0cd9db09-aee1-4f46-80d6-50bcd1e09311 a0552dfa67b6462596f80902e0e4f1ef 8f18c37ecb7e4b2ebb4ba1a506d55e10 - - default default] Successfully bumped revision number for resource 6e9aacbf-0898-4431-86d0-ab26f3aa4f9b (type: security_group_rules) to 0
2026-05-11 02:04:48.564 10 INFO neutron.db.ovn_revision_numbers_db [None req-0cd9db09-aee1-4f46-80d6-50bcd1e09311 a0552dfa67b6462596f80902e0e4f1ef 8f18c37ecb7e4b2ebb4ba1a506d55e10 - - default default] Successfully bumped revision number for resource 6f99a143-f679-494d-803c-6852384360f4 (type: security_group_rules) to 0
2026-05-11 02:04:48.586 10 INFO neutron.db.ovn_revision_numbers_db [None req-0cd9db09-aee1-4f46-80d6-50bcd1e09311 a0552dfa67b6462596f80902e0e4f1ef 8f18c37ecb7e4b2ebb4ba1a506d55e10 - - default default] Successfully bumped revision number for resource 85aeb057-3447-48cc-8fb4-9468643af90c (type: security_group_rules) to 0
2026-05-11 02:04:48.604 10 INFO neutron.db.ovn_revision_numbers_db [None req-0cd9db09-aee1-4f46-80d6-50bcd1e09311 a0552dfa67b6462596f80902e0e4f1ef 8f18c37ecb7e4b2ebb4ba1a506d55e10 - - default default] Successfully bumped revision number for resource dcbdedac-60ec-4f2b-8fa6-bf627d5bdf48 (type: security_group_rules) to 0
2026-05-11 02:04:48.644 9 INFO neutron.wsgi [None req-6cd658ad-25c4-45c6-8aaa-655845688e28 debfeff9d1ce40619dcebfd202a1689e 1e151b5f54b145a796591f76c9e0961a - - default default] 10.0.0.96 "DELETE /v2.0/security-group-rules/be5a430c-57ad-4b6c-9905-7a4f41bbacc3 HTTP/1.1" status: 204 len: 168 time: 0.1544213
2026-05-11 02:04:48.673 9 INFO neutron.wsgi [None req-20997489-7919-471c-8025-96fc3cbc731c f6a1eab280bb4675a19f2737111a8190 2a02514e1226463db8226cdf845d2c0b - - default default] 10.0.0.96 "DELETE /v2.0/security-groups/0cd3b123-1d22-4fa3-af7f-80d16ccde78b HTTP/1.1" status: 204 len: 168 time: 0.2773840
2026-05-11 02:04:48.688 10 INFO neutron.db.ovn_revision_numbers_db [None req-0cd9db09-aee1-4f46-80d6-50bcd1e09311 a0552dfa67b6462596f80902e0e4f1ef 8f18c37ecb7e4b2ebb4ba1a506d55e10 - - default default] Successfully bumped revision number for resource 44710802-6856-4b7e-9868-0d4f66f30393 (type: security_groups) to 1
2026-05-11 02:04:48.700 9 INFO neutron.wsgi [None req-6e6bbfe5-ac29-439d-94da-642295199bcc debfeff9d1ce40619dcebfd202a1689e 1e151b5f54b145a796591f76c9e0961a - - default default] 10.0.0.96 "GET /v2.0/security-group-rules HTTP/1.1" status: 200 len: 3567 time: 0.0483618
2026-05-11 02:04:48.706 10 INFO neutron.db.ovn_revision_numbers_db [None req-0cd9db09-aee1-4f46-80d6-50bcd1e09311 a0552dfa67b6462596f80902e0e4f1ef 8f18c37ecb7e4b2ebb4ba1a506d55e10 - - default default] Successfully bumped revision number for resource c6987aa4-6267-409c-8c08-7506825ac41a (type: security_group_rules) to 0
2026-05-11 02:04:48.730 10 INFO neutron.db.ovn_revision_numbers_db [None req-0cd9db09-aee1-4f46-80d6-50bcd1e09311 a0552dfa67b6462596f80902e0e4f1ef 8f18c37ecb7e4b2ebb4ba1a506d55e10 - - default default] Successfully bumped revision number for resource fcd380a1-1b59-4377-ad09-c418b516e38f (type: security_group_rules) to 0
2026-05-11 02:04:48.750 10 INFO neutron.wsgi [None req-0cd9db09-aee1-4f46-80d6-50bcd1e09311 a0552dfa67b6462596f80902e0e4f1ef 8f18c37ecb7e4b2ebb4ba1a506d55e10 - - default default] 10.0.0.96 "POST /v2.0/security-groups HTTP/1.1" status: 201 len: 1737 time: 0.4016910
2026-05-11 02:04:48.853 10 INFO neutron.db.ovn_revision_numbers_db [None req-87540a2d-905d-482d-a7d1-c76cebf0b01e debfeff9d1ce40619dcebfd202a1689e 1e151b5f54b145a796591f76c9e0961a - - default default] Successfully bumped revision number for resource 3ccb1291-001f-4b7e-b460-dbae9fc55e48 (type: security_group_rules) to 0
2026-05-11 02:04:48.887 10 INFO neutron.wsgi [None req-87540a2d-905d-482d-a7d1-c76cebf0b01e debfeff9d1ce40619dcebfd202a1689e 1e151b5f54b145a796591f76c9e0961a - - default default] 10.0.0.96 "POST /v2.0/security-group-rules HTTP/1.1" status: 201 len: 769 time: 0.1819043
2026-05-11 02:04:48.912 10 INFO neutron.wsgi [None req-998750db-7a16-4b7b-8a83-ea6f89de5f6f debfeff9d1ce40619dcebfd202a1689e 1e151b5f54b145a796591f76c9e0961a - - default default] 10.0.0.96 "GET /v2.0/security-group-rules/3ccb1291-001f-4b7e-b460-dbae9fc55e48 HTTP/1.1" status: 200 len: 764 time: 0.0174673
2026-05-11 02:04:48.915 9 INFO neutron.db.ovn_revision_numbers_db [None req-bf877183-2af3-4213-93a1-f89674b5b391 a0552dfa67b6462596f80902e0e4f1ef 8f18c37ecb7e4b2ebb4ba1a506d55e10 - - default default] Successfully bumped revision number for resource 45447b38-9047-4593-9a02-9b607c07c2fb (type: security_groups) to 1
2026-05-11 02:04:48.935 9 INFO neutron.db.ovn_revision_numbers_db [None req-bf877183-2af3-4213-93a1-f89674b5b391 a0552dfa67b6462596f80902e0e4f1ef 8f18c37ecb7e4b2ebb4ba1a506d55e10 - - default default] Successfully bumped revision number for resource cf0a207a-6469-4d2a-b377-abc63911f68a (type: security_group_rules) to 0
2026-05-11 02:04:48.948 9 INFO neutron.db.ovn_revision_numbers_db [None req-bf877183-2af3-4213-93a1-f89674b5b391 a0552dfa67b6462596f80902e0e4f1ef 8f18c37ecb7e4b2ebb4ba1a506d55e10 - - default default] Successfully bumped revision number for resource f35f4f27-4ed4-4c57-bd56-773850b652fd (type: security_group_rules) to 0
2026-05-11 02:04:48.954 10 INFO neutron.wsgi [None req-528ac545-c074-4615-9b89-93980aef3372 debfeff9d1ce40619dcebfd202a1689e 1e151b5f54b145a796591f76c9e0961a - - default default] 10.0.0.96 "GET /v2.0/security-group-rules HTTP/1.1" status: 200 len: 4114 time: 0.0370469
2026-05-11 02:04:48.979 9 INFO neutron.wsgi [None req-bf877183-2af3-4213-93a1-f89674b5b391 a0552dfa67b6462596f80902e0e4f1ef 8f18c37ecb7e4b2ebb4ba1a506d55e10 - - default default] 10.0.0.96 "POST /v2.0/security-groups HTTP/1.1" status: 201 len: 1737 time: 0.2227116
2026-05-11 02:04:48.991 9 INFO neutron.db.ovn_revision_numbers_db [None req-ba9d0833-deaa-40d5-b268-34d852be5eb0 f6a1eab280bb4675a19f2737111a8190 2a02514e1226463db8226cdf845d2c0b - - default default] Successfully bumped revision number for resource c8a288c5-b11e-4713-9b5a-fc42b1d10c73 (type: security_groups) to 1
2026-05-11 02:04:49.007 9 INFO neutron.db.ovn_revision_numbers_db [None req-ba9d0833-deaa-40d5-b268-34d852be5eb0 f6a1eab280bb4675a19f2737111a8190 2a02514e1226463db8226cdf845d2c0b - - default default] Successfully bumped revision number for resource 0fe4abe1-ab98-4d33-ae60-10f2ded087f5 (type: security_group_rules) to 0
2026-05-11 02:04:49.022 9 INFO neutron.db.ovn_revision_numbers_db [None req-ba9d0833-deaa-40d5-b268-34d852be5eb0 f6a1eab280bb4675a19f2737111a8190 2a02514e1226463db8226cdf845d2c0b - - default default] Successfully bumped revision number for resource 2437f726-7ecc-4ba3-9364-7ee72b38040f (type: security_group_rules) to 0
2026-05-11 02:04:49.039 9 INFO neutron.db.ovn_revision_numbers_db [None req-ba9d0833-deaa-40d5-b268-34d852be5eb0 f6a1eab280bb4675a19f2737111a8190 2a02514e1226463db8226cdf845d2c0b - - default default] Successfully bumped revision number for resource 4ed29514-0905-4cc6-b3d4-24c970b2094e (type: security_group_rules) to 0
2026-05-11 02:04:49.053 9 INFO neutron.db.ovn_revision_numbers_db [None req-ba9d0833-deaa-40d5-b268-34d852be5eb0 f6a1eab280bb4675a19f2737111a8190 2a02514e1226463db8226cdf845d2c0b - - default default] Successfully bumped revision number for resource b7cbda2d-71c8-4c5e-8bfc-dae24c5f8c8f (type: security_group_rules) to 0
2026-05-11 02:04:49.074 9 INFO neutron.wsgi [None req-ba9d0833-deaa-40d5-b268-34d852be5eb0 f6a1eab280bb4675a19f2737111a8190 2a02514e1226463db8226cdf845d2c0b - - default default] 10.0.0.96 "GET /v2.0/security-groups?tenant_id=5be153c5492d43c0ba8da935e25af074&name=default HTTP/1.1" status: 200 len: 2996 time: 0.2180614
2026-05-11 02:04:49.098 10 INFO neutron.wsgi [None req-563f9026-5bf7-49c8-b87c-46b9805b12d4 debfeff9d1ce40619dcebfd202a1689e 1e151b5f54b145a796591f76c9e0961a - - default default] 10.0.0.96 "DELETE /v2.0/security-group-rules/3ccb1291-001f-4b7e-b460-dbae9fc55e48 HTTP/1.1" status: 204 len: 168 time: 0.1387208
2026-05-11 02:04:49.121 10 INFO neutron.db.ovn_revision_numbers_db [None req-4a416272-700f-47f5-950c-8a3498195312 a0552dfa67b6462596f80902e0e4f1ef 8f18c37ecb7e4b2ebb4ba1a506d55e10 - - default default] Successfully bumped revision number for resource fecfd59e-c0b3-4eff-99c1-99d72303ada2 (type: security_groups) to 1
2026-05-11 02:04:49.139 10 INFO neutron.db.ovn_revision_numbers_db [None req-4a416272-700f-47f5-950c-8a3498195312 a0552dfa67b6462596f80902e0e4f1ef 8f18c37ecb7e4b2ebb4ba1a506d55e10 - - default default] Successfully bumped revision number for resource 3b8ef8ba-6133-4058-af7c-1203dfcee3a9 (type: security_group_rules) to 0
2026-05-11 02:04:49.145 9 INFO neutron.wsgi [None req-0525ff03-326f-4b0f-a203-40cc3903399f debfeff9d1ce40619dcebfd202a1689e 1e151b5f54b145a796591f76c9e0961a - - default default] 10.0.0.96 "GET /v2.0/security-group-rules HTTP/1.1" status: 200 len: 3567 time: 0.0429890
2026-05-11 02:04:49.162 10 INFO neutron.db.ovn_revision_numbers_db [None req-4a416272-700f-47f5-950c-8a3498195312 a0552dfa67b6462596f80902e0e4f1ef 8f18c37ecb7e4b2ebb4ba1a506d55e10 - - default default] Successfully bumped revision number for resource 72a2b716-e599-4e73-9b94-e68df915441d (type: security_group_rules) to 0
2026-05-11 02:04:49.191 10 INFO neutron.wsgi [None req-4a416272-700f-47f5-950c-8a3498195312 a0552dfa67b6462596f80902e0e4f1ef 8f18c37ecb7e4b2ebb4ba1a506d55e10 - - default default] 10.0.0.96 "POST /v2.0/security-groups HTTP/1.1" status: 201 len: 1737 time: 0.2075479
2026-05-11 02:04:49.241 10 INFO neutron.db.ovn_revision_numbers_db [None req-77f912e3-78cb-41e8-949f-2117727b209f f9da507c62aa45fba6d27e3680b24c6e d4ac6459a18e47a4a5cd0126754c42cb - - default default] Successfully bumped revision number for resource 0c068511-20fb-483f-a186-4dab5f9760e5 (type: security_groups) to 1
2026-05-11 02:04:49.257 10 INFO neutron.db.ovn_revision_numbers_db [None req-77f912e3-78cb-41e8-949f-2117727b209f f9da507c62aa45fba6d27e3680b24c6e d4ac6459a18e47a4a5cd0126754c42cb - - default default] Successfully bumped revision number for resource 10d4f141-cfb9-4054-b8ef-621412737f3d (type: security_group_rules) to 0
2026-05-11 02:04:49.272 10 INFO neutron.db.ovn_revision_numbers_db [None req-77f912e3-78cb-41e8-949f-2117727b209f f9da507c62aa45fba6d27e3680b24c6e d4ac6459a18e47a4a5cd0126754c42cb - - default default] Successfully bumped revision number for resource 1bf3aef6-834d-40c2-a375-bc072c9bb309 (type: security_group_rules) to 0
2026-05-11 02:04:49.288 10 INFO neutron.wsgi [None req-1695901a-d0c2-456c-b515-56df90a755d7 debfeff9d1ce40619dcebfd202a1689e 1e151b5f54b145a796591f76c9e0961a - - default default] 10.0.0.96 "DELETE /v2.0/security-groups/db27ac6b-a9fa-41f4-a059-c957ea4d091a HTTP/1.1" status: 204 len: 168 time: 0.1351821
2026-05-11 02:04:49.292 10 INFO neutron.db.ovn_revision_numbers_db [None req-77f912e3-78cb-41e8-949f-2117727b209f f9da507c62aa45fba6d27e3680b24c6e d4ac6459a18e47a4a5cd0126754c42cb - - default default] Successfully bumped revision number for resource 58440db4-a4b0-4154-a9b8-b9f1e74c25cb (type: security_group_rules) to 0
2026-05-11 02:04:49.302 9 INFO neutron.wsgi [None req-6e206861-cea6-44a1-8cbd-35ff1889fc80 f6a1eab280bb4675a19f2737111a8190 2a02514e1226463db8226cdf845d2c0b - - default default] 10.0.0.96 "DELETE /v2.0/security-groups/c8a288c5-b11e-4713-9b5a-fc42b1d10c73 HTTP/1.1" status: 204 len: 168 time: 0.2229645
2026-05-11 02:04:49.311 10 INFO neutron.db.ovn_revision_numbers_db [None req-77f912e3-78cb-41e8-949f-2117727b209f f9da507c62aa45fba6d27e3680b24c6e d4ac6459a18e47a4a5cd0126754c42cb - - default default] Successfully bumped revision number for resource 9339ed8b-488a-4d0b-846c-da795d698d50 (type: security_group_rules) to 0
2026-05-11 02:04:49.332 9 INFO neutron.db.ovn_revision_numbers_db [None req-a370efd6-6c71-4571-8aea-3601e49dafa6 a0552dfa67b6462596f80902e0e4f1ef 8f18c37ecb7e4b2ebb4ba1a506d55e10 - - default default] Successfully bumped revision number for resource 19d747db-9944-4193-9767-b265c58bec21 (type: security_groups) to 1
2026-05-11 02:04:49.332 10 INFO neutron.wsgi [None req-e8030bc1-5c04-4a10-a5b6-63c8f39aa254 debfeff9d1ce40619dcebfd202a1689e 1e151b5f54b145a796591f76c9e0961a - - default default] 10.0.0.96 "GET /v2.0/security-groups HTTP/1.1" status: 200 len: 2996 time: 0.0382354
2026-05-11 02:04:49.349 9 INFO neutron.db.ovn_revision_numbers_db [None req-a370efd6-6c71-4571-8aea-3601e49dafa6 a0552dfa67b6462596f80902e0e4f1ef 8f18c37ecb7e4b2ebb4ba1a506d55e10 - - default default] Successfully bumped revision number for resource d3b1f423-2c78-4923-a0df-ca12f64fc926 (type: security_group_rules) to 0
2026-05-11 02:04:49.364 9 INFO neutron.db.ovn_revision_numbers_db [None req-a370efd6-6c71-4571-8aea-3601e49dafa6 a0552dfa67b6462596f80902e0e4f1ef 8f18c37ecb7e4b2ebb4ba1a506d55e10 - - default default] Successfully bumped revision number for resource d45332ea-27bf-479d-bf27-54bc1a4bc63c (type: security_group_rules) to 0
2026-05-11 02:04:49.370 10 INFO neutron.db.segments_db [None req-77f912e3-78cb-41e8-949f-2117727b209f f9da507c62aa45fba6d27e3680b24c6e d4ac6459a18e47a4a5cd0126754c42cb - - default default] Added segment 4f4bf5d7-d5d3-4eb1-9ad2-90655c72538f of type geneve for network eaae7e8b-a697-4104-84e4-84d3439ccc77
2026-05-11 02:04:49.383 9 INFO neutron.wsgi [None req-a370efd6-6c71-4571-8aea-3601e49dafa6 a0552dfa67b6462596f80902e0e4f1ef 8f18c37ecb7e4b2ebb4ba1a506d55e10 - - default default] 10.0.0.96 "POST /v2.0/security-groups HTTP/1.1" status: 201 len: 1737 time: 0.1871419
2026-05-11 02:04:49.386 10 INFO neutron.wsgi [None req-6a522ac6-b2fc-4c8d-b467-620300b7917b debfeff9d1ce40619dcebfd202a1689e 1e151b5f54b145a796591f76c9e0961a - - default default] 10.0.0.96 "GET /v2.0/security-groups HTTP/1.1" status: 200 len: 2996 time: 0.0447350
2026-05-11 02:04:49.503 9 INFO neutron.db.ovn_revision_numbers_db [None req-ab100274-35d5-40f9-b889-b6908645e420 a0552dfa67b6462596f80902e0e4f1ef 8f18c37ecb7e4b2ebb4ba1a506d55e10 - - default default] Successfully bumped revision number for resource b33429f6-712b-47fa-9f7f-1694c5c94ef1 (type: security_groups) to 1
2026-05-11 02:04:49.511 10 INFO neutron.db.ovn_revision_numbers_db [None req-77f912e3-78cb-41e8-949f-2117727b209f f9da507c62aa45fba6d27e3680b24c6e d4ac6459a18e47a4a5cd0126754c42cb - - default default] Successfully bumped revision number for resource eaae7e8b-a697-4104-84e4-84d3439ccc77 (type: networks) to 1
2026-05-11 02:04:49.516 9 INFO neutron.db.ovn_revision_numbers_db [None req-ab100274-35d5-40f9-b889-b6908645e420 a0552dfa67b6462596f80902e0e4f1ef 8f18c37ecb7e4b2ebb4ba1a506d55e10 - - default default] Successfully bumped revision number for resource 979ee1e1-86c2-4b71-bbe5-349665a00ad2 (type: security_group_rules) to 0
2026-05-11 02:04:49.530 9 INFO neutron.db.ovn_revision_numbers_db [None req-ab100274-35d5-40f9-b889-b6908645e420 a0552dfa67b6462596f80902e0e4f1ef 8f18c37ecb7e4b2ebb4ba1a506d55e10 - - default default] Successfully bumped revision number for resource f0d3a18f-2c4e-41e9-8654-cc1573ecf8f7 (type: security_group_rules) to 0
2026-05-11 02:04:49.549 9 INFO neutron.wsgi [None req-ab100274-35d5-40f9-b889-b6908645e420 a0552dfa67b6462596f80902e0e4f1ef 8f18c37ecb7e4b2ebb4ba1a506d55e10 - - default default] 10.0.0.96 "POST /v2.0/security-groups HTTP/1.1" status: 201 len: 1737 time: 0.1600828
2026-05-11 02:04:49.591 9 INFO neutron.wsgi [None req-e8f73317-c60e-407e-8182-bf8b8ebf6791 a0552dfa67b6462596f80902e0e4f1ef 8f18c37ecb7e4b2ebb4ba1a506d55e10 - - default default] 10.0.0.96 "PUT /v2.0/security-groups/44710802-6856-4b7e-9868-0d4f66f30393/tags HTTP/1.1" status: 200 len: 210 time: 0.0360293
2026-05-11 02:04:49.621 9 INFO neutron.wsgi [None req-b8c97ba4-aabd-4a3d-9e7d-2d9f11a30dd0 a0552dfa67b6462596f80902e0e4f1ef 8f18c37ecb7e4b2ebb4ba1a506d55e10 - - default default] 10.0.0.96 "PUT /v2.0/security-groups/45447b38-9047-4593-9a02-9b607c07c2fb/tags HTTP/1.1" status: 200 len: 218 time: 0.0265119
2026-05-11 02:04:49.657 9 INFO neutron.wsgi [None req-4a015286-fbbe-4cfa-9b99-00eee57a9e0a a0552dfa67b6462596f80902e0e4f1ef 8f18c37ecb7e4b2ebb4ba1a506d55e10 - - default default] 10.0.0.96 "PUT /v2.0/security-groups/fecfd59e-c0b3-4eff-99c1-99d72303ada2/tags HTTP/1.1" status: 200 len: 227 time: 0.0306985
2026-05-11 02:04:49.708 10 INFO neutron.wsgi [None req-d86d2ad4-ce53-45c8-af42-a3c367df502e a0552dfa67b6462596f80902e0e4f1ef 8f18c37ecb7e4b2ebb4ba1a506d55e10 - - default default] 10.0.0.96 "PUT /v2.0/security-groups/19d747db-9944-4193-9767-b265c58bec21/tags HTTP/1.1" status: 200 len: 212 time: 0.0457697
2026-05-11 02:04:49.738 10 WARNING neutron.scheduler.dhcp_agent_scheduler [None req-77f912e3-78cb-41e8-949f-2117727b209f f9da507c62aa45fba6d27e3680b24c6e d4ac6459a18e47a4a5cd0126754c42cb - - default default] No more DHCP agents
2026-05-11 02:04:49.740 10 WARNING neutron.api.rpc.agentnotifiers.dhcp_rpc_agent_api [None req-77f912e3-78cb-41e8-949f-2117727b209f f9da507c62aa45fba6d27e3680b24c6e d4ac6459a18e47a4a5cd0126754c42cb - - default default] Unable to schedule network eaae7e8b-a697-4104-84e4-84d3439ccc77: no agents available; will retry on subsequent port and subnet creation events.
2026-05-11 02:04:49.763 9 INFO neutron.wsgi [None req-ef4fc15d-482b-4d3c-93d7-0f5dbad023b0 a0552dfa67b6462596f80902e0e4f1ef 8f18c37ecb7e4b2ebb4ba1a506d55e10 - - default default] 10.0.0.96 "GET /v2.0/security-groups?tags=red HTTP/1.1" status: 200 len: 4813 time: 0.0494998
2026-05-11 02:04:49.812 9 INFO neutron.wsgi [None req-801134eb-3b2a-4402-8694-58406ce8913e a0552dfa67b6462596f80902e0e4f1ef 8f18c37ecb7e4b2ebb4ba1a506d55e10 - - default default] 10.0.0.96 "GET /v2.0/security-groups?tags=red%2Cblue HTTP/1.1" status: 200 len: 3289 time: 0.0439048
2026-05-11 02:04:49.833 10 INFO neutron.db.ovn_revision_numbers_db [None req-77f912e3-78cb-41e8-949f-2117727b209f f9da507c62aa45fba6d27e3680b24c6e d4ac6459a18e47a4a5cd0126754c42cb - - default default] Successfully bumped revision number for resource f3df4990-7065-44ae-a5d4-f84aa7f6ed91 (type: ports) to 1
2026-05-11 02:04:49.862 9 INFO neutron.wsgi [None req-66020ac0-d729-4f9b-9c19-ac5c84ff830c a0552dfa67b6462596f80902e0e4f1ef 8f18c37ecb7e4b2ebb4ba1a506d55e10 - - default default] 10.0.0.96 "GET /v2.0/security-groups?tags-any=blue HTTP/1.1" status: 200 len: 3289 time: 0.0433309
2026-05-11 02:04:49.869 10 INFO neutron.wsgi [None req-77f912e3-78cb-41e8-949f-2117727b209f f9da507c62aa45fba6d27e3680b24c6e d4ac6459a18e47a4a5cd0126754c42cb - - default default] 10.0.0.96 "POST /v2.0/networks HTTP/1.1" status: 201 len: 847 time: 0.9086237
2026-05-11 02:04:49.918 9 INFO neutron.wsgi [None req-bfe2a08c-065f-4261-a0b8-be842901f94e a0552dfa67b6462596f80902e0e4f1ef 8f18c37ecb7e4b2ebb4ba1a506d55e10 - - default default] 10.0.0.96 "GET /v2.0/security-groups?tags-any=red%2Cblue HTTP/1.1" status: 200 len: 4813 time: 0.0509732
2026-05-11 02:04:49.986 9 INFO neutron.wsgi [None req-f89a26e2-6f7b-4c8d-adfe-bf7e5f936dee a0552dfa67b6462596f80902e0e4f1ef 8f18c37ecb7e4b2ebb4ba1a506d55e10 - - default default] 10.0.0.96 "GET /v2.0/security-groups?not-tags=red HTTP/1.1" status: 200 len: 6041 time: 0.0613627
2026-05-11 02:04:50.041 9 INFO neutron.wsgi [None req-f6c351b5-a8a8-4bba-bb30-0001b1705b66 a0552dfa67b6462596f80902e0e4f1ef 8f18c37ecb7e4b2ebb4ba1a506d55e10 - - default default] 10.0.0.96 "GET /v2.0/security-groups?not-tags=red%2Cblue HTTP/1.1" status: 200 len: 7565 time: 0.0481622
2026-05-11 02:04:50.042 10 INFO neutron.wsgi [None req-478d443c-913a-4b8e-9530-e564426bd779 f6a1eab280bb4675a19f2737111a8190 2a02514e1226463db8226cdf845d2c0b - - default default] 10.0.0.96 "GET /v2.0/security-groups?tenant_id=1e151b5f54b145a796591f76c9e0961a&name=default HTTP/1.1" status: 200 len: 2996 time: 0.1698353
2026-05-11 02:04:50.111 9 INFO neutron.wsgi [None req-c3e390f6-811d-4634-9b29-7377cb4f8d7d a0552dfa67b6462596f80902e0e4f1ef 8f18c37ecb7e4b2ebb4ba1a506d55e10 - - default default] 10.0.0.96 "GET /v2.0/security-groups?not-tags-any=blue HTTP/1.1" status: 200 len: 7565 time: 0.0637195
2026-05-11 02:04:50.155 10 WARNING neutron.scheduler.dhcp_agent_scheduler [None req-671fdfb3-67c0-4983-9b6b-de210a4c04b8 f9da507c62aa45fba6d27e3680b24c6e d4ac6459a18e47a4a5cd0126754c42cb - - default default] No more DHCP agents
2026-05-11 02:04:50.158 10 WARNING neutron.api.rpc.agentnotifiers.dhcp_rpc_agent_api [None req-671fdfb3-67c0-4983-9b6b-de210a4c04b8 f9da507c62aa45fba6d27e3680b24c6e d4ac6459a18e47a4a5cd0126754c42cb - - default default] Unable to schedule network eaae7e8b-a697-4104-84e4-84d3439ccc77: no agents available; will retry on subsequent port and subnet creation events.
2026-05-11 02:04:50.168 9 INFO neutron.wsgi [None req-f4c42daa-26d1-4cd5-b77e-117aba59970f a0552dfa67b6462596f80902e0e4f1ef 8f18c37ecb7e4b2ebb4ba1a506d55e10 - - default default] 10.0.0.96 "GET /v2.0/security-groups?not-tags-any=red%2Cblue HTTP/1.1" status: 200 len: 6041 time: 0.0494182
2026-05-11 02:04:50.259 10 INFO neutron.db.ovn_revision_numbers_db [None req-671fdfb3-67c0-4983-9b6b-de210a4c04b8 f9da507c62aa45fba6d27e3680b24c6e d4ac6459a18e47a4a5cd0126754c42cb - - default default] Successfully bumped revision number for resource 48eb4a64-f5a0-4e93-8d49-7074ef2ee6ca (type: ports) to 1
2026-05-11 02:04:50.284 10 INFO neutron.wsgi [None req-671fdfb3-67c0-4983-9b6b-de210a4c04b8 f9da507c62aa45fba6d27e3680b24c6e d4ac6459a18e47a4a5cd0126754c42cb - - default default] 10.0.0.96 "POST /v2.0/ports HTTP/1.1" status: 201 len: 978 time: 0.4046285 /var/lib/openstack/lib/python3.10/site-packages/pycadf/identifier.py:71: UserWarning: Invalid uuid: neutron. To ensure interoperability, identifiers should be a valid uuid. warnings.warn(('Invalid uuid: %s. To ensure interoperability, '
2026-05-11 02:04:50.305 9 INFO neutron.wsgi [None req-7b23c055-bcb7-4ed1-bb29-87f23edeb5ce a0552dfa67b6462596f80902e0e4f1ef 8f18c37ecb7e4b2ebb4ba1a506d55e10 - - default default] 10.0.0.96 "DELETE /v2.0/security-groups/44710802-6856-4b7e-9868-0d4f66f30393 HTTP/1.1" status: 204 len: 168 time: 0.1289971
2026-05-11 02:04:50.311 9 INFO neutron.wsgi [None req-350b4434-913e-412e-bf8b-9447218bdc09 f6a1eab280bb4675a19f2737111a8190 2a02514e1226463db8226cdf845d2c0b - - default default] 10.0.0.96 "DELETE /v2.0/security-groups/a533dd96-dd32-4cde-a678-8ec804d4e2f6 HTTP/1.1" status: 204 len: 168 time: 0.2631316
2026-05-11 02:04:50.390 10 INFO neutron.db.segments_db [None req-7579be06-0225-44fc-b4a4-9bbced0ff5b7 f9da507c62aa45fba6d27e3680b24c6e d4ac6459a18e47a4a5cd0126754c42cb - - default default] Added segment 3a5abdc6-1c90-47f5-b80f-b908a85e1e7d of type geneve for network d977972e-d4e6-4cb8-b950-86bdaebe97e0
2026-05-11 02:04:50.463 10 INFO neutron.wsgi [None req-701c1c7e-e5c0-4a78-8ea3-f1da43f5313a a0552dfa67b6462596f80902e0e4f1ef 8f18c37ecb7e4b2ebb4ba1a506d55e10 - - default default] 10.0.0.96 "DELETE /v2.0/security-groups/45447b38-9047-4593-9a02-9b607c07c2fb HTTP/1.1" status: 204 len: 168 time: 0.1510196
2026-05-11 02:04:50.538 10 INFO neutron.db.ovn_revision_numbers_db [None req-7579be06-0225-44fc-b4a4-9bbced0ff5b7 f9da507c62aa45fba6d27e3680b24c6e d4ac6459a18e47a4a5cd0126754c42cb - - default default] Successfully bumped revision number for resource d977972e-d4e6-4cb8-b950-86bdaebe97e0 (type: networks) to 1
2026-05-11 02:04:50.599 9 INFO neutron.wsgi [None req-e308c24a-866f-466c-a0b2-1a73c6416b65 a0552dfa67b6462596f80902e0e4f1ef 8f18c37ecb7e4b2ebb4ba1a506d55e10 - - default default] 10.0.0.96 "DELETE /v2.0/security-groups/fecfd59e-c0b3-4eff-99c1-99d72303ada2 HTTP/1.1" status: 204 len: 168 time: 0.1310403
2026-05-11 02:04:50.730 9 INFO neutron.wsgi [None req-c843e0a7-b8c6-4e12-9805-99f15e3aa4b6 a0552dfa67b6462596f80902e0e4f1ef 8f18c37ecb7e4b2ebb4ba1a506d55e10 - - default default] 10.0.0.96 "DELETE /v2.0/security-groups/19d747db-9944-4193-9767-b265c58bec21 HTTP/1.1" status: 204 len: 168 time: 0.1256256
2026-05-11 02:04:50.731 10 WARNING neutron.scheduler.dhcp_agent_scheduler [None req-7579be06-0225-44fc-b4a4-9bbced0ff5b7 f9da507c62aa45fba6d27e3680b24c6e d4ac6459a18e47a4a5cd0126754c42cb - - default default] No more DHCP agents
2026-05-11 02:04:50.733 10 WARNING neutron.api.rpc.agentnotifiers.dhcp_rpc_agent_api [None req-7579be06-0225-44fc-b4a4-9bbced0ff5b7 f9da507c62aa45fba6d27e3680b24c6e d4ac6459a18e47a4a5cd0126754c42cb - - default default] Unable to schedule network d977972e-d4e6-4cb8-b950-86bdaebe97e0: no agents available; will retry on subsequent port and subnet creation events.
2026-05-11 02:04:50.823 10 INFO neutron.db.ovn_revision_numbers_db [None req-7579be06-0225-44fc-b4a4-9bbced0ff5b7 f9da507c62aa45fba6d27e3680b24c6e d4ac6459a18e47a4a5cd0126754c42cb - - default default] Successfully bumped revision number for resource 6cb02d6f-a46a-41b7-abf5-de53198311b5 (type: ports) to 1
2026-05-11 02:04:50.849 10 INFO neutron.wsgi [None req-7579be06-0225-44fc-b4a4-9bbced0ff5b7 f9da507c62aa45fba6d27e3680b24c6e d4ac6459a18e47a4a5cd0126754c42cb - - default default] 10.0.0.96 "POST /v2.0/networks HTTP/1.1" status: 201 len: 835 time: 0.5602090
2026-05-11 02:04:50.860 9 INFO neutron.wsgi [None req-c6392422-458a-46f6-bc40-5a7546a18232 a0552dfa67b6462596f80902e0e4f1ef 8f18c37ecb7e4b2ebb4ba1a506d55e10 - - default default] 10.0.0.96 "DELETE /v2.0/security-groups/b33429f6-712b-47fa-9f7f-1694c5c94ef1 HTTP/1.1" status: 204 len: 168 time: 0.1263285
2026-05-11 02:04:51.122 10 WARNING neutron.scheduler.dhcp_agent_scheduler [None req-ff2db9af-8611-4f68-b636-fcbae034c5ca f9da507c62aa45fba6d27e3680b24c6e d4ac6459a18e47a4a5cd0126754c42cb - - default default] No more DHCP agents
2026-05-11 02:04:51.124 10 WARNING neutron.api.rpc.agentnotifiers.dhcp_rpc_agent_api [None req-ff2db9af-8611-4f68-b636-fcbae034c5ca f9da507c62aa45fba6d27e3680b24c6e d4ac6459a18e47a4a5cd0126754c42cb - - default default] Unable to schedule network d977972e-d4e6-4cb8-b950-86bdaebe97e0: no agents available; will retry on subsequent port and subnet creation events.
2026-05-11 02:04:51.158 10 INFO neutron.db.ovn_revision_numbers_db [None req-ff2db9af-8611-4f68-b636-fcbae034c5ca f9da507c62aa45fba6d27e3680b24c6e d4ac6459a18e47a4a5cd0126754c42cb - - default default] Successfully bumped revision number for resource 945dde18-6c3c-4471-88df-8b9cb34ea8d5 (type: subnets) to 0
2026-05-11 02:04:51.175 10 INFO neutron.wsgi [None req-ff2db9af-8611-4f68-b636-fcbae034c5ca f9da507c62aa45fba6d27e3680b24c6e d4ac6459a18e47a4a5cd0126754c42cb - - default default] 10.0.0.96 "POST /v2.0/subnets HTTP/1.1" status: 201 len: 821 time: 0.3222430
2026-05-11 02:04:51.528 10 WARNING neutron.scheduler.dhcp_agent_scheduler [None req-ef107e41-d7eb-40ab-915f-2e75cdfebdfd f9da507c62aa45fba6d27e3680b24c6e d4ac6459a18e47a4a5cd0126754c42cb - - default default] No more DHCP agents
2026-05-11 02:04:51.531 10 WARNING neutron.api.rpc.agentnotifiers.dhcp_rpc_agent_api [None req-ef107e41-d7eb-40ab-915f-2e75cdfebdfd f9da507c62aa45fba6d27e3680b24c6e d4ac6459a18e47a4a5cd0126754c42cb - - default default] Unable to schedule network d977972e-d4e6-4cb8-b950-86bdaebe97e0: no agents available; will retry on subsequent port and subnet creation events.
2026-05-11 02:04:51.645 10 INFO neutron.db.ovn_revision_numbers_db [None req-ef107e41-d7eb-40ab-915f-2e75cdfebdfd f9da507c62aa45fba6d27e3680b24c6e d4ac6459a18e47a4a5cd0126754c42cb - - default default] Successfully bumped revision number for resource 2faff063-2657-4591-82d5-a0f6a1bff63f (type: ports) to 1
2026-05-11 02:04:51.669 10 INFO neutron.wsgi [None req-ef107e41-d7eb-40ab-915f-2e75cdfebdfd f9da507c62aa45fba6d27e3680b24c6e d4ac6459a18e47a4a5cd0126754c42cb - - default default] 10.0.0.96 "POST /v2.0/ports HTTP/1.1" status: 201 len: 1161 time: 0.4886806 /var/lib/openstack/lib/python3.10/site-packages/pycadf/identifier.py:71: UserWarning: Invalid uuid: neutron. To ensure interoperability, identifiers should be a valid uuid. warnings.warn(('Invalid uuid: %s. To ensure interoperability, '
2026-05-11 02:04:51.898 9 INFO neutron.wsgi [None req-3655ff3b-8ae3-41b6-8a53-cab67725d802 f6a1eab280bb4675a19f2737111a8190 2a02514e1226463db8226cdf845d2c0b - - default default] 10.0.0.96 "GET /v2.0/security-groups?tenant_id=8f18c37ecb7e4b2ebb4ba1a506d55e10&name=default HTTP/1.1" status: 200 len: 2996 time: 0.2457426
2026-05-11 02:04:51.951 10 INFO neutron.wsgi [None req-e0d162f8-4dfe-41af-951d-dae6faf83e42 f9da507c62aa45fba6d27e3680b24c6e d4ac6459a18e47a4a5cd0126754c42cb - - default default] 10.0.0.96 "DELETE /v2.0/ports/2faff063-2657-4591-82d5-a0f6a1bff63f HTTP/1.1" status: 204 len: 168 time: 0.2760880
2026-05-11 02:04:51.972 10 INFO neutron.pecan_wsgi.hooks.translation [None req-c27188fa-4a9d-44f1-9456-01491970e0a2 f9da507c62aa45fba6d27e3680b24c6e d4ac6459a18e47a4a5cd0126754c42cb - - default default] DELETE failed (client error): The resource could not be found.
2026-05-11 02:04:51.974 10 INFO neutron.wsgi [None req-c27188fa-4a9d-44f1-9456-01491970e0a2 f9da507c62aa45fba6d27e3680b24c6e d4ac6459a18e47a4a5cd0126754c42cb - - default default] 10.0.0.96 "DELETE /v2.0/ports/2faff063-2657-4591-82d5-a0f6a1bff63f HTTP/1.1" status: 404 len: 333 time: 0.0182800
2026-05-11 02:04:52.001 10 INFO neutron.pecan_wsgi.hooks.translation [None req-aadbdcdf-9560-4021-839a-097178e7029f f9da507c62aa45fba6d27e3680b24c6e d4ac6459a18e47a4a5cd0126754c42cb - - default default] GET failed (client error): The resource could not be found.
2026-05-11 02:04:52.003 10 INFO neutron.wsgi [None req-aadbdcdf-9560-4021-839a-097178e7029f f9da507c62aa45fba6d27e3680b24c6e d4ac6459a18e47a4a5cd0126754c42cb - - default default] 10.0.0.96 "GET /v2.0/ports/2faff063-2657-4591-82d5-a0f6a1bff63f HTTP/1.1" status: 404 len: 333 time: 0.0191696
2026-05-11 02:04:52.110 9 INFO neutron.wsgi [None req-6b017521-52ec-407a-8262-3540ecd9cdde f6a1eab280bb4675a19f2737111a8190 2a02514e1226463db8226cdf845d2c0b - - default default] 10.0.0.96 "DELETE /v2.0/security-groups/6f995d94-0389-45a8-a97b-7cadb2eeea49 HTTP/1.1" status: 204 len: 168 time: 0.2070205
2026-05-11 02:04:52.189 10 INFO neutron.wsgi [None req-1d3e7db4-7728-451e-85e5-78b5459c5654 f9da507c62aa45fba6d27e3680b24c6e d4ac6459a18e47a4a5cd0126754c42cb - - default default] 10.0.0.96 "DELETE /v2.0/subnets/945dde18-6c3c-4471-88df-8b9cb34ea8d5 HTTP/1.1" status: 204 len: 168 time: 0.1807296
2026-05-11 02:04:52.259 9 INFO neutron.wsgi [-] 10.0.0.96 "GET / HTTP/1.1" status: 200 len: 279 time: 0.0030873
2026-05-11 02:04:52.399 9 INFO neutron.db.ovn_revision_numbers_db [None req-2a1f5aa0-356d-421a-8755-a827eb63124d f6a1eab280bb4675a19f2737111a8190 2a02514e1226463db8226cdf845d2c0b - - default default] Successfully bumped revision number for resource 90e4a869-1102-4b60-853f-c926f4b5ff16 (type: security_groups) to 1
2026-05-11 02:04:52.419 9 INFO neutron.db.ovn_revision_numbers_db [None req-2a1f5aa0-356d-421a-8755-a827eb63124d f6a1eab280bb4675a19f2737111a8190 2a02514e1226463db8226cdf845d2c0b - - default default] Successfully bumped revision number for resource 2b21b3fc-3870-495b-89e9-e674b1bb512b (type: security_group_rules) to 0
2026-05-11 02:04:52.439 9 INFO neutron.db.ovn_revision_numbers_db [None req-2a1f5aa0-356d-421a-8755-a827eb63124d f6a1eab280bb4675a19f2737111a8190 2a02514e1226463db8226cdf845d2c0b - - default default] Successfully bumped revision number for resource 33e67264-6ae8-40ab-9fdc-a4f9c106bd88 (type: security_group_rules) to 0
2026-05-11 02:04:52.457 9 INFO neutron.db.ovn_revision_numbers_db [None req-2a1f5aa0-356d-421a-8755-a827eb63124d f6a1eab280bb4675a19f2737111a8190 2a02514e1226463db8226cdf845d2c0b - - default default] Successfully bumped revision number for resource 395d33f0-02b4-4a5f-8bd7-f531c7a033ad (type: security_group_rules) to 0
2026-05-11 02:04:52.473 9 INFO neutron.db.ovn_revision_numbers_db [None req-2a1f5aa0-356d-421a-8755-a827eb63124d f6a1eab280bb4675a19f2737111a8190 2a02514e1226463db8226cdf845d2c0b - - default default] Successfully bumped revision number for resource 774d45e0-1029-49ec-8555-c38dd9f1f806 (type: security_group_rules) to 0
2026-05-11 02:04:52.496 9 INFO neutron.wsgi [None req-2a1f5aa0-356d-421a-8755-a827eb63124d f6a1eab280bb4675a19f2737111a8190 2a02514e1226463db8226cdf845d2c0b - - default default] 10.0.0.96 "GET /v2.0/security-groups?tenant_id=f1fdf2282d974415bd205a2f067f113a&name=default HTTP/1.1" status: 200 len: 2996 time: 0.2152398
2026-05-11 02:04:52.540 10 INFO neutron.wsgi [None req-3dec9eb6-f2ff-4e37-9ab2-70a7bcc18b52 d25293208def41aca07e5db0ca6cbb7a 2689ea82e838406fa195a7ce7cbb5363 - - default default] 10.0.0.96 "GET /v2.0/ HTTP/1.1" status: 200 len: 826 time: 0.2741759
2026-05-11 02:04:52.595 10 INFO neutron.services.segments.plugin [-] Segment 3a5abdc6-1c90-47f5-b80f-b908a85e1e7d resource provider aggregate not found
2026-05-11 02:04:52.616 10 INFO neutron.services.segments.plugin [-] Segment 3a5abdc6-1c90-47f5-b80f-b908a85e1e7d resource provider aggregate not found
2026-05-11 02:04:52.621 10 INFO neutron.services.segments.plugin [-] Segment 3a5abdc6-1c90-47f5-b80f-b908a85e1e7d resource provider not found; error: Placement Client Error (4xx): {"errors": [{"status": 404, "title": "Not Found", "detail": "The resource could not be found.\n\n No resource provider with uuid 3a5abdc6-1c90-47f5-b80f-b908a85e1e7d found for delete ", "request_id": "req-b65ec713-737c-427b-a269-91d60fb1ce8c"}]}
2026-05-11 02:04:52.633 10 INFO neutron.services.segments.plugin [-] Segment 3a5abdc6-1c90-47f5-b80f-b908a85e1e7d resource provider not found; error: Placement Client Error (4xx): {"errors": [{"status": 404, "title": "Not Found", "detail": "The resource could not be found.\n\n No resource provider with uuid 3a5abdc6-1c90-47f5-b80f-b908a85e1e7d found for delete ", "request_id": "req-d40eafcc-b254-4d3b-96e1-a8625a2c72d3"}]}
2026-05-11 02:04:52.660 10 INFO neutron.wsgi [None req-f12ed711-25e0-4a18-94c9-32a0bf557063 f9da507c62aa45fba6d27e3680b24c6e d4ac6459a18e47a4a5cd0126754c42cb - - default default] 10.0.0.96 "DELETE /v2.0/networks/d977972e-d4e6-4cb8-b950-86bdaebe97e0 HTTP/1.1" status: 204 len: 168 time: 0.4645391
2026-05-11 02:04:52.717 9 INFO neutron.wsgi [None req-aea4a74f-3a39-498a-847d-c48e74505939 f6a1eab280bb4675a19f2737111a8190 2a02514e1226463db8226cdf845d2c0b - - default default] 10.0.0.96 "DELETE /v2.0/security-groups/90e4a869-1102-4b60-853f-c926f4b5ff16 HTTP/1.1" status: 204 len: 168 time: 0.2171018
2026-05-11 02:04:52.761 10 INFO neutron.db.segments_db [None req-026c50db-ae4f-4174-a6ac-07161407b58a f9da507c62aa45fba6d27e3680b24c6e d4ac6459a18e47a4a5cd0126754c42cb - - default default] Added segment 36d1cf27-11b6-4f86-85b3-dae11cd09dfd of type geneve for network 03b051d6-b262-4585-9003-cfd7256ac9b6
