2026-05-11 02:02:37.485 9 ERROR ovsdbapp.backend.ovs_idl.transaction [None req-028b3a5d-7533-44b6-a0c0-81f0a348cba7 f6a1eab280bb4675a19f2737111a8190 2a02514e1226463db8226cdf845d2c0b - - default default]
Traceback (most recent call last): File "/var/lib/openstack/lib/python3.10/site-packages/ovsdbapp/backend/ovs_idl/connection.py", line 118, in run txn.results.put(txn.do_commit())
File "/var/lib/openstack/lib/python3.10/site-packages/ovsdbapp/backend/ovs_idl/transaction.py", line 92, in do_commit command.run_idl(txn)
File "/var/lib/openstack/lib/python3.10/site-packages/neutron/plugins/ml2/drivers/ovn/mech_driver/ovsdb/commands.py", line 825, in run_idl raise ovn_exc.RevisionConflict( neutron.common.ovn.exceptions.RevisionConflict: OVN revision number for cacaada9-4293-49a4-a3b0-c86525e4e619 (type: ports) is higher than the given resource. Skipping update 
2026-05-11 02:02:37.485 9 INFO neutron.plugins.ml2.drivers.ovn.mech_driver.ovsdb.impl_idl_ovn [None req-028b3a5d-7533-44b6-a0c0-81f0a348cba7 f6a1eab280bb4675a19f2737111a8190 2a02514e1226463db8226cdf845d2c0b - - default default] Transaction aborted. Reason: OVN revision number for cacaada9-4293-49a4-a3b0-c86525e4e619 (type: ports) is higher than the given resource. Skipping update
2026-05-11 02:02:37.544 9 INFO neutron.db.ovn_revision_numbers_db [None req-163172f5-ffdf-4f68-b1de-00db8de554cf f6a1eab280bb4675a19f2737111a8190 2a02514e1226463db8226cdf845d2c0b - - default default] Successfully bumped revision number for resource f6987bf2-927b-49de-a5b7-1a05cc39435d (type: ports) to 2
2026-05-11 02:02:37.629 10 INFO neutron.db.ovn_revision_numbers_db [None req-bf330d73-d748-4cf8-baff-df318e4b0fae - - - - - -] Successfully bumped revision number for resource cacaada9-4293-49a4-a3b0-c86525e4e619 (type: router_ports) to 2
2026-05-11 02:02:37.667 9 WARNING neutron.scheduler.dhcp_agent_scheduler [None req-028b3a5d-7533-44b6-a0c0-81f0a348cba7 f6a1eab280bb4675a19f2737111a8190 2a02514e1226463db8226cdf845d2c0b - - default default] No more DHCP agents
2026-05-11 02:02:37.669 9 WARNING neutron.api.rpc.agentnotifiers.dhcp_rpc_agent_api [None req-028b3a5d-7533-44b6-a0c0-81f0a348cba7 f6a1eab280bb4675a19f2737111a8190 2a02514e1226463db8226cdf845d2c0b - - default default] Unable to schedule network 8811e7d7-e98f-4dd2-88e7-6cd2dc78a8e5: no agents available; will retry on subsequent port and subnet creation events.
2026-05-11 02:02:37.784 9 INFO neutron.db.ovn_revision_numbers_db [None req-d7fd741a-a85c-4092-858e-c1902e487ad4 - - - - - -] Successfully bumped revision number for resource 8a31e401-8ccd-4a24-abe2-b6987818ac47 (type: router_ports) to 2
2026-05-11 02:02:37.787 9 INFO neutron.db.ovn_revision_numbers_db [None req-163172f5-ffdf-4f68-b1de-00db8de554cf f6a1eab280bb4675a19f2737111a8190 2a02514e1226463db8226cdf845d2c0b - - default default] Successfully bumped revision number for resource 69217890-1eca-4fa5-8e81-fbf5ce24d37d (type: subnets) to 0
2026-05-11 02:02:37.846 9 INFO neutron.wsgi [None req-163172f5-ffdf-4f68-b1de-00db8de554cf f6a1eab280bb4675a19f2737111a8190 2a02514e1226463db8226cdf845d2c0b - - default default] 10.0.0.96 "POST /v2.0/subnets HTTP/1.1" status: 201 len: 871 time: 2.1483235
2026-05-11 02:02:38.245 10 WARNING neutron.scheduler.dhcp_agent_scheduler [None req-003c5e29-cb4d-454a-b985-855429d0edef f6a1eab280bb4675a19f2737111a8190 2a02514e1226463db8226cdf845d2c0b - - default default] No more DHCP agents
2026-05-11 02:02:38.247 10 WARNING neutron.api.rpc.agentnotifiers.dhcp_rpc_agent_api [None req-003c5e29-cb4d-454a-b985-855429d0edef f6a1eab280bb4675a19f2737111a8190 2a02514e1226463db8226cdf845d2c0b - - default default] Unable to schedule network ff242978-c630-477a-8591-8f3e9d7d41ce: no agents available; will retry on subsequent port and subnet creation events.
2026-05-11 02:02:38.308 10 INFO neutron.wsgi [-] 10.0.0.133 "GET / HTTP/1.1" status: 200 len: 246 time: 0.0012307
2026-05-11 02:02:38.310 10 INFO neutron.wsgi [-] 10.0.0.133 "GET / HTTP/1.1" status: 200 len: 246 time: 0.0010638
2026-05-11 02:02:38.362 9 INFO neutron.db.ovn_revision_numbers_db [None req-a60a27e8-9839-4f81-b2f5-fbf0bb2a0d5d f6a1eab280bb4675a19f2737111a8190 2a02514e1226463db8226cdf845d2c0b - - default default] Successfully bumped revision number for resource 8a31e401-8ccd-4a24-abe2-b6987818ac47 (type: router_ports) to 2
2026-05-11 02:02:38.365 9 INFO neutron.wsgi [None req-a60a27e8-9839-4f81-b2f5-fbf0bb2a0d5d f6a1eab280bb4675a19f2737111a8190 2a02514e1226463db8226cdf845d2c0b - - default default] 10.0.0.96 "PUT /v2.0/routers/d074fe9c-5a49-4d6c-92f6-57da7f5fecbb/add_router_interface HTTP/1.1" status: 200 len: 503 time: 3.9944861
2026-05-11 02:02:38.388 10 INFO neutron.db.ovn_revision_numbers_db [None req-003c5e29-cb4d-454a-b985-855429d0edef f6a1eab280bb4675a19f2737111a8190 2a02514e1226463db8226cdf845d2c0b - - default default] Successfully bumped revision number for resource 21f48c69-1a80-4d08-8ca3-b382cbe4924d (type: ports) to 1
2026-05-11 02:02:38.536 9 INFO neutron.db.ovn_revision_numbers_db [None req-028b3a5d-7533-44b6-a0c0-81f0a348cba7 f6a1eab280bb4675a19f2737111a8190 2a02514e1226463db8226cdf845d2c0b - - default default] Successfully bumped revision number for resource cacaada9-4293-49a4-a3b0-c86525e4e619 (type: router_ports) to 2
2026-05-11 02:02:38.539 9 INFO neutron.wsgi [None req-028b3a5d-7533-44b6-a0c0-81f0a348cba7 f6a1eab280bb4675a19f2737111a8190 2a02514e1226463db8226cdf845d2c0b - - default default] 10.0.0.96 "PUT /v2.0/routers/256d4ec5-c1ed-4934-8a0b-3a70d315e0eb/add_router_interface HTTP/1.1" status: 200 len: 503 time: 3.8680050
2026-05-11 02:02:38.993 10 INFO neutron.plugins.ml2.drivers.ovn.mech_driver.ovsdb.ovsdb_monitor [None req-3df83f73-3d3a-4783-b230-fbb2e8d618f1 - - - - - -] Router d2dc67ad-c855-4bbf-b449-e564dea0f461 is bound to host instance
2026-05-11 02:02:39.018 10 INFO neutron.db.ovn_revision_numbers_db [None req-003c5e29-cb4d-454a-b985-855429d0edef f6a1eab280bb4675a19f2737111a8190 2a02514e1226463db8226cdf845d2c0b - - default default] Successfully bumped revision number for resource 21f48c69-1a80-4d08-8ca3-b382cbe4924d (type: router_ports) to 1
2026-05-11 02:02:39.107 10 INFO neutron.db.ovn_revision_numbers_db [None req-003c5e29-cb4d-454a-b985-855429d0edef f6a1eab280bb4675a19f2737111a8190 2a02514e1226463db8226cdf845d2c0b - - default default] Successfully bumped revision number for resource d2dc67ad-c855-4bbf-b449-e564dea0f461 (type: routers) to 2
2026-05-11 02:02:39.134 10 INFO neutron.wsgi [None req-003c5e29-cb4d-454a-b985-855429d0edef f6a1eab280bb4675a19f2737111a8190 2a02514e1226463db8226cdf845d2c0b - - default default] 10.0.0.96 "POST /v2.0/routers HTTP/1.1" status: 201 len: 882 time: 1.2824342
2026-05-11 02:02:39.144 9 INFO neutron.db.ovn_revision_numbers_db [None req-00cbe708-4eb9-4f56-8817-42da4ccc83e2 b3b6fba760ce4c7dbcf7218662750ee7 72b6dc0253aa47c9b8fb8e81b39c7fe0 - - default default] Successfully bumped revision number for resource 09857a84-8ee5-4ae5-a1ed-7b03dc5a954d (type: security_groups) to 1
2026-05-11 02:02:39.183 9 INFO neutron.db.ovn_revision_numbers_db [None req-00cbe708-4eb9-4f56-8817-42da4ccc83e2 b3b6fba760ce4c7dbcf7218662750ee7 72b6dc0253aa47c9b8fb8e81b39c7fe0 - - default default] Successfully bumped revision number for resource 1d5970f4-40c7-41dc-9135-7179a73725fb (type: security_group_rules) to 0
2026-05-11 02:02:39.198 9 INFO neutron.db.ovn_revision_numbers_db [None req-00cbe708-4eb9-4f56-8817-42da4ccc83e2 b3b6fba760ce4c7dbcf7218662750ee7 72b6dc0253aa47c9b8fb8e81b39c7fe0 - - default default] Successfully bumped revision number for resource 40aee6c8-a134-4db7-aad9-4f311fe25897 (type: security_group_rules) to 0
2026-05-11 02:02:39.222 9 INFO neutron.wsgi [None req-00cbe708-4eb9-4f56-8817-42da4ccc83e2 b3b6fba760ce4c7dbcf7218662750ee7 72b6dc0253aa47c9b8fb8e81b39c7fe0 - - default default] 10.0.0.96 "POST /v2.0/security-groups HTTP/1.1" status: 201 len: 1793 time: 0.1804454
2026-05-11 02:02:39.368 9 INFO neutron.db.ovn_revision_numbers_db [None req-b6c01ffa-ec5f-4c64-8e4e-55eab0d3a59d b3b6fba760ce4c7dbcf7218662750ee7 72b6dc0253aa47c9b8fb8e81b39c7fe0 - - default default] Successfully bumped revision number for resource 9bb52482-4228-42f3-9f41-f9e5a6122ae8 (type: security_group_rules) to 0
2026-05-11 02:02:39.394 9 INFO neutron.wsgi [None req-b6c01ffa-ec5f-4c64-8e4e-55eab0d3a59d b3b6fba760ce4c7dbcf7218662750ee7 72b6dc0253aa47c9b8fb8e81b39c7fe0 - - default default] 10.0.0.96 "POST /v2.0/security-group-rules HTTP/1.1" status: 201 len: 764 time: 0.1666327
2026-05-11 02:02:39.530 9 INFO neutron.db.ovn_revision_numbers_db [None req-e6c43685-9228-41a0-b699-cbfd6e83216c b3b6fba760ce4c7dbcf7218662750ee7 72b6dc0253aa47c9b8fb8e81b39c7fe0 - - default default] Successfully bumped revision number for resource d1aa7cd7-bf78-4009-89a8-1b0d5f0f2294 (type: security_group_rules) to 0
2026-05-11 02:02:39.561 9 INFO neutron.wsgi [None req-e6c43685-9228-41a0-b699-cbfd6e83216c b3b6fba760ce4c7dbcf7218662750ee7 72b6dc0253aa47c9b8fb8e81b39c7fe0 - - default default] 10.0.0.96 "POST /v2.0/security-group-rules HTTP/1.1" status: 201 len: 769 time: 0.1625009
2026-05-11 02:02:39.620 10 INFO neutron.db.ovn_revision_numbers_db [None req-3df83f73-3d3a-4783-b230-fbb2e8d618f1 - - - - - -] Successfully bumped revision number for resource 21f48c69-1a80-4d08-8ca3-b382cbe4924d (type: ports) to 1
2026-05-11 02:02:39.673 10 WARNING neutron.scheduler.dhcp_agent_scheduler [None req-d9ec07fd-a2ab-426b-896f-d2dac55c0f70 f6a1eab280bb4675a19f2737111a8190 2a02514e1226463db8226cdf845d2c0b - - default default] No more DHCP agents
2026-05-11 02:02:39.678 10 WARNING neutron.api.rpc.agentnotifiers.dhcp_rpc_agent_api [None req-d9ec07fd-a2ab-426b-896f-d2dac55c0f70 f6a1eab280bb4675a19f2737111a8190 2a02514e1226463db8226cdf845d2c0b - - default default] Unable to schedule network 42485073-2f32-453d-be84-9f90c5547eb6: no agents available; will retry on subsequent port and subnet creation events.
2026-05-11 02:02:39.908 9 INFO neutron.db.ovn_revision_numbers_db [req-fa963d28-6914-453b-9099-0c4f3f149e56 req-c172e22e-277c-4bff-81ba-1273bae6070f 2ea9dce9e85a4518adeba1957daef8b6 b3674980a0764b7294f21588c1cf3fc9 - - default default] Successfully bumped revision number for resource 062a9da7-bcc2-410a-bcdc-a43a7d67515b (type: security_groups) to 1
2026-05-11 02:02:39.932 9 INFO neutron.db.ovn_revision_numbers_db [req-fa963d28-6914-453b-9099-0c4f3f149e56 req-c172e22e-277c-4bff-81ba-1273bae6070f 2ea9dce9e85a4518adeba1957daef8b6 b3674980a0764b7294f21588c1cf3fc9 - - default default] Successfully bumped revision number for resource 1034e255-3340-4a88-aab3-43969ff084e1 (type: security_group_rules) to 0
2026-05-11 02:02:39.954 9 INFO neutron.db.ovn_revision_numbers_db [req-fa963d28-6914-453b-9099-0c4f3f149e56 req-c172e22e-277c-4bff-81ba-1273bae6070f 2ea9dce9e85a4518adeba1957daef8b6 b3674980a0764b7294f21588c1cf3fc9 - - default default] Successfully bumped revision number for resource 3c91145e-03f7-4d8b-b081-55dbfafef331 (type: security_group_rules) to 0
2026-05-11 02:02:39.972 10 INFO neutron.db.ovn_revision_numbers_db [None req-d9ec07fd-a2ab-426b-896f-d2dac55c0f70 f6a1eab280bb4675a19f2737111a8190 2a02514e1226463db8226cdf845d2c0b - - default default] Successfully bumped revision number for resource 6eaafecf-f51a-4de2-8938-dec03825f7b9 (type: ports) to 1
2026-05-11 02:02:39.986 9 INFO neutron.wsgi [req-fa963d28-6914-453b-9099-0c4f3f149e56 req-c172e22e-277c-4bff-81ba-1273bae6070f 2ea9dce9e85a4518adeba1957daef8b6 b3674980a0764b7294f21588c1cf3fc9 - - default default] 10.0.0.15 "POST /v2.0/security-groups HTTP/1.1" status: 201 len: 1820 time: 0.5137138
2026-05-11 02:02:40.052 9 WARNING neutron.scheduler.dhcp_agent_scheduler [None req-36bb95d3-cd4d-4f68-92e7-b57a747aaeb6 b3b6fba760ce4c7dbcf7218662750ee7 72b6dc0253aa47c9b8fb8e81b39c7fe0 - - default default] No more DHCP agents
2026-05-11 02:02:40.056 9 WARNING neutron.api.rpc.agentnotifiers.dhcp_rpc_agent_api [None req-36bb95d3-cd4d-4f68-92e7-b57a747aaeb6 b3b6fba760ce4c7dbcf7218662750ee7 72b6dc0253aa47c9b8fb8e81b39c7fe0 - - default default] Unable to schedule network ff242978-c630-477a-8591-8f3e9d7d41ce: no agents available; will retry on subsequent port and subnet creation events.
2026-05-11 02:02:40.079 10 INFO neutron.db.ovn_revision_numbers_db [None req-3df83f73-3d3a-4783-b230-fbb2e8d618f1 - - - - - -] Successfully bumped revision number for resource 21f48c69-1a80-4d08-8ca3-b382cbe4924d (type: router_ports) to 3
2026-05-11 02:02:40.155 9 INFO neutron.db.ovn_revision_numbers_db [None req-dfea4b0a-c18a-4073-aaaf-63cc71bca87c f6a1eab280bb4675a19f2737111a8190 2a02514e1226463db8226cdf845d2c0b - - default default] Successfully bumped revision number for resource 51e38c60-0b07-46f8-a910-53ce508b9e70 (type: security_groups) to 1
2026-05-11 02:02:40.177 9 INFO neutron.db.ovn_revision_numbers_db [None req-dfea4b0a-c18a-4073-aaaf-63cc71bca87c f6a1eab280bb4675a19f2737111a8190 2a02514e1226463db8226cdf845d2c0b - - default default] Successfully bumped revision number for resource 9a8c8117-6993-4202-964a-8374ef987182 (type: security_group_rules) to 0
2026-05-11 02:02:40.197 9 INFO neutron.db.ovn_revision_numbers_db [None req-dfea4b0a-c18a-4073-aaaf-63cc71bca87c f6a1eab280bb4675a19f2737111a8190 2a02514e1226463db8226cdf845d2c0b - - default default] Successfully bumped revision number for resource bdcb53e0-38ad-4275-a5cb-56c6bc3b7d65 (type: security_group_rules) to 0
2026-05-11 02:02:40.217 9 INFO neutron.db.ovn_revision_numbers_db [None req-dfea4b0a-c18a-4073-aaaf-63cc71bca87c f6a1eab280bb4675a19f2737111a8190 2a02514e1226463db8226cdf845d2c0b - - default default] Successfully bumped revision number for resource c3e72b38-d215-4845-bac8-051ba988fad8 (type: security_group_rules) to 0
2026-05-11 02:02:40.243 9 INFO neutron.db.ovn_revision_numbers_db [None req-dfea4b0a-c18a-4073-aaaf-63cc71bca87c f6a1eab280bb4675a19f2737111a8190 2a02514e1226463db8226cdf845d2c0b - - default default] Successfully bumped revision number for resource efa7c75b-ea56-4879-bd89-3d091ed52ba5 (type: security_group_rules) to 0
2026-05-11 02:02:40.247 10 INFO neutron.db.ovn_revision_numbers_db [None req-3df83f73-3d3a-4783-b230-fbb2e8d618f1 - - - - - -] Successfully bumped revision number for resource 21f48c69-1a80-4d08-8ca3-b382cbe4924d (type: ports) to 2
2026-05-11 02:02:40.270 9 INFO neutron.wsgi [None req-dfea4b0a-c18a-4073-aaaf-63cc71bca87c f6a1eab280bb4675a19f2737111a8190 2a02514e1226463db8226cdf845d2c0b - - default default] 10.0.0.96 "GET /v2.0/security-groups?tenant_id=65b0b93ffcd843d0852ebdc2f3bf8af2&name=default HTTP/1.1" status: 200 len: 2996 time: 0.4051898
2026-05-11 02:02:40.490 9 INFO neutron.db.ovn_revision_numbers_db [None req-36bb95d3-cd4d-4f68-92e7-b57a747aaeb6 b3b6fba760ce4c7dbcf7218662750ee7 72b6dc0253aa47c9b8fb8e81b39c7fe0 - - default default] Successfully bumped revision number for resource 2cf53321-f227-43ba-bc3b-14bcd714bcc6 (type: floatingips) to 0
2026-05-11 02:02:40.503 9 INFO neutron.wsgi [None req-36bb95d3-cd4d-4f68-92e7-b57a747aaeb6 b3b6fba760ce4c7dbcf7218662750ee7 72b6dc0253aa47c9b8fb8e81b39c7fe0 - - default default] 10.0.0.96 "POST /v2.0/floatingips HTTP/1.1" status: 201 len: 751 time: 0.9363246
2026-05-11 02:02:40.630 9 INFO neutron.wsgi [None req-a67abbbe-30d1-40a2-835d-e195f169965d f6a1eab280bb4675a19f2737111a8190 2a02514e1226463db8226cdf845d2c0b - - default default] 10.0.0.96 "DELETE /v2.0/security-groups/51e38c60-0b07-46f8-a910-53ce508b9e70 HTTP/1.1" status: 204 len: 168 time: 0.3539360
2026-05-11 02:02:40.632 10 INFO neutron.db.ovn_revision_numbers_db [req-454ca8d1-b20c-488e-8353-fadd7177e461 req-f8676738-7a04-4d6d-a451-555ecd71d79f 2ea9dce9e85a4518adeba1957daef8b6 b3674980a0764b7294f21588c1cf3fc9 - - default default] Successfully bumped revision number for resource f13d3545-5742-4222-8e12-a25fd3526137 (type: security_groups) to 1
2026-05-11 02:02:40.663 10 INFO neutron.db.ovn_revision_numbers_db [req-454ca8d1-b20c-488e-8353-fadd7177e461 req-f8676738-7a04-4d6d-a451-555ecd71d79f 2ea9dce9e85a4518adeba1957daef8b6 b3674980a0764b7294f21588c1cf3fc9 - - default default] Successfully bumped revision number for resource d37dd115-a43e-4594-a563-171df12ee20d (type: security_group_rules) to 0
2026-05-11 02:02:40.692 10 INFO neutron.db.ovn_revision_numbers_db [req-454ca8d1-b20c-488e-8353-fadd7177e461 req-f8676738-7a04-4d6d-a451-555ecd71d79f 2ea9dce9e85a4518adeba1957daef8b6 b3674980a0764b7294f21588c1cf3fc9 - - default default] Successfully bumped revision number for resource fc1984b0-7188-4f06-828b-3dd19a900a5b (type: security_group_rules) to 0
2026-05-11 02:02:40.731 10 INFO neutron.wsgi [req-454ca8d1-b20c-488e-8353-fadd7177e461 req-f8676738-7a04-4d6d-a451-555ecd71d79f 2ea9dce9e85a4518adeba1957daef8b6 b3674980a0764b7294f21588c1cf3fc9 - - default default] 10.0.0.15 "POST /v2.0/security-groups HTTP/1.1" status: 201 len: 1822 time: 0.3494675
2026-05-11 02:02:40.741 10 INFO neutron.db.ovn_revision_numbers_db [None req-3df83f73-3d3a-4783-b230-fbb2e8d618f1 - - - - - -] Successfully bumped revision number for resource 21f48c69-1a80-4d08-8ca3-b382cbe4924d (type: ports) to 4
2026-05-11 02:02:40.775 10 INFO neutron.db.ovn_revision_numbers_db [None req-d9ec07fd-a2ab-426b-896f-d2dac55c0f70 f6a1eab280bb4675a19f2737111a8190 2a02514e1226463db8226cdf845d2c0b - - default default] Successfully bumped revision number for resource 6eaafecf-f51a-4de2-8938-dec03825f7b9 (type: router_ports) to 1
2026-05-11 02:02:40.858 9 INFO neutron.db.ovn_revision_numbers_db [None req-36b8020d-6d4b-4786-b88f-8dc356e597ab f6a1eab280bb4675a19f2737111a8190 2a02514e1226463db8226cdf845d2c0b - - default default] Successfully bumped revision number for resource 63558ba4-89a2-4012-bb31-5dfcb98a15b2 (type: security_groups) to 1
2026-05-11 02:02:40.885 9 INFO neutron.db.ovn_revision_numbers_db [None req-36b8020d-6d4b-4786-b88f-8dc356e597ab f6a1eab280bb4675a19f2737111a8190 2a02514e1226463db8226cdf845d2c0b - - default default] Successfully bumped revision number for resource 1ee7cfb8-3444-4cde-84fd-ff197589475f (type: security_group_rules) to 0
2026-05-11 02:02:40.887 9 INFO neutron.db.ovn_revision_numbers_db [req-e14cea58-46e1-4bd3-a7a0-7b5551d21924 req-edeb7cf0-1356-4512-a7e9-21c1ad3e65a0 2ea9dce9e85a4518adeba1957daef8b6 b3674980a0764b7294f21588c1cf3fc9 - - default default] Successfully bumped revision number for resource 5ce69fd3-f24a-4bf9-9fd8-741b6e1613ea (type: security_groups) to 1
2026-05-11 02:02:40.899 9 INFO neutron.db.ovn_revision_numbers_db [None req-36b8020d-6d4b-4786-b88f-8dc356e597ab f6a1eab280bb4675a19f2737111a8190 2a02514e1226463db8226cdf845d2c0b - - default default] Successfully bumped revision number for resource 560ec884-e04a-4e78-80ef-10b619838ef9 (type: security_group_rules) to 0
2026-05-11 02:02:40.916 9 INFO neutron.db.ovn_revision_numbers_db [req-e14cea58-46e1-4bd3-a7a0-7b5551d21924 req-edeb7cf0-1356-4512-a7e9-21c1ad3e65a0 2ea9dce9e85a4518adeba1957daef8b6 b3674980a0764b7294f21588c1cf3fc9 - - default default] Successfully bumped revision number for resource 24cbfd04-8833-4060-9721-416325fc1369 (type: security_group_rules) to 0
2026-05-11 02:02:40.917 9 INFO neutron.db.ovn_revision_numbers_db [None req-36b8020d-6d4b-4786-b88f-8dc356e597ab f6a1eab280bb4675a19f2737111a8190 2a02514e1226463db8226cdf845d2c0b - - default default] Successfully bumped revision number for resource ab02ee9e-77ea-4d94-92c4-f9931d108ccc (type: security_group_rules) to 0
2026-05-11 02:02:40.933 9 INFO neutron.db.ovn_revision_numbers_db [None req-36b8020d-6d4b-4786-b88f-8dc356e597ab f6a1eab280bb4675a19f2737111a8190 2a02514e1226463db8226cdf845d2c0b - - default default] Successfully bumped revision number for resource b12f6a3c-00ca-4732-a84a-e1d22e6ff49b (type: security_group_rules) to 0
2026-05-11 02:02:40.941 9 INFO neutron.db.ovn_revision_numbers_db [req-e14cea58-46e1-4bd3-a7a0-7b5551d21924 req-edeb7cf0-1356-4512-a7e9-21c1ad3e65a0 2ea9dce9e85a4518adeba1957daef8b6 b3674980a0764b7294f21588c1cf3fc9 - - default default] Successfully bumped revision number for resource 32933b8e-7a6d-409e-a1c3-ae391b3c861a (type: security_group_rules) to 0
2026-05-11 02:02:40.965 9 INFO neutron.wsgi [req-e14cea58-46e1-4bd3-a7a0-7b5551d21924 req-edeb7cf0-1356-4512-a7e9-21c1ad3e65a0 2ea9dce9e85a4518adeba1957daef8b6 b3674980a0764b7294f21588c1cf3fc9 - - default default] 10.0.0.15 "POST /v2.0/security-groups HTTP/1.1" status: 201 len: 1823 time: 0.2036648
2026-05-11 02:02:40.969 9 INFO neutron.wsgi [None req-36b8020d-6d4b-4786-b88f-8dc356e597ab f6a1eab280bb4675a19f2737111a8190 2a02514e1226463db8226cdf845d2c0b - - default default] 10.0.0.96 "GET /v2.0/security-groups?tenant_id=5501935cd33644c08b95c7657a0dd7cb&name=default HTTP/1.1" status: 200 len: 2996 time: 0.2458982
2026-05-11 02:02:41.043 10 INFO neutron.db.ovn_revision_numbers_db [None req-d9ec07fd-a2ab-426b-896f-d2dac55c0f70 f6a1eab280bb4675a19f2737111a8190 2a02514e1226463db8226cdf845d2c0b - - default default] Successfully bumped revision number for resource 6eaafecf-f51a-4de2-8938-dec03825f7b9 (type: ports) to 1
2026-05-11 02:02:41.047 9 INFO neutron.wsgi [req-9247aed4-ce6b-4dc0-9d88-a3e7b4492971 req-d186bc44-d99a-45a2-9a26-73776b2109f4 2ea9dce9e85a4518adeba1957daef8b6 b3674980a0764b7294f21588c1cf3fc9 - - default default] 10.0.0.15 "GET /v2.0/security-groups?tenant_id=b3674980a0764b7294f21588c1cf3fc9 HTTP/1.1" status: 200 len: 7793 time: 0.0559742
2026-05-11 02:02:41.052 10 INFO neutron.wsgi [req-08b828dc-bf8e-434f-a078-7a44d5b34be3 req-945b7743-81ed-4fb8-b3c2-0471d8428afe b3b6fba760ce4c7dbcf7218662750ee7 72b6dc0253aa47c9b8fb8e81b39c7fe0 - - default default] 10.0.0.15 "GET /v2.0/security-groups?name=tempest-securitygroup--1616592913&fields=id&tenant_id=72b6dc0253aa47c9b8fb8e81b39c7fe0 HTTP/1.1" status: 200 len: 267 time: 0.0771234
2026-05-11 02:02:41.092 9 INFO neutron.wsgi [req-9247aed4-ce6b-4dc0-9d88-a3e7b4492971 req-29073493-c517-4596-8a7e-1122c78d7648 2ea9dce9e85a4518adeba1957daef8b6 b3674980a0764b7294f21588c1cf3fc9 - - default default] 10.0.0.15 "GET /v2.0/security-groups/f1fd88a4-d77a-4249-b232-502492e86ad3 HTTP/1.1" status: 200 len: 2994 time: 0.0357165
2026-05-11 02:02:41.137 9 INFO neutron.wsgi [req-9247aed4-ce6b-4dc0-9d88-a3e7b4492971 req-058dc721-1599-4813-98f7-3e222ed066b6 2ea9dce9e85a4518adeba1957daef8b6 b3674980a0764b7294f21588c1cf3fc9 - - default default] 10.0.0.15 "GET /v2.0/security-groups/f1fd88a4-d77a-4249-b232-502492e86ad3 HTTP/1.1" status: 200 len: 2994 time: 0.0379987
2026-05-11 02:02:41.187 10 INFO neutron.wsgi [req-08b828dc-bf8e-434f-a078-7a44d5b34be3 req-a82b21aa-e0f1-4cf1-81f7-05298151f0f0 b3b6fba760ce4c7dbcf7218662750ee7 72b6dc0253aa47c9b8fb8e81b39c7fe0 - - default default] 10.0.0.15 "GET /v2.0/networks?id=88c18178-08c1-4671-834a-c9a5227598d6 HTTP/1.1" status: 200 len: 868 time: 0.1274924
2026-05-11 02:02:41.188 10 WARNING neutron.scheduler.dhcp_agent_scheduler [None req-d9ec07fd-a2ab-426b-896f-d2dac55c0f70 f6a1eab280bb4675a19f2737111a8190 2a02514e1226463db8226cdf845d2c0b - - default default] No more DHCP agents
2026-05-11 02:02:41.189 10 WARNING neutron.api.rpc.agentnotifiers.dhcp_rpc_agent_api [None req-d9ec07fd-a2ab-426b-896f-d2dac55c0f70 f6a1eab280bb4675a19f2737111a8190 2a02514e1226463db8226cdf845d2c0b - - default default] Unable to schedule network 42485073-2f32-453d-be84-9f90c5547eb6: no agents available; will retry on subsequent port and subnet creation events.
2026-05-11 02:02:41.193 9 INFO neutron.wsgi [req-c9f26a52-ec56-4180-aada-45e5337fe734 req-f1fa0ec9-9c62-4ba8-a31c-bfcaa79f708f 2ea9dce9e85a4518adeba1957daef8b6 b3674980a0764b7294f21588c1cf3fc9 - - default default] 10.0.0.15 "GET /v2.0/security-groups/062a9da7-bcc2-410a-bcdc-a43a7d67515b HTTP/1.1" status: 200 len: 1815 time: 0.0345626
2026-05-11 02:02:41.214 10 INFO neutron.wsgi [req-08b828dc-bf8e-434f-a078-7a44d5b34be3 req-e6d96b8f-1eb3-4f00-8d4e-dac10a55b4ba b3b6fba760ce4c7dbcf7218662750ee7 72b6dc0253aa47c9b8fb8e81b39c7fe0 - - default default] 10.0.0.15 "GET /v2.0/quotas/72b6dc0253aa47c9b8fb8e81b39c7fe0 HTTP/1.1" status: 200 len: 386 time: 0.0144989
2026-05-11 02:02:41.237 9 INFO neutron.wsgi [None req-600f2155-9aae-42dc-9afb-5789711e9bd1 f6a1eab280bb4675a19f2737111a8190 2a02514e1226463db8226cdf845d2c0b - - default default] 10.0.0.96 "DELETE /v2.0/security-groups/63558ba4-89a2-4012-bb31-5dfcb98a15b2 HTTP/1.1" status: 204 len: 168 time: 0.2634737
2026-05-11 02:02:41.288 10 INFO neutron.db.ovn_revision_numbers_db [None req-3df83f73-3d3a-4783-b230-fbb2e8d618f1 - - - - - -] Successfully bumped revision number for resource 21f48c69-1a80-4d08-8ca3-b382cbe4924d (type: router_ports) to 4
2026-05-11 02:02:41.313 9 INFO neutron.wsgi [req-c9f26a52-ec56-4180-aada-45e5337fe734 req-da888c7f-a1ba-497b-9f2c-de70ceeeeda6 2ea9dce9e85a4518adeba1957daef8b6 b3674980a0764b7294f21588c1cf3fc9 - - default default] 10.0.0.15 "DELETE /v2.0/security-groups/062a9da7-bcc2-410a-bcdc-a43a7d67515b HTTP/1.1" status: 204 len: 173 time: 0.1133804
2026-05-11 02:02:41.344 9 INFO neutron.api.v2.resource [req-206e9d33-2003-4311-8de1-ee9635d3271b req-50c00c73-1033-4c50-aa8c-512785ba8a0b 2ea9dce9e85a4518adeba1957daef8b6 b3674980a0764b7294f21588c1cf3fc9 - - default default] show failed (client error): The resource could not be found.
2026-05-11 02:02:41.345 9 INFO neutron.wsgi [req-206e9d33-2003-4311-8de1-ee9635d3271b req-50c00c73-1033-4c50-aa8c-512785ba8a0b 2ea9dce9e85a4518adeba1957daef8b6 b3674980a0764b7294f21588c1cf3fc9 - - default default] 10.0.0.15 "GET /v2.0/security-groups/062a9da7-bcc2-410a-bcdc-a43a7d67515b HTTP/1.1" status: 404 len: 352 time: 0.0136914
2026-05-11 02:02:41.380 10 INFO neutron.wsgi [req-08b828dc-bf8e-434f-a078-7a44d5b34be3 req-f7db8062-63e4-4d48-b7fa-0a21bad8cca9 b3b6fba760ce4c7dbcf7218662750ee7 72b6dc0253aa47c9b8fb8e81b39c7fe0 - - default default] 10.0.0.15 "GET /v2.0/ports?tenant_id=72b6dc0253aa47c9b8fb8e81b39c7fe0&fields=id HTTP/1.1" status: 200 len: 302 time: 0.1562552
2026-05-11 02:02:41.425 9 INFO neutron.wsgi [req-91b89b80-5eb2-4326-a7e6-8bc1405d326f req-f8f7eeac-dad1-401f-86ad-ca50b2f914c4 2ea9dce9e85a4518adeba1957daef8b6 b3674980a0764b7294f21588c1cf3fc9 - - default default] 10.0.0.15 "GET /v2.0/security-groups/f13d3545-5742-4222-8e12-a25fd3526137 HTTP/1.1" status: 200 len: 1817 time: 0.0468309
2026-05-11 02:02:41.567 9 INFO neutron.wsgi [req-91b89b80-5eb2-4326-a7e6-8bc1405d326f req-cef958ee-25a2-4e94-b704-a3d4636cf44c 2ea9dce9e85a4518adeba1957daef8b6 b3674980a0764b7294f21588c1cf3fc9 - - default default] 10.0.0.15 "DELETE /v2.0/security-groups/f13d3545-5742-4222-8e12-a25fd3526137 HTTP/1.1" status: 204 len: 173 time: 0.1378741
2026-05-11 02:02:41.596 9 INFO neutron.api.v2.resource [req-b04052de-2a44-4b37-8425-d7393d0f8784 req-5e3e8f73-90eb-4cdb-9f90-01b9d7899b39 2ea9dce9e85a4518adeba1957daef8b6 b3674980a0764b7294f21588c1cf3fc9 - - default default] show failed (client error): The resource could not be found.
2026-05-11 02:02:41.597 9 INFO neutron.wsgi [req-b04052de-2a44-4b37-8425-d7393d0f8784 req-5e3e8f73-90eb-4cdb-9f90-01b9d7899b39 2ea9dce9e85a4518adeba1957daef8b6 b3674980a0764b7294f21588c1cf3fc9 - - default default] 10.0.0.15 "GET /v2.0/security-groups/f13d3545-5742-4222-8e12-a25fd3526137 HTTP/1.1" status: 404 len: 352 time: 0.0140643
2026-05-11 02:02:41.650 9 INFO neutron.wsgi [req-72f9ab54-7c32-424e-8fb4-c3dde0a8df74 req-33d1e60b-89e4-48bf-8a87-efbaac842160 2ea9dce9e85a4518adeba1957daef8b6 b3674980a0764b7294f21588c1cf3fc9 - - default default] 10.0.0.15 "GET /v2.0/security-groups/5ce69fd3-f24a-4bf9-9fd8-741b6e1613ea HTTP/1.1" status: 200 len: 1818 time: 0.0358229
2026-05-11 02:02:41.774 9 INFO neutron.wsgi [req-72f9ab54-7c32-424e-8fb4-c3dde0a8df74 req-628b5b5c-e951-4a69-899a-285de9383028 2ea9dce9e85a4518adeba1957daef8b6 b3674980a0764b7294f21588c1cf3fc9 - - default default] 10.0.0.15 "DELETE /v2.0/security-groups/5ce69fd3-f24a-4bf9-9fd8-741b6e1613ea HTTP/1.1" status: 204 len: 173 time: 0.1166005
2026-05-11 02:02:41.815 9 INFO neutron.api.v2.resource [req-78d7058d-b7a8-4655-91b1-b70ff0667ad7 req-bb83bb15-13bc-4895-96c9-abb8437fd37c 2ea9dce9e85a4518adeba1957daef8b6 b3674980a0764b7294f21588c1cf3fc9 - - default default] show failed (client error): The resource could not be found.
2026-05-11 02:02:41.817 9 INFO neutron.wsgi [req-78d7058d-b7a8-4655-91b1-b70ff0667ad7 req-bb83bb15-13bc-4895-96c9-abb8437fd37c 2ea9dce9e85a4518adeba1957daef8b6 b3674980a0764b7294f21588c1cf3fc9 - - default default] 10.0.0.15 "GET /v2.0/security-groups/5ce69fd3-f24a-4bf9-9fd8-741b6e1613ea HTTP/1.1" status: 404 len: 352 time: 0.0186064
2026-05-11 02:02:41.898 9 INFO neutron.wsgi [req-ff41ac7d-f2b5-4064-954d-4a6b77d854f7 req-66f56ce8-a271-4e8c-a14f-e6f4de1f3d2a 2ea9dce9e85a4518adeba1957daef8b6 b3674980a0764b7294f21588c1cf3fc9 - - default default] 10.0.0.15 "GET /v2.0/security-groups?tenant_id=b3674980a0764b7294f21588c1cf3fc9 HTTP/1.1" status: 200 len: 2997 time: 0.0555284
2026-05-11 02:02:41.941 9 INFO neutron.wsgi [req-ff41ac7d-f2b5-4064-954d-4a6b77d854f7 req-064a60f2-5060-4f35-b1bc-dcd79098f784 2ea9dce9e85a4518adeba1957daef8b6 b3674980a0764b7294f21588c1cf3fc9 - - default default] 10.0.0.15 "GET /v2.0/security-groups/f1fd88a4-d77a-4249-b232-502492e86ad3 HTTP/1.1" status: 200 len: 2994 time: 0.0325098
2026-05-11 02:02:41.955 10 INFO neutron.wsgi [req-08b828dc-bf8e-434f-a078-7a44d5b34be3 req-ffa9f283-8887-4daa-87cd-76c844069bee 55f991a7fc184b8aa8a45640e88358c5 e372edc487564543ba6003396eb8f5e9 - - 001184f3b1ca4d748842f4ce7543235f 001184f3b1ca4d748842f4ce7543235f] 10.0.0.15 "GET /v2.0/extensions HTTP/1.1" status: 200 len: 16525 time: 0.1241183
2026-05-11 02:02:41.982 9 INFO neutron.wsgi [req-ff41ac7d-f2b5-4064-954d-4a6b77d854f7 req-ea064d77-bb54-4749-ab6a-c8f6994068a0 2ea9dce9e85a4518adeba1957daef8b6 b3674980a0764b7294f21588c1cf3fc9 - - default default] 10.0.0.15 "GET /v2.0/security-groups/f1fd88a4-d77a-4249-b232-502492e86ad3 HTTP/1.1" status: 200 len: 2994 time: 0.0339441
2026-05-11 02:02:42.026 9 INFO neutron.api.v2.resource [req-59646b60-a253-4aa4-8c3f-dbfa2f4468df req-dbb4b7bf-5b8d-4f95-bdba-3cb882e51cf9 2ea9dce9e85a4518adeba1957daef8b6 b3674980a0764b7294f21588c1cf3fc9 - - default default] show failed (client error): The resource could not be found.
2026-05-11 02:02:42.028 10 INFO neutron.wsgi [req-08b828dc-bf8e-434f-a078-7a44d5b34be3 req-fd03841f-9734-4734-9ee7-3b69da6da2ed 55f991a7fc184b8aa8a45640e88358c5 e372edc487564543ba6003396eb8f5e9 - - 001184f3b1ca4d748842f4ce7543235f 001184f3b1ca4d748842f4ce7543235f] 10.0.0.15 "GET /v2.0/networks/88c18178-08c1-4671-834a-c9a5227598d6?fields=segments HTTP/1.1" status: 200 len: 212 time: 0.0651584
2026-05-11 02:02:42.029 9 INFO neutron.wsgi [req-59646b60-a253-4aa4-8c3f-dbfa2f4468df req-dbb4b7bf-5b8d-4f95-bdba-3cb882e51cf9 2ea9dce9e85a4518adeba1957daef8b6 b3674980a0764b7294f21588c1cf3fc9 - - default default] 10.0.0.15 "GET /v2.0/security-groups/5ce69fd3-f24a-4bf9-9fd8-741b6e1613ea HTTP/1.1" status: 404 len: 352 time: 0.0181906
2026-05-11 02:02:42.067 9 INFO neutron.api.v2.resource [req-3b6ee358-0d65-470b-80cb-051e92316d24 req-ea384293-ca15-4d65-b690-92b72936dc1a 2ea9dce9e85a4518adeba1957daef8b6 b3674980a0764b7294f21588c1cf3fc9 - - default default] show failed (client error): The resource could not be found.
2026-05-11 02:02:42.069 9 INFO neutron.wsgi [req-3b6ee358-0d65-470b-80cb-051e92316d24 req-ea384293-ca15-4d65-b690-92b72936dc1a 2ea9dce9e85a4518adeba1957daef8b6 b3674980a0764b7294f21588c1cf3fc9 - - default default] 10.0.0.15 "GET /v2.0/security-groups/f13d3545-5742-4222-8e12-a25fd3526137 HTTP/1.1" status: 404 len: 352 time: 0.0149822
2026-05-11 02:02:42.100 10 INFO neutron.wsgi [req-08b828dc-bf8e-434f-a078-7a44d5b34be3 req-13f84048-fb67-4152-be4b-795d8da6eda8 55f991a7fc184b8aa8a45640e88358c5 e372edc487564543ba6003396eb8f5e9 - - 001184f3b1ca4d748842f4ce7543235f 001184f3b1ca4d748842f4ce7543235f] 10.0.0.15 "GET /v2.0/networks/88c18178-08c1-4671-834a-c9a5227598d6?fields=provider%3Aphysical_network&fields=provider%3Anetwork_type HTTP/1.1" status: 200 len: 277 time: 0.0618215
2026-05-11 02:02:42.110 9 INFO neutron.api.v2.resource [req-5fb80527-7f3b-4c4b-9a93-642bb27fc219 req-f4cb5a09-b205-46b3-8058-236b008fd832 2ea9dce9e85a4518adeba1957daef8b6 b3674980a0764b7294f21588c1cf3fc9 - - default default] show failed (client error): The resource could not be found.
2026-05-11 02:02:42.112 9 INFO neutron.wsgi [req-5fb80527-7f3b-4c4b-9a93-642bb27fc219 req-f4cb5a09-b205-46b3-8058-236b008fd832 2ea9dce9e85a4518adeba1957daef8b6 b3674980a0764b7294f21588c1cf3fc9 - - default default] 10.0.0.15 "GET /v2.0/security-groups/062a9da7-bcc2-410a-bcdc-a43a7d67515b HTTP/1.1" status: 404 len: 352 time: 0.0139029
2026-05-11 02:02:42.121 10 INFO neutron.db.ovn_revision_numbers_db [None req-d9ec07fd-a2ab-426b-896f-d2dac55c0f70 f6a1eab280bb4675a19f2737111a8190 2a02514e1226463db8226cdf845d2c0b - - default default] Successfully bumped revision number for resource 6eaafecf-f51a-4de2-8938-dec03825f7b9 (type: router_ports) to 1
2026-05-11 02:02:42.124 10 INFO neutron.wsgi [None req-d9ec07fd-a2ab-426b-896f-d2dac55c0f70 f6a1eab280bb4675a19f2737111a8190 2a02514e1226463db8226cdf845d2c0b - - default default] 10.0.0.96 "PUT /v2.0/routers/d2dc67ad-c855-4bbf-b449-e564dea0f461/add_router_interface HTTP/1.1" status: 200 len: 503 time: 2.9850733
2026-05-11 02:02:42.309 9 INFO neutron.wsgi [req-fc611aa8-ebbb-47ea-a7c1-d7962d84c263 req-0c83766e-7e90-46e1-833e-e0c553d33392 b3b6fba760ce4c7dbcf7218662750ee7 72b6dc0253aa47c9b8fb8e81b39c7fe0 - - default default] 10.0.0.15 "GET /v2.0/ports?device_id=64dfdba5-df07-49b2-b372-bae794215418 HTTP/1.1" status: 200 len: 210 time: 0.0285556
2026-05-11 02:02:42.577 10 WARNING neutron.plugins.ml2.drivers.ovn.mech_driver.ovsdb.ovn_client [None req-bf330d73-d748-4cf8-baff-df318e4b0fae - - - - - -] No hosting information found for port cacaada9-4293-49a4-a3b0-c86525e4e619: RuntimeError: No hosting information found for port cacaada9-4293-49a4-a3b0-c86525e4e619
2026-05-11 02:02:42.577 10 INFO neutron.plugins.ml2.drivers.ovn.mech_driver.mech_driver [None req-bf330d73-d748-4cf8-baff-df318e4b0fae - - - - - -] OVN reports status up for port: 6eaafecf-f51a-4de2-8938-dec03825f7b9
2026-05-11 02:02:42.584 10 INFO neutron.plugins.ml2.plugin [None req-bf330d73-d748-4cf8-baff-df318e4b0fae - - - - - -] Attempt 1 to provision port 6eaafecf-f51a-4de2-8938-dec03825f7b9
2026-05-11 02:02:42.789 10 INFO neutron.db.ovn_revision_numbers_db [req-a16f8b0e-e614-40c9-94ef-eb6413df336e req-8af1d192-7b83-4924-8142-2789fa5a9a31 f8c64116a26d493f84ec00e727ddc900 5588b49232f849f0a97f4a40eece173e - - default default] Successfully bumped revision number for resource b2f05fed-de3c-45db-83c4-17efdb5af6ad (type: security_groups) to 1
2026-05-11 02:02:42.812 10 INFO neutron.db.ovn_revision_numbers_db [req-a16f8b0e-e614-40c9-94ef-eb6413df336e req-8af1d192-7b83-4924-8142-2789fa5a9a31 f8c64116a26d493f84ec00e727ddc900 5588b49232f849f0a97f4a40eece173e - - default default] Successfully bumped revision number for resource 3aa2487a-5798-4de2-b525-3a3250cb1977 (type: security_group_rules) to 0
2026-05-11 02:02:42.830 10 INFO neutron.db.ovn_revision_numbers_db [req-a16f8b0e-e614-40c9-94ef-eb6413df336e req-8af1d192-7b83-4924-8142-2789fa5a9a31 f8c64116a26d493f84ec00e727ddc900 5588b49232f849f0a97f4a40eece173e - - default default] Successfully bumped revision number for resource 9200180a-de0d-4aa0-beed-b849b26e77b4 (type: security_group_rules) to 0
2026-05-11 02:02:42.858 10 INFO neutron.wsgi [req-a16f8b0e-e614-40c9-94ef-eb6413df336e req-8af1d192-7b83-4924-8142-2789fa5a9a31 f8c64116a26d493f84ec00e727ddc900 5588b49232f849f0a97f4a40eece173e - - default default] 10.0.0.15 "POST /v2.0/security-groups HTTP/1.1" status: 201 len: 1826 time: 0.2117922
2026-05-11 02:02:42.867 10 INFO neutron.db.ovn_revision_numbers_db [None req-bf330d73-d748-4cf8-baff-df318e4b0fae - - - - - -] Successfully bumped revision number for resource 6eaafecf-f51a-4de2-8938-dec03825f7b9 (type: ports) to 2
2026-05-11 02:02:42.922 9 WARNING neutron.plugins.ml2.drivers.ovn.mech_driver.ovsdb.ovn_client [None req-d7fd741a-a85c-4092-858e-c1902e487ad4 - - - - - -] No hosting information found for port 8a31e401-8ccd-4a24-abe2-b6987818ac47: RuntimeError: No hosting information found for port 8a31e401-8ccd-4a24-abe2-b6987818ac47
2026-05-11 02:02:42.923 9 INFO neutron.plugins.ml2.drivers.ovn.mech_driver.mech_driver [None req-d7fd741a-a85c-4092-858e-c1902e487ad4 - - - - - -] OVN reports status up for port: 21f48c69-1a80-4d08-8ca3-b382cbe4924d
2026-05-11 02:02:42.938 9 INFO neutron.plugins.ml2.plugin [None req-d7fd741a-a85c-4092-858e-c1902e487ad4 - - - - - -] Attempt 1 to provision port 21f48c69-1a80-4d08-8ca3-b382cbe4924d
2026-05-11 02:02:42.942 9 INFO neutron.wsgi [req-63c30ffb-b57d-4fae-a4f3-61652e32a2c4 req-222314be-3182-45cf-9a5b-204540c4aa39 f8c64116a26d493f84ec00e727ddc900 5588b49232f849f0a97f4a40eece173e - - default default] 10.0.0.15 "GET /v2.0/security-groups/b2f05fed-de3c-45db-83c4-17efdb5af6ad HTTP/1.1" status: 200 len: 1821 time: 0.0515647
2026-05-11 02:02:42.978 10 INFO neutron.db.ovn_revision_numbers_db [None req-bf330d73-d748-4cf8-baff-df318e4b0fae - - - - - -] Successfully bumped revision number for resource 6eaafecf-f51a-4de2-8938-dec03825f7b9 (type: router_ports) to 2
2026-05-11 02:02:43.167 9 INFO neutron.db.ovn_revision_numbers_db [req-63c30ffb-b57d-4fae-a4f3-61652e32a2c4 req-25a7d2a5-17f6-4cf6-9158-b827131a1015 f8c64116a26d493f84ec00e727ddc900 5588b49232f849f0a97f4a40eece173e - - default default] Successfully bumped revision number for resource aeb48fc1-a71d-412a-b823-679191e470c4 (type: security_group_rules) to 0
2026-05-11 02:02:43.207 9 INFO neutron.wsgi [req-63c30ffb-b57d-4fae-a4f3-61652e32a2c4 req-25a7d2a5-17f6-4cf6-9158-b827131a1015 f8c64116a26d493f84ec00e727ddc900 5588b49232f849f0a97f4a40eece173e - - default default] 10.0.0.15 "POST /v2.0/security-group-rules HTTP/1.1" status: 201 len: 786 time: 0.2520750
2026-05-11 02:02:43.348 10 INFO neutron.db.ovn_revision_numbers_db [req-78b7b4b5-02a5-4fa6-a186-1bc0c2aaf1eb req-97ccf3f6-82fb-426e-8f61-7c0292136f7b f8c64116a26d493f84ec00e727ddc900 5588b49232f849f0a97f4a40eece173e - - default default] Successfully bumped revision number for resource fd2cf1bf-a1ef-424b-8074-d1a6d3e14ea5 (type: security_groups) to 1
2026-05-11 02:02:43.362 10 INFO neutron.db.ovn_revision_numbers_db [req-78b7b4b5-02a5-4fa6-a186-1bc0c2aaf1eb req-97ccf3f6-82fb-426e-8f61-7c0292136f7b f8c64116a26d493f84ec00e727ddc900 5588b49232f849f0a97f4a40eece173e - - default default] Successfully bumped revision number for resource 0df9e88b-5461-467b-a5f1-4f0e75b747ff (type: security_group_rules) to 0
2026-05-11 02:02:43.376 10 INFO neutron.db.ovn_revision_numbers_db [req-78b7b4b5-02a5-4fa6-a186-1bc0c2aaf1eb req-97ccf3f6-82fb-426e-8f61-7c0292136f7b f8c64116a26d493f84ec00e727ddc900 5588b49232f849f0a97f4a40eece173e - - default default] Successfully bumped revision number for resource a61c9fbc-629c-4371-a000-be4b43536b02 (type: security_group_rules) to 0
2026-05-11 02:02:43.407 10 INFO neutron.wsgi [req-78b7b4b5-02a5-4fa6-a186-1bc0c2aaf1eb req-97ccf3f6-82fb-426e-8f61-7c0292136f7b f8c64116a26d493f84ec00e727ddc900 5588b49232f849f0a97f4a40eece173e - - default default] 10.0.0.15 "POST /v2.0/security-groups HTTP/1.1" status: 201 len: 1827 time: 0.1789243
2026-05-11 02:02:43.470 10 INFO neutron.wsgi [req-5dbef155-436c-4e73-b4cf-698f5e0ddf9d req-2edd86c7-f5fc-47a6-af0f-d1dfb5e226e2 f8c64116a26d493f84ec00e727ddc900 5588b49232f849f0a97f4a40eece173e - - default default] 10.0.0.15 "GET /v2.0/security-groups/fd2cf1bf-a1ef-424b-8074-d1a6d3e14ea5 HTTP/1.1" status: 200 len: 1822 time: 0.0390310
2026-05-11 02:02:43.476 9 INFO neutron.wsgi [req-547acff4-0fe3-4b4b-b4c5-defbe28e2433 req-4c3a270f-e027-4a6f-807b-810e30acba09 b3b6fba760ce4c7dbcf7218662750ee7 72b6dc0253aa47c9b8fb8e81b39c7fe0 - - default default] 10.0.0.15 "GET /v2.0/ports?device_id=64dfdba5-df07-49b2-b372-bae794215418 HTTP/1.1" status: 200 len: 210 time: 0.0300934
2026-05-11 02:02:43.606 9 INFO neutron.wsgi [None req-d7e2cb42-fcf7-4363-ac5a-7f10fdc46d76 f6a1eab280bb4675a19f2737111a8190 2a02514e1226463db8226cdf845d2c0b - - default default] 10.0.0.96 "PUT /v2.0/routers/256d4ec5-c1ed-4934-8a0b-3a70d315e0eb/remove_router_interface HTTP/1.1" status: 200 len: 503 time: 1.4832916
2026-05-11 02:02:43.608 10 INFO neutron.db.ovn_revision_numbers_db [req-5dbef155-436c-4e73-b4cf-698f5e0ddf9d req-ba74052e-391b-46b5-9462-d737827bd25d f8c64116a26d493f84ec00e727ddc900 5588b49232f849f0a97f4a40eece173e - - default default] Successfully bumped revision number for resource 2e2f311a-73e3-4420-b9a7-67b702a53ca6 (type: security_group_rules) to 0
2026-05-11 02:02:43.652 10 INFO neutron.wsgi [req-5dbef155-436c-4e73-b4cf-698f5e0ddf9d req-ba74052e-391b-46b5-9462-d737827bd25d f8c64116a26d493f84ec00e727ddc900 5588b49232f849f0a97f4a40eece173e - - default default] 10.0.0.15 "POST /v2.0/security-group-rules HTTP/1.1" status: 201 len: 786 time: 0.1727636 /var/lib/openstack/lib/python3.10/site-packages/pycadf/identifier.py:71: UserWarning: Invalid uuid: neutron. To ensure interoperability, identifiers should be a valid uuid. warnings.warn(('Invalid uuid: %s. To ensure interoperability, '
2026-05-11 02:02:43.722 9 INFO neutron.wsgi [req-2543ea3d-1c93-4c45-aeb8-6d952e950aae req-a905a13c-be72-43db-8b04-35ea646bb2ea f8c64116a26d493f84ec00e727ddc900 5588b49232f849f0a97f4a40eece173e - - default default] 10.0.0.15 "GET /v2.0/security-groups/fd2cf1bf-a1ef-424b-8074-d1a6d3e14ea5 HTTP/1.1" status: 200 len: 2415 time: 0.0418987
2026-05-11 02:02:43.859 9 INFO neutron.db.ovn_revision_numbers_db [req-2543ea3d-1c93-4c45-aeb8-6d952e950aae req-e5fbcf27-34bd-4f3b-8b08-177ddae0bd22 f8c64116a26d493f84ec00e727ddc900 5588b49232f849f0a97f4a40eece173e - - default default] Successfully bumped revision number for resource b5b2d454-5f80-4d22-9f4a-3a4fe1d80c22 (type: security_group_rules) to 0
2026-05-11 02:02:43.890 9 INFO neutron.wsgi [req-2543ea3d-1c93-4c45-aeb8-6d952e950aae req-e5fbcf27-34bd-4f3b-8b08-177ddae0bd22 f8c64116a26d493f84ec00e727ddc900 5588b49232f849f0a97f4a40eece173e - - default default] 10.0.0.15 "POST /v2.0/security-group-rules HTTP/1.1" status: 201 len: 791 time: 0.1598098
2026-05-11 02:02:43.974 10 INFO neutron.wsgi [req-d57aa0d9-6dcb-40be-bd1c-cb9120ea7797 req-96e9ce82-57fc-4fb1-ad37-67fefa7ae8d8 f8c64116a26d493f84ec00e727ddc900 5588b49232f849f0a97f4a40eece173e - - default default] 10.0.0.15 "GET /v2.0/security-groups/fd2cf1bf-a1ef-424b-8074-d1a6d3e14ea5 HTTP/1.1" status: 200 len: 3013 time: 0.0579767
2026-05-11 02:02:44.128 9 INFO neutron.wsgi [req-08b828dc-bf8e-434f-a078-7a44d5b34be3 req-7c85638d-8411-4b18-a7f9-5952a16412b2 b3b6fba760ce4c7dbcf7218662750ee7 72b6dc0253aa47c9b8fb8e81b39c7fe0 - - default default] 199.204.45.22 "GET /v2.0/networks?id=88c18178-08c1-4671-834a-c9a5227598d6 HTTP/1.1" status: 200 len: 868 time: 0.3213427
2026-05-11 02:02:44.188 9 INFO neutron.wsgi [req-08b828dc-bf8e-434f-a078-7a44d5b34be3 req-c9eeb190-b99a-4126-a23c-1ec188aa47d3 b3b6fba760ce4c7dbcf7218662750ee7 72b6dc0253aa47c9b8fb8e81b39c7fe0 - - default default] 199.204.45.22 "GET /v2.0/security-groups?fields=id&fields=name&tenant_id=72b6dc0253aa47c9b8fb8e81b39c7fe0 HTTP/1.1" status: 200 len: 380 time: 0.0366032
2026-05-11 02:02:44.308 10 INFO neutron.wsgi [None req-8f7d3bda-c597-4b08-8b27-37294ec5e731 f6a1eab280bb4675a19f2737111a8190 2a02514e1226463db8226cdf845d2c0b - - default default] 10.0.0.96 "DELETE /v2.0/routers/256d4ec5-c1ed-4934-8a0b-3a70d315e0eb HTTP/1.1" status: 204 len: 168 time: 0.6829193
2026-05-11 02:02:44.345 9 INFO neutron.wsgi [req-5e4631a4-e939-443d-a8f0-e4873a410938 req-c8b33239-e1d8-4be8-8318-3198bfa0ea0d f8c64116a26d493f84ec00e727ddc900 5588b49232f849f0a97f4a40eece173e - - default default] 10.0.0.15 "GET /v2.0/security-group-rules/b5b2d454-5f80-4d22-9f4a-3a4fe1d80c22 HTTP/1.1" status: 200 len: 783 time: 0.0292845
2026-05-11 02:02:44.416 9 INFO neutron.wsgi [req-5e4631a4-e939-443d-a8f0-e4873a410938 req-a96982ab-785c-487f-a873-acb2e9378de9 f8c64116a26d493f84ec00e727ddc900 5588b49232f849f0a97f4a40eece173e - - default default] 10.0.0.15 "GET /v2.0/security-groups/fd2cf1bf-a1ef-424b-8074-d1a6d3e14ea5 HTTP/1.1" status: 200 len: 3013 time: 0.0648239
2026-05-11 02:02:44.649 10 INFO neutron.wsgi [None req-ccd2b600-08b7-4e56-92e3-cab834673b28 f6a1eab280bb4675a19f2737111a8190 2a02514e1226463db8226cdf845d2c0b - - default default] 10.0.0.96 "DELETE /v2.0/subnets/8311fa74-3557-4546-bba9-7e96a34c3392 HTTP/1.1" status: 204 len: 168 time: 0.3329928
2026-05-11 02:02:44.655 9 INFO neutron.wsgi [req-5e4631a4-e939-443d-a8f0-e4873a410938 req-3aa9e62b-7a6e-4312-96d9-ba912afa0e98 f8c64116a26d493f84ec00e727ddc900 5588b49232f849f0a97f4a40eece173e - - default default] 10.0.0.15 "DELETE /v2.0/security-group-rules/b5b2d454-5f80-4d22-9f4a-3a4fe1d80c22 HTTP/1.1" status: 204 len: 173 time: 0.2266898 /var/lib/openstack/lib/python3.10/site-packages/pycadf/identifier.py:71: UserWarning: Invalid uuid: neutron. To ensure interoperability, identifiers should be a valid uuid. warnings.warn(('Invalid uuid: %s. To ensure interoperability, '
2026-05-11 02:02:44.715 9 WARNING neutron.scheduler.dhcp_agent_scheduler [req-08b828dc-bf8e-434f-a078-7a44d5b34be3 req-56f27ecf-5af7-4d6f-aa2f-79cb12d80710 b3b6fba760ce4c7dbcf7218662750ee7 72b6dc0253aa47c9b8fb8e81b39c7fe0 - - default default] No more DHCP agents
2026-05-11 02:02:44.719 9 WARNING neutron.api.rpc.agentnotifiers.dhcp_rpc_agent_api [req-08b828dc-bf8e-434f-a078-7a44d5b34be3 req-56f27ecf-5af7-4d6f-aa2f-79cb12d80710 b3b6fba760ce4c7dbcf7218662750ee7 72b6dc0253aa47c9b8fb8e81b39c7fe0 - - default default] Unable to schedule network 88c18178-08c1-4671-834a-c9a5227598d6: no agents available; will retry on subsequent port and subnet creation events.
2026-05-11 02:02:44.730 9 INFO neutron.wsgi [req-653ece2b-b57a-4e3a-825c-1beca18b20e1 req-1a821a61-050a-443e-b50e-63b75885f60b f8c64116a26d493f84ec00e727ddc900 5588b49232f849f0a97f4a40eece173e - - default default] 10.0.0.15 "GET /v2.0/security-groups/fd2cf1bf-a1ef-424b-8074-d1a6d3e14ea5 HTTP/1.1" status: 200 len: 2415 time: 0.0419319 /var/lib/openstack/lib/python3.10/site-packages/pycadf/identifier.py:71: UserWarning: Invalid uuid: neutron. To ensure interoperability, identifiers should be a valid uuid. warnings.warn(('Invalid uuid: %s. To ensure interoperability, '
2026-05-11 02:02:44.790 10 INFO neutron.wsgi [req-e366f352-a996-477b-987e-253d262a3922 req-dbd9c329-2159-4f54-bedf-ad69139c6e28 b3b6fba760ce4c7dbcf7218662750ee7 72b6dc0253aa47c9b8fb8e81b39c7fe0 - - default default] 10.0.0.15 "GET /v2.0/ports?device_id=64dfdba5-df07-49b2-b372-bae794215418 HTTP/1.1" status: 200 len: 1156 time: 0.0561843
2026-05-11 02:02:44.857 10 INFO neutron.wsgi [req-e366f352-a996-477b-987e-253d262a3922 req-9cec55e7-627a-45a5-b01c-4a6301e0034f b3b6fba760ce4c7dbcf7218662750ee7 72b6dc0253aa47c9b8fb8e81b39c7fe0 - - default default] 10.0.0.15 "GET /v2.0/security-groups?id=09857a84-8ee5-4ae5-a1ed-7b03dc5a954d&fields=id&fields=name HTTP/1.1" status: 200 len: 313 time: 0.0596511
2026-05-11 02:02:44.880 9 INFO neutron.db.ovn_revision_numbers_db [req-08b828dc-bf8e-434f-a078-7a44d5b34be3 req-56f27ecf-5af7-4d6f-aa2f-79cb12d80710 b3b6fba760ce4c7dbcf7218662750ee7 72b6dc0253aa47c9b8fb8e81b39c7fe0 - - default default] Successfully bumped revision number for resource 719675b9-3b8b-4c20-ab43-5e1f00f75d76 (type: ports) to 1
2026-05-11 02:02:44.896 9 INFO neutron.wsgi [req-653ece2b-b57a-4e3a-825c-1beca18b20e1 req-95746650-07f7-4c1c-8bb4-1f4a72a7d0cf f8c64116a26d493f84ec00e727ddc900 5588b49232f849f0a97f4a40eece173e - - default default] 10.0.0.15 "DELETE /v2.0/security-groups/fd2cf1bf-a1ef-424b-8074-d1a6d3e14ea5 HTTP/1.1" status: 204 len: 173 time: 0.1571765
2026-05-11 02:02:44.905 9 INFO neutron.wsgi [req-08b828dc-bf8e-434f-a078-7a44d5b34be3 req-56f27ecf-5af7-4d6f-aa2f-79cb12d80710 b3b6fba760ce4c7dbcf7218662750ee7 72b6dc0253aa47c9b8fb8e81b39c7fe0 - - default default] 199.204.45.22 "POST /v2.0/ports HTTP/1.1" status: 201 len: 1158 time: 0.7120209
2026-05-11 02:02:44.920 9 INFO neutron.wsgi [req-08b828dc-bf8e-434f-a078-7a44d5b34be3 req-291c30ed-447b-4012-b4ae-f6e630312ddf b3b6fba760ce4c7dbcf7218662750ee7 72b6dc0253aa47c9b8fb8e81b39c7fe0 - - default default] 199.204.45.22 "GET /v2.0/extensions HTTP/1.1" status: 200 len: 16525 time: 0.0094814
2026-05-11 02:02:44.956 10 INFO neutron.wsgi [req-58383e86-729c-48b9-bf18-a1d1a0cc349c req-558160cf-4483-4525-be70-ad78dc2aa1f2 f8c64116a26d493f84ec00e727ddc900 5588b49232f849f0a97f4a40eece173e - - default default] 10.0.0.15 "GET /v2.0/security-groups/b2f05fed-de3c-45db-83c4-17efdb5af6ad HTTP/1.1" status: 200 len: 2414 time: 0.0352964
2026-05-11 02:02:45.186 10 INFO neutron.wsgi [req-58383e86-729c-48b9-bf18-a1d1a0cc349c req-cdf52c53-a59a-4f83-98fa-ef7fc5fb6293 f8c64116a26d493f84ec00e727ddc900 5588b49232f849f0a97f4a40eece173e - - default default] 10.0.0.15 "DELETE /v2.0/security-groups/b2f05fed-de3c-45db-83c4-17efdb5af6ad HTTP/1.1" status: 204 len: 173 time: 0.2219391
2026-05-11 02:02:45.250 10 INFO neutron.wsgi [None req-21e43142-d725-418b-ac66-9d8d457f8e7e f6a1eab280bb4675a19f2737111a8190 2a02514e1226463db8226cdf845d2c0b - - default default] 10.0.0.96 "DELETE /v2.0/networks/8811e7d7-e98f-4dd2-88e7-6cd2dc78a8e5 HTTP/1.1" status: 204 len: 168 time: 0.5939271
2026-05-11 02:02:45.459 9 INFO neutron.wsgi [None req-2c2128de-6226-4676-a6a1-b5caa845ceb4 f6a1eab280bb4675a19f2737111a8190 2a02514e1226463db8226cdf845d2c0b - - default default] 10.0.0.96 "GET /v2.0/security-groups?tenant_id=b3674980a0764b7294f21588c1cf3fc9&name=default HTTP/1.1" status: 200 len: 2992 time: 0.0478520
2026-05-11 02:02:45.545 9 INFO neutron.db.ovn_revision_numbers_db [None req-453eb3c9-1fc4-41e8-a4bb-5cd7399dbfeb f6a1eab280bb4675a19f2737111a8190 2a02514e1226463db8226cdf845d2c0b - - default default] Successfully bumped revision number for resource 8451fa8a-ae8f-4b6a-af70-74477ae80580 (type: security_groups) to 1
2026-05-11 02:02:45.577 9 INFO neutron.db.ovn_revision_numbers_db [None req-453eb3c9-1fc4-41e8-a4bb-5cd7399dbfeb f6a1eab280bb4675a19f2737111a8190 2a02514e1226463db8226cdf845d2c0b - - default default] Successfully bumped revision number for resource 1b9c1e06-9503-4cf2-bf90-92c3ac3f928d (type: security_group_rules) to 0
