2026-05-11 01:59:25.862 10 INFO neutron.wsgi [None req-ce09db69-ee02-48a0-b8b5-7a82fedf282c f6a1eab280bb4675a19f2737111a8190 2a02514e1226463db8226cdf845d2c0b - - default default] 199.204.45.22,10.0.0.133 "GET /v2.0/security-groups?tenant_id=2a02514e1226463db8226cdf845d2c0b HTTP/1.1" status: 200 len: 10157 time: 0.0826552
2026-05-11 01:59:26.706 10 INFO neutron.wsgi [None req-82fee746-3e77-4c3c-bc60-cc6757d76ba8 f6a1eab280bb4675a19f2737111a8190 2a02514e1226463db8226cdf845d2c0b - - default default] 199.204.45.22,10.0.0.133 "GET /v2.0/security-groups?tenant_id=2a02514e1226463db8226cdf845d2c0b HTTP/1.1" status: 200 len: 10157 time: 0.0876749
2026-05-11 01:59:27.524 9 INFO neutron.wsgi [None req-ea8cac0b-8b10-4e89-8d58-8431e9b8d964 f6a1eab280bb4675a19f2737111a8190 2a02514e1226463db8226cdf845d2c0b - - default default] 199.204.45.22,10.0.0.133 "GET /v2.0/security-groups?tenant_id=2a02514e1226463db8226cdf845d2c0b HTTP/1.1" status: 200 len: 10157 time: 0.0831835
2026-05-11 01:59:28.354 10 INFO neutron.wsgi [None req-ad35d59a-320d-454b-bbf2-c8b26b3a4765 f6a1eab280bb4675a19f2737111a8190 2a02514e1226463db8226cdf845d2c0b - - default default] 199.204.45.22,10.0.0.133 "GET /v2.0/security-groups?tenant_id=2a02514e1226463db8226cdf845d2c0b HTTP/1.1" status: 200 len: 10157 time: 0.0816820
2026-05-11 01:59:29.535 10 INFO neutron.wsgi [None req-3b3efd92-2075-41f5-8f08-478353ca82c0 f6a1eab280bb4675a19f2737111a8190 2a02514e1226463db8226cdf845d2c0b - - default default] 199.204.45.22,10.0.0.133 "GET /v2.0/security-groups HTTP/1.1" status: 200 len: 16799 time: 0.0723064
2026-05-11 01:59:29.576 10 INFO neutron.wsgi [None req-4d0b1d76-4a32-4fa3-b505-bd7231950080 f6a1eab280bb4675a19f2737111a8190 2a02514e1226463db8226cdf845d2c0b - - default default] 199.204.45.22,10.0.0.133 "GET /v2.0/ports HTTP/1.1" status: 200 len: 5347 time: 0.0293980
2026-05-11 01:59:36.080 9 INFO neutron.pecan_wsgi.hooks.translation [None req-1ed2879e-76e6-447e-9560-f7c096f7ff43 f6a1eab280bb4675a19f2737111a8190 2a02514e1226463db8226cdf845d2c0b - - default default] GET failed (client error): The resource could not be found.
2026-05-11 01:59:36.082 9 INFO neutron.wsgi [None req-1ed2879e-76e6-447e-9560-f7c096f7ff43 f6a1eab280bb4675a19f2737111a8190 2a02514e1226463db8226cdf845d2c0b - - default default] 199.204.45.22,10.0.0.133 "GET /v2.0/ports/octavia-health-manager-port-instance HTTP/1.1" status: 404 len: 314 time: 0.0669916
2026-05-11 01:59:36.114 9 INFO neutron.wsgi [None req-5e199699-078b-43b7-81c1-661015c498fb f6a1eab280bb4675a19f2737111a8190 2a02514e1226463db8226cdf845d2c0b - - default default] 199.204.45.22,10.0.0.133 "GET /v2.0/ports?name=octavia-health-manager-port-instance HTTP/1.1" status: 200 len: 1395 time: 0.0285048
2026-05-11 01:59:37.529 10 INFO neutron.wsgi [None req-727b6c80-acc2-4731-9595-84ba53db395c f6a1eab280bb4675a19f2737111a8190 2a02514e1226463db8226cdf845d2c0b - - default default] 199.204.45.22,10.0.0.133 "GET /v2.0/ports HTTP/1.1" status: 200 len: 5347 time: 0.0756836
2026-05-11 01:59:38.310 9 INFO neutron.wsgi [-] 10.0.0.133 "GET / HTTP/1.1" status: 200 len: 246 time: 0.0026538
2026-05-11 01:59:38.313 9 INFO neutron.wsgi [-] 10.0.0.133 "GET / HTTP/1.1" status: 200 len: 246 time: 0.0022473
2026-05-11 01:59:38.501 9 INFO neutron.wsgi [None req-588a2588-1ff1-41ff-a7e2-0a565196660b f6a1eab280bb4675a19f2737111a8190 2a02514e1226463db8226cdf845d2c0b - - default default] 199.204.45.22,10.0.0.133 "GET /v2.0/security-groups?tenant_id=2a02514e1226463db8226cdf845d2c0b HTTP/1.1" status: 200 len: 10157 time: 0.0751829
2026-05-11 01:59:39.420 9 INFO neutron.wsgi [None req-ad30dd24-688a-4116-b4df-fe74ac01ab47 f6a1eab280bb4675a19f2737111a8190 2a02514e1226463db8226cdf845d2c0b - - default default] 199.204.45.22,10.0.0.133 "GET /v2.0/security-groups?tenant_id=2a02514e1226463db8226cdf845d2c0b HTTP/1.1" status: 200 len: 10157 time: 0.0789292
2026-05-11 01:59:40.256 9 INFO neutron.wsgi [None req-558b4b8c-efb5-435e-8b18-664e05d4d477 f6a1eab280bb4675a19f2737111a8190 2a02514e1226463db8226cdf845d2c0b - - default default] 199.204.45.22,10.0.0.133 "GET /v2.0/security-groups?tenant_id=2a02514e1226463db8226cdf845d2c0b HTTP/1.1" status: 200 len: 10157 time: 0.0797865
2026-05-11 01:59:50.750 10 INFO neutron.wsgi [None req-0abcf2c8-1caf-4acd-9f87-8d3c7393ae05 f6a1eab280bb4675a19f2737111a8190 2a02514e1226463db8226cdf845d2c0b - - default default] 199.204.45.22,10.0.0.133 "GET /v2.0/quotas/2a02514e1226463db8226cdf845d2c0b HTTP/1.1" status: 200 len: 361 time: 0.0123851
2026-05-11 01:59:53.309 9 INFO neutron.wsgi [-] 10.0.0.133 "GET / HTTP/1.1" status: 200 len: 246 time: 0.0023973
2026-05-11 01:59:53.309 10 INFO neutron.wsgi [-] 10.0.0.133 "GET / HTTP/1.1" status: 200 len: 246 time: 0.0024569
2026-05-11 01:59:54.626 10 INFO neutron.wsgi [None req-3e0610f3-b876-4f35-a958-a999b003eb52 f6a1eab280bb4675a19f2737111a8190 2a02514e1226463db8226cdf845d2c0b - - default default] 10.0.0.230 "GET /v2.0/security-groups HTTP/1.1" status: 200 len: 16799 time: 0.1134193
2026-05-11 01:59:54.665 10 INFO neutron.wsgi [None req-bc9c616a-ca20-47d8-bdea-c9b29f9abfdc f6a1eab280bb4675a19f2737111a8190 2a02514e1226463db8226cdf845d2c0b - - default default] 10.0.0.230 "GET /v2.0/routers HTTP/1.1" status: 200 len: 189 time: 0.0334699
2026-05-11 01:59:54.707 10 INFO neutron.wsgi [None req-9cfd08e0-e312-4c4c-b9de-955a94dad413 f6a1eab280bb4675a19f2737111a8190 2a02514e1226463db8226cdf845d2c0b - - default default] 10.0.0.230 "GET /v2.0/agents?binary=ovn-controller HTTP/1.1" status: 200 len: 591 time: 0.0411787
2026-05-11 01:59:54.767 10 INFO neutron.wsgi [None req-ffaf9862-8c40-4f35-9f71-b34743ccdce3 f6a1eab280bb4675a19f2737111a8190 2a02514e1226463db8226cdf845d2c0b - - default default] 10.0.0.230 "GET /v2.0/networks HTTP/1.1" status: 200 len: 2350 time: 0.0590935
2026-05-11 01:59:54.780 10 INFO neutron.wsgi [None req-38d12576-992d-41fe-9e97-b59b7057982b f6a1eab280bb4675a19f2737111a8190 2a02514e1226463db8226cdf845d2c0b - - default default] 10.0.0.230 "GET /v2.0/agents HTTP/1.1" status: 200 len: 997 time: 0.0107884
2026-05-11 01:59:54.816 10 INFO neutron.wsgi [None req-64b00ee0-1baf-43ad-bcf0-af0554066588 f6a1eab280bb4675a19f2737111a8190 2a02514e1226463db8226cdf845d2c0b - - default default] 10.0.0.230 "GET /v2.0/subnets HTTP/1.1" status: 200 len: 1437 time: 0.0347176
2026-05-11 01:59:54.834 10 INFO neutron.wsgi [None req-bc61b893-574f-479a-b1db-c250da5a8143 f6a1eab280bb4675a19f2737111a8190 2a02514e1226463db8226cdf845d2c0b - - default default] 10.0.0.230 "GET /v2.0/network-ip-availabilities HTTP/1.1" status: 200 len: 1280 time: 0.0134056
2026-05-11 01:59:54.870 10 INFO neutron.wsgi [None req-0cea77b5-8481-4841-a4d1-669fab5d6c20 f6a1eab280bb4675a19f2737111a8190 2a02514e1226463db8226cdf845d2c0b - - default default] 10.0.0.230 "GET /v2.0/subnets HTTP/1.1" status: 200 len: 1437 time: 0.0346897
2026-05-11 01:59:54.880 10 INFO neutron.wsgi [None req-13d685d4-4d16-4238-a3be-8a9e1b837cb6 f6a1eab280bb4675a19f2737111a8190 2a02514e1226463db8226cdf845d2c0b - - default default] 10.0.0.230 "GET /v2.0/subnetpools HTTP/1.1" status: 200 len: 193 time: 0.0093918
2026-05-11 01:59:54.898 10 INFO neutron.wsgi [None req-f13798fc-e002-4856-bb75-94800893d1d7 f6a1eab280bb4675a19f2737111a8190 2a02514e1226463db8226cdf845d2c0b - - default default] 10.0.0.230 "GET /v2.0/floatingips HTTP/1.1" status: 200 len: 193 time: 0.0176015
2026-05-11 01:59:54.922 10 INFO neutron.wsgi [None req-cf30da65-def2-4ab1-be1a-7ef295ba8b2e f6a1eab280bb4675a19f2737111a8190 2a02514e1226463db8226cdf845d2c0b - - default default] 10.0.0.230 "GET /v2.0/ports HTTP/1.1" status: 200 len: 5347 time: 0.0229242
2026-05-11 02:00:08.310 9 INFO neutron.wsgi [-] 10.0.0.133 "GET / HTTP/1.1" status: 200 len: 246 time: 0.0027351
2026-05-11 02:00:08.310 10 INFO neutron.wsgi [-] 10.0.0.133 "GET / HTTP/1.1" status: 200 len: 246 time: 0.0028157
2026-05-11 02:00:23.309 10 INFO neutron.wsgi [-] 10.0.0.133 "GET / HTTP/1.1" status: 200 len: 246 time: 0.0024781
2026-05-11 02:00:23.310 9 INFO neutron.wsgi [-] 10.0.0.133 "GET / HTTP/1.1" status: 200 len: 246 time: 0.0038023
2026-05-11 02:00:38.309 9 INFO neutron.wsgi [-] 10.0.0.133 "GET / HTTP/1.1" status: 200 len: 246 time: 0.0018506
2026-05-11 02:00:38.309 10 INFO neutron.wsgi [-] 10.0.0.133 "GET / HTTP/1.1" status: 200 len: 246 time: 0.0025618
2026-05-11 02:00:39.436 10 INFO neutron.wsgi [None req-c29af026-f47f-45cb-a586-2150e0381585 f6a1eab280bb4675a19f2737111a8190 2a02514e1226463db8226cdf845d2c0b - - default default] 199.204.45.22,10.0.0.133 "GET /v2.0/security-groups?tenant_id=e372edc487564543ba6003396eb8f5e9 HTTP/1.1" status: 200 len: 6838 time: 0.1081100
2026-05-11 02:00:40.375 10 INFO neutron.wsgi [None req-4fba2323-d4d4-4a13-90ef-78f828f4433e f6a1eab280bb4675a19f2737111a8190 2a02514e1226463db8226cdf845d2c0b - - default default] 199.204.45.22,10.0.0.133 "GET /v2.0/security-groups?tenant_id=e372edc487564543ba6003396eb8f5e9 HTTP/1.1" status: 200 len: 6838 time: 0.0729735
2026-05-11 02:00:41.247 10 INFO neutron.wsgi [None req-2212ce36-7a38-41dc-ba8b-c85e1fe6a689 f6a1eab280bb4675a19f2737111a8190 2a02514e1226463db8226cdf845d2c0b - - default default] 199.204.45.22,10.0.0.133 "GET /v2.0/security-groups?tenant_id=e372edc487564543ba6003396eb8f5e9 HTTP/1.1" status: 200 len: 6838 time: 0.0838740
2026-05-11 02:00:42.191 10 INFO neutron.wsgi [None req-aeb02861-2bc0-4977-ba60-7350367735ae f6a1eab280bb4675a19f2737111a8190 2a02514e1226463db8226cdf845d2c0b - - default default] 199.204.45.22,10.0.0.133 "GET /v2.0/security-groups?tenant_id=e372edc487564543ba6003396eb8f5e9 HTTP/1.1" status: 200 len: 6838 time: 0.1542344
2026-05-11 02:00:43.143 10 INFO neutron.wsgi [None req-a59304f6-0f16-45aa-8722-466432db5bf8 f6a1eab280bb4675a19f2737111a8190 2a02514e1226463db8226cdf845d2c0b - - default default] 199.204.45.22,10.0.0.133 "GET /v2.0/security-groups?tenant_id=e372edc487564543ba6003396eb8f5e9 HTTP/1.1" status: 200 len: 6838 time: 0.0760064
2026-05-11 02:00:50.107 10 INFO neutron.wsgi [None req-b64f08ab-be17-4d4f-8a11-9b157766f9d7 f6a1eab280bb4675a19f2737111a8190 2a02514e1226463db8226cdf845d2c0b - - default default] 199.204.45.22,10.0.0.133 "GET /v2.0/quotas/e372edc487564543ba6003396eb8f5e9 HTTP/1.1" status: 200 len: 361 time: 0.0111697
2026-05-11 02:00:53.308 9 INFO neutron.wsgi [-] 10.0.0.133 "GET / HTTP/1.1" status: 200 len: 246 time: 0.0016868
2026-05-11 02:00:53.310 10 INFO neutron.wsgi [-] 10.0.0.133 "GET / HTTP/1.1" status: 200 len: 246 time: 0.0031803
2026-05-11 02:00:54.499 10 INFO neutron.wsgi [None req-684077c7-13f1-48d3-b1c8-7ea994c1b5e5 f6a1eab280bb4675a19f2737111a8190 2a02514e1226463db8226cdf845d2c0b - - default default] 10.0.0.230 "GET /v2.0/floatingips HTTP/1.1" status: 200 len: 193 time: 0.0641587
2026-05-11 02:00:54.533 10 INFO neutron.wsgi [None req-93955241-2fcb-49a5-985d-b1cb20d19b73 f6a1eab280bb4675a19f2737111a8190 2a02514e1226463db8226cdf845d2c0b - - default default] 10.0.0.230 "GET /v2.0/subnets HTTP/1.1" status: 200 len: 1437 time: 0.0333893
2026-05-11 02:00:54.570 10 INFO neutron.wsgi [None req-dc6df7ff-0cd7-4e61-b607-b246f9bab1d3 f6a1eab280bb4675a19f2737111a8190 2a02514e1226463db8226cdf845d2c0b - - default default] 10.0.0.230 "GET /v2.0/ports HTTP/1.1" status: 200 len: 5347 time: 0.0354862
2026-05-11 02:00:54.609 10 INFO neutron.wsgi [None req-d186447b-75b0-42e0-8cc7-ad7cb97663bb f6a1eab280bb4675a19f2737111a8190 2a02514e1226463db8226cdf845d2c0b - - default default] 10.0.0.230 "GET /v2.0/agents HTTP/1.1" status: 200 len: 997 time: 0.0362825
2026-05-11 02:00:54.668 10 INFO neutron.wsgi [None req-a70c2004-95fc-4f7e-b06f-fc72d742d384 f6a1eab280bb4675a19f2737111a8190 2a02514e1226463db8226cdf845d2c0b - - default default] 10.0.0.230 "GET /v2.0/security-groups HTTP/1.1" status: 200 len: 16799 time: 0.0565100
2026-05-11 02:00:54.704 10 INFO neutron.wsgi [None req-7424cd6c-cc84-4e5b-b368-550559b4cd00 f6a1eab280bb4675a19f2737111a8190 2a02514e1226463db8226cdf845d2c0b - - default default] 10.0.0.230 "GET /v2.0/routers HTTP/1.1" status: 200 len: 189 time: 0.0283518
2026-05-11 02:00:54.714 10 INFO neutron.wsgi [None req-3c887469-4708-4791-980f-956aeca964ad f6a1eab280bb4675a19f2737111a8190 2a02514e1226463db8226cdf845d2c0b - - default default] 10.0.0.230 "GET /v2.0/agents?binary=ovn-controller HTTP/1.1" status: 200 len: 591 time: 0.0094805
2026-05-11 02:00:54.780 10 INFO neutron.wsgi [None req-aadcb9f4-e092-4133-86e6-498d572aae43 f6a1eab280bb4675a19f2737111a8190 2a02514e1226463db8226cdf845d2c0b - - default default] 10.0.0.230 "GET /v2.0/networks HTTP/1.1" status: 200 len: 2350 time: 0.0644851
2026-05-11 02:00:54.794 10 INFO neutron.wsgi [None req-dfdd0369-3618-499d-9d66-ad414686560e f6a1eab280bb4675a19f2737111a8190 2a02514e1226463db8226cdf845d2c0b - - default default] 10.0.0.230 "GET /v2.0/network-ip-availabilities HTTP/1.1" status: 200 len: 1280 time: 0.0119369
2026-05-11 02:00:54.821 10 INFO neutron.wsgi [None req-f6ecf416-d2cd-425b-b259-2667f50d2582 f6a1eab280bb4675a19f2737111a8190 2a02514e1226463db8226cdf845d2c0b - - default default] 10.0.0.230 "GET /v2.0/subnets HTTP/1.1" status: 200 len: 1437 time: 0.0255625
2026-05-11 02:00:54.830 10 INFO neutron.wsgi [None req-b5a9248d-d4d5-44b0-92a9-4e7ee290adb7 f6a1eab280bb4675a19f2737111a8190 2a02514e1226463db8226cdf845d2c0b - - default default] 10.0.0.230 "GET /v2.0/subnetpools HTTP/1.1" status: 200 len: 193 time: 0.0080123
2026-05-11 02:01:08.309 10 INFO neutron.wsgi [-] 10.0.0.133 "GET / HTTP/1.1" status: 200 len: 246 time: 0.0026000
2026-05-11 02:01:08.310 9 INFO neutron.wsgi [-] 10.0.0.133 "GET / HTTP/1.1" status: 200 len: 246 time: 0.0033252
2026-05-11 02:01:23.310 9 INFO neutron.wsgi [-] 10.0.0.133 "GET / HTTP/1.1" status: 200 len: 246 time: 0.0026507
2026-05-11 02:01:23.310 10 INFO neutron.wsgi [-] 10.0.0.133 "GET / HTTP/1.1" status: 200 len: 246 time: 0.0037889
2026-05-11 02:01:38.309 9 INFO neutron.wsgi [-] 10.0.0.133 "GET / HTTP/1.1" status: 200 len: 246 time: 0.0024390
2026-05-11 02:01:38.314 10 INFO neutron.wsgi [-] 10.0.0.133 "GET / HTTP/1.1" status: 200 len: 246 time: 0.0026274
2026-05-11 02:01:40.064 10 INFO neutron.wsgi [None req-8a36a7bf-9a96-4647-a999-8060f8d733d3 f6a1eab280bb4675a19f2737111a8190 2a02514e1226463db8226cdf845d2c0b - - default default] 199.204.45.22,10.0.0.133 "GET /v2.0/networks HTTP/1.1" status: 200 len: 2350 time: 0.1030478
2026-05-11 02:01:53.310 9 INFO neutron.wsgi [-] 10.0.0.133 "GET / HTTP/1.1" status: 200 len: 246 time: 0.0034294
2026-05-11 02:01:53.312 9 INFO neutron.wsgi [-] 10.0.0.133 "GET / HTTP/1.1" status: 200 len: 246 time: 0.0015597
2026-05-11 02:01:54.491 10 INFO neutron.wsgi [None req-569b5b1d-604e-4e39-91e7-0928a90d5632 f6a1eab280bb4675a19f2737111a8190 2a02514e1226463db8226cdf845d2c0b - - default default] 10.0.0.230 "GET /v2.0/floatingips HTTP/1.1" status: 200 len: 193 time: 0.0672193
2026-05-11 02:01:54.520 10 INFO neutron.wsgi [None req-158a294e-65db-4362-867a-523c243d4fd6 f6a1eab280bb4675a19f2737111a8190 2a02514e1226463db8226cdf845d2c0b - - default default] 10.0.0.230 "GET /v2.0/subnets HTTP/1.1" status: 200 len: 1437 time: 0.0275865
2026-05-11 02:01:54.540 10 INFO neutron.wsgi [None req-8b0da055-0817-44c0-8e80-579a099d9702 f6a1eab280bb4675a19f2737111a8190 2a02514e1226463db8226cdf845d2c0b - - default default] 10.0.0.230 "GET /v2.0/subnetpools HTTP/1.1" status: 200 len: 193 time: 0.0187109
2026-05-11 02:01:54.623 10 INFO neutron.wsgi [None req-e8692abc-ed95-451a-bc39-2db3d47ddc73 f6a1eab280bb4675a19f2737111a8190 2a02514e1226463db8226cdf845d2c0b - - default default] 10.0.0.230 "GET /v2.0/networks HTTP/1.1" status: 200 len: 2350 time: 0.0816901
2026-05-11 02:01:54.642 10 INFO neutron.wsgi [None req-876d8ea8-7de9-4a40-aee9-a6e2330fbf97 f6a1eab280bb4675a19f2737111a8190 2a02514e1226463db8226cdf845d2c0b - - default default] 10.0.0.230 "GET /v2.0/network-ip-availabilities HTTP/1.1" status: 200 len: 1280 time: 0.0176120
2026-05-11 02:01:54.695 10 INFO neutron.wsgi [None req-4b534e6f-2e4a-47a0-ab5b-b4f3c2291ccf f6a1eab280bb4675a19f2737111a8190 2a02514e1226463db8226cdf845d2c0b - - default default] 10.0.0.230 "GET /v2.0/security-groups HTTP/1.1" status: 200 len: 16799 time: 0.0520627
2026-05-11 02:01:54.729 10 INFO neutron.wsgi [None req-318bceef-7192-4fa4-8087-555e956231f4 f6a1eab280bb4675a19f2737111a8190 2a02514e1226463db8226cdf845d2c0b - - default default] 10.0.0.230 "GET /v2.0/subnets HTTP/1.1" status: 200 len: 1437 time: 0.0269365
2026-05-11 02:01:54.766 10 INFO neutron.wsgi [None req-a744fbdb-5cdc-4064-8b2c-2bf0e2c3906d f6a1eab280bb4675a19f2737111a8190 2a02514e1226463db8226cdf845d2c0b - - default default] 10.0.0.230 "GET /v2.0/agents HTTP/1.1" status: 200 len: 997 time: 0.0356698
2026-05-11 02:01:54.797 10 INFO neutron.wsgi [None req-b5980ec3-18ad-4eb1-9e5f-ee1b2b887de2 f6a1eab280bb4675a19f2737111a8190 2a02514e1226463db8226cdf845d2c0b - - default default] 10.0.0.230 "GET /v2.0/ports HTTP/1.1" status: 200 len: 5347 time: 0.0306036
2026-05-11 02:01:54.829 10 INFO neutron.wsgi [None req-e697626a-8de4-471a-93e9-d78c36fdc816 f6a1eab280bb4675a19f2737111a8190 2a02514e1226463db8226cdf845d2c0b - - default default] 10.0.0.230 "GET /v2.0/routers HTTP/1.1" status: 200 len: 189 time: 0.0282373
2026-05-11 02:01:54.850 10 INFO neutron.wsgi [None req-2b04e067-a529-4409-96c8-d66025ddc8ab f6a1eab280bb4675a19f2737111a8190 2a02514e1226463db8226cdf845d2c0b - - default default] 10.0.0.230 "GET /v2.0/agents?binary=ovn-controller HTTP/1.1" status: 200 len: 591 time: 0.0195944
2026-05-11 02:02:08.307 9 INFO neutron.wsgi [-] 10.0.0.133 "GET / HTTP/1.1" status: 200 len: 246 time: 0.0012853
2026-05-11 02:02:08.309 10 INFO neutron.wsgi [-] 10.0.0.133 "GET / HTTP/1.1" status: 200 len: 246 time: 0.0023670
2026-05-11 02:02:19.380 10 INFO neutron.wsgi [None req-f1455763-7134-4653-994c-b348db867a94 f6a1eab280bb4675a19f2737111a8190 2a02514e1226463db8226cdf845d2c0b - - default default] 10.0.0.96 "GET /v2.0/networks HTTP/1.1" status: 200 len: 2369 time: 0.1634104
2026-05-11 02:02:20.488 10 INFO neutron.wsgi [None req-fc7f90c4-2bd0-481a-a3fa-a6e6c6703cbf f6a1eab280bb4675a19f2737111a8190 2a02514e1226463db8226cdf845d2c0b - - default default] 10.0.0.96 "GET /v2.0/floatingips HTTP/1.1" status: 200 len: 212 time: 0.0218465
2026-05-11 02:02:20.511 10 INFO neutron.wsgi [None req-68c6791f-c34b-4da8-8754-9788c86168ce f6a1eab280bb4675a19f2737111a8190 2a02514e1226463db8226cdf845d2c0b - - default default] 10.0.0.96 "GET /v2.0/routers HTTP/1.1" status: 200 len: 208 time: 0.0181730
2026-05-11 02:02:20.545 10 INFO neutron.wsgi [None req-9e6426bb-41a5-44d6-9c11-bca91cc7e37d f6a1eab280bb4675a19f2737111a8190 2a02514e1226463db8226cdf845d2c0b - - default default] 10.0.0.96 "GET /v2.0/ports HTTP/1.1" status: 200 len: 5366 time: 0.0303013
2026-05-11 02:02:20.582 10 INFO neutron.wsgi [None req-d5e07b7d-e66b-4b7f-be6a-5ec13bcaa8c4 f6a1eab280bb4675a19f2737111a8190 2a02514e1226463db8226cdf845d2c0b - - default default] 10.0.0.96 "GET /v2.0/subnets HTTP/1.1" status: 200 len: 1456 time: 0.0317228
2026-05-11 02:02:20.654 10 INFO neutron.wsgi [None req-f5136872-b63b-4021-b3e4-6288115b7154 f6a1eab280bb4675a19f2737111a8190 2a02514e1226463db8226cdf845d2c0b - - default default] 10.0.0.96 "GET /v2.0/networks HTTP/1.1" status: 200 len: 2369 time: 0.0659027
2026-05-11 02:02:20.714 10 INFO neutron.wsgi [None req-276976aa-b0c6-40ce-bf40-0223c3092088 f6a1eab280bb4675a19f2737111a8190 2a02514e1226463db8226cdf845d2c0b - - default default] 10.0.0.96 "GET /v2.0/security-groups HTTP/1.1" status: 200 len: 16818 time: 0.0529213
2026-05-11 02:02:20.730 10 INFO neutron.wsgi [None req-57352eb1-cc0f-473c-afc3-4fb19c1fc205 f6a1eab280bb4675a19f2737111a8190 2a02514e1226463db8226cdf845d2c0b - - default default] 10.0.0.96 "GET /v2.0/subnetpools HTTP/1.1" status: 200 len: 212 time: 0.0105295
2026-05-11 02:02:23.309 10 INFO neutron.wsgi [-] 10.0.0.133 "GET / HTTP/1.1" status: 200 len: 246 time: 0.0023909
2026-05-11 02:02:23.312 10 INFO neutron.wsgi [-] 10.0.0.133 "GET / HTTP/1.1" status: 200 len: 246 time: 0.0019743
2026-05-11 02:02:31.677 10 INFO neutron.db.ovn_revision_numbers_db [None req-1d9ce481-b08d-4c24-b228-3b5526bd2630 f6a1eab280bb4675a19f2737111a8190 2a02514e1226463db8226cdf845d2c0b - - default default] Successfully bumped revision number for resource f1fd88a4-d77a-4249-b232-502492e86ad3 (type: security_groups) to 1
2026-05-11 02:02:31.686 9 INFO neutron.db.ovn_revision_numbers_db [None req-6a9bde60-bd1f-403e-844f-fbc08fb213d0 f6a1eab280bb4675a19f2737111a8190 2a02514e1226463db8226cdf845d2c0b - - default default] Successfully bumped revision number for resource ae94172d-0552-4cdc-8645-4584190696fe (type: security_groups) to 1
2026-05-11 02:02:31.691 10 INFO neutron.db.ovn_revision_numbers_db [None req-1d9ce481-b08d-4c24-b228-3b5526bd2630 f6a1eab280bb4675a19f2737111a8190 2a02514e1226463db8226cdf845d2c0b - - default default] Successfully bumped revision number for resource 511faf2e-6f14-4999-b3e1-5573656bd326 (type: security_group_rules) to 0
2026-05-11 02:02:31.701 9 INFO neutron.db.ovn_revision_numbers_db [None req-6a9bde60-bd1f-403e-844f-fbc08fb213d0 f6a1eab280bb4675a19f2737111a8190 2a02514e1226463db8226cdf845d2c0b - - default default] Successfully bumped revision number for resource 684fe914-9133-4bff-94f0-234f0c6ce885 (type: security_group_rules) to 0
2026-05-11 02:02:31.703 10 INFO neutron.db.ovn_revision_numbers_db [None req-1d9ce481-b08d-4c24-b228-3b5526bd2630 f6a1eab280bb4675a19f2737111a8190 2a02514e1226463db8226cdf845d2c0b - - default default] Successfully bumped revision number for resource 5672a105-2bdd-4f1b-870a-844c44e17ce6 (type: security_group_rules) to 0
2026-05-11 02:02:31.714 9 INFO neutron.db.ovn_revision_numbers_db [None req-6a9bde60-bd1f-403e-844f-fbc08fb213d0 f6a1eab280bb4675a19f2737111a8190 2a02514e1226463db8226cdf845d2c0b - - default default] Successfully bumped revision number for resource 6c82fdff-098c-459c-999a-0510da77c007 (type: security_group_rules) to 0
2026-05-11 02:02:31.716 10 INFO neutron.db.ovn_revision_numbers_db [None req-1d9ce481-b08d-4c24-b228-3b5526bd2630 f6a1eab280bb4675a19f2737111a8190 2a02514e1226463db8226cdf845d2c0b - - default default] Successfully bumped revision number for resource 6799b47b-432b-48b3-8adb-71d160cf748b (type: security_group_rules) to 0
2026-05-11 02:02:31.729 10 INFO neutron.db.ovn_revision_numbers_db [None req-1d9ce481-b08d-4c24-b228-3b5526bd2630 f6a1eab280bb4675a19f2737111a8190 2a02514e1226463db8226cdf845d2c0b - - default default] Successfully bumped revision number for resource 753b0541-7f50-4873-ac0c-2689689f7430 (type: security_group_rules) to 0
2026-05-11 02:02:31.731 9 INFO neutron.db.ovn_revision_numbers_db [None req-6a9bde60-bd1f-403e-844f-fbc08fb213d0 f6a1eab280bb4675a19f2737111a8190 2a02514e1226463db8226cdf845d2c0b - - default default] Successfully bumped revision number for resource bb0883bb-ac8d-484d-af16-dd823b903120 (type: security_group_rules) to 0
2026-05-11 02:02:31.745 9 INFO neutron.db.ovn_revision_numbers_db [None req-6a9bde60-bd1f-403e-844f-fbc08fb213d0 f6a1eab280bb4675a19f2737111a8190 2a02514e1226463db8226cdf845d2c0b - - default default] Successfully bumped revision number for resource fc399824-5653-4d6f-ae01-d5fbd2895fdd (type: security_group_rules) to 0
2026-05-11 02:02:31.791 10 INFO neutron.db.segments_db [None req-1d9ce481-b08d-4c24-b228-3b5526bd2630 f6a1eab280bb4675a19f2737111a8190 2a02514e1226463db8226cdf845d2c0b - - default default] Added segment ee43818a-2bcf-4ef5-a9bc-06a1128e5366 of type geneve for network 8811e7d7-e98f-4dd2-88e7-6cd2dc78a8e5
2026-05-11 02:02:31.814 9 INFO neutron.db.segments_db [None req-6a9bde60-bd1f-403e-844f-fbc08fb213d0 f6a1eab280bb4675a19f2737111a8190 2a02514e1226463db8226cdf845d2c0b - - default default] Added segment 95a7183a-c61a-43bc-aac6-71faec09d8bb of type geneve for network 88c18178-08c1-4671-834a-c9a5227598d6
2026-05-11 02:02:31.957 9 INFO neutron.db.ovn_revision_numbers_db [None req-6a9bde60-bd1f-403e-844f-fbc08fb213d0 f6a1eab280bb4675a19f2737111a8190 2a02514e1226463db8226cdf845d2c0b - - default default] Successfully bumped revision number for resource 88c18178-08c1-4671-834a-c9a5227598d6 (type: networks) to 1
2026-05-11 02:02:31.960 10 INFO neutron.db.ovn_revision_numbers_db [None req-1d9ce481-b08d-4c24-b228-3b5526bd2630 f6a1eab280bb4675a19f2737111a8190 2a02514e1226463db8226cdf845d2c0b - - default default] Successfully bumped revision number for resource 8811e7d7-e98f-4dd2-88e7-6cd2dc78a8e5 (type: networks) to 1
2026-05-11 02:02:32.110 9 WARNING neutron.scheduler.dhcp_agent_scheduler [None req-6a9bde60-bd1f-403e-844f-fbc08fb213d0 f6a1eab280bb4675a19f2737111a8190 2a02514e1226463db8226cdf845d2c0b - - default default] No more DHCP agents
2026-05-11 02:02:32.111 9 WARNING neutron.api.rpc.agentnotifiers.dhcp_rpc_agent_api [None req-6a9bde60-bd1f-403e-844f-fbc08fb213d0 f6a1eab280bb4675a19f2737111a8190 2a02514e1226463db8226cdf845d2c0b - - default default] Unable to schedule network 88c18178-08c1-4671-834a-c9a5227598d6: no agents available; will retry on subsequent port and subnet creation events.
2026-05-11 02:02:32.114 10 WARNING neutron.scheduler.dhcp_agent_scheduler [None req-1d9ce481-b08d-4c24-b228-3b5526bd2630 f6a1eab280bb4675a19f2737111a8190 2a02514e1226463db8226cdf845d2c0b - - default default] No more DHCP agents
2026-05-11 02:02:32.116 10 WARNING neutron.api.rpc.agentnotifiers.dhcp_rpc_agent_api [None req-1d9ce481-b08d-4c24-b228-3b5526bd2630 f6a1eab280bb4675a19f2737111a8190 2a02514e1226463db8226cdf845d2c0b - - default default] Unable to schedule network 8811e7d7-e98f-4dd2-88e7-6cd2dc78a8e5: no agents available; will retry on subsequent port and subnet creation events.
2026-05-11 02:02:32.191 9 INFO neutron.db.ovn_revision_numbers_db [None req-6a9bde60-bd1f-403e-844f-fbc08fb213d0 f6a1eab280bb4675a19f2737111a8190 2a02514e1226463db8226cdf845d2c0b - - default default] Successfully bumped revision number for resource da3b74a7-70eb-4443-8ace-db901bdd6a6d (type: ports) to 1
2026-05-11 02:02:32.195 10 INFO neutron.db.ovn_revision_numbers_db [None req-1d9ce481-b08d-4c24-b228-3b5526bd2630 f6a1eab280bb4675a19f2737111a8190 2a02514e1226463db8226cdf845d2c0b - - default default] Successfully bumped revision number for resource 16afd88d-e1d4-4067-ba3e-cb155b0466fc (type: ports) to 1
2026-05-11 02:02:32.210 9 INFO neutron.wsgi [None req-6a9bde60-bd1f-403e-844f-fbc08fb213d0 f6a1eab280bb4675a19f2737111a8190 2a02514e1226463db8226cdf845d2c0b - - default default] 10.0.0.96 "POST /v2.0/networks HTTP/1.1" status: 201 len: 938 time: 0.8035488
2026-05-11 02:02:32.212 10 INFO neutron.wsgi [None req-1d9ce481-b08d-4c24-b228-3b5526bd2630 f6a1eab280bb4675a19f2737111a8190 2a02514e1226463db8226cdf845d2c0b - - default default] 10.0.0.96 "POST /v2.0/networks HTTP/1.1" status: 201 len: 947 time: 0.8000607
2026-05-11 02:02:32.361 10 INFO neutron.db.ovn_revision_numbers_db [None req-a918dabf-654e-41b7-96a1-a2f179bcb732 f6a1eab280bb4675a19f2737111a8190 2a02514e1226463db8226cdf845d2c0b - - default default] Successfully bumped revision number for resource a5e9715a-ef1c-4448-9c9f-a995d30f1716 (type: security_groups) to 1
2026-05-11 02:02:32.384 10 WARNING neutron.scheduler.dhcp_agent_scheduler [None req-26d6d84c-54c5-4963-948c-f8f6ae960bf3 f6a1eab280bb4675a19f2737111a8190 2a02514e1226463db8226cdf845d2c0b - - default default] No more DHCP agents
2026-05-11 02:02:32.386 10 INFO neutron.db.ovn_revision_numbers_db [None req-a918dabf-654e-41b7-96a1-a2f179bcb732 f6a1eab280bb4675a19f2737111a8190 2a02514e1226463db8226cdf845d2c0b - - default default] Successfully bumped revision number for resource 0b64d3da-a592-4191-9736-0e351bbfe210 (type: security_group_rules) to 0
2026-05-11 02:02:32.387 10 WARNING neutron.api.rpc.agentnotifiers.dhcp_rpc_agent_api [None req-26d6d84c-54c5-4963-948c-f8f6ae960bf3 f6a1eab280bb4675a19f2737111a8190 2a02514e1226463db8226cdf845d2c0b - - default default] Unable to schedule network 88c18178-08c1-4671-834a-c9a5227598d6: no agents available; will retry on subsequent port and subnet creation events.
2026-05-11 02:02:32.390 9 WARNING neutron.scheduler.dhcp_agent_scheduler [None req-889a6614-3f74-4afd-a002-6c6478d173a6 f6a1eab280bb4675a19f2737111a8190 2a02514e1226463db8226cdf845d2c0b - - default default] No more DHCP agents
2026-05-11 02:02:32.392 9 WARNING neutron.api.rpc.agentnotifiers.dhcp_rpc_agent_api [None req-889a6614-3f74-4afd-a002-6c6478d173a6 f6a1eab280bb4675a19f2737111a8190 2a02514e1226463db8226cdf845d2c0b - - default default] Unable to schedule network 8811e7d7-e98f-4dd2-88e7-6cd2dc78a8e5: no agents available; will retry on subsequent port and subnet creation events.
2026-05-11 02:02:32.408 10 INFO neutron.db.ovn_revision_numbers_db [None req-a918dabf-654e-41b7-96a1-a2f179bcb732 f6a1eab280bb4675a19f2737111a8190 2a02514e1226463db8226cdf845d2c0b - - default default] Successfully bumped revision number for resource 287b2e78-be98-40eb-ad8f-dbfa6a8c8bdd (type: security_group_rules) to 0
2026-05-11 02:02:32.426 10 INFO neutron.db.ovn_revision_numbers_db [None req-a918dabf-654e-41b7-96a1-a2f179bcb732 f6a1eab280bb4675a19f2737111a8190 2a02514e1226463db8226cdf845d2c0b - - default default] Successfully bumped revision number for resource 7578c38d-c197-4561-a3fd-71ae55a68783 (type: security_group_rules) to 0
2026-05-11 02:02:32.440 10 INFO neutron.db.ovn_revision_numbers_db [None req-a918dabf-654e-41b7-96a1-a2f179bcb732 f6a1eab280bb4675a19f2737111a8190 2a02514e1226463db8226cdf845d2c0b - - default default] Successfully bumped revision number for resource ab097e35-52bc-4b22-9aab-f99aa6dc86f6 (type: security_group_rules) to 0
2026-05-11 02:02:32.484 10 INFO neutron.wsgi [None req-a918dabf-654e-41b7-96a1-a2f179bcb732 f6a1eab280bb4675a19f2737111a8190 2a02514e1226463db8226cdf845d2c0b - - default default] 10.0.0.96 "GET /v2.0/security-groups?tenant_id=ecc62f9f697c4c75b75b8226870cd3cf&name=default HTTP/1.1" status: 200 len: 2992 time: 0.4843652
2026-05-11 02:02:32.712 9 INFO neutron.db.ovn_revision_numbers_db [None req-d02f2b48-72ef-465c-99c8-a8fa0a476316 f6a1eab280bb4675a19f2737111a8190 2a02514e1226463db8226cdf845d2c0b - - default default] Successfully bumped revision number for resource bb6ca9a6-9a0b-4495-ae85-01da05c15081 (type: security_groups) to 1
2026-05-11 02:02:32.744 9 INFO neutron.db.ovn_revision_numbers_db [None req-d02f2b48-72ef-465c-99c8-a8fa0a476316 f6a1eab280bb4675a19f2737111a8190 2a02514e1226463db8226cdf845d2c0b - - default default] Successfully bumped revision number for resource 23d7db20-9658-486d-a20d-02162bc1f421 (type: security_group_rules) to 0
2026-05-11 02:02:32.768 9 INFO neutron.db.ovn_revision_numbers_db [None req-d02f2b48-72ef-465c-99c8-a8fa0a476316 f6a1eab280bb4675a19f2737111a8190 2a02514e1226463db8226cdf845d2c0b - - default default] Successfully bumped revision number for resource 6f568653-ec85-4b73-b996-16226ffb8c49 (type: security_group_rules) to 0
2026-05-11 02:02:32.784 9 INFO neutron.db.ovn_revision_numbers_db [None req-d02f2b48-72ef-465c-99c8-a8fa0a476316 f6a1eab280bb4675a19f2737111a8190 2a02514e1226463db8226cdf845d2c0b - - default default] Successfully bumped revision number for resource 8f65dffc-3831-4c41-9353-ec3fff269359 (type: security_group_rules) to 0
2026-05-11 02:02:32.854 9 INFO neutron.db.ovn_revision_numbers_db [None req-d02f2b48-72ef-465c-99c8-a8fa0a476316 f6a1eab280bb4675a19f2737111a8190 2a02514e1226463db8226cdf845d2c0b - - default default] Successfully bumped revision number for resource dc25d37d-dee0-4024-9148-7500ff5dad46 (type: security_group_rules) to 0
2026-05-11 02:02:32.863 10 INFO neutron.wsgi [None req-ca9f6c96-7d98-4bba-b544-111905f6df19 f6a1eab280bb4675a19f2737111a8190 2a02514e1226463db8226cdf845d2c0b - - default default] 10.0.0.96 "DELETE /v2.0/security-groups/a5e9715a-ef1c-4448-9c9f-a995d30f1716 HTTP/1.1" status: 204 len: 168 time: 0.3749800
2026-05-11 02:02:32.881 9 INFO neutron.wsgi [None req-d02f2b48-72ef-465c-99c8-a8fa0a476316 f6a1eab280bb4675a19f2737111a8190 2a02514e1226463db8226cdf845d2c0b - - default default] 10.0.0.96 "GET /v2.0/security-groups?tenant_id=ca962ffe8c65473eaa1b1b438d48036c&name=default HTTP/1.1" status: 200 len: 2992 time: 0.4749148
2026-05-11 02:02:32.950 10 INFO neutron.db.ovn_revision_numbers_db [None req-26d6d84c-54c5-4963-948c-f8f6ae960bf3 f6a1eab280bb4675a19f2737111a8190 2a02514e1226463db8226cdf845d2c0b - - default default] Successfully bumped revision number for resource da3b74a7-70eb-4443-8ace-db901bdd6a6d (type: ports) to 2
2026-05-11 02:02:32.979 9 INFO neutron.db.ovn_revision_numbers_db [None req-889a6614-3f74-4afd-a002-6c6478d173a6 f6a1eab280bb4675a19f2737111a8190 2a02514e1226463db8226cdf845d2c0b - - default default] Successfully bumped revision number for resource 16afd88d-e1d4-4067-ba3e-cb155b0466fc (type: ports) to 2
2026-05-11 02:02:32.995 10 INFO neutron.db.ovn_revision_numbers_db [None req-26d6d84c-54c5-4963-948c-f8f6ae960bf3 f6a1eab280bb4675a19f2737111a8190 2a02514e1226463db8226cdf845d2c0b - - default default] Successfully bumped revision number for resource 6bba8b98-1d3d-4d94-b486-dcec72fd70f3 (type: subnets) to 0
2026-05-11 02:02:33.010 10 INFO neutron.wsgi [None req-26d6d84c-54c5-4963-948c-f8f6ae960bf3 f6a1eab280bb4675a19f2737111a8190 2a02514e1226463db8226cdf845d2c0b - - default default] 10.0.0.96 "POST /v2.0/subnets HTTP/1.1" status: 201 len: 859 time: 0.7939656
2026-05-11 02:02:33.040 9 INFO neutron.db.ovn_revision_numbers_db [None req-889a6614-3f74-4afd-a002-6c6478d173a6 f6a1eab280bb4675a19f2737111a8190 2a02514e1226463db8226cdf845d2c0b - - default default] Successfully bumped revision number for resource 8311fa74-3557-4546-bba9-7e96a34c3392 (type: subnets) to 0
2026-05-11 02:02:33.057 9 INFO neutron.wsgi [None req-889a6614-3f74-4afd-a002-6c6478d173a6 f6a1eab280bb4675a19f2737111a8190 2a02514e1226463db8226cdf845d2c0b - - default default] 10.0.0.96 "POST /v2.0/subnets HTTP/1.1" status: 201 len: 867 time: 0.8408601
2026-05-11 02:02:33.224 9 INFO neutron.wsgi [None req-87d9bca0-c3c5-42fb-90c4-c3dec88f27b6 f6a1eab280bb4675a19f2737111a8190 2a02514e1226463db8226cdf845d2c0b - - default default] 10.0.0.96 "DELETE /v2.0/security-groups/bb6ca9a6-9a0b-4495-ae85-01da05c15081 HTTP/1.1" status: 204 len: 168 time: 0.3378189
2026-05-11 02:02:33.514 9 WARNING neutron.scheduler.dhcp_agent_scheduler [None req-7d46eb37-6f10-4820-8366-34a3b2d4936b f6a1eab280bb4675a19f2737111a8190 2a02514e1226463db8226cdf845d2c0b - - default default] No more DHCP agents
2026-05-11 02:02:33.516 9 WARNING neutron.api.rpc.agentnotifiers.dhcp_rpc_agent_api [None req-7d46eb37-6f10-4820-8366-34a3b2d4936b f6a1eab280bb4675a19f2737111a8190 2a02514e1226463db8226cdf845d2c0b - - default default] Unable to schedule network ff242978-c630-477a-8591-8f3e9d7d41ce: no agents available; will retry on subsequent port and subnet creation events.
2026-05-11 02:02:33.545 10 WARNING neutron.scheduler.dhcp_agent_scheduler [None req-5a455843-86c4-46d9-a466-45dc46bbc76c f6a1eab280bb4675a19f2737111a8190 2a02514e1226463db8226cdf845d2c0b - - default default] No more DHCP agents
2026-05-11 02:02:33.547 10 WARNING neutron.api.rpc.agentnotifiers.dhcp_rpc_agent_api [None req-5a455843-86c4-46d9-a466-45dc46bbc76c f6a1eab280bb4675a19f2737111a8190 2a02514e1226463db8226cdf845d2c0b - - default default] Unable to schedule network ff242978-c630-477a-8591-8f3e9d7d41ce: no agents available; will retry on subsequent port and subnet creation events.
2026-05-11 02:02:33.644 9 INFO neutron.db.ovn_revision_numbers_db [None req-7d46eb37-6f10-4820-8366-34a3b2d4936b f6a1eab280bb4675a19f2737111a8190 2a02514e1226463db8226cdf845d2c0b - - default default] Successfully bumped revision number for resource cd0b610d-d576-4df0-ab5a-62f883c36385 (type: ports) to 1
2026-05-11 02:02:33.691 10 INFO neutron.db.ovn_revision_numbers_db [None req-5a455843-86c4-46d9-a466-45dc46bbc76c f6a1eab280bb4675a19f2737111a8190 2a02514e1226463db8226cdf845d2c0b - - default default] Successfully bumped revision number for resource 845f37be-870c-4e45-9378-321c654a83a3 (type: ports) to 1
2026-05-11 02:02:33.971 9 INFO neutron.plugins.ml2.drivers.ovn.mech_driver.ovsdb.extensions.qos [None req-7d46eb37-6f10-4820-8366-34a3b2d4936b f6a1eab280bb4675a19f2737111a8190 2a02514e1226463db8226cdf845d2c0b - - default default] Starting OVNClientQosExtension
2026-05-11 02:02:34.059 10 INFO neutron.plugins.ml2.drivers.ovn.mech_driver.ovsdb.extensions.qos [None req-5a455843-86c4-46d9-a466-45dc46bbc76c f6a1eab280bb4675a19f2737111a8190 2a02514e1226463db8226cdf845d2c0b - - default default] Starting OVNClientQosExtension
2026-05-11 02:02:34.277 10 INFO neutron.plugins.ml2.drivers.ovn.mech_driver.mech_driver [-] OVN reports status up for port: cd0b610d-d576-4df0-ab5a-62f883c36385
2026-05-11 02:02:34.297 9 INFO neutron.db.ovn_revision_numbers_db [None req-7d46eb37-6f10-4820-8366-34a3b2d4936b f6a1eab280bb4675a19f2737111a8190 2a02514e1226463db8226cdf845d2c0b - - default default] Successfully bumped revision number for resource cd0b610d-d576-4df0-ab5a-62f883c36385 (type: router_ports) to 1
2026-05-11 02:02:34.298 10 INFO neutron.plugins.ml2.drivers.ovn.mech_driver.ovsdb.ovsdb_monitor [-] Router d074fe9c-5a49-4d6c-92f6-57da7f5fecbb is bound to host instance
2026-05-11 02:02:34.299 10 INFO neutron.plugins.ml2.plugin [None req-bf330d73-d748-4cf8-baff-df318e4b0fae - - - - - -] Attempt 1 to provision port cd0b610d-d576-4df0-ab5a-62f883c36385
2026-05-11 02:02:34.353 9 INFO neutron.db.ovn_revision_numbers_db [None req-7d46eb37-6f10-4820-8366-34a3b2d4936b f6a1eab280bb4675a19f2737111a8190 2a02514e1226463db8226cdf845d2c0b - - default default] Successfully bumped revision number for resource d074fe9c-5a49-4d6c-92f6-57da7f5fecbb (type: routers) to 2
2026-05-11 02:02:34.365 9 INFO neutron.wsgi [None req-7d46eb37-6f10-4820-8366-34a3b2d4936b f6a1eab280bb4675a19f2737111a8190 2a02514e1226463db8226cdf845d2c0b - - default default] 10.0.0.96 "POST /v2.0/routers HTTP/1.1" status: 201 len: 870 time: 1.3513045
2026-05-11 02:02:34.530 9 INFO neutron.plugins.ml2.drivers.ovn.mech_driver.ovsdb.ovsdb_monitor [-] Router 256d4ec5-c1ed-4934-8a0b-3a70d315e0eb is bound to host instance
2026-05-11 02:02:34.547 10 INFO neutron.db.ovn_revision_numbers_db [None req-5a455843-86c4-46d9-a466-45dc46bbc76c f6a1eab280bb4675a19f2737111a8190 2a02514e1226463db8226cdf845d2c0b - - default default] Successfully bumped revision number for resource 845f37be-870c-4e45-9378-321c654a83a3 (type: router_ports) to 1
2026-05-11 02:02:34.631 10 INFO neutron.db.ovn_revision_numbers_db [None req-5a455843-86c4-46d9-a466-45dc46bbc76c f6a1eab280bb4675a19f2737111a8190 2a02514e1226463db8226cdf845d2c0b - - default default] Successfully bumped revision number for resource 256d4ec5-c1ed-4934-8a0b-3a70d315e0eb (type: routers) to 2
2026-05-11 02:02:34.666 10 INFO neutron.wsgi [None req-5a455843-86c4-46d9-a466-45dc46bbc76c f6a1eab280bb4675a19f2737111a8190 2a02514e1226463db8226cdf845d2c0b - - default default] 10.0.0.96 "POST /v2.0/routers HTTP/1.1" status: 201 len: 878 time: 1.6029749
2026-05-11 02:02:34.993 10 INFO neutron.db.ovn_revision_numbers_db [None req-3df83f73-3d3a-4783-b230-fbb2e8d618f1 - - - - - -] Successfully bumped revision number for resource cd0b610d-d576-4df0-ab5a-62f883c36385 (type: ports) to 1
2026-05-11 02:02:35.038 10 INFO neutron.db.ovn_revision_numbers_db [None req-4156b6e1-1761-4e97-9f32-1cbba0fbb656 f6a1eab280bb4675a19f2737111a8190 2a02514e1226463db8226cdf845d2c0b - - default default] Successfully bumped revision number for resource 2603ffb4-bffd-47f2-9b69-acd0c1ca7dfe (type: security_groups) to 1
2026-05-11 02:02:35.056 10 INFO neutron.db.ovn_revision_numbers_db [None req-4156b6e1-1761-4e97-9f32-1cbba0fbb656 f6a1eab280bb4675a19f2737111a8190 2a02514e1226463db8226cdf845d2c0b - - default default] Successfully bumped revision number for resource 0c52b0ba-a334-472b-81fe-a8be3e2cf167 (type: security_group_rules) to 0
2026-05-11 02:02:35.059 9 WARNING neutron.scheduler.dhcp_agent_scheduler [None req-a60a27e8-9839-4f81-b2f5-fbf0bb2a0d5d f6a1eab280bb4675a19f2737111a8190 2a02514e1226463db8226cdf845d2c0b - - default default] No more DHCP agents
2026-05-11 02:02:35.064 9 WARNING neutron.api.rpc.agentnotifiers.dhcp_rpc_agent_api [None req-a60a27e8-9839-4f81-b2f5-fbf0bb2a0d5d f6a1eab280bb4675a19f2737111a8190 2a02514e1226463db8226cdf845d2c0b - - default default] Unable to schedule network 88c18178-08c1-4671-834a-c9a5227598d6: no agents available; will retry on subsequent port and subnet creation events.
2026-05-11 02:02:35.074 10 INFO neutron.db.ovn_revision_numbers_db [None req-4156b6e1-1761-4e97-9f32-1cbba0fbb656 f6a1eab280bb4675a19f2737111a8190 2a02514e1226463db8226cdf845d2c0b - - default default] Successfully bumped revision number for resource 31585966-e06c-421e-a915-2708e48c0421 (type: security_group_rules) to 0
2026-05-11 02:02:35.096 10 INFO neutron.db.ovn_revision_numbers_db [None req-4156b6e1-1761-4e97-9f32-1cbba0fbb656 f6a1eab280bb4675a19f2737111a8190 2a02514e1226463db8226cdf845d2c0b - - default default] Successfully bumped revision number for resource 35754178-2870-4ea4-9255-ba1e9302f2bd (type: security_group_rules) to 0
2026-05-11 02:02:35.131 10 INFO neutron.db.ovn_revision_numbers_db [None req-4156b6e1-1761-4e97-9f32-1cbba0fbb656 f6a1eab280bb4675a19f2737111a8190 2a02514e1226463db8226cdf845d2c0b - - default default] Successfully bumped revision number for resource 5ae3efca-3350-4f0b-bccf-1f681ad2e8fd (type: security_group_rules) to 0
2026-05-11 02:02:35.180 10 INFO neutron.db.segments_db [None req-4156b6e1-1761-4e97-9f32-1cbba0fbb656 f6a1eab280bb4675a19f2737111a8190 2a02514e1226463db8226cdf845d2c0b - - default default] Added segment fa2a37ef-9680-4ba7-9afc-74f8a77e0865 of type geneve for network 42485073-2f32-453d-be84-9f90c5547eb6
2026-05-11 02:02:35.314 9 INFO neutron.db.ovn_revision_numbers_db [None req-a60a27e8-9839-4f81-b2f5-fbf0bb2a0d5d f6a1eab280bb4675a19f2737111a8190 2a02514e1226463db8226cdf845d2c0b - - default default] Successfully bumped revision number for resource 8a31e401-8ccd-4a24-abe2-b6987818ac47 (type: ports) to 1
2026-05-11 02:02:35.339 10 INFO neutron.db.ovn_revision_numbers_db [None req-4156b6e1-1761-4e97-9f32-1cbba0fbb656 f6a1eab280bb4675a19f2737111a8190 2a02514e1226463db8226cdf845d2c0b - - default default] Successfully bumped revision number for resource 42485073-2f32-453d-be84-9f90c5547eb6 (type: networks) to 1
2026-05-11 02:02:35.342 10 INFO neutron.db.ovn_revision_numbers_db [None req-3df83f73-3d3a-4783-b230-fbb2e8d618f1 - - - - - -] Successfully bumped revision number for resource cd0b610d-d576-4df0-ab5a-62f883c36385 (type: router_ports) to 3
2026-05-11 02:02:35.527 10 INFO neutron.db.ovn_revision_numbers_db [None req-3df83f73-3d3a-4783-b230-fbb2e8d618f1 - - - - - -] Successfully bumped revision number for resource cd0b610d-d576-4df0-ab5a-62f883c36385 (type: ports) to 2
2026-05-11 02:02:35.545 10 WARNING neutron.scheduler.dhcp_agent_scheduler [None req-4156b6e1-1761-4e97-9f32-1cbba0fbb656 f6a1eab280bb4675a19f2737111a8190 2a02514e1226463db8226cdf845d2c0b - - default default] No more DHCP agents
2026-05-11 02:02:35.549 10 WARNING neutron.api.rpc.agentnotifiers.dhcp_rpc_agent_api [None req-4156b6e1-1761-4e97-9f32-1cbba0fbb656 f6a1eab280bb4675a19f2737111a8190 2a02514e1226463db8226cdf845d2c0b - - default default] Unable to schedule network 42485073-2f32-453d-be84-9f90c5547eb6: no agents available; will retry on subsequent port and subnet creation events.
2026-05-11 02:02:35.558 9 INFO neutron.db.ovn_revision_numbers_db [None req-d3b99b26-6804-494a-996a-49b8282b2332 - - - - - -] Successfully bumped revision number for resource 845f37be-870c-4e45-9378-321c654a83a3 (type: ports) to 1
2026-05-11 02:02:35.562 9 WARNING neutron.scheduler.dhcp_agent_scheduler [None req-028b3a5d-7533-44b6-a0c0-81f0a348cba7 f6a1eab280bb4675a19f2737111a8190 2a02514e1226463db8226cdf845d2c0b - - default default] No more DHCP agents
2026-05-11 02:02:35.566 9 WARNING neutron.api.rpc.agentnotifiers.dhcp_rpc_agent_api [None req-028b3a5d-7533-44b6-a0c0-81f0a348cba7 f6a1eab280bb4675a19f2737111a8190 2a02514e1226463db8226cdf845d2c0b - - default default] Unable to schedule network 8811e7d7-e98f-4dd2-88e7-6cd2dc78a8e5: no agents available; will retry on subsequent port and subnet creation events.
2026-05-11 02:02:35.664 10 INFO neutron.db.ovn_revision_numbers_db [None req-4156b6e1-1761-4e97-9f32-1cbba0fbb656 f6a1eab280bb4675a19f2737111a8190 2a02514e1226463db8226cdf845d2c0b - - default default] Successfully bumped revision number for resource f6987bf2-927b-49de-a5b7-1a05cc39435d (type: ports) to 1
2026-05-11 02:02:35.691 10 INFO neutron.wsgi [None req-4156b6e1-1761-4e97-9f32-1cbba0fbb656 f6a1eab280bb4675a19f2737111a8190 2a02514e1226463db8226cdf845d2c0b - - default default] 10.0.0.96 "POST /v2.0/networks HTTP/1.1" status: 201 len: 951 time: 1.0693221
2026-05-11 02:02:35.790 10 INFO neutron.db.ovn_revision_numbers_db [None req-3df83f73-3d3a-4783-b230-fbb2e8d618f1 - - - - - -] Successfully bumped revision number for resource cd0b610d-d576-4df0-ab5a-62f883c36385 (type: ports) to 4
2026-05-11 02:02:35.952 9 INFO neutron.db.ovn_revision_numbers_db [None req-028b3a5d-7533-44b6-a0c0-81f0a348cba7 f6a1eab280bb4675a19f2737111a8190 2a02514e1226463db8226cdf845d2c0b - - default default] Successfully bumped revision number for resource cacaada9-4293-49a4-a3b0-c86525e4e619 (type: ports) to 1
2026-05-11 02:02:36.124 10 INFO neutron.db.ovn_revision_numbers_db [None req-3df83f73-3d3a-4783-b230-fbb2e8d618f1 - - - - - -] Successfully bumped revision number for resource cd0b610d-d576-4df0-ab5a-62f883c36385 (type: router_ports) to 4
2026-05-11 02:02:36.209 9 WARNING neutron.scheduler.dhcp_agent_scheduler [None req-163172f5-ffdf-4f68-b1de-00db8de554cf f6a1eab280bb4675a19f2737111a8190 2a02514e1226463db8226cdf845d2c0b - - default default] No more DHCP agents
2026-05-11 02:02:36.216 9 WARNING neutron.api.rpc.agentnotifiers.dhcp_rpc_agent_api [None req-163172f5-ffdf-4f68-b1de-00db8de554cf f6a1eab280bb4675a19f2737111a8190 2a02514e1226463db8226cdf845d2c0b - - default default] Unable to schedule network 42485073-2f32-453d-be84-9f90c5547eb6: no agents available; will retry on subsequent port and subnet creation events.
2026-05-11 02:02:36.329 9 INFO neutron.db.ovn_revision_numbers_db [None req-d3b99b26-6804-494a-996a-49b8282b2332 - - - - - -] Successfully bumped revision number for resource 845f37be-870c-4e45-9378-321c654a83a3 (type: router_ports) to 3
2026-05-11 02:02:36.351 9 INFO neutron.plugins.ml2.drivers.ovn.mech_driver.mech_driver [None req-d7fd741a-a85c-4092-858e-c1902e487ad4 - - - - - -] OVN reports status up for port: 8a31e401-8ccd-4a24-abe2-b6987818ac47
2026-05-11 02:02:36.385 9 INFO neutron.plugins.ml2.plugin [None req-d7fd741a-a85c-4092-858e-c1902e487ad4 - - - - - -] Attempt 1 to provision port 8a31e401-8ccd-4a24-abe2-b6987818ac47
2026-05-11 02:02:36.423 9 INFO neutron.db.ovn_revision_numbers_db [None req-a60a27e8-9839-4f81-b2f5-fbf0bb2a0d5d f6a1eab280bb4675a19f2737111a8190 2a02514e1226463db8226cdf845d2c0b - - default default] Successfully bumped revision number for resource 8a31e401-8ccd-4a24-abe2-b6987818ac47 (type: router_ports) to 1
2026-05-11 02:02:36.541 10 INFO neutron.plugins.ml2.drivers.ovn.mech_driver.mech_driver [None req-bf330d73-d748-4cf8-baff-df318e4b0fae - - - - - -] OVN reports status up for port: 845f37be-870c-4e45-9378-321c654a83a3
2026-05-11 02:02:36.555 10 INFO neutron.plugins.ml2.plugin [None req-bf330d73-d748-4cf8-baff-df318e4b0fae - - - - - -] Attempt 1 to provision port 845f37be-870c-4e45-9378-321c654a83a3
2026-05-11 02:02:36.794 9 INFO neutron.db.ovn_revision_numbers_db [None req-d3b99b26-6804-494a-996a-49b8282b2332 - - - - - -] Successfully bumped revision number for resource 845f37be-870c-4e45-9378-321c654a83a3 (type: ports) to 2
2026-05-11 02:02:36.803 10 INFO neutron.db.ovn_revision_numbers_db [None req-bf330d73-d748-4cf8-baff-df318e4b0fae - - - - - -] Successfully bumped revision number for resource 845f37be-870c-4e45-9378-321c654a83a3 (type: ports) to 4
2026-05-11 02:02:36.912 9 INFO neutron.db.ovn_revision_numbers_db [None req-a60a27e8-9839-4f81-b2f5-fbf0bb2a0d5d f6a1eab280bb4675a19f2737111a8190 2a02514e1226463db8226cdf845d2c0b - - default default] Successfully bumped revision number for resource 8a31e401-8ccd-4a24-abe2-b6987818ac47 (type: ports) to 1
2026-05-11 02:02:37.026 10 INFO neutron.db.ovn_revision_numbers_db [None req-bf330d73-d748-4cf8-baff-df318e4b0fae - - - - - -] Successfully bumped revision number for resource 845f37be-870c-4e45-9378-321c654a83a3 (type: router_ports) to 4
2026-05-11 02:02:37.169 10 INFO neutron.plugins.ml2.drivers.ovn.mech_driver.mech_driver [None req-bf330d73-d748-4cf8-baff-df318e4b0fae - - - - - -] OVN reports status up for port: cacaada9-4293-49a4-a3b0-c86525e4e619
2026-05-11 02:02:37.190 10 INFO neutron.plugins.ml2.plugin [None req-bf330d73-d748-4cf8-baff-df318e4b0fae - - - - - -] Attempt 1 to provision port cacaada9-4293-49a4-a3b0-c86525e4e619
2026-05-11 02:02:37.194 9 WARNING neutron.scheduler.dhcp_agent_scheduler [None req-a60a27e8-9839-4f81-b2f5-fbf0bb2a0d5d f6a1eab280bb4675a19f2737111a8190 2a02514e1226463db8226cdf845d2c0b - - default default] No more DHCP agents
2026-05-11 02:02:37.204 9 WARNING neutron.api.rpc.agentnotifiers.dhcp_rpc_agent_api [None req-a60a27e8-9839-4f81-b2f5-fbf0bb2a0d5d f6a1eab280bb4675a19f2737111a8190 2a02514e1226463db8226cdf845d2c0b - - default default] Unable to schedule network 88c18178-08c1-4671-834a-c9a5227598d6: no agents available; will retry on subsequent port and subnet creation events.
2026-05-11 02:02:37.245 9 INFO neutron.db.ovn_revision_numbers_db [None req-028b3a5d-7533-44b6-a0c0-81f0a348cba7 f6a1eab280bb4675a19f2737111a8190 2a02514e1226463db8226cdf845d2c0b - - default default] Successfully bumped revision number for resource cacaada9-4293-49a4-a3b0-c86525e4e619 (type: router_ports) to 1
2026-05-11 02:02:37.323 9 INFO neutron.db.ovn_revision_numbers_db [None req-d7fd741a-a85c-4092-858e-c1902e487ad4 - - - - - -] Successfully bumped revision number for resource 8a31e401-8ccd-4a24-abe2-b6987818ac47 (type: ports) to 2
2026-05-11 02:02:37.462 10 INFO neutron.db.ovn_revision_numbers_db [None req-bf330d73-d748-4cf8-baff-df318e4b0fae - - - - - -] Successfully bumped revision number for resource cacaada9-4293-49a4-a3b0-c86525e4e619 (type: ports) to 2
