2026-05-11 02:05:14.632 10 INFO neutron.wsgi [None req-91c7a701-18ba-4fd4-a2bd-b88aa9a95b33 f6a1eab280bb4675a19f2737111a8190 2a02514e1226463db8226cdf845d2c0b - - default default] 10.0.0.96 "GET /v2.0/security-groups?tenant_id=8409f0b7efec490e8a5532ab9c34d722&name=default HTTP/1.1" status: 200 len: 2996 time: 0.1894376
2026-05-11 02:05:14.700 9 INFO neutron.wsgi [None req-592e4d6b-6fc8-4a38-a78a-93bfba65e692 d843385bb7344a828b1e4bf89a1f1372 5d7ebff22ca44106846acbae50c9df20 - - default default] 10.0.0.96 "PUT /v2.0/routers/0994fa7e-edd6-4415-87bb-f6836e5f382e/remove_router_interface HTTP/1.1" status: 200 len: 503 time: 0.7994201
2026-05-11 02:05:14.793 10 INFO neutron.wsgi [None req-6dc52a3f-bd73-4e1c-872a-6edf7cc4fa26 d843385bb7344a828b1e4bf89a1f1372 5d7ebff22ca44106846acbae50c9df20 - - default default] 10.0.0.96 "GET /v2.0/ports/46b3444a-85cd-4b7c-b80f-c1e03f6399c1 HTTP/1.1" status: 200 len: 1137 time: 0.0892558 /var/lib/openstack/lib/python3.10/site-packages/pycadf/identifier.py:71: UserWarning: Invalid uuid: neutron. To ensure interoperability, identifiers should be a valid uuid. warnings.warn(('Invalid uuid: %s. To ensure interoperability, '
2026-05-11 02:05:14.849 10 INFO neutron.wsgi [None req-e024286e-6f10-4048-af10-badf3cafd32c f6a1eab280bb4675a19f2737111a8190 2a02514e1226463db8226cdf845d2c0b - - default default] 10.0.0.96 "DELETE /v2.0/security-groups/9af0c691-b5d2-4fe6-8a9e-13a5773b66e1 HTTP/1.1" status: 204 len: 168 time: 0.2130837
2026-05-11 02:05:15.164 9 INFO neutron.db.ovn_revision_numbers_db [None req-213d2856-9713-45aa-9160-1910b4885d64 f6a1eab280bb4675a19f2737111a8190 2a02514e1226463db8226cdf845d2c0b - - default default] Successfully bumped revision number for resource c143fe10-0c7a-4a35-af04-810ee617ca88 (type: security_groups) to 1
2026-05-11 02:05:15.190 9 INFO neutron.db.ovn_revision_numbers_db [None req-213d2856-9713-45aa-9160-1910b4885d64 f6a1eab280bb4675a19f2737111a8190 2a02514e1226463db8226cdf845d2c0b - - default default] Successfully bumped revision number for resource 03d3f158-5c54-493e-a8b2-5727f1974f05 (type: security_group_rules) to 0
2026-05-11 02:05:15.206 9 INFO neutron.db.ovn_revision_numbers_db [None req-213d2856-9713-45aa-9160-1910b4885d64 f6a1eab280bb4675a19f2737111a8190 2a02514e1226463db8226cdf845d2c0b - - default default] Successfully bumped revision number for resource 194c0e64-9882-46f1-bfc3-8a4668990fdf (type: security_group_rules) to 0
2026-05-11 02:05:15.230 9 INFO neutron.db.ovn_revision_numbers_db [None req-213d2856-9713-45aa-9160-1910b4885d64 f6a1eab280bb4675a19f2737111a8190 2a02514e1226463db8226cdf845d2c0b - - default default] Successfully bumped revision number for resource bbec4a12-cdf6-448c-a6f7-8fcf2d4368b1 (type: security_group_rules) to 0
2026-05-11 02:05:15.251 9 INFO neutron.db.ovn_revision_numbers_db [None req-213d2856-9713-45aa-9160-1910b4885d64 f6a1eab280bb4675a19f2737111a8190 2a02514e1226463db8226cdf845d2c0b - - default default] Successfully bumped revision number for resource fa31795c-d53c-4ecf-b4c8-118dfe3dc680 (type: security_group_rules) to 0
2026-05-11 02:05:15.284 9 INFO neutron.wsgi [None req-213d2856-9713-45aa-9160-1910b4885d64 f6a1eab280bb4675a19f2737111a8190 2a02514e1226463db8226cdf845d2c0b - - default default] 10.0.0.96 "GET /v2.0/security-groups?tenant_id=a20214c3cc8141039a5b5d2dc529bcf7&name=default HTTP/1.1" status: 200 len: 2996 time: 0.2740266
2026-05-11 02:05:15.468 9 INFO neutron.wsgi [None req-ccbef225-46c0-4738-9fd6-636dd253ee25 d843385bb7344a828b1e4bf89a1f1372 5d7ebff22ca44106846acbae50c9df20 - - default default] 10.0.0.96 "PUT /v2.0/routers/0994fa7e-edd6-4415-87bb-f6836e5f382e/remove_router_interface HTTP/1.1" status: 200 len: 503 time: 0.6702719
2026-05-11 02:05:15.497 10 INFO neutron.wsgi [req-2e09e49b-5c7b-4046-bad0-c0c188bdd4b6 req-7b3c6732-a215-4528-96fe-48de5f478eeb 555bc1fa792748319f783b300bd30ff9 e506c42adad146b8be0084604098b1bd - - default default] 10.0.0.15 "GET /v2.0/ports?device_id=39fc4d0d-3dd2-4316-be3a-62a7f5b89abe HTTP/1.1" status: 200 len: 1168 time: 0.0438662
2026-05-11 02:05:15.499 10 INFO neutron.wsgi [None req-6b1ab55a-604e-41c2-a799-ce88434183ab d843385bb7344a828b1e4bf89a1f1372 5d7ebff22ca44106846acbae50c9df20 - - default default] 10.0.0.96 "GET /v2.0/ports?device_id=0994fa7e-edd6-4415-87bb-f6836e5f382e HTTP/1.1" status: 200 len: 205 time: 0.0246160
2026-05-11 02:05:15.535 10 INFO neutron.wsgi [None req-0b405a12-dd9b-4dca-ad7f-d90c5226dd96 f6a1eab280bb4675a19f2737111a8190 2a02514e1226463db8226cdf845d2c0b - - default default] 10.0.0.96 "DELETE /v2.0/security-groups/c143fe10-0c7a-4a35-af04-810ee617ca88 HTTP/1.1" status: 204 len: 168 time: 0.2448442
2026-05-11 02:05:15.579 10 INFO neutron.wsgi [req-2e09e49b-5c7b-4046-bad0-c0c188bdd4b6 req-54a1f52c-ee04-4730-85fa-51de96322fa2 555bc1fa792748319f783b300bd30ff9 e506c42adad146b8be0084604098b1bd - - default default] 10.0.0.15 "GET /v2.0/security-groups?id=c2734b07-e980-4624-be77-5242c9117245&fields=id&fields=name HTTP/1.1" status: 200 len: 286 time: 0.0750127
2026-05-11 02:05:15.883 10 INFO neutron.wsgi [None req-3120bb94-8cc2-40bc-9e82-007242448d91 d843385bb7344a828b1e4bf89a1f1372 5d7ebff22ca44106846acbae50c9df20 - - default default] 10.0.0.96 "DELETE /v2.0/routers/0994fa7e-edd6-4415-87bb-f6836e5f382e HTTP/1.1" status: 204 len: 168 time: 0.3798084
2026-05-11 02:05:16.087 10 INFO neutron.wsgi [None req-64b5c40d-13ae-4136-9f10-53ad2fa11fc1 d843385bb7344a828b1e4bf89a1f1372 5d7ebff22ca44106846acbae50c9df20 - - default default] 10.0.0.96 "DELETE /v2.0/subnets/fc282fec-1306-4bcb-8921-ef3beeb9ba1c HTTP/1.1" status: 204 len: 168 time: 0.1991925
2026-05-11 02:05:16.298 10 INFO neutron.wsgi [None req-0ea7f68b-5e35-4e6e-8f21-f6a3da30262a d843385bb7344a828b1e4bf89a1f1372 5d7ebff22ca44106846acbae50c9df20 - - default default] 10.0.0.96 "DELETE /v2.0/subnets/97e1cb6b-d27c-44b0-9795-9656a8a8f34c HTTP/1.1" status: 204 len: 168 time: 0.2048273 /var/lib/openstack/lib/python3.10/site-packages/pycadf/identifier.py:71: UserWarning: Invalid uuid: neutron. To ensure interoperability, identifiers should be a valid uuid. warnings.warn(('Invalid uuid: %s. To ensure interoperability, '
2026-05-11 02:05:16.656 10 INFO neutron.services.segments.plugin [-] Segment 087fd113-c303-406b-82ae-3273fb65319c resource provider aggregate not found
2026-05-11 02:05:16.671 10 INFO neutron.services.segments.plugin [-] Segment 087fd113-c303-406b-82ae-3273fb65319c resource provider aggregate not found
2026-05-11 02:05:16.688 10 INFO neutron.services.segments.plugin [-] Segment 087fd113-c303-406b-82ae-3273fb65319c resource provider not found; error: Placement Client Error (4xx): {"errors": [{"status": 404, "title": "Not Found", "detail": "The resource could not be found.\n\n No resource provider with uuid 087fd113-c303-406b-82ae-3273fb65319c found for delete ", "request_id": "req-970552b6-e33b-40b1-b998-b36479929064"}]}
2026-05-11 02:05:16.691 10 INFO neutron.services.segments.plugin [-] Segment 087fd113-c303-406b-82ae-3273fb65319c resource provider not found; error: Placement Client Error (4xx): {"errors": [{"status": 404, "title": "Not Found", "detail": "The resource could not be found.\n\n No resource provider with uuid 087fd113-c303-406b-82ae-3273fb65319c found for delete ", "request_id": "req-393ae63e-c6bd-4651-a5f9-db1331f885ea"}]}
2026-05-11 02:05:16.709 10 INFO neutron.wsgi [None req-b414bab1-8544-42e5-8439-6166fe417c13 d843385bb7344a828b1e4bf89a1f1372 5d7ebff22ca44106846acbae50c9df20 - - default default] 10.0.0.96 "DELETE /v2.0/networks/319e5874-0049-4d02-a26c-547d670a175f HTTP/1.1" status: 204 len: 168 time: 0.4059114
2026-05-11 02:05:16.794 9 INFO neutron.wsgi [req-fb98da19-ca82-4af2-a8b7-11f8607bca00 req-fab1dc88-97d5-40ae-a991-84f5d5c892f9 555bc1fa792748319f783b300bd30ff9 e506c42adad146b8be0084604098b1bd - - default default] 10.0.0.15 "GET /v2.0/ports?device_id=39fc4d0d-3dd2-4316-be3a-62a7f5b89abe HTTP/1.1" status: 200 len: 1168 time: 0.1540191
2026-05-11 02:05:16.845 9 INFO neutron.wsgi [req-fb98da19-ca82-4af2-a8b7-11f8607bca00 req-72495968-fde5-4713-986d-bda581a59d66 555bc1fa792748319f783b300bd30ff9 e506c42adad146b8be0084604098b1bd - - default default] 10.0.0.15 "GET /v2.0/security-groups?id=c2734b07-e980-4624-be77-5242c9117245&fields=id&fields=name HTTP/1.1" status: 200 len: 286 time: 0.0352921
2026-05-11 02:05:17.104 9 INFO neutron.services.segments.plugin [-] Segment f790c57d-9f9a-45cc-9a47-301f5e598847 resource provider aggregate not found
2026-05-11 02:05:17.110 9 INFO neutron.services.segments.plugin [-] Segment f790c57d-9f9a-45cc-9a47-301f5e598847 resource provider aggregate not found
2026-05-11 02:05:17.128 9 INFO neutron.services.segments.plugin [-] Segment f790c57d-9f9a-45cc-9a47-301f5e598847 resource provider not found; error: Placement Client Error (4xx): {"errors": [{"status": 404, "title": "Not Found", "detail": "The resource could not be found.\n\n No resource provider with uuid f790c57d-9f9a-45cc-9a47-301f5e598847 found for delete ", "request_id": "req-8e0e72d3-dc45-4221-9ffb-7fd818fb19b3"}]}
2026-05-11 02:05:17.134 9 INFO neutron.services.segments.plugin [-] Segment f790c57d-9f9a-45cc-9a47-301f5e598847 resource provider not found; error: Placement Client Error (4xx): {"errors": [{"status": 404, "title": "Not Found", "detail": "The resource could not be found.\n\n No resource provider with uuid f790c57d-9f9a-45cc-9a47-301f5e598847 found for delete ", "request_id": "req-3cd886b0-240e-49f0-83c7-f18d3eb72894"}]}
2026-05-11 02:05:17.158 9 INFO neutron.wsgi [None req-f2a9d483-5f71-4450-8195-c9bd32f23921 d843385bb7344a828b1e4bf89a1f1372 5d7ebff22ca44106846acbae50c9df20 - - default default] 10.0.0.96 "DELETE /v2.0/networks/1e2135e2-6e95-4efc-84ee-c618b8f83449 HTTP/1.1" status: 204 len: 168 time: 0.4394495
2026-05-11 02:05:17.245 9 INFO neutron.db.segments_db [None req-3e472666-6235-48d1-ac7b-b3a5b27337a9 d843385bb7344a828b1e4bf89a1f1372 5d7ebff22ca44106846acbae50c9df20 - - default default] Added segment e726335c-ef8c-48ac-be64-a1086b5acbc4 of type geneve for network c3a6cb2a-2c41-44ee-af22-7ae2add204a2
2026-05-11 02:05:17.417 9 INFO neutron.db.ovn_revision_numbers_db [None req-3e472666-6235-48d1-ac7b-b3a5b27337a9 d843385bb7344a828b1e4bf89a1f1372 5d7ebff22ca44106846acbae50c9df20 - - default default] Successfully bumped revision number for resource c3a6cb2a-2c41-44ee-af22-7ae2add204a2 (type: networks) to 1
2026-05-11 02:05:17.587 9 WARNING neutron.scheduler.dhcp_agent_scheduler [None req-3e472666-6235-48d1-ac7b-b3a5b27337a9 d843385bb7344a828b1e4bf89a1f1372 5d7ebff22ca44106846acbae50c9df20 - - default default] No more DHCP agents
2026-05-11 02:05:17.590 9 WARNING neutron.api.rpc.agentnotifiers.dhcp_rpc_agent_api [None req-3e472666-6235-48d1-ac7b-b3a5b27337a9 d843385bb7344a828b1e4bf89a1f1372 5d7ebff22ca44106846acbae50c9df20 - - default default] Unable to schedule network c3a6cb2a-2c41-44ee-af22-7ae2add204a2: no agents available; will retry on subsequent port and subnet creation events.
2026-05-11 02:05:17.669 9 INFO neutron.db.ovn_revision_numbers_db [None req-3e472666-6235-48d1-ac7b-b3a5b27337a9 d843385bb7344a828b1e4bf89a1f1372 5d7ebff22ca44106846acbae50c9df20 - - default default] Successfully bumped revision number for resource 26364c27-1905-4674-a5a0-6b7efe5223e0 (type: ports) to 1
2026-05-11 02:05:17.689 9 INFO neutron.wsgi [None req-3e472666-6235-48d1-ac7b-b3a5b27337a9 d843385bb7344a828b1e4bf89a1f1372 5d7ebff22ca44106846acbae50c9df20 - - default default] 10.0.0.96 "POST /v2.0/networks HTTP/1.1" status: 201 len: 826 time: 0.5247498
2026-05-11 02:05:17.934 9 WARNING neutron.scheduler.dhcp_agent_scheduler [None req-0ad04474-d93f-4739-bb18-a28a353d5bb5 d843385bb7344a828b1e4bf89a1f1372 5d7ebff22ca44106846acbae50c9df20 - - default default] No more DHCP agents
2026-05-11 02:05:17.937 9 WARNING neutron.api.rpc.agentnotifiers.dhcp_rpc_agent_api [None req-0ad04474-d93f-4739-bb18-a28a353d5bb5 d843385bb7344a828b1e4bf89a1f1372 5d7ebff22ca44106846acbae50c9df20 - - default default] Unable to schedule network c3a6cb2a-2c41-44ee-af22-7ae2add204a2: no agents available; will retry on subsequent port and subnet creation events.
2026-05-11 02:05:17.945 10 INFO neutron.wsgi [req-9e92ee75-9971-40ff-ba76-a75eaee9984a req-1be0ebdd-8f15-4841-bbb6-3465aa77253c 555bc1fa792748319f783b300bd30ff9 e506c42adad146b8be0084604098b1bd - - default default] 10.0.0.15 "GET /v2.0/ports?device_id=39fc4d0d-3dd2-4316-be3a-62a7f5b89abe HTTP/1.1" status: 200 len: 1168 time: 0.0391185
2026-05-11 02:05:17.999 10 INFO neutron.wsgi [req-9e92ee75-9971-40ff-ba76-a75eaee9984a req-d08f184c-d59b-4e48-aca2-fa916e308413 555bc1fa792748319f783b300bd30ff9 e506c42adad146b8be0084604098b1bd - - default default] 10.0.0.15 "GET /v2.0/security-groups?id=c2734b07-e980-4624-be77-5242c9117245&fields=id&fields=name HTTP/1.1" status: 200 len: 286 time: 0.0479023
2026-05-11 02:05:18.229 10 WARNING neutron.plugins.ml2.drivers.ovn.mech_driver.ovsdb.ovn_client [None req-bf330d73-d748-4cf8-baff-df318e4b0fae - - - - - -] No port found with ID f50cebcf-94d7-43ae-8fde-060371c5f572: RuntimeError: No port found with ID f50cebcf-94d7-43ae-8fde-060371c5f572
2026-05-11 02:05:18.230 10 INFO neutron.plugins.ml2.drivers.ovn.mech_driver.mech_driver [None req-bf330d73-d748-4cf8-baff-df318e4b0fae - - - - - -] OVN reports status up for port: 46c630f8-0a93-420c-aa52-e9977ab0e16a
2026-05-11 02:05:18.243 10 INFO neutron.plugins.ml2.plugin [None req-bf330d73-d748-4cf8-baff-df318e4b0fae - - - - - -] Attempt 1 to provision port 46c630f8-0a93-420c-aa52-e9977ab0e16a
2026-05-11 02:05:18.353 10 INFO neutron.notifiers.nova [-] Nova event matching ['req-3af19094-44d2-45f5-8f42-b6f07e7fcd02'] response: {'server_uuid': '39fc4d0d-3dd2-4316-be3a-62a7f5b89abe', 'name': 'network-vif-plugged', 'status': 'completed', 'tag': '46c630f8-0a93-420c-aa52-e9977ab0e16a', 'code': 200}
2026-05-11 02:05:18.512 9 INFO neutron.db.ovn_revision_numbers_db [None req-0ad04474-d93f-4739-bb18-a28a353d5bb5 d843385bb7344a828b1e4bf89a1f1372 5d7ebff22ca44106846acbae50c9df20 - - default default] Successfully bumped revision number for resource 26364c27-1905-4674-a5a0-6b7efe5223e0 (type: ports) to 2
2026-05-11 02:05:18.561 10 INFO neutron.db.ovn_revision_numbers_db [None req-bf330d73-d748-4cf8-baff-df318e4b0fae - - - - - -] Successfully bumped revision number for resource 46c630f8-0a93-420c-aa52-e9977ab0e16a (type: ports) to 4
2026-05-11 02:05:18.568 9 INFO neutron.db.ovn_revision_numbers_db [None req-0ad04474-d93f-4739-bb18-a28a353d5bb5 d843385bb7344a828b1e4bf89a1f1372 5d7ebff22ca44106846acbae50c9df20 - - default default] Successfully bumped revision number for resource 0a2b32ed-b359-4f22-b5f2-411befde7fad (type: subnets) to 0
2026-05-11 02:05:18.587 9 INFO neutron.wsgi [None req-0ad04474-d93f-4739-bb18-a28a353d5bb5 d843385bb7344a828b1e4bf89a1f1372 5d7ebff22ca44106846acbae50c9df20 - - default default] 10.0.0.96 "POST /v2.0/subnets HTTP/1.1" status: 201 len: 801 time: 0.8930068
2026-05-11 02:05:18.773 9 INFO neutron.db.ovn_revision_numbers_db [None req-2ec25590-7d73-4a7a-a6a9-4855cdc9b144 d843385bb7344a828b1e4bf89a1f1372 5d7ebff22ca44106846acbae50c9df20 - - default default] Successfully bumped revision number for resource e7aab852-688b-4d3a-8e7c-e20138e898a4 (type: routers) to 1
2026-05-11 02:05:18.790 9 INFO neutron.wsgi [None req-2ec25590-7d73-4a7a-a6a9-4855cdc9b144 d843385bb7344a828b1e4bf89a1f1372 5d7ebff22ca44106846acbae50c9df20 - - default default] 10.0.0.96 "POST /v2.0/routers HTTP/1.1" status: 201 len: 686 time: 0.1977444 /var/lib/openstack/lib/python3.10/site-packages/pycadf/identifier.py:71: UserWarning: Invalid uuid: neutron. To ensure interoperability, identifiers should be a valid uuid. warnings.warn(('Invalid uuid: %s. To ensure interoperability, '
2026-05-11 02:05:19.183 10 WARNING neutron.scheduler.dhcp_agent_scheduler [None req-391fccb0-6694-4295-8fab-06769c8e9114 d843385bb7344a828b1e4bf89a1f1372 5d7ebff22ca44106846acbae50c9df20 - - default default] No more DHCP agents
2026-05-11 02:05:19.186 10 WARNING neutron.api.rpc.agentnotifiers.dhcp_rpc_agent_api [None req-391fccb0-6694-4295-8fab-06769c8e9114 d843385bb7344a828b1e4bf89a1f1372 5d7ebff22ca44106846acbae50c9df20 - - default default] Unable to schedule network c3a6cb2a-2c41-44ee-af22-7ae2add204a2: no agents available; will retry on subsequent port and subnet creation events.
2026-05-11 02:05:19.192 10 INFO neutron.wsgi [req-5e7a5680-bf06-417e-a2b0-6525b8a66392 req-4a6ca396-5718-4dcd-b8ed-0bb5f108d08e 555bc1fa792748319f783b300bd30ff9 e506c42adad146b8be0084604098b1bd - - default default] 10.0.0.15 "GET /v2.0/ports?device_id=39fc4d0d-3dd2-4316-be3a-62a7f5b89abe HTTP/1.1" status: 200 len: 1170 time: 0.1212726 /var/lib/openstack/lib/python3.10/site-packages/pycadf/identifier.py:71: UserWarning: Invalid uuid: neutron. To ensure interoperability, identifiers should be a valid uuid. warnings.warn(('Invalid uuid: %s. To ensure interoperability, '
2026-05-11 02:05:19.254 10 INFO neutron.wsgi [req-5e7a5680-bf06-417e-a2b0-6525b8a66392 req-45103782-8ebf-478b-84f3-2b4315990f8f 555bc1fa792748319f783b300bd30ff9 e506c42adad146b8be0084604098b1bd - - default default] 10.0.0.15 "GET /v2.0/security-groups?id=c2734b07-e980-4624-be77-5242c9117245&fields=id&fields=name HTTP/1.1" status: 200 len: 286 time: 0.0510514
2026-05-11 02:05:19.404 10 INFO neutron.db.ovn_revision_numbers_db [None req-391fccb0-6694-4295-8fab-06769c8e9114 d843385bb7344a828b1e4bf89a1f1372 5d7ebff22ca44106846acbae50c9df20 - - default default] Successfully bumped revision number for resource 6253684e-29f6-46cb-a0d2-0247c001ced6 (type: ports) to 1
2026-05-11 02:05:19.442 10 INFO neutron.wsgi [None req-391fccb0-6694-4295-8fab-06769c8e9114 d843385bb7344a828b1e4bf89a1f1372 5d7ebff22ca44106846acbae50c9df20 - - default default] 10.0.0.96 "POST /v2.0/ports HTTP/1.1" status: 201 len: 1147 time: 0.6467419
2026-05-11 02:05:19.797 10 INFO neutron.plugins.ml2.drivers.ovn.mech_driver.mech_driver [None req-bf330d73-d748-4cf8-baff-df318e4b0fae - - - - - -] OVN reports status down for port: 46c630f8-0a93-420c-aa52-e9977ab0e16a
2026-05-11 02:05:19.828 10 INFO neutron.wsgi [req-ba8e0990-527e-4aa6-a452-26516d718c15 req-7abecbdd-9323-4d00-8767-6fe0d57ec849 555bc1fa792748319f783b300bd30ff9 e506c42adad146b8be0084604098b1bd - - default default] 10.0.0.15 "GET /v2.0/ports?device_id=39fc4d0d-3dd2-4316-be3a-62a7f5b89abe HTTP/1.1" status: 200 len: 1170 time: 0.0799813
2026-05-11 02:05:19.909 10 INFO neutron.wsgi [req-ba8e0990-527e-4aa6-a452-26516d718c15 req-ecacc727-6224-48f2-a2d0-06e18a6fe0f2 555bc1fa792748319f783b300bd30ff9 e506c42adad146b8be0084604098b1bd - - default default] 10.0.0.15 "GET /v2.0/security-groups?id=c2734b07-e980-4624-be77-5242c9117245&fields=id&fields=name HTTP/1.1" status: 200 len: 286 time: 0.0738406
2026-05-11 02:05:20.001 9 INFO neutron.plugins.ml2.drivers.ovn.mech_driver.mech_driver [None req-d7fd741a-a85c-4092-858e-c1902e487ad4 - - - - - -] OVN reports status up for port: 6253684e-29f6-46cb-a0d2-0247c001ced6
2026-05-11 02:05:20.014 9 INFO neutron.plugins.ml2.plugin [None req-d7fd741a-a85c-4092-858e-c1902e487ad4 - - - - - -] Attempt 1 to provision port 6253684e-29f6-46cb-a0d2-0247c001ced6
2026-05-11 02:05:20.038 10 INFO neutron.db.ovn_revision_numbers_db [None req-41bd9a22-91a1-4fd6-8490-b59a589690f6 d843385bb7344a828b1e4bf89a1f1372 5d7ebff22ca44106846acbae50c9df20 - - default default] Successfully bumped revision number for resource 6253684e-29f6-46cb-a0d2-0247c001ced6 (type: router_ports) to 2
2026-05-11 02:05:20.140 9 INFO neutron.wsgi [req-ecf4ef8d-431f-4c92-b79c-fb9d73c24158 req-c2c86070-53b3-45cc-8cf2-7411978213e8 555bc1fa792748319f783b300bd30ff9 e506c42adad146b8be0084604098b1bd - - default default] 199.204.45.22 "GET /v2.0/ports?device_id=39fc4d0d-3dd2-4316-be3a-62a7f5b89abe HTTP/1.1" status: 200 len: 1168 time: 0.0599434
2026-05-11 02:05:20.308 10 INFO neutron.db.ovn_revision_numbers_db [None req-bf330d73-d748-4cf8-baff-df318e4b0fae - - - - - -] Successfully bumped revision number for resource 46c630f8-0a93-420c-aa52-e9977ab0e16a (type: ports) to 5
2026-05-11 02:05:20.310 10 INFO neutron.db.ovn_revision_numbers_db [None req-41bd9a22-91a1-4fd6-8490-b59a589690f6 d843385bb7344a828b1e4bf89a1f1372 5d7ebff22ca44106846acbae50c9df20 - - default default] Successfully bumped revision number for resource 6253684e-29f6-46cb-a0d2-0247c001ced6 (type: ports) to 2
2026-05-11 02:05:20.360 9 INFO neutron.db.ovn_revision_numbers_db [None req-3ef9f65d-2f2e-4466-adf0-7f6a2fcf5ef3 04f4e04534a242478e9300fbe20f1021 f844666aefb24c3595a96fa347e173e7 - - default default] Successfully bumped revision number for resource 4255cbe4-54a1-4f47-9605-39df84d1698e (type: security_groups) to 1
2026-05-11 02:05:20.391 9 INFO neutron.db.ovn_revision_numbers_db [None req-3ef9f65d-2f2e-4466-adf0-7f6a2fcf5ef3 04f4e04534a242478e9300fbe20f1021 f844666aefb24c3595a96fa347e173e7 - - default default] Successfully bumped revision number for resource 000608b5-8c96-47ea-a5d9-a8f985c00ada (type: security_group_rules) to 0
2026-05-11 02:05:20.396 10 INFO neutron.notifiers.nova [-] Nova event matching ['req-e81c3c47-fb4b-4194-a3a0-dec1ab45a725'] response: {'server_uuid': '39fc4d0d-3dd2-4316-be3a-62a7f5b89abe', 'name': 'network-vif-plugged', 'status': 'completed', 'tag': '46c630f8-0a93-420c-aa52-e9977ab0e16a', 'code': 200}
2026-05-11 02:05:20.397 10 INFO neutron.notifiers.nova [-] Nova event matching ['req-e81c3c47-fb4b-4194-a3a0-dec1ab45a725'] response: {'server_uuid': '39fc4d0d-3dd2-4316-be3a-62a7f5b89abe', 'name': 'network-vif-unplugged', 'status': 'completed', 'tag': '46c630f8-0a93-420c-aa52-e9977ab0e16a', 'code': 200}
2026-05-11 02:05:20.397 10 INFO neutron.notifiers.nova [-] Nova event matching ['req-e81c3c47-fb4b-4194-a3a0-dec1ab45a725'] response: {'server_uuid': '39fc4d0d-3dd2-4316-be3a-62a7f5b89abe', 'name': 'network-vif-plugged', 'status': 'completed', 'tag': '46c630f8-0a93-420c-aa52-e9977ab0e16a', 'code': 200}
2026-05-11 02:05:20.428 9 INFO neutron.db.ovn_revision_numbers_db [None req-3ef9f65d-2f2e-4466-adf0-7f6a2fcf5ef3 04f4e04534a242478e9300fbe20f1021 f844666aefb24c3595a96fa347e173e7 - - default default] Successfully bumped revision number for resource 3641bdea-d1fc-47b3-a565-2061aa3f3357 (type: security_group_rules) to 0
2026-05-11 02:05:20.465 9 INFO neutron.db.ovn_revision_numbers_db [None req-3ef9f65d-2f2e-4466-adf0-7f6a2fcf5ef3 04f4e04534a242478e9300fbe20f1021 f844666aefb24c3595a96fa347e173e7 - - default default] Successfully bumped revision number for resource 9f961d41-2d0e-440d-9dc6-3cea3ab1f9eb (type: security_group_rules) to 0
2026-05-11 02:05:20.705 9 INFO neutron.db.ovn_revision_numbers_db [None req-3ef9f65d-2f2e-4466-adf0-7f6a2fcf5ef3 04f4e04534a242478e9300fbe20f1021 f844666aefb24c3595a96fa347e173e7 - - default default] Successfully bumped revision number for resource ff4662a2-43ee-4885-849c-068bbc895c68 (type: security_group_rules) to 0
2026-05-11 02:05:20.712 9 INFO neutron.db.ovn_revision_numbers_db [None req-d7fd741a-a85c-4092-858e-c1902e487ad4 - - - - - -] Successfully bumped revision number for resource 6253684e-29f6-46cb-a0d2-0247c001ced6 (type: ports) to 3
2026-05-11 02:05:20.767 9 INFO neutron.db.segments_db [None req-3ef9f65d-2f2e-4466-adf0-7f6a2fcf5ef3 04f4e04534a242478e9300fbe20f1021 f844666aefb24c3595a96fa347e173e7 - - default default] Added segment 1e799330-1750-46d8-87d3-d5c1e060a5c8 of type geneve for network 957891c4-56d4-480c-bde2-b6c220df61c0
2026-05-11 02:05:20.823 9 INFO neutron.wsgi [req-ecf4ef8d-431f-4c92-b79c-fb9d73c24158 req-97afa609-f1b0-4288-afe8-c323deda947a 555bc1fa792748319f783b300bd30ff9 e506c42adad146b8be0084604098b1bd - - default default] 199.204.45.22 "DELETE /v2.0/ports/46c630f8-0a93-420c-aa52-e9977ab0e16a HTTP/1.1" status: 204 len: 173 time: 0.6767545
2026-05-11 02:05:20.870 9 INFO neutron.notifiers.nova [-] Nova event matching ['req-70e1f64b-39ab-45d0-8fe3-e886ca29c5bc'] response: {'server_uuid': '39fc4d0d-3dd2-4316-be3a-62a7f5b89abe', 'name': 'network-vif-deleted', 'tag': '46c630f8-0a93-420c-aa52-e9977ab0e16a', 'status': 'completed', 'code': 200}
2026-05-11 02:05:20.934 9 INFO neutron.db.ovn_revision_numbers_db [None req-d7fd741a-a85c-4092-858e-c1902e487ad4 - - - - - -] Successfully bumped revision number for resource 6253684e-29f6-46cb-a0d2-0247c001ced6 (type: router_ports) to 3
2026-05-11 02:05:20.981 9 INFO neutron.db.ovn_revision_numbers_db [None req-3ef9f65d-2f2e-4466-adf0-7f6a2fcf5ef3 04f4e04534a242478e9300fbe20f1021 f844666aefb24c3595a96fa347e173e7 - - default default] Successfully bumped revision number for resource 957891c4-56d4-480c-bde2-b6c220df61c0 (type: networks) to 1 /var/lib/openstack/lib/python3.10/site-packages/pycadf/identifier.py:71: UserWarning: Invalid uuid: neutron. To ensure interoperability, identifiers should be a valid uuid. warnings.warn(('Invalid uuid: %s. To ensure interoperability, '
2026-05-11 02:05:21.025 9 INFO neutron.wsgi [req-bd9120ae-99d6-46ec-a479-95d9d6c1f25a req-cea9c99d-293c-4244-a2c5-867b1551d118 555bc1fa792748319f783b300bd30ff9 e506c42adad146b8be0084604098b1bd - - default default] 10.0.0.15 "GET /v2.0/ports?device_id=39fc4d0d-3dd2-4316-be3a-62a7f5b89abe HTTP/1.1" status: 200 len: 210 time: 0.0267117
2026-05-11 02:05:21.223 10 INFO neutron.db.ovn_revision_numbers_db [None req-41bd9a22-91a1-4fd6-8490-b59a589690f6 d843385bb7344a828b1e4bf89a1f1372 5d7ebff22ca44106846acbae50c9df20 - - default default] Successfully bumped revision number for resource 6253684e-29f6-46cb-a0d2-0247c001ced6 (type: ports) to 3
2026-05-11 02:05:21.236 9 WARNING neutron.scheduler.dhcp_agent_scheduler [None req-3ef9f65d-2f2e-4466-adf0-7f6a2fcf5ef3 04f4e04534a242478e9300fbe20f1021 f844666aefb24c3595a96fa347e173e7 - - default default] No more DHCP agents
2026-05-11 02:05:21.238 9 WARNING neutron.api.rpc.agentnotifiers.dhcp_rpc_agent_api [None req-3ef9f65d-2f2e-4466-adf0-7f6a2fcf5ef3 04f4e04534a242478e9300fbe20f1021 f844666aefb24c3595a96fa347e173e7 - - default default] Unable to schedule network 957891c4-56d4-480c-bde2-b6c220df61c0: no agents available; will retry on subsequent port and subnet creation events.
2026-05-11 02:05:21.290 10 WARNING neutron.scheduler.dhcp_agent_scheduler [None req-41bd9a22-91a1-4fd6-8490-b59a589690f6 d843385bb7344a828b1e4bf89a1f1372 5d7ebff22ca44106846acbae50c9df20 - - default default] No more DHCP agents
2026-05-11 02:05:21.291 10 WARNING neutron.api.rpc.agentnotifiers.dhcp_rpc_agent_api [None req-41bd9a22-91a1-4fd6-8490-b59a589690f6 d843385bb7344a828b1e4bf89a1f1372 5d7ebff22ca44106846acbae50c9df20 - - default default] Unable to schedule network c3a6cb2a-2c41-44ee-af22-7ae2add204a2: no agents available; will retry on subsequent port and subnet creation events.
2026-05-11 02:05:21.329 9 INFO neutron.db.ovn_revision_numbers_db [None req-3ef9f65d-2f2e-4466-adf0-7f6a2fcf5ef3 04f4e04534a242478e9300fbe20f1021 f844666aefb24c3595a96fa347e173e7 - - default default] Successfully bumped revision number for resource 996e8b67-54e2-4655-b400-851082366bbd (type: ports) to 1
2026-05-11 02:05:21.350 9 INFO neutron.wsgi [None req-3ef9f65d-2f2e-4466-adf0-7f6a2fcf5ef3 04f4e04534a242478e9300fbe20f1021 f844666aefb24c3595a96fa347e173e7 - - default default] 10.0.0.96 "POST /v2.0/networks HTTP/1.1" status: 201 len: 831 time: 1.5577238
2026-05-11 02:05:21.495 10 INFO neutron.db.ovn_revision_numbers_db [None req-41bd9a22-91a1-4fd6-8490-b59a589690f6 d843385bb7344a828b1e4bf89a1f1372 5d7ebff22ca44106846acbae50c9df20 - - default default] Successfully bumped revision number for resource 6253684e-29f6-46cb-a0d2-0247c001ced6 (type: router_ports) to 3
2026-05-11 02:05:21.498 10 INFO neutron.wsgi [None req-41bd9a22-91a1-4fd6-8490-b59a589690f6 d843385bb7344a828b1e4bf89a1f1372 5d7ebff22ca44106846acbae50c9df20 - - default default] 10.0.0.96 "PUT /v2.0/routers/e7aab852-688b-4d3a-8e7c-e20138e898a4/add_router_interface HTTP/1.1" status: 200 len: 503 time: 2.0496187 /var/lib/openstack/lib/python3.10/site-packages/pycadf/identifier.py:71: UserWarning: Invalid uuid: neutron. To ensure interoperability, identifiers should be a valid uuid. warnings.warn(('Invalid uuid: %s. To ensure interoperability, '
2026-05-11 02:05:21.588 10 INFO neutron.wsgi [None req-a34e7441-2ce9-4c0e-9df3-2e8c573c5058 d843385bb7344a828b1e4bf89a1f1372 5d7ebff22ca44106846acbae50c9df20 - - default default] 10.0.0.96 "GET /v2.0/ports/6253684e-29f6-46cb-a0d2-0247c001ced6 HTTP/1.1" status: 200 len: 1205 time: 0.0832140
2026-05-11 02:05:21.610 9 WARNING neutron.scheduler.dhcp_agent_scheduler [None req-1a43f0c4-3565-46e9-8f73-fb9dd5113404 04f4e04534a242478e9300fbe20f1021 f844666aefb24c3595a96fa347e173e7 - - default default] No more DHCP agents
2026-05-11 02:05:21.613 9 WARNING neutron.api.rpc.agentnotifiers.dhcp_rpc_agent_api [None req-1a43f0c4-3565-46e9-8f73-fb9dd5113404 04f4e04534a242478e9300fbe20f1021 f844666aefb24c3595a96fa347e173e7 - - default default] Unable to schedule network 957891c4-56d4-480c-bde2-b6c220df61c0: no agents available; will retry on subsequent port and subnet creation events.
2026-05-11 02:05:21.703 9 INFO neutron.db.ovn_revision_numbers_db [None req-1a43f0c4-3565-46e9-8f73-fb9dd5113404 04f4e04534a242478e9300fbe20f1021 f844666aefb24c3595a96fa347e173e7 - - default default] Successfully bumped revision number for resource 2ac010b7-f8a3-47c1-a1ce-96750fe50a32 (type: ports) to 1
2026-05-11 02:05:21.732 9 INFO neutron.wsgi [None req-1a43f0c4-3565-46e9-8f73-fb9dd5113404 04f4e04534a242478e9300fbe20f1021 f844666aefb24c3595a96fa347e173e7 - - default default] 10.0.0.96 "POST /v2.0/ports HTTP/1.1" status: 201 len: 942 time: 0.3766065 /var/lib/openstack/lib/python3.10/site-packages/pycadf/identifier.py:71: UserWarning: Invalid uuid: neutron. To ensure interoperability, identifiers should be a valid uuid. warnings.warn(('Invalid uuid: %s. To ensure interoperability, '
2026-05-11 02:05:21.979 9 INFO neutron.wsgi [None req-fbff17e2-221b-4ec9-989b-1c91e2bb86bb 04f4e04534a242478e9300fbe20f1021 f844666aefb24c3595a96fa347e173e7 - - default default] 10.0.0.96 "POST /v2.0/trunks HTTP/1.1" status: 201 len: 608 time: 0.2403660
2026-05-11 02:05:22.070 9 INFO neutron.db.segments_db [None req-b9a50dce-8fc2-47cd-b0ee-8015ea7ec9d9 04f4e04534a242478e9300fbe20f1021 f844666aefb24c3595a96fa347e173e7 - - default default] Added segment fa43132d-b4fa-445d-9380-e41a5c8e5d72 of type geneve for network f4679f72-f9f2-4b2a-8d70-5c0bfb9fd92a
2026-05-11 02:05:22.240 9 INFO neutron.db.ovn_revision_numbers_db [None req-b9a50dce-8fc2-47cd-b0ee-8015ea7ec9d9 04f4e04534a242478e9300fbe20f1021 f844666aefb24c3595a96fa347e173e7 - - default default] Successfully bumped revision number for resource f4679f72-f9f2-4b2a-8d70-5c0bfb9fd92a (type: networks) to 1
2026-05-11 02:05:22.267 10 INFO neutron.wsgi [None req-a5de82ca-c012-4260-92ac-e8d054f6756e d843385bb7344a828b1e4bf89a1f1372 5d7ebff22ca44106846acbae50c9df20 - - default default] 10.0.0.96 "PUT /v2.0/routers/e7aab852-688b-4d3a-8e7c-e20138e898a4/remove_router_interface HTTP/1.1" status: 200 len: 503 time: 0.6747594 /var/lib/openstack/lib/python3.10/site-packages/pycadf/identifier.py:71: UserWarning: Invalid uuid: neutron. To ensure interoperability, identifiers should be a valid uuid. warnings.warn(('Invalid uuid: %s. To ensure interoperability, '
2026-05-11 02:05:22.349 10 INFO neutron.api.v2.resource [None req-3de3e0f4-c5a0-478c-841b-3ff76b578340 d843385bb7344a828b1e4bf89a1f1372 5d7ebff22ca44106846acbae50c9df20 - - default default] remove_router_interface failed (client error): The resource could not be found.
2026-05-11 02:05:22.351 10 INFO neutron.wsgi [None req-3de3e0f4-c5a0-478c-841b-3ff76b578340 d843385bb7344a828b1e4bf89a1f1372 5d7ebff22ca44106846acbae50c9df20 - - default default] 10.0.0.96 "PUT /v2.0/routers/e7aab852-688b-4d3a-8e7c-e20138e898a4/remove_router_interface HTTP/1.1" status: 404 len: 398 time: 0.0726857
2026-05-11 02:05:22.385 10 INFO neutron.wsgi [None req-3a3f37f1-866e-420d-abae-07e54242eac0 d843385bb7344a828b1e4bf89a1f1372 5d7ebff22ca44106846acbae50c9df20 - - default default] 10.0.0.96 "GET /v2.0/ports?device_id=e7aab852-688b-4d3a-8e7c-e20138e898a4 HTTP/1.1" status: 200 len: 205 time: 0.0262816
2026-05-11 02:05:22.459 9 WARNING neutron.scheduler.dhcp_agent_scheduler [None req-b9a50dce-8fc2-47cd-b0ee-8015ea7ec9d9 04f4e04534a242478e9300fbe20f1021 f844666aefb24c3595a96fa347e173e7 - - default default] No more DHCP agents
2026-05-11 02:05:22.462 9 WARNING neutron.api.rpc.agentnotifiers.dhcp_rpc_agent_api [None req-b9a50dce-8fc2-47cd-b0ee-8015ea7ec9d9 04f4e04534a242478e9300fbe20f1021 f844666aefb24c3595a96fa347e173e7 - - default default] Unable to schedule network f4679f72-f9f2-4b2a-8d70-5c0bfb9fd92a: no agents available; will retry on subsequent port and subnet creation events.
2026-05-11 02:05:22.543 9 INFO neutron.db.ovn_revision_numbers_db [None req-b9a50dce-8fc2-47cd-b0ee-8015ea7ec9d9 04f4e04534a242478e9300fbe20f1021 f844666aefb24c3595a96fa347e173e7 - - default default] Successfully bumped revision number for resource e5af0f72-432d-4922-8d67-845355809b1f (type: ports) to 1
2026-05-11 02:05:22.567 9 INFO neutron.wsgi [None req-b9a50dce-8fc2-47cd-b0ee-8015ea7ec9d9 04f4e04534a242478e9300fbe20f1021 f844666aefb24c3595a96fa347e173e7 - - default default] 10.0.0.96 "POST /v2.0/networks HTTP/1.1" status: 201 len: 830 time: 0.5832446
2026-05-11 02:05:22.602 10 INFO neutron.wsgi [None req-df580f9f-a00b-4cf8-b0af-b620d70d7d34 d843385bb7344a828b1e4bf89a1f1372 5d7ebff22ca44106846acbae50c9df20 - - default default] 10.0.0.96 "DELETE /v2.0/routers/e7aab852-688b-4d3a-8e7c-e20138e898a4 HTTP/1.1" status: 204 len: 168 time: 0.2104421
2026-05-11 02:05:22.822 9 WARNING neutron.scheduler.dhcp_agent_scheduler [None req-c180b195-85c7-49d0-b129-9aa511387f09 04f4e04534a242478e9300fbe20f1021 f844666aefb24c3595a96fa347e173e7 - - default default] No more DHCP agents
2026-05-11 02:05:22.825 9 WARNING neutron.api.rpc.agentnotifiers.dhcp_rpc_agent_api [None req-c180b195-85c7-49d0-b129-9aa511387f09 04f4e04534a242478e9300fbe20f1021 f844666aefb24c3595a96fa347e173e7 - - default default] Unable to schedule network f4679f72-f9f2-4b2a-8d70-5c0bfb9fd92a: no agents available; will retry on subsequent port and subnet creation events.
2026-05-11 02:05:22.830 10 INFO neutron.wsgi [None req-15ecdfc9-4317-4f19-8fb9-524639e985f8 d843385bb7344a828b1e4bf89a1f1372 5d7ebff22ca44106846acbae50c9df20 - - default default] 10.0.0.96 "DELETE /v2.0/subnets/0a2b32ed-b359-4f22-b5f2-411befde7fad HTTP/1.1" status: 204 len: 168 time: 0.2233393
2026-05-11 02:05:22.902 9 INFO neutron.db.ovn_revision_numbers_db [None req-c180b195-85c7-49d0-b129-9aa511387f09 04f4e04534a242478e9300fbe20f1021 f844666aefb24c3595a96fa347e173e7 - - default default] Successfully bumped revision number for resource 3a8c31af-ab4f-48ab-abcc-f647a769e238 (type: ports) to 1
2026-05-11 02:05:22.927 9 INFO neutron.wsgi [None req-c180b195-85c7-49d0-b129-9aa511387f09 04f4e04534a242478e9300fbe20f1021 f844666aefb24c3595a96fa347e173e7 - - default default] 10.0.0.96 "POST /v2.0/ports HTTP/1.1" status: 201 len: 942 time: 0.3540583 /var/lib/openstack/lib/python3.10/site-packages/pycadf/identifier.py:71: UserWarning: Invalid uuid: neutron. To ensure interoperability, identifiers should be a valid uuid. warnings.warn(('Invalid uuid: %s. To ensure interoperability, '
2026-05-11 02:05:23.184 9 INFO neutron.wsgi [None req-9c7eb171-30a8-403c-8f21-c94cb9644284 04f4e04534a242478e9300fbe20f1021 f844666aefb24c3595a96fa347e173e7 - - default default] 10.0.0.96 "POST /v2.0/trunks HTTP/1.1" status: 201 len: 608 time: 0.2523272
2026-05-11 02:05:23.250 10 INFO neutron.services.segments.plugin [-] Segment e726335c-ef8c-48ac-be64-a1086b5acbc4 resource provider aggregate not found
2026-05-11 02:05:23.256 10 INFO neutron.services.segments.plugin [-] Segment e726335c-ef8c-48ac-be64-a1086b5acbc4 resource provider aggregate not found
2026-05-11 02:05:23.267 10 INFO neutron.services.segments.plugin [-] Segment e726335c-ef8c-48ac-be64-a1086b5acbc4 resource provider not found; error: Placement Client Error (4xx): {"errors": [{"status": 404, "title": "Not Found", "detail": "The resource could not be found.\n\n No resource provider with uuid e726335c-ef8c-48ac-be64-a1086b5acbc4 found for delete ", "request_id": "req-51439c4f-7d24-4f54-8581-323c745f4859"}]}
2026-05-11 02:05:23.280 10 INFO neutron.services.segments.plugin [-] Segment e726335c-ef8c-48ac-be64-a1086b5acbc4 resource provider not found; error: Placement Client Error (4xx): {"errors": [{"status": 404, "title": "Not Found", "detail": "The resource could not be found.\n\n No resource provider with uuid e726335c-ef8c-48ac-be64-a1086b5acbc4 found for delete ", "request_id": "req-77d89fc8-7c13-4743-a4b3-f0fd54e8f371"}]}
2026-05-11 02:05:23.284 9 INFO neutron.db.segments_db [None req-892c4369-1ff1-4564-89e6-ef2b84db305d 04f4e04534a242478e9300fbe20f1021 f844666aefb24c3595a96fa347e173e7 - - default default] Added segment 7b539682-804d-4e48-a88a-a040dbd5ce97 of type geneve for network 0d7a523c-0ed9-4aab-8f04-a07d2dcc9b98
2026-05-11 02:05:23.309 9 INFO neutron.wsgi [-] 10.0.0.133 "GET / HTTP/1.1" status: 200 len: 246 time: 0.0012615
2026-05-11 02:05:23.311 9 INFO neutron.wsgi [-] 10.0.0.133 "GET / HTTP/1.1" status: 200 len: 246 time: 0.0014863
2026-05-11 02:05:23.330 10 INFO neutron.wsgi [None req-92d1eb4b-2eda-4bfe-ac3e-97d33e5e854b d843385bb7344a828b1e4bf89a1f1372 5d7ebff22ca44106846acbae50c9df20 - - default default] 10.0.0.96 "DELETE /v2.0/networks/c3a6cb2a-2c41-44ee-af22-7ae2add204a2 HTTP/1.1" status: 204 len: 168 time: 0.4951081
2026-05-11 02:05:23.465 9 INFO neutron.db.segments_db [None req-9f9b5217-b0cc-4e0e-a552-e7d7621027cb d843385bb7344a828b1e4bf89a1f1372 5d7ebff22ca44106846acbae50c9df20 - - default default] Added segment 8cee3aea-c3c2-4ea2-b6a1-ed4639707784 of type geneve for network 442a75a9-2f70-4847-a6fe-f62f97b95a81
2026-05-11 02:05:23.482 9 INFO neutron.db.ovn_revision_numbers_db [None req-892c4369-1ff1-4564-89e6-ef2b84db305d 04f4e04534a242478e9300fbe20f1021 f844666aefb24c3595a96fa347e173e7 - - default default] Successfully bumped revision number for resource 0d7a523c-0ed9-4aab-8f04-a07d2dcc9b98 (type: networks) to 1
2026-05-11 02:05:23.701 9 INFO neutron.db.ovn_revision_numbers_db [None req-9f9b5217-b0cc-4e0e-a552-e7d7621027cb d843385bb7344a828b1e4bf89a1f1372 5d7ebff22ca44106846acbae50c9df20 - - default default] Successfully bumped revision number for resource 442a75a9-2f70-4847-a6fe-f62f97b95a81 (type: networks) to 1
2026-05-11 02:05:23.793 9 WARNING neutron.scheduler.dhcp_agent_scheduler [None req-892c4369-1ff1-4564-89e6-ef2b84db305d 04f4e04534a242478e9300fbe20f1021 f844666aefb24c3595a96fa347e173e7 - - default default] No more DHCP agents
2026-05-11 02:05:23.796 9 WARNING neutron.api.rpc.agentnotifiers.dhcp_rpc_agent_api [None req-892c4369-1ff1-4564-89e6-ef2b84db305d 04f4e04534a242478e9300fbe20f1021 f844666aefb24c3595a96fa347e173e7 - - default default] Unable to schedule network 0d7a523c-0ed9-4aab-8f04-a07d2dcc9b98: no agents available; will retry on subsequent port and subnet creation events.
2026-05-11 02:05:23.923 9 INFO neutron.db.ovn_revision_numbers_db [None req-892c4369-1ff1-4564-89e6-ef2b84db305d 04f4e04534a242478e9300fbe20f1021 f844666aefb24c3595a96fa347e173e7 - - default default] Successfully bumped revision number for resource a4af9b8e-655f-4755-a386-67ff66895452 (type: ports) to 1
2026-05-11 02:05:23.933 9 WARNING neutron.scheduler.dhcp_agent_scheduler [None req-9f9b5217-b0cc-4e0e-a552-e7d7621027cb d843385bb7344a828b1e4bf89a1f1372 5d7ebff22ca44106846acbae50c9df20 - - default default] No more DHCP agents
2026-05-11 02:05:23.936 9 WARNING neutron.api.rpc.agentnotifiers.dhcp_rpc_agent_api [None req-9f9b5217-b0cc-4e0e-a552-e7d7621027cb d843385bb7344a828b1e4bf89a1f1372 5d7ebff22ca44106846acbae50c9df20 - - default default] Unable to schedule network 442a75a9-2f70-4847-a6fe-f62f97b95a81: no agents available; will retry on subsequent port and subnet creation events.
2026-05-11 02:05:23.958 9 INFO neutron.wsgi [None req-892c4369-1ff1-4564-89e6-ef2b84db305d 04f4e04534a242478e9300fbe20f1021 f844666aefb24c3595a96fa347e173e7 - - default default] 10.0.0.96 "POST /v2.0/networks HTTP/1.1" status: 201 len: 831 time: 0.7659233
2026-05-11 02:05:24.044 9 INFO neutron.db.ovn_revision_numbers_db [None req-9f9b5217-b0cc-4e0e-a552-e7d7621027cb d843385bb7344a828b1e4bf89a1f1372 5d7ebff22ca44106846acbae50c9df20 - - default default] Successfully bumped revision number for resource 957faf6b-1b74-43bc-8dcc-0b3e15de1e98 (type: ports) to 1
2026-05-11 02:05:24.070 9 INFO neutron.wsgi [None req-9f9b5217-b0cc-4e0e-a552-e7d7621027cb d843385bb7344a828b1e4bf89a1f1372 5d7ebff22ca44106846acbae50c9df20 - - default default] 10.0.0.96 "POST /v2.0/networks HTTP/1.1" status: 201 len: 829 time: 0.7323475
2026-05-11 02:05:24.312 9 WARNING neutron.scheduler.dhcp_agent_scheduler [None req-3aab0eaa-1b4d-422a-9c74-4e0085d8cc0e 04f4e04534a242478e9300fbe20f1021 f844666aefb24c3595a96fa347e173e7 - - default default] No more DHCP agents
2026-05-11 02:05:24.316 9 WARNING neutron.api.rpc.agentnotifiers.dhcp_rpc_agent_api [None req-3aab0eaa-1b4d-422a-9c74-4e0085d8cc0e 04f4e04534a242478e9300fbe20f1021 f844666aefb24c3595a96fa347e173e7 - - default default] Unable to schedule network 0d7a523c-0ed9-4aab-8f04-a07d2dcc9b98: no agents available; will retry on subsequent port and subnet creation events.
2026-05-11 02:05:24.424 9 INFO neutron.db.ovn_revision_numbers_db [None req-3aab0eaa-1b4d-422a-9c74-4e0085d8cc0e 04f4e04534a242478e9300fbe20f1021 f844666aefb24c3595a96fa347e173e7 - - default default] Successfully bumped revision number for resource b01388d1-8b61-4560-85da-bbd10509e2f4 (type: ports) to 1
2026-05-11 02:05:24.433 9 WARNING neutron.scheduler.dhcp_agent_scheduler [None req-ec55a1f8-b47b-4ae7-9c58-92e805d849ed d843385bb7344a828b1e4bf89a1f1372 5d7ebff22ca44106846acbae50c9df20 - - default default] No more DHCP agents
2026-05-11 02:05:24.440 9 WARNING neutron.api.rpc.agentnotifiers.dhcp_rpc_agent_api [None req-ec55a1f8-b47b-4ae7-9c58-92e805d849ed d843385bb7344a828b1e4bf89a1f1372 5d7ebff22ca44106846acbae50c9df20 - - default default] Unable to schedule network 442a75a9-2f70-4847-a6fe-f62f97b95a81: no agents available; will retry on subsequent port and subnet creation events.
2026-05-11 02:05:24.460 10 INFO neutron.wsgi [None req-3279b5bc-9a6b-4bce-8442-56d0de88b34b f6a1eab280bb4675a19f2737111a8190 2a02514e1226463db8226cdf845d2c0b - - default default] 10.0.0.96 "PUT /v2.0/routers/733add54-dddd-47b7-aa4e-c26854e2236d/remove_router_interface HTTP/1.1" status: 200 len: 503 time: 1.1820257
2026-05-11 02:05:24.464 9 INFO neutron.wsgi [None req-3aab0eaa-1b4d-422a-9c74-4e0085d8cc0e 04f4e04534a242478e9300fbe20f1021 f844666aefb24c3595a96fa347e173e7 - - default default] 10.0.0.96 "POST /v2.0/ports HTTP/1.1" status: 201 len: 942 time: 0.5016942 /var/lib/openstack/lib/python3.10/site-packages/pycadf/identifier.py:71: UserWarning: Invalid uuid: neutron. To ensure interoperability, identifiers should be a valid uuid. warnings.warn(('Invalid uuid: %s. To ensure interoperability, ' /var/lib/openstack/lib/python3.10/site-packages/pycadf/identifier.py:71: UserWarning: Invalid uuid: neutron. To ensure interoperability, identifiers should be a valid uuid. warnings.warn(('Invalid uuid: %s. To ensure interoperability, '
2026-05-11 02:05:24.730 9 INFO neutron.wsgi [None req-7776ab2c-da8f-4772-9f3e-af03da53f1d9 04f4e04534a242478e9300fbe20f1021 f844666aefb24c3595a96fa347e173e7 - - default default] 10.0.0.96 "POST /v2.0/trunks HTTP/1.1" status: 201 len: 608 time: 0.2593472
2026-05-11 02:05:24.873 10 INFO neutron.db.segments_db [None req-060db331-9ca5-4e28-92da-926b5ab7d20a 04f4e04534a242478e9300fbe20f1021 f844666aefb24c3595a96fa347e173e7 - - default default] Added segment 47999db3-01f0-4242-aee5-49a172578670 of type geneve for network a585b13c-71ff-4cf4-b2f4-2c746f23ef02
2026-05-11 02:05:25.008 9 INFO neutron.db.ovn_revision_numbers_db [None req-ec55a1f8-b47b-4ae7-9c58-92e805d849ed d843385bb7344a828b1e4bf89a1f1372 5d7ebff22ca44106846acbae50c9df20 - - default default] Successfully bumped revision number for resource 957faf6b-1b74-43bc-8dcc-0b3e15de1e98 (type: ports) to 2
2026-05-11 02:05:25.040 9 INFO neutron.db.ovn_revision_numbers_db [None req-ec55a1f8-b47b-4ae7-9c58-92e805d849ed d843385bb7344a828b1e4bf89a1f1372 5d7ebff22ca44106846acbae50c9df20 - - default default] Successfully bumped revision number for resource de23a391-50a4-4ee6-bbb2-19c63bd01e31 (type: subnets) to 0
2026-05-11 02:05:25.057 10 INFO neutron.db.ovn_revision_numbers_db [None req-060db331-9ca5-4e28-92da-926b5ab7d20a 04f4e04534a242478e9300fbe20f1021 f844666aefb24c3595a96fa347e173e7 - - default default] Successfully bumped revision number for resource a585b13c-71ff-4cf4-b2f4-2c746f23ef02 (type: networks) to 1
2026-05-11 02:05:25.063 9 INFO neutron.wsgi [None req-ec55a1f8-b47b-4ae7-9c58-92e805d849ed d843385bb7344a828b1e4bf89a1f1372 5d7ebff22ca44106846acbae50c9df20 - - default default] 10.0.0.96 "POST /v2.0/subnets HTTP/1.1" status: 201 len: 801 time: 0.9875619
2026-05-11 02:05:25.210 10 INFO neutron.wsgi [None req-68f60617-5f06-4ee2-b7f8-86df04483607 f6a1eab280bb4675a19f2737111a8190 2a02514e1226463db8226cdf845d2c0b - - default default] 10.0.0.96 "DELETE /v2.0/routers/733add54-dddd-47b7-aa4e-c26854e2236d HTTP/1.1" status: 204 len: 168 time: 0.7433388
2026-05-11 02:05:25.348 10 WARNING neutron.scheduler.dhcp_agent_scheduler [None req-060db331-9ca5-4e28-92da-926b5ab7d20a 04f4e04534a242478e9300fbe20f1021 f844666aefb24c3595a96fa347e173e7 - - default default] No more DHCP agents
2026-05-11 02:05:25.352 10 WARNING neutron.api.rpc.agentnotifiers.dhcp_rpc_agent_api [None req-060db331-9ca5-4e28-92da-926b5ab7d20a 04f4e04534a242478e9300fbe20f1021 f844666aefb24c3595a96fa347e173e7 - - default default] Unable to schedule network a585b13c-71ff-4cf4-b2f4-2c746f23ef02: no agents available; will retry on subsequent port and subnet creation events.
2026-05-11 02:05:25.452 10 INFO neutron.db.ovn_revision_numbers_db [None req-060db331-9ca5-4e28-92da-926b5ab7d20a 04f4e04534a242478e9300fbe20f1021 f844666aefb24c3595a96fa347e173e7 - - default default] Successfully bumped revision number for resource 67f9cac7-1315-4d8f-9913-8aa6ae088727 (type: ports) to 1
2026-05-11 02:05:25.456 9 INFO neutron.db.ovn_revision_numbers_db [None req-d2f1a1a8-e7a7-4c6c-87b7-71f0cc616e7f d843385bb7344a828b1e4bf89a1f1372 5d7ebff22ca44106846acbae50c9df20 - - default default] Successfully bumped revision number for resource e459b8ab-6c6b-4f95-8ddf-585351074090 (type: routers) to 1
2026-05-11 02:05:25.472 9 INFO neutron.wsgi [None req-d2f1a1a8-e7a7-4c6c-87b7-71f0cc616e7f d843385bb7344a828b1e4bf89a1f1372 5d7ebff22ca44106846acbae50c9df20 - - default default] 10.0.0.96 "POST /v2.0/routers HTTP/1.1" status: 201 len: 687 time: 0.4050198
2026-05-11 02:05:25.477 10 INFO neutron.wsgi [None req-060db331-9ca5-4e28-92da-926b5ab7d20a 04f4e04534a242478e9300fbe20f1021 f844666aefb24c3595a96fa347e173e7 - - default default] 10.0.0.96 "POST /v2.0/networks HTTP/1.1" status: 201 len: 829 time: 0.7409604
2026-05-11 02:05:25.494 10 INFO neutron.wsgi [None req-da3f44e9-e734-4c42-8dce-77cc25f15aec f6a1eab280bb4675a19f2737111a8190 2a02514e1226463db8226cdf845d2c0b - - default default] 10.0.0.96 "DELETE /v2.0/subnets/a177200c-5751-4710-89af-420b0d752973 HTTP/1.1" status: 204 len: 168 time: 0.2794380
2026-05-11 02:05:25.849 10 INFO neutron.services.segments.plugin [-] Segment 12a5f534-5666-49c0-a34b-99b50111ad29 resource provider aggregate not found
2026-05-11 02:05:25.855 9 WARNING neutron.scheduler.dhcp_agent_scheduler [None req-6fa32654-a4a9-4f5b-8b18-43452db6087a 04f4e04534a242478e9300fbe20f1021 f844666aefb24c3595a96fa347e173e7 - - default default] No more DHCP agents
2026-05-11 02:05:25.856 10 INFO neutron.services.segments.plugin [-] Segment 12a5f534-5666-49c0-a34b-99b50111ad29 resource provider aggregate not found
2026-05-11 02:05:25.859 9 WARNING neutron.api.rpc.agentnotifiers.dhcp_rpc_agent_api [None req-6fa32654-a4a9-4f5b-8b18-43452db6087a 04f4e04534a242478e9300fbe20f1021 f844666aefb24c3595a96fa347e173e7 - - default default] Unable to schedule network a585b13c-71ff-4cf4-b2f4-2c746f23ef02: no agents available; will retry on subsequent port and subnet creation events.
2026-05-11 02:05:25.869 10 INFO neutron.services.segments.plugin [-] Segment 12a5f534-5666-49c0-a34b-99b50111ad29 resource provider not found; error: Placement Client Error (4xx): {"errors": [{"status": 404, "title": "Not Found", "detail": "The resource could not be found.\n\n No resource provider with uuid 12a5f534-5666-49c0-a34b-99b50111ad29 found for delete ", "request_id": "req-b7b0c074-eccc-43a2-a7ed-30653eb1dc0b"}]}
2026-05-11 02:05:25.872 10 INFO neutron.services.segments.plugin [-] Segment 12a5f534-5666-49c0-a34b-99b50111ad29 resource provider not found; error: Placement Client Error (4xx): {"errors": [{"status": 404, "title": "Not Found", "detail": "The resource could not be found.\n\n No resource provider with uuid 12a5f534-5666-49c0-a34b-99b50111ad29 found for delete ", "request_id": "req-daa77ea4-1319-48a5-9710-73199df68240"}]}
2026-05-11 02:05:25.897 10 INFO neutron.wsgi [None req-1c6ae282-3433-4cbf-aeb5-09996c418f0d f6a1eab280bb4675a19f2737111a8190 2a02514e1226463db8226cdf845d2c0b - - default default] 10.0.0.96 "DELETE /v2.0/networks/07d7445a-c8fd-408c-a3b4-f14355a62c53 HTTP/1.1" status: 204 len: 168 time: 0.3984082
2026-05-11 02:05:25.970 9 INFO neutron.db.ovn_revision_numbers_db [None req-6fa32654-a4a9-4f5b-8b18-43452db6087a 04f4e04534a242478e9300fbe20f1021 f844666aefb24c3595a96fa347e173e7 - - default default] Successfully bumped revision number for resource d019e26f-3b25-486f-897f-459048e38958 (type: ports) to 1
2026-05-11 02:05:25.988 9 WARNING neutron.scheduler.dhcp_agent_scheduler [None req-16d255d3-5095-4741-bef6-ca09fc4beed7 d843385bb7344a828b1e4bf89a1f1372 5d7ebff22ca44106846acbae50c9df20 - - default default] No more DHCP agents
