2026-05-11 02:03:12.976 9 INFO neutron.wsgi [req-3f2823ec-f7ac-46ae-8231-3fc7c7453b0d req-70033687-5e3a-4030-8916-8e3b11810ba6 fc84de9d4f714eae95f071a13b3396fc aa9bff6e6201488b86c97f6ffd9a73bf - - default default] 10.0.0.15 "GET /v2.0/ports?device_id=3febbefa-0d09-4589-b84b-2832e1b762af HTTP/1.1" status: 200 len: 1172 time: 0.0492985
2026-05-11 02:03:13.040 9 INFO neutron.wsgi [req-3f2823ec-f7ac-46ae-8231-3fc7c7453b0d req-51ac0101-16bd-4f26-82d6-3fb9beacd30b fc84de9d4f714eae95f071a13b3396fc aa9bff6e6201488b86c97f6ffd9a73bf - - default default] 10.0.0.15 "GET /v2.0/security-groups?id=c7e2d596-8c03-497f-8be3-708e63ac62ba&fields=id&fields=name HTTP/1.1" status: 200 len: 312 time: 0.0552309
2026-05-11 02:03:13.048 9 INFO neutron.wsgi [req-f477b5ed-8216-42f0-9021-42567a707fe6 req-0a924196-f002-4627-857b-751ce55aa51e 55f991a7fc184b8aa8a45640e88358c5 e372edc487564543ba6003396eb8f5e9 - - 001184f3b1ca4d748842f4ce7543235f 001184f3b1ca4d748842f4ce7543235f] 199.204.45.22 "GET /v2.0/networks/a661d6b0-3ec3-4476-8e21-50a42c0e0418?fields=provider%3Aphysical_network&fields=provider%3Anetwork_type HTTP/1.1" status: 200 len: 277 time: 0.0702336
2026-05-11 02:03:13.087 10 INFO neutron.db.ovn_revision_numbers_db [None req-854aebfd-5b4d-4d5f-8b54-004dc3d24656 97b870170019481794f5f3022c7a82a0 2897d4adbf6343ba8b36db4b1bc3cfd6 - - default default] Successfully bumped revision number for resource 96ee9833-d7c9-4355-b365-f2a30abe33c5 (type: floatingips) to 0
2026-05-11 02:03:13.132 9 INFO neutron.wsgi [req-123391c3-469d-412e-a448-3ea5fe333d61 req-d4aaf0ab-7ea1-4dfe-bb1b-473cd8600dec 55f991a7fc184b8aa8a45640e88358c5 e372edc487564543ba6003396eb8f5e9 - - 001184f3b1ca4d748842f4ce7543235f 001184f3b1ca4d748842f4ce7543235f] 199.204.45.22 "GET /v2.0/ports?tenant_id=a5ab8432ed5d4e77b218f193ffdd634a&device_id=55829509-34fb-447d-aa85-2a2ba4da9175 HTTP/1.1" status: 200 len: 1407 time: 0.0379815
2026-05-11 02:03:13.192 9 INFO neutron.wsgi [req-123391c3-469d-412e-a448-3ea5fe333d61 req-eb286892-7bed-4136-a603-11a8e8eeb20e 55f991a7fc184b8aa8a45640e88358c5 e372edc487564543ba6003396eb8f5e9 - - 001184f3b1ca4d748842f4ce7543235f 001184f3b1ca4d748842f4ce7543235f] 199.204.45.22 "GET /v2.0/networks?id=a661d6b0-3ec3-4476-8e21-50a42c0e0418 HTTP/1.1" status: 200 len: 975 time: 0.0537667
2026-05-11 02:03:13.193 10 INFO neutron.db.ovn_revision_numbers_db [None req-854aebfd-5b4d-4d5f-8b54-004dc3d24656 97b870170019481794f5f3022c7a82a0 2897d4adbf6343ba8b36db4b1bc3cfd6 - - default default] Successfully bumped revision number for resource 96ee9833-d7c9-4355-b365-f2a30abe33c5 (type: floatingips) to 1
2026-05-11 02:03:13.231 9 INFO neutron.wsgi [req-123391c3-469d-412e-a448-3ea5fe333d61 req-759cf1db-0f07-4702-87a5-4dcb20de7290 55f991a7fc184b8aa8a45640e88358c5 e372edc487564543ba6003396eb8f5e9 - - 001184f3b1ca4d748842f4ce7543235f 001184f3b1ca4d748842f4ce7543235f] 199.204.45.22 "GET /v2.0/floatingips?fixed_ip_address=10.100.0.5&port_id=9f288226-3dfa-45a3-8c57-57040fbea834 HTTP/1.1" status: 200 len: 217 time: 0.0261459
2026-05-11 02:03:13.242 10 INFO neutron.wsgi [None req-854aebfd-5b4d-4d5f-8b54-004dc3d24656 97b870170019481794f5f3022c7a82a0 2897d4adbf6343ba8b36db4b1bc3cfd6 - - default default] 10.0.0.96 "POST /v2.0/floatingips HTTP/1.1" status: 201 len: 1041 time: 1.3134820
2026-05-11 02:03:13.269 9 INFO neutron.wsgi [req-123391c3-469d-412e-a448-3ea5fe333d61 req-fcbfe245-eee6-4f3d-b03c-17d4b9c07469 55f991a7fc184b8aa8a45640e88358c5 e372edc487564543ba6003396eb8f5e9 - - 001184f3b1ca4d748842f4ce7543235f 001184f3b1ca4d748842f4ce7543235f] 199.204.45.22 "GET /v2.0/subnets?id=635de7f3-04b2-4078-a475-0a504af5e070 HTTP/1.1" status: 200 len: 870 time: 0.0312486
2026-05-11 02:03:13.303 9 INFO neutron.wsgi [req-123391c3-469d-412e-a448-3ea5fe333d61 req-4b35c664-7010-44de-83c6-ed4b7d9f061e 55f991a7fc184b8aa8a45640e88358c5 e372edc487564543ba6003396eb8f5e9 - - 001184f3b1ca4d748842f4ce7543235f 001184f3b1ca4d748842f4ce7543235f] 199.204.45.22 "GET /v2.0/ports?network_id=a661d6b0-3ec3-4476-8e21-50a42c0e0418&device_owner=network%3Adhcp HTTP/1.1" status: 200 len: 210 time: 0.0247638
2026-05-11 02:03:13.365 9 INFO neutron.wsgi [req-123391c3-469d-412e-a448-3ea5fe333d61 req-9e0641af-984e-4e05-bdf6-d7f4ae6668d1 55f991a7fc184b8aa8a45640e88358c5 e372edc487564543ba6003396eb8f5e9 - - 001184f3b1ca4d748842f4ce7543235f 001184f3b1ca4d748842f4ce7543235f] 199.204.45.22 "GET /v2.0/networks/a661d6b0-3ec3-4476-8e21-50a42c0e0418?fields=segments HTTP/1.1" status: 200 len: 212 time: 0.0567417
2026-05-11 02:03:13.389 10 INFO neutron.db.l3_db [None req-fe6187c1-8803-4c51-b819-66843ea1d275 97b870170019481794f5f3022c7a82a0 2897d4adbf6343ba8b36db4b1bc3cfd6 - - default default] Floating IP 96ee9833-d7c9-4355-b365-f2a30abe33c5 disassociated. External IP: 10.96.250.204, port: 3946d5c9-0aa9-42e5-9b91-4ae607a727fe.
2026-05-11 02:03:13.422 10 INFO neutron.db.ovn_revision_numbers_db [None req-fe6187c1-8803-4c51-b819-66843ea1d275 97b870170019481794f5f3022c7a82a0 2897d4adbf6343ba8b36db4b1bc3cfd6 - - default default] Successfully bumped revision number for resource 96ee9833-d7c9-4355-b365-f2a30abe33c5 (type: floatingips) to 2
2026-05-11 02:03:13.438 9 INFO neutron.wsgi [req-123391c3-469d-412e-a448-3ea5fe333d61 req-b4816921-1612-443b-95f1-8e09d276ccdb 55f991a7fc184b8aa8a45640e88358c5 e372edc487564543ba6003396eb8f5e9 - - 001184f3b1ca4d748842f4ce7543235f 001184f3b1ca4d748842f4ce7543235f] 199.204.45.22 "GET /v2.0/networks/a661d6b0-3ec3-4476-8e21-50a42c0e0418?fields=provider%3Aphysical_network&fields=provider%3Anetwork_type HTTP/1.1" status: 200 len: 277 time: 0.0587516
2026-05-11 02:03:13.493 10 INFO neutron.wsgi [None req-fe6187c1-8803-4c51-b819-66843ea1d275 97b870170019481794f5f3022c7a82a0 2897d4adbf6343ba8b36db4b1bc3cfd6 - - default default] 10.0.0.96 "PUT /v2.0/floatingips/96ee9833-d7c9-4355-b365-f2a30abe33c5 HTTP/1.1" status: 200 len: 748 time: 0.2479870
2026-05-11 02:03:13.616 10 WARNING neutron.plugins.ml2.drivers.ovn.mech_driver.ovsdb.ovn_client [None req-bf330d73-d748-4cf8-baff-df318e4b0fae - - - - - -] No hosting information found for port 808ac5fa-0476-44a1-a166-f07bf7edde09: RuntimeError: No hosting information found for port 808ac5fa-0476-44a1-a166-f07bf7edde09
2026-05-11 02:03:13.617 10 INFO neutron.plugins.ml2.drivers.ovn.mech_driver.mech_driver [None req-bf330d73-d748-4cf8-baff-df318e4b0fae - - - - - -] OVN reports status up for port: c673dc0a-48a5-4852-9cfb-aa10a41040a9
2026-05-11 02:03:13.631 10 INFO neutron.plugins.ml2.plugin [None req-bf330d73-d748-4cf8-baff-df318e4b0fae - - - - - -] Attempt 1 to provision port c673dc0a-48a5-4852-9cfb-aa10a41040a9
2026-05-11 02:03:13.775 9 WARNING neutron.plugins.ml2.drivers.ovn.mech_driver.ovsdb.ovn_client [None req-d7fd741a-a85c-4092-858e-c1902e487ad4 - - - - - -] No hosting information found for port cb46be70-3df6-461f-9d66-5d09fa3fcb3d: RuntimeError: No hosting information found for port cb46be70-3df6-461f-9d66-5d09fa3fcb3d
2026-05-11 02:03:13.775 9 INFO neutron.plugins.ml2.drivers.ovn.mech_driver.mech_driver [None req-d7fd741a-a85c-4092-858e-c1902e487ad4 - - - - - -] OVN reports status up for port: 9f288226-3dfa-45a3-8c57-57040fbea834
2026-05-11 02:03:13.787 9 INFO neutron.plugins.ml2.plugin [None req-d7fd741a-a85c-4092-858e-c1902e487ad4 - - - - - -] Attempt 1 to provision port 9f288226-3dfa-45a3-8c57-57040fbea834
2026-05-11 02:03:13.790 10 INFO neutron.notifiers.nova [-] Nova event matching ['req-5c9c59c5-9491-4aa4-8021-6de513a412a3'] response: {'server_uuid': '3febbefa-0d09-4589-b84b-2832e1b762af', 'name': 'network-vif-plugged', 'status': 'completed', 'tag': 'c673dc0a-48a5-4852-9cfb-aa10a41040a9', 'code': 200}
2026-05-11 02:03:13.873 10 INFO neutron.wsgi [None req-5b483412-bc3e-4a74-bd5a-d65175ef13ca 97b870170019481794f5f3022c7a82a0 2897d4adbf6343ba8b36db4b1bc3cfd6 - - default default] 10.0.0.96 "DELETE /v2.0/floatingips/96ee9833-d7c9-4355-b365-f2a30abe33c5 HTTP/1.1" status: 204 len: 168 time: 0.3732734
2026-05-11 02:03:13.956 10 INFO neutron.db.ovn_revision_numbers_db [None req-bf330d73-d748-4cf8-baff-df318e4b0fae - - - - - -] Successfully bumped revision number for resource c673dc0a-48a5-4852-9cfb-aa10a41040a9 (type: ports) to 4
2026-05-11 02:03:13.987 9 INFO neutron.wsgi [req-06fa536f-6837-4369-8214-2ce1219e8982 req-9097eb06-37c0-4da4-b7cc-fc9a2b55d6b3 5f1bf8b7c9fe43c89fd8faf9e6423fdd a5ab8432ed5d4e77b218f193ffdd634a - - default default] 10.0.0.15 "GET /v2.0/ports?device_id=55829509-34fb-447d-aa85-2a2ba4da9175 HTTP/1.1" status: 200 len: 1168 time: 0.1288948
2026-05-11 02:03:14.014 10 INFO neutron.plugins.ml2.drivers.ovn.mech_driver.mech_driver [None req-bf330d73-d748-4cf8-baff-df318e4b0fae - - - - - -] OVN reports status up for port: b79dc831-af16-4956-b3e8-d7509102c936
2026-05-11 02:03:14.022 10 INFO neutron.plugins.ml2.plugin [None req-bf330d73-d748-4cf8-baff-df318e4b0fae - - - - - -] Attempt 1 to provision port b79dc831-af16-4956-b3e8-d7509102c936
2026-05-11 02:03:14.063 9 INFO neutron.wsgi [req-06fa536f-6837-4369-8214-2ce1219e8982 req-1c8490d2-dab1-4a8a-913a-a3df76c1b793 5f1bf8b7c9fe43c89fd8faf9e6423fdd a5ab8432ed5d4e77b218f193ffdd634a - - default default] 10.0.0.15 "GET /v2.0/security-groups?id=87d2f6c8-fc78-4cd7-9ddd-084714c4b591&fields=id&fields=name HTTP/1.1" status: 200 len: 286 time: 0.0650513 /var/lib/openstack/lib/python3.10/site-packages/pycadf/identifier.py:71: UserWarning: Invalid uuid: neutron. To ensure interoperability, identifiers should be a valid uuid. warnings.warn(('Invalid uuid: %s. To ensure interoperability, '
2026-05-11 02:03:14.205 9 INFO neutron.db.ovn_revision_numbers_db [None req-d7fd741a-a85c-4092-858e-c1902e487ad4 - - - - - -] Successfully bumped revision number for resource 9f288226-3dfa-45a3-8c57-57040fbea834 (type: ports) to 4
2026-05-11 02:03:14.264 10 INFO neutron.wsgi [req-713e1a56-1426-4061-a5c4-c20ddc949171 req-745acbc0-5ace-4fdc-a42e-60965cbe8a0f fc84de9d4f714eae95f071a13b3396fc aa9bff6e6201488b86c97f6ffd9a73bf - - default default] 10.0.0.15 "GET /v2.0/ports?device_id=3febbefa-0d09-4589-b84b-2832e1b762af HTTP/1.1" status: 200 len: 1174 time: 0.1504910
2026-05-11 02:03:14.292 9 WARNING neutron.scheduler.dhcp_agent_scheduler [None req-5a89805f-19bb-42ca-aeb6-53ef1a037261 97b870170019481794f5f3022c7a82a0 2897d4adbf6343ba8b36db4b1bc3cfd6 - - default default] No more DHCP agents
2026-05-11 02:03:14.297 9 WARNING neutron.api.rpc.agentnotifiers.dhcp_rpc_agent_api [None req-5a89805f-19bb-42ca-aeb6-53ef1a037261 97b870170019481794f5f3022c7a82a0 2897d4adbf6343ba8b36db4b1bc3cfd6 - - default default] Unable to schedule network ff242978-c630-477a-8591-8f3e9d7d41ce: no agents available; will retry on subsequent port and subnet creation events.
2026-05-11 02:03:14.329 10 INFO neutron.wsgi [req-713e1a56-1426-4061-a5c4-c20ddc949171 req-8cc2c2c5-037b-42ac-8065-0d6042d791de fc84de9d4f714eae95f071a13b3396fc aa9bff6e6201488b86c97f6ffd9a73bf - - default default] 10.0.0.15 "GET /v2.0/security-groups?id=c7e2d596-8c03-497f-8be3-708e63ac62ba&fields=id&fields=name HTTP/1.1" status: 200 len: 312 time: 0.0567005
2026-05-11 02:03:14.395 10 INFO neutron.db.ovn_revision_numbers_db [None req-bf330d73-d748-4cf8-baff-df318e4b0fae - - - - - -] Successfully bumped revision number for resource b79dc831-af16-4956-b3e8-d7509102c936 (type: ports) to 2 /var/lib/openstack/lib/python3.10/site-packages/pycadf/identifier.py:71: UserWarning: Invalid uuid: neutron. To ensure interoperability, identifiers should be a valid uuid. warnings.warn(('Invalid uuid: %s. To ensure interoperability, '
2026-05-11 02:03:14.526 9 INFO neutron.wsgi [req-71b81ec9-6845-4059-b0d3-43c6f290e6d3 req-cca1ae7a-2058-46d9-bdd5-b5a52048aafd fc84de9d4f714eae95f071a13b3396fc aa9bff6e6201488b86c97f6ffd9a73bf - - default default] 10.0.0.15 "GET /v2.0/ports?device_id=3febbefa-0d09-4589-b84b-2832e1b762af HTTP/1.1" status: 200 len: 1174 time: 0.1301186
2026-05-11 02:03:14.530 10 INFO neutron.db.ovn_revision_numbers_db [None req-bf330d73-d748-4cf8-baff-df318e4b0fae - - - - - -] Successfully bumped revision number for resource b79dc831-af16-4956-b3e8-d7509102c936 (type: router_ports) to 2
2026-05-11 02:03:14.747 9 INFO neutron.notifiers.nova [-] Nova event matching ['req-0bceb92d-7447-479b-b747-f3a411199d15'] response: {'server_uuid': '55829509-34fb-447d-aa85-2a2ba4da9175', 'name': 'network-vif-plugged', 'status': 'completed', 'tag': '9f288226-3dfa-45a3-8c57-57040fbea834', 'code': 200}
2026-05-11 02:03:14.747 9 INFO neutron.notifiers.nova [-] Nova event matching ['req-0bceb92d-7447-479b-b747-f3a411199d15'] response: {'server_uuid': '55829509-34fb-447d-aa85-2a2ba4da9175', 'name': 'network-vif-plugged', 'status': 'completed', 'tag': '9f288226-3dfa-45a3-8c57-57040fbea834', 'code': 200}
2026-05-11 02:03:14.860 9 INFO neutron.db.l3_db [None req-5a89805f-19bb-42ca-aeb6-53ef1a037261 97b870170019481794f5f3022c7a82a0 2897d4adbf6343ba8b36db4b1bc3cfd6 - - default default] Floating IP 54ba74ae-50d2-4e2b-81f8-eca001cf88af associated. External IP: 10.96.250.215, port: 12d8f805-7761-43bb-a445-21f818637857.
2026-05-11 02:03:14.882 9 INFO neutron.db.l3_db [None req-38c2b757-ea9f-4df5-a0c1-21b1c7debab6 fc84de9d4f714eae95f071a13b3396fc aa9bff6e6201488b86c97f6ffd9a73bf - - default default] Floating IP b781846d-71c8-4fb8-9118-7e29aa9724ff associated. External IP: 10.96.250.203, port: c673dc0a-48a5-4852-9cfb-aa10a41040a9.
2026-05-11 02:03:15.193 9 INFO neutron.wsgi [req-427ed72c-5914-455b-afb0-fe4fd1c6bc95 req-40035118-cead-4966-b64c-d14b0db04ee6 5f1bf8b7c9fe43c89fd8faf9e6423fdd a5ab8432ed5d4e77b218f193ffdd634a - - default default] 10.0.0.15 "GET /v2.0/ports?device_id=55829509-34fb-447d-aa85-2a2ba4da9175 HTTP/1.1" status: 200 len: 1170 time: 0.0556493
2026-05-11 02:03:15.272 9 INFO neutron.wsgi [req-427ed72c-5914-455b-afb0-fe4fd1c6bc95 req-d7105814-208c-4ec3-a944-d965712931c1 5f1bf8b7c9fe43c89fd8faf9e6423fdd a5ab8432ed5d4e77b218f193ffdd634a - - default default] 10.0.0.15 "GET /v2.0/security-groups?id=87d2f6c8-fc78-4cd7-9ddd-084714c4b591&fields=id&fields=name HTTP/1.1" status: 200 len: 286 time: 0.0711985
2026-05-11 02:03:15.326 9 INFO neutron.db.ovn_revision_numbers_db [None req-5a89805f-19bb-42ca-aeb6-53ef1a037261 97b870170019481794f5f3022c7a82a0 2897d4adbf6343ba8b36db4b1bc3cfd6 - - default default] Successfully bumped revision number for resource 54ba74ae-50d2-4e2b-81f8-eca001cf88af (type: floatingips) to 0
2026-05-11 02:03:15.342 9 INFO neutron.db.ovn_revision_numbers_db [None req-38c2b757-ea9f-4df5-a0c1-21b1c7debab6 fc84de9d4f714eae95f071a13b3396fc aa9bff6e6201488b86c97f6ffd9a73bf - - default default] Successfully bumped revision number for resource b781846d-71c8-4fb8-9118-7e29aa9724ff (type: floatingips) to 1
2026-05-11 02:03:15.508 9 INFO neutron.db.ovn_revision_numbers_db [None req-38c2b757-ea9f-4df5-a0c1-21b1c7debab6 fc84de9d4f714eae95f071a13b3396fc aa9bff6e6201488b86c97f6ffd9a73bf - - default default] Successfully bumped revision number for resource b781846d-71c8-4fb8-9118-7e29aa9724ff (type: floatingips) to 2
2026-05-11 02:03:15.511 9 INFO neutron.db.ovn_revision_numbers_db [None req-5a89805f-19bb-42ca-aeb6-53ef1a037261 97b870170019481794f5f3022c7a82a0 2897d4adbf6343ba8b36db4b1bc3cfd6 - - default default] Successfully bumped revision number for resource 54ba74ae-50d2-4e2b-81f8-eca001cf88af (type: floatingips) to 1
2026-05-11 02:03:15.537 9 INFO neutron.wsgi [None req-38c2b757-ea9f-4df5-a0c1-21b1c7debab6 fc84de9d4f714eae95f071a13b3396fc aa9bff6e6201488b86c97f6ffd9a73bf - - default default] 10.0.0.96 "PUT /v2.0/floatingips/b781846d-71c8-4fb8-9118-7e29aa9724ff HTTP/1.1" status: 200 len: 1050 time: 0.9942341
2026-05-11 02:03:15.555 9 INFO neutron.wsgi [None req-5a89805f-19bb-42ca-aeb6-53ef1a037261 97b870170019481794f5f3022c7a82a0 2897d4adbf6343ba8b36db4b1bc3cfd6 - - default default] 10.0.0.96 "POST /v2.0/floatingips HTTP/1.1" status: 201 len: 1041 time: 1.6685731
2026-05-11 02:03:15.603 9 INFO neutron.wsgi [None req-4ca18841-68ff-47ee-ac3d-cbcc8231c746 97b870170019481794f5f3022c7a82a0 2897d4adbf6343ba8b36db4b1bc3cfd6 - - default default] 10.0.0.96 "GET /v2.0/floatingips/54ba74ae-50d2-4e2b-81f8-eca001cf88af HTTP/1.1" status: 200 len: 1038 time: 0.0393267
2026-05-11 02:03:15.666 10 INFO neutron.wsgi [req-f47b3175-be9f-4a49-9f2f-9c823bbe933f req-4b964cf4-9c82-4be8-98e3-72ac506c266e fc84de9d4f714eae95f071a13b3396fc aa9bff6e6201488b86c97f6ffd9a73bf - - default default] 10.0.0.15 "GET /v2.0/ports?device_id=3febbefa-0d09-4589-b84b-2832e1b762af HTTP/1.1" status: 200 len: 1174 time: 0.0686738
2026-05-11 02:03:15.683 9 INFO neutron.plugins.ml2.drivers.ovn.mech_driver.mech_driver [None req-d7fd741a-a85c-4092-858e-c1902e487ad4 - - - - - -] OVN reports status down for port: 9f288226-3dfa-45a3-8c57-57040fbea834
2026-05-11 02:03:15.694 9 INFO neutron.wsgi [req-2b1d9ec4-264d-4b64-bdf0-04b83dee3619 req-282f68cd-ee83-4102-8e1d-9c38e56b5947 5f1bf8b7c9fe43c89fd8faf9e6423fdd a5ab8432ed5d4e77b218f193ffdd634a - - default default] 10.0.0.15 "GET /v2.0/ports?device_id=55829509-34fb-447d-aa85-2a2ba4da9175 HTTP/1.1" status: 200 len: 1170 time: 0.0510755
2026-05-11 02:03:15.748 10 INFO neutron.wsgi [req-f47b3175-be9f-4a49-9f2f-9c823bbe933f req-8a5ad91f-793b-4aa8-9e62-42bd43edae8f fc84de9d4f714eae95f071a13b3396fc aa9bff6e6201488b86c97f6ffd9a73bf - - default default] 10.0.0.15 "GET /v2.0/security-groups?id=c7e2d596-8c03-497f-8be3-708e63ac62ba&fields=id&fields=name HTTP/1.1" status: 200 len: 312 time: 0.0674410
2026-05-11 02:03:15.769 9 INFO neutron.wsgi [None req-f3f00981-594b-4750-ac38-f746c86b2daf 97b870170019481794f5f3022c7a82a0 2897d4adbf6343ba8b36db4b1bc3cfd6 - - default default] 10.0.0.96 "GET /v2.0/floatingips HTTP/1.1" status: 200 len: 1041 time: 0.1592684
2026-05-11 02:03:15.787 9 INFO neutron.wsgi [req-9e11a96f-6ea6-41fd-88e3-0eb3f78ed117 req-d2e2d35e-d125-447b-b82f-da39671e6f92 55f991a7fc184b8aa8a45640e88358c5 e372edc487564543ba6003396eb8f5e9 - - 001184f3b1ca4d748842f4ce7543235f 001184f3b1ca4d748842f4ce7543235f] 199.204.45.22 "GET /v2.0/ports?device_id=6352e7c9-2595-4c71-9a79-147eb610b764&fields=binding%3Ahost_id&fields=binding%3Avif_type HTTP/1.1" status: 200 len: 265 time: 0.0923696
2026-05-11 02:03:15.802 9 INFO neutron.wsgi [req-2b1d9ec4-264d-4b64-bdf0-04b83dee3619 req-39696ce0-fe7b-43dc-8848-d21158c73dc4 5f1bf8b7c9fe43c89fd8faf9e6423fdd a5ab8432ed5d4e77b218f193ffdd634a - - default default] 10.0.0.15 "GET /v2.0/security-groups?id=87d2f6c8-fc78-4cd7-9ddd-084714c4b591&fields=id&fields=name HTTP/1.1" status: 200 len: 286 time: 0.0979619
2026-05-11 02:03:15.866 10 INFO neutron.notifiers.nova [-] Nova event matching ['req-b3f6e718-8664-4f74-91e8-d09bfab5606c'] response: {'server_uuid': '3febbefa-0d09-4589-b84b-2832e1b762af', 'name': 'network-vif-plugged', 'status': 'completed', 'tag': 'c673dc0a-48a5-4852-9cfb-aa10a41040a9', 'code': 200}
2026-05-11 02:03:15.884 9 INFO neutron.wsgi [req-9e11a96f-6ea6-41fd-88e3-0eb3f78ed117 req-079716d3-a0fd-4982-9acf-70c92a1dccaa 55f991a7fc184b8aa8a45640e88358c5 e372edc487564543ba6003396eb8f5e9 - - 001184f3b1ca4d748842f4ce7543235f 001184f3b1ca4d748842f4ce7543235f] 199.204.45.22 "GET /v2.0/ports?tenant_id=e203c8231fc04a7c8dd8e466459b1c60&device_id=6352e7c9-2595-4c71-9a79-147eb610b764 HTTP/1.1" status: 200 len: 1409 time: 0.0376635
2026-05-11 02:03:16.008 9 INFO neutron.wsgi [req-92338b9c-e0b6-4524-bd21-327de62fabc9 req-48d7158c-4637-4717-98a0-375f73655118 5f1bf8b7c9fe43c89fd8faf9e6423fdd a5ab8432ed5d4e77b218f193ffdd634a - - default default] 199.204.45.22 "GET /v2.0/ports?device_id=55829509-34fb-447d-aa85-2a2ba4da9175 HTTP/1.1" status: 200 len: 1168 time: 0.0504372
2026-05-11 02:03:16.026 9 INFO neutron.wsgi [req-9e11a96f-6ea6-41fd-88e3-0eb3f78ed117 req-13dc474b-0018-42fb-8833-9cd0b9f34739 55f991a7fc184b8aa8a45640e88358c5 e372edc487564543ba6003396eb8f5e9 - - 001184f3b1ca4d748842f4ce7543235f 001184f3b1ca4d748842f4ce7543235f] 199.204.45.22 "GET /v2.0/networks?id=df59a687-f2a4-4799-a258-200b99d818d8 HTTP/1.1" status: 200 len: 981 time: 0.1174636
2026-05-11 02:03:16.062 10 INFO neutron.db.l3_db [None req-7415e0f0-84da-47d3-8bf3-250637f8f511 97b870170019481794f5f3022c7a82a0 2897d4adbf6343ba8b36db4b1bc3cfd6 - - default default] Floating IP 54ba74ae-50d2-4e2b-81f8-eca001cf88af associated. External IP: 10.96.250.215, port: 12d8f805-7761-43bb-a445-21f818637857.
2026-05-11 02:03:16.170 10 INFO neutron.wsgi [req-a4b6b600-1982-4278-9299-5cd6b1170511 req-9e50944b-cfce-49d4-808f-10bdd1b3b48b fc84de9d4f714eae95f071a13b3396fc aa9bff6e6201488b86c97f6ffd9a73bf - - default default] 10.0.0.15 "GET /v2.0/ports?device_id=3febbefa-0d09-4589-b84b-2832e1b762af HTTP/1.1" status: 200 len: 1174 time: 0.0575347
2026-05-11 02:03:16.174 9 INFO neutron.wsgi [req-9e11a96f-6ea6-41fd-88e3-0eb3f78ed117 req-02017ed0-9f6b-42a0-9e74-a951608b5b4a 55f991a7fc184b8aa8a45640e88358c5 e372edc487564543ba6003396eb8f5e9 - - 001184f3b1ca4d748842f4ce7543235f 001184f3b1ca4d748842f4ce7543235f] 199.204.45.22 "GET /v2.0/floatingips?fixed_ip_address=10.100.0.4&port_id=777ce503-7cd4-4101-ab23-3c6315a74f46 HTTP/1.1" status: 200 len: 1059 time: 0.0773041
2026-05-11 02:03:16.241 9 INFO neutron.db.ovn_revision_numbers_db [None req-d7fd741a-a85c-4092-858e-c1902e487ad4 - - - - - -] Successfully bumped revision number for resource 9f288226-3dfa-45a3-8c57-57040fbea834 (type: ports) to 5
2026-05-11 02:03:16.246 9 INFO neutron.wsgi [req-9e11a96f-6ea6-41fd-88e3-0eb3f78ed117 req-32007f8c-2cfb-4742-98f0-8b792c4e14cb 55f991a7fc184b8aa8a45640e88358c5 e372edc487564543ba6003396eb8f5e9 - - 001184f3b1ca4d748842f4ce7543235f 001184f3b1ca4d748842f4ce7543235f] 199.204.45.22 "GET /v2.0/subnets?id=02e2e758-66c8-4e00-a1ed-7d91b58d748d HTTP/1.1" status: 200 len: 876 time: 0.0589523
2026-05-11 02:03:16.255 10 INFO neutron.wsgi [req-a4b6b600-1982-4278-9299-5cd6b1170511 req-1611ed8f-209f-4644-9c11-1659da442281 fc84de9d4f714eae95f071a13b3396fc aa9bff6e6201488b86c97f6ffd9a73bf - - default default] 10.0.0.15 "GET /v2.0/security-groups?id=c7e2d596-8c03-497f-8be3-708e63ac62ba&fields=id&fields=name HTTP/1.1" status: 200 len: 312 time: 0.0787108
2026-05-11 02:03:16.289 9 INFO neutron.wsgi [req-9e11a96f-6ea6-41fd-88e3-0eb3f78ed117 req-1be5a16d-de9e-49ef-bb94-ddb37cf9fc06 55f991a7fc184b8aa8a45640e88358c5 e372edc487564543ba6003396eb8f5e9 - - 001184f3b1ca4d748842f4ce7543235f 001184f3b1ca4d748842f4ce7543235f] 199.204.45.22 "GET /v2.0/ports?network_id=df59a687-f2a4-4799-a258-200b99d818d8&device_owner=network%3Adhcp HTTP/1.1" status: 200 len: 210 time: 0.0368519 /var/lib/openstack/lib/python3.10/site-packages/pycadf/identifier.py:71: UserWarning: Invalid uuid: neutron. To ensure interoperability, identifiers should be a valid uuid. warnings.warn(('Invalid uuid: %s. To ensure interoperability, '
2026-05-11 02:03:16.355 10 INFO neutron.db.ovn_revision_numbers_db [None req-7415e0f0-84da-47d3-8bf3-250637f8f511 97b870170019481794f5f3022c7a82a0 2897d4adbf6343ba8b36db4b1bc3cfd6 - - default default] Successfully bumped revision number for resource 54ba74ae-50d2-4e2b-81f8-eca001cf88af (type: floatingips) to 2
2026-05-11 02:03:16.423 9 INFO neutron.wsgi [req-9e11a96f-6ea6-41fd-88e3-0eb3f78ed117 req-7a68f54b-0458-4fee-a86c-a35a8de8921a 55f991a7fc184b8aa8a45640e88358c5 e372edc487564543ba6003396eb8f5e9 - - 001184f3b1ca4d748842f4ce7543235f 001184f3b1ca4d748842f4ce7543235f] 199.204.45.22 "GET /v2.0/networks/df59a687-f2a4-4799-a258-200b99d818d8?fields=segments HTTP/1.1" status: 200 len: 212 time: 0.1214499 /var/lib/openstack/lib/python3.10/site-packages/pycadf/identifier.py:71: UserWarning: Invalid uuid: neutron. To ensure interoperability, identifiers should be a valid uuid. warnings.warn(('Invalid uuid: %s. To ensure interoperability, '
2026-05-11 02:03:16.537 9 INFO neutron.wsgi [req-9e11a96f-6ea6-41fd-88e3-0eb3f78ed117 req-7051c864-48d1-42ff-bafb-75f5c9e2a499 55f991a7fc184b8aa8a45640e88358c5 e372edc487564543ba6003396eb8f5e9 - - 001184f3b1ca4d748842f4ce7543235f 001184f3b1ca4d748842f4ce7543235f] 199.204.45.22 "GET /v2.0/networks/df59a687-f2a4-4799-a258-200b99d818d8?fields=provider%3Aphysical_network&fields=provider%3Anetwork_type HTTP/1.1" status: 200 len: 277 time: 0.0984538
2026-05-11 02:03:16.544 9 INFO neutron.wsgi [req-bd9352f0-14bc-47e8-9e2a-7fa1a19ba19e req-3a7a4a32-6c8a-4cea-babe-4b691db38039 fc84de9d4f714eae95f071a13b3396fc aa9bff6e6201488b86c97f6ffd9a73bf - - default default] 199.204.45.22 "GET /v2.0/ports?device_id=3febbefa-0d09-4589-b84b-2832e1b762af HTTP/1.1" status: 200 len: 1174 time: 0.0518670
2026-05-11 02:03:16.641 9 INFO neutron.wsgi [req-92338b9c-e0b6-4524-bd21-327de62fabc9 req-0d51b2f9-9a6d-469e-a17e-f849bebcfd76 5f1bf8b7c9fe43c89fd8faf9e6423fdd a5ab8432ed5d4e77b218f193ffdd634a - - default default] 199.204.45.22 "DELETE /v2.0/ports/9f288226-3dfa-45a3-8c57-57040fbea834 HTTP/1.1" status: 204 len: 173 time: 0.5431690
2026-05-11 02:03:16.643 10 INFO neutron.db.ovn_revision_numbers_db [None req-7415e0f0-84da-47d3-8bf3-250637f8f511 97b870170019481794f5f3022c7a82a0 2897d4adbf6343ba8b36db4b1bc3cfd6 - - default default] Successfully bumped revision number for resource 54ba74ae-50d2-4e2b-81f8-eca001cf88af (type: floatingips) to 2
2026-05-11 02:03:16.741 10 INFO neutron.wsgi [None req-7415e0f0-84da-47d3-8bf3-250637f8f511 97b870170019481794f5f3022c7a82a0 2897d4adbf6343ba8b36db4b1bc3cfd6 - - default default] 10.0.0.96 "PUT /v2.0/floatingips/54ba74ae-50d2-4e2b-81f8-eca001cf88af HTTP/1.1" status: 200 len: 1038 time: 0.9647162
2026-05-11 02:03:16.794 9 INFO neutron.notifiers.nova [-] Nova event matching ['req-3e140de2-7772-4d79-b122-83f8a051a3e1'] response: {'name': 'network-changed', 'server_uuid': '3febbefa-0d09-4589-b84b-2832e1b762af', 'tag': 'c673dc0a-48a5-4852-9cfb-aa10a41040a9', 'status': 'completed', 'code': 200}
2026-05-11 02:03:16.794 9 INFO neutron.notifiers.nova [-] Nova event matching ['req-3e140de2-7772-4d79-b122-83f8a051a3e1'] response: {'server_uuid': '55829509-34fb-447d-aa85-2a2ba4da9175', 'name': 'network-vif-unplugged', 'status': 'completed', 'tag': '9f288226-3dfa-45a3-8c57-57040fbea834', 'code': 200}
2026-05-11 02:03:16.795 9 INFO neutron.notifiers.nova [-] Nova event matching ['req-3e140de2-7772-4d79-b122-83f8a051a3e1'] response: {'server_uuid': '55829509-34fb-447d-aa85-2a2ba4da9175', 'name': 'network-vif-plugged', 'status': 'completed', 'tag': '9f288226-3dfa-45a3-8c57-57040fbea834', 'code': 200}
2026-05-11 02:03:16.795 9 INFO neutron.notifiers.nova [-] Nova event matching ['req-3e140de2-7772-4d79-b122-83f8a051a3e1'] response: {'server_uuid': '55829509-34fb-447d-aa85-2a2ba4da9175', 'name': 'network-vif-deleted', 'tag': '9f288226-3dfa-45a3-8c57-57040fbea834', 'status': 'completed', 'code': 200}
2026-05-11 02:03:16.867 9 INFO neutron.wsgi [req-0dda9970-fc6d-4f5d-a621-fcc44c967f09 req-c60493a4-8505-4d68-bf0b-3dcbcd9351d8 55f991a7fc184b8aa8a45640e88358c5 e372edc487564543ba6003396eb8f5e9 - - 001184f3b1ca4d748842f4ce7543235f 001184f3b1ca4d748842f4ce7543235f] 199.204.45.22 "GET /v2.0/ports?tenant_id=aa9bff6e6201488b86c97f6ffd9a73bf&device_id=3febbefa-0d09-4589-b84b-2832e1b762af HTTP/1.1" status: 200 len: 1413 time: 0.0461822
2026-05-11 02:03:16.885 10 INFO neutron.db.l3_db [None req-75c7d56f-67b4-45b9-876b-66015e202746 97b870170019481794f5f3022c7a82a0 2897d4adbf6343ba8b36db4b1bc3cfd6 - - default default] Floating IP 54ba74ae-50d2-4e2b-81f8-eca001cf88af disassociated. External IP: 10.96.250.215, port: 3946d5c9-0aa9-42e5-9b91-4ae607a727fe.
2026-05-11 02:03:16.911 10 INFO neutron.wsgi [req-e5d1cfe8-41ef-4537-a2b2-5e917dc14657 req-76a42402-d8fa-4b9f-87dd-75bdd7a52c1e 5f1bf8b7c9fe43c89fd8faf9e6423fdd a5ab8432ed5d4e77b218f193ffdd634a - - default default] 10.0.0.15 "GET /v2.0/ports?device_id=55829509-34fb-447d-aa85-2a2ba4da9175 HTTP/1.1" status: 200 len: 210 time: 0.0223215
2026-05-11 02:03:16.941 10 INFO neutron.db.ovn_revision_numbers_db [None req-75c7d56f-67b4-45b9-876b-66015e202746 97b870170019481794f5f3022c7a82a0 2897d4adbf6343ba8b36db4b1bc3cfd6 - - default default] Successfully bumped revision number for resource 54ba74ae-50d2-4e2b-81f8-eca001cf88af (type: floatingips) to 3
2026-05-11 02:03:16.980 9 INFO neutron.db.l3_db [req-bd9352f0-14bc-47e8-9e2a-7fa1a19ba19e req-d82032dc-d779-403b-bdea-b80f3a584158 fc84de9d4f714eae95f071a13b3396fc aa9bff6e6201488b86c97f6ffd9a73bf - - default default] Floating IP b781846d-71c8-4fb8-9118-7e29aa9724ff disassociated. External IP: 10.96.250.203, port: c673dc0a-48a5-4852-9cfb-aa10a41040a9.
2026-05-11 02:03:17.012 9 INFO neutron.wsgi [req-0dda9970-fc6d-4f5d-a621-fcc44c967f09 req-44052682-c64e-4651-ba3d-00597bdfe04f 55f991a7fc184b8aa8a45640e88358c5 e372edc487564543ba6003396eb8f5e9 - - 001184f3b1ca4d748842f4ce7543235f 001184f3b1ca4d748842f4ce7543235f] 199.204.45.22 "GET /v2.0/networks?id=dcca7439-fb7a-46f5-8d5c-504cb70debf6 HTTP/1.1" status: 200 len: 977 time: 0.1400986 /var/lib/openstack/lib/python3.10/site-packages/pycadf/identifier.py:71: UserWarning: Invalid uuid: neutron. To ensure interoperability, identifiers should be a valid uuid. warnings.warn(('Invalid uuid: %s. To ensure interoperability, '
2026-05-11 02:03:17.029 10 INFO neutron.wsgi [None req-75c7d56f-67b4-45b9-876b-66015e202746 97b870170019481794f5f3022c7a82a0 2897d4adbf6343ba8b36db4b1bc3cfd6 - - default default] 10.0.0.96 "PUT /v2.0/floatingips/54ba74ae-50d2-4e2b-81f8-eca001cf88af HTTP/1.1" status: 200 len: 748 time: 0.2836547
2026-05-11 02:03:17.147 10 INFO neutron.wsgi [req-fc857be7-bf00-438b-b1b7-d3cfd7220e3e req-9aedeed4-9d39-41ad-96fa-9fe2f9aad9d7 55f991a7fc184b8aa8a45640e88358c5 e372edc487564543ba6003396eb8f5e9 - - 001184f3b1ca4d748842f4ce7543235f 001184f3b1ca4d748842f4ce7543235f] 10.0.0.207 "GET /v2.0/ports?device_id=6352e7c9-2595-4c71-9a79-147eb610b764 HTTP/1.1" status: 200 len: 1409 time: 0.1482651
2026-05-11 02:03:17.194 10 INFO neutron.wsgi [req-fc857be7-bf00-438b-b1b7-d3cfd7220e3e req-44739398-8d6a-4cb3-adb9-10dbe9604a05 55f991a7fc184b8aa8a45640e88358c5 e372edc487564543ba6003396eb8f5e9 - - 001184f3b1ca4d748842f4ce7543235f 001184f3b1ca4d748842f4ce7543235f] 10.0.0.207 "GET /v2.0/security-groups?id=7e56ef75-2361-4ae6-9375-ee699476417c&fields=id&fields=name HTTP/1.1" status: 200 len: 312 time: 0.0398331
2026-05-11 02:03:17.305 9 INFO neutron.wsgi [req-0dda9970-fc6d-4f5d-a621-fcc44c967f09 req-86f7e6a5-f15e-41cc-808e-834252fd3fcd 55f991a7fc184b8aa8a45640e88358c5 e372edc487564543ba6003396eb8f5e9 - - 001184f3b1ca4d748842f4ce7543235f 001184f3b1ca4d748842f4ce7543235f] 199.204.45.22 "GET /v2.0/floatingips?fixed_ip_address=10.100.0.13&port_id=c673dc0a-48a5-4852-9cfb-aa10a41040a9 HTTP/1.1" status: 200 len: 1060 time: 0.2820177
2026-05-11 02:03:17.371 9 INFO neutron.wsgi [req-0dda9970-fc6d-4f5d-a621-fcc44c967f09 req-bf137f27-22d7-4208-840d-9c1807872240 55f991a7fc184b8aa8a45640e88358c5 e372edc487564543ba6003396eb8f5e9 - - 001184f3b1ca4d748842f4ce7543235f 001184f3b1ca4d748842f4ce7543235f] 199.204.45.22 "GET /v2.0/subnets?id=0a0ccd4e-ed7d-40db-b285-9bc0e6c0d9b9 HTTP/1.1" status: 200 len: 872 time: 0.0580361
2026-05-11 02:03:17.415 9 INFO neutron.wsgi [req-1544a4ac-5089-40ab-96c6-df207bde3ff3 req-fb116b27-98d7-45b8-bf50-4cec9067cf91 fc84de9d4f714eae95f071a13b3396fc aa9bff6e6201488b86c97f6ffd9a73bf - - default default] 10.0.0.15 "GET /v2.0/ports?device_id=3febbefa-0d09-4589-b84b-2832e1b762af HTTP/1.1" status: 200 len: 1174 time: 0.0767250
2026-05-11 02:03:17.419 9 INFO neutron.wsgi [req-0dda9970-fc6d-4f5d-a621-fcc44c967f09 req-3b6e11a2-7aba-4263-8017-b3851bf82813 55f991a7fc184b8aa8a45640e88358c5 e372edc487564543ba6003396eb8f5e9 - - 001184f3b1ca4d748842f4ce7543235f 001184f3b1ca4d748842f4ce7543235f] 199.204.45.22 "GET /v2.0/ports?network_id=dcca7439-fb7a-46f5-8d5c-504cb70debf6&device_owner=network%3Adhcp HTTP/1.1" status: 200 len: 210 time: 0.0325890
2026-05-11 02:03:17.529 9 INFO neutron.wsgi [req-1544a4ac-5089-40ab-96c6-df207bde3ff3 req-ae1225c7-95e5-466b-97b4-605db1f98dbd fc84de9d4f714eae95f071a13b3396fc aa9bff6e6201488b86c97f6ffd9a73bf - - default default] 10.0.0.15 "GET /v2.0/security-groups?id=c7e2d596-8c03-497f-8be3-708e63ac62ba&fields=id&fields=name HTTP/1.1" status: 200 len: 312 time: 0.1064994
2026-05-11 02:03:17.555 9 INFO neutron.wsgi [req-bd9352f0-14bc-47e8-9e2a-7fa1a19ba19e req-d82032dc-d779-403b-bdea-b80f3a584158 fc84de9d4f714eae95f071a13b3396fc aa9bff6e6201488b86c97f6ffd9a73bf - - default default] 199.204.45.22 "DELETE /v2.0/ports/c673dc0a-48a5-4852-9cfb-aa10a41040a9 HTTP/1.1" status: 204 len: 173 time: 1.0048513
2026-05-11 02:03:17.560 9 INFO neutron.wsgi [req-0dda9970-fc6d-4f5d-a621-fcc44c967f09 req-76e72239-0efa-43e4-8e4f-60c25f3298c6 55f991a7fc184b8aa8a45640e88358c5 e372edc487564543ba6003396eb8f5e9 - - 001184f3b1ca4d748842f4ce7543235f 001184f3b1ca4d748842f4ce7543235f] 199.204.45.22 "GET /v2.0/networks/dcca7439-fb7a-46f5-8d5c-504cb70debf6?fields=segments HTTP/1.1" status: 200 len: 212 time: 0.1294155
2026-05-11 02:03:17.643 9 INFO neutron.wsgi [req-0dda9970-fc6d-4f5d-a621-fcc44c967f09 req-a90b033b-bdb3-4f76-987c-bc23f5b5063e 55f991a7fc184b8aa8a45640e88358c5 e372edc487564543ba6003396eb8f5e9 - - 001184f3b1ca4d748842f4ce7543235f 001184f3b1ca4d748842f4ce7543235f] 199.204.45.22 "GET /v2.0/networks/dcca7439-fb7a-46f5-8d5c-504cb70debf6?fields=provider%3Aphysical_network&fields=provider%3Anetwork_type HTTP/1.1" status: 200 len: 277 time: 0.0733197
2026-05-11 02:03:17.762 9 INFO neutron.wsgi [None req-04d91093-3e9a-4ce3-a1a9-a1ecb4cb6a66 97b870170019481794f5f3022c7a82a0 2897d4adbf6343ba8b36db4b1bc3cfd6 - - default default] 10.0.0.96 "DELETE /v2.0/floatingips/54ba74ae-50d2-4e2b-81f8-eca001cf88af HTTP/1.1" status: 204 len: 168 time: 0.7099936
2026-05-11 02:03:17.794 9 INFO neutron.api.v2.resource [None req-6d3bce6c-21ee-4da5-ac81-454d4ea93f23 97b870170019481794f5f3022c7a82a0 2897d4adbf6343ba8b36db4b1bc3cfd6 - - default default] delete failed (client error): The resource could not be found.
2026-05-11 02:03:17.796 9 INFO neutron.wsgi [None req-6d3bce6c-21ee-4da5-ac81-454d4ea93f23 97b870170019481794f5f3022c7a82a0 2897d4adbf6343ba8b36db4b1bc3cfd6 - - default default] 10.0.0.96 "DELETE /v2.0/floatingips/54ba74ae-50d2-4e2b-81f8-eca001cf88af HTTP/1.1" status: 404 len: 345 time: 0.0292926
2026-05-11 02:03:18.262 9 INFO neutron.wsgi [None req-638e367e-6cb9-41e8-9b2e-2393e9659e06 97b870170019481794f5f3022c7a82a0 2897d4adbf6343ba8b36db4b1bc3cfd6 - - default default] 10.0.0.96 "DELETE /v2.0/ports/3946d5c9-0aa9-42e5-9b91-4ae607a727fe HTTP/1.1" status: 204 len: 168 time: 0.4572577
2026-05-11 02:03:18.600 9 INFO neutron.wsgi [None req-f6ae368c-347a-438a-96f1-f1eea890fffa 97b870170019481794f5f3022c7a82a0 2897d4adbf6343ba8b36db4b1bc3cfd6 - - default default] 10.0.0.96 "DELETE /v2.0/ports/12d8f805-7761-43bb-a445-21f818637857 HTTP/1.1" status: 204 len: 168 time: 0.3337128
2026-05-11 02:03:18.699 9 INFO neutron.wsgi [None req-43dbdbcc-2e4f-4cf8-8a79-3288ac2edcd4 97b870170019481794f5f3022c7a82a0 2897d4adbf6343ba8b36db4b1bc3cfd6 - - default default] 10.0.0.96 "GET /v2.0/ports?device_id=2d11377a-2ac9-46af-9e79-7b3d830a34c2 HTTP/1.1" status: 200 len: 1140 time: 0.0951850
2026-05-11 02:03:18.836 9 INFO neutron.wsgi [None req-b502d167-f62a-4c0a-bb38-141bc490e92e fc84de9d4f714eae95f071a13b3396fc aa9bff6e6201488b86c97f6ffd9a73bf - - default default] 10.0.0.96 "DELETE /v2.0/security-groups/c7e2d596-8c03-497f-8be3-708e63ac62ba HTTP/1.1" status: 204 len: 168 time: 0.1973681
2026-05-11 02:03:18.837 9 INFO neutron.notifiers.nova [-] Nova event matching ['req-d12daa6f-3f2f-4573-87f2-70c80de54dc4'] response: {'server_uuid': '3febbefa-0d09-4589-b84b-2832e1b762af', 'name': 'network-vif-deleted', 'tag': 'c673dc0a-48a5-4852-9cfb-aa10a41040a9', 'status': 'completed', 'code': 200}
2026-05-11 02:03:18.862 10 INFO neutron.api.v2.resource [None req-c40d5d05-a45f-4ff6-bfa4-4f272ab2a8ae fc84de9d4f714eae95f071a13b3396fc aa9bff6e6201488b86c97f6ffd9a73bf - - default default] show failed (client error): The resource could not be found.
2026-05-11 02:03:18.863 10 INFO neutron.wsgi [None req-c40d5d05-a45f-4ff6-bfa4-4f272ab2a8ae fc84de9d4f714eae95f071a13b3396fc aa9bff6e6201488b86c97f6ffd9a73bf - - default default] 10.0.0.96 "GET /v2.0/security-groups/c7e2d596-8c03-497f-8be3-708e63ac62ba HTTP/1.1" status: 404 len: 347 time: 0.0218828
2026-05-11 02:03:19.298 10 INFO neutron.wsgi [None req-92d28e87-9fe0-4e21-983e-36c6af94cc7b fc84de9d4f714eae95f071a13b3396fc aa9bff6e6201488b86c97f6ffd9a73bf - - default default] 10.0.0.96 "DELETE /v2.0/floatingips/b781846d-71c8-4fb8-9118-7e29aa9724ff HTTP/1.1" status: 204 len: 168 time: 0.4296906
2026-05-11 02:03:19.393 10 INFO neutron.wsgi [None req-ac1b37b7-d6e1-4a26-86d0-761b56b29590 f6a1eab280bb4675a19f2737111a8190 2a02514e1226463db8226cdf845d2c0b - - default default] 10.0.0.96 "PUT /v2.0/routers/6c27a748-fd41-4f63-9888-01493f70774c/remove_router_interface HTTP/1.1" status: 200 len: 503 time: 1.4048231 /var/lib/openstack/lib/python3.10/site-packages/pycadf/identifier.py:71: UserWarning: Invalid uuid: neutron. To ensure interoperability, identifiers should be a valid uuid. warnings.warn(('Invalid uuid: %s. To ensure interoperability, '
2026-05-11 02:03:19.414 10 WARNING neutron.plugins.ml2.drivers.ovn.mech_driver.ovsdb.ovn_client [None req-bf330d73-d748-4cf8-baff-df318e4b0fae - - - - - -] No port found with ID b79dc831-af16-4956-b3e8-d7509102c936: RuntimeError: No port found with ID b79dc831-af16-4956-b3e8-d7509102c936
2026-05-11 02:03:19.492 9 INFO neutron.wsgi [None req-9d8aba6f-a94f-4fb7-a534-2c7484602829 97b870170019481794f5f3022c7a82a0 2897d4adbf6343ba8b36db4b1bc3cfd6 - - default default] 10.0.0.96 "PUT /v2.0/routers/2d11377a-2ac9-46af-9e79-7b3d830a34c2/remove_router_interface HTTP/1.1" status: 200 len: 503 time: 0.7879405 /var/lib/openstack/lib/python3.10/site-packages/pycadf/identifier.py:71: UserWarning: Invalid uuid: neutron. To ensure interoperability, identifiers should be a valid uuid. warnings.warn(('Invalid uuid: %s. To ensure interoperability, '
2026-05-11 02:03:19.552 10 INFO neutron.plugins.ml2.drivers.ovn.mech_driver.mech_driver [None req-bf330d73-d748-4cf8-baff-df318e4b0fae - - - - - -] OVN reports status down for port: c673dc0a-48a5-4852-9cfb-aa10a41040a9
2026-05-11 02:03:20.098 9 INFO neutron.wsgi [None req-53d9b32e-657a-4cb0-bea8-740abf878752 97b870170019481794f5f3022c7a82a0 2897d4adbf6343ba8b36db4b1bc3cfd6 - - default default] 10.0.0.96 "DELETE /v2.0/routers/2d11377a-2ac9-46af-9e79-7b3d830a34c2 HTTP/1.1" status: 204 len: 168 time: 0.6031015
2026-05-11 02:03:20.256 9 INFO neutron.wsgi [None req-ac4fe128-6c3c-423d-a3a6-6a6ebe0f06fe 97b870170019481794f5f3022c7a82a0 2897d4adbf6343ba8b36db4b1bc3cfd6 - - default default] 10.0.0.96 "DELETE /v2.0/subnets/ea2dea2a-2434-4066-b6ad-dabd944e12c6 HTTP/1.1" status: 204 len: 168 time: 0.1525598
2026-05-11 02:03:20.548 10 INFO neutron.wsgi [None req-4dfe2def-2dc5-428f-8af1-1042f3862adc f6a1eab280bb4675a19f2737111a8190 2a02514e1226463db8226cdf845d2c0b - - default default] 10.0.0.96 "DELETE /v2.0/routers/6c27a748-fd41-4f63-9888-01493f70774c HTTP/1.1" status: 204 len: 168 time: 1.1507955 /var/lib/openstack/lib/python3.10/site-packages/pycadf/identifier.py:71: UserWarning: Invalid uuid: neutron. To ensure interoperability, identifiers should be a valid uuid. warnings.warn(('Invalid uuid: %s. To ensure interoperability, '
2026-05-11 02:03:20.722 9 INFO neutron.wsgi [None req-54f50491-3060-4f1c-ae11-d55b72cd36cc 97b870170019481794f5f3022c7a82a0 2897d4adbf6343ba8b36db4b1bc3cfd6 - - default default] 10.0.0.96 "DELETE /v2.0/networks/52dde89b-95e0-4691-82fb-9c8f8dceb477 HTTP/1.1" status: 204 len: 168 time: 0.4597027
2026-05-11 02:03:20.851 10 INFO neutron.wsgi [None req-9835e25c-82cf-49aa-a0a6-84b738e71cf4 f6a1eab280bb4675a19f2737111a8190 2a02514e1226463db8226cdf845d2c0b - - default default] 10.0.0.96 "DELETE /v2.0/subnets/635de7f3-04b2-4078-a475-0a504af5e070 HTTP/1.1" status: 204 len: 168 time: 0.2954736
2026-05-11 02:03:20.958 10 INFO neutron.wsgi [None req-6e48ba78-996a-4fd4-9f87-96bf64e9a862 f6a1eab280bb4675a19f2737111a8190 2a02514e1226463db8226cdf845d2c0b - - default default] 10.0.0.96 "PUT /v2.0/routers/efe04b73-2a45-4a64-a74e-32bd5afa055d/remove_router_interface HTTP/1.1" status: 200 len: 503 time: 1.6533201 /var/lib/openstack/lib/python3.10/site-packages/pycadf/identifier.py:71: UserWarning: Invalid uuid: neutron. To ensure interoperability, identifiers should be a valid uuid. warnings.warn(('Invalid uuid: %s. To ensure interoperability, '
2026-05-11 02:03:21.367 9 INFO neutron.services.segments.plugin [-] Segment 2371b8d5-1b34-449f-8853-b92e042eb43f resource provider aggregate not found
2026-05-11 02:03:21.394 9 INFO neutron.services.segments.plugin [-] Segment 2371b8d5-1b34-449f-8853-b92e042eb43f resource provider aggregate not found
2026-05-11 02:03:21.402 9 INFO neutron.services.segments.plugin [-] Segment 2371b8d5-1b34-449f-8853-b92e042eb43f resource provider not found; error: Placement Client Error (4xx): {"errors": [{"status": 404, "title": "Not Found", "detail": "The resource could not be found.\n\n No resource provider with uuid 2371b8d5-1b34-449f-8853-b92e042eb43f found for delete ", "request_id": "req-777b3c28-6a3f-4d9d-a133-8ca191b77e94"}]}
2026-05-11 02:03:21.410 10 INFO neutron.wsgi [None req-e51309e4-a9f6-4216-864e-e0b29e725497 f6a1eab280bb4675a19f2737111a8190 2a02514e1226463db8226cdf845d2c0b - - default default] 10.0.0.96 "GET /v2.0/security-groups?tenant_id=2897d4adbf6343ba8b36db4b1bc3cfd6&name=default HTTP/1.1" status: 200 len: 2996 time: 0.1045594
2026-05-11 02:03:21.429 9 INFO neutron.services.segments.plugin [-] Segment 2371b8d5-1b34-449f-8853-b92e042eb43f resource provider not found; error: Placement Client Error (4xx): {"errors": [{"status": 404, "title": "Not Found", "detail": "The resource could not be found.\n\n No resource provider with uuid 2371b8d5-1b34-449f-8853-b92e042eb43f found for delete ", "request_id": "req-4289965a-737e-4557-96a7-55ef33e0a9a0"}]}
2026-05-11 02:03:21.567 9 INFO neutron.wsgi [None req-4c22724e-c600-4dae-8004-37e64bd1f7a6 f6a1eab280bb4675a19f2737111a8190 2a02514e1226463db8226cdf845d2c0b - - default default] 10.0.0.96 "DELETE /v2.0/networks/a661d6b0-3ec3-4476-8e21-50a42c0e0418 HTTP/1.1" status: 204 len: 168 time: 0.7093916
2026-05-11 02:03:21.604 10 INFO neutron.wsgi [None req-2b0590eb-8405-4e98-9dc1-3cbedde7796c f6a1eab280bb4675a19f2737111a8190 2a02514e1226463db8226cdf845d2c0b - - default default] 10.0.0.96 "DELETE /v2.0/security-groups/f936bb37-1883-4cb0-9b9b-8dacd67b621e HTTP/1.1" status: 204 len: 168 time: 0.1893077
2026-05-11 02:03:21.777 9 INFO neutron.wsgi [None req-67dc859d-ff21-45b1-b9c2-425e8766f30e f6a1eab280bb4675a19f2737111a8190 2a02514e1226463db8226cdf845d2c0b - - default default] 10.0.0.96 "GET /v2.0/security-groups?tenant_id=a5ab8432ed5d4e77b218f193ffdd634a&name=default HTTP/1.1" status: 200 len: 2996 time: 0.0618913
2026-05-11 02:03:21.868 10 INFO neutron.wsgi [req-5ca8bce7-518d-4b21-b675-a77e0db17123 req-b0fc14ad-1f6c-45d3-9d2b-7efc47217015 6629f129e6b945a6b0a3be998afb1c2b e203c8231fc04a7c8dd8e466459b1c60 - - default default] 10.0.0.15 "GET /v2.0/ports?device_id=6352e7c9-2595-4c71-9a79-147eb610b764 HTTP/1.1" status: 200 len: 1170 time: 0.0892110
2026-05-11 02:03:21.999 9 INFO neutron.wsgi [None req-8279c57d-1187-4d88-841d-725f3f6ee7d1 f6a1eab280bb4675a19f2737111a8190 2a02514e1226463db8226cdf845d2c0b - - default default] 10.0.0.96 "DELETE /v2.0/routers/efe04b73-2a45-4a64-a74e-32bd5afa055d HTTP/1.1" status: 204 len: 168 time: 1.0338354
2026-05-11 02:03:22.044 9 INFO neutron.wsgi [req-fd8ac597-b04c-48ed-bd29-e9f81ea779f1 req-f3ae1d89-dc3a-4735-9e29-259a6fb22dc8 6629f129e6b945a6b0a3be998afb1c2b e203c8231fc04a7c8dd8e466459b1c60 - - default default] 10.0.0.15 "GET /v2.0/ports/777ce503-7cd4-4101-ab23-3c6315a74f46 HTTP/1.1" status: 200 len: 1167 time: 0.1272895
2026-05-11 02:03:22.137 9 INFO neutron.wsgi [None req-e33620a4-9711-4676-88bb-264aeb9cec39 f6a1eab280bb4675a19f2737111a8190 2a02514e1226463db8226cdf845d2c0b - - default default] 10.0.0.96 "DELETE /v2.0/security-groups/87d2f6c8-fc78-4cd7-9ddd-084714c4b591 HTTP/1.1" status: 204 len: 168 time: 0.3551290
2026-05-11 02:03:22.238 9 INFO neutron.wsgi [req-19b33e43-41e8-48a1-921c-79585b66e82a req-66c57d8f-05a3-4b93-9168-5b6632ddcdd4 6629f129e6b945a6b0a3be998afb1c2b e203c8231fc04a7c8dd8e466459b1c60 - - default default] 199.204.45.22 "GET /v2.0/subnets?network_id=df59a687-f2a4-4799-a258-200b99d818d8 HTTP/1.1" status: 200 len: 858 time: 0.0594277
2026-05-11 02:03:22.295 9 INFO neutron.wsgi [req-19b33e43-41e8-48a1-921c-79585b66e82a req-54244780-b58e-4a1d-823d-2cf7c88c7e1f 6629f129e6b945a6b0a3be998afb1c2b e203c8231fc04a7c8dd8e466459b1c60 - - default default] 199.204.45.22 "GET /v2.0/ports?device_id=6352e7c9-2595-4c71-9a79-147eb610b764&device_owner=compute%3Anova&network_id=df59a687-f2a4-4799-a258-200b99d818d8 HTTP/1.1" status: 200 len: 1170 time: 0.0528927
2026-05-11 02:03:22.319 9 INFO neutron.wsgi [None req-e620698c-8275-4490-bb29-88d877d0dc08 f6a1eab280bb4675a19f2737111a8190 2a02514e1226463db8226cdf845d2c0b - - default default] 10.0.0.96 "DELETE /v2.0/subnets/0a0ccd4e-ed7d-40db-b285-9bc0e6c0d9b9 HTTP/1.1" status: 204 len: 168 time: 0.3141415
2026-05-11 02:03:22.685 10 INFO neutron.services.segments.plugin [-] Segment 3b221449-75b5-4b49-a75f-ffa194908157 resource provider aggregate not found
2026-05-11 02:03:22.691 10 INFO neutron.services.segments.plugin [-] Segment 3b221449-75b5-4b49-a75f-ffa194908157 resource provider aggregate not found
2026-05-11 02:03:22.702 10 INFO neutron.services.segments.plugin [-] Segment 3b221449-75b5-4b49-a75f-ffa194908157 resource provider not found; error: Placement Client Error (4xx): {"errors": [{"status": 404, "title": "Not Found", "detail": "The resource could not be found.\n\n No resource provider with uuid 3b221449-75b5-4b49-a75f-ffa194908157 found for delete ", "request_id": "req-a7daa3e8-5ef6-456e-8fb7-dbeadfd261d0"}]}
2026-05-11 02:03:22.709 10 INFO neutron.services.segments.plugin [-] Segment 3b221449-75b5-4b49-a75f-ffa194908157 resource provider not found; error: Placement Client Error (4xx): {"errors": [{"status": 404, "title": "Not Found", "detail": "The resource could not be found.\n\n No resource provider with uuid 3b221449-75b5-4b49-a75f-ffa194908157 found for delete ", "request_id": "req-dc6482dc-2840-446b-9916-16b3b85f8a5c"}]}
2026-05-11 02:03:22.746 10 INFO neutron.wsgi [None req-08a51d1f-6fc7-410f-a9a2-85bc00ae96e5 f6a1eab280bb4675a19f2737111a8190 2a02514e1226463db8226cdf845d2c0b - - default default] 10.0.0.96 "DELETE /v2.0/networks/dcca7439-fb7a-46f5-8d5c-504cb70debf6 HTTP/1.1" status: 204 len: 168 time: 0.4215324
2026-05-11 02:03:22.801 9 INFO neutron.db.ovn_revision_numbers_db [req-19b33e43-41e8-48a1-921c-79585b66e82a req-f399df3b-da84-4a23-9f3f-a89f7fbba232 6629f129e6b945a6b0a3be998afb1c2b e203c8231fc04a7c8dd8e466459b1c60 - - default default] Successfully bumped revision number for resource 777ce503-7cd4-4101-ab23-3c6315a74f46 (type: ports) to 5
2026-05-11 02:03:22.815 9 INFO neutron.wsgi [req-19b33e43-41e8-48a1-921c-79585b66e82a req-f399df3b-da84-4a23-9f3f-a89f7fbba232 6629f129e6b945a6b0a3be998afb1c2b e203c8231fc04a7c8dd8e466459b1c60 - - default default] 199.204.45.22 "PUT /v2.0/ports/777ce503-7cd4-4101-ab23-3c6315a74f46 HTTP/1.1" status: 200 len: 1345 time: 0.5163171 /var/lib/openstack/lib/python3.10/site-packages/pycadf/identifier.py:71: UserWarning: Invalid uuid: neutron. To ensure interoperability, identifiers should be a valid uuid. warnings.warn(('Invalid uuid: %s. To ensure interoperability, '
2026-05-11 02:03:22.859 9 INFO neutron.notifiers.nova [-] Nova event matching ['req-577bb50c-ceb3-4584-b5d5-af3ec9cd5dfd'] response: {'name': 'network-changed', 'server_uuid': '6352e7c9-2595-4c71-9a79-147eb610b764', 'tag': '777ce503-7cd4-4101-ab23-3c6315a74f46', 'status': 'completed', 'code': 200}
2026-05-11 02:03:22.889 9 INFO neutron.wsgi [req-19b33e43-41e8-48a1-921c-79585b66e82a req-c96349cd-5539-4b9a-ba5f-55cff61e41bc 55f991a7fc184b8aa8a45640e88358c5 e372edc487564543ba6003396eb8f5e9 - - 001184f3b1ca4d748842f4ce7543235f 001184f3b1ca4d748842f4ce7543235f] 199.204.45.22 "GET /v2.0/ports?tenant_id=e203c8231fc04a7c8dd8e466459b1c60&device_id=6352e7c9-2595-4c71-9a79-147eb610b764 HTTP/1.1" status: 200 len: 1586 time: 0.0435858
2026-05-11 02:03:22.898 9 INFO neutron.wsgi [None req-eb7c96b5-6824-4c97-8f98-6296984e1af8 f6a1eab280bb4675a19f2737111a8190 2a02514e1226463db8226cdf845d2c0b - - default default] 10.0.0.96 "GET /v2.0/security-groups?tenant_id=aa9bff6e6201488b86c97f6ffd9a73bf&name=default HTTP/1.1" status: 200 len: 2996 time: 0.0652375
2026-05-11 02:03:22.959 9 INFO neutron.wsgi [req-19b33e43-41e8-48a1-921c-79585b66e82a req-033a4291-397e-41c3-b59f-5c9d469fbf43 55f991a7fc184b8aa8a45640e88358c5 e372edc487564543ba6003396eb8f5e9 - - 001184f3b1ca4d748842f4ce7543235f 001184f3b1ca4d748842f4ce7543235f] 199.204.45.22 "GET /v2.0/networks?id=df59a687-f2a4-4799-a258-200b99d818d8 HTTP/1.1" status: 200 len: 981 time: 0.0603909
2026-05-11 02:03:23.024 9 INFO neutron.wsgi [req-19b33e43-41e8-48a1-921c-79585b66e82a req-2b364d65-1c3b-4862-be4e-4936a55fae9d 55f991a7fc184b8aa8a45640e88358c5 e372edc487564543ba6003396eb8f5e9 - - 001184f3b1ca4d748842f4ce7543235f 001184f3b1ca4d748842f4ce7543235f] 199.204.45.22 "GET /v2.0/floatingips?fixed_ip_address=10.100.0.4&port_id=777ce503-7cd4-4101-ab23-3c6315a74f46 HTTP/1.1" status: 200 len: 1059 time: 0.0576098
2026-05-11 02:03:23.056 9 INFO neutron.wsgi [req-19b33e43-41e8-48a1-921c-79585b66e82a req-5b9516a8-b914-4809-90e7-f65b6b97a9f1 55f991a7fc184b8aa8a45640e88358c5 e372edc487564543ba6003396eb8f5e9 - - 001184f3b1ca4d748842f4ce7543235f 001184f3b1ca4d748842f4ce7543235f] 199.204.45.22 "GET /v2.0/floatingips?fixed_ip_address=10.100.0.5&port_id=777ce503-7cd4-4101-ab23-3c6315a74f46 HTTP/1.1" status: 200 len: 217 time: 0.0244377
2026-05-11 02:03:23.104 9 INFO neutron.wsgi [req-19b33e43-41e8-48a1-921c-79585b66e82a req-8ba91ddf-66ec-4451-9611-5df7e7b06925 55f991a7fc184b8aa8a45640e88358c5 e372edc487564543ba6003396eb8f5e9 - - 001184f3b1ca4d748842f4ce7543235f 001184f3b1ca4d748842f4ce7543235f] 199.204.45.22 "GET /v2.0/subnets?id=02e2e758-66c8-4e00-a1ed-7d91b58d748d HTTP/1.1" status: 200 len: 876 time: 0.0402765
