2026-05-19 04:14:15.919 8 INFO cinder.api.openstack.wsgi [None req-24323519-13c4-4e74-802e-2493ce0ac0fe 5bd8e99b041949568af62b670af20041 e7f4975e49b144f988aafaaaa8eace44 - - default default] http://10.0.0.113:8776/ returned with HTTP 300
2026-05-19 04:14:25.916 7 INFO cinder.api.openstack.wsgi [None req-e6d53d53-e84a-4756-b9af-1fb96d0b3eeb 5bd8e99b041949568af62b670af20041 e7f4975e49b144f988aafaaaa8eace44 - - default default] GET http://10.0.0.113:8776/
2026-05-19 04:14:25.916 8 INFO cinder.api.openstack.wsgi [None req-24323519-13c4-4e74-802e-2493ce0ac0fe 5bd8e99b041949568af62b670af20041 e7f4975e49b144f988aafaaaa8eace44 - - default default] GET http://10.0.0.113:8776/
2026-05-19 04:14:25.917 7 INFO cinder.api.openstack.wsgi [None req-e6d53d53-e84a-4756-b9af-1fb96d0b3eeb 5bd8e99b041949568af62b670af20041 e7f4975e49b144f988aafaaaa8eace44 - - default default] http://10.0.0.113:8776/ returned with HTTP 300
2026-05-19 04:14:25.918 8 INFO cinder.api.openstack.wsgi [None req-24323519-13c4-4e74-802e-2493ce0ac0fe 5bd8e99b041949568af62b670af20041 e7f4975e49b144f988aafaaaa8eace44 - - default default] http://10.0.0.113:8776/ returned with HTTP 300
2026-05-19 04:14:35.917 7 INFO cinder.api.openstack.wsgi [None req-e6d53d53-e84a-4756-b9af-1fb96d0b3eeb 5bd8e99b041949568af62b670af20041 e7f4975e49b144f988aafaaaa8eace44 - - default default] GET http://10.0.0.113:8776/
2026-05-19 04:14:35.917 8 INFO cinder.api.openstack.wsgi [None req-24323519-13c4-4e74-802e-2493ce0ac0fe 5bd8e99b041949568af62b670af20041 e7f4975e49b144f988aafaaaa8eace44 - - default default] GET http://10.0.0.113:8776/
2026-05-19 04:14:35.918 7 INFO cinder.api.openstack.wsgi [None req-e6d53d53-e84a-4756-b9af-1fb96d0b3eeb 5bd8e99b041949568af62b670af20041 e7f4975e49b144f988aafaaaa8eace44 - - default default] http://10.0.0.113:8776/ returned with HTTP 300
2026-05-19 04:14:35.918 8 INFO cinder.api.openstack.wsgi [None req-24323519-13c4-4e74-802e-2493ce0ac0fe 5bd8e99b041949568af62b670af20041 e7f4975e49b144f988aafaaaa8eace44 - - default default] http://10.0.0.113:8776/ returned with HTTP 300
2026-05-19 04:14:45.916 8 INFO cinder.api.openstack.wsgi [None req-24323519-13c4-4e74-802e-2493ce0ac0fe 5bd8e99b041949568af62b670af20041 e7f4975e49b144f988aafaaaa8eace44 - - default default] GET http://10.0.0.113:8776/
2026-05-19 04:14:45.916 7 INFO cinder.api.openstack.wsgi [None req-e6d53d53-e84a-4756-b9af-1fb96d0b3eeb 5bd8e99b041949568af62b670af20041 e7f4975e49b144f988aafaaaa8eace44 - - default default] GET http://10.0.0.113:8776/
2026-05-19 04:14:45.917 8 INFO cinder.api.openstack.wsgi [None req-24323519-13c4-4e74-802e-2493ce0ac0fe 5bd8e99b041949568af62b670af20041 e7f4975e49b144f988aafaaaa8eace44 - - default default] http://10.0.0.113:8776/ returned with HTTP 300
2026-05-19 04:14:45.917 7 INFO cinder.api.openstack.wsgi [None req-e6d53d53-e84a-4756-b9af-1fb96d0b3eeb 5bd8e99b041949568af62b670af20041 e7f4975e49b144f988aafaaaa8eace44 - - default default] http://10.0.0.113:8776/ returned with HTTP 300
2026-05-19 04:14:55.917 8 INFO cinder.api.openstack.wsgi [None req-24323519-13c4-4e74-802e-2493ce0ac0fe 5bd8e99b041949568af62b670af20041 e7f4975e49b144f988aafaaaa8eace44 - - default default] GET http://10.0.0.113:8776/
2026-05-19 04:14:55.918 7 INFO cinder.api.openstack.wsgi [None req-e6d53d53-e84a-4756-b9af-1fb96d0b3eeb 5bd8e99b041949568af62b670af20041 e7f4975e49b144f988aafaaaa8eace44 - - default default] GET http://10.0.0.113:8776/
2026-05-19 04:14:55.918 8 INFO cinder.api.openstack.wsgi [None req-24323519-13c4-4e74-802e-2493ce0ac0fe 5bd8e99b041949568af62b670af20041 e7f4975e49b144f988aafaaaa8eace44 - - default default] http://10.0.0.113:8776/ returned with HTTP 300
2026-05-19 04:14:55.919 7 INFO cinder.api.openstack.wsgi [None req-e6d53d53-e84a-4756-b9af-1fb96d0b3eeb 5bd8e99b041949568af62b670af20041 e7f4975e49b144f988aafaaaa8eace44 - - default default] http://10.0.0.113:8776/ returned with HTTP 300
2026-05-19 04:15:05.917 8 INFO cinder.api.openstack.wsgi [None req-24323519-13c4-4e74-802e-2493ce0ac0fe 5bd8e99b041949568af62b670af20041 e7f4975e49b144f988aafaaaa8eace44 - - default default] GET http://10.0.0.113:8776/
2026-05-19 04:15:05.917 7 INFO cinder.api.openstack.wsgi [None req-e6d53d53-e84a-4756-b9af-1fb96d0b3eeb 5bd8e99b041949568af62b670af20041 e7f4975e49b144f988aafaaaa8eace44 - - default default] GET http://10.0.0.113:8776/
2026-05-19 04:15:05.918 8 INFO cinder.api.openstack.wsgi [None req-24323519-13c4-4e74-802e-2493ce0ac0fe 5bd8e99b041949568af62b670af20041 e7f4975e49b144f988aafaaaa8eace44 - - default default] http://10.0.0.113:8776/ returned with HTTP 300
2026-05-19 04:15:05.918 7 INFO cinder.api.openstack.wsgi [None req-e6d53d53-e84a-4756-b9af-1fb96d0b3eeb 5bd8e99b041949568af62b670af20041 e7f4975e49b144f988aafaaaa8eace44 - - default default] http://10.0.0.113:8776/ returned with HTTP 300
2026-05-19 04:15:15.053 8 INFO cinder.api.openstack.wsgi [None req-0bb24b65-8e71-4404-acb8-ecb559cb2d98 5bd8e99b041949568af62b670af20041 e7f4975e49b144f988aafaaaa8eace44 - - default default] GET http://cinder-api.openstack.svc.cluster.local:8776/v3/e7f4975e49b144f988aafaaaa8eace44/snapshots?all_tenants=true
2026-05-19 04:15:15.060 8 INFO cinder.volume.api [None req-0bb24b65-8e71-4404-acb8-ecb559cb2d98 5bd8e99b041949568af62b670af20041 e7f4975e49b144f988aafaaaa8eace44 - - default default] Get all snapshots completed successfully.
2026-05-19 04:15:15.061 8 INFO cinder.api.openstack.wsgi [None req-0bb24b65-8e71-4404-acb8-ecb559cb2d98 5bd8e99b041949568af62b670af20041 e7f4975e49b144f988aafaaaa8eace44 - - default default] http://cinder-api.openstack.svc.cluster.local:8776/v3/e7f4975e49b144f988aafaaaa8eace44/snapshots?all_tenants=true returned with HTTP 200 [pid: 8|app: 0|req: 439/879] 10.0.0.96 () {28 vars in 673 bytes} [Tue May 19 04:15:14 2026] GET /v3/e7f4975e49b144f988aafaaaa8eace44/snapshots?all_tenants=true => generated 17 bytes in 254 msecs (HTTP/1.1 200) 7 headers in 284 bytes (1 switches on core 0)
2026-05-19 04:15:15.079 7 INFO cinder.api.openstack.wsgi [None req-8df84683-d88a-4c88-b2ac-cd188f449a07 5bd8e99b041949568af62b670af20041 e7f4975e49b144f988aafaaaa8eace44 - - default default] GET http://cinder-api.openstack.svc.cluster.local:8776/v3/e7f4975e49b144f988aafaaaa8eace44/scheduler-stats/get_pools?detail=true
2026-05-19 04:15:15.584 7 INFO cinder.api.openstack.wsgi [None req-8df84683-d88a-4c88-b2ac-cd188f449a07 5bd8e99b041949568af62b670af20041 e7f4975e49b144f988aafaaaa8eace44 - - default default] http://cinder-api.openstack.svc.cluster.local:8776/v3/e7f4975e49b144f988aafaaaa8eace44/scheduler-stats/get_pools?detail=true returned with HTTP 200 [pid: 7|app: 0|req: 441/880] 10.0.0.96 () {28 vars in 695 bytes} [Tue May 19 04:15:15 2026] GET /v3/e7f4975e49b144f988aafaaaa8eace44/scheduler-stats/get_pools?detail=true => generated 670 bytes in 513 msecs (HTTP/1.1 200) 7 headers in 285 bytes (1 switches on core 0)
2026-05-19 04:15:15.710 8 INFO cinder.api.openstack.wsgi [None req-0b37c5dd-2fac-4390-afde-c71477ec3095 5bd8e99b041949568af62b670af20041 e7f4975e49b144f988aafaaaa8eace44 - - default default] GET http://cinder-api.openstack.svc.cluster.local:8776/v3/e7f4975e49b144f988aafaaaa8eace44/os-quota-sets/14b3dfe7c5984a8fab54079ed34cb41a?usage=true
2026-05-19 04:15:15.727 8 INFO cinder.api.openstack.wsgi [None req-0b37c5dd-2fac-4390-afde-c71477ec3095 5bd8e99b041949568af62b670af20041 e7f4975e49b144f988aafaaaa8eace44 - - default default] http://cinder-api.openstack.svc.cluster.local:8776/v3/e7f4975e49b144f988aafaaaa8eace44/os-quota-sets/14b3dfe7c5984a8fab54079ed34cb41a?usage=true returned with HTTP 200 [pid: 8|app: 0|req: 440/881] 10.0.0.96 () {28 vars in 735 bytes} [Tue May 19 04:15:15 2026] GET /v3/e7f4975e49b144f988aafaaaa8eace44/os-quota-sets/14b3dfe7c5984a8fab54079ed34cb41a?usage=true => generated 847 bytes in 23 msecs (HTTP/1.1 200) 7 headers in 285 bytes (1 switches on core 0)
2026-05-19 04:15:15.740 7 INFO cinder.api.openstack.wsgi [None req-83ee368f-1a82-428b-991b-b52e5e35578a 5bd8e99b041949568af62b670af20041 e7f4975e49b144f988aafaaaa8eace44 - - default default] GET http://cinder-api.openstack.svc.cluster.local:8776/v3/e7f4975e49b144f988aafaaaa8eace44/os-quota-sets/1f04fdaeb0b44ec880b85dd9c10fa14c?usage=true
2026-05-19 04:15:15.758 7 INFO cinder.api.openstack.wsgi [None req-83ee368f-1a82-428b-991b-b52e5e35578a 5bd8e99b041949568af62b670af20041 e7f4975e49b144f988aafaaaa8eace44 - - default default] http://cinder-api.openstack.svc.cluster.local:8776/v3/e7f4975e49b144f988aafaaaa8eace44/os-quota-sets/1f04fdaeb0b44ec880b85dd9c10fa14c?usage=true returned with HTTP 200 [pid: 7|app: 0|req: 442/882] 10.0.0.96 () {28 vars in 735 bytes} [Tue May 19 04:15:15 2026] GET /v3/e7f4975e49b144f988aafaaaa8eace44/os-quota-sets/1f04fdaeb0b44ec880b85dd9c10fa14c?usage=true => generated 847 bytes in 25 msecs (HTTP/1.1 200) 7 headers in 285 bytes (1 switches on core 0)
2026-05-19 04:15:15.773 8 INFO cinder.api.openstack.wsgi [None req-e47ac72e-2b22-4fca-a8ca-eb9cc86b80b5 5bd8e99b041949568af62b670af20041 e7f4975e49b144f988aafaaaa8eace44 - - default default] GET http://cinder-api.openstack.svc.cluster.local:8776/v3/e7f4975e49b144f988aafaaaa8eace44/os-quota-sets/3c97d8fbe958432ebedd5d6d1ad0659c?usage=true
2026-05-19 04:15:15.791 8 INFO cinder.api.openstack.wsgi [None req-e47ac72e-2b22-4fca-a8ca-eb9cc86b80b5 5bd8e99b041949568af62b670af20041 e7f4975e49b144f988aafaaaa8eace44 - - default default] http://cinder-api.openstack.svc.cluster.local:8776/v3/e7f4975e49b144f988aafaaaa8eace44/os-quota-sets/3c97d8fbe958432ebedd5d6d1ad0659c?usage=true returned with HTTP 200 [pid: 8|app: 0|req: 441/883] 10.0.0.96 () {28 vars in 735 bytes} [Tue May 19 04:15:15 2026] GET /v3/e7f4975e49b144f988aafaaaa8eace44/os-quota-sets/3c97d8fbe958432ebedd5d6d1ad0659c?usage=true => generated 847 bytes in 27 msecs (HTTP/1.1 200) 7 headers in 285 bytes (1 switches on core 0)
2026-05-19 04:15:15.803 7 INFO cinder.api.openstack.wsgi [None req-86bc4db2-e56c-48dd-b7e6-8aa41481ed1f 5bd8e99b041949568af62b670af20041 e7f4975e49b144f988aafaaaa8eace44 - - default default] GET http://cinder-api.openstack.svc.cluster.local:8776/v3/e7f4975e49b144f988aafaaaa8eace44/os-quota-sets/66f57c930f1e4aafb03e95944f1b343a?usage=true
2026-05-19 04:15:15.822 7 INFO cinder.api.openstack.wsgi [None req-86bc4db2-e56c-48dd-b7e6-8aa41481ed1f 5bd8e99b041949568af62b670af20041 e7f4975e49b144f988aafaaaa8eace44 - - default default] http://cinder-api.openstack.svc.cluster.local:8776/v3/e7f4975e49b144f988aafaaaa8eace44/os-quota-sets/66f57c930f1e4aafb03e95944f1b343a?usage=true returned with HTTP 200 [pid: 7|app: 0|req: 443/884] 10.0.0.96 () {28 vars in 735 bytes} [Tue May 19 04:15:15 2026] GET /v3/e7f4975e49b144f988aafaaaa8eace44/os-quota-sets/66f57c930f1e4aafb03e95944f1b343a?usage=true => generated 845 bytes in 27 msecs (HTTP/1.1 200) 7 headers in 285 bytes (1 switches on core 0)
2026-05-19 04:15:15.834 8 INFO cinder.api.openstack.wsgi [None req-8897ad49-02d9-41b7-a168-52c9fb7ea45a 5bd8e99b041949568af62b670af20041 e7f4975e49b144f988aafaaaa8eace44 - - default default] GET http://cinder-api.openstack.svc.cluster.local:8776/v3/e7f4975e49b144f988aafaaaa8eace44/os-quota-sets/6e290a15f4564e72bdbd42c56b1cb466?usage=true
2026-05-19 04:15:15.854 8 INFO cinder.api.openstack.wsgi [None req-8897ad49-02d9-41b7-a168-52c9fb7ea45a 5bd8e99b041949568af62b670af20041 e7f4975e49b144f988aafaaaa8eace44 - - default default] http://cinder-api.openstack.svc.cluster.local:8776/v3/e7f4975e49b144f988aafaaaa8eace44/os-quota-sets/6e290a15f4564e72bdbd42c56b1cb466?usage=true returned with HTTP 200 [pid: 8|app: 0|req: 442/885] 10.0.0.96 () {28 vars in 735 bytes} [Tue May 19 04:15:15 2026] GET /v3/e7f4975e49b144f988aafaaaa8eace44/os-quota-sets/6e290a15f4564e72bdbd42c56b1cb466?usage=true => generated 847 bytes in 28 msecs (HTTP/1.1 200) 7 headers in 285 bytes (1 switches on core 0)
2026-05-19 04:15:15.869 7 INFO cinder.api.openstack.wsgi [None req-fe345ea1-5740-4669-9327-d299c19ca4e5 5bd8e99b041949568af62b670af20041 e7f4975e49b144f988aafaaaa8eace44 - - default default] GET http://cinder-api.openstack.svc.cluster.local:8776/v3/e7f4975e49b144f988aafaaaa8eace44/os-quota-sets/714fce8f4b124c73b86bceb14e61412b?usage=true
2026-05-19 04:15:15.892 7 INFO cinder.api.openstack.wsgi [None req-fe345ea1-5740-4669-9327-d299c19ca4e5 5bd8e99b041949568af62b670af20041 e7f4975e49b144f988aafaaaa8eace44 - - default default] http://cinder-api.openstack.svc.cluster.local:8776/v3/e7f4975e49b144f988aafaaaa8eace44/os-quota-sets/714fce8f4b124c73b86bceb14e61412b?usage=true returned with HTTP 200 [pid: 7|app: 0|req: 444/886] 10.0.0.96 () {28 vars in 735 bytes} [Tue May 19 04:15:15 2026] GET /v3/e7f4975e49b144f988aafaaaa8eace44/os-quota-sets/714fce8f4b124c73b86bceb14e61412b?usage=true => generated 847 bytes in 35 msecs (HTTP/1.1 200) 7 headers in 285 bytes (1 switches on core 0)
2026-05-19 04:15:15.906 8 INFO cinder.api.openstack.wsgi [None req-196e9c58-e01b-40af-99fe-ff143e4bacba 5bd8e99b041949568af62b670af20041 e7f4975e49b144f988aafaaaa8eace44 - - default default] GET http://cinder-api.openstack.svc.cluster.local:8776/v3/e7f4975e49b144f988aafaaaa8eace44/os-quota-sets/7988bfcd39c74295b8b3f05e342039ed?usage=true
2026-05-19 04:15:15.916 7 INFO cinder.api.openstack.wsgi [None req-fe345ea1-5740-4669-9327-d299c19ca4e5 5bd8e99b041949568af62b670af20041 e7f4975e49b144f988aafaaaa8eace44 - - default default] GET http://10.0.0.113:8776/
2026-05-19 04:15:15.917 7 INFO cinder.api.openstack.wsgi [None req-fe345ea1-5740-4669-9327-d299c19ca4e5 5bd8e99b041949568af62b670af20041 e7f4975e49b144f988aafaaaa8eace44 - - default default] http://10.0.0.113:8776/ returned with HTTP 300
2026-05-19 04:15:15.919 7 INFO cinder.api.openstack.wsgi [None req-fe345ea1-5740-4669-9327-d299c19ca4e5 5bd8e99b041949568af62b670af20041 e7f4975e49b144f988aafaaaa8eace44 - - default default] GET http://10.0.0.113:8776/
2026-05-19 04:15:15.920 7 INFO cinder.api.openstack.wsgi [None req-fe345ea1-5740-4669-9327-d299c19ca4e5 5bd8e99b041949568af62b670af20041 e7f4975e49b144f988aafaaaa8eace44 - - default default] http://10.0.0.113:8776/ returned with HTTP 300
2026-05-19 04:15:15.922 8 INFO cinder.api.openstack.wsgi [None req-196e9c58-e01b-40af-99fe-ff143e4bacba 5bd8e99b041949568af62b670af20041 e7f4975e49b144f988aafaaaa8eace44 - - default default] http://cinder-api.openstack.svc.cluster.local:8776/v3/e7f4975e49b144f988aafaaaa8eace44/os-quota-sets/7988bfcd39c74295b8b3f05e342039ed?usage=true returned with HTTP 200 [pid: 8|app: 0|req: 443/889] 10.0.0.96 () {28 vars in 735 bytes} [Tue May 19 04:15:15 2026] GET /v3/e7f4975e49b144f988aafaaaa8eace44/os-quota-sets/7988bfcd39c74295b8b3f05e342039ed?usage=true => generated 847 bytes in 25 msecs (HTTP/1.1 200) 7 headers in 285 bytes (1 switches on core 0)
2026-05-19 04:15:15.932 7 INFO cinder.api.openstack.wsgi [None req-4993b881-54c1-4174-98e6-0a53970674c0 5bd8e99b041949568af62b670af20041 e7f4975e49b144f988aafaaaa8eace44 - - default default] GET http://cinder-api.openstack.svc.cluster.local:8776/v3/e7f4975e49b144f988aafaaaa8eace44/os-quota-sets/aa01374700ad43c6966c1863557a0a7a?usage=true
2026-05-19 04:15:15.959 7 INFO cinder.api.openstack.wsgi [None req-4993b881-54c1-4174-98e6-0a53970674c0 5bd8e99b041949568af62b670af20041 e7f4975e49b144f988aafaaaa8eace44 - - default default] http://cinder-api.openstack.svc.cluster.local:8776/v3/e7f4975e49b144f988aafaaaa8eace44/os-quota-sets/aa01374700ad43c6966c1863557a0a7a?usage=true returned with HTTP 200 [pid: 7|app: 0|req: 447/890] 10.0.0.96 () {28 vars in 735 bytes} [Tue May 19 04:15:15 2026] GET /v3/e7f4975e49b144f988aafaaaa8eace44/os-quota-sets/aa01374700ad43c6966c1863557a0a7a?usage=true => generated 847 bytes in 34 msecs (HTTP/1.1 200) 7 headers in 285 bytes (1 switches on core 0)
2026-05-19 04:15:15.972 8 INFO cinder.api.openstack.wsgi [None req-b97f3c7d-f07d-4924-8d7f-f532fd722c77 5bd8e99b041949568af62b670af20041 e7f4975e49b144f988aafaaaa8eace44 - - default default] GET http://cinder-api.openstack.svc.cluster.local:8776/v3/e7f4975e49b144f988aafaaaa8eace44/os-quota-sets/ac66a6e2a8b347fb9619f02a1287fb6c?usage=true
2026-05-19 04:15:15.991 8 INFO cinder.api.openstack.wsgi [None req-b97f3c7d-f07d-4924-8d7f-f532fd722c77 5bd8e99b041949568af62b670af20041 e7f4975e49b144f988aafaaaa8eace44 - - default default] http://cinder-api.openstack.svc.cluster.local:8776/v3/e7f4975e49b144f988aafaaaa8eace44/os-quota-sets/ac66a6e2a8b347fb9619f02a1287fb6c?usage=true returned with HTTP 200 [pid: 8|app: 0|req: 444/891] 10.0.0.96 () {28 vars in 735 bytes} [Tue May 19 04:15:15 2026] GET /v3/e7f4975e49b144f988aafaaaa8eace44/os-quota-sets/ac66a6e2a8b347fb9619f02a1287fb6c?usage=true => generated 847 bytes in 27 msecs (HTTP/1.1 200) 7 headers in 285 bytes (1 switches on core 0)
2026-05-19 04:15:16.004 7 INFO cinder.api.openstack.wsgi [None req-4ae5bcc4-dd6c-4143-8ead-caec9f76ce5c 5bd8e99b041949568af62b670af20041 e7f4975e49b144f988aafaaaa8eace44 - - default default] GET http://cinder-api.openstack.svc.cluster.local:8776/v3/e7f4975e49b144f988aafaaaa8eace44/os-quota-sets/d3305a60443c4e698e6ac7bb4593e1f5?usage=true
2026-05-19 04:15:16.050 7 INFO cinder.api.openstack.wsgi [None req-4ae5bcc4-dd6c-4143-8ead-caec9f76ce5c 5bd8e99b041949568af62b670af20041 e7f4975e49b144f988aafaaaa8eace44 - - default default] http://cinder-api.openstack.svc.cluster.local:8776/v3/e7f4975e49b144f988aafaaaa8eace44/os-quota-sets/d3305a60443c4e698e6ac7bb4593e1f5?usage=true returned with HTTP 200 [pid: 7|app: 0|req: 448/892] 10.0.0.96 () {28 vars in 735 bytes} [Tue May 19 04:15:15 2026] GET /v3/e7f4975e49b144f988aafaaaa8eace44/os-quota-sets/d3305a60443c4e698e6ac7bb4593e1f5?usage=true => generated 847 bytes in 57 msecs (HTTP/1.1 200) 7 headers in 285 bytes (1 switches on core 0)
2026-05-19 04:15:16.062 8 INFO cinder.api.openstack.wsgi [None req-d3eaa902-cff4-45e8-b2ca-f29e0962225e 5bd8e99b041949568af62b670af20041 e7f4975e49b144f988aafaaaa8eace44 - - default default] GET http://cinder-api.openstack.svc.cluster.local:8776/v3/e7f4975e49b144f988aafaaaa8eace44/os-quota-sets/dbe2547572d9498f82bf5863c9cd5a2d?usage=true
2026-05-19 04:15:16.084 8 INFO cinder.api.openstack.wsgi [None req-d3eaa902-cff4-45e8-b2ca-f29e0962225e 5bd8e99b041949568af62b670af20041 e7f4975e49b144f988aafaaaa8eace44 - - default default] http://cinder-api.openstack.svc.cluster.local:8776/v3/e7f4975e49b144f988aafaaaa8eace44/os-quota-sets/dbe2547572d9498f82bf5863c9cd5a2d?usage=true returned with HTTP 200 [pid: 8|app: 0|req: 445/893] 10.0.0.96 () {28 vars in 735 bytes} [Tue May 19 04:15:16 2026] GET /v3/e7f4975e49b144f988aafaaaa8eace44/os-quota-sets/dbe2547572d9498f82bf5863c9cd5a2d?usage=true => generated 847 bytes in 29 msecs (HTTP/1.1 200) 7 headers in 285 bytes (1 switches on core 0)
2026-05-19 04:15:16.099 7 INFO cinder.api.openstack.wsgi [None req-83dd3988-7559-4bb6-98b4-5102c7e21695 5bd8e99b041949568af62b670af20041 e7f4975e49b144f988aafaaaa8eace44 - - default default] GET http://cinder-api.openstack.svc.cluster.local:8776/v3/e7f4975e49b144f988aafaaaa8eace44/os-quota-sets/e6eb3cb7b1da44c4819a17a234e2ddac?usage=true
2026-05-19 04:15:16.119 7 INFO cinder.api.openstack.wsgi [None req-83dd3988-7559-4bb6-98b4-5102c7e21695 5bd8e99b041949568af62b670af20041 e7f4975e49b144f988aafaaaa8eace44 - - default default] http://cinder-api.openstack.svc.cluster.local:8776/v3/e7f4975e49b144f988aafaaaa8eace44/os-quota-sets/e6eb3cb7b1da44c4819a17a234e2ddac?usage=true returned with HTTP 200 [pid: 7|app: 0|req: 449/894] 10.0.0.96 () {28 vars in 735 bytes} [Tue May 19 04:15:16 2026] GET /v3/e7f4975e49b144f988aafaaaa8eace44/os-quota-sets/e6eb3cb7b1da44c4819a17a234e2ddac?usage=true => generated 847 bytes in 29 msecs (HTTP/1.1 200) 7 headers in 285 bytes (1 switches on core 0)
2026-05-19 04:15:16.132 8 INFO cinder.api.openstack.wsgi [None req-697f327c-679c-4995-85e9-94a96e30a4bb 5bd8e99b041949568af62b670af20041 e7f4975e49b144f988aafaaaa8eace44 - - default default] GET http://cinder-api.openstack.svc.cluster.local:8776/v3/e7f4975e49b144f988aafaaaa8eace44/os-quota-sets/e7f4975e49b144f988aafaaaa8eace44?usage=true
2026-05-19 04:15:16.148 8 INFO cinder.api.openstack.wsgi [None req-697f327c-679c-4995-85e9-94a96e30a4bb 5bd8e99b041949568af62b670af20041 e7f4975e49b144f988aafaaaa8eace44 - - default default] http://cinder-api.openstack.svc.cluster.local:8776/v3/e7f4975e49b144f988aafaaaa8eace44/os-quota-sets/e7f4975e49b144f988aafaaaa8eace44?usage=true returned with HTTP 200 [pid: 8|app: 0|req: 446/895] 10.0.0.96 () {28 vars in 735 bytes} [Tue May 19 04:15:16 2026] GET /v3/e7f4975e49b144f988aafaaaa8eace44/os-quota-sets/e7f4975e49b144f988aafaaaa8eace44?usage=true => generated 845 bytes in 25 msecs (HTTP/1.1 200) 7 headers in 285 bytes (1 switches on core 0)
2026-05-19 04:15:16.160 7 INFO cinder.api.openstack.wsgi [None req-59a6e7f3-eb40-4fc7-92fa-fd909d3fbeba 5bd8e99b041949568af62b670af20041 e7f4975e49b144f988aafaaaa8eace44 - - default default] GET http://cinder-api.openstack.svc.cluster.local:8776/v3/e7f4975e49b144f988aafaaaa8eace44/os-quota-sets/ee232132a4094e7faa531e3177dcfb1f?usage=true
2026-05-19 04:15:16.177 7 INFO cinder.api.openstack.wsgi [None req-59a6e7f3-eb40-4fc7-92fa-fd909d3fbeba 5bd8e99b041949568af62b670af20041 e7f4975e49b144f988aafaaaa8eace44 - - default default] http://cinder-api.openstack.svc.cluster.local:8776/v3/e7f4975e49b144f988aafaaaa8eace44/os-quota-sets/ee232132a4094e7faa531e3177dcfb1f?usage=true returned with HTTP 200 [pid: 7|app: 0|req: 450/896] 10.0.0.96 () {28 vars in 735 bytes} [Tue May 19 04:15:16 2026] GET /v3/e7f4975e49b144f988aafaaaa8eace44/os-quota-sets/ee232132a4094e7faa531e3177dcfb1f?usage=true => generated 847 bytes in 26 msecs (HTTP/1.1 200) 7 headers in 285 bytes (1 switches on core 0)
2026-05-19 04:15:16.188 8 INFO cinder.api.openstack.wsgi [None req-9d13e0ab-f69f-47e5-bb9b-b0b179267daf 5bd8e99b041949568af62b670af20041 e7f4975e49b144f988aafaaaa8eace44 - - default default] GET http://cinder-api.openstack.svc.cluster.local:8776/v3/e7f4975e49b144f988aafaaaa8eace44/volumes/detail?all_tenants=true
2026-05-19 04:15:16.196 8 INFO cinder.volume.api [None req-9d13e0ab-f69f-47e5-bb9b-b0b179267daf 5bd8e99b041949568af62b670af20041 e7f4975e49b144f988aafaaaa8eace44 - - default default] Get all volumes completed successfully.
2026-05-19 04:15:16.198 8 INFO cinder.api.openstack.wsgi [None req-9d13e0ab-f69f-47e5-bb9b-b0b179267daf 5bd8e99b041949568af62b670af20041 e7f4975e49b144f988aafaaaa8eace44 - - default default] http://cinder-api.openstack.svc.cluster.local:8776/v3/e7f4975e49b144f988aafaaaa8eace44/volumes/detail?all_tenants=true returned with HTTP 200 [pid: 8|app: 0|req: 447/897] 10.0.0.96 () {28 vars in 683 bytes} [Tue May 19 04:15:16 2026] GET /v3/e7f4975e49b144f988aafaaaa8eace44/volumes/detail?all_tenants=true => generated 15 bytes in 17 msecs (HTTP/1.1 200) 7 headers in 284 bytes (1 switches on core 0)
2026-05-19 04:15:16.211 7 INFO cinder.api.openstack.wsgi [None req-f0df36c6-1818-4bcb-981a-367a58e398bb 5bd8e99b041949568af62b670af20041 e7f4975e49b144f988aafaaaa8eace44 - - default default] GET http://cinder-api.openstack.svc.cluster.local:8776/v3/e7f4975e49b144f988aafaaaa8eace44/volumes/detail?all_tenants=true
2026-05-19 04:15:16.222 7 INFO cinder.volume.api [None req-f0df36c6-1818-4bcb-981a-367a58e398bb 5bd8e99b041949568af62b670af20041 e7f4975e49b144f988aafaaaa8eace44 - - default default] Get all volumes completed successfully.
2026-05-19 04:15:16.226 7 INFO cinder.api.openstack.wsgi [None req-f0df36c6-1818-4bcb-981a-367a58e398bb 5bd8e99b041949568af62b670af20041 e7f4975e49b144f988aafaaaa8eace44 - - default default] http://cinder-api.openstack.svc.cluster.local:8776/v3/e7f4975e49b144f988aafaaaa8eace44/volumes/detail?all_tenants=true returned with HTTP 200 [pid: 7|app: 0|req: 451/898] 10.0.0.96 () {28 vars in 683 bytes} [Tue May 19 04:15:16 2026] GET /v3/e7f4975e49b144f988aafaaaa8eace44/volumes/detail?all_tenants=true => generated 15 bytes in 23 msecs (HTTP/1.1 200) 7 headers in 284 bytes (1 switches on core 0)
2026-05-19 04:15:16.240 8 INFO cinder.api.openstack.wsgi [None req-84b602ea-324f-47a2-8217-8135d6b4ecaa 5bd8e99b041949568af62b670af20041 e7f4975e49b144f988aafaaaa8eace44 - - default default] GET http://cinder-api.openstack.svc.cluster.local:8776/v3/e7f4975e49b144f988aafaaaa8eace44/os-services
2026-05-19 04:15:16.247 8 INFO cinder.api.openstack.wsgi [None req-84b602ea-324f-47a2-8217-8135d6b4ecaa 5bd8e99b041949568af62b670af20041 e7f4975e49b144f988aafaaaa8eace44 - - default default] http://cinder-api.openstack.svc.cluster.local:8776/v3/e7f4975e49b144f988aafaaaa8eace44/os-services returned with HTTP 200 [pid: 8|app: 0|req: 448/899] 10.0.0.96 () {28 vars in 644 bytes} [Tue May 19 04:15:16 2026] GET /v3/e7f4975e49b144f988aafaaaa8eace44/os-services => generated 646 bytes in 17 msecs (HTTP/1.1 200) 7 headers in 285 bytes (1 switches on core 0)
2026-05-19 04:15:25.916 7 INFO cinder.api.openstack.wsgi [None req-f0df36c6-1818-4bcb-981a-367a58e398bb 5bd8e99b041949568af62b670af20041 e7f4975e49b144f988aafaaaa8eace44 - - default default] GET http://10.0.0.113:8776/
2026-05-19 04:15:25.916 8 INFO cinder.api.openstack.wsgi [None req-84b602ea-324f-47a2-8217-8135d6b4ecaa 5bd8e99b041949568af62b670af20041 e7f4975e49b144f988aafaaaa8eace44 - - default default] GET http://10.0.0.113:8776/
2026-05-19 04:15:25.917 7 INFO cinder.api.openstack.wsgi [None req-f0df36c6-1818-4bcb-981a-367a58e398bb 5bd8e99b041949568af62b670af20041 e7f4975e49b144f988aafaaaa8eace44 - - default default] http://10.0.0.113:8776/ returned with HTTP 300
2026-05-19 04:15:25.917 8 INFO cinder.api.openstack.wsgi [None req-84b602ea-324f-47a2-8217-8135d6b4ecaa 5bd8e99b041949568af62b670af20041 e7f4975e49b144f988aafaaaa8eace44 - - default default] http://10.0.0.113:8776/ returned with HTTP 300
2026-05-19 04:15:35.619 7 INFO cinder.api.openstack.wsgi [None req-ce308d0f-5826-440d-bfca-87075e0062b2 5bd8e99b041949568af62b670af20041 e7f4975e49b144f988aafaaaa8eace44 - - default default] POST http://cinder-api.openstack.svc.cluster.local:8776/v3/e7f4975e49b144f988aafaaaa8eace44/volumes
2026-05-19 04:15:35.742 7 INFO cinder.api.v3.volumes [None req-ce308d0f-5826-440d-bfca-87075e0062b2 5bd8e99b041949568af62b670af20041 e7f4975e49b144f988aafaaaa8eace44 - - default default] Create volume of 16 GB
2026-05-19 04:15:35.749 7 INFO cinder.volume.api [None req-ce308d0f-5826-440d-bfca-87075e0062b2 5bd8e99b041949568af62b670af20041 e7f4975e49b144f988aafaaaa8eace44 - - default default] Availability Zones retrieved successfully.
2026-05-19 04:15:35.916 8 INFO cinder.api.openstack.wsgi [None req-84b602ea-324f-47a2-8217-8135d6b4ecaa 5bd8e99b041949568af62b670af20041 e7f4975e49b144f988aafaaaa8eace44 - - default default] GET http://10.0.0.113:8776/
2026-05-19 04:15:35.917 8 INFO cinder.api.openstack.wsgi [None req-84b602ea-324f-47a2-8217-8135d6b4ecaa 5bd8e99b041949568af62b670af20041 e7f4975e49b144f988aafaaaa8eace44 - - default default] http://10.0.0.113:8776/ returned with HTTP 300
2026-05-19 04:15:35.918 8 INFO cinder.api.openstack.wsgi [None req-84b602ea-324f-47a2-8217-8135d6b4ecaa 5bd8e99b041949568af62b670af20041 e7f4975e49b144f988aafaaaa8eace44 - - default default] GET http://10.0.0.113:8776/
2026-05-19 04:15:35.919 8 INFO cinder.api.openstack.wsgi [None req-84b602ea-324f-47a2-8217-8135d6b4ecaa 5bd8e99b041949568af62b670af20041 e7f4975e49b144f988aafaaaa8eace44 - - default default] http://10.0.0.113:8776/ returned with HTTP 300
2026-05-19 04:15:35.958 7 INFO cinder.volume.api [None req-ce308d0f-5826-440d-bfca-87075e0062b2 5bd8e99b041949568af62b670af20041 e7f4975e49b144f988aafaaaa8eace44 - - default default] Create volume request issued successfully.
2026-05-19 04:15:35.958 7 INFO cinder.api.openstack.wsgi [None req-ce308d0f-5826-440d-bfca-87075e0062b2 5bd8e99b041949568af62b670af20041 e7f4975e49b144f988aafaaaa8eace44 - - default default] http://cinder-api.openstack.svc.cluster.local:8776/v3/e7f4975e49b144f988aafaaaa8eace44/volumes returned with HTTP 202 /var/lib/openstack/lib/python3.12/site-packages/pycadf/timestamp.py:28: DeprecationWarning: datetime.datetime.utcnow() is deprecated and scheduled for removal in a future version. Use timezone-aware objects to represent datetimes in UTC: datetime.datetime.now(datetime.UTC). utc_datetime = pytz.utc.localize(datetime.datetime.utcnow()) [pid: 7|app: 0|req: 453/904] 199.19.213.152 () {34 vars in 734 bytes} [Tue May 19 04:15:35 2026] POST /v3/e7f4975e49b144f988aafaaaa8eace44/volumes => generated 846 bytes in 539 msecs (HTTP/1.1 202) 7 headers in 291 bytes (1 switches on core 0)
2026-05-19 04:15:35.972 8 INFO cinder.api.openstack.wsgi [req-ce308d0f-5826-440d-bfca-87075e0062b2 req-00d5c521-68f3-41a5-82c5-ead077855dc9 5bd8e99b041949568af62b670af20041 e7f4975e49b144f988aafaaaa8eace44 - - default default] GET http://cinder-api.openstack.svc.cluster.local:8776/v3/e7f4975e49b144f988aafaaaa8eace44/volumes/d3729dac-cf1a-4aaa-93ad-74b0a6034097 /var/lib/openstack/lib/python3.12/site-packages/oslo_context/context.py:100: DeprecationWarning: Policy enforcement is depending on the value of is_admin. This key is deprecated. Please update your policy file to use the standard policy values. warnings.warn('Policy enforcement is depending on the value of '
2026-05-19 04:15:36.009 8 INFO cinder.volume.api [req-ce308d0f-5826-440d-bfca-87075e0062b2 req-00d5c521-68f3-41a5-82c5-ead077855dc9 5bd8e99b041949568af62b670af20041 e7f4975e49b144f988aafaaaa8eace44 - - default default] Volume info retrieved successfully.
2026-05-19 04:15:36.015 8 INFO cinder.api.openstack.wsgi [req-ce308d0f-5826-440d-bfca-87075e0062b2 req-00d5c521-68f3-41a5-82c5-ead077855dc9 5bd8e99b041949568af62b670af20041 e7f4975e49b144f988aafaaaa8eace44 - - default default] http://cinder-api.openstack.svc.cluster.local:8776/v3/e7f4975e49b144f988aafaaaa8eace44/volumes/d3729dac-cf1a-4aaa-93ad-74b0a6034097 returned with HTTP 200 /var/lib/openstack/lib/python3.12/site-packages/pycadf/timestamp.py:28: DeprecationWarning: datetime.datetime.utcnow() is deprecated and scheduled for removal in a future version. Use timezone-aware objects to represent datetimes in UTC: datetime.datetime.now(datetime.UTC). utc_datetime = pytz.utc.localize(datetime.datetime.utcnow()) [pid: 8|app: 0|req: 452/905] 199.19.213.152 () {32 vars in 825 bytes} [Tue May 19 04:15:35 2026] GET /v3/e7f4975e49b144f988aafaaaa8eace44/volumes/d3729dac-cf1a-4aaa-93ad-74b0a6034097 => generated 1025 bytes in 50 msecs (HTTP/1.1 200) 7 headers in 286 bytes (1 switches on core 0) /var/lib/openstack/lib/python3.12/site-packages/pycadf/identifier.py:71: UserWarning: Invalid uuid: cinderv3. To ensure interoperability, identifiers should be a valid uuid. warnings.warn(('Invalid uuid: %s. To ensure interoperability, '
2026-05-19 04:15:41.033 7 INFO cinder.api.openstack.wsgi [req-ce308d0f-5826-440d-bfca-87075e0062b2 req-f22e28bd-d19e-41f4-8f67-a3c482159d8e 5bd8e99b041949568af62b670af20041 e7f4975e49b144f988aafaaaa8eace44 - - default default] GET http://cinder-api.openstack.svc.cluster.local:8776/v3/e7f4975e49b144f988aafaaaa8eace44/volumes/d3729dac-cf1a-4aaa-93ad-74b0a6034097 /var/lib/openstack/lib/python3.12/site-packages/oslo_context/context.py:100: DeprecationWarning: Policy enforcement is depending on the value of is_admin. This key is deprecated. Please update your policy file to use the standard policy values. warnings.warn('Policy enforcement is depending on the value of '
2026-05-19 04:15:41.050 7 INFO cinder.volume.api [req-ce308d0f-5826-440d-bfca-87075e0062b2 req-f22e28bd-d19e-41f4-8f67-a3c482159d8e 5bd8e99b041949568af62b670af20041 e7f4975e49b144f988aafaaaa8eace44 - - default default] Volume info retrieved successfully.
2026-05-19 04:15:41.064 7 INFO cinder.api.openstack.wsgi [req-ce308d0f-5826-440d-bfca-87075e0062b2 req-f22e28bd-d19e-41f4-8f67-a3c482159d8e 5bd8e99b041949568af62b670af20041 e7f4975e49b144f988aafaaaa8eace44 - - default default] http://cinder-api.openstack.svc.cluster.local:8776/v3/e7f4975e49b144f988aafaaaa8eace44/volumes/d3729dac-cf1a-4aaa-93ad-74b0a6034097 returned with HTTP 200 /var/lib/openstack/lib/python3.12/site-packages/pycadf/timestamp.py:28: DeprecationWarning: datetime.datetime.utcnow() is deprecated and scheduled for removal in a future version. Use timezone-aware objects to represent datetimes in UTC: datetime.datetime.now(datetime.UTC). utc_datetime = pytz.utc.localize(datetime.datetime.utcnow()) [pid: 7|app: 0|req: 454/906] 199.19.213.152 () {32 vars in 825 bytes} [Tue May 19 04:15:41 2026] GET /v3/e7f4975e49b144f988aafaaaa8eace44/volumes/d3729dac-cf1a-4aaa-93ad-74b0a6034097 => generated 1489 bytes in 41 msecs (HTTP/1.1 200) 7 headers in 286 bytes (1 switches on core 0) /var/lib/openstack/lib/python3.12/site-packages/pycadf/identifier.py:71: UserWarning: Invalid uuid: cinderv3. To ensure interoperability, identifiers should be a valid uuid. warnings.warn(('Invalid uuid: %s. To ensure interoperability, '
2026-05-19 04:15:41.743 8 INFO cinder.api.openstack.wsgi [req-a6c3fd1b-a307-447b-afe6-c14a03d911ea req-140d5832-aac6-48da-892f-bfabb16a4f9a 5bd8e99b041949568af62b670af20041 e7f4975e49b144f988aafaaaa8eace44 - - default default] GET http://cinder-api.openstack.svc.cluster.local:8776/v3/e7f4975e49b144f988aafaaaa8eace44/volumes/d3729dac-cf1a-4aaa-93ad-74b0a6034097 /var/lib/openstack/lib/python3.12/site-packages/oslo_context/context.py:100: DeprecationWarning: Policy enforcement is depending on the value of is_admin. This key is deprecated. Please update your policy file to use the standard policy values. warnings.warn('Policy enforcement is depending on the value of '
2026-05-19 04:15:41.757 8 INFO cinder.volume.api [req-a6c3fd1b-a307-447b-afe6-c14a03d911ea req-140d5832-aac6-48da-892f-bfabb16a4f9a 5bd8e99b041949568af62b670af20041 e7f4975e49b144f988aafaaaa8eace44 - - default default] Volume info retrieved successfully.
2026-05-19 04:15:41.763 8 INFO cinder.api.openstack.wsgi [req-a6c3fd1b-a307-447b-afe6-c14a03d911ea req-140d5832-aac6-48da-892f-bfabb16a4f9a 5bd8e99b041949568af62b670af20041 e7f4975e49b144f988aafaaaa8eace44 - - default default] http://cinder-api.openstack.svc.cluster.local:8776/v3/e7f4975e49b144f988aafaaaa8eace44/volumes/d3729dac-cf1a-4aaa-93ad-74b0a6034097 returned with HTTP 200 /var/lib/openstack/lib/python3.12/site-packages/pycadf/timestamp.py:28: DeprecationWarning: datetime.datetime.utcnow() is deprecated and scheduled for removal in a future version. Use timezone-aware objects to represent datetimes in UTC: datetime.datetime.now(datetime.UTC). utc_datetime = pytz.utc.localize(datetime.datetime.utcnow()) [pid: 8|app: 0|req: 453/907] 10.0.0.59 () {34 vars in 1027 bytes} [Tue May 19 04:15:41 2026] GET /v3/e7f4975e49b144f988aafaaaa8eace44/volumes/d3729dac-cf1a-4aaa-93ad-74b0a6034097 => generated 1489 bytes in 127 msecs (HTTP/1.1 200) 7 headers in 286 bytes (1 switches on core 0) /var/lib/openstack/lib/python3.12/site-packages/pycadf/identifier.py:71: UserWarning: Invalid uuid: cinderv3. To ensure interoperability, identifiers should be a valid uuid. warnings.warn(('Invalid uuid: %s. To ensure interoperability, '
2026-05-19 04:15:42.260 7 INFO cinder.api.openstack.wsgi [req-a6c3fd1b-a307-447b-afe6-c14a03d911ea req-e9fbb604-c266-4851-af66-edef3c53eddf 5bd8e99b041949568af62b670af20041 e7f4975e49b144f988aafaaaa8eace44 - - default default] GET http://cinder-api.openstack.svc.cluster.local:8776/v3/e7f4975e49b144f988aafaaaa8eace44/volumes/d3729dac-cf1a-4aaa-93ad-74b0a6034097 /var/lib/openstack/lib/python3.12/site-packages/oslo_context/context.py:100: DeprecationWarning: Policy enforcement is depending on the value of is_admin. This key is deprecated. Please update your policy file to use the standard policy values. warnings.warn('Policy enforcement is depending on the value of '
2026-05-19 04:15:42.272 7 INFO cinder.volume.api [req-a6c3fd1b-a307-447b-afe6-c14a03d911ea req-e9fbb604-c266-4851-af66-edef3c53eddf 5bd8e99b041949568af62b670af20041 e7f4975e49b144f988aafaaaa8eace44 - - default default] Volume info retrieved successfully.
2026-05-19 04:15:42.276 7 INFO cinder.api.openstack.wsgi [req-a6c3fd1b-a307-447b-afe6-c14a03d911ea req-e9fbb604-c266-4851-af66-edef3c53eddf 5bd8e99b041949568af62b670af20041 e7f4975e49b144f988aafaaaa8eace44 - - default default] http://cinder-api.openstack.svc.cluster.local:8776/v3/e7f4975e49b144f988aafaaaa8eace44/volumes/d3729dac-cf1a-4aaa-93ad-74b0a6034097 returned with HTTP 200 /var/lib/openstack/lib/python3.12/site-packages/pycadf/timestamp.py:28: DeprecationWarning: datetime.datetime.utcnow() is deprecated and scheduled for removal in a future version. Use timezone-aware objects to represent datetimes in UTC: datetime.datetime.now(datetime.UTC). utc_datetime = pytz.utc.localize(datetime.datetime.utcnow()) [pid: 7|app: 0|req: 455/908] 10.0.0.59 () {34 vars in 1027 bytes} [Tue May 19 04:15:42 2026] GET /v3/e7f4975e49b144f988aafaaaa8eace44/volumes/d3729dac-cf1a-4aaa-93ad-74b0a6034097 => generated 1489 bytes in 25 msecs (HTTP/1.1 200) 7 headers in 286 bytes (1 switches on core 0)
2026-05-19 04:15:42.287 8 INFO cinder.api.openstack.wsgi [req-a6c3fd1b-a307-447b-afe6-c14a03d911ea req-140d5832-aac6-48da-892f-bfabb16a4f9a 5bd8e99b041949568af62b670af20041 e7f4975e49b144f988aafaaaa8eace44 - - default default] GET http://cinder-api.openstack.svc.cluster.local:8776/
2026-05-19 04:15:42.288 8 INFO cinder.api.openstack.wsgi [req-a6c3fd1b-a307-447b-afe6-c14a03d911ea req-140d5832-aac6-48da-892f-bfabb16a4f9a 5bd8e99b041949568af62b670af20041 e7f4975e49b144f988aafaaaa8eace44 - - default default] http://cinder-api.openstack.svc.cluster.local:8776/ returned with HTTP 300 [pid: 8|app: 0|req: 454/909] 10.0.0.59 () {32 vars in 827 bytes} [Tue May 19 04:15:42 2026] GET / => generated 411 bytes in 2 msecs (HTTP/1.1 300) 5 headers in 169 bytes (1 switches on core 0) /var/lib/openstack/lib/python3.12/site-packages/pycadf/identifier.py:71: UserWarning: Invalid uuid: cinderv3. To ensure interoperability, identifiers should be a valid uuid. warnings.warn(('Invalid uuid: %s. To ensure interoperability, '
2026-05-19 04:15:42.299 7 INFO cinder.api.openstack.wsgi [req-a6c3fd1b-a307-447b-afe6-c14a03d911ea req-d78c4ace-33a6-4198-9222-45cd01736c02 5bd8e99b041949568af62b670af20041 e7f4975e49b144f988aafaaaa8eace44 - - default default] POST http://cinder-api.openstack.svc.cluster.local:8776/v3/e7f4975e49b144f988aafaaaa8eace44/attachments /var/lib/openstack/lib/python3.12/site-packages/oslo_context/context.py:100: DeprecationWarning: Policy enforcement is depending on the value of is_admin. This key is deprecated. Please update your policy file to use the standard policy values. warnings.warn('Policy enforcement is depending on the value of '
2026-05-19 04:15:42.345 7 INFO cinder.api.openstack.wsgi [req-a6c3fd1b-a307-447b-afe6-c14a03d911ea req-d78c4ace-33a6-4198-9222-45cd01736c02 5bd8e99b041949568af62b670af20041 e7f4975e49b144f988aafaaaa8eace44 - - default default] http://cinder-api.openstack.svc.cluster.local:8776/v3/e7f4975e49b144f988aafaaaa8eace44/attachments returned with HTTP 200 /var/lib/openstack/lib/python3.12/site-packages/pycadf/timestamp.py:28: DeprecationWarning: datetime.datetime.utcnow() is deprecated and scheduled for removal in a future version. Use timezone-aware objects to represent datetimes in UTC: datetime.datetime.now(datetime.UTC). utc_datetime = pytz.utc.localize(datetime.datetime.utcnow()) [pid: 7|app: 0|req: 456/910] 10.0.0.59 () {40 vars in 1056 bytes} [Tue May 19 04:15:42 2026] POST /v3/e7f4975e49b144f988aafaaaa8eace44/attachments => generated 273 bytes in 53 msecs (HTTP/1.1 200) 7 headers in 286 bytes (1 switches on core 0) /var/lib/openstack/lib/python3.12/site-packages/pycadf/identifier.py:71: UserWarning: Invalid uuid: cinderv3. To ensure interoperability, identifiers should be a valid uuid. warnings.warn(('Invalid uuid: %s. To ensure interoperability, '
2026-05-19 04:15:45.706 8 INFO cinder.api.openstack.wsgi [req-ce308d0f-5826-440d-bfca-87075e0062b2 req-74c53430-2001-4dc0-b549-5ab72e7cef35 5bd8e99b041949568af62b670af20041 e7f4975e49b144f988aafaaaa8eace44 - - default default] GET http://cinder-api.openstack.svc.cluster.local:8776/v3/e7f4975e49b144f988aafaaaa8eace44/volumes/d3729dac-cf1a-4aaa-93ad-74b0a6034097 /var/lib/openstack/lib/python3.12/site-packages/oslo_context/context.py:100: DeprecationWarning: Policy enforcement is depending on the value of is_admin. This key is deprecated. Please update your policy file to use the standard policy values. warnings.warn('Policy enforcement is depending on the value of '
2026-05-19 04:15:45.728 8 INFO cinder.volume.api [req-ce308d0f-5826-440d-bfca-87075e0062b2 req-74c53430-2001-4dc0-b549-5ab72e7cef35 5bd8e99b041949568af62b670af20041 e7f4975e49b144f988aafaaaa8eace44 - - default default] Volume info retrieved successfully.
2026-05-19 04:15:45.733 8 INFO cinder.api.openstack.wsgi [req-ce308d0f-5826-440d-bfca-87075e0062b2 req-74c53430-2001-4dc0-b549-5ab72e7cef35 5bd8e99b041949568af62b670af20041 e7f4975e49b144f988aafaaaa8eace44 - - default default] http://cinder-api.openstack.svc.cluster.local:8776/v3/e7f4975e49b144f988aafaaaa8eace44/volumes/d3729dac-cf1a-4aaa-93ad-74b0a6034097 returned with HTTP 200 /var/lib/openstack/lib/python3.12/site-packages/pycadf/timestamp.py:28: DeprecationWarning: datetime.datetime.utcnow() is deprecated and scheduled for removal in a future version. Use timezone-aware objects to represent datetimes in UTC: datetime.datetime.now(datetime.UTC). utc_datetime = pytz.utc.localize(datetime.datetime.utcnow()) [pid: 8|app: 0|req: 455/911] 199.19.213.152 () {32 vars in 825 bytes} [Tue May 19 04:15:45 2026] GET /v3/e7f4975e49b144f988aafaaaa8eace44/volumes/d3729dac-cf1a-4aaa-93ad-74b0a6034097 => generated 1488 bytes in 36 msecs (HTTP/1.1 200) 7 headers in 286 bytes (1 switches on core 0)
2026-05-19 04:15:45.916 7 INFO cinder.api.openstack.wsgi [req-a6c3fd1b-a307-447b-afe6-c14a03d911ea req-d78c4ace-33a6-4198-9222-45cd01736c02 5bd8e99b041949568af62b670af20041 e7f4975e49b144f988aafaaaa8eace44 - - default default] GET http://10.0.0.113:8776/
2026-05-19 04:15:45.916 8 INFO cinder.api.openstack.wsgi [req-ce308d0f-5826-440d-bfca-87075e0062b2 req-74c53430-2001-4dc0-b549-5ab72e7cef35 5bd8e99b041949568af62b670af20041 e7f4975e49b144f988aafaaaa8eace44 - - default default] GET http://10.0.0.113:8776/
2026-05-19 04:15:45.917 7 INFO cinder.api.openstack.wsgi [req-a6c3fd1b-a307-447b-afe6-c14a03d911ea req-d78c4ace-33a6-4198-9222-45cd01736c02 5bd8e99b041949568af62b670af20041 e7f4975e49b144f988aafaaaa8eace44 - - default default] http://10.0.0.113:8776/ returned with HTTP 300
2026-05-19 04:15:45.918 8 INFO cinder.api.openstack.wsgi [req-ce308d0f-5826-440d-bfca-87075e0062b2 req-74c53430-2001-4dc0-b549-5ab72e7cef35 5bd8e99b041949568af62b670af20041 e7f4975e49b144f988aafaaaa8eace44 - - default default] http://10.0.0.113:8776/ returned with HTTP 300
2026-05-19 04:15:47.730 7 INFO cinder.api.openstack.wsgi [req-a6c3fd1b-a307-447b-afe6-c14a03d911ea req-d78c4ace-33a6-4198-9222-45cd01736c02 5bd8e99b041949568af62b670af20041 e7f4975e49b144f988aafaaaa8eace44 - - default default] GET http://cinder-api.openstack.svc.cluster.local:8776/
2026-05-19 04:15:47.731 7 INFO cinder.api.openstack.wsgi [req-a6c3fd1b-a307-447b-afe6-c14a03d911ea req-d78c4ace-33a6-4198-9222-45cd01736c02 5bd8e99b041949568af62b670af20041 e7f4975e49b144f988aafaaaa8eace44 - - default default] http://cinder-api.openstack.svc.cluster.local:8776/ returned with HTTP 300 [pid: 7|app: 0|req: 458/914] 199.19.213.152 () {32 vars in 839 bytes} [Tue May 19 04:15:47 2026] GET / => generated 411 bytes in 1 msecs (HTTP/1.1 300) 5 headers in 169 bytes (1 switches on core 0) /var/lib/openstack/lib/python3.12/site-packages/pycadf/identifier.py:71: UserWarning: Invalid uuid: cinderv3. To ensure interoperability, identifiers should be a valid uuid. warnings.warn(('Invalid uuid: %s. To ensure interoperability, '
2026-05-19 04:15:47.740 8 INFO cinder.api.openstack.wsgi [req-a6c3fd1b-a307-447b-afe6-c14a03d911ea req-53320074-ec72-474e-a620-0e1328e3bcb3 5bd8e99b041949568af62b670af20041 e7f4975e49b144f988aafaaaa8eace44 - - default default] GET http://cinder-api.openstack.svc.cluster.local:8776/v3/e7f4975e49b144f988aafaaaa8eace44/volumes/d3729dac-cf1a-4aaa-93ad-74b0a6034097 /var/lib/openstack/lib/python3.12/site-packages/oslo_context/context.py:100: DeprecationWarning: Policy enforcement is depending on the value of is_admin. This key is deprecated. Please update your policy file to use the standard policy values. warnings.warn('Policy enforcement is depending on the value of '
2026-05-19 04:15:47.761 8 INFO cinder.volume.api [req-a6c3fd1b-a307-447b-afe6-c14a03d911ea req-53320074-ec72-474e-a620-0e1328e3bcb3 5bd8e99b041949568af62b670af20041 e7f4975e49b144f988aafaaaa8eace44 - - default default] Volume info retrieved successfully.
2026-05-19 04:15:47.769 8 INFO cinder.api.openstack.wsgi [req-a6c3fd1b-a307-447b-afe6-c14a03d911ea req-53320074-ec72-474e-a620-0e1328e3bcb3 5bd8e99b041949568af62b670af20041 e7f4975e49b144f988aafaaaa8eace44 - - default default] http://cinder-api.openstack.svc.cluster.local:8776/v3/e7f4975e49b144f988aafaaaa8eace44/volumes/d3729dac-cf1a-4aaa-93ad-74b0a6034097 returned with HTTP 200 /var/lib/openstack/lib/python3.12/site-packages/pycadf/timestamp.py:28: DeprecationWarning: datetime.datetime.utcnow() is deprecated and scheduled for removal in a future version. Use timezone-aware objects to represent datetimes in UTC: datetime.datetime.now(datetime.UTC). utc_datetime = pytz.utc.localize(datetime.datetime.utcnow()) [pid: 8|app: 0|req: 457/915] 199.19.213.152 () {36 vars in 1073 bytes} [Tue May 19 04:15:47 2026] GET /v3/e7f4975e49b144f988aafaaaa8eace44/volumes/d3729dac-cf1a-4aaa-93ad-74b0a6034097 => generated 1712 bytes in 36 msecs (HTTP/1.1 200) 7 headers in 287 bytes (1 switches on core 0) /var/lib/openstack/lib/python3.12/site-packages/pycadf/identifier.py:71: UserWarning: Invalid uuid: cinderv3. To ensure interoperability, identifiers should be a valid uuid. warnings.warn(('Invalid uuid: %s. To ensure interoperability, '
2026-05-19 04:15:47.840 7 INFO cinder.api.openstack.wsgi [req-a6c3fd1b-a307-447b-afe6-c14a03d911ea req-976b7894-6b32-4050-b542-1a56a3d47093 5bd8e99b041949568af62b670af20041 e7f4975e49b144f988aafaaaa8eace44 - - default default] PUT http://cinder-api.openstack.svc.cluster.local:8776/v3/e7f4975e49b144f988aafaaaa8eace44/attachments/58c8f098-bcc1-4220-a94d-f227a87e7ec1 /var/lib/openstack/lib/python3.12/site-packages/oslo_context/context.py:100: DeprecationWarning: Policy enforcement is depending on the value of is_admin. This key is deprecated. Please update your policy file to use the standard policy values. warnings.warn('Policy enforcement is depending on the value of '
2026-05-19 04:15:48.372 7 INFO cinder.api.openstack.wsgi [req-a6c3fd1b-a307-447b-afe6-c14a03d911ea req-976b7894-6b32-4050-b542-1a56a3d47093 5bd8e99b041949568af62b670af20041 e7f4975e49b144f988aafaaaa8eace44 - - default default] http://cinder-api.openstack.svc.cluster.local:8776/v3/e7f4975e49b144f988aafaaaa8eace44/attachments/58c8f098-bcc1-4220-a94d-f227a87e7ec1 returned with HTTP 200 /var/lib/openstack/lib/python3.12/site-packages/pycadf/timestamp.py:28: DeprecationWarning: datetime.datetime.utcnow() is deprecated and scheduled for removal in a future version. Use timezone-aware objects to represent datetimes in UTC: datetime.datetime.now(datetime.UTC). utc_datetime = pytz.utc.localize(datetime.datetime.utcnow()) [pid: 7|app: 0|req: 459/916] 199.19.213.152 () {40 vars in 1135 bytes} [Tue May 19 04:15:47 2026] PUT /v3/e7f4975e49b144f988aafaaaa8eace44/attachments/58c8f098-bcc1-4220-a94d-f227a87e7ec1 => generated 775 bytes in 539 msecs (HTTP/1.1 200) 7 headers in 286 bytes (1 switches on core 0) /var/lib/openstack/lib/python3.12/site-packages/pycadf/identifier.py:71: UserWarning: Invalid uuid: cinderv3. To ensure interoperability, identifiers should be a valid uuid. warnings.warn(('Invalid uuid: %s. To ensure interoperability, '
2026-05-19 04:15:48.753 8 INFO cinder.api.openstack.wsgi [req-ce308d0f-5826-440d-bfca-87075e0062b2 req-e1c38744-ca7e-4842-9bc2-ae5fbf4a3ba7 5bd8e99b041949568af62b670af20041 e7f4975e49b144f988aafaaaa8eace44 - - default default] GET http://cinder-api.openstack.svc.cluster.local:8776/v3/e7f4975e49b144f988aafaaaa8eace44/volumes/d3729dac-cf1a-4aaa-93ad-74b0a6034097 /var/lib/openstack/lib/python3.12/site-packages/oslo_context/context.py:100: DeprecationWarning: Policy enforcement is depending on the value of is_admin. This key is deprecated. Please update your policy file to use the standard policy values. warnings.warn('Policy enforcement is depending on the value of '
2026-05-19 04:15:48.772 8 INFO cinder.volume.api [req-ce308d0f-5826-440d-bfca-87075e0062b2 req-e1c38744-ca7e-4842-9bc2-ae5fbf4a3ba7 5bd8e99b041949568af62b670af20041 e7f4975e49b144f988aafaaaa8eace44 - - default default] Volume info retrieved successfully.
2026-05-19 04:15:48.779 8 INFO cinder.api.openstack.wsgi [req-ce308d0f-5826-440d-bfca-87075e0062b2 req-e1c38744-ca7e-4842-9bc2-ae5fbf4a3ba7 5bd8e99b041949568af62b670af20041 e7f4975e49b144f988aafaaaa8eace44 - - default default] http://cinder-api.openstack.svc.cluster.local:8776/v3/e7f4975e49b144f988aafaaaa8eace44/volumes/d3729dac-cf1a-4aaa-93ad-74b0a6034097 returned with HTTP 200 /var/lib/openstack/lib/python3.12/site-packages/pycadf/timestamp.py:28: DeprecationWarning: datetime.datetime.utcnow() is deprecated and scheduled for removal in a future version. Use timezone-aware objects to represent datetimes in UTC: datetime.datetime.now(datetime.UTC). utc_datetime = pytz.utc.localize(datetime.datetime.utcnow()) [pid: 8|app: 0|req: 458/917] 199.19.213.152 () {32 vars in 825 bytes} [Tue May 19 04:15:48 2026] GET /v3/e7f4975e49b144f988aafaaaa8eace44/volumes/d3729dac-cf1a-4aaa-93ad-74b0a6034097 => generated 1489 bytes in 34 msecs (HTTP/1.1 200) 7 headers in 286 bytes (1 switches on core 0) /var/lib/openstack/lib/python3.12/site-packages/pycadf/identifier.py:71: UserWarning: Invalid uuid: cinderv3. To ensure interoperability, identifiers should be a valid uuid. warnings.warn(('Invalid uuid: %s. To ensure interoperability, '
