2026-05-07 16:55:30.258 8 INFO neutron_taas.services.taas.tap_mirror_plugin [None req-2b2dfba9-cc94-43e6-9d96-b19430f00ebd caba25b824ec42b283a6b5fb6476c4a8 9a21ad8192654ff2a24f43def39962f0 - - default default] Tap Mirror: Handle Delete Port: ba0e2839-92d6-4883-81b8-fd138ff3edba
2026-05-07 16:55:30.305 7 INFO neutron.db.segments_db [None req-8e2be5cf-4f3d-4789-a130-c6302d0b1e8d df7f4581a9a14c08b9077fa2552cbc3b 91a818b44da44372b8f6397420985321 - - default default] Added segment 824460db-0f07-4743-b356-85c99e4175b4 of type geneve for network 89e14c3b-4e00-4a6e-b293-2a9ec0566d3d
2026-05-07 16:55:30.407 7 INFO neutron.db.ovn_revision_numbers_db [None req-8e2be5cf-4f3d-4789-a130-c6302d0b1e8d df7f4581a9a14c08b9077fa2552cbc3b 91a818b44da44372b8f6397420985321 - - default default] Successfully bumped revision number for resource 89e14c3b-4e00-4a6e-b293-2a9ec0566d3d (type: networks) to 1
2026-05-07 16:55:30.592 7 WARNING neutron.scheduler.dhcp_agent_scheduler [None req-8e2be5cf-4f3d-4789-a130-c6302d0b1e8d df7f4581a9a14c08b9077fa2552cbc3b 91a818b44da44372b8f6397420985321 - - default default] No more DHCP agents
2026-05-07 16:55:30.593 7 WARNING neutron.api.rpc.agentnotifiers.dhcp_rpc_agent_api [None req-8e2be5cf-4f3d-4789-a130-c6302d0b1e8d df7f4581a9a14c08b9077fa2552cbc3b 91a818b44da44372b8f6397420985321 - - default default] Unable to schedule network 89e14c3b-4e00-4a6e-b293-2a9ec0566d3d: no agents available; will retry on subsequent port and subnet creation events.
2026-05-07 16:55:30.682 7 INFO neutron.db.ovn_revision_numbers_db [None req-8e2be5cf-4f3d-4789-a130-c6302d0b1e8d df7f4581a9a14c08b9077fa2552cbc3b 91a818b44da44372b8f6397420985321 - - default default] Successfully bumped revision number for resource 52c66b20-b153-4c82-ada1-5d94ac8755f8 (type: ports) to 1 [pid: 8|app: 0|req: 683/1281] 10.0.0.233 () {32 vars in 724 bytes} [Thu May 7 16:55:29 2026] DELETE /v2.0/routers/2414896c-f921-4d43-afc7-e5c7673fb22a => generated 0 bytes in 786 msecs (HTTP/1.1 204) 2 headers in 112 bytes (1 switches on core 0) [pid: 7|app: 0|req: 599/1282] 10.0.0.233 () {34 vars in 670 bytes} [Thu May 7 16:55:29 2026] POST /v2.0/networks => generated 668 bytes in 796 msecs (HTTP/1.1 201) 4 headers in 162 bytes (1 switches on core 0)
2026-05-07 16:55:30.862 7 INFO neutron.db.ovn_revision_numbers_db [None req-a3dd1eab-f720-4048-8d45-67ab55260392 4826892d116e439c8a3e4e688acb1a9c 2caa07c5f17445ddb49950ef2e1a0e4a - - default default] Successfully bumped revision number for resource c66d167b-6b1a-4df1-843d-92379c88d0bc (type: security_groups) to 1
2026-05-07 16:55:30.874 7 INFO neutron.db.ovn_revision_numbers_db [None req-a3dd1eab-f720-4048-8d45-67ab55260392 4826892d116e439c8a3e4e688acb1a9c 2caa07c5f17445ddb49950ef2e1a0e4a - - default default] Successfully bumped revision number for resource 7a6a1349-fe02-4b7a-ac44-e60be7b5107d (type: security_group_rules) to 0
2026-05-07 16:55:30.888 7 INFO neutron.db.ovn_revision_numbers_db [None req-a3dd1eab-f720-4048-8d45-67ab55260392 4826892d116e439c8a3e4e688acb1a9c 2caa07c5f17445ddb49950ef2e1a0e4a - - default default] Successfully bumped revision number for resource d1e67586-368b-4ffc-aa36-ddded538eb85 (type: security_group_rules) to 0 [pid: 7|app: 0|req: 600/1283] 10.0.0.233 () {34 vars in 685 bytes} [Thu May 7 16:55:30 2026] POST /v2.0/security-groups => generated 1660 bytes in 207 msecs (HTTP/1.1 201) 4 headers in 163 bytes (1 switches on core 0) [pid: 7|app: 0|req: 601/1284] 10.0.0.233 () {32 vars in 724 bytes} [Thu May 7 16:55:30 2026] DELETE /v2.0/subnets/4b9d7a49-7991-4c57-b6a0-81683ef5ac4a => generated 0 bytes in 153 msecs (HTTP/1.1 204) 3 headers in 131 bytes (1 switches on core 0)
2026-05-07 16:55:31.279 7 WARNING neutron.scheduler.dhcp_agent_scheduler [None req-363525d3-e3be-43f1-8ec9-4653b1e85c10 df7f4581a9a14c08b9077fa2552cbc3b 91a818b44da44372b8f6397420985321 - - default default] No more DHCP agents
2026-05-07 16:55:31.280 7 WARNING neutron.api.rpc.agentnotifiers.dhcp_rpc_agent_api [None req-363525d3-e3be-43f1-8ec9-4653b1e85c10 df7f4581a9a14c08b9077fa2552cbc3b 91a818b44da44372b8f6397420985321 - - default default] Unable to schedule network 89e14c3b-4e00-4a6e-b293-2a9ec0566d3d: no agents available; will retry on subsequent port and subnet creation events.
2026-05-07 16:55:31.339 7 WARNING neutron.plugins.ml2.drivers.ovn.mech_driver.ovsdb.ovn_client [None req-cd177856-6ece-43e5-b994-a17ce513d960 - - - - - -] No port found with ID 6fdda864-4647-44ea-a290-642963ab7702: RuntimeError: No port found with ID 6fdda864-4647-44ea-a290-642963ab7702
2026-05-07 16:55:31.373 7 INFO neutron.plugins.ml2.drivers.ovn.mech_driver.mech_driver [None req-cd177856-6ece-43e5-b994-a17ce513d960 - - - - - -] OVN reports status down for port: 808c978d-ced3-4493-ad1f-7260bc6a1617
2026-05-07 16:55:31.401 7 INFO neutron.db.ovn_revision_numbers_db [None req-363525d3-e3be-43f1-8ec9-4653b1e85c10 df7f4581a9a14c08b9077fa2552cbc3b 91a818b44da44372b8f6397420985321 - - default default] Successfully bumped revision number for resource a4364621-c5b7-4b48-bf3b-fd9efa872fcc (type: ports) to 1 [pid: 7|app: 0|req: 602/1285] 10.0.0.233 () {34 vars in 665 bytes} [Thu May 7 16:55:31 2026] POST /v2.0/ports => generated 779 bytes in 414 msecs (HTTP/1.1 201) 4 headers in 162 bytes (1 switches on core 0) /var/lib/openstack/lib/python3.12/site-packages/pycadf/identifier.py:70: UserWarning: Invalid uuid: neutron. To ensure interoperability, identifiers should be a valid uuid. warnings.warn(('Invalid uuid: %s. To ensure interoperability, '
2026-05-07 16:55:31.727 8 WARNING neutron.scheduler.dhcp_agent_scheduler [None req-6fdc6462-ee13-4519-aeb9-24731b503f85 728401ab9e194720aba21f111fa9350b 00310f750b25460abccb6a1f2be78d11 - - default default] No more DHCP agents
2026-05-07 16:55:31.729 8 WARNING neutron.api.rpc.agentnotifiers.dhcp_rpc_agent_api [None req-6fdc6462-ee13-4519-aeb9-24731b503f85 728401ab9e194720aba21f111fa9350b 00310f750b25460abccb6a1f2be78d11 - - default default] Unable to schedule network 6cde2308-6b8f-42a5-9136-a5824605b9c3: no agents available; will retry on subsequent port and subnet creation events.
2026-05-07 16:55:31.773 7 INFO neutron.db.ovn_revision_numbers_db [None req-e7ebaec0-13b0-4e18-9e67-41a8c421a060 4826892d116e439c8a3e4e688acb1a9c 2caa07c5f17445ddb49950ef2e1a0e4a - - default default] Successfully bumped revision number for resource c80ef55b-d1ea-4ebc-a2f3-2aec0b3e364b (type: security_group_rules) to 0
2026-05-07 16:55:31.861 8 INFO neutron.db.ovn_revision_numbers_db [None req-6fdc6462-ee13-4519-aeb9-24731b503f85 728401ab9e194720aba21f111fa9350b 00310f750b25460abccb6a1f2be78d11 - - default default] Successfully bumped revision number for resource 98e041e7-82e6-4bcc-be97-0c4fafd01c97 (type: ports) to 1 [pid: 7|app: 0|req: 603/1286] 10.0.0.233 () {34 vars in 695 bytes} [Thu May 7 16:55:31 2026] POST /v2.0/security-group-rules => generated 597 bytes in 386 msecs (HTTP/1.1 201) 4 headers in 162 bytes (1 switches on core 0)
2026-05-07 16:55:31.972 7 INFO neutron.db.ovn_revision_numbers_db [None req-cd177856-6ece-43e5-b994-a17ce513d960 - - - - - -] Successfully bumped revision number for resource 808c978d-ced3-4493-ad1f-7260bc6a1617 (type: ports) to 6
2026-05-07 16:55:32.119 7 INFO neutron_taas.services.taas.taas_plugin [None req-9fa89be3-627d-4436-b1f0-67b8d31be8fd caba25b824ec42b283a6b5fb6476c4a8 9a21ad8192654ff2a24f43def39962f0 - - default default] TaaS: Handle Delete Port: 95e059ae-4428-4d8f-9923-6e314166ba06
2026-05-07 16:55:32.126 7 INFO neutron_taas.services.taas.tap_mirror_plugin [None req-9fa89be3-627d-4436-b1f0-67b8d31be8fd caba25b824ec42b283a6b5fb6476c4a8 9a21ad8192654ff2a24f43def39962f0 - - default default] Tap Mirror: Handle Delete Port: 95e059ae-4428-4d8f-9923-6e314166ba06
2026-05-07 16:55:32.152 7 WARNING neutron.plugins.ml2.drivers.ovn.mech_driver.ovsdb.ovn_client [None req-81ab24c1-46cd-4b1b-b62e-74725a7d484f - - - - - -] Logical_Switch_Port %s host information not removed, the port state is up
2026-05-07 16:55:32.153 7 INFO neutron.plugins.ml2.drivers.ovn.mech_driver.mech_driver [None req-81ab24c1-46cd-4b1b-b62e-74725a7d484f - - - - - -] OVN reports status up for port: 808c978d-ced3-4493-ad1f-7260bc6a1617
2026-05-07 16:55:32.184 7 INFO neutron.plugins.ml2.plugin [None req-81ab24c1-46cd-4b1b-b62e-74725a7d484f - - - - - -] Attempt 1 to provision port 808c978d-ced3-4493-ad1f-7260bc6a1617
2026-05-07 16:55:32.436 7 INFO neutron.services.segments.plugin [-] Segment 224f2456-cb88-4ff2-a19a-318872daa3ac resource provider aggregate not found
2026-05-07 16:55:32.444 7 INFO neutron.services.segments.plugin [-] Segment 224f2456-cb88-4ff2-a19a-318872daa3ac resource provider aggregate not found
2026-05-07 16:55:32.460 7 INFO neutron.services.segments.plugin [-] Segment 224f2456-cb88-4ff2-a19a-318872daa3ac resource provider not found; error: Placement Client Error (4xx): {"errors": [{"status": 404, "title": "Not Found", "detail": "The resource could not be found.\n\n No resource provider with uuid 224f2456-cb88-4ff2-a19a-318872daa3ac found for delete ", "request_id": "req-126e40a4-3d33-409c-a871-8ed315cdb0f4"}]}
2026-05-07 16:55:32.470 7 INFO neutron.services.segments.plugin [-] Segment 224f2456-cb88-4ff2-a19a-318872daa3ac resource provider not found; error: Placement Client Error (4xx): {"errors": [{"status": 404, "title": "Not Found", "detail": "The resource could not be found.\n\n No resource provider with uuid 224f2456-cb88-4ff2-a19a-318872daa3ac found for delete ", "request_id": "req-f387f893-3713-47ff-a327-51fee42ff855"}]}
2026-05-07 16:55:32.489 8 INFO neutron.plugins.ml2.drivers.ovn.mech_driver.ovsdb.commands [None req-271f8c1e-cb8a-4b80-8606-7a3460ef8fd7 - - - - - -] Schedule LRP lrp-98e041e7-82e6-4bcc-be97-0c4fafd01c97 on gateway f23ed651-286d-44b0-8d25-bed3628ad088 with priority 1
2026-05-07 16:55:32.536 8 INFO neutron.db.ovn_revision_numbers_db [None req-6fdc6462-ee13-4519-aeb9-24731b503f85 728401ab9e194720aba21f111fa9350b 00310f750b25460abccb6a1f2be78d11 - - default default] Successfully bumped revision number for resource 98e041e7-82e6-4bcc-be97-0c4fafd01c97 (type: router_ports) to 1 [pid: 7|app: 0|req: 604/1287] 10.0.0.233 () {32 vars in 726 bytes} [Thu May 7 16:55:31 2026] DELETE /v2.0/networks/811ec625-15b8-4916-aecc-63b96fc97f9e => generated 0 bytes in 653 msecs (HTTP/1.1 204) 3 headers in 131 bytes (1 switches on core 0)
2026-05-07 16:55:32.590 8 INFO neutron.db.ovn_revision_numbers_db [None req-6fdc6462-ee13-4519-aeb9-24731b503f85 728401ab9e194720aba21f111fa9350b 00310f750b25460abccb6a1f2be78d11 - - default default] Successfully bumped revision number for resource 585c163f-0df7-43ff-83f7-d24e87943fc5 (type: routers) to 2 [pid: 8|app: 0|req: 684/1288] 10.0.0.233 () {34 vars in 669 bytes} [Thu May 7 16:55:30 2026] POST /v2.0/routers => generated 952 bytes in 1891 msecs (HTTP/1.1 201) 4 headers in 162 bytes (1 switches on core 0)
2026-05-07 16:55:32.667 7 INFO neutron.db.segments_db [None req-4daab588-f472-4154-bf9e-69b9e62c453f df7f4581a9a14c08b9077fa2552cbc3b 91a818b44da44372b8f6397420985321 - - default default] Added segment 2e7d3484-f039-4573-a79d-2020632af9e4 of type geneve for network 34e82e70-eded-44f3-9428-cea6012e4a4f
2026-05-07 16:55:32.743 8 INFO neutron.db.ovn_revision_numbers_db [None req-acd2af8f-2ffd-4f5f-b6fa-2278b83567c6 4826892d116e439c8a3e4e688acb1a9c 2caa07c5f17445ddb49950ef2e1a0e4a - - default default] Successfully bumped revision number for resource f305ec31-fc8a-49c4-b8d9-855482e96856 (type: security_group_rules) to 0 [pid: 8|app: 0|req: 685/1289] 10.0.0.233 () {34 vars in 695 bytes} [Thu May 7 16:55:32 2026] POST /v2.0/security-group-rules => generated 602 bytes in 168 msecs (HTTP/1.1 201) 4 headers in 162 bytes (1 switches on core 0)
2026-05-07 16:55:32.804 7 INFO neutron.db.ovn_revision_numbers_db [None req-81ab24c1-46cd-4b1b-b62e-74725a7d484f - - - - - -] Successfully bumped revision number for resource 808c978d-ced3-4493-ad1f-7260bc6a1617 (type: ports) to 7 [pid: 8|app: 0|req: 686/1290] 10.0.0.233 () {32 vars in 721 bytes} [Thu May 7 16:55:32 2026] GET /v2.0/routers/585c163f-0df7-43ff-83f7-d24e87943fc5 => generated 958 bytes in 74 msecs (HTTP/1.1 200) 4 headers in 157 bytes (1 switches on core 0) [pid: 8|app: 0|req: 687/1291] 10.0.0.233 () {32 vars in 774 bytes} [Thu May 7 16:55:32 2026] GET /v2.0/security-groups?tenant_id=0026e515c1a84833a211e9f4f98f6633&name=default => generated 2921 bytes in 23 msecs (HTTP/1.1 200) 4 headers in 158 bytes (1 switches on core 0)
2026-05-07 16:55:32.885 7 INFO neutron.db.ovn_revision_numbers_db [None req-4daab588-f472-4154-bf9e-69b9e62c453f df7f4581a9a14c08b9077fa2552cbc3b 91a818b44da44372b8f6397420985321 - - default default] Successfully bumped revision number for resource 34e82e70-eded-44f3-9428-cea6012e4a4f (type: networks) to 1
2026-05-07 16:55:33.001 7 INFO neutron.plugins.ml2.drivers.ovn.mech_driver.mech_driver [None req-66aaa79a-f5a1-4976-a877-0b7ab38c9451 - - - - - -] OVN reports status down for port: 52c66b20-b153-4c82-ada1-5d94ac8755f8
2026-05-07 16:55:33.076 8 WARNING neutron.scheduler.dhcp_agent_scheduler [None req-73078e50-7981-4c68-ab08-e538add47e09 4826892d116e439c8a3e4e688acb1a9c 2caa07c5f17445ddb49950ef2e1a0e4a - - default default] No more DHCP agents
2026-05-07 16:55:33.077 8 WARNING neutron.api.rpc.agentnotifiers.dhcp_rpc_agent_api [None req-73078e50-7981-4c68-ab08-e538add47e09 4826892d116e439c8a3e4e688acb1a9c 2caa07c5f17445ddb49950ef2e1a0e4a - - default default] Unable to schedule network 6cde2308-6b8f-42a5-9136-a5824605b9c3: no agents available; will retry on subsequent port and subnet creation events.
2026-05-07 16:55:33.106 7 INFO neutron.plugins.ml2.drivers.ovn.mech_driver.mech_driver [None req-66aaa79a-f5a1-4976-a877-0b7ab38c9451 - - - - - -] OVN reports status down for port: 98e041e7-82e6-4bcc-be97-0c4fafd01c97
2026-05-07 16:55:33.153 7 WARNING neutron.scheduler.dhcp_agent_scheduler [None req-4daab588-f472-4154-bf9e-69b9e62c453f df7f4581a9a14c08b9077fa2552cbc3b 91a818b44da44372b8f6397420985321 - - default default] No more DHCP agents
2026-05-07 16:55:33.155 7 WARNING neutron.api.rpc.agentnotifiers.dhcp_rpc_agent_api [None req-4daab588-f472-4154-bf9e-69b9e62c453f df7f4581a9a14c08b9077fa2552cbc3b 91a818b44da44372b8f6397420985321 - - default default] Unable to schedule network 34e82e70-eded-44f3-9428-cea6012e4a4f: no agents available; will retry on subsequent port and subnet creation events.
2026-05-07 16:55:33.218 7 WARNING neutron.plugins.ml2.drivers.ovn.mech_driver.ovsdb.ovn_client [None req-66aaa79a-f5a1-4976-a877-0b7ab38c9451 - - - - - -] Logical_Switch_Port %s host information not removed, the port state is up
2026-05-07 16:55:33.218 7 INFO neutron.plugins.ml2.drivers.ovn.mech_driver.mech_driver [None req-66aaa79a-f5a1-4976-a877-0b7ab38c9451 - - - - - -] OVN reports status up for port: 98e041e7-82e6-4bcc-be97-0c4fafd01c97
2026-05-07 16:55:33.249 7 INFO neutron.plugins.ml2.plugin [None req-66aaa79a-f5a1-4976-a877-0b7ab38c9451 - - - - - -] Attempt 1 to provision port 98e041e7-82e6-4bcc-be97-0c4fafd01c97
2026-05-07 16:55:33.278 7 INFO neutron.db.ovn_revision_numbers_db [None req-4daab588-f472-4154-bf9e-69b9e62c453f df7f4581a9a14c08b9077fa2552cbc3b 91a818b44da44372b8f6397420985321 - - default default] Successfully bumped revision number for resource d28a77f3-c80a-409e-bc03-3c58bb680190 (type: ports) to 1 [pid: 7|app: 0|req: 605/1292] 10.0.0.233 () {34 vars in 670 bytes} [Thu May 7 16:55:32 2026] POST /v2.0/networks => generated 655 bytes in 785 msecs (HTTP/1.1 201) 4 headers in 162 bytes (1 switches on core 0) [pid: 8|app: 0|req: 688/1293] 10.0.0.233 () {34 vars in 676 bytes} [Thu May 7 16:55:32 2026] POST /v2.0/floatingips => generated 552 bytes in 522 msecs (HTTP/1.1 201) 4 headers in 162 bytes (1 switches on core 0) [pid: 7|app: 0|req: 606/1294] 10.0.0.233 () {32 vars in 647 bytes} [Thu May 7 16:55:33 2026] GET /v2.0/routers => generated 961 bytes in 96 msecs (HTTP/1.1 200) 4 headers in 157 bytes (1 switches on core 0) [pid: 8|app: 0|req: 689/1295] 10.0.0.233 () {32 vars in 740 bytes} [Thu May 7 16:55:33 2026] DELETE /v2.0/security-groups/138b02b2-7e12-4776-8b9f-5a4ff0f5ce76 => generated 0 bytes in 253 msecs (HTTP/1.1 204) 2 headers in 112 bytes (1 switches on core 0)
2026-05-07 16:55:33.657 7 WARNING neutron.scheduler.dhcp_agent_scheduler [None req-28001e1b-9bfe-4389-a5dd-0d72c354e661 df7f4581a9a14c08b9077fa2552cbc3b 91a818b44da44372b8f6397420985321 - - default default] No more DHCP agents
2026-05-07 16:55:33.659 7 WARNING neutron.api.rpc.agentnotifiers.dhcp_rpc_agent_api [None req-28001e1b-9bfe-4389-a5dd-0d72c354e661 df7f4581a9a14c08b9077fa2552cbc3b 91a818b44da44372b8f6397420985321 - - default default] Unable to schedule network 34e82e70-eded-44f3-9428-cea6012e4a4f: no agents available; will retry on subsequent port and subnet creation events.
2026-05-07 16:55:33.683 7 INFO neutron.db.ovn_revision_numbers_db [None req-28001e1b-9bfe-4389-a5dd-0d72c354e661 df7f4581a9a14c08b9077fa2552cbc3b 91a818b44da44372b8f6397420985321 - - default default] Successfully bumped revision number for resource 887da273-2ee6-4107-85da-45268643c463 (type: subnets) to 0 [pid: 7|app: 0|req: 607/1296] 10.0.0.233 () {34 vars in 669 bytes} [Thu May 7 16:55:33 2026] POST /v2.0/subnets => generated 646 bytes in 287 msecs (HTTP/1.1 201) 4 headers in 162 bytes (1 switches on core 0)
2026-05-07 16:55:34.023 7 WARNING neutron.scheduler.dhcp_agent_scheduler [None req-7aa1fbe6-3fc5-4f30-ab09-c0cd74c151cb df7f4581a9a14c08b9077fa2552cbc3b 91a818b44da44372b8f6397420985321 - - default default] No more DHCP agents
2026-05-07 16:55:34.025 7 WARNING neutron.api.rpc.agentnotifiers.dhcp_rpc_agent_api [None req-7aa1fbe6-3fc5-4f30-ab09-c0cd74c151cb df7f4581a9a14c08b9077fa2552cbc3b 91a818b44da44372b8f6397420985321 - - default default] Unable to schedule network 34e82e70-eded-44f3-9428-cea6012e4a4f: no agents available; will retry on subsequent port and subnet creation events.
2026-05-07 16:55:34.062 8 INFO neutron.db.ovn_revision_numbers_db [None req-563d6c72-3239-4417-9794-957b41705362 728401ab9e194720aba21f111fa9350b 00310f750b25460abccb6a1f2be78d11 - - default default] Successfully bumped revision number for resource 585c163f-0df7-43ff-83f7-d24e87943fc5 (type: routers) to 3 [pid: 8|app: 0|req: 690/1297] 10.0.0.233 () {34 vars in 741 bytes} [Thu May 7 16:55:33 2026] PUT /v2.0/routers/585c163f-0df7-43ff-83f7-d24e87943fc5 => generated 965 bytes in 417 msecs (HTTP/1.1 200) 4 headers in 157 bytes (1 switches on core 0)
2026-05-07 16:55:34.153 7 INFO neutron.db.ovn_revision_numbers_db [None req-7aa1fbe6-3fc5-4f30-ab09-c0cd74c151cb df7f4581a9a14c08b9077fa2552cbc3b 91a818b44da44372b8f6397420985321 - - default default] Successfully bumped revision number for resource 569507fb-b2b7-41a1-b472-30b3132953f0 (type: ports) to 1 [pid: 7|app: 0|req: 608/1298] 10.0.0.233 () {34 vars in 665 bytes} [Thu May 7 16:55:33 2026] POST /v2.0/ports => generated 966 bytes in 453 msecs (HTTP/1.1 201) 4 headers in 162 bytes (1 switches on core 0) /var/lib/openstack/lib/python3.12/site-packages/pycadf/identifier.py:70: UserWarning: Invalid uuid: neutron. To ensure interoperability, identifiers should be a valid uuid. warnings.warn(('Invalid uuid: %s. To ensure interoperability, ' [pid: 8|app: 0|req: 691/1299] 10.0.0.233 () {32 vars in 721 bytes} [Thu May 7 16:55:34 2026] GET /v2.0/routers/585c163f-0df7-43ff-83f7-d24e87943fc5 => generated 965 bytes in 118 msecs (HTTP/1.1 200) 4 headers in 157 bytes (1 switches on core 0) [pid: 8|app: 0|req: 692/1300] 10.0.0.233 () {32 vars in 736 bytes} [Thu May 7 16:55:34 2026] GET /v2.0/ports?device_id=585c163f-0df7-43ff-83f7-d24e87943fc5 => generated 12 bytes in 24 msecs (HTTP/1.1 200) 4 headers in 156 bytes (1 switches on core 0)
2026-05-07 16:55:34.340 7 INFO neutron_taas.services.taas.taas_plugin [None req-8f215055-327b-4404-9a41-3b350c0559ac df7f4581a9a14c08b9077fa2552cbc3b 91a818b44da44372b8f6397420985321 - - default default] TaaS: Handle Delete Port: 569507fb-b2b7-41a1-b472-30b3132953f0
2026-05-07 16:55:34.344 7 INFO neutron_taas.services.taas.tap_mirror_plugin [None req-8f215055-327b-4404-9a41-3b350c0559ac df7f4581a9a14c08b9077fa2552cbc3b 91a818b44da44372b8f6397420985321 - - default default] Tap Mirror: Handle Delete Port: 569507fb-b2b7-41a1-b472-30b3132953f0 [pid: 7|app: 0|req: 609/1301] 10.0.0.233 () {32 vars in 720 bytes} [Thu May 7 16:55:34 2026] DELETE /v2.0/ports/569507fb-b2b7-41a1-b472-30b3132953f0 => generated 0 bytes in 295 msecs (HTTP/1.1 204) 3 headers in 131 bytes (1 switches on core 0)
2026-05-07 16:55:34.505 7 INFO neutron.pecan_wsgi.hooks.translation [None req-2947a124-a59b-4bd5-899c-a4ddd098561d df7f4581a9a14c08b9077fa2552cbc3b 91a818b44da44372b8f6397420985321 - - default default] DELETE failed (client error): The resource could not be found. [pid: 7|app: 0|req: 610/1302] 10.0.0.233 () {32 vars in 720 bytes} [Thu May 7 16:55:34 2026] DELETE /v2.0/ports/569507fb-b2b7-41a1-b472-30b3132953f0 => generated 132 bytes in 23 msecs (HTTP/1.1 404) 4 headers in 164 bytes (1 switches on core 0)
2026-05-07 16:55:34.532 7 INFO neutron.pecan_wsgi.hooks.translation [None req-7aaf34aa-0c24-4732-beb2-67b7667bb9e7 df7f4581a9a14c08b9077fa2552cbc3b 91a818b44da44372b8f6397420985321 - - default default] GET failed (client error): The resource could not be found. [pid: 7|app: 0|req: 611/1303] 10.0.0.233 () {32 vars in 717 bytes} [Thu May 7 16:55:34 2026] GET /v2.0/ports/569507fb-b2b7-41a1-b472-30b3132953f0 => generated 132 bytes in 18 msecs (HTTP/1.1 404) 4 headers in 164 bytes (1 switches on core 0)
2026-05-07 16:55:34.580 8 WARNING neutron.plugins.ml2.drivers.ovn.mech_driver.ovsdb.ovn_client [None req-2a882f3a-660d-4afb-aeef-84ab101d4d8c - - - - - -] No hosting information found for port 5dbf2425-b310-4fe9-939c-639cc588f568: RuntimeError: No hosting information found for port 5dbf2425-b310-4fe9-939c-639cc588f568
2026-05-07 16:55:34.641 8 INFO neutron_taas.services.taas.taas_plugin [None req-24de2745-80a4-4173-82c4-ae355d00f038 728401ab9e194720aba21f111fa9350b 00310f750b25460abccb6a1f2be78d11 - - default default] TaaS: Handle Delete Port: 98e041e7-82e6-4bcc-be97-0c4fafd01c97
2026-05-07 16:55:34.651 8 INFO neutron_taas.services.taas.tap_mirror_plugin [None req-24de2745-80a4-4173-82c4-ae355d00f038 728401ab9e194720aba21f111fa9350b 00310f750b25460abccb6a1f2be78d11 - - default default] Tap Mirror: Handle Delete Port: 98e041e7-82e6-4bcc-be97-0c4fafd01c97 [pid: 7|app: 0|req: 612/1304] 10.0.0.233 () {32 vars in 724 bytes} [Thu May 7 16:55:34 2026] DELETE /v2.0/subnets/887da273-2ee6-4107-85da-45268643c463 => generated 0 bytes in 116 msecs (HTTP/1.1 204) 3 headers in 131 bytes (1 switches on core 0)
2026-05-07 16:55:34.752 8 INFO neutron.db.ovn_revision_numbers_db [None req-2a882f3a-660d-4afb-aeef-84ab101d4d8c - - - - - -] Successfully bumped revision number for resource 5dbf2425-b310-4fe9-939c-639cc588f568 (type: router_ports) to 2
2026-05-07 16:55:34.753 8 INFO neutron.plugins.ml2.drivers.ovn.mech_driver.mech_driver [None req-2a882f3a-660d-4afb-aeef-84ab101d4d8c - - - - - -] OVN reports status down for port: a4364621-c5b7-4b48-bf3b-fd9efa872fcc
2026-05-07 16:55:34.868 8 INFO neutron.plugins.ml2.drivers.ovn.mech_driver.mech_driver [None req-2a882f3a-660d-4afb-aeef-84ab101d4d8c - - - - - -] OVN reports status down for port: d28a77f3-c80a-409e-bc03-3c58bb680190
2026-05-07 16:55:34.877 7 INFO neutron_taas.services.taas.taas_plugin [None req-7fc47d65-304e-4e56-9dec-5b36d4f63d38 df7f4581a9a14c08b9077fa2552cbc3b 91a818b44da44372b8f6397420985321 - - default default] TaaS: Handle Delete Port: d28a77f3-c80a-409e-bc03-3c58bb680190
2026-05-07 16:55:34.880 7 INFO neutron_taas.services.taas.tap_mirror_plugin [None req-7fc47d65-304e-4e56-9dec-5b36d4f63d38 df7f4581a9a14c08b9077fa2552cbc3b 91a818b44da44372b8f6397420985321 - - default default] Tap Mirror: Handle Delete Port: d28a77f3-c80a-409e-bc03-3c58bb680190
2026-05-07 16:55:34.962 8 INFO neutron.plugins.ml2.db [None req-2a882f3a-660d-4afb-aeef-84ab101d4d8c - - - - - -] No ports have port_id starting with d28a77f3-c80a-409e-bc03-3c58bb680190
2026-05-07 16:55:35.105 7 INFO neutron.services.segments.plugin [-] Segment 2e7d3484-f039-4573-a79d-2020632af9e4 resource provider aggregate not found
2026-05-07 16:55:35.110 7 INFO neutron.services.segments.plugin [-] Segment 2e7d3484-f039-4573-a79d-2020632af9e4 resource provider aggregate not found
2026-05-07 16:55:35.129 7 INFO neutron.services.segments.plugin [-] Segment 2e7d3484-f039-4573-a79d-2020632af9e4 resource provider not found; error: Placement Client Error (4xx): {"errors": [{"status": 404, "title": "Not Found", "detail": "The resource could not be found.\n\n No resource provider with uuid 2e7d3484-f039-4573-a79d-2020632af9e4 found for delete ", "request_id": "req-d98b438f-7d45-4e78-8dfb-e76a66c816bb"}]}
2026-05-07 16:55:35.131 7 INFO neutron.services.segments.plugin [-] Segment 2e7d3484-f039-4573-a79d-2020632af9e4 resource provider not found; error: Placement Client Error (4xx): {"errors": [{"status": 404, "title": "Not Found", "detail": "The resource could not be found.\n\n No resource provider with uuid 2e7d3484-f039-4573-a79d-2020632af9e4 found for delete ", "request_id": "req-8913a7d2-bd89-4dfc-bcea-b860bf9aceb1"}]} [pid: 7|app: 0|req: 613/1305] 10.0.0.233 () {32 vars in 726 bytes} [Thu May 7 16:55:34 2026] DELETE /v2.0/networks/34e82e70-eded-44f3-9428-cea6012e4a4f => generated 0 bytes in 489 msecs (HTTP/1.1 204) 3 headers in 131 bytes (1 switches on core 0) [pid: 8|app: 0|req: 693/1306] 10.0.0.233 () {32 vars in 724 bytes} [Thu May 7 16:55:34 2026] DELETE /v2.0/routers/585c163f-0df7-43ff-83f7-d24e87943fc5 => generated 0 bytes in 1000 msecs (HTTP/1.1 204) 2 headers in 112 bytes (1 switches on core 0)
2026-05-07 16:55:35.255 7 INFO neutron.db.segments_db [None req-e65f240e-3cd7-42fc-bfd4-4cc59f8f931d df7f4581a9a14c08b9077fa2552cbc3b 91a818b44da44372b8f6397420985321 - - default default] Added segment 1b8e72e8-eb19-4c5d-bd36-322a88ed4854 of type geneve for network d726bcbd-77a3-4b08-9729-8bbf3fca7495 [pid: 8|app: 0|req: 694/1307] 10.0.0.233 () {32 vars in 736 bytes} [Thu May 7 16:55:35 2026] GET /v2.0/ports?device_id=585c163f-0df7-43ff-83f7-d24e87943fc5 => generated 12 bytes in 26 msecs (HTTP/1.1 200) 4 headers in 156 bytes (1 switches on core 0)
2026-05-07 16:55:35.283 8 INFO neutron.api.v2.resource [None req-dfed203c-5e40-4f23-a898-7191e70541c1 728401ab9e194720aba21f111fa9350b 00310f750b25460abccb6a1f2be78d11 - - default default] delete failed (client error): The resource could not be found. [pid: 8|app: 0|req: 695/1308] 10.0.0.233 () {32 vars in 724 bytes} [Thu May 7 16:55:35 2026] DELETE /v2.0/routers/585c163f-0df7-43ff-83f7-d24e87943fc5 => generated 135 bytes in 20 msecs (HTTP/1.1 404) 4 headers in 164 bytes (1 switches on core 0) [pid: 8|app: 0|req: 696/1309] 10.0.0.233 () {32 vars in 736 bytes} [Thu May 7 16:55:35 2026] GET /v2.0/ports?device_id=291458fd-a1b9-4cc4-9049-397c62c47709 => generated 12 bytes in 22 msecs (HTTP/1.1 200) 4 headers in 156 bytes (1 switches on core 0)
2026-05-07 16:55:35.331 8 INFO neutron.api.v2.resource [None req-d1ff1fe3-7d94-4318-a59e-c2c3f1ed1f60 728401ab9e194720aba21f111fa9350b 00310f750b25460abccb6a1f2be78d11 - - default default] delete failed (client error): The resource could not be found. [pid: 8|app: 0|req: 697/1310] 10.0.0.233 () {32 vars in 724 bytes} [Thu May 7 16:55:35 2026] DELETE /v2.0/routers/291458fd-a1b9-4cc4-9049-397c62c47709 => generated 135 bytes in 15 msecs (HTTP/1.1 404) 4 headers in 164 bytes (1 switches on core 0)
2026-05-07 16:55:35.355 8 INFO neutron.pecan_wsgi.hooks.translation [None req-0c0c30f0-73a3-49c4-91d4-ab48de10b611 728401ab9e194720aba21f111fa9350b 00310f750b25460abccb6a1f2be78d11 - - default default] DELETE failed (client error): The resource could not be found. [pid: 8|app: 0|req: 698/1311] 10.0.0.233 () {32 vars in 724 bytes} [Thu May 7 16:55:35 2026] DELETE /v2.0/subnets/204bd67c-1fc3-4e00-9798-9c38a3bf634e => generated 136 bytes in 21 msecs (HTTP/1.1 404) 4 headers in 164 bytes (1 switches on core 0)
2026-05-07 16:55:35.372 7 INFO neutron.db.ovn_revision_numbers_db [None req-e65f240e-3cd7-42fc-bfd4-4cc59f8f931d df7f4581a9a14c08b9077fa2552cbc3b 91a818b44da44372b8f6397420985321 - - default default] Successfully bumped revision number for resource d726bcbd-77a3-4b08-9729-8bbf3fca7495 (type: networks) to 1 [pid: 8|app: 0|req: 699/1312] 10.0.0.233 () {32 vars in 736 bytes} [Thu May 7 16:55:35 2026] GET /v2.0/ports?device_id=c629c885-1f63-4089-b5e1-11aa39c15f48 => generated 12 bytes in 23 msecs (HTTP/1.1 200) 4 headers in 156 bytes (1 switches on core 0)
2026-05-07 16:55:35.418 8 INFO neutron.api.v2.resource [None req-9841a2a9-8283-4ba6-8dfe-8c6af16dbf09 728401ab9e194720aba21f111fa9350b 00310f750b25460abccb6a1f2be78d11 - - default default] delete failed (client error): The resource could not be found. [pid: 8|app: 0|req: 700/1313] 10.0.0.233 () {32 vars in 724 bytes} [Thu May 7 16:55:35 2026] DELETE /v2.0/routers/c629c885-1f63-4089-b5e1-11aa39c15f48 => generated 135 bytes in 23 msecs (HTTP/1.1 404) 4 headers in 164 bytes (1 switches on core 0)
2026-05-07 16:55:35.435 8 INFO neutron.pecan_wsgi.hooks.translation [None req-5be329b7-8bb7-4cac-b391-b105e3d09dd8 728401ab9e194720aba21f111fa9350b 00310f750b25460abccb6a1f2be78d11 - - default default] DELETE failed (client error): The resource could not be found. [pid: 8|app: 0|req: 701/1314] 10.0.0.233 () {32 vars in 724 bytes} [Thu May 7 16:55:35 2026] DELETE /v2.0/subnets/75aaf828-13a3-4db3-8c49-ded16a03efc9 => generated 136 bytes in 14 msecs (HTTP/1.1 404) 4 headers in 164 bytes (1 switches on core 0) [pid: 8|app: 0|req: 702/1315] 10.0.0.233 () {32 vars in 736 bytes} [Thu May 7 16:55:35 2026] GET /v2.0/ports?device_id=197892e8-b3d0-4fa7-81bb-866c6f03f581 => generated 12 bytes in 17 msecs (HTTP/1.1 200) 4 headers in 156 bytes (1 switches on core 0)
2026-05-07 16:55:35.525 7 WARNING neutron.scheduler.dhcp_agent_scheduler [None req-e65f240e-3cd7-42fc-bfd4-4cc59f8f931d df7f4581a9a14c08b9077fa2552cbc3b 91a818b44da44372b8f6397420985321 - - default default] No more DHCP agents
2026-05-07 16:55:35.526 7 WARNING neutron.api.rpc.agentnotifiers.dhcp_rpc_agent_api [None req-e65f240e-3cd7-42fc-bfd4-4cc59f8f931d df7f4581a9a14c08b9077fa2552cbc3b 91a818b44da44372b8f6397420985321 - - default default] Unable to schedule network d726bcbd-77a3-4b08-9729-8bbf3fca7495: no agents available; will retry on subsequent port and subnet creation events.
2026-05-07 16:55:35.626 7 INFO neutron.db.ovn_revision_numbers_db [None req-e65f240e-3cd7-42fc-bfd4-4cc59f8f931d df7f4581a9a14c08b9077fa2552cbc3b 91a818b44da44372b8f6397420985321 - - default default] Successfully bumped revision number for resource 059758b2-d0df-4f4e-83b6-c67736151d2e (type: ports) to 1 [pid: 7|app: 0|req: 614/1316] 10.0.0.233 () {34 vars in 670 bytes} [Thu May 7 16:55:35 2026] POST /v2.0/networks => generated 654 bytes in 500 msecs (HTTP/1.1 201) 4 headers in 162 bytes (1 switches on core 0)
2026-05-07 16:55:35.675 7 INFO neutron.api.v2.resource [None req-421c8086-1f38-4d7e-a3b6-a9a2231882bc 728401ab9e194720aba21f111fa9350b 00310f750b25460abccb6a1f2be78d11 - - default default] delete failed (client error): The resource could not be found. [pid: 7|app: 0|req: 615/1317] 10.0.0.233 () {32 vars in 724 bytes} [Thu May 7 16:55:35 2026] DELETE /v2.0/routers/197892e8-b3d0-4fa7-81bb-866c6f03f581 => generated 135 bytes in 19 msecs (HTTP/1.1 404) 4 headers in 164 bytes (1 switches on core 0)
2026-05-07 16:55:35.744 8 INFO neutron.db.ovn_revision_numbers_db [None req-971c026d-d0b1-42fb-9454-c9fa47530c14 caba25b824ec42b283a6b5fb6476c4a8 9a21ad8192654ff2a24f43def39962f0 - - default default] Successfully bumped revision number for resource 2f3fea7c-1e36-4f3f-b534-f87a146bd70f (type: security_groups) to 1
2026-05-07 16:55:35.756 8 INFO neutron.db.ovn_revision_numbers_db [None req-971c026d-d0b1-42fb-9454-c9fa47530c14 caba25b824ec42b283a6b5fb6476c4a8 9a21ad8192654ff2a24f43def39962f0 - - default default] Successfully bumped revision number for resource 266effd5-c2ec-4aca-84fb-c282487c6d70 (type: security_group_rules) to 0
2026-05-07 16:55:35.767 8 INFO neutron.db.ovn_revision_numbers_db [None req-971c026d-d0b1-42fb-9454-c9fa47530c14 caba25b824ec42b283a6b5fb6476c4a8 9a21ad8192654ff2a24f43def39962f0 - - default default] Successfully bumped revision number for resource bf2e06a4-d026-47f2-80b4-01782ff8819a (type: security_group_rules) to 0
2026-05-07 16:55:35.779 8 INFO neutron.db.ovn_revision_numbers_db [None req-971c026d-d0b1-42fb-9454-c9fa47530c14 caba25b824ec42b283a6b5fb6476c4a8 9a21ad8192654ff2a24f43def39962f0 - - default default] Successfully bumped revision number for resource d96e9ab4-60aa-41a6-a9e3-a108e288e589 (type: security_group_rules) to 0
2026-05-07 16:55:35.791 8 INFO neutron.db.ovn_revision_numbers_db [None req-971c026d-d0b1-42fb-9454-c9fa47530c14 caba25b824ec42b283a6b5fb6476c4a8 9a21ad8192654ff2a24f43def39962f0 - - default default] Successfully bumped revision number for resource e39ca509-69fb-4d34-b0fb-c08974f8d1c3 (type: security_group_rules) to 0
2026-05-07 16:55:35.866 8 INFO neutron.db.segments_db [None req-971c026d-d0b1-42fb-9454-c9fa47530c14 caba25b824ec42b283a6b5fb6476c4a8 9a21ad8192654ff2a24f43def39962f0 - - default default] Added segment 71ab564f-0f60-47a5-81db-3656c5b8b8ea of type geneve for network 3c84e471-99ee-47ed-b08e-ea19fea65bff
2026-05-07 16:55:35.876 7 WARNING neutron.scheduler.dhcp_agent_scheduler [None req-e63d1894-d6ad-440f-9493-4cb765f3b680 df7f4581a9a14c08b9077fa2552cbc3b 91a818b44da44372b8f6397420985321 - - default default] No more DHCP agents
2026-05-07 16:55:35.877 7 WARNING neutron.api.rpc.agentnotifiers.dhcp_rpc_agent_api [None req-e63d1894-d6ad-440f-9493-4cb765f3b680 df7f4581a9a14c08b9077fa2552cbc3b 91a818b44da44372b8f6397420985321 - - default default] Unable to schedule network d726bcbd-77a3-4b08-9729-8bbf3fca7495: no agents available; will retry on subsequent port and subnet creation events.
2026-05-07 16:55:35.903 7 INFO neutron.db.ovn_revision_numbers_db [None req-e63d1894-d6ad-440f-9493-4cb765f3b680 df7f4581a9a14c08b9077fa2552cbc3b 91a818b44da44372b8f6397420985321 - - default default] Successfully bumped revision number for resource 8d4bf6cf-1f28-4e7e-9e5f-1fa302ba5b6f (type: subnets) to 0 [pid: 7|app: 0|req: 616/1318] 10.0.0.233 () {34 vars in 669 bytes} [Thu May 7 16:55:35 2026] POST /v2.0/subnets => generated 646 bytes in 245 msecs (HTTP/1.1 201) 4 headers in 162 bytes (1 switches on core 0)
2026-05-07 16:55:35.935 7 INFO neutron.pecan_wsgi.hooks.translation [None req-042fdd52-8d14-4a08-bfed-a805ce23066d 728401ab9e194720aba21f111fa9350b 00310f750b25460abccb6a1f2be78d11 - - default default] DELETE failed (client error): The resource could not be found. [pid: 7|app: 0|req: 617/1319] 10.0.0.233 () {32 vars in 724 bytes} [Thu May 7 16:55:35 2026] DELETE /v2.0/subnets/3cbd5080-bf4a-4bd6-b4f7-425936af7767 => generated 136 bytes in 16 msecs (HTTP/1.1 404) 4 headers in 164 bytes (1 switches on core 0)
2026-05-07 16:55:36.006 8 INFO neutron.db.ovn_revision_numbers_db [None req-971c026d-d0b1-42fb-9454-c9fa47530c14 caba25b824ec42b283a6b5fb6476c4a8 9a21ad8192654ff2a24f43def39962f0 - - default default] Successfully bumped revision number for resource 3c84e471-99ee-47ed-b08e-ea19fea65bff (type: networks) to 1
2026-05-07 16:55:36.163 8 WARNING neutron.scheduler.dhcp_agent_scheduler [None req-971c026d-d0b1-42fb-9454-c9fa47530c14 caba25b824ec42b283a6b5fb6476c4a8 9a21ad8192654ff2a24f43def39962f0 - - default default] No more DHCP agents
2026-05-07 16:55:36.165 8 WARNING neutron.api.rpc.agentnotifiers.dhcp_rpc_agent_api [None req-971c026d-d0b1-42fb-9454-c9fa47530c14 caba25b824ec42b283a6b5fb6476c4a8 9a21ad8192654ff2a24f43def39962f0 - - default default] Unable to schedule network 3c84e471-99ee-47ed-b08e-ea19fea65bff: no agents available; will retry on subsequent port and subnet creation events.
2026-05-07 16:55:36.211 8 INFO neutron.plugins.ml2.drivers.ovn.mech_driver.mech_driver [None req-2a882f3a-660d-4afb-aeef-84ab101d4d8c - - - - - -] OVN reports status down for port: 62636417-c101-41c3-a161-1cf85ec85586
2026-05-07 16:55:36.259 7 WARNING neutron.scheduler.dhcp_agent_scheduler [None req-2f0a6c5e-2355-4b95-8ecf-fe808d88ee13 df7f4581a9a14c08b9077fa2552cbc3b 91a818b44da44372b8f6397420985321 - - default default] No more DHCP agents
2026-05-07 16:55:36.262 7 WARNING neutron.api.rpc.agentnotifiers.dhcp_rpc_agent_api [None req-2f0a6c5e-2355-4b95-8ecf-fe808d88ee13 df7f4581a9a14c08b9077fa2552cbc3b 91a818b44da44372b8f6397420985321 - - default default] Unable to schedule network d726bcbd-77a3-4b08-9729-8bbf3fca7495: no agents available; will retry on subsequent port and subnet creation events.
2026-05-07 16:55:36.273 8 INFO neutron.db.ovn_revision_numbers_db [None req-971c026d-d0b1-42fb-9454-c9fa47530c14 caba25b824ec42b283a6b5fb6476c4a8 9a21ad8192654ff2a24f43def39962f0 - - default default] Successfully bumped revision number for resource 62636417-c101-41c3-a161-1cf85ec85586 (type: ports) to 1 [pid: 8|app: 0|req: 703/1320] 10.0.0.233 () {34 vars in 671 bytes} [Thu May 7 16:55:35 2026] POST /v2.0/networks => generated 768 bytes in 884 msecs (HTTP/1.1 201) 4 headers in 162 bytes (1 switches on core 0)
2026-05-07 16:55:36.360 8 INFO neutron.plugins.ml2.drivers.ovn.mech_driver.mech_driver [None req-2a882f3a-660d-4afb-aeef-84ab101d4d8c - - - - - -] OVN reports status down for port: 79dfc8cf-c54a-4e37-b5ab-6b798e319e81
2026-05-07 16:55:36.370 8 INFO neutron.pecan_wsgi.hooks.translation [None req-881bc0f2-17f5-4b46-9bc7-ba0602a2522e 728401ab9e194720aba21f111fa9350b 00310f750b25460abccb6a1f2be78d11 - - default default] DELETE failed (client error): The resource could not be found.
2026-05-07 16:55:36.377 7 INFO neutron.db.ovn_revision_numbers_db [None req-2f0a6c5e-2355-4b95-8ecf-fe808d88ee13 df7f4581a9a14c08b9077fa2552cbc3b 91a818b44da44372b8f6397420985321 - - default default] Successfully bumped revision number for resource 79dfc8cf-c54a-4e37-b5ab-6b798e319e81 (type: ports) to 1 [pid: 8|app: 0|req: 704/1321] 10.0.0.233 () {32 vars in 724 bytes} [Thu May 7 16:55:36 2026] DELETE /v2.0/subnets/fa5ab34f-9e17-45e2-b5a3-5298ec3e8438 => generated 136 bytes in 34 msecs (HTTP/1.1 404) 4 headers in 164 bytes (1 switches on core 0) [pid: 7|app: 0|req: 618/1322] 10.0.0.233 () {34 vars in 665 bytes} [Thu May 7 16:55:35 2026] POST /v2.0/ports => generated 927 bytes in 463 msecs (HTTP/1.1 201) 4 headers in 162 bytes (1 switches on core 0)
2026-05-07 16:55:36.518 7 INFO neutron_taas.services.taas.taas_plugin [None req-5fa25ac8-1aad-4bdc-8016-3e2644a2b44f df7f4581a9a14c08b9077fa2552cbc3b 91a818b44da44372b8f6397420985321 - - default default] TaaS: Handle Delete Port: 79dfc8cf-c54a-4e37-b5ab-6b798e319e81
2026-05-07 16:55:36.521 7 INFO neutron_taas.services.taas.tap_mirror_plugin [None req-5fa25ac8-1aad-4bdc-8016-3e2644a2b44f df7f4581a9a14c08b9077fa2552cbc3b 91a818b44da44372b8f6397420985321 - - default default] Tap Mirror: Handle Delete Port: 79dfc8cf-c54a-4e37-b5ab-6b798e319e81
2026-05-07 16:55:36.553 8 WARNING neutron.scheduler.dhcp_agent_scheduler [None req-971bda97-fc1e-4f90-958a-ab42d4067de2 caba25b824ec42b283a6b5fb6476c4a8 9a21ad8192654ff2a24f43def39962f0 - - default default] No more DHCP agents
2026-05-07 16:55:36.554 8 WARNING neutron.api.rpc.agentnotifiers.dhcp_rpc_agent_api [None req-971bda97-fc1e-4f90-958a-ab42d4067de2 caba25b824ec42b283a6b5fb6476c4a8 9a21ad8192654ff2a24f43def39962f0 - - default default] Unable to schedule network 3c84e471-99ee-47ed-b08e-ea19fea65bff: no agents available; will retry on subsequent port and subnet creation events. [pid: 7|app: 0|req: 619/1323] 10.0.0.233 () {32 vars in 720 bytes} [Thu May 7 16:55:36 2026] DELETE /v2.0/ports/79dfc8cf-c54a-4e37-b5ab-6b798e319e81 => generated 0 bytes in 258 msecs (HTTP/1.1 204) 3 headers in 131 bytes (1 switches on core 0)
2026-05-07 16:55:36.686 7 INFO neutron.pecan_wsgi.hooks.translation [None req-d5772b04-7855-4e30-8ff5-deb186c92dad df7f4581a9a14c08b9077fa2552cbc3b 91a818b44da44372b8f6397420985321 - - default default] GET failed (client error): The resource could not be found. [pid: 7|app: 0|req: 620/1324] 10.0.0.233 () {32 vars in 717 bytes} [Thu May 7 16:55:36 2026] GET /v2.0/ports/79dfc8cf-c54a-4e37-b5ab-6b798e319e81 => generated 132 bytes in 16 msecs (HTTP/1.1 404) 4 headers in 164 bytes (1 switches on core 0) [pid: 7|app: 0|req: 621/1325] 10.0.0.233 () {32 vars in 724 bytes} [Thu May 7 16:55:36 2026] DELETE /v2.0/subnets/8d4bf6cf-1f28-4e7e-9e5f-1fa302ba5b6f => generated 0 bytes in 138 msecs (HTTP/1.1 204) 3 headers in 131 bytes (1 switches on core 0) [pid: 7|app: 0|req: 622/1326] 10.0.0.233 () {32 vars in 774 bytes} [Thu May 7 16:55:36 2026] GET /v2.0/security-groups?tenant_id=00310f750b25460abccb6a1f2be78d11&name=default => generated 2925 bytes in 125 msecs (HTTP/1.1 200) 4 headers in 158 bytes (1 switches on core 0)
2026-05-07 16:55:37.020 8 INFO neutron.db.ovn_revision_numbers_db [None req-397d8871-23d4-4ffa-b1b6-3585cb0c11fe - - - - - -] Successfully bumped revision number for resource 62636417-c101-41c3-a161-1cf85ec85586 (type: ports) to 2
2026-05-07 16:55:37.052 8 INFO neutron.db.ovn_revision_numbers_db [None req-397d8871-23d4-4ffa-b1b6-3585cb0c11fe - - - - - -] Successfully bumped revision number for resource 94a3fc72-0db7-485f-bdee-45ca91ef1605 (type: subnets) to 0 [pid: 8|app: 0|req: 705/1327] 10.0.0.233 () {34 vars in 669 bytes} [Thu May 7 16:55:36 2026] POST /v2.0/subnets => generated 693 bytes in 691 msecs (HTTP/1.1 201) 4 headers in 162 bytes (1 switches on core 0)
2026-05-07 16:55:37.090 7 INFO neutron_taas.services.taas.taas_plugin [None req-0fc17d9b-7720-412c-bbc9-5ca4df9225a0 df7f4581a9a14c08b9077fa2552cbc3b 91a818b44da44372b8f6397420985321 - - default default] TaaS: Handle Delete Port: 059758b2-d0df-4f4e-83b6-c67736151d2e
2026-05-07 16:55:37.093 7 INFO neutron_taas.services.taas.tap_mirror_plugin [None req-0fc17d9b-7720-412c-bbc9-5ca4df9225a0 df7f4581a9a14c08b9077fa2552cbc3b 91a818b44da44372b8f6397420985321 - - default default] Tap Mirror: Handle Delete Port: 059758b2-d0df-4f4e-83b6-c67736151d2e
2026-05-07 16:55:37.299 7 INFO neutron.services.segments.plugin [-] Segment 1b8e72e8-eb19-4c5d-bd36-322a88ed4854 resource provider aggregate not found
2026-05-07 16:55:37.307 7 INFO neutron.services.segments.plugin [-] Segment 1b8e72e8-eb19-4c5d-bd36-322a88ed4854 resource provider aggregate not found [pid: 8|app: 0|req: 706/1328] 10.0.0.233 () {32 vars in 740 bytes} [Thu May 7 16:55:37 2026] DELETE /v2.0/security-groups/07861162-32ce-4de6-af0d-666d31c7b894 => generated 0 bytes in 251 msecs (HTTP/1.1 204) 2 headers in 112 bytes (1 switches on core 0)
2026-05-07 16:55:37.329 7 INFO neutron.services.segments.plugin [-] Segment 1b8e72e8-eb19-4c5d-bd36-322a88ed4854 resource provider not found; error: Placement Client Error (4xx): {"errors": [{"status": 404, "title": "Not Found", "detail": "The resource could not be found.\n\n No resource provider with uuid 1b8e72e8-eb19-4c5d-bd36-322a88ed4854 found for delete ", "request_id": "req-f2010f9e-e403-4ddd-b903-32f1a3f26b6c"}]}
2026-05-07 16:55:37.330 7 INFO neutron.services.segments.plugin [-] Segment 1b8e72e8-eb19-4c5d-bd36-322a88ed4854 resource provider not found; error: Placement Client Error (4xx): {"errors": [{"status": 404, "title": "Not Found", "detail": "The resource could not be found.\n\n No resource provider with uuid 1b8e72e8-eb19-4c5d-bd36-322a88ed4854 found for delete ", "request_id": "req-69cf94bd-a9ce-4239-a324-fdc84937fdd7"}]} [pid: 7|app: 0|req: 623/1329] 10.0.0.233 () {32 vars in 726 bytes} [Thu May 7 16:55:36 2026] DELETE /v2.0/networks/d726bcbd-77a3-4b08-9729-8bbf3fca7495 => generated 0 bytes in 408 msecs (HTTP/1.1 204) 3 headers in 131 bytes (1 switches on core 0)
2026-05-07 16:55:37.558 7 WARNING neutron.scheduler.dhcp_agent_scheduler [None req-e363fb82-9a66-4077-9327-9f01a4548d6c df7f4581a9a14c08b9077fa2552cbc3b 91a818b44da44372b8f6397420985321 - - default default] No more DHCP agents
2026-05-07 16:55:37.560 7 WARNING neutron.api.rpc.agentnotifiers.dhcp_rpc_agent_api [None req-e363fb82-9a66-4077-9327-9f01a4548d6c df7f4581a9a14c08b9077fa2552cbc3b 91a818b44da44372b8f6397420985321 - - default default] Unable to schedule network 89e14c3b-4e00-4a6e-b293-2a9ec0566d3d: no agents available; will retry on subsequent port and subnet creation events.
2026-05-07 16:55:37.683 7 INFO neutron.db.ovn_revision_numbers_db [None req-e363fb82-9a66-4077-9327-9f01a4548d6c df7f4581a9a14c08b9077fa2552cbc3b 91a818b44da44372b8f6397420985321 - - default default] Successfully bumped revision number for resource b1aeee88-6077-4507-9533-41dd90aa189c (type: ports) to 1 [pid: 7|app: 0|req: 624/1330] 10.0.0.233 () {34 vars in 665 bytes} [Thu May 7 16:55:37 2026] POST /v2.0/ports => generated 777 bytes in 363 msecs (HTTP/1.1 201) 4 headers in 162 bytes (1 switches on core 0) /var/lib/openstack/lib/python3.12/site-packages/pycadf/identifier.py:70: UserWarning: Invalid uuid: neutron. To ensure interoperability, identifiers should be a valid uuid. warnings.warn(('Invalid uuid: %s. To ensure interoperability, '
2026-05-07 16:55:37.786 8 WARNING neutron.scheduler.dhcp_agent_scheduler [None req-f4756c26-0e0c-490e-9942-b6af0c4b3ebc caba25b824ec42b283a6b5fb6476c4a8 9a21ad8192654ff2a24f43def39962f0 - - default default] No more DHCP agents
2026-05-07 16:55:37.788 8 WARNING neutron.api.rpc.agentnotifiers.dhcp_rpc_agent_api [None req-f4756c26-0e0c-490e-9942-b6af0c4b3ebc caba25b824ec42b283a6b5fb6476c4a8 9a21ad8192654ff2a24f43def39962f0 - - default default] Unable to schedule network 6cde2308-6b8f-42a5-9136-a5824605b9c3: no agents available; will retry on subsequent port and subnet creation events.
2026-05-07 16:55:37.904 8 INFO neutron.plugins.ml2.drivers.ovn.mech_driver.mech_driver [None req-2a882f3a-660d-4afb-aeef-84ab101d4d8c - - - - - -] OVN reports status down for port: 614a7980-7915-4d8e-8583-ccf893e4883f
2026-05-07 16:55:37.961 8 INFO neutron.db.ovn_revision_numbers_db [None req-f4756c26-0e0c-490e-9942-b6af0c4b3ebc caba25b824ec42b283a6b5fb6476c4a8 9a21ad8192654ff2a24f43def39962f0 - - default default] Successfully bumped revision number for resource 614a7980-7915-4d8e-8583-ccf893e4883f (type: ports) to 1
2026-05-07 16:55:38.039 7 INFO neutron.db.ovn_revision_numbers_db [None req-7b1d414b-602e-4747-9cfa-f98cc958658c df7f4581a9a14c08b9077fa2552cbc3b 91a818b44da44372b8f6397420985321 - - default default] Successfully bumped revision number for resource b1aeee88-6077-4507-9533-41dd90aa189c (type: ports) to 2 [pid: 7|app: 0|req: 625/1331] 10.0.0.233 () {34 vars in 737 bytes} [Thu May 7 16:55:37 2026] PUT /v2.0/ports/b1aeee88-6077-4507-9533-41dd90aa189c => generated 752 bytes in 319 msecs (HTTP/1.1 200) 4 headers in 157 bytes (1 switches on core 0) /var/lib/openstack/lib/python3.12/site-packages/pycadf/identifier.py:70: UserWarning: Invalid uuid: neutron. To ensure interoperability, identifiers should be a valid uuid. warnings.warn(('Invalid uuid: %s. To ensure interoperability, '
2026-05-07 16:55:38.173 7 INFO neutron_taas.services.taas.taas_plugin [None req-b6eadbef-3a32-494e-953d-749ce2ed93af df7f4581a9a14c08b9077fa2552cbc3b 91a818b44da44372b8f6397420985321 - - default default] TaaS: Handle Delete Port: b1aeee88-6077-4507-9533-41dd90aa189c
2026-05-07 16:55:38.176 7 INFO neutron_taas.services.taas.tap_mirror_plugin [None req-b6eadbef-3a32-494e-953d-749ce2ed93af df7f4581a9a14c08b9077fa2552cbc3b 91a818b44da44372b8f6397420985321 - - default default] Tap Mirror: Handle Delete Port: b1aeee88-6077-4507-9533-41dd90aa189c [pid: 7|app: 0|req: 626/1332] 10.0.0.233 () {32 vars in 720 bytes} [Thu May 7 16:55:38 2026] DELETE /v2.0/ports/b1aeee88-6077-4507-9533-41dd90aa189c => generated 0 bytes in 205 msecs (HTTP/1.1 204) 3 headers in 131 bytes (1 switches on core 0) [pid: 7|app: 0|req: 627/1333] 10.0.0.23 () {34 vars in 1099 bytes} [Thu May 7 16:55:38 2026] GET /v2.0/security-groups?name=tempest-securitygroup--1349912071&fields=id&tenant_id=2caa07c5f17445ddb49950ef2e1a0e4a => generated 69 bytes in 25 msecs (HTTP/1.1 200) 4 headers in 156 bytes (1 switches on core 0) [pid: 7|app: 0|req: 628/1334] 10.0.0.233 () {32 vars in 643 bytes} [Thu May 7 16:55:38 2026] GET /v2.0/ports => generated 1538 bytes in 31 msecs (HTTP/1.1 200) 4 headers in 158 bytes (1 switches on core 0) [pid: 7|app: 0|req: 629/1335] 10.0.0.23 () {34 vars in 981 bytes} [Thu May 7 16:55:38 2026] GET /v2.0/networks?id=0f4f3f2f-a307-4268-a866-2733d354c8dc => generated 718 bytes in 45 msecs (HTTP/1.1 200) 4 headers in 157 bytes (1 switches on core 0)
2026-05-07 16:55:38.400 7 INFO neutron.pecan_wsgi.hooks.translation [None req-35563aa4-e93c-4499-90f6-20f7a0576f23 df7f4581a9a14c08b9077fa2552cbc3b 91a818b44da44372b8f6397420985321 - - default default] GET failed (client error): The resource could not be found. [pid: 7|app: 0|req: 630/1336] 10.0.0.233 () {32 vars in 717 bytes} [Thu May 7 16:55:38 2026] GET /v2.0/ports/b1aeee88-6077-4507-9533-41dd90aa189c => generated 132 bytes in 31 msecs (HTTP/1.1 404) 4 headers in 164 bytes (1 switches on core 0) [pid: 7|app: 0|req: 631/1337] 10.0.0.23 () {34 vars in 964 bytes} [Thu May 7 16:55:38 2026] GET /v2.0/quotas/2caa07c5f17445ddb49950ef2e1a0e4a => generated 292 bytes in 9 msecs (HTTP/1.1 200) 4 headers in 157 bytes (1 switches on core 0)
2026-05-07 16:55:38.634 8 INFO neutron.plugins.ml2.drivers.ovn.mech_driver.ovsdb.commands [None req-271f8c1e-cb8a-4b80-8606-7a3460ef8fd7 - - - - - -] Schedule LRP lrp-614a7980-7915-4d8e-8583-ccf893e4883f on gateway f23ed651-286d-44b0-8d25-bed3628ad088 with priority 1
2026-05-07 16:55:38.685 8 INFO neutron.plugins.ml2.drivers.ovn.mech_driver.mech_driver [None req-2a882f3a-660d-4afb-aeef-84ab101d4d8c - - - - - -] OVN reports status up for port: 614a7980-7915-4d8e-8583-ccf893e4883f
2026-05-07 16:55:38.713 8 INFO neutron.plugins.ml2.plugin [None req-2a882f3a-660d-4afb-aeef-84ab101d4d8c - - - - - -] Attempt 1 to provision port 614a7980-7915-4d8e-8583-ccf893e4883f
