2026-05-07 16:56:14.915 7 INFO neutron.db.ovn_revision_numbers_db [None req-428dc59c-04ef-4dbb-80ea-8250927f1f80 caba25b824ec42b283a6b5fb6476c4a8 9a21ad8192654ff2a24f43def39962f0 - - default default] Successfully bumped revision number for resource b652521b-f455-461b-ba8e-76aa72629b1c (type: security_group_rules) to 0 [pid: 7|app: 0|req: 755/1597] 10.0.0.233 () {32 vars in 774 bytes} [Thu May 7 16:56:14 2026] GET /v2.0/security-groups?tenant_id=97a0d87447744f17b3907af5f8841fc2&name=default => generated 2925 bytes in 450 msecs (HTTP/1.1 200) 4 headers in 158 bytes (1 switches on core 0)
2026-05-07 16:56:15.125 8 INFO neutron.db.ovn_revision_numbers_db [None req-a175c0c8-82d6-426c-97c2-4fcf99b5abf8 caba25b824ec42b283a6b5fb6476c4a8 9a21ad8192654ff2a24f43def39962f0 - - default default] Successfully bumped revision number for resource 06fd68ab-9c97-4bed-8199-e6b4635483fe (type: security_groups) to 1
2026-05-07 16:56:15.138 8 INFO neutron.db.ovn_revision_numbers_db [None req-a175c0c8-82d6-426c-97c2-4fcf99b5abf8 caba25b824ec42b283a6b5fb6476c4a8 9a21ad8192654ff2a24f43def39962f0 - - default default] Successfully bumped revision number for resource 0d3be7a7-1f3a-42ae-a8ee-2ba74cea65e1 (type: security_group_rules) to 0
2026-05-07 16:56:15.151 8 INFO neutron.db.ovn_revision_numbers_db [None req-a175c0c8-82d6-426c-97c2-4fcf99b5abf8 caba25b824ec42b283a6b5fb6476c4a8 9a21ad8192654ff2a24f43def39962f0 - - default default] Successfully bumped revision number for resource 4bf3eae0-ca9b-4aa5-8002-b40c25e773d4 (type: security_group_rules) to 0
2026-05-07 16:56:15.167 8 INFO neutron.db.ovn_revision_numbers_db [None req-a175c0c8-82d6-426c-97c2-4fcf99b5abf8 caba25b824ec42b283a6b5fb6476c4a8 9a21ad8192654ff2a24f43def39962f0 - - default default] Successfully bumped revision number for resource 9716c8ef-bd40-46ca-97b3-9a7dc09b56df (type: security_group_rules) to 0
2026-05-07 16:56:15.188 8 INFO neutron.db.ovn_revision_numbers_db [None req-a175c0c8-82d6-426c-97c2-4fcf99b5abf8 caba25b824ec42b283a6b5fb6476c4a8 9a21ad8192654ff2a24f43def39962f0 - - default default] Successfully bumped revision number for resource ed84bb60-51b2-4703-84ef-972493838dd0 (type: security_group_rules) to 0 [pid: 7|app: 0|req: 756/1598] 10.0.0.233 () {32 vars in 740 bytes} [Thu May 7 16:56:14 2026] DELETE /v2.0/security-groups/d53a926a-7368-448e-bcd2-c49e2624ccb5 => generated 0 bytes in 258 msecs (HTTP/1.1 204) 2 headers in 112 bytes (1 switches on core 0)
2026-05-07 16:56:15.262 8 INFO neutron.db.segments_db [None req-a175c0c8-82d6-426c-97c2-4fcf99b5abf8 caba25b824ec42b283a6b5fb6476c4a8 9a21ad8192654ff2a24f43def39962f0 - - default default] Added segment 9519dd42-d697-47b5-8d0f-6c6c5564cc18 of type geneve for network e670ab7d-1a90-4c21-8574-722bcc029d3c
2026-05-07 16:56:15.344 7 INFO neutron.db.ovn_revision_numbers_db [None req-be78a628-39de-473f-a0b0-66842d690a7b caba25b824ec42b283a6b5fb6476c4a8 9a21ad8192654ff2a24f43def39962f0 - - default default] Successfully bumped revision number for resource abef2df4-ba5b-4662-a9ec-0950275cb265 (type: security_groups) to 1
2026-05-07 16:56:15.366 7 INFO neutron.db.ovn_revision_numbers_db [None req-be78a628-39de-473f-a0b0-66842d690a7b caba25b824ec42b283a6b5fb6476c4a8 9a21ad8192654ff2a24f43def39962f0 - - default default] Successfully bumped revision number for resource 366be8d4-2aa8-4d39-bc11-c7f26877a2cd (type: security_group_rules) to 0
2026-05-07 16:56:15.379 7 INFO neutron.db.ovn_revision_numbers_db [None req-be78a628-39de-473f-a0b0-66842d690a7b caba25b824ec42b283a6b5fb6476c4a8 9a21ad8192654ff2a24f43def39962f0 - - default default] Successfully bumped revision number for resource 63a24444-927e-47b2-bfbe-100314b5e823 (type: security_group_rules) to 0
2026-05-07 16:56:15.381 8 INFO neutron.db.ovn_revision_numbers_db [None req-a175c0c8-82d6-426c-97c2-4fcf99b5abf8 caba25b824ec42b283a6b5fb6476c4a8 9a21ad8192654ff2a24f43def39962f0 - - default default] Successfully bumped revision number for resource e670ab7d-1a90-4c21-8574-722bcc029d3c (type: networks) to 1
2026-05-07 16:56:15.394 7 INFO neutron.db.ovn_revision_numbers_db [None req-be78a628-39de-473f-a0b0-66842d690a7b caba25b824ec42b283a6b5fb6476c4a8 9a21ad8192654ff2a24f43def39962f0 - - default default] Successfully bumped revision number for resource c8f2c613-8de7-486e-87b9-af2f46ceb1f6 (type: security_group_rules) to 0
2026-05-07 16:56:15.408 7 INFO neutron.db.ovn_revision_numbers_db [None req-be78a628-39de-473f-a0b0-66842d690a7b caba25b824ec42b283a6b5fb6476c4a8 9a21ad8192654ff2a24f43def39962f0 - - default default] Successfully bumped revision number for resource d9d225a2-8297-49dc-98af-8316ba355b63 (type: security_group_rules) to 0 [pid: 7|app: 0|req: 757/1599] 10.0.0.233 () {32 vars in 774 bytes} [Thu May 7 16:56:15 2026] GET /v2.0/security-groups?tenant_id=5058c39b90be40f6b6af608c832c8476&name=default => generated 2925 bytes in 235 msecs (HTTP/1.1 200) 4 headers in 158 bytes (1 switches on core 0)
2026-05-07 16:56:15.547 8 WARNING neutron.scheduler.dhcp_agent_scheduler [None req-a175c0c8-82d6-426c-97c2-4fcf99b5abf8 caba25b824ec42b283a6b5fb6476c4a8 9a21ad8192654ff2a24f43def39962f0 - - default default] No more DHCP agents
2026-05-07 16:56:15.549 8 WARNING neutron.api.rpc.agentnotifiers.dhcp_rpc_agent_api [None req-a175c0c8-82d6-426c-97c2-4fcf99b5abf8 caba25b824ec42b283a6b5fb6476c4a8 9a21ad8192654ff2a24f43def39962f0 - - default default] Unable to schedule network e670ab7d-1a90-4c21-8574-722bcc029d3c: no agents available; will retry on subsequent port and subnet creation events.
2026-05-07 16:56:15.613 8 INFO neutron.plugins.ml2.drivers.ovn.mech_driver.mech_driver [None req-7bfbc816-09c2-4674-8d2a-4836d12b6dd3 - - - - - -] OVN reports status down for port: b4064b67-af5e-4ab5-b07b-62ca2eec50fa
2026-05-07 16:56:15.696 8 INFO neutron.db.ovn_revision_numbers_db [None req-a175c0c8-82d6-426c-97c2-4fcf99b5abf8 caba25b824ec42b283a6b5fb6476c4a8 9a21ad8192654ff2a24f43def39962f0 - - default default] Successfully bumped revision number for resource b4064b67-af5e-4ab5-b07b-62ca2eec50fa (type: ports) to 1 [pid: 8|app: 0|req: 843/1600] 10.0.0.233 () {34 vars in 671 bytes} [Thu May 7 16:56:14 2026] POST /v2.0/networks => generated 760 bytes in 893 msecs (HTTP/1.1 201) 4 headers in 162 bytes (1 switches on core 0) [pid: 7|app: 0|req: 758/1601] 10.0.0.233 () {32 vars in 740 bytes} [Thu May 7 16:56:15 2026] DELETE /v2.0/security-groups/abef2df4-ba5b-4662-a9ec-0950275cb265 => generated 0 bytes in 294 msecs (HTTP/1.1 204) 2 headers in 112 bytes (1 switches on core 0)
2026-05-07 16:56:15.895 8 WARNING neutron.scheduler.dhcp_agent_scheduler [None req-582fd9e8-e791-4d2e-a5b8-d6d8961665c2 caba25b824ec42b283a6b5fb6476c4a8 9a21ad8192654ff2a24f43def39962f0 - - default default] No more DHCP agents
2026-05-07 16:56:15.897 8 WARNING neutron.api.rpc.agentnotifiers.dhcp_rpc_agent_api [None req-582fd9e8-e791-4d2e-a5b8-d6d8961665c2 caba25b824ec42b283a6b5fb6476c4a8 9a21ad8192654ff2a24f43def39962f0 - - default default] Unable to schedule network e670ab7d-1a90-4c21-8574-722bcc029d3c: no agents available; will retry on subsequent port and subnet creation events.
2026-05-07 16:56:16.368 8 INFO neutron.db.ovn_revision_numbers_db [None req-af6f8f50-6b95-446f-b7b8-734704be570b - - - - - -] Successfully bumped revision number for resource b4064b67-af5e-4ab5-b07b-62ca2eec50fa (type: ports) to 2
2026-05-07 16:56:16.404 8 INFO neutron.db.ovn_revision_numbers_db [None req-af6f8f50-6b95-446f-b7b8-734704be570b - - - - - -] Successfully bumped revision number for resource e99ddd4a-eb56-4814-a811-52fa3b476c05 (type: subnets) to 0 [pid: 8|app: 0|req: 844/1602] 10.0.0.233 () {34 vars in 669 bytes} [Thu May 7 16:56:15 2026] POST /v2.0/subnets => generated 685 bytes in 668 msecs (HTTP/1.1 201) 4 headers in 162 bytes (1 switches on core 0)
2026-05-07 16:56:16.849 7 WARNING neutron.scheduler.dhcp_agent_scheduler [None req-93ba8ff8-5c55-4aca-bad2-64a286284cf1 caba25b824ec42b283a6b5fb6476c4a8 9a21ad8192654ff2a24f43def39962f0 - - default default] No more DHCP agents
2026-05-07 16:56:16.850 7 WARNING neutron.api.rpc.agentnotifiers.dhcp_rpc_agent_api [None req-93ba8ff8-5c55-4aca-bad2-64a286284cf1 caba25b824ec42b283a6b5fb6476c4a8 9a21ad8192654ff2a24f43def39962f0 - - default default] Unable to schedule network 6cde2308-6b8f-42a5-9136-a5824605b9c3: no agents available; will retry on subsequent port and subnet creation events.
2026-05-07 16:56:16.969 7 INFO neutron.plugins.ml2.drivers.ovn.mech_driver.mech_driver [None req-df963288-496d-4c0c-b7c2-4d10c4ab9537 - - - - - -] OVN reports status down for port: 7db7a219-9526-414c-bb52-181c34022e26
2026-05-07 16:56:17.036 7 INFO neutron.db.ovn_revision_numbers_db [None req-93ba8ff8-5c55-4aca-bad2-64a286284cf1 caba25b824ec42b283a6b5fb6476c4a8 9a21ad8192654ff2a24f43def39962f0 - - default default] Successfully bumped revision number for resource 7db7a219-9526-414c-bb52-181c34022e26 (type: ports) to 1
2026-05-07 16:56:17.176 8 INFO neutron.db.ovn_revision_numbers_db [None req-4ceb83c3-fee0-49e1-8117-9cbd38db14a2 caba25b824ec42b283a6b5fb6476c4a8 9a21ad8192654ff2a24f43def39962f0 - - default default] Successfully bumped revision number for resource bc3953c5-05b9-4d03-b5f9-53abc9c71cf2 (type: security_groups) to 1
2026-05-07 16:56:17.189 8 INFO neutron.db.ovn_revision_numbers_db [None req-4ceb83c3-fee0-49e1-8117-9cbd38db14a2 caba25b824ec42b283a6b5fb6476c4a8 9a21ad8192654ff2a24f43def39962f0 - - default default] Successfully bumped revision number for resource 312f2078-3182-4ceb-8b1e-a2a1d0d1ef96 (type: security_group_rules) to 0
2026-05-07 16:56:17.214 8 INFO neutron.db.ovn_revision_numbers_db [None req-4ceb83c3-fee0-49e1-8117-9cbd38db14a2 caba25b824ec42b283a6b5fb6476c4a8 9a21ad8192654ff2a24f43def39962f0 - - default default] Successfully bumped revision number for resource 4338a70e-c5c5-4b4b-8131-92d5194ca0b2 (type: security_group_rules) to 0
2026-05-07 16:56:17.229 8 INFO neutron.db.ovn_revision_numbers_db [None req-4ceb83c3-fee0-49e1-8117-9cbd38db14a2 caba25b824ec42b283a6b5fb6476c4a8 9a21ad8192654ff2a24f43def39962f0 - - default default] Successfully bumped revision number for resource 641d7815-f130-464c-8bc6-851feb9f95c9 (type: security_group_rules) to 0
2026-05-07 16:56:17.257 8 INFO neutron.db.ovn_revision_numbers_db [None req-4ceb83c3-fee0-49e1-8117-9cbd38db14a2 caba25b824ec42b283a6b5fb6476c4a8 9a21ad8192654ff2a24f43def39962f0 - - default default] Successfully bumped revision number for resource f860d36b-0992-48ae-8314-1fde95515dfc (type: security_group_rules) to 0
2026-05-07 16:56:17.333 8 INFO neutron.db.segments_db [None req-4ceb83c3-fee0-49e1-8117-9cbd38db14a2 caba25b824ec42b283a6b5fb6476c4a8 9a21ad8192654ff2a24f43def39962f0 - - default default] Added segment 5dc7219f-8a13-459d-bbbe-0aa50c6e2bdb of type geneve for network 76afc242-57c4-4252-80cf-41d3009e40e6
2026-05-07 16:56:17.444 8 INFO neutron.db.ovn_revision_numbers_db [None req-4ceb83c3-fee0-49e1-8117-9cbd38db14a2 caba25b824ec42b283a6b5fb6476c4a8 9a21ad8192654ff2a24f43def39962f0 - - default default] Successfully bumped revision number for resource 76afc242-57c4-4252-80cf-41d3009e40e6 (type: networks) to 1
2026-05-07 16:56:17.623 8 WARNING neutron.scheduler.dhcp_agent_scheduler [None req-4ceb83c3-fee0-49e1-8117-9cbd38db14a2 caba25b824ec42b283a6b5fb6476c4a8 9a21ad8192654ff2a24f43def39962f0 - - default default] No more DHCP agents
2026-05-07 16:56:17.625 8 WARNING neutron.api.rpc.agentnotifiers.dhcp_rpc_agent_api [None req-4ceb83c3-fee0-49e1-8117-9cbd38db14a2 caba25b824ec42b283a6b5fb6476c4a8 9a21ad8192654ff2a24f43def39962f0 - - default default] Unable to schedule network 76afc242-57c4-4252-80cf-41d3009e40e6: no agents available; will retry on subsequent port and subnet creation events.
2026-05-07 16:56:17.706 7 INFO neutron.plugins.ml2.drivers.ovn.mech_driver.mech_driver [None req-df963288-496d-4c0c-b7c2-4d10c4ab9537 - - - - - -] OVN reports status down for port: ef5d7211-122e-44af-9b74-284e3d588875
2026-05-07 16:56:17.713 8 INFO neutron.db.ovn_revision_numbers_db [None req-4ceb83c3-fee0-49e1-8117-9cbd38db14a2 caba25b824ec42b283a6b5fb6476c4a8 9a21ad8192654ff2a24f43def39962f0 - - default default] Successfully bumped revision number for resource ef5d7211-122e-44af-9b74-284e3d588875 (type: ports) to 1 [pid: 8|app: 0|req: 845/1603] 10.0.0.233 () {34 vars in 671 bytes} [Thu May 7 16:56:16 2026] POST /v2.0/networks => generated 763 bytes in 892 msecs (HTTP/1.1 201) 4 headers in 162 bytes (1 switches on core 0)
2026-05-07 16:56:17.874 7 INFO neutron.plugins.ml2.drivers.ovn.mech_driver.ovsdb.commands [None req-bd23f392-dbaa-4ca6-a195-8a94891f1614 - - - - - -] Schedule LRP lrp-7db7a219-9526-414c-bb52-181c34022e26 on gateway f23ed651-286d-44b0-8d25-bed3628ad088 with priority 1
2026-05-07 16:56:17.908 8 INFO neutron.plugins.ml2.drivers.ovn.mech_driver.ovsdb.ovsdb_monitor [None req-f6d6944d-cf2c-4a38-87df-70cfb09cdc0d - - - - - -] Router 64a574e6-b2ae-4b65-808f-ba07dc64dc00 is bound to host instance
2026-05-07 16:56:17.920 7 INFO neutron.plugins.ml2.drivers.ovn.mech_driver.mech_driver [None req-df963288-496d-4c0c-b7c2-4d10c4ab9537 - - - - - -] OVN reports status up for port: 7db7a219-9526-414c-bb52-181c34022e26
2026-05-07 16:56:17.947 8 WARNING neutron.scheduler.dhcp_agent_scheduler [None req-034534d5-73b0-4c9a-b91d-3f558f7e141b caba25b824ec42b283a6b5fb6476c4a8 9a21ad8192654ff2a24f43def39962f0 - - default default] No more DHCP agents
2026-05-07 16:56:17.953 8 WARNING neutron.api.rpc.agentnotifiers.dhcp_rpc_agent_api [None req-034534d5-73b0-4c9a-b91d-3f558f7e141b caba25b824ec42b283a6b5fb6476c4a8 9a21ad8192654ff2a24f43def39962f0 - - default default] Unable to schedule network 76afc242-57c4-4252-80cf-41d3009e40e6: no agents available; will retry on subsequent port and subnet creation events.
2026-05-07 16:56:17.965 7 INFO neutron.plugins.ml2.plugin [None req-df963288-496d-4c0c-b7c2-4d10c4ab9537 - - - - - -] Attempt 1 to provision port 7db7a219-9526-414c-bb52-181c34022e26
2026-05-07 16:56:17.993 7 INFO neutron.db.ovn_revision_numbers_db [None req-93ba8ff8-5c55-4aca-bad2-64a286284cf1 caba25b824ec42b283a6b5fb6476c4a8 9a21ad8192654ff2a24f43def39962f0 - - default default] Successfully bumped revision number for resource 7db7a219-9526-414c-bb52-181c34022e26 (type: router_ports) to 1
2026-05-07 16:56:18.123 7 INFO neutron.db.ovn_revision_numbers_db [None req-93ba8ff8-5c55-4aca-bad2-64a286284cf1 caba25b824ec42b283a6b5fb6476c4a8 9a21ad8192654ff2a24f43def39962f0 - - default default] Successfully bumped revision number for resource 64a574e6-b2ae-4b65-808f-ba07dc64dc00 (type: routers) to 2 [pid: 7|app: 0|req: 759/1604] 10.0.0.233 () {34 vars in 669 bytes} [Thu May 7 16:56:16 2026] POST /v2.0/routers => generated 963 bytes in 1709 msecs (HTTP/1.1 201) 4 headers in 162 bytes (1 switches on core 0)
2026-05-07 16:56:18.533 7 WARNING neutron.scheduler.dhcp_agent_scheduler [None req-d491154c-044e-47ef-85bf-afdfeb63289b caba25b824ec42b283a6b5fb6476c4a8 9a21ad8192654ff2a24f43def39962f0 - - default default] No more DHCP agents
2026-05-07 16:56:18.534 7 WARNING neutron.api.rpc.agentnotifiers.dhcp_rpc_agent_api [None req-d491154c-044e-47ef-85bf-afdfeb63289b caba25b824ec42b283a6b5fb6476c4a8 9a21ad8192654ff2a24f43def39962f0 - - default default] Unable to schedule network e670ab7d-1a90-4c21-8574-722bcc029d3c: no agents available; will retry on subsequent port and subnet creation events.
2026-05-07 16:56:18.675 8 INFO neutron.plugins.ml2.drivers.ovn.mech_driver.mech_driver [None req-7bfbc816-09c2-4674-8d2a-4836d12b6dd3 - - - - - -] OVN reports status down for port: f522e25b-33e7-439d-80af-e23ffba361bf
2026-05-07 16:56:18.685 7 INFO neutron.db.ovn_revision_numbers_db [None req-d491154c-044e-47ef-85bf-afdfeb63289b caba25b824ec42b283a6b5fb6476c4a8 9a21ad8192654ff2a24f43def39962f0 - - default default] Successfully bumped revision number for resource f522e25b-33e7-439d-80af-e23ffba361bf (type: ports) to 1
2026-05-07 16:56:18.888 8 INFO neutron.db.ovn_revision_numbers_db [None req-4818562c-07c4-4dbb-951c-d9ffffd1dfd2 - - - - - -] Successfully bumped revision number for resource ef5d7211-122e-44af-9b74-284e3d588875 (type: ports) to 2
2026-05-07 16:56:18.960 8 INFO neutron.db.ovn_revision_numbers_db [None req-4818562c-07c4-4dbb-951c-d9ffffd1dfd2 - - - - - -] Successfully bumped revision number for resource bc3abd71-31df-4911-bf05-14f649763c5e (type: subnets) to 0 [pid: 8|app: 0|req: 846/1605] 10.0.0.233 () {34 vars in 669 bytes} [Thu May 7 16:56:17 2026] POST /v2.0/subnets => generated 688 bytes in 1249 msecs (HTTP/1.1 201) 4 headers in 162 bytes (1 switches on core 0)
2026-05-07 16:56:19.123 8 WARNING keystonemiddleware.audit [None req-034534d5-73b0-4c9a-b91d-3f558f7e141b caba25b824ec42b283a6b5fb6476c4a8 9a21ad8192654ff2a24f43def39962f0 - - default default] Skipping service tempest-service-919311420 as it have no endpoints.
2026-05-07 16:56:19.335 8 INFO neutron.db.ovn_revision_numbers_db [None req-87e7b038-e86f-4210-bea0-aaf593ee4da3 caba25b824ec42b283a6b5fb6476c4a8 9a21ad8192654ff2a24f43def39962f0 - - default default] Successfully bumped revision number for resource b0ec817f-140b-4503-9c85-8a1fc0c70297 (type: security_groups) to 1
2026-05-07 16:56:19.340 8 INFO neutron.plugins.ml2.drivers.ovn.mech_driver.mech_driver [None req-7bfbc816-09c2-4674-8d2a-4836d12b6dd3 - - - - - -] OVN reports status up for port: f522e25b-33e7-439d-80af-e23ffba361bf
2026-05-07 16:56:19.371 8 INFO neutron.db.ovn_revision_numbers_db [None req-87e7b038-e86f-4210-bea0-aaf593ee4da3 caba25b824ec42b283a6b5fb6476c4a8 9a21ad8192654ff2a24f43def39962f0 - - default default] Successfully bumped revision number for resource 076391ab-c8d4-4beb-88e5-d3a17dbb4b0b (type: security_group_rules) to 0
2026-05-07 16:56:19.373 8 INFO neutron.plugins.ml2.plugin [None req-7bfbc816-09c2-4674-8d2a-4836d12b6dd3 - - - - - -] Attempt 1 to provision port f522e25b-33e7-439d-80af-e23ffba361bf
2026-05-07 16:56:19.396 7 WARNING neutron.scheduler.dhcp_agent_scheduler [None req-d491154c-044e-47ef-85bf-afdfeb63289b caba25b824ec42b283a6b5fb6476c4a8 9a21ad8192654ff2a24f43def39962f0 - - default default] No more DHCP agents
2026-05-07 16:56:19.398 7 WARNING neutron.api.rpc.agentnotifiers.dhcp_rpc_agent_api [None req-d491154c-044e-47ef-85bf-afdfeb63289b caba25b824ec42b283a6b5fb6476c4a8 9a21ad8192654ff2a24f43def39962f0 - - default default] Unable to schedule network e670ab7d-1a90-4c21-8574-722bcc029d3c: no agents available; will retry on subsequent port and subnet creation events.
2026-05-07 16:56:19.403 8 INFO neutron.db.ovn_revision_numbers_db [None req-87e7b038-e86f-4210-bea0-aaf593ee4da3 caba25b824ec42b283a6b5fb6476c4a8 9a21ad8192654ff2a24f43def39962f0 - - default default] Successfully bumped revision number for resource 59a27f38-4889-46e4-b5a9-79e9f261995d (type: security_group_rules) to 0
2026-05-07 16:56:19.437 8 INFO neutron.db.ovn_revision_numbers_db [None req-87e7b038-e86f-4210-bea0-aaf593ee4da3 caba25b824ec42b283a6b5fb6476c4a8 9a21ad8192654ff2a24f43def39962f0 - - default default] Successfully bumped revision number for resource 715fbfb1-ffe1-41ce-9b3b-852fd75ac1b3 (type: security_group_rules) to 0
2026-05-07 16:56:19.491 8 INFO neutron.db.ovn_revision_numbers_db [None req-87e7b038-e86f-4210-bea0-aaf593ee4da3 caba25b824ec42b283a6b5fb6476c4a8 9a21ad8192654ff2a24f43def39962f0 - - default default] Successfully bumped revision number for resource 8ddf8d00-db42-4757-8e10-42fcd8e10cab (type: security_group_rules) to 0
2026-05-07 16:56:19.533 8 INFO neutron.db.ovn_revision_numbers_db [None req-bac51995-9557-40f1-9769-22907ced5820 - - - - - -] Successfully bumped revision number for resource 7db7a219-9526-414c-bb52-181c34022e26 (type: ports) to 4 [pid: 8|app: 0|req: 847/1606] 10.0.0.233 () {32 vars in 774 bytes} [Thu May 7 16:56:19 2026] GET /v2.0/security-groups?tenant_id=26651ad7aa1e463d924ce38507d42d7c&name=default => generated 2925 bytes in 598 msecs (HTTP/1.1 200) 4 headers in 158 bytes (1 switches on core 0)
2026-05-07 16:56:19.951 7 INFO neutron.db.ovn_revision_numbers_db [None req-d491154c-044e-47ef-85bf-afdfeb63289b caba25b824ec42b283a6b5fb6476c4a8 9a21ad8192654ff2a24f43def39962f0 - - default default] Successfully bumped revision number for resource f522e25b-33e7-439d-80af-e23ffba361bf (type: router_ports) to 1 [pid: 7|app: 0|req: 760/1607] 10.0.0.233 () {34 vars in 783 bytes} [Thu May 7 16:56:18 2026] PUT /v2.0/routers/64a574e6-b2ae-4b65-808f-ba07dc64dc00/add_router_interface => generated 309 bytes in 1813 msecs (HTTP/1.1 200) 4 headers in 157 bytes (1 switches on core 0)
2026-05-07 16:56:19.964 7 WARNING keystonemiddleware.audit [None req-d491154c-044e-47ef-85bf-afdfeb63289b caba25b824ec42b283a6b5fb6476c4a8 9a21ad8192654ff2a24f43def39962f0 - - default default] Skipping service tempest-service-919311420 as it have no endpoints. [pid: 7|app: 0|req: 761/1608] 10.0.0.233 () {32 vars in 740 bytes} [Thu May 7 16:56:19 2026] DELETE /v2.0/security-groups/b0ec817f-140b-4503-9c85-8a1fc0c70297 => generated 0 bytes in 316 msecs (HTTP/1.1 204) 2 headers in 112 bytes (1 switches on core 0)
2026-05-07 16:56:20.718 7 INFO neutron.db.ovn_revision_numbers_db [None req-78547c2c-a092-44e4-9de2-57160079bee0 caba25b824ec42b283a6b5fb6476c4a8 9a21ad8192654ff2a24f43def39962f0 - - default default] Successfully bumped revision number for resource ead3c13b-25c5-4a00-bce1-b647b69b6663 (type: security_groups) to 1
2026-05-07 16:56:20.729 7 INFO neutron.db.ovn_revision_numbers_db [None req-78547c2c-a092-44e4-9de2-57160079bee0 caba25b824ec42b283a6b5fb6476c4a8 9a21ad8192654ff2a24f43def39962f0 - - default default] Successfully bumped revision number for resource 43dd49eb-7600-4596-a762-5cda66c03e6e (type: security_group_rules) to 0
2026-05-07 16:56:20.740 7 INFO neutron.db.ovn_revision_numbers_db [None req-78547c2c-a092-44e4-9de2-57160079bee0 caba25b824ec42b283a6b5fb6476c4a8 9a21ad8192654ff2a24f43def39962f0 - - default default] Successfully bumped revision number for resource 979b48ac-24b1-407a-a0bd-ea69c0cc7435 (type: security_group_rules) to 0
2026-05-07 16:56:20.754 7 INFO neutron.db.ovn_revision_numbers_db [None req-78547c2c-a092-44e4-9de2-57160079bee0 caba25b824ec42b283a6b5fb6476c4a8 9a21ad8192654ff2a24f43def39962f0 - - default default] Successfully bumped revision number for resource a4e97048-ebd7-46f4-9ba6-528198eba2e4 (type: security_group_rules) to 0
2026-05-07 16:56:20.767 7 INFO neutron.db.ovn_revision_numbers_db [None req-78547c2c-a092-44e4-9de2-57160079bee0 caba25b824ec42b283a6b5fb6476c4a8 9a21ad8192654ff2a24f43def39962f0 - - default default] Successfully bumped revision number for resource b7e363a3-6a85-474b-833e-1a776163ec8d (type: security_group_rules) to 0 [pid: 7|app: 0|req: 762/1609] 10.0.0.233 () {32 vars in 774 bytes} [Thu May 7 16:56:20 2026] GET /v2.0/security-groups?tenant_id=d4559ae147b346ee917a0644c71e827f&name=default => generated 2925 bytes in 492 msecs (HTTP/1.1 200) 4 headers in 158 bytes (1 switches on core 0)
2026-05-07 16:56:20.844 7 WARNING keystonemiddleware.audit [None req-78547c2c-a092-44e4-9de2-57160079bee0 caba25b824ec42b283a6b5fb6476c4a8 9a21ad8192654ff2a24f43def39962f0 - - default default] Skipping service tempest-service-919311420 as it have no endpoints.
2026-05-07 16:56:20.890 8 INFO neutron.db.ovn_revision_numbers_db [None req-bac51995-9557-40f1-9769-22907ced5820 - - - - - -] Successfully bumped revision number for resource 7db7a219-9526-414c-bb52-181c34022e26 (type: ports) to 5
2026-05-07 16:56:20.900 8 INFO neutron.db.ovn_revision_numbers_db [None req-7bfbc816-09c2-4674-8d2a-4836d12b6dd3 - - - - - -] Successfully bumped revision number for resource f522e25b-33e7-439d-80af-e23ffba361bf (type: ports) to 2
2026-05-07 16:56:20.979 7 INFO neutron.db.ovn_revision_numbers_db [None req-08bd7532-336c-4e08-bd0e-6f8d08532451 caba25b824ec42b283a6b5fb6476c4a8 9a21ad8192654ff2a24f43def39962f0 - - default default] Successfully bumped revision number for resource d272a8e2-a6db-49a2-a1de-1fc3ba180e55 (type: security_groups) to 1
2026-05-07 16:56:20.989 7 INFO neutron.db.ovn_revision_numbers_db [None req-08bd7532-336c-4e08-bd0e-6f8d08532451 caba25b824ec42b283a6b5fb6476c4a8 9a21ad8192654ff2a24f43def39962f0 - - default default] Successfully bumped revision number for resource 3a61a44d-d69b-49be-a5a8-4412c7748b3e (type: security_group_rules) to 0
2026-05-07 16:56:21.001 7 INFO neutron.db.ovn_revision_numbers_db [None req-08bd7532-336c-4e08-bd0e-6f8d08532451 caba25b824ec42b283a6b5fb6476c4a8 9a21ad8192654ff2a24f43def39962f0 - - default default] Successfully bumped revision number for resource 6dc2bcb6-f67c-47d3-8e85-be2755d17cf0 (type: security_group_rules) to 0
2026-05-07 16:56:21.015 7 INFO neutron.db.ovn_revision_numbers_db [None req-08bd7532-336c-4e08-bd0e-6f8d08532451 caba25b824ec42b283a6b5fb6476c4a8 9a21ad8192654ff2a24f43def39962f0 - - default default] Successfully bumped revision number for resource 9be5e9d0-57d3-49e9-b820-3b6c78463d58 (type: security_group_rules) to 0
2026-05-07 16:56:21.030 7 INFO neutron.db.ovn_revision_numbers_db [None req-08bd7532-336c-4e08-bd0e-6f8d08532451 caba25b824ec42b283a6b5fb6476c4a8 9a21ad8192654ff2a24f43def39962f0 - - default default] Successfully bumped revision number for resource fba96f5b-9c0e-444f-bca0-e9f4063578fc (type: security_group_rules) to 0
2026-05-07 16:56:21.063 8 WARNING neutron.scheduler.dhcp_agent_scheduler [None req-17cb7689-1921-4541-8756-1a529eafb161 caba25b824ec42b283a6b5fb6476c4a8 9a21ad8192654ff2a24f43def39962f0 - - default default] No more DHCP agents [pid: 7|app: 0|req: 763/1610] 10.0.0.233 () {32 vars in 774 bytes} [Thu May 7 16:56:20 2026] GET /v2.0/security-groups?tenant_id=6f5eef05859f4c83a77ea795c298262a&name=default => generated 2925 bytes in 223 msecs (HTTP/1.1 200) 4 headers in 158 bytes (1 switches on core 0)
2026-05-07 16:56:21.083 8 WARNING neutron.api.rpc.agentnotifiers.dhcp_rpc_agent_api [None req-17cb7689-1921-4541-8756-1a529eafb161 caba25b824ec42b283a6b5fb6476c4a8 9a21ad8192654ff2a24f43def39962f0 - - default default] Unable to schedule network 6cde2308-6b8f-42a5-9136-a5824605b9c3: no agents available; will retry on subsequent port and subnet creation events.
2026-05-07 16:56:21.211 7 INFO neutron.db.ovn_revision_numbers_db [None req-0d3881d7-f9fc-4136-954e-6468cdd1d687 148b9b9c88d444a8914ee1da837bb88c e3e23675ad7f49ba86bff2878f2babb6 - - default default] Successfully bumped revision number for resource f1897bac-d366-43ee-9c13-0fc6e8a6d19e (type: security_groups) to 1
2026-05-07 16:56:21.235 7 INFO neutron.db.ovn_revision_numbers_db [None req-0d3881d7-f9fc-4136-954e-6468cdd1d687 148b9b9c88d444a8914ee1da837bb88c e3e23675ad7f49ba86bff2878f2babb6 - - default default] Successfully bumped revision number for resource 8919d993-0cb1-42c8-9889-40d8296cd4f3 (type: security_group_rules) to 0
2026-05-07 16:56:21.261 7 INFO neutron.db.ovn_revision_numbers_db [None req-0d3881d7-f9fc-4136-954e-6468cdd1d687 148b9b9c88d444a8914ee1da837bb88c e3e23675ad7f49ba86bff2878f2babb6 - - default default] Successfully bumped revision number for resource fd106374-0659-4cb5-a46c-9debd9118fad (type: security_group_rules) to 0 [pid: 7|app: 0|req: 764/1611] 10.0.0.233 () {34 vars in 685 bytes} [Thu May 7 16:56:21 2026] POST /v2.0/security-groups => generated 1659 bytes in 260 msecs (HTTP/1.1 201) 4 headers in 163 bytes (1 switches on core 0)
2026-05-07 16:56:21.349 8 INFO neutron.db.ovn_revision_numbers_db [None req-17cb7689-1921-4541-8756-1a529eafb161 caba25b824ec42b283a6b5fb6476c4a8 9a21ad8192654ff2a24f43def39962f0 - - default default] Successfully bumped revision number for resource 2e909525-409b-45af-b85e-87be16c4a5ea (type: ports) to 1 [pid: 7|app: 0|req: 765/1612] 10.0.0.233 () {32 vars in 740 bytes} [Thu May 7 16:56:21 2026] DELETE /v2.0/security-groups/ead3c13b-25c5-4a00-bce1-b647b69b6663 => generated 0 bytes in 281 msecs (HTTP/1.1 204) 2 headers in 112 bytes (1 switches on core 0)
2026-05-07 16:56:21.610 7 WARNING keystonemiddleware.audit [None req-ca3e256f-7574-442c-85db-eb4e33f2f66e caba25b824ec42b283a6b5fb6476c4a8 9a21ad8192654ff2a24f43def39962f0 - - default default] Skipping service tempest-service-919311420 as it have no endpoints. [pid: 7|app: 0|req: 766/1613] 10.0.0.233 () {32 vars in 740 bytes} [Thu May 7 16:56:21 2026] DELETE /v2.0/security-groups/d272a8e2-a6db-49a2-a1de-1fc3ba180e55 => generated 0 bytes in 291 msecs (HTTP/1.1 204) 2 headers in 112 bytes (1 switches on core 0)
2026-05-07 16:56:22.054 7 INFO neutron.db.ovn_revision_numbers_db [None req-c9de1d87-941a-4a4d-ad19-fe38efc21060 148b9b9c88d444a8914ee1da837bb88c e3e23675ad7f49ba86bff2878f2babb6 - - default default] Successfully bumped revision number for resource 79d4ef05-2ffa-4361-9592-278cf8e58c66 (type: security_group_rules) to 0
2026-05-07 16:56:22.073 8 INFO neutron.plugins.ml2.drivers.ovn.mech_driver.ovsdb.commands [None req-271f8c1e-cb8a-4b80-8606-7a3460ef8fd7 - - - - - -] Schedule LRP lrp-2e909525-409b-45af-b85e-87be16c4a5ea on gateway f23ed651-286d-44b0-8d25-bed3628ad088 with priority 1
2026-05-07 16:56:22.100 8 INFO neutron.plugins.ml2.drivers.ovn.mech_driver.ovsdb.ovsdb_monitor [None req-bac51995-9557-40f1-9769-22907ced5820 - - - - - -] Router 47fb8baf-c3be-4672-bf2b-c1696fd0ac4f is bound to host instance [pid: 7|app: 0|req: 767/1614] 10.0.0.233 () {34 vars in 695 bytes} [Thu May 7 16:56:21 2026] POST /v2.0/security-group-rules => generated 597 bytes in 233 msecs (HTTP/1.1 201) 4 headers in 162 bytes (1 switches on core 0)
2026-05-07 16:56:22.184 8 INFO neutron.db.ovn_revision_numbers_db [None req-17cb7689-1921-4541-8756-1a529eafb161 caba25b824ec42b283a6b5fb6476c4a8 9a21ad8192654ff2a24f43def39962f0 - - default default] Successfully bumped revision number for resource 2e909525-409b-45af-b85e-87be16c4a5ea (type: router_ports) to 1
2026-05-07 16:56:22.287 7 INFO neutron.db.ovn_revision_numbers_db [None req-8d7d3408-ad20-4969-bfbf-410ad24dbbba caba25b824ec42b283a6b5fb6476c4a8 9a21ad8192654ff2a24f43def39962f0 - - default default] Successfully bumped revision number for resource 36007311-67d6-4e39-9e23-12ec216c64d3 (type: security_groups) to 1
2026-05-07 16:56:22.299 7 INFO neutron.db.ovn_revision_numbers_db [None req-8d7d3408-ad20-4969-bfbf-410ad24dbbba caba25b824ec42b283a6b5fb6476c4a8 9a21ad8192654ff2a24f43def39962f0 - - default default] Successfully bumped revision number for resource 361856bc-9407-45ee-8613-e60553bb1d27 (type: security_group_rules) to 0
2026-05-07 16:56:22.312 7 INFO neutron.db.ovn_revision_numbers_db [None req-8d7d3408-ad20-4969-bfbf-410ad24dbbba caba25b824ec42b283a6b5fb6476c4a8 9a21ad8192654ff2a24f43def39962f0 - - default default] Successfully bumped revision number for resource 736ac526-1d13-4657-beb4-8dc7fe93c250 (type: security_group_rules) to 0
2026-05-07 16:56:22.333 7 INFO neutron.db.ovn_revision_numbers_db [None req-8d7d3408-ad20-4969-bfbf-410ad24dbbba caba25b824ec42b283a6b5fb6476c4a8 9a21ad8192654ff2a24f43def39962f0 - - default default] Successfully bumped revision number for resource 772c14b4-637b-48de-a32b-22d24ac5ceaf (type: security_group_rules) to 0
2026-05-07 16:56:22.336 8 INFO neutron.db.ovn_revision_numbers_db [None req-17cb7689-1921-4541-8756-1a529eafb161 caba25b824ec42b283a6b5fb6476c4a8 9a21ad8192654ff2a24f43def39962f0 - - default default] Successfully bumped revision number for resource 47fb8baf-c3be-4672-bf2b-c1696fd0ac4f (type: routers) to 2
2026-05-07 16:56:22.348 7 INFO neutron.db.ovn_revision_numbers_db [None req-8d7d3408-ad20-4969-bfbf-410ad24dbbba caba25b824ec42b283a6b5fb6476c4a8 9a21ad8192654ff2a24f43def39962f0 - - default default] Successfully bumped revision number for resource 9eb030d6-4fae-40f3-944e-139625b9edc4 (type: security_group_rules) to 0 [pid: 8|app: 0|req: 848/1615] 10.0.0.233 () {34 vars in 669 bytes} [Thu May 7 16:56:19 2026] POST /v2.0/routers => generated 966 bytes in 2765 msecs (HTTP/1.1 201) 4 headers in 162 bytes (1 switches on core 0) [pid: 7|app: 0|req: 768/1616] 10.0.0.233 () {32 vars in 774 bytes} [Thu May 7 16:56:22 2026] GET /v2.0/security-groups?tenant_id=a4d2386c878a479b99b73525b8c780df&name=default => generated 2925 bytes in 257 msecs (HTTP/1.1 200) 4 headers in 158 bytes (1 switches on core 0)
2026-05-07 16:56:22.649 8 INFO neutron.db.ovn_revision_numbers_db [None req-9d9ed309-02cf-431a-bff4-de3a157b1c42 148b9b9c88d444a8914ee1da837bb88c e3e23675ad7f49ba86bff2878f2babb6 - - default default] Successfully bumped revision number for resource cc396bca-d3be-43cd-a638-9aff2eb80aec (type: security_group_rules) to 0 [pid: 8|app: 0|req: 849/1617] 10.0.0.233 () {34 vars in 695 bytes} [Thu May 7 16:56:22 2026] POST /v2.0/security-group-rules => generated 602 bytes in 341 msecs (HTTP/1.1 201) 4 headers in 162 bytes (1 switches on core 0)
2026-05-07 16:56:22.830 7 WARNING neutron.scheduler.dhcp_agent_scheduler [None req-7d6372d1-56c0-4f2f-9b40-2f0dd47782cf caba25b824ec42b283a6b5fb6476c4a8 9a21ad8192654ff2a24f43def39962f0 - - default default] No more DHCP agents
2026-05-07 16:56:22.831 7 WARNING neutron.api.rpc.agentnotifiers.dhcp_rpc_agent_api [None req-7d6372d1-56c0-4f2f-9b40-2f0dd47782cf caba25b824ec42b283a6b5fb6476c4a8 9a21ad8192654ff2a24f43def39962f0 - - default default] Unable to schedule network 76afc242-57c4-4252-80cf-41d3009e40e6: no agents available; will retry on subsequent port and subnet creation events.
2026-05-07 16:56:23.013 7 INFO neutron.db.ovn_revision_numbers_db [None req-7d6372d1-56c0-4f2f-9b40-2f0dd47782cf caba25b824ec42b283a6b5fb6476c4a8 9a21ad8192654ff2a24f43def39962f0 - - default default] Successfully bumped revision number for resource 9883d159-6bae-4d31-830d-eb6df54aadb2 (type: ports) to 1 [pid: 8|app: 0|req: 850/1618] 10.0.0.233 () {32 vars in 740 bytes} [Thu May 7 16:56:22 2026] DELETE /v2.0/security-groups/36007311-67d6-4e39-9e23-12ec216c64d3 => generated 0 bytes in 480 msecs (HTTP/1.1 204) 2 headers in 112 bytes (1 switches on core 0)
2026-05-07 16:56:23.526 8 INFO neutron.db.ovn_revision_numbers_db [None req-ad31d8c0-76c3-4bdf-a26e-2fbd36e11240 - - - - - -] Successfully bumped revision number for resource 2e909525-409b-45af-b85e-87be16c4a5ea (type: ports) to 4
2026-05-07 16:56:23.648 8 WARNING neutron.scheduler.dhcp_agent_scheduler [None req-ebe32260-b4e5-4831-8aa3-7929b12ac815 148b9b9c88d444a8914ee1da837bb88c e3e23675ad7f49ba86bff2878f2babb6 - - default default] No more DHCP agents
2026-05-07 16:56:23.653 8 WARNING neutron.api.rpc.agentnotifiers.dhcp_rpc_agent_api [None req-ebe32260-b4e5-4831-8aa3-7929b12ac815 148b9b9c88d444a8914ee1da837bb88c e3e23675ad7f49ba86bff2878f2babb6 - - default default] Unable to schedule network 6cde2308-6b8f-42a5-9136-a5824605b9c3: no agents available; will retry on subsequent port and subnet creation events.
2026-05-07 16:56:23.675 7 WARNING neutron.scheduler.dhcp_agent_scheduler [None req-7d6372d1-56c0-4f2f-9b40-2f0dd47782cf caba25b824ec42b283a6b5fb6476c4a8 9a21ad8192654ff2a24f43def39962f0 - - default default] No more DHCP agents
2026-05-07 16:56:23.676 7 WARNING neutron.api.rpc.agentnotifiers.dhcp_rpc_agent_api [None req-7d6372d1-56c0-4f2f-9b40-2f0dd47782cf caba25b824ec42b283a6b5fb6476c4a8 9a21ad8192654ff2a24f43def39962f0 - - default default] Unable to schedule network 76afc242-57c4-4252-80cf-41d3009e40e6: no agents available; will retry on subsequent port and subnet creation events.
2026-05-07 16:56:24.245 7 INFO neutron.db.ovn_revision_numbers_db [None req-7d6372d1-56c0-4f2f-9b40-2f0dd47782cf caba25b824ec42b283a6b5fb6476c4a8 9a21ad8192654ff2a24f43def39962f0 - - default default] Successfully bumped revision number for resource 9883d159-6bae-4d31-830d-eb6df54aadb2 (type: router_ports) to 1 [pid: 7|app: 0|req: 769/1619] 10.0.0.233 () {34 vars in 783 bytes} [Thu May 7 16:56:22 2026] PUT /v2.0/routers/47fb8baf-c3be-4672-bf2b-c1696fd0ac4f/add_router_interface => generated 309 bytes in 1865 msecs (HTTP/1.1 200) 4 headers in 157 bytes (1 switches on core 0)
2026-05-07 16:56:24.257 8 INFO neutron.db.ovn_revision_numbers_db [None req-ad31d8c0-76c3-4bdf-a26e-2fbd36e11240 - - - - - -] Successfully bumped revision number for resource 2e909525-409b-45af-b85e-87be16c4a5ea (type: ports) to 5 [pid: 8|app: 0|req: 851/1620] 10.0.0.233 () {34 vars in 676 bytes} [Thu May 7 16:56:23 2026] POST /v2.0/floatingips => generated 552 bytes in 1234 msecs (HTTP/1.1 201) 4 headers in 162 bytes (1 switches on core 0)
2026-05-07 16:56:24.632 7 INFO neutron.db.ovn_revision_numbers_db [None req-14353bf7-bfd7-492b-a7f2-5beb583c53cf caba25b824ec42b283a6b5fb6476c4a8 9a21ad8192654ff2a24f43def39962f0 - - default default] Successfully bumped revision number for resource dee1338f-3808-4f97-abdc-5b252c28ce7f (type: security_groups) to 1
2026-05-07 16:56:24.644 7 INFO neutron.db.ovn_revision_numbers_db [None req-14353bf7-bfd7-492b-a7f2-5beb583c53cf caba25b824ec42b283a6b5fb6476c4a8 9a21ad8192654ff2a24f43def39962f0 - - default default] Successfully bumped revision number for resource 07ecb0c9-5c65-43a3-ab8c-320f9a6ff736 (type: security_group_rules) to 0
2026-05-07 16:56:24.659 7 INFO neutron.db.ovn_revision_numbers_db [None req-14353bf7-bfd7-492b-a7f2-5beb583c53cf caba25b824ec42b283a6b5fb6476c4a8 9a21ad8192654ff2a24f43def39962f0 - - default default] Successfully bumped revision number for resource 5d36165a-c192-4282-bdae-c65be0b6675c (type: security_group_rules) to 0
2026-05-07 16:56:24.674 7 INFO neutron.db.ovn_revision_numbers_db [None req-14353bf7-bfd7-492b-a7f2-5beb583c53cf caba25b824ec42b283a6b5fb6476c4a8 9a21ad8192654ff2a24f43def39962f0 - - default default] Successfully bumped revision number for resource 86b3dcfe-2a11-470e-bfdf-904799c8077e (type: security_group_rules) to 0
2026-05-07 16:56:24.693 7 INFO neutron.db.ovn_revision_numbers_db [None req-14353bf7-bfd7-492b-a7f2-5beb583c53cf caba25b824ec42b283a6b5fb6476c4a8 9a21ad8192654ff2a24f43def39962f0 - - default default] Successfully bumped revision number for resource feca1f30-725e-485f-a66d-2353370ee483 (type: security_group_rules) to 0 [pid: 7|app: 0|req: 770/1621] 10.0.0.233 () {32 vars in 774 bytes} [Thu May 7 16:56:24 2026] GET /v2.0/security-groups?tenant_id=c3da3783a54447fbb4d0c1cf5714d6c8&name=default => generated 2925 bytes in 476 msecs (HTTP/1.1 200) 4 headers in 158 bytes (1 switches on core 0) [pid: 7|app: 0|req: 771/1622] 10.0.0.23 () {34 vars in 1097 bytes} [Thu May 7 16:56:24 2026] GET /v2.0/security-groups?name=tempest-securitygroup--986706705&fields=id&tenant_id=e3e23675ad7f49ba86bff2878f2babb6 => generated 69 bytes in 40 msecs (HTTP/1.1 200) 4 headers in 156 bytes (1 switches on core 0) [pid: 7|app: 0|req: 772/1623] 10.0.0.23 () {34 vars in 981 bytes} [Thu May 7 16:56:24 2026] GET /v2.0/networks?id=e670ab7d-1a90-4c21-8574-722bcc029d3c => generated 708 bytes in 44 msecs (HTTP/1.1 200) 4 headers in 157 bytes (1 switches on core 0) [pid: 7|app: 0|req: 773/1624] 10.0.0.23 () {34 vars in 964 bytes} [Thu May 7 16:56:25 2026] GET /v2.0/quotas/e3e23675ad7f49ba86bff2878f2babb6 => generated 292 bytes in 13 msecs (HTTP/1.1 200) 4 headers in 157 bytes (1 switches on core 0) [pid: 8|app: 0|req: 852/1625] 10.0.0.233 () {32 vars in 740 bytes} [Thu May 7 16:56:24 2026] DELETE /v2.0/security-groups/dee1338f-3808-4f97-abdc-5b252c28ce7f => generated 0 bytes in 305 msecs (HTTP/1.1 204) 2 headers in 112 bytes (1 switches on core 0) [pid: 7|app: 0|req: 774/1626] 10.0.0.23 () {34 vars in 1001 bytes} [Thu May 7 16:56:25 2026] GET /v2.0/ports?tenant_id=e3e23675ad7f49ba86bff2878f2babb6&fields=id => generated 103 bytes in 95 msecs (HTTP/1.1 200) 4 headers in 157 bytes (1 switches on core 0) [pid: 8|app: 0|req: 853/1627] 10.0.0.23 () {34 vars in 1007 bytes} [Thu May 7 16:56:25 2026] GET /v2.0/networks/e670ab7d-1a90-4c21-8574-722bcc029d3c?fields=segments => generated 14 bytes in 45 msecs (HTTP/1.1 200) 4 headers in 156 bytes (1 switches on core 0) [pid: 7|app: 0|req: 775/1628] 10.0.0.23 () {34 vars in 1107 bytes} [Thu May 7 16:56:25 2026] GET /v2.0/networks/e670ab7d-1a90-4c21-8574-722bcc029d3c?fields=provider%3Aphysical_network&fields=provider%3Anetwork_type => generated 79 bytes in 44 msecs (HTTP/1.1 200) 4 headers in 156 bytes (1 switches on core 0) [pid: 8|app: 0|req: 854/1629] 10.0.0.23 () {34 vars in 989 bytes} [Thu May 7 16:56:25 2026] GET /v2.0/ports?device_id=37985699-a6de-44ff-98d4-1015718aa65c => generated 12 bytes in 35 msecs (HTTP/1.1 200) 4 headers in 156 bytes (1 switches on core 0)
2026-05-07 16:56:25.604 7 INFO neutron.db.ovn_revision_numbers_db [None req-0499ebe2-9d0e-46c1-bcc5-5c9fc55e0ed5 caba25b824ec42b283a6b5fb6476c4a8 9a21ad8192654ff2a24f43def39962f0 - - default default] Successfully bumped revision number for resource 9cf47816-0b2a-4386-ad04-b22f0fc0a63f (type: security_groups) to 1
2026-05-07 16:56:25.618 7 INFO neutron.db.ovn_revision_numbers_db [None req-0499ebe2-9d0e-46c1-bcc5-5c9fc55e0ed5 caba25b824ec42b283a6b5fb6476c4a8 9a21ad8192654ff2a24f43def39962f0 - - default default] Successfully bumped revision number for resource 1c2751fb-cb8b-41d6-9b96-a1413dc37cde (type: security_group_rules) to 0
2026-05-07 16:56:25.630 7 INFO neutron.db.ovn_revision_numbers_db [None req-0499ebe2-9d0e-46c1-bcc5-5c9fc55e0ed5 caba25b824ec42b283a6b5fb6476c4a8 9a21ad8192654ff2a24f43def39962f0 - - default default] Successfully bumped revision number for resource 32f9ae71-f504-43c8-9473-8dcaa5deb036 (type: security_group_rules) to 0
2026-05-07 16:56:25.642 7 INFO neutron.db.ovn_revision_numbers_db [None req-0499ebe2-9d0e-46c1-bcc5-5c9fc55e0ed5 caba25b824ec42b283a6b5fb6476c4a8 9a21ad8192654ff2a24f43def39962f0 - - default default] Successfully bumped revision number for resource 443eff2c-9576-4427-9158-a84835b66ee1 (type: security_group_rules) to 0
2026-05-07 16:56:25.653 7 INFO neutron.db.ovn_revision_numbers_db [None req-0499ebe2-9d0e-46c1-bcc5-5c9fc55e0ed5 caba25b824ec42b283a6b5fb6476c4a8 9a21ad8192654ff2a24f43def39962f0 - - default default] Successfully bumped revision number for resource db0931dd-90de-4037-88d2-b4b79b927504 (type: security_group_rules) to 0
2026-05-07 16:56:25.730 7 INFO neutron.db.segments_db [None req-0499ebe2-9d0e-46c1-bcc5-5c9fc55e0ed5 caba25b824ec42b283a6b5fb6476c4a8 9a21ad8192654ff2a24f43def39962f0 - - default default] Added segment 3f088f9f-7040-46fe-9924-05af983c6065 of type geneve for network 86448c12-fa5a-4763-b4d4-607e8a5e57fc
2026-05-07 16:56:25.829 7 INFO neutron.db.ovn_revision_numbers_db [None req-0499ebe2-9d0e-46c1-bcc5-5c9fc55e0ed5 caba25b824ec42b283a6b5fb6476c4a8 9a21ad8192654ff2a24f43def39962f0 - - default default] Successfully bumped revision number for resource 86448c12-fa5a-4763-b4d4-607e8a5e57fc (type: networks) to 1
2026-05-07 16:56:25.975 7 WARNING neutron.scheduler.dhcp_agent_scheduler [None req-0499ebe2-9d0e-46c1-bcc5-5c9fc55e0ed5 caba25b824ec42b283a6b5fb6476c4a8 9a21ad8192654ff2a24f43def39962f0 - - default default] No more DHCP agents
2026-05-07 16:56:25.977 7 WARNING neutron.api.rpc.agentnotifiers.dhcp_rpc_agent_api [None req-0499ebe2-9d0e-46c1-bcc5-5c9fc55e0ed5 caba25b824ec42b283a6b5fb6476c4a8 9a21ad8192654ff2a24f43def39962f0 - - default default] Unable to schedule network 86448c12-fa5a-4763-b4d4-607e8a5e57fc: no agents available; will retry on subsequent port and subnet creation events.
2026-05-07 16:56:26.050 7 INFO neutron.db.ovn_revision_numbers_db [None req-0499ebe2-9d0e-46c1-bcc5-5c9fc55e0ed5 caba25b824ec42b283a6b5fb6476c4a8 9a21ad8192654ff2a24f43def39962f0 - - default default] Successfully bumped revision number for resource 28ba7699-334d-45d4-b35c-103ce38acf05 (type: ports) to 1 [pid: 7|app: 0|req: 776/1632] 10.0.0.233 () {34 vars in 671 bytes} [Thu May 7 16:56:25 2026] POST /v2.0/networks => generated 763 bytes in 651 msecs (HTTP/1.1 201) 4 headers in 162 bytes (1 switches on core 0)
2026-05-07 16:56:26.202 8 WARNING neutron.scheduler.dhcp_agent_scheduler [None req-1b01f817-0e0d-4630-a46b-b12160b225f3 caba25b824ec42b283a6b5fb6476c4a8 9a21ad8192654ff2a24f43def39962f0 - - default default] No more DHCP agents
2026-05-07 16:56:26.203 8 WARNING neutron.api.rpc.agentnotifiers.dhcp_rpc_agent_api [None req-1b01f817-0e0d-4630-a46b-b12160b225f3 caba25b824ec42b283a6b5fb6476c4a8 9a21ad8192654ff2a24f43def39962f0 - - default default] Unable to schedule network 86448c12-fa5a-4763-b4d4-607e8a5e57fc: no agents available; will retry on subsequent port and subnet creation events. [pid: 7|app: 0|req: 777/1633] 10.0.0.23 () {34 vars in 989 bytes} [Thu May 7 16:56:26 2026] GET /v2.0/ports?device_id=37985699-a6de-44ff-98d4-1015718aa65c => generated 12 bytes in 27 msecs (HTTP/1.1 200) 4 headers in 156 bytes (1 switches on core 0)
2026-05-07 16:56:26.662 8 INFO neutron.db.ovn_revision_numbers_db [None req-7070bf2c-639a-4d4c-81db-abce10a27fb6 - - - - - -] Successfully bumped revision number for resource 28ba7699-334d-45d4-b35c-103ce38acf05 (type: ports) to 2
2026-05-07 16:56:26.683 8 INFO neutron.db.ovn_revision_numbers_db [None req-7070bf2c-639a-4d4c-81db-abce10a27fb6 - - - - - -] Successfully bumped revision number for resource ae413695-d993-44b0-a06d-5c7535c7bbb7 (type: subnets) to 0 [pid: 8|app: 0|req: 857/1634] 10.0.0.233 () {34 vars in 669 bytes} [Thu May 7 16:56:26 2026] POST /v2.0/subnets => generated 688 bytes in 622 msecs (HTTP/1.1 201) 4 headers in 162 bytes (1 switches on core 0)
2026-05-07 16:56:26.938 8 WARNING neutron.plugins.ml2.drivers.ovn.mech_driver.ovsdb.ovn_client [None req-7066645b-f35b-4005-80f6-d79635b2c60f - - - - - -] No hosting information found for port f522e25b-33e7-439d-80af-e23ffba361bf: RuntimeError: No hosting information found for port f522e25b-33e7-439d-80af-e23ffba361bf
2026-05-07 16:56:27.029 8 INFO neutron.db.ovn_revision_numbers_db [None req-7066645b-f35b-4005-80f6-d79635b2c60f - - - - - -] Successfully bumped revision number for resource f522e25b-33e7-439d-80af-e23ffba361bf (type: router_ports) to 2
2026-05-07 16:56:27.121 8 INFO neutron.plugins.ml2.drivers.ovn.mech_driver.mech_driver [None req-7066645b-f35b-4005-80f6-d79635b2c60f - - - - - -] OVN reports status down for port: 2e909525-409b-45af-b85e-87be16c4a5ea
2026-05-07 16:56:27.128 7 WARNING neutron.scheduler.dhcp_agent_scheduler [None req-96956e15-acd6-4774-a54a-d0783b9c3730 caba25b824ec42b283a6b5fb6476c4a8 9a21ad8192654ff2a24f43def39962f0 - - default default] No more DHCP agents
2026-05-07 16:56:27.129 7 WARNING neutron.api.rpc.agentnotifiers.dhcp_rpc_agent_api [None req-96956e15-acd6-4774-a54a-d0783b9c3730 caba25b824ec42b283a6b5fb6476c4a8 9a21ad8192654ff2a24f43def39962f0 - - default default] Unable to schedule network 6cde2308-6b8f-42a5-9136-a5824605b9c3: no agents available; will retry on subsequent port and subnet creation events.
2026-05-07 16:56:27.205 8 INFO neutron.db.ovn_revision_numbers_db [None req-930ace09-b7aa-4493-9178-5c546dd13c5d caba25b824ec42b283a6b5fb6476c4a8 9a21ad8192654ff2a24f43def39962f0 - - default default] Successfully bumped revision number for resource d7cc3b04-eb54-4ea8-af5a-02c5294ee37a (type: security_groups) to 1
2026-05-07 16:56:27.231 8 INFO neutron.db.ovn_revision_numbers_db [None req-930ace09-b7aa-4493-9178-5c546dd13c5d caba25b824ec42b283a6b5fb6476c4a8 9a21ad8192654ff2a24f43def39962f0 - - default default] Successfully bumped revision number for resource 1a088475-c5cd-4a81-8f18-cce14bfa9a4d (type: security_group_rules) to 0
2026-05-07 16:56:27.267 7 INFO neutron.plugins.ml2.drivers.ovn.mech_driver.mech_driver [None req-df963288-496d-4c0c-b7c2-4d10c4ab9537 - - - - - -] OVN reports status down for port: 2356c79c-dde7-4931-9050-c24c8daaa6a7
2026-05-07 16:56:27.275 8 INFO neutron.db.ovn_revision_numbers_db [None req-930ace09-b7aa-4493-9178-5c546dd13c5d caba25b824ec42b283a6b5fb6476c4a8 9a21ad8192654ff2a24f43def39962f0 - - default default] Successfully bumped revision number for resource 3700252d-6653-4a45-8075-086e6684a49c (type: security_group_rules) to 0
2026-05-07 16:56:27.299 8 INFO neutron.db.ovn_revision_numbers_db [None req-930ace09-b7aa-4493-9178-5c546dd13c5d caba25b824ec42b283a6b5fb6476c4a8 9a21ad8192654ff2a24f43def39962f0 - - default default] Successfully bumped revision number for resource 6bae63ed-f58c-4ecd-843a-61df87015818 (type: security_group_rules) to 0
2026-05-07 16:56:27.321 8 INFO neutron.db.ovn_revision_numbers_db [None req-930ace09-b7aa-4493-9178-5c546dd13c5d caba25b824ec42b283a6b5fb6476c4a8 9a21ad8192654ff2a24f43def39962f0 - - default default] Successfully bumped revision number for resource 6e84d552-55f6-4f62-a877-bf2c98941e25 (type: security_group_rules) to 0
2026-05-07 16:56:27.330 7 INFO neutron.db.ovn_revision_numbers_db [None req-96956e15-acd6-4774-a54a-d0783b9c3730 caba25b824ec42b283a6b5fb6476c4a8 9a21ad8192654ff2a24f43def39962f0 - - default default] Successfully bumped revision number for resource 2356c79c-dde7-4931-9050-c24c8daaa6a7 (type: ports) to 1 [pid: 8|app: 0|req: 858/1635] 10.0.0.233 () {32 vars in 774 bytes} [Thu May 7 16:56:26 2026] GET /v2.0/security-groups?tenant_id=2a2d2723313847909cebb318c6082392&name=default => generated 2925 bytes in 485 msecs (HTTP/1.1 200) 4 headers in 158 bytes (1 switches on core 0)
2026-05-07 16:56:27.686 8 INFO neutron.db.ovn_revision_numbers_db [None req-7066645b-f35b-4005-80f6-d79635b2c60f - - - - - -] Successfully bumped revision number for resource 2e909525-409b-45af-b85e-87be16c4a5ea (type: ports) to 6 [pid: 8|app: 0|req: 859/1636] 10.0.0.233 () {32 vars in 740 bytes} [Thu May 7 16:56:27 2026] DELETE /v2.0/security-groups/d7cc3b04-eb54-4ea8-af5a-02c5294ee37a => generated 0 bytes in 409 msecs (HTTP/1.1 204) 2 headers in 112 bytes (1 switches on core 0) [pid: 8|app: 0|req: 860/1637] 10.0.0.23 () {34 vars in 989 bytes} [Thu May 7 16:56:27 2026] GET /v2.0/ports?device_id=37985699-a6de-44ff-98d4-1015718aa65c => generated 12 bytes in 29 msecs (HTTP/1.1 200) 4 headers in 156 bytes (1 switches on core 0)
2026-05-07 16:56:27.829 8 WARNING neutron.plugins.ml2.drivers.ovn.mech_driver.ovsdb.ovn_client [None req-780a214b-4f46-4db8-b9a9-0ea7ffcd2f40 - - - - - -] Logical_Switch_Port %s host information not removed, the port state is up
2026-05-07 16:56:27.830 8 INFO neutron.plugins.ml2.drivers.ovn.mech_driver.mech_driver [None req-780a214b-4f46-4db8-b9a9-0ea7ffcd2f40 - - - - - -] OVN reports status up for port: 2e909525-409b-45af-b85e-87be16c4a5ea
