2026-04-28 18:33:11.146 9 INFO neutron.wsgi [None req-6c482241-ae83-42d5-b6a0-9e4a479f5dd3 65c019604b1048f1ac963b0aa253f508 9ac28dc8ca2943d2bde229ae8792526f - - default default] 10.0.0.85 "GET /v2.0/networks HTTP/1.1" status: 200 len: 1493 time: 0.3332298
2026-04-28 18:33:11.266 9 INFO neutron.wsgi [req-df01e9b5-35bd-4606-ab0d-f21f37fb77c2 req-19136d7d-d28a-4448-b230-31df03bc2d09 65c019604b1048f1ac963b0aa253f508 9ac28dc8ca2943d2bde229ae8792526f - - default default] 10.0.0.139 "GET /v2.0/security-groups?name=tempest-secgroup-smoke-2143651319&fields=id&tenant_id=9ac28dc8ca2943d2bde229ae8792526f HTTP/1.1" status: 200 len: 267 time: 0.0407801
2026-04-28 18:33:11.359 9 INFO neutron.wsgi [req-df01e9b5-35bd-4606-ab0d-f21f37fb77c2 req-538ac3e4-017b-4011-a234-9e8add2fd1c4 65c019604b1048f1ac963b0aa253f508 9ac28dc8ca2943d2bde229ae8792526f - - default default] 10.0.0.139 "GET /v2.0/networks?id=1b2bd72f-5f03-45de-86b1-a6c30089628c HTTP/1.1" status: 200 len: 860 time: 0.0882604
2026-04-28 18:33:11.379 9 INFO neutron.wsgi [req-df01e9b5-35bd-4606-ab0d-f21f37fb77c2 req-94cb9d2e-c0b9-4fa7-b45e-4629f64ba940 65c019604b1048f1ac963b0aa253f508 9ac28dc8ca2943d2bde229ae8792526f - - default default] 10.0.0.139 "GET /v2.0/quotas/9ac28dc8ca2943d2bde229ae8792526f HTTP/1.1" status: 200 len: 386 time: 0.0091245
2026-04-28 18:33:11.465 9 INFO neutron.wsgi [req-df01e9b5-35bd-4606-ab0d-f21f37fb77c2 req-35caa25b-068b-4eb4-9621-4a7592bf738c 65c019604b1048f1ac963b0aa253f508 9ac28dc8ca2943d2bde229ae8792526f - - default default] 10.0.0.139 "GET /v2.0/ports?tenant_id=9ac28dc8ca2943d2bde229ae8792526f&fields=id HTTP/1.1" status: 200 len: 302 time: 0.0789235
2026-04-28 18:33:11.534 9 INFO neutron.wsgi [req-df01e9b5-35bd-4606-ab0d-f21f37fb77c2 req-5af4c4ba-c151-497d-b8a0-bb49b1adf5d2 54b88280dc1646d2a79d662e64c0d724 4f8eb4083741407ab21daa902d3eeb03 - - e62532941e864b8ba3623ffc54f3df85 e62532941e864b8ba3623ffc54f3df85] 10.0.0.139 "GET /v2.0/networks/1b2bd72f-5f03-45de-86b1-a6c30089628c?fields=segments HTTP/1.1" status: 200 len: 212 time: 0.0546422
2026-04-28 18:33:11.592 9 INFO neutron.wsgi [req-df01e9b5-35bd-4606-ab0d-f21f37fb77c2 req-4f2d6062-c873-456e-b274-d6af606105ec 54b88280dc1646d2a79d662e64c0d724 4f8eb4083741407ab21daa902d3eeb03 - - e62532941e864b8ba3623ffc54f3df85 e62532941e864b8ba3623ffc54f3df85] 10.0.0.139 "GET /v2.0/networks/1b2bd72f-5f03-45de-86b1-a6c30089628c?fields=provider%3Aphysical_network&fields=provider%3Anetwork_type HTTP/1.1" status: 200 len: 277 time: 0.0478554
2026-04-28 18:33:11.741 9 INFO neutron.wsgi [req-8fffda31-8e75-4faf-8b20-c5951f418d71 req-5c1d645c-c9db-45fd-9c5f-df84b2fbc86d 65c019604b1048f1ac963b0aa253f508 9ac28dc8ca2943d2bde229ae8792526f - - default default] 10.0.0.139 "GET /v2.0/ports?device_id=61f44607-c126-4919-8f5c-d36f8b7fab6f HTTP/1.1" status: 200 len: 210 time: 0.0248399
2026-04-28 18:33:12.228 10 INFO neutron.db.ovn_revision_numbers_db [None req-bf8a6b65-9903-4fe4-83d1-cfd4015c2507 dc6f9a40c3ce42ac82ec9d636e24c5f4 4ffdfa60739a42b8a4718a043dd28e2f - - default default] Successfully bumped revision number for resource 9b9d4a5c-fa36-468c-a3d9-3a211c2e4aec (type: security_groups) to 1
2026-04-28 18:33:12.242 10 INFO neutron.db.ovn_revision_numbers_db [None req-bf8a6b65-9903-4fe4-83d1-cfd4015c2507 dc6f9a40c3ce42ac82ec9d636e24c5f4 4ffdfa60739a42b8a4718a043dd28e2f - - default default] Successfully bumped revision number for resource 273a7f96-7cc1-469e-84f7-18c634578b9e (type: security_group_rules) to 0
2026-04-28 18:33:12.255 10 INFO neutron.db.ovn_revision_numbers_db [None req-bf8a6b65-9903-4fe4-83d1-cfd4015c2507 dc6f9a40c3ce42ac82ec9d636e24c5f4 4ffdfa60739a42b8a4718a043dd28e2f - - default default] Successfully bumped revision number for resource 93661e8c-318d-4b48-a595-c16d68264fb9 (type: security_group_rules) to 0
2026-04-28 18:33:12.269 10 INFO neutron.db.ovn_revision_numbers_db [None req-bf8a6b65-9903-4fe4-83d1-cfd4015c2507 dc6f9a40c3ce42ac82ec9d636e24c5f4 4ffdfa60739a42b8a4718a043dd28e2f - - default default] Successfully bumped revision number for resource abccc128-a08d-4ed3-b12a-3a8d74b15de8 (type: security_group_rules) to 0
2026-04-28 18:33:12.290 10 INFO neutron.db.ovn_revision_numbers_db [None req-bf8a6b65-9903-4fe4-83d1-cfd4015c2507 dc6f9a40c3ce42ac82ec9d636e24c5f4 4ffdfa60739a42b8a4718a043dd28e2f - - default default] Successfully bumped revision number for resource bd4585f7-d6a3-4cc9-a7d6-d77420d3cd11 (type: security_group_rules) to 0
2026-04-28 18:33:12.359 10 INFO neutron.db.segments_db [None req-bf8a6b65-9903-4fe4-83d1-cfd4015c2507 dc6f9a40c3ce42ac82ec9d636e24c5f4 4ffdfa60739a42b8a4718a043dd28e2f - - default default] Added segment faaa79d9-4b51-485d-bf64-80b2c26b8785 of type geneve for network 4803675f-234d-4a7d-b4b2-b992fd5e4910
2026-04-28 18:33:12.409 10 INFO neutron.wsgi [req-df01e9b5-35bd-4606-ab0d-f21f37fb77c2 req-5e4289f4-283f-4ab9-897e-bddd3980b0af 65c019604b1048f1ac963b0aa253f508 9ac28dc8ca2943d2bde229ae8792526f - - default default] 199.19.213.209 "GET /v2.0/networks?id=1b2bd72f-5f03-45de-86b1-a6c30089628c HTTP/1.1" status: 200 len: 860 time: 0.0787632
2026-04-28 18:33:12.469 10 INFO neutron.wsgi [req-df01e9b5-35bd-4606-ab0d-f21f37fb77c2 req-a72217a8-96d3-48d5-a2c1-176d3a8b6c8c 65c019604b1048f1ac963b0aa253f508 9ac28dc8ca2943d2bde229ae8792526f - - default default] 199.19.213.209 "GET /v2.0/security-groups?fields=id&fields=name&tenant_id=9ac28dc8ca2943d2bde229ae8792526f HTTP/1.1" status: 200 len: 380 time: 0.0534289
2026-04-28 18:33:12.557 10 INFO neutron.db.ovn_revision_numbers_db [None req-bf8a6b65-9903-4fe4-83d1-cfd4015c2507 dc6f9a40c3ce42ac82ec9d636e24c5f4 4ffdfa60739a42b8a4718a043dd28e2f - - default default] Successfully bumped revision number for resource 4803675f-234d-4a7d-b4b2-b992fd5e4910 (type: networks) to 1
2026-04-28 18:33:12.784 9 INFO neutron.db.ovn_revision_numbers_db [None req-7cbd2650-4603-4123-9ae3-02585492881b 48e081fb0e3148478a0338e7fc589bad 7c9837aa41ee4d8fb6b630692028dc4c - - default default] Successfully bumped revision number for resource 60724b34-7672-4b2d-b816-46e3886c0a1f (type: security_groups) to 1
2026-04-28 18:33:12.801 9 INFO neutron.db.ovn_revision_numbers_db [None req-7cbd2650-4603-4123-9ae3-02585492881b 48e081fb0e3148478a0338e7fc589bad 7c9837aa41ee4d8fb6b630692028dc4c - - default default] Successfully bumped revision number for resource 3b45c8c4-8598-471b-83d4-814263b88975 (type: security_group_rules) to 0
2026-04-28 18:33:12.816 9 INFO neutron.db.ovn_revision_numbers_db [None req-7cbd2650-4603-4123-9ae3-02585492881b 48e081fb0e3148478a0338e7fc589bad 7c9837aa41ee4d8fb6b630692028dc4c - - default default] Successfully bumped revision number for resource 5312c458-9614-4378-8ea4-b2fb13fff31c (type: security_group_rules) to 0
2026-04-28 18:33:12.821 10 WARNING neutron.scheduler.dhcp_agent_scheduler [None req-bf8a6b65-9903-4fe4-83d1-cfd4015c2507 dc6f9a40c3ce42ac82ec9d636e24c5f4 4ffdfa60739a42b8a4718a043dd28e2f - - default default] No more DHCP agents
2026-04-28 18:33:12.823 10 WARNING neutron.api.rpc.agentnotifiers.dhcp_rpc_agent_api [None req-bf8a6b65-9903-4fe4-83d1-cfd4015c2507 dc6f9a40c3ce42ac82ec9d636e24c5f4 4ffdfa60739a42b8a4718a043dd28e2f - - default default] Unable to schedule network 4803675f-234d-4a7d-b4b2-b992fd5e4910: no agents available; will retry on subsequent port and subnet creation events.
2026-04-28 18:33:12.831 9 INFO neutron.db.ovn_revision_numbers_db [None req-7cbd2650-4603-4123-9ae3-02585492881b 48e081fb0e3148478a0338e7fc589bad 7c9837aa41ee4d8fb6b630692028dc4c - - default default] Successfully bumped revision number for resource 5921bfa7-6102-4326-90c3-57837fd26fdd (type: security_group_rules) to 0
2026-04-28 18:33:12.859 9 INFO neutron.wsgi [req-9f872ffe-806d-4dba-921d-1eb0d78d1d1e req-cdc83882-2f18-4d63-85ff-3d19bc654eaa 65c019604b1048f1ac963b0aa253f508 9ac28dc8ca2943d2bde229ae8792526f - - default default] 10.0.0.139 "GET /v2.0/ports?device_id=61f44607-c126-4919-8f5c-d36f8b7fab6f HTTP/1.1" status: 200 len: 210 time: 0.0259807
2026-04-28 18:33:12.862 9 INFO neutron.db.ovn_revision_numbers_db [None req-7cbd2650-4603-4123-9ae3-02585492881b 48e081fb0e3148478a0338e7fc589bad 7c9837aa41ee4d8fb6b630692028dc4c - - default default] Successfully bumped revision number for resource a729ae60-fc16-4811-b878-22e1f5f69b5a (type: security_group_rules) to 0
2026-04-28 18:33:12.902 9 INFO neutron.wsgi [None req-7cbd2650-4603-4123-9ae3-02585492881b 48e081fb0e3148478a0338e7fc589bad 7c9837aa41ee4d8fb6b630692028dc4c - - default default] 10.0.0.85 "GET /v2.0/security-groups?tenant_id=181ebbbd65a74db1b7409b128aaf8ad1&name=default HTTP/1.1" status: 200 len: 2996 time: 0.5532117
2026-04-28 18:33:12.919 10 WARNING neutron.scheduler.dhcp_agent_scheduler [req-df01e9b5-35bd-4606-ab0d-f21f37fb77c2 req-58ccb248-d2c7-49d9-abc9-f1650f56c40c 65c019604b1048f1ac963b0aa253f508 9ac28dc8ca2943d2bde229ae8792526f - - default default] No more DHCP agents
2026-04-28 18:33:12.924 10 WARNING neutron.api.rpc.agentnotifiers.dhcp_rpc_agent_api [req-df01e9b5-35bd-4606-ab0d-f21f37fb77c2 req-58ccb248-d2c7-49d9-abc9-f1650f56c40c 65c019604b1048f1ac963b0aa253f508 9ac28dc8ca2943d2bde229ae8792526f - - default default] Unable to schedule network 1b2bd72f-5f03-45de-86b1-a6c30089628c: no agents available; will retry on subsequent port and subnet creation events.
2026-04-28 18:33:12.943 10 INFO neutron.db.ovn_revision_numbers_db [None req-bf8a6b65-9903-4fe4-83d1-cfd4015c2507 dc6f9a40c3ce42ac82ec9d636e24c5f4 4ffdfa60739a42b8a4718a043dd28e2f - - default default] Successfully bumped revision number for resource 91399018-b4de-4ee9-bd8b-9b305cb8c8de (type: ports) to 1
2026-04-28 18:33:12.972 10 INFO neutron.wsgi [None req-bf8a6b65-9903-4fe4-83d1-cfd4015c2507 dc6f9a40c3ce42ac82ec9d636e24c5f4 4ffdfa60739a42b8a4718a043dd28e2f - - default default] 10.0.0.85 "POST /v2.0/networks HTTP/1.1" status: 201 len: 844 time: 1.0992389
2026-04-28 18:33:13.065 10 INFO neutron.db.ovn_revision_numbers_db [req-df01e9b5-35bd-4606-ab0d-f21f37fb77c2 req-58ccb248-d2c7-49d9-abc9-f1650f56c40c 65c019604b1048f1ac963b0aa253f508 9ac28dc8ca2943d2bde229ae8792526f - - default default] Successfully bumped revision number for resource 87904054-dea0-43b2-af79-543eadbe38e0 (type: ports) to 1
2026-04-28 18:33:13.082 10 INFO neutron.wsgi [req-df01e9b5-35bd-4606-ab0d-f21f37fb77c2 req-58ccb248-d2c7-49d9-abc9-f1650f56c40c 65c019604b1048f1ac963b0aa253f508 9ac28dc8ca2943d2bde229ae8792526f - - default default] 199.19.213.209 "POST /v2.0/ports HTTP/1.1" status: 201 len: 1162 time: 0.6058192 /var/lib/openstack/lib/python3.10/site-packages/pycadf/identifier.py:71: UserWarning: Invalid uuid: neutron. To ensure interoperability, identifiers should be a valid uuid. warnings.warn(('Invalid uuid: %s. To ensure interoperability, '
2026-04-28 18:33:13.155 9 INFO neutron.wsgi [None req-a701c51f-d716-4fa7-bbe4-0dd76811e5ee 48e081fb0e3148478a0338e7fc589bad 7c9837aa41ee4d8fb6b630692028dc4c - - default default] 10.0.0.85 "DELETE /v2.0/security-groups/60724b34-7672-4b2d-b816-46e3886c0a1f HTTP/1.1" status: 204 len: 168 time: 0.2477906
2026-04-28 18:33:13.237 9 WARNING neutron.scheduler.dhcp_agent_scheduler [None req-6abdb0d8-ca4a-43fa-8479-c37cef357a54 dc6f9a40c3ce42ac82ec9d636e24c5f4 4ffdfa60739a42b8a4718a043dd28e2f - - default default] No more DHCP agents
2026-04-28 18:33:13.241 9 WARNING neutron.api.rpc.agentnotifiers.dhcp_rpc_agent_api [None req-6abdb0d8-ca4a-43fa-8479-c37cef357a54 dc6f9a40c3ce42ac82ec9d636e24c5f4 4ffdfa60739a42b8a4718a043dd28e2f - - default default] Unable to schedule network 4803675f-234d-4a7d-b4b2-b992fd5e4910: no agents available; will retry on subsequent port and subnet creation events.
2026-04-28 18:33:13.333 9 INFO neutron.db.ovn_revision_numbers_db [None req-6abdb0d8-ca4a-43fa-8479-c37cef357a54 dc6f9a40c3ce42ac82ec9d636e24c5f4 4ffdfa60739a42b8a4718a043dd28e2f - - default default] Successfully bumped revision number for resource 89a156f3-9e1c-4e80-af4f-7c7d23857dfe (type: ports) to 1 /var/lib/openstack/lib/python3.10/site-packages/pycadf/identifier.py:71: UserWarning: Invalid uuid: neutron. To ensure interoperability, identifiers should be a valid uuid. warnings.warn(('Invalid uuid: %s. To ensure interoperability, '
2026-04-28 18:33:13.366 9 INFO neutron.wsgi [None req-6abdb0d8-ca4a-43fa-8479-c37cef357a54 dc6f9a40c3ce42ac82ec9d636e24c5f4 4ffdfa60739a42b8a4718a043dd28e2f - - default default] 10.0.0.85 "POST /v2.0/ports HTTP/1.1" status: 201 len: 974 time: 0.3869689
2026-04-28 18:33:13.377 9 WARNING neutron.plugins.ml2.drivers.ovn.mech_driver.ovsdb.ovn_client [None req-17db49d6-4795-48b9-8c8b-b3f8607c6544 - - - - - -] No hosting information found for port b5fe11b1-f9b6-432d-9550-c27bdb570c95: RuntimeError: No hosting information found for port b5fe11b1-f9b6-432d-9550-c27bdb570c95
2026-04-28 18:33:13.494 10 INFO neutron.db.segments_db [None req-743b2cc6-79ae-45de-87a9-02d084b9dfd2 dc6f9a40c3ce42ac82ec9d636e24c5f4 4ffdfa60739a42b8a4718a043dd28e2f - - default default] Added segment ccbc0c28-4ec1-4f4e-9890-a686f08fc8c6 of type geneve for network 5da774b5-6f90-4ce6-a619-3fdca65b1907
2026-04-28 18:33:13.497 10 INFO neutron.db.ovn_revision_numbers_db [req-df01e9b5-35bd-4606-ab0d-f21f37fb77c2 req-09efe6ca-babb-4ac8-9389-d7a7de312041 54b88280dc1646d2a79d662e64c0d724 4f8eb4083741407ab21daa902d3eeb03 - - e62532941e864b8ba3623ffc54f3df85 e62532941e864b8ba3623ffc54f3df85] Successfully bumped revision number for resource 87904054-dea0-43b2-af79-543eadbe38e0 (type: ports) to 2
2026-04-28 18:33:13.549 10 INFO neutron.db.ovn_revision_numbers_db [None req-d64c7bfa-2f26-4465-ba5b-e1e004476309 48e081fb0e3148478a0338e7fc589bad 7c9837aa41ee4d8fb6b630692028dc4c - - default default] Successfully bumped revision number for resource 5112832e-a202-462c-a9aa-85a75ed5a015 (type: security_groups) to 1
2026-04-28 18:33:13.585 10 INFO neutron.db.ovn_revision_numbers_db [None req-d64c7bfa-2f26-4465-ba5b-e1e004476309 48e081fb0e3148478a0338e7fc589bad 7c9837aa41ee4d8fb6b630692028dc4c - - default default] Successfully bumped revision number for resource 5cea1159-d4a7-409e-a7d0-0b42ccb61651 (type: security_group_rules) to 0
2026-04-28 18:33:13.624 10 INFO neutron.db.ovn_revision_numbers_db [None req-d64c7bfa-2f26-4465-ba5b-e1e004476309 48e081fb0e3148478a0338e7fc589bad 7c9837aa41ee4d8fb6b630692028dc4c - - default default] Successfully bumped revision number for resource 5d73195a-c08b-4b41-a263-d2974e2463df (type: security_group_rules) to 0
2026-04-28 18:33:13.653 10 INFO neutron.db.ovn_revision_numbers_db [None req-d64c7bfa-2f26-4465-ba5b-e1e004476309 48e081fb0e3148478a0338e7fc589bad 7c9837aa41ee4d8fb6b630692028dc4c - - default default] Successfully bumped revision number for resource dbadc71a-1d73-4e2f-af92-8f05716ffc96 (type: security_group_rules) to 0
2026-04-28 18:33:13.677 10 INFO neutron.db.ovn_revision_numbers_db [None req-743b2cc6-79ae-45de-87a9-02d084b9dfd2 dc6f9a40c3ce42ac82ec9d636e24c5f4 4ffdfa60739a42b8a4718a043dd28e2f - - default default] Successfully bumped revision number for resource 5da774b5-6f90-4ce6-a619-3fdca65b1907 (type: networks) to 1
2026-04-28 18:33:13.687 10 INFO neutron.db.ovn_revision_numbers_db [None req-d64c7bfa-2f26-4465-ba5b-e1e004476309 48e081fb0e3148478a0338e7fc589bad 7c9837aa41ee4d8fb6b630692028dc4c - - default default] Successfully bumped revision number for resource f9758c70-d8f7-4dec-a633-7c6643029cc0 (type: security_group_rules) to 0
2026-04-28 18:33:13.728 10 INFO neutron.wsgi [None req-d64c7bfa-2f26-4465-ba5b-e1e004476309 48e081fb0e3148478a0338e7fc589bad 7c9837aa41ee4d8fb6b630692028dc4c - - default default] 10.0.0.85 "GET /v2.0/security-groups?tenant_id=7cc604b5d6ef43fb83869fadef862045&name=default HTTP/1.1" status: 200 len: 2996 time: 0.3697920 /var/lib/openstack/lib/python3.10/site-packages/pycadf/identifier.py:71: UserWarning: Invalid uuid: neutron. To ensure interoperability, identifiers should be a valid uuid. warnings.warn(('Invalid uuid: %s. To ensure interoperability, '
2026-04-28 18:33:13.833 10 INFO neutron.db.ovn_revision_numbers_db [req-df01e9b5-35bd-4606-ab0d-f21f37fb77c2 req-09efe6ca-babb-4ac8-9389-d7a7de312041 54b88280dc1646d2a79d662e64c0d724 4f8eb4083741407ab21daa902d3eeb03 - - e62532941e864b8ba3623ffc54f3df85 e62532941e864b8ba3623ffc54f3df85] Successfully bumped revision number for resource 87904054-dea0-43b2-af79-543eadbe38e0 (type: ports) to 2
2026-04-28 18:33:13.853 10 INFO neutron.wsgi [req-df01e9b5-35bd-4606-ab0d-f21f37fb77c2 req-09efe6ca-babb-4ac8-9389-d7a7de312041 54b88280dc1646d2a79d662e64c0d724 4f8eb4083741407ab21daa902d3eeb03 - - e62532941e864b8ba3623ffc54f3df85 e62532941e864b8ba3623ffc54f3df85] 199.19.213.209 "PUT /v2.0/ports/87904054-dea0-43b2-af79-543eadbe38e0 HTTP/1.1" status: 200 len: 1380 time: 0.7616343
2026-04-28 18:33:13.877 10 WARNING neutron.scheduler.dhcp_agent_scheduler [None req-743b2cc6-79ae-45de-87a9-02d084b9dfd2 dc6f9a40c3ce42ac82ec9d636e24c5f4 4ffdfa60739a42b8a4718a043dd28e2f - - default default] No more DHCP agents
2026-04-28 18:33:13.880 10 WARNING neutron.api.rpc.agentnotifiers.dhcp_rpc_agent_api [None req-743b2cc6-79ae-45de-87a9-02d084b9dfd2 dc6f9a40c3ce42ac82ec9d636e24c5f4 4ffdfa60739a42b8a4718a043dd28e2f - - default default] Unable to schedule network 5da774b5-6f90-4ce6-a619-3fdca65b1907: no agents available; will retry on subsequent port and subnet creation events.
2026-04-28 18:33:13.890 10 INFO neutron.notifiers.nova [-] Nova event matching ['req-fa83fc9a-515a-44bf-bb42-623884b0b106'] response: {'name': 'network-changed', 'server_uuid': '61f44607-c126-4919-8f5c-d36f8b7fab6f', 'tag': '87904054-dea0-43b2-af79-543eadbe38e0', 'status': 'completed', 'code': 200} /var/lib/openstack/lib/python3.10/site-packages/pycadf/identifier.py:71: UserWarning: Invalid uuid: neutron. To ensure interoperability, identifiers should be a valid uuid. warnings.warn(('Invalid uuid: %s. To ensure interoperability, '
2026-04-28 18:33:13.906 9 INFO neutron.wsgi [None req-ad0c1dfd-e93c-4e41-8261-f22a77b90293 48e081fb0e3148478a0338e7fc589bad 7c9837aa41ee4d8fb6b630692028dc4c - - default default] 10.0.0.85 "DELETE /v2.0/security-groups/5112832e-a202-462c-a9aa-85a75ed5a015 HTTP/1.1" status: 204 len: 168 time: 0.1720872
2026-04-28 18:33:13.935 10 INFO neutron.wsgi [req-df01e9b5-35bd-4606-ab0d-f21f37fb77c2 req-28f516d0-2c29-4cf2-9f79-973961ceb489 54b88280dc1646d2a79d662e64c0d724 4f8eb4083741407ab21daa902d3eeb03 - - e62532941e864b8ba3623ffc54f3df85 e62532941e864b8ba3623ffc54f3df85] 199.19.213.209 "GET /v2.0/ports?tenant_id=9ac28dc8ca2943d2bde229ae8792526f&device_id=61f44607-c126-4919-8f5c-d36f8b7fab6f HTTP/1.1" status: 200 len: 1411 time: 0.0386539
2026-04-28 18:33:13.968 10 INFO neutron.wsgi [req-df01e9b5-35bd-4606-ab0d-f21f37fb77c2 req-1489e4d8-e8d5-4094-852e-d6c381f7ed13 54b88280dc1646d2a79d662e64c0d724 4f8eb4083741407ab21daa902d3eeb03 - - e62532941e864b8ba3623ffc54f3df85 e62532941e864b8ba3623ffc54f3df85] 199.19.213.209 "GET /v2.0/floatingips?fixed_ip_address=10.100.0.14&port_id=87904054-dea0-43b2-af79-543eadbe38e0 HTTP/1.1" status: 200 len: 217 time: 0.0250332
2026-04-28 18:33:13.980 10 INFO neutron.db.ovn_revision_numbers_db [None req-743b2cc6-79ae-45de-87a9-02d084b9dfd2 dc6f9a40c3ce42ac82ec9d636e24c5f4 4ffdfa60739a42b8a4718a043dd28e2f - - default default] Successfully bumped revision number for resource 65948ce6-fc2e-47d9-a8c1-3fbf1a8816a0 (type: ports) to 1
2026-04-28 18:33:13.987 9 INFO neutron.wsgi [req-45552d94-3f06-4c8c-9185-0fc0fcc67bfe req-be52e730-2fc6-4d51-a51c-5e4b802351b3 65c019604b1048f1ac963b0aa253f508 9ac28dc8ca2943d2bde229ae8792526f - - default default] 10.0.0.139 "GET /v2.0/ports?device_id=61f44607-c126-4919-8f5c-d36f8b7fab6f HTTP/1.1" status: 200 len: 1172 time: 0.0483222
2026-04-28 18:33:14.005 10 INFO neutron.wsgi [req-df01e9b5-35bd-4606-ab0d-f21f37fb77c2 req-1cce7ce8-043b-4a84-b504-17ca0850ff4a 54b88280dc1646d2a79d662e64c0d724 4f8eb4083741407ab21daa902d3eeb03 - - e62532941e864b8ba3623ffc54f3df85 e62532941e864b8ba3623ffc54f3df85] 199.19.213.209 "GET /v2.0/subnets?id=14b84686-745e-4392-974d-0b840c872909 HTTP/1.1" status: 200 len: 853 time: 0.0308273
2026-04-28 18:33:14.011 10 INFO neutron.wsgi [None req-743b2cc6-79ae-45de-87a9-02d084b9dfd2 dc6f9a40c3ce42ac82ec9d636e24c5f4 4ffdfa60739a42b8a4718a043dd28e2f - - default default] 10.0.0.85 "POST /v2.0/networks HTTP/1.1" status: 201 len: 830 time: 0.6396172
2026-04-28 18:33:14.028 10 INFO neutron.wsgi [req-df01e9b5-35bd-4606-ab0d-f21f37fb77c2 req-3cd6b0ef-facb-4a5f-b7ee-10f6f158181a 54b88280dc1646d2a79d662e64c0d724 4f8eb4083741407ab21daa902d3eeb03 - - e62532941e864b8ba3623ffc54f3df85 e62532941e864b8ba3623ffc54f3df85] 199.19.213.209 "GET /v2.0/ports?network_id=1b2bd72f-5f03-45de-86b1-a6c30089628c&device_owner=network%3Adhcp HTTP/1.1" status: 200 len: 210 time: 0.0163944
2026-04-28 18:33:14.063 9 INFO neutron.wsgi [req-45552d94-3f06-4c8c-9185-0fc0fcc67bfe req-769dc953-bf67-465b-b4f8-4ba1b0bf9d02 65c019604b1048f1ac963b0aa253f508 9ac28dc8ca2943d2bde229ae8792526f - - default default] 10.0.0.139 "GET /v2.0/security-groups?id=8901c506-8411-45f9-928e-161585ae6474&fields=id&fields=name HTTP/1.1" status: 200 len: 313 time: 0.0670333
2026-04-28 18:33:14.095 10 INFO neutron.wsgi [req-df01e9b5-35bd-4606-ab0d-f21f37fb77c2 req-4230953c-97c4-4fc0-93b7-543a877de9c9 54b88280dc1646d2a79d662e64c0d724 4f8eb4083741407ab21daa902d3eeb03 - - e62532941e864b8ba3623ffc54f3df85 e62532941e864b8ba3623ffc54f3df85] 199.19.213.209 "GET /v2.0/networks/1b2bd72f-5f03-45de-86b1-a6c30089628c?fields=segments HTTP/1.1" status: 200 len: 212 time: 0.0597205
2026-04-28 18:33:14.163 10 INFO neutron.wsgi [req-df01e9b5-35bd-4606-ab0d-f21f37fb77c2 req-cf4d4184-6330-4f8b-8f1a-5d1a31cc3080 54b88280dc1646d2a79d662e64c0d724 4f8eb4083741407ab21daa902d3eeb03 - - e62532941e864b8ba3623ffc54f3df85 e62532941e864b8ba3623ffc54f3df85] 199.19.213.209 "GET /v2.0/networks/1b2bd72f-5f03-45de-86b1-a6c30089628c?fields=provider%3Aphysical_network&fields=provider%3Anetwork_type HTTP/1.1" status: 200 len: 277 time: 0.0618796
2026-04-28 18:33:14.229 10 INFO neutron.wsgi [req-9f29d7cd-d8f9-4572-ad8a-f8d77040897a req-1ef59caa-20f4-4ad6-aa6e-ab5172c1f0a3 54b88280dc1646d2a79d662e64c0d724 4f8eb4083741407ab21daa902d3eeb03 - - e62532941e864b8ba3623ffc54f3df85 e62532941e864b8ba3623ffc54f3df85] 199.19.213.209 "GET /v2.0/ports?tenant_id=9ac28dc8ca2943d2bde229ae8792526f&device_id=61f44607-c126-4919-8f5c-d36f8b7fab6f HTTP/1.1" status: 200 len: 1411 time: 0.0304258
2026-04-28 18:33:14.266 9 WARNING neutron.scheduler.dhcp_agent_scheduler [None req-1ec3eb3d-714b-4b5f-a134-69579d1a7d58 dc6f9a40c3ce42ac82ec9d636e24c5f4 4ffdfa60739a42b8a4718a043dd28e2f - - default default] No more DHCP agents
2026-04-28 18:33:14.270 9 WARNING neutron.api.rpc.agentnotifiers.dhcp_rpc_agent_api [None req-1ec3eb3d-714b-4b5f-a134-69579d1a7d58 dc6f9a40c3ce42ac82ec9d636e24c5f4 4ffdfa60739a42b8a4718a043dd28e2f - - default default] Unable to schedule network 5da774b5-6f90-4ce6-a619-3fdca65b1907: no agents available; will retry on subsequent port and subnet creation events.
2026-04-28 18:33:14.299 10 INFO neutron.wsgi [req-9f29d7cd-d8f9-4572-ad8a-f8d77040897a req-46be73dd-4f4b-4cc7-a6f5-e20504d191bc 54b88280dc1646d2a79d662e64c0d724 4f8eb4083741407ab21daa902d3eeb03 - - e62532941e864b8ba3623ffc54f3df85 e62532941e864b8ba3623ffc54f3df85] 199.19.213.209 "GET /v2.0/networks?id=1b2bd72f-5f03-45de-86b1-a6c30089628c HTTP/1.1" status: 200 len: 959 time: 0.0630193
2026-04-28 18:33:14.324 10 INFO neutron.wsgi [req-9f29d7cd-d8f9-4572-ad8a-f8d77040897a req-be049398-7b6b-4ecf-af71-d1df86b47817 54b88280dc1646d2a79d662e64c0d724 4f8eb4083741407ab21daa902d3eeb03 - - e62532941e864b8ba3623ffc54f3df85 e62532941e864b8ba3623ffc54f3df85] 199.19.213.209 "GET /v2.0/floatingips?fixed_ip_address=10.100.0.14&port_id=87904054-dea0-43b2-af79-543eadbe38e0 HTTP/1.1" status: 200 len: 217 time: 0.0187681
2026-04-28 18:33:14.390 10 INFO neutron.plugins.ml2.drivers.ovn.mech_driver.mech_driver [None req-61ff434f-011b-47b9-8267-37fb304c1254 - - - - - -] OVN reports status up for port: 87904054-dea0-43b2-af79-543eadbe38e0
2026-04-28 18:33:14.394 10 INFO neutron.wsgi [req-9f29d7cd-d8f9-4572-ad8a-f8d77040897a req-094053d2-2569-4dad-9260-db53c2355f1c 54b88280dc1646d2a79d662e64c0d724 4f8eb4083741407ab21daa902d3eeb03 - - e62532941e864b8ba3623ffc54f3df85 e62532941e864b8ba3623ffc54f3df85] 199.19.213.209 "GET /v2.0/subnets?id=14b84686-745e-4392-974d-0b840c872909 HTTP/1.1" status: 200 len: 853 time: 0.0634286
2026-04-28 18:33:14.405 10 INFO neutron.plugins.ml2.plugin [None req-61ff434f-011b-47b9-8267-37fb304c1254 - - - - - -] Attempt 1 to provision port 87904054-dea0-43b2-af79-543eadbe38e0
2026-04-28 18:33:14.423 10 INFO neutron.wsgi [req-9f29d7cd-d8f9-4572-ad8a-f8d77040897a req-10fa111a-082a-4f5d-9d6d-045fbe6750d0 54b88280dc1646d2a79d662e64c0d724 4f8eb4083741407ab21daa902d3eeb03 - - e62532941e864b8ba3623ffc54f3df85 e62532941e864b8ba3623ffc54f3df85] 199.19.213.209 "GET /v2.0/ports?network_id=1b2bd72f-5f03-45de-86b1-a6c30089628c&device_owner=network%3Adhcp HTTP/1.1" status: 200 len: 210 time: 0.0243247
2026-04-28 18:33:14.491 10 INFO neutron.wsgi [req-9f29d7cd-d8f9-4572-ad8a-f8d77040897a req-db768397-fe61-4dae-89b1-727de94fc46b 54b88280dc1646d2a79d662e64c0d724 4f8eb4083741407ab21daa902d3eeb03 - - e62532941e864b8ba3623ffc54f3df85 e62532941e864b8ba3623ffc54f3df85] 199.19.213.209 "GET /v2.0/networks/1b2bd72f-5f03-45de-86b1-a6c30089628c?fields=segments HTTP/1.1" status: 200 len: 212 time: 0.0615144
2026-04-28 18:33:14.561 10 INFO neutron.wsgi [req-9f29d7cd-d8f9-4572-ad8a-f8d77040897a req-2466fb24-5821-42bf-b166-256f96ff7574 54b88280dc1646d2a79d662e64c0d724 4f8eb4083741407ab21daa902d3eeb03 - - e62532941e864b8ba3623ffc54f3df85 e62532941e864b8ba3623ffc54f3df85] 199.19.213.209 "GET /v2.0/networks/1b2bd72f-5f03-45de-86b1-a6c30089628c?fields=provider%3Aphysical_network&fields=provider%3Anetwork_type HTTP/1.1" status: 200 len: 277 time: 0.0616300
2026-04-28 18:33:14.768 10 INFO neutron.db.ovn_revision_numbers_db [None req-61ff434f-011b-47b9-8267-37fb304c1254 - - - - - -] Successfully bumped revision number for resource 87904054-dea0-43b2-af79-543eadbe38e0 (type: ports) to 4
2026-04-28 18:33:14.836 10 INFO neutron.db.ovn_revision_numbers_db [None req-8a8eccc5-7261-46b6-89cb-68c0cda2c63b 48e081fb0e3148478a0338e7fc589bad 7c9837aa41ee4d8fb6b630692028dc4c - - default default] Successfully bumped revision number for resource a27b1602-8753-4f92-909a-00b4df17c570 (type: security_groups) to 1
2026-04-28 18:33:14.849 10 INFO neutron.db.ovn_revision_numbers_db [None req-8a8eccc5-7261-46b6-89cb-68c0cda2c63b 48e081fb0e3148478a0338e7fc589bad 7c9837aa41ee4d8fb6b630692028dc4c - - default default] Successfully bumped revision number for resource 0c7fbf15-aab8-4367-8367-74cf3be6d798 (type: security_group_rules) to 0
2026-04-28 18:33:14.862 10 INFO neutron.db.ovn_revision_numbers_db [None req-8a8eccc5-7261-46b6-89cb-68c0cda2c63b 48e081fb0e3148478a0338e7fc589bad 7c9837aa41ee4d8fb6b630692028dc4c - - default default] Successfully bumped revision number for resource 1a8e72ef-c9ba-4825-badc-1aa5f94f605d (type: security_group_rules) to 0
2026-04-28 18:33:14.876 10 INFO neutron.db.ovn_revision_numbers_db [None req-8a8eccc5-7261-46b6-89cb-68c0cda2c63b 48e081fb0e3148478a0338e7fc589bad 7c9837aa41ee4d8fb6b630692028dc4c - - default default] Successfully bumped revision number for resource 4532919b-05de-466f-ba96-37ee240ceb67 (type: security_group_rules) to 0
2026-04-28 18:33:14.880 9 INFO neutron.db.ovn_revision_numbers_db [None req-1ec3eb3d-714b-4b5f-a134-69579d1a7d58 dc6f9a40c3ce42ac82ec9d636e24c5f4 4ffdfa60739a42b8a4718a043dd28e2f - - default default] Successfully bumped revision number for resource 65948ce6-fc2e-47d9-a8c1-3fbf1a8816a0 (type: ports) to 2
2026-04-28 18:33:14.897 10 INFO neutron.db.ovn_revision_numbers_db [None req-8a8eccc5-7261-46b6-89cb-68c0cda2c63b 48e081fb0e3148478a0338e7fc589bad 7c9837aa41ee4d8fb6b630692028dc4c - - default default] Successfully bumped revision number for resource 7c807cba-8cd7-4ef5-9ed4-f8583c8c02a1 (type: security_group_rules) to 0
2026-04-28 18:33:14.914 9 INFO neutron.db.ovn_revision_numbers_db [None req-1ec3eb3d-714b-4b5f-a134-69579d1a7d58 dc6f9a40c3ce42ac82ec9d636e24c5f4 4ffdfa60739a42b8a4718a043dd28e2f - - default default] Successfully bumped revision number for resource 4e511307-f7e2-4bd5-afeb-7fa869d3d958 (type: subnets) to 0
2026-04-28 18:33:14.924 10 INFO neutron.wsgi [None req-8a8eccc5-7261-46b6-89cb-68c0cda2c63b 48e081fb0e3148478a0338e7fc589bad 7c9837aa41ee4d8fb6b630692028dc4c - - default default] 10.0.0.85 "GET /v2.0/security-groups?tenant_id=5628512ab0754e11acd33f4b9f25528e&name=default HTTP/1.1" status: 200 len: 2996 time: 0.3560560
2026-04-28 18:33:14.929 9 INFO neutron.wsgi [None req-1ec3eb3d-714b-4b5f-a134-69579d1a7d58 dc6f9a40c3ce42ac82ec9d636e24c5f4 4ffdfa60739a42b8a4718a043dd28e2f - - default default] 10.0.0.85 "POST /v2.0/subnets HTTP/1.1" status: 201 len: 801 time: 0.9123924 /var/lib/openstack/lib/python3.10/site-packages/pycadf/identifier.py:71: UserWarning: Invalid uuid: neutron. To ensure interoperability, identifiers should be a valid uuid. warnings.warn(('Invalid uuid: %s. To ensure interoperability, '
2026-04-28 18:33:15.138 10 INFO neutron.wsgi [None req-7f6299b7-77a7-4607-ad8e-8cc95f515ba9 48e081fb0e3148478a0338e7fc589bad 7c9837aa41ee4d8fb6b630692028dc4c - - default default] 10.0.0.85 "DELETE /v2.0/security-groups/a27b1602-8753-4f92-909a-00b4df17c570 HTTP/1.1" status: 204 len: 168 time: 0.2087243
2026-04-28 18:33:15.194 9 INFO neutron.wsgi [req-55ddce7b-ff0d-4425-9ebd-b4004e87db82 req-05dc3240-ff77-464e-bc0d-91caa7313e04 65c019604b1048f1ac963b0aa253f508 9ac28dc8ca2943d2bde229ae8792526f - - default default] 10.0.0.139 "GET /v2.0/ports?device_id=61f44607-c126-4919-8f5c-d36f8b7fab6f HTTP/1.1" status: 200 len: 1174 time: 0.0574930
2026-04-28 18:33:15.247 9 INFO neutron.wsgi [req-55ddce7b-ff0d-4425-9ebd-b4004e87db82 req-1ddfd160-0801-4e9d-9bb3-4b43ff148563 65c019604b1048f1ac963b0aa253f508 9ac28dc8ca2943d2bde229ae8792526f - - default default] 10.0.0.139 "GET /v2.0/security-groups?id=8901c506-8411-45f9-928e-161585ae6474&fields=id&fields=name HTTP/1.1" status: 200 len: 313 time: 0.0473835
2026-04-28 18:33:15.295 9 WARNING neutron.scheduler.dhcp_agent_scheduler [None req-5c1fddd3-27f7-4c53-8327-0b665f1b57bf dc6f9a40c3ce42ac82ec9d636e24c5f4 4ffdfa60739a42b8a4718a043dd28e2f - - default default] No more DHCP agents
2026-04-28 18:33:15.296 9 WARNING neutron.api.rpc.agentnotifiers.dhcp_rpc_agent_api [None req-5c1fddd3-27f7-4c53-8327-0b665f1b57bf dc6f9a40c3ce42ac82ec9d636e24c5f4 4ffdfa60739a42b8a4718a043dd28e2f - - default default] Unable to schedule network 5da774b5-6f90-4ce6-a619-3fdca65b1907: no agents available; will retry on subsequent port and subnet creation events.
2026-04-28 18:33:15.403 10 INFO neutron.db.ovn_revision_numbers_db [None req-00b3371c-5105-40e0-a01e-33f227b7a078 48e081fb0e3148478a0338e7fc589bad 7c9837aa41ee4d8fb6b630692028dc4c - - default default] Successfully bumped revision number for resource 40fc92cb-6594-4c77-afc4-8a5cb6401714 (type: security_groups) to 1
2026-04-28 18:33:15.416 10 INFO neutron.db.ovn_revision_numbers_db [None req-00b3371c-5105-40e0-a01e-33f227b7a078 48e081fb0e3148478a0338e7fc589bad 7c9837aa41ee4d8fb6b630692028dc4c - - default default] Successfully bumped revision number for resource 13d18e58-1c77-415d-b369-f6d5998dabf0 (type: security_group_rules) to 0
2026-04-28 18:33:15.441 10 INFO neutron.db.ovn_revision_numbers_db [None req-00b3371c-5105-40e0-a01e-33f227b7a078 48e081fb0e3148478a0338e7fc589bad 7c9837aa41ee4d8fb6b630692028dc4c - - default default] Successfully bumped revision number for resource 30f6f9a5-705a-46b6-8490-5f5b572cf9a9 (type: security_group_rules) to 0
2026-04-28 18:33:15.452 9 INFO neutron.db.ovn_revision_numbers_db [None req-5c1fddd3-27f7-4c53-8327-0b665f1b57bf dc6f9a40c3ce42ac82ec9d636e24c5f4 4ffdfa60739a42b8a4718a043dd28e2f - - default default] Successfully bumped revision number for resource 9ae610c2-7ce8-4013-a26b-dcaba36b948d (type: ports) to 1
2026-04-28 18:33:15.457 10 INFO neutron.db.ovn_revision_numbers_db [None req-00b3371c-5105-40e0-a01e-33f227b7a078 48e081fb0e3148478a0338e7fc589bad 7c9837aa41ee4d8fb6b630692028dc4c - - default default] Successfully bumped revision number for resource b8c601b7-4800-44d1-ba45-10c48c874b93 (type: security_group_rules) to 0
2026-04-28 18:33:15.471 10 INFO neutron.db.ovn_revision_numbers_db [None req-00b3371c-5105-40e0-a01e-33f227b7a078 48e081fb0e3148478a0338e7fc589bad 7c9837aa41ee4d8fb6b630692028dc4c - - default default] Successfully bumped revision number for resource e43d0a1a-cebc-43b1-8c86-d47e3b35fb83 (type: security_group_rules) to 0
2026-04-28 18:33:15.473 9 INFO neutron.wsgi [None req-5c1fddd3-27f7-4c53-8327-0b665f1b57bf dc6f9a40c3ce42ac82ec9d636e24c5f4 4ffdfa60739a42b8a4718a043dd28e2f - - default default] 10.0.0.85 "POST /v2.0/ports HTTP/1.1" status: 201 len: 1149 time: 0.5379283 /var/lib/openstack/lib/python3.10/site-packages/pycadf/identifier.py:71: UserWarning: Invalid uuid: neutron. To ensure interoperability, identifiers should be a valid uuid. warnings.warn(('Invalid uuid: %s. To ensure interoperability, '
2026-04-28 18:33:15.500 10 INFO neutron.wsgi [None req-00b3371c-5105-40e0-a01e-33f227b7a078 48e081fb0e3148478a0338e7fc589bad 7c9837aa41ee4d8fb6b630692028dc4c - - default default] 10.0.0.85 "GET /v2.0/security-groups?tenant_id=6b71d62d1cfa472589a81c6f76032cd3&name=default HTTP/1.1" status: 200 len: 2996 time: 0.2233059
2026-04-28 18:33:15.752 9 INFO neutron.wsgi [None req-4913644b-972a-4ea8-afc1-b2ef78bb1b27 48e081fb0e3148478a0338e7fc589bad 7c9837aa41ee4d8fb6b630692028dc4c - - default default] 10.0.0.85 "DELETE /v2.0/security-groups/40fc92cb-6594-4c77-afc4-8a5cb6401714 HTTP/1.1" status: 204 len: 168 time: 0.2458272
2026-04-28 18:33:15.795 9 INFO neutron.wsgi [None req-fe1d1fcb-9d10-4e4f-8d2f-8853c6d0b8d5 dc6f9a40c3ce42ac82ec9d636e24c5f4 4ffdfa60739a42b8a4718a043dd28e2f - - default default] 10.0.0.85 "DELETE /v2.0/ports/9ae610c2-7ce8-4013-a26b-dcaba36b948d HTTP/1.1" status: 204 len: 168 time: 0.3161995
2026-04-28 18:33:15.825 9 INFO neutron.pecan_wsgi.hooks.translation [None req-f9a3d874-205b-4db4-b135-90deac00eefa dc6f9a40c3ce42ac82ec9d636e24c5f4 4ffdfa60739a42b8a4718a043dd28e2f - - default default] DELETE failed (client error): The resource could not be found.
2026-04-28 18:33:15.827 9 INFO neutron.wsgi [None req-f9a3d874-205b-4db4-b135-90deac00eefa dc6f9a40c3ce42ac82ec9d636e24c5f4 4ffdfa60739a42b8a4718a043dd28e2f - - default default] 10.0.0.85 "DELETE /v2.0/ports/9ae610c2-7ce8-4013-a26b-dcaba36b948d HTTP/1.1" status: 404 len: 333 time: 0.0273829
2026-04-28 18:33:15.852 9 INFO neutron.pecan_wsgi.hooks.translation [None req-0ebf890a-c67b-400f-90d5-e55d930f59b6 dc6f9a40c3ce42ac82ec9d636e24c5f4 4ffdfa60739a42b8a4718a043dd28e2f - - default default] GET failed (client error): The resource could not be found.
2026-04-28 18:33:15.854 9 INFO neutron.wsgi [None req-0ebf890a-c67b-400f-90d5-e55d930f59b6 dc6f9a40c3ce42ac82ec9d636e24c5f4 4ffdfa60739a42b8a4718a043dd28e2f - - default default] 10.0.0.85 "GET /v2.0/ports/9ae610c2-7ce8-4013-a26b-dcaba36b948d HTTP/1.1" status: 404 len: 333 time: 0.0215983
2026-04-28 18:33:15.929 10 INFO neutron.notifiers.nova [-] Nova event matching ['req-9dff663f-9c02-4a10-beec-888d012a6820'] response: {'server_uuid': '61f44607-c126-4919-8f5c-d36f8b7fab6f', 'name': 'network-vif-plugged', 'status': 'completed', 'tag': '87904054-dea0-43b2-af79-543eadbe38e0', 'code': 200}
2026-04-28 18:33:15.929 10 INFO neutron.notifiers.nova [-] Nova event matching ['req-9dff663f-9c02-4a10-beec-888d012a6820'] response: {'server_uuid': '61f44607-c126-4919-8f5c-d36f8b7fab6f', 'name': 'network-vif-plugged', 'status': 'completed', 'tag': '87904054-dea0-43b2-af79-543eadbe38e0', 'code': 200}
2026-04-28 18:33:16.032 9 INFO neutron.wsgi [None req-33ae994f-f9ab-43b4-b45f-f6dbf1baa847 dc6f9a40c3ce42ac82ec9d636e24c5f4 4ffdfa60739a42b8a4718a043dd28e2f - - default default] 10.0.0.85 "DELETE /v2.0/subnets/4e511307-f7e2-4bd5-afeb-7fa869d3d958 HTTP/1.1" status: 204 len: 168 time: 0.1727197
2026-04-28 18:33:16.362 9 INFO neutron.services.segments.plugin [-] Segment ccbc0c28-4ec1-4f4e-9890-a686f08fc8c6 resource provider aggregate not found
2026-04-28 18:33:16.368 9 INFO neutron.services.segments.plugin [-] Segment ccbc0c28-4ec1-4f4e-9890-a686f08fc8c6 resource provider aggregate not found
2026-04-28 18:33:16.381 9 INFO neutron.services.segments.plugin [-] Segment ccbc0c28-4ec1-4f4e-9890-a686f08fc8c6 resource provider not found; error: Placement Client Error (4xx): {"errors": [{"status": 404, "title": "Not Found", "detail": "The resource could not be found.\n\n No resource provider with uuid ccbc0c28-4ec1-4f4e-9890-a686f08fc8c6 found for delete ", "request_id": "req-429e182a-b8c3-4dce-99e4-0f2882cbbb51"}]}
2026-04-28 18:33:16.384 9 INFO neutron.services.segments.plugin [-] Segment ccbc0c28-4ec1-4f4e-9890-a686f08fc8c6 resource provider not found; error: Placement Client Error (4xx): {"errors": [{"status": 404, "title": "Not Found", "detail": "The resource could not be found.\n\n No resource provider with uuid ccbc0c28-4ec1-4f4e-9890-a686f08fc8c6 found for delete ", "request_id": "req-c19f5bd2-ce01-4993-b567-09ddf26a7470"}]}
2026-04-28 18:33:16.407 9 INFO neutron.wsgi [req-78e33109-2afb-450a-bbb8-f9fec9e9fb6e req-483ad4d3-dfe1-4fab-82b0-e08270c21cff 65c019604b1048f1ac963b0aa253f508 9ac28dc8ca2943d2bde229ae8792526f - - default default] 10.0.0.139 "GET /v2.0/ports?device_id=61f44607-c126-4919-8f5c-d36f8b7fab6f HTTP/1.1" status: 200 len: 1174 time: 0.0553396
2026-04-28 18:33:16.423 9 INFO neutron.wsgi [None req-bb89f584-1bf0-430f-b6f1-c7fcd633ef6f dc6f9a40c3ce42ac82ec9d636e24c5f4 4ffdfa60739a42b8a4718a043dd28e2f - - default default] 10.0.0.85 "DELETE /v2.0/networks/5da774b5-6f90-4ce6-a619-3fdca65b1907 HTTP/1.1" status: 204 len: 168 time: 0.3780293
2026-04-28 18:33:16.471 9 INFO neutron.wsgi [req-78e33109-2afb-450a-bbb8-f9fec9e9fb6e req-695b2c69-b923-4b5f-ba93-8bb7faec6e24 65c019604b1048f1ac963b0aa253f508 9ac28dc8ca2943d2bde229ae8792526f - - default default] 10.0.0.139 "GET /v2.0/security-groups?id=8901c506-8411-45f9-928e-161585ae6474&fields=id&fields=name HTTP/1.1" status: 200 len: 313 time: 0.0520785
2026-04-28 18:33:16.528 10 INFO neutron.db.segments_db [None req-226b080e-50b3-4c4c-8eb9-7c0d273eee11 dc6f9a40c3ce42ac82ec9d636e24c5f4 4ffdfa60739a42b8a4718a043dd28e2f - - default default] Added segment b625d7e6-1cdc-46bf-816b-0170efe84fcb of type geneve for network 17eed084-dc7d-49a4-949d-f194d39bbbb4
2026-04-28 18:33:16.651 10 INFO neutron.db.ovn_revision_numbers_db [None req-2416d423-435a-4e73-b3e7-4554d4cec526 48e081fb0e3148478a0338e7fc589bad 7c9837aa41ee4d8fb6b630692028dc4c - - default default] Successfully bumped revision number for resource c8551135-4b96-42a6-b88f-b6194575b40a (type: security_groups) to 1
2026-04-28 18:33:16.658 9 INFO neutron.wsgi [req-252d9b9f-1a58-434d-b850-eee925e46d71 req-4041bcbb-7f66-4d55-95a2-644deeb493b8 65c019604b1048f1ac963b0aa253f508 9ac28dc8ca2943d2bde229ae8792526f - - default default] 10.0.0.139 "GET /v2.0/ports?device_id=61f44607-c126-4919-8f5c-d36f8b7fab6f HTTP/1.1" status: 200 len: 1174 time: 0.0984104
2026-04-28 18:33:16.722 9 INFO neutron.wsgi [req-252d9b9f-1a58-434d-b850-eee925e46d71 req-81dd02ed-96d2-4546-91ff-483257066181 65c019604b1048f1ac963b0aa253f508 9ac28dc8ca2943d2bde229ae8792526f - - default default] 10.0.0.139 "GET /v2.0/security-groups?id=8901c506-8411-45f9-928e-161585ae6474&fields=id&fields=name HTTP/1.1" status: 200 len: 313 time: 0.0499685
2026-04-28 18:33:16.788 9 INFO neutron.wsgi [None req-88167dbb-892c-47e7-b502-c5ab852d3c38 2c44670f68fe413b8a304190b0f3ec4e 562e1680d9bc46859e152eaf4965ab51 - - default default] 10.0.0.85 "GET /v2.0/ports?device_id=61f44607-c126-4919-8f5c-d36f8b7fab6f HTTP/1.1" status: 200 len: 1408 time: 0.0300703
2026-04-28 18:33:16.893 10 INFO neutron.db.ovn_revision_numbers_db [None req-2416d423-435a-4e73-b3e7-4554d4cec526 48e081fb0e3148478a0338e7fc589bad 7c9837aa41ee4d8fb6b630692028dc4c - - default default] Successfully bumped revision number for resource 522fa3b0-793a-409e-bbca-1d5162492101 (type: security_group_rules) to 0
2026-04-28 18:33:16.905 10 INFO neutron.db.ovn_revision_numbers_db [None req-226b080e-50b3-4c4c-8eb9-7c0d273eee11 dc6f9a40c3ce42ac82ec9d636e24c5f4 4ffdfa60739a42b8a4718a043dd28e2f - - default default] Successfully bumped revision number for resource 17eed084-dc7d-49a4-949d-f194d39bbbb4 (type: networks) to 1
2026-04-28 18:33:16.907 10 INFO neutron.db.ovn_revision_numbers_db [None req-2416d423-435a-4e73-b3e7-4554d4cec526 48e081fb0e3148478a0338e7fc589bad 7c9837aa41ee4d8fb6b630692028dc4c - - default default] Successfully bumped revision number for resource 5437ae25-a60d-4fd5-a401-07a57700cd01 (type: security_group_rules) to 0
2026-04-28 18:33:16.934 10 INFO neutron.db.ovn_revision_numbers_db [None req-2416d423-435a-4e73-b3e7-4554d4cec526 48e081fb0e3148478a0338e7fc589bad 7c9837aa41ee4d8fb6b630692028dc4c - - default default] Successfully bumped revision number for resource ed873e49-d423-4640-9e34-693631afe927 (type: security_group_rules) to 0
2026-04-28 18:33:16.952 10 INFO neutron.db.ovn_revision_numbers_db [None req-2416d423-435a-4e73-b3e7-4554d4cec526 48e081fb0e3148478a0338e7fc589bad 7c9837aa41ee4d8fb6b630692028dc4c - - default default] Successfully bumped revision number for resource f8abe3ef-2d3a-4edc-a3ac-efacf654ea7c (type: security_group_rules) to 0
2026-04-28 18:33:16.995 10 INFO neutron.wsgi [None req-2416d423-435a-4e73-b3e7-4554d4cec526 48e081fb0e3148478a0338e7fc589bad 7c9837aa41ee4d8fb6b630692028dc4c - - default default] 10.0.0.85 "GET /v2.0/security-groups?tenant_id=c6a376b918c54abab146132dfd3cdd9e&name=default HTTP/1.1" status: 200 len: 2996 time: 0.6401832
2026-04-28 18:33:17.109 10 WARNING neutron.scheduler.dhcp_agent_scheduler [None req-226b080e-50b3-4c4c-8eb9-7c0d273eee11 dc6f9a40c3ce42ac82ec9d636e24c5f4 4ffdfa60739a42b8a4718a043dd28e2f - - default default] No more DHCP agents
2026-04-28 18:33:17.113 10 WARNING neutron.api.rpc.agentnotifiers.dhcp_rpc_agent_api [None req-226b080e-50b3-4c4c-8eb9-7c0d273eee11 dc6f9a40c3ce42ac82ec9d636e24c5f4 4ffdfa60739a42b8a4718a043dd28e2f - - default default] Unable to schedule network 17eed084-dc7d-49a4-949d-f194d39bbbb4: no agents available; will retry on subsequent port and subnet creation events.
2026-04-28 18:33:17.195 10 INFO neutron.db.ovn_revision_numbers_db [None req-226b080e-50b3-4c4c-8eb9-7c0d273eee11 dc6f9a40c3ce42ac82ec9d636e24c5f4 4ffdfa60739a42b8a4718a043dd28e2f - - default default] Successfully bumped revision number for resource 870a0d65-88ca-4d49-94ad-348320106e9e (type: ports) to 1
2026-04-28 18:33:17.219 10 INFO neutron.wsgi [None req-226b080e-50b3-4c4c-8eb9-7c0d273eee11 dc6f9a40c3ce42ac82ec9d636e24c5f4 4ffdfa60739a42b8a4718a043dd28e2f - - default default] 10.0.0.85 "POST /v2.0/networks HTTP/1.1" status: 201 len: 831 time: 0.7870743
2026-04-28 18:33:17.277 9 WARNING neutron.scheduler.dhcp_agent_scheduler [None req-f3b3306a-1fa0-4453-a95e-7458a04de42a 65c019604b1048f1ac963b0aa253f508 9ac28dc8ca2943d2bde229ae8792526f - - default default] No more DHCP agents
2026-04-28 18:33:17.281 9 WARNING neutron.api.rpc.agentnotifiers.dhcp_rpc_agent_api [None req-f3b3306a-1fa0-4453-a95e-7458a04de42a 65c019604b1048f1ac963b0aa253f508 9ac28dc8ca2943d2bde229ae8792526f - - default default] Unable to schedule network af8490e8-3bb6-439f-be93-97801fca88e6: no agents available; will retry on subsequent port and subnet creation events.
2026-04-28 18:33:17.486 10 WARNING neutron.scheduler.dhcp_agent_scheduler [None req-dbdcd72c-4592-4f64-96a5-a6b161ea9526 dc6f9a40c3ce42ac82ec9d636e24c5f4 4ffdfa60739a42b8a4718a043dd28e2f - - default default] No more DHCP agents
2026-04-28 18:33:17.488 10 WARNING neutron.api.rpc.agentnotifiers.dhcp_rpc_agent_api [None req-dbdcd72c-4592-4f64-96a5-a6b161ea9526 dc6f9a40c3ce42ac82ec9d636e24c5f4 4ffdfa60739a42b8a4718a043dd28e2f - - default default] Unable to schedule network 17eed084-dc7d-49a4-949d-f194d39bbbb4: no agents available; will retry on subsequent port and subnet creation events.
2026-04-28 18:33:17.490 9 INFO neutron.wsgi [None req-64dd4591-5adf-42a1-8376-4ab5651840e4 48e081fb0e3148478a0338e7fc589bad 7c9837aa41ee4d8fb6b630692028dc4c - - default default] 10.0.0.85 "DELETE /v2.0/security-groups/c8551135-4b96-42a6-b88f-b6194575b40a HTTP/1.1" status: 204 len: 168 time: 0.4867609
2026-04-28 18:33:17.683 9 INFO neutron.db.l3_db [None req-f3b3306a-1fa0-4453-a95e-7458a04de42a 65c019604b1048f1ac963b0aa253f508 9ac28dc8ca2943d2bde229ae8792526f - - default default] Floating IP 3e3efed5-5430-4cc8-9a84-780b0ba796e9 associated. External IP: 10.96.250.202, port: 87904054-dea0-43b2-af79-543eadbe38e0.
2026-04-28 18:33:17.884 9 INFO neutron.db.ovn_revision_numbers_db [None req-f3b3306a-1fa0-4453-a95e-7458a04de42a 65c019604b1048f1ac963b0aa253f508 9ac28dc8ca2943d2bde229ae8792526f - - default default] Successfully bumped revision number for resource 3e3efed5-5430-4cc8-9a84-780b0ba796e9 (type: floatingips) to 0
2026-04-28 18:33:17.974 10 INFO neutron.db.ovn_revision_numbers_db [None req-dbdcd72c-4592-4f64-96a5-a6b161ea9526 dc6f9a40c3ce42ac82ec9d636e24c5f4 4ffdfa60739a42b8a4718a043dd28e2f - - default default] Successfully bumped revision number for resource 870a0d65-88ca-4d49-94ad-348320106e9e (type: ports) to 2
2026-04-28 18:33:18.011 10 INFO neutron.db.ovn_revision_numbers_db [None req-dbdcd72c-4592-4f64-96a5-a6b161ea9526 dc6f9a40c3ce42ac82ec9d636e24c5f4 4ffdfa60739a42b8a4718a043dd28e2f - - default default] Successfully bumped revision number for resource bde46e62-763a-4e4b-ad3d-ced8045d55f9 (type: subnets) to 0
2026-04-28 18:33:18.015 9 INFO neutron.db.ovn_revision_numbers_db [None req-f3b3306a-1fa0-4453-a95e-7458a04de42a 65c019604b1048f1ac963b0aa253f508 9ac28dc8ca2943d2bde229ae8792526f - - default default] Successfully bumped revision number for resource 3e3efed5-5430-4cc8-9a84-780b0ba796e9 (type: floatingips) to 1
2026-04-28 18:33:18.022 10 INFO neutron.wsgi [None req-dbdcd72c-4592-4f64-96a5-a6b161ea9526 dc6f9a40c3ce42ac82ec9d636e24c5f4 4ffdfa60739a42b8a4718a043dd28e2f - - default default] 10.0.0.85 "POST /v2.0/subnets HTTP/1.1" status: 201 len: 801 time: 0.7985511
2026-04-28 18:33:18.049 9 INFO neutron.wsgi [None req-f3b3306a-1fa0-4453-a95e-7458a04de42a 65c019604b1048f1ac963b0aa253f508 9ac28dc8ca2943d2bde229ae8792526f - - default default] 10.0.0.85 "POST /v2.0/floatingips HTTP/1.1" status: 201 len: 1055 time: 1.2562339 /var/lib/openstack/lib/python3.10/site-packages/pycadf/identifier.py:71: UserWarning: Invalid uuid: neutron. To ensure interoperability, identifiers should be a valid uuid. warnings.warn(('Invalid uuid: %s. To ensure interoperability, '
2026-04-28 18:33:18.088 9 INFO neutron.notifiers.nova [-] Nova event matching ['req-b2ccf2d8-b5d2-4135-a6f9-2ed91f16d4d2'] response: {'name': 'network-changed', 'server_uuid': '61f44607-c126-4919-8f5c-d36f8b7fab6f', 'tag': '87904054-dea0-43b2-af79-543eadbe38e0', 'status': 'completed', 'code': 200}
2026-04-28 18:33:18.102 9 INFO neutron.wsgi [None req-801a606f-8ba1-4336-b850-beab27749964 65c019604b1048f1ac963b0aa253f508 9ac28dc8ca2943d2bde229ae8792526f - - default default] 10.0.0.85 "GET /v2.0/floatingips/3e3efed5-5430-4cc8-9a84-780b0ba796e9 HTTP/1.1" status: 200 len: 1052 time: 0.0431087
2026-04-28 18:33:18.146 10 INFO neutron.wsgi [req-8344b97d-6ac8-4d82-8a61-6d9954c27dbd req-8522f774-dce9-4d6b-9047-0e05df1b9279 54b88280dc1646d2a79d662e64c0d724 4f8eb4083741407ab21daa902d3eeb03 - - e62532941e864b8ba3623ffc54f3df85 e62532941e864b8ba3623ffc54f3df85] 199.19.213.209 "GET /v2.0/ports?tenant_id=9ac28dc8ca2943d2bde229ae8792526f&device_id=61f44607-c126-4919-8f5c-d36f8b7fab6f HTTP/1.1" status: 200 len: 1413 time: 0.0347152
2026-04-28 18:33:18.228 10 INFO neutron.wsgi [req-8344b97d-6ac8-4d82-8a61-6d9954c27dbd req-7bbab790-7600-47a1-a81b-36c63d8d3620 54b88280dc1646d2a79d662e64c0d724 4f8eb4083741407ab21daa902d3eeb03 - - e62532941e864b8ba3623ffc54f3df85 e62532941e864b8ba3623ffc54f3df85] 199.19.213.209 "GET /v2.0/networks?id=1b2bd72f-5f03-45de-86b1-a6c30089628c HTTP/1.1" status: 200 len: 959 time: 0.0752106
2026-04-28 18:33:18.289 10 INFO neutron.wsgi [req-8344b97d-6ac8-4d82-8a61-6d9954c27dbd req-efa78da3-c198-4f64-b8c3-d3ed5caa927e 54b88280dc1646d2a79d662e64c0d724 4f8eb4083741407ab21daa902d3eeb03 - - e62532941e864b8ba3623ffc54f3df85 e62532941e864b8ba3623ffc54f3df85] 199.19.213.209 "GET /v2.0/floatingips?fixed_ip_address=10.100.0.14&port_id=87904054-dea0-43b2-af79-543eadbe38e0 HTTP/1.1" status: 200 len: 1060 time: 0.0536711
2026-04-28 18:33:18.344 10 INFO neutron.wsgi [req-8344b97d-6ac8-4d82-8a61-6d9954c27dbd req-b3a76af9-33a3-4880-9686-f57326ae5e6d 54b88280dc1646d2a79d662e64c0d724 4f8eb4083741407ab21daa902d3eeb03 - - e62532941e864b8ba3623ffc54f3df85 e62532941e864b8ba3623ffc54f3df85] 199.19.213.209 "GET /v2.0/subnets?id=14b84686-745e-4392-974d-0b840c872909 HTTP/1.1" status: 200 len: 853 time: 0.0484190
2026-04-28 18:33:18.382 10 INFO neutron.wsgi [req-8344b97d-6ac8-4d82-8a61-6d9954c27dbd req-3ecc2fba-a761-4221-9f08-f71062047331 54b88280dc1646d2a79d662e64c0d724 4f8eb4083741407ab21daa902d3eeb03 - - e62532941e864b8ba3623ffc54f3df85 e62532941e864b8ba3623ffc54f3df85] 199.19.213.209 "GET /v2.0/ports?network_id=1b2bd72f-5f03-45de-86b1-a6c30089628c&device_owner=network%3Adhcp HTTP/1.1" status: 200 len: 210 time: 0.0278738
2026-04-28 18:33:18.388 10 WARNING neutron.scheduler.dhcp_agent_scheduler [None req-22701506-768e-40b0-90a1-99a8a1b1db0a dc6f9a40c3ce42ac82ec9d636e24c5f4 4ffdfa60739a42b8a4718a043dd28e2f - - default default] No more DHCP agents
2026-04-28 18:33:18.390 10 WARNING neutron.api.rpc.agentnotifiers.dhcp_rpc_agent_api [None req-22701506-768e-40b0-90a1-99a8a1b1db0a dc6f9a40c3ce42ac82ec9d636e24c5f4 4ffdfa60739a42b8a4718a043dd28e2f - - default default] Unable to schedule network 17eed084-dc7d-49a4-949d-f194d39bbbb4: no agents available; will retry on subsequent port and subnet creation events.
