2026-04-28 18:32:11.038 9 INFO neutron.db.ovn_revision_numbers_db [None req-05844a51-c8fa-4e57-869a-6447a817193f 68027d439b044ebd8dc31424fc114ed5 bddde6711bed4dd8b2a454341a5ad8b8 - - default default] Successfully bumped revision number for resource 5d8c327e-c632-478d-a360-03fa31fbb312 (type: ports) to 1
2026-04-28 18:32:11.048 9 INFO neutron.wsgi [req-03507f43-3b86-4d5b-9331-4c99d938551a req-cc1aa23a-124b-430a-a25e-453ec60d71e5 ef8215097e6747c88187662967be25e0 79ae88a172294abaac919a9acc6d5895 - - default default] 10.0.0.139 "GET /v2.0/ports?device_id=81499200-cc96-40b5-a738-76ec09a5cf74 HTTP/1.1" status: 200 len: 1168 time: 0.0321734
2026-04-28 18:32:11.049 10 INFO neutron.wsgi [req-27192764-d5d9-4885-a30f-d899395b29dc req-08978484-419e-4f28-a7eb-b5961c71c61a 54b88280dc1646d2a79d662e64c0d724 4f8eb4083741407ab21daa902d3eeb03 - - e62532941e864b8ba3623ffc54f3df85 e62532941e864b8ba3623ffc54f3df85] 199.19.213.209 "GET /v2.0/ports?network_id=7fbc5d7d-dc89-480e-bcc9-5a281f91651b&device_owner=network%3Adhcp HTTP/1.1" status: 200 len: 210 time: 0.0262113
2026-04-28 18:32:11.072 9 INFO neutron.wsgi [None req-05844a51-c8fa-4e57-869a-6447a817193f 68027d439b044ebd8dc31424fc114ed5 bddde6711bed4dd8b2a454341a5ad8b8 - - default default] 10.0.0.85 "POST /v2.0/networks HTTP/1.1" status: 201 len: 832 time: 0.7193210
2026-04-28 18:32:11.101 9 INFO neutron.wsgi [req-03507f43-3b86-4d5b-9331-4c99d938551a req-0c9101b0-9be3-4307-aa4f-2c125d546e06 ef8215097e6747c88187662967be25e0 79ae88a172294abaac919a9acc6d5895 - - default default] 10.0.0.139 "GET /v2.0/security-groups?id=e6e0216b-487c-4cc3-a01b-1a77ca11cf0b&fields=id&fields=name HTTP/1.1" status: 200 len: 312 time: 0.0437012
2026-04-28 18:32:11.113 10 INFO neutron.wsgi [req-27192764-d5d9-4885-a30f-d899395b29dc req-0adba3fa-2c95-4f6f-99d1-3162388b3563 54b88280dc1646d2a79d662e64c0d724 4f8eb4083741407ab21daa902d3eeb03 - - e62532941e864b8ba3623ffc54f3df85 e62532941e864b8ba3623ffc54f3df85] 199.19.213.209 "GET /v2.0/networks/7fbc5d7d-dc89-480e-bcc9-5a281f91651b?fields=segments HTTP/1.1" status: 200 len: 212 time: 0.0574605
2026-04-28 18:32:11.187 10 INFO neutron.wsgi [req-27192764-d5d9-4885-a30f-d899395b29dc req-e2f21bb1-e5d9-40e7-914d-7f792ee6bb7f 54b88280dc1646d2a79d662e64c0d724 4f8eb4083741407ab21daa902d3eeb03 - - e62532941e864b8ba3623ffc54f3df85 e62532941e864b8ba3623ffc54f3df85] 199.19.213.209 "GET /v2.0/networks/7fbc5d7d-dc89-480e-bcc9-5a281f91651b?fields=provider%3Aphysical_network&fields=provider%3Anetwork_type HTTP/1.1" status: 200 len: 277 time: 0.0660663
2026-04-28 18:32:11.259 10 INFO neutron.wsgi [req-b0ee3ebb-e4e1-4e32-b372-9bfd7daaf5a0 req-a6173826-0fa7-42b9-b7af-ef4fd3292802 54b88280dc1646d2a79d662e64c0d724 4f8eb4083741407ab21daa902d3eeb03 - - e62532941e864b8ba3623ffc54f3df85 e62532941e864b8ba3623ffc54f3df85] 199.19.213.209 "GET /v2.0/ports?tenant_id=79ae88a172294abaac919a9acc6d5895&device_id=81499200-cc96-40b5-a738-76ec09a5cf74 HTTP/1.1" status: 200 len: 1407 time: 0.0352218
2026-04-28 18:32:11.286 9 WARNING neutron.scheduler.dhcp_agent_scheduler [None req-160642e2-61e8-4c2f-92bb-c77ff5982d4f 68027d439b044ebd8dc31424fc114ed5 bddde6711bed4dd8b2a454341a5ad8b8 - - default default] No more DHCP agents
2026-04-28 18:32:11.291 9 WARNING neutron.api.rpc.agentnotifiers.dhcp_rpc_agent_api [None req-160642e2-61e8-4c2f-92bb-c77ff5982d4f 68027d439b044ebd8dc31424fc114ed5 bddde6711bed4dd8b2a454341a5ad8b8 - - default default] Unable to schedule network d7dea140-120b-4e20-a5cf-6fb1c43827ac: no agents available; will retry on subsequent port and subnet creation events.
2026-04-28 18:32:11.318 9 INFO neutron.db.ovn_revision_numbers_db [None req-160642e2-61e8-4c2f-92bb-c77ff5982d4f 68027d439b044ebd8dc31424fc114ed5 bddde6711bed4dd8b2a454341a5ad8b8 - - default default] Successfully bumped revision number for resource 679b3097-ebff-48c7-a5cd-e4dd2b413c04 (type: subnets) to 0
2026-04-28 18:32:11.341 9 INFO neutron.wsgi [None req-160642e2-61e8-4c2f-92bb-c77ff5982d4f 68027d439b044ebd8dc31424fc114ed5 bddde6711bed4dd8b2a454341a5ad8b8 - - default default] 10.0.0.85 "POST /v2.0/subnets HTTP/1.1" status: 201 len: 821 time: 0.2620118
2026-04-28 18:32:11.349 10 INFO neutron.wsgi [req-b0ee3ebb-e4e1-4e32-b372-9bfd7daaf5a0 req-df70fa86-f302-4348-bf6e-421443f04102 54b88280dc1646d2a79d662e64c0d724 4f8eb4083741407ab21daa902d3eeb03 - - e62532941e864b8ba3623ffc54f3df85 e62532941e864b8ba3623ffc54f3df85] 199.19.213.209 "GET /v2.0/networks?id=7fbc5d7d-dc89-480e-bcc9-5a281f91651b HTTP/1.1" status: 200 len: 973 time: 0.0846593
2026-04-28 18:32:11.364 10 INFO neutron.plugins.ml2.drivers.ovn.mech_driver.mech_driver [None req-61ff434f-011b-47b9-8267-37fb304c1254 - - - - - -] OVN reports status up for port: e999a37e-2c43-4dbe-8560-3108bfc91f42
2026-04-28 18:32:11.391 10 INFO neutron.wsgi [req-b0ee3ebb-e4e1-4e32-b372-9bfd7daaf5a0 req-9add5ac8-8444-45b8-875c-d21785d1ed18 54b88280dc1646d2a79d662e64c0d724 4f8eb4083741407ab21daa902d3eeb03 - - e62532941e864b8ba3623ffc54f3df85 e62532941e864b8ba3623ffc54f3df85] 199.19.213.209 "GET /v2.0/floatingips?fixed_ip_address=10.100.0.6&port_id=e999a37e-2c43-4dbe-8560-3108bfc91f42 HTTP/1.1" status: 200 len: 217 time: 0.0221200
2026-04-28 18:32:11.392 10 INFO neutron.plugins.ml2.plugin [None req-61ff434f-011b-47b9-8267-37fb304c1254 - - - - - -] Attempt 1 to provision port e999a37e-2c43-4dbe-8560-3108bfc91f42
2026-04-28 18:32:11.438 10 INFO neutron.wsgi [req-b0ee3ebb-e4e1-4e32-b372-9bfd7daaf5a0 req-53c06c70-c12d-44ec-ba5c-f67ef126219d 54b88280dc1646d2a79d662e64c0d724 4f8eb4083741407ab21daa902d3eeb03 - - e62532941e864b8ba3623ffc54f3df85 e62532941e864b8ba3623ffc54f3df85] 199.19.213.209 "GET /v2.0/subnets?id=b6ee48e4-14e3-4c60-8467-3afd28ce39c0 HTTP/1.1" status: 200 len: 869 time: 0.0371749
2026-04-28 18:32:11.469 10 INFO neutron.wsgi [req-b0ee3ebb-e4e1-4e32-b372-9bfd7daaf5a0 req-427745a3-1d29-40e5-9651-71075ec7037d 54b88280dc1646d2a79d662e64c0d724 4f8eb4083741407ab21daa902d3eeb03 - - e62532941e864b8ba3623ffc54f3df85 e62532941e864b8ba3623ffc54f3df85] 199.19.213.209 "GET /v2.0/ports?network_id=7fbc5d7d-dc89-480e-bcc9-5a281f91651b&device_owner=network%3Adhcp HTTP/1.1" status: 200 len: 210 time: 0.0258255
2026-04-28 18:32:11.553 10 INFO neutron.wsgi [req-b0ee3ebb-e4e1-4e32-b372-9bfd7daaf5a0 req-c266210b-f52b-4c82-928a-4fc8a19e0ed8 54b88280dc1646d2a79d662e64c0d724 4f8eb4083741407ab21daa902d3eeb03 - - e62532941e864b8ba3623ffc54f3df85 e62532941e864b8ba3623ffc54f3df85] 199.19.213.209 "GET /v2.0/networks/7fbc5d7d-dc89-480e-bcc9-5a281f91651b?fields=segments HTTP/1.1" status: 200 len: 212 time: 0.0774431
2026-04-28 18:32:11.617 10 INFO neutron.wsgi [req-b0ee3ebb-e4e1-4e32-b372-9bfd7daaf5a0 req-de6a3c48-3304-467c-837c-a5b7a9d1fcbd 54b88280dc1646d2a79d662e64c0d724 4f8eb4083741407ab21daa902d3eeb03 - - e62532941e864b8ba3623ffc54f3df85 e62532941e864b8ba3623ffc54f3df85] 199.19.213.209 "GET /v2.0/networks/7fbc5d7d-dc89-480e-bcc9-5a281f91651b?fields=provider%3Aphysical_network&fields=provider%3Anetwork_type HTTP/1.1" status: 200 len: 277 time: 0.0598190
2026-04-28 18:32:11.653 9 WARNING neutron.scheduler.dhcp_agent_scheduler [None req-33855fe3-e126-4190-a3db-76a0de9d905d 68027d439b044ebd8dc31424fc114ed5 bddde6711bed4dd8b2a454341a5ad8b8 - - default default] No more DHCP agents
2026-04-28 18:32:11.655 9 WARNING neutron.api.rpc.agentnotifiers.dhcp_rpc_agent_api [None req-33855fe3-e126-4190-a3db-76a0de9d905d 68027d439b044ebd8dc31424fc114ed5 bddde6711bed4dd8b2a454341a5ad8b8 - - default default] Unable to schedule network e602d660-e4f5-4243-b6d2-97dae6a83479: no agents available; will retry on subsequent port and subnet creation events.
2026-04-28 18:32:11.687 9 INFO neutron.db.ovn_revision_numbers_db [None req-33855fe3-e126-4190-a3db-76a0de9d905d 68027d439b044ebd8dc31424fc114ed5 bddde6711bed4dd8b2a454341a5ad8b8 - - default default] Successfully bumped revision number for resource 26b0bb56-1740-4b2e-8fb4-b501164d99a0 (type: subnets) to 0
2026-04-28 18:32:11.704 9 INFO neutron.wsgi [None req-33855fe3-e126-4190-a3db-76a0de9d905d 68027d439b044ebd8dc31424fc114ed5 bddde6711bed4dd8b2a454341a5ad8b8 - - default default] 10.0.0.85 "POST /v2.0/subnets HTTP/1.1" status: 201 len: 830 time: 0.3544600
2026-04-28 18:32:11.741 10 INFO neutron.db.ovn_revision_numbers_db [None req-61ff434f-011b-47b9-8267-37fb304c1254 - - - - - -] Successfully bumped revision number for resource e999a37e-2c43-4dbe-8560-3108bfc91f42 (type: ports) to 4
2026-04-28 18:32:11.894 9 INFO neutron.db.ovn_revision_numbers_db [None req-8b41e5f0-5df3-4ccb-8bf4-c4f1cac4aa4a 68027d439b044ebd8dc31424fc114ed5 bddde6711bed4dd8b2a454341a5ad8b8 - - default default] Successfully bumped revision number for resource 07b87b26-0c20-47a8-b8ad-775c35b823e3 (type: routers) to 1
2026-04-28 18:32:11.908 9 INFO neutron.wsgi [None req-8b41e5f0-5df3-4ccb-8bf4-c4f1cac4aa4a 68027d439b044ebd8dc31424fc114ed5 bddde6711bed4dd8b2a454341a5ad8b8 - - default default] 10.0.0.85 "POST /v2.0/routers HTTP/1.1" status: 201 len: 691 time: 0.1998768
2026-04-28 18:32:12.221 9 INFO neutron.wsgi [req-0d5666f6-11c7-442a-9d54-ba3b9d80b79f req-6839c9fd-6e12-4b53-b317-d7194b9a139d ef8215097e6747c88187662967be25e0 79ae88a172294abaac919a9acc6d5895 - - default default] 10.0.0.139 "GET /v2.0/ports?device_id=81499200-cc96-40b5-a738-76ec09a5cf74 HTTP/1.1" status: 200 len: 1170 time: 0.0444703
2026-04-28 18:32:12.274 9 INFO neutron.wsgi [req-0d5666f6-11c7-442a-9d54-ba3b9d80b79f req-c2dfa6ec-a7eb-498f-9f68-fc64630fd51c ef8215097e6747c88187662967be25e0 79ae88a172294abaac919a9acc6d5895 - - default default] 10.0.0.139 "GET /v2.0/security-groups?id=e6e0216b-487c-4cc3-a01b-1a77ca11cf0b&fields=id&fields=name HTTP/1.1" status: 200 len: 312 time: 0.0473516
2026-04-28 18:32:12.318 9 WARNING neutron.scheduler.dhcp_agent_scheduler [None req-b02ce42d-8d86-4ff8-8218-33e733a848d8 68027d439b044ebd8dc31424fc114ed5 bddde6711bed4dd8b2a454341a5ad8b8 - - default default] No more DHCP agents
2026-04-28 18:32:12.320 9 WARNING neutron.api.rpc.agentnotifiers.dhcp_rpc_agent_api [None req-b02ce42d-8d86-4ff8-8218-33e733a848d8 68027d439b044ebd8dc31424fc114ed5 bddde6711bed4dd8b2a454341a5ad8b8 - - default default] Unable to schedule network d7dea140-120b-4e20-a5cf-6fb1c43827ac: no agents available; will retry on subsequent port and subnet creation events.
2026-04-28 18:32:12.426 9 INFO neutron.db.ovn_revision_numbers_db [None req-b02ce42d-8d86-4ff8-8218-33e733a848d8 68027d439b044ebd8dc31424fc114ed5 bddde6711bed4dd8b2a454341a5ad8b8 - - default default] Successfully bumped revision number for resource 314acb2f-8f93-4ac9-b199-2fabd1e965a5 (type: ports) to 1 /var/lib/openstack/lib/python3.10/site-packages/pycadf/identifier.py:71: UserWarning: Invalid uuid: neutron. To ensure interoperability, identifiers should be a valid uuid. warnings.warn(('Invalid uuid: %s. To ensure interoperability, '
2026-04-28 18:32:12.805 9 INFO neutron.db.ovn_revision_numbers_db [None req-b02ce42d-8d86-4ff8-8218-33e733a848d8 68027d439b044ebd8dc31424fc114ed5 bddde6711bed4dd8b2a454341a5ad8b8 - - default default] Successfully bumped revision number for resource 314acb2f-8f93-4ac9-b199-2fabd1e965a5 (type: router_ports) to 1
2026-04-28 18:32:12.842 9 INFO neutron.wsgi [req-e857e7b8-7bba-4d95-a2ac-d5cb28143d05 req-b63a8068-1520-4114-b5ab-382d6982147d 54b88280dc1646d2a79d662e64c0d724 4f8eb4083741407ab21daa902d3eeb03 - - e62532941e864b8ba3623ffc54f3df85 e62532941e864b8ba3623ffc54f3df85] 10.0.0.244 "GET /v2.0/ports?device_id=764cd203-0348-43d4-a67d-2439292731fa HTTP/1.1" status: 200 len: 1409 time: 0.1935339
2026-04-28 18:32:12.903 9 INFO neutron.wsgi [req-e857e7b8-7bba-4d95-a2ac-d5cb28143d05 req-49bbf6f0-a3e6-4d5a-ae7a-5aa9da52702b 54b88280dc1646d2a79d662e64c0d724 4f8eb4083741407ab21daa902d3eeb03 - - e62532941e864b8ba3623ffc54f3df85 e62532941e864b8ba3623ffc54f3df85] 10.0.0.244 "GET /v2.0/security-groups?id=50055155-b74c-448b-8cd4-edb4fab01a65&fields=id&fields=name HTTP/1.1" status: 200 len: 313 time: 0.0500722
2026-04-28 18:32:12.936 10 INFO neutron.plugins.ml2.drivers.ovn.mech_driver.mech_driver [None req-61ff434f-011b-47b9-8267-37fb304c1254 - - - - - -] OVN reports status up for port: 314acb2f-8f93-4ac9-b199-2fabd1e965a5
2026-04-28 18:32:12.948 10 INFO neutron.plugins.ml2.plugin [None req-61ff434f-011b-47b9-8267-37fb304c1254 - - - - - -] Attempt 1 to provision port 314acb2f-8f93-4ac9-b199-2fabd1e965a5
2026-04-28 18:32:12.957 9 INFO neutron.db.ovn_revision_numbers_db [None req-b02ce42d-8d86-4ff8-8218-33e733a848d8 68027d439b044ebd8dc31424fc114ed5 bddde6711bed4dd8b2a454341a5ad8b8 - - default default] Successfully bumped revision number for resource 314acb2f-8f93-4ac9-b199-2fabd1e965a5 (type: ports) to 1
2026-04-28 18:32:12.977 10 INFO neutron.notifiers.nova [-] Nova event matching ['req-af12268b-c731-416f-86d1-48b92f6ed807'] response: {'server_uuid': '81499200-cc96-40b5-a738-76ec09a5cf74', 'name': 'network-vif-plugged', 'status': 'completed', 'tag': 'e999a37e-2c43-4dbe-8560-3108bfc91f42', 'code': 200}
2026-04-28 18:32:12.977 10 INFO neutron.notifiers.nova [-] Nova event matching ['req-af12268b-c731-416f-86d1-48b92f6ed807'] response: {'server_uuid': '81499200-cc96-40b5-a738-76ec09a5cf74', 'name': 'network-vif-plugged', 'status': 'completed', 'tag': 'e999a37e-2c43-4dbe-8560-3108bfc91f42', 'code': 200}
2026-04-28 18:32:13.131 10 INFO neutron.db.ovn_revision_numbers_db [None req-2574d8fd-4668-43f5-a854-f641fef4a788 48e081fb0e3148478a0338e7fc589bad 7c9837aa41ee4d8fb6b630692028dc4c - - default default] Successfully bumped revision number for resource 41c13682-b8d5-401e-8705-cc721b83a15e (type: security_groups) to 1
2026-04-28 18:32:13.180 10 INFO neutron.db.ovn_revision_numbers_db [None req-2574d8fd-4668-43f5-a854-f641fef4a788 48e081fb0e3148478a0338e7fc589bad 7c9837aa41ee4d8fb6b630692028dc4c - - default default] Successfully bumped revision number for resource 0154f357-2c8c-4003-ac9a-bf2692167246 (type: security_group_rules) to 0
2026-04-28 18:32:13.214 9 WARNING neutron.scheduler.dhcp_agent_scheduler [None req-b02ce42d-8d86-4ff8-8218-33e733a848d8 68027d439b044ebd8dc31424fc114ed5 bddde6711bed4dd8b2a454341a5ad8b8 - - default default] No more DHCP agents
2026-04-28 18:32:13.215 9 WARNING neutron.api.rpc.agentnotifiers.dhcp_rpc_agent_api [None req-b02ce42d-8d86-4ff8-8218-33e733a848d8 68027d439b044ebd8dc31424fc114ed5 bddde6711bed4dd8b2a454341a5ad8b8 - - default default] Unable to schedule network d7dea140-120b-4e20-a5cf-6fb1c43827ac: no agents available; will retry on subsequent port and subnet creation events.
2026-04-28 18:32:13.239 10 INFO neutron.db.ovn_revision_numbers_db [None req-2574d8fd-4668-43f5-a854-f641fef4a788 48e081fb0e3148478a0338e7fc589bad 7c9837aa41ee4d8fb6b630692028dc4c - - default default] Successfully bumped revision number for resource 6a1ad1ae-f98e-40f5-af28-b22325af08e7 (type: security_group_rules) to 0
2026-04-28 18:32:13.313 10 INFO neutron.db.ovn_revision_numbers_db [None req-2574d8fd-4668-43f5-a854-f641fef4a788 48e081fb0e3148478a0338e7fc589bad 7c9837aa41ee4d8fb6b630692028dc4c - - default default] Successfully bumped revision number for resource a6d532f0-9c77-4b76-83d1-7c46d79f8b0c (type: security_group_rules) to 0
2026-04-28 18:32:13.379 9 INFO neutron.wsgi [req-56841b84-125a-467b-9690-47cbf37e5b23 req-23b61038-3819-44c1-b4c3-ae0191a04fc5 ef8215097e6747c88187662967be25e0 79ae88a172294abaac919a9acc6d5895 - - default default] 10.0.0.139 "GET /v2.0/ports?device_id=81499200-cc96-40b5-a738-76ec09a5cf74 HTTP/1.1" status: 200 len: 1170 time: 0.0415819
2026-04-28 18:32:13.437 9 INFO neutron.wsgi [req-56841b84-125a-467b-9690-47cbf37e5b23 req-72d8e3b1-c944-4b57-ac01-744cc85656a5 ef8215097e6747c88187662967be25e0 79ae88a172294abaac919a9acc6d5895 - - default default] 10.0.0.139 "GET /v2.0/security-groups?id=e6e0216b-487c-4cc3-a01b-1a77ca11cf0b&fields=id&fields=name HTTP/1.1" status: 200 len: 312 time: 0.0458055
2026-04-28 18:32:13.473 10 INFO neutron.db.ovn_revision_numbers_db [None req-61ff434f-011b-47b9-8267-37fb304c1254 - - - - - -] Successfully bumped revision number for resource 314acb2f-8f93-4ac9-b199-2fabd1e965a5 (type: ports) to 2
2026-04-28 18:32:13.476 10 INFO neutron.db.ovn_revision_numbers_db [None req-2574d8fd-4668-43f5-a854-f641fef4a788 48e081fb0e3148478a0338e7fc589bad 7c9837aa41ee4d8fb6b630692028dc4c - - default default] Successfully bumped revision number for resource e258b9f5-350c-400b-9474-d945c8860624 (type: security_group_rules) to 0
2026-04-28 18:32:13.526 9 INFO neutron.db.ovn_revision_numbers_db [None req-b02ce42d-8d86-4ff8-8218-33e733a848d8 68027d439b044ebd8dc31424fc114ed5 bddde6711bed4dd8b2a454341a5ad8b8 - - default default] Successfully bumped revision number for resource 314acb2f-8f93-4ac9-b199-2fabd1e965a5 (type: router_ports) to 2
2026-04-28 18:32:13.529 9 INFO neutron.wsgi [None req-b02ce42d-8d86-4ff8-8218-33e733a848d8 68027d439b044ebd8dc31424fc114ed5 bddde6711bed4dd8b2a454341a5ad8b8 - - default default] 10.0.0.85 "PUT /v2.0/routers/07b87b26-0c20-47a8-b8ad-775c35b823e3/add_router_interface HTTP/1.1" status: 200 len: 503 time: 1.6166627
2026-04-28 18:32:13.546 10 INFO neutron.db.segments_db [None req-2574d8fd-4668-43f5-a854-f641fef4a788 48e081fb0e3148478a0338e7fc589bad 7c9837aa41ee4d8fb6b630692028dc4c - - default default] Added segment 9a610334-c803-4009-82e8-bbc3fc89010b of type geneve for network f9d0d75d-f07b-4eba-97b9-c91364602bfb
2026-04-28 18:32:13.629 9 INFO neutron.wsgi [req-7e5ac067-0796-4e72-90a9-b7f710ff23f1 req-96a3b8b4-a188-4b2d-9405-c47b0c687684 ef8215097e6747c88187662967be25e0 79ae88a172294abaac919a9acc6d5895 - - default default] 10.0.0.139 "GET /v2.0/ports?device_id=81499200-cc96-40b5-a738-76ec09a5cf74 HTTP/1.1" status: 200 len: 1170 time: 0.0993702
2026-04-28 18:32:13.681 10 INFO neutron.wsgi [None req-8f7cc9f4-8641-40f7-88bd-448de794fd9d 68027d439b044ebd8dc31424fc114ed5 bddde6711bed4dd8b2a454341a5ad8b8 - - default default] 10.0.0.85 "GET /v2.0/ports/314acb2f-8f93-4ac9-b199-2fabd1e965a5 HTTP/1.1" status: 200 len: 1141 time: 0.1446950
2026-04-28 18:32:13.812 10 INFO neutron.db.ovn_revision_numbers_db [None req-2574d8fd-4668-43f5-a854-f641fef4a788 48e081fb0e3148478a0338e7fc589bad 7c9837aa41ee4d8fb6b630692028dc4c - - default default] Successfully bumped revision number for resource f9d0d75d-f07b-4eba-97b9-c91364602bfb (type: networks) to 1
2026-04-28 18:32:13.926 9 INFO neutron.db.l3_db [None req-6cbdbb70-8722-4407-8951-07183f768f8d ef8215097e6747c88187662967be25e0 79ae88a172294abaac919a9acc6d5895 - - default default] Floating IP 288de4e0-bdf9-44f6-a6ae-f0140902678e associated. External IP: 10.96.250.216, port: e999a37e-2c43-4dbe-8560-3108bfc91f42.
2026-04-28 18:32:14.044 10 WARNING neutron.scheduler.dhcp_agent_scheduler [None req-2574d8fd-4668-43f5-a854-f641fef4a788 48e081fb0e3148478a0338e7fc589bad 7c9837aa41ee4d8fb6b630692028dc4c - - default default] No more DHCP agents
2026-04-28 18:32:14.053 10 WARNING neutron.api.rpc.agentnotifiers.dhcp_rpc_agent_api [None req-2574d8fd-4668-43f5-a854-f641fef4a788 48e081fb0e3148478a0338e7fc589bad 7c9837aa41ee4d8fb6b630692028dc4c - - default default] Unable to schedule network f9d0d75d-f07b-4eba-97b9-c91364602bfb: no agents available; will retry on subsequent port and subnet creation events.
2026-04-28 18:32:14.145 9 INFO neutron.db.ovn_revision_numbers_db [None req-6cbdbb70-8722-4407-8951-07183f768f8d ef8215097e6747c88187662967be25e0 79ae88a172294abaac919a9acc6d5895 - - default default] Successfully bumped revision number for resource 288de4e0-bdf9-44f6-a6ae-f0140902678e (type: floatingips) to 1
2026-04-28 18:32:14.159 10 INFO neutron.db.ovn_revision_numbers_db [None req-2574d8fd-4668-43f5-a854-f641fef4a788 48e081fb0e3148478a0338e7fc589bad 7c9837aa41ee4d8fb6b630692028dc4c - - default default] Successfully bumped revision number for resource 852cd8cf-9122-4dbe-898e-a118c2c47778 (type: ports) to 1
2026-04-28 18:32:14.192 10 INFO neutron.wsgi [None req-2574d8fd-4668-43f5-a854-f641fef4a788 48e081fb0e3148478a0338e7fc589bad 7c9837aa41ee4d8fb6b630692028dc4c - - default default] 10.0.0.85 "POST /v2.0/networks HTTP/1.1" status: 201 len: 946 time: 1.5241106
2026-04-28 18:32:14.273 10 WARNING neutron.scheduler.dhcp_agent_scheduler [None req-59b8fd44-e932-483e-8374-7bc3081df3cc 68027d439b044ebd8dc31424fc114ed5 bddde6711bed4dd8b2a454341a5ad8b8 - - default default] No more DHCP agents
2026-04-28 18:32:14.275 10 WARNING neutron.api.rpc.agentnotifiers.dhcp_rpc_agent_api [None req-59b8fd44-e932-483e-8374-7bc3081df3cc 68027d439b044ebd8dc31424fc114ed5 bddde6711bed4dd8b2a454341a5ad8b8 - - default default] Unable to schedule network e602d660-e4f5-4243-b6d2-97dae6a83479: no agents available; will retry on subsequent port and subnet creation events.
2026-04-28 18:32:14.300 9 INFO neutron.db.ovn_revision_numbers_db [None req-6cbdbb70-8722-4407-8951-07183f768f8d ef8215097e6747c88187662967be25e0 79ae88a172294abaac919a9acc6d5895 - - default default] Successfully bumped revision number for resource 288de4e0-bdf9-44f6-a6ae-f0140902678e (type: floatingips) to 2
2026-04-28 18:32:14.330 9 INFO neutron.wsgi [None req-6cbdbb70-8722-4407-8951-07183f768f8d ef8215097e6747c88187662967be25e0 79ae88a172294abaac919a9acc6d5895 - - default default] 10.0.0.85 "PUT /v2.0/floatingips/288de4e0-bdf9-44f6-a6ae-f0140902678e HTTP/1.1" status: 200 len: 1049 time: 0.6880376
2026-04-28 18:32:14.366 9 INFO neutron.notifiers.nova [-] Nova event matching ['req-fa16dec2-e6ad-4051-a810-b9bf4a6e9c08'] response: {'name': 'network-changed', 'server_uuid': '81499200-cc96-40b5-a738-76ec09a5cf74', 'tag': 'e999a37e-2c43-4dbe-8560-3108bfc91f42', 'status': 'completed', 'code': 200}
2026-04-28 18:32:14.378 10 INFO neutron.db.ovn_revision_numbers_db [None req-59b8fd44-e932-483e-8374-7bc3081df3cc 68027d439b044ebd8dc31424fc114ed5 bddde6711bed4dd8b2a454341a5ad8b8 - - default default] Successfully bumped revision number for resource 28945f7a-7fd2-4c8d-9f3b-bf2890351961 (type: ports) to 1
2026-04-28 18:32:14.406 9 WARNING neutron.scheduler.dhcp_agent_scheduler [None req-bccc311a-1ef6-4930-9fae-72e5849d885d 48e081fb0e3148478a0338e7fc589bad 7c9837aa41ee4d8fb6b630692028dc4c - - default default] No more DHCP agents
2026-04-28 18:32:14.407 9 WARNING neutron.api.rpc.agentnotifiers.dhcp_rpc_agent_api [None req-bccc311a-1ef6-4930-9fae-72e5849d885d 48e081fb0e3148478a0338e7fc589bad 7c9837aa41ee4d8fb6b630692028dc4c - - default default] Unable to schedule network f9d0d75d-f07b-4eba-97b9-c91364602bfb: no agents available; will retry on subsequent port and subnet creation events.
2026-04-28 18:32:14.437 10 INFO neutron.wsgi [req-e68c1830-ea09-4774-9fe1-fc828471f919 req-a6f34103-898b-4f76-bd47-8587fba910df 54b88280dc1646d2a79d662e64c0d724 4f8eb4083741407ab21daa902d3eeb03 - - e62532941e864b8ba3623ffc54f3df85 e62532941e864b8ba3623ffc54f3df85] 199.19.213.209 "GET /v2.0/ports?tenant_id=79ae88a172294abaac919a9acc6d5895&device_id=81499200-cc96-40b5-a738-76ec09a5cf74 HTTP/1.1" status: 200 len: 1409 time: 0.0509760
2026-04-28 18:32:14.518 10 INFO neutron.wsgi [req-e68c1830-ea09-4774-9fe1-fc828471f919 req-1c496f04-2fb4-4a36-93ba-6fc02f6c3034 54b88280dc1646d2a79d662e64c0d724 4f8eb4083741407ab21daa902d3eeb03 - - e62532941e864b8ba3623ffc54f3df85 e62532941e864b8ba3623ffc54f3df85] 199.19.213.209 "GET /v2.0/networks?id=7fbc5d7d-dc89-480e-bcc9-5a281f91651b HTTP/1.1" status: 200 len: 973 time: 0.0740016
2026-04-28 18:32:14.579 10 INFO neutron.wsgi [req-e68c1830-ea09-4774-9fe1-fc828471f919 req-432de555-00e5-430e-8042-a55970220e8a 54b88280dc1646d2a79d662e64c0d724 4f8eb4083741407ab21daa902d3eeb03 - - e62532941e864b8ba3623ffc54f3df85 e62532941e864b8ba3623ffc54f3df85] 199.19.213.209 "GET /v2.0/floatingips?fixed_ip_address=10.100.0.6&port_id=e999a37e-2c43-4dbe-8560-3108bfc91f42 HTTP/1.1" status: 200 len: 1059 time: 0.0535643
2026-04-28 18:32:14.623 10 INFO neutron.wsgi [req-e68c1830-ea09-4774-9fe1-fc828471f919 req-eee57b64-e9fd-4f8c-8a0d-08e3db0f1281 54b88280dc1646d2a79d662e64c0d724 4f8eb4083741407ab21daa902d3eeb03 - - e62532941e864b8ba3623ffc54f3df85 e62532941e864b8ba3623ffc54f3df85] 199.19.213.209 "GET /v2.0/subnets?id=b6ee48e4-14e3-4c60-8467-3afd28ce39c0 HTTP/1.1" status: 200 len: 869 time: 0.0367339
2026-04-28 18:32:14.815 10 INFO neutron.wsgi [req-e68c1830-ea09-4774-9fe1-fc828471f919 req-1c1f1f28-ac49-4519-8079-e6c78ff6401e 54b88280dc1646d2a79d662e64c0d724 4f8eb4083741407ab21daa902d3eeb03 - - e62532941e864b8ba3623ffc54f3df85 e62532941e864b8ba3623ffc54f3df85] 199.19.213.209 "GET /v2.0/ports?network_id=7fbc5d7d-dc89-480e-bcc9-5a281f91651b&device_owner=network%3Adhcp HTTP/1.1" status: 200 len: 210 time: 0.1850178
2026-04-28 18:32:14.864 9 INFO neutron.db.ovn_revision_numbers_db [None req-bccc311a-1ef6-4930-9fae-72e5849d885d 48e081fb0e3148478a0338e7fc589bad 7c9837aa41ee4d8fb6b630692028dc4c - - default default] Successfully bumped revision number for resource 852cd8cf-9122-4dbe-898e-a118c2c47778 (type: ports) to 2
2026-04-28 18:32:14.902 9 INFO neutron.db.ovn_revision_numbers_db [None req-bccc311a-1ef6-4930-9fae-72e5849d885d 48e081fb0e3148478a0338e7fc589bad 7c9837aa41ee4d8fb6b630692028dc4c - - default default] Successfully bumped revision number for resource 65c588c1-799a-479d-a3b2-ea63f9f65da9 (type: subnets) to 0
2026-04-28 18:32:14.916 9 INFO neutron.wsgi [None req-bccc311a-1ef6-4930-9fae-72e5849d885d 48e081fb0e3148478a0338e7fc589bad 7c9837aa41ee4d8fb6b630692028dc4c - - default default] 10.0.0.85 "POST /v2.0/subnets HTTP/1.1" status: 201 len: 866 time: 0.7154260
2026-04-28 18:32:14.918 10 INFO neutron.wsgi [req-e68c1830-ea09-4774-9fe1-fc828471f919 req-94e7006e-f5b5-442f-9ca1-a5662b8b69a1 54b88280dc1646d2a79d662e64c0d724 4f8eb4083741407ab21daa902d3eeb03 - - e62532941e864b8ba3623ffc54f3df85 e62532941e864b8ba3623ffc54f3df85] 199.19.213.209 "GET /v2.0/networks/7fbc5d7d-dc89-480e-bcc9-5a281f91651b?fields=segments HTTP/1.1" status: 200 len: 212 time: 0.0968153
2026-04-28 18:32:15.029 10 INFO neutron.wsgi [req-e68c1830-ea09-4774-9fe1-fc828471f919 req-9c02e475-b037-4080-b250-fc4487c1e758 54b88280dc1646d2a79d662e64c0d724 4f8eb4083741407ab21daa902d3eeb03 - - e62532941e864b8ba3623ffc54f3df85 e62532941e864b8ba3623ffc54f3df85] 199.19.213.209 "GET /v2.0/networks/7fbc5d7d-dc89-480e-bcc9-5a281f91651b?fields=provider%3Aphysical_network&fields=provider%3Anetwork_type HTTP/1.1" status: 200 len: 277 time: 0.1026850
2026-04-28 18:32:15.150 10 INFO neutron.db.ovn_revision_numbers_db [None req-59b8fd44-e932-483e-8374-7bc3081df3cc 68027d439b044ebd8dc31424fc114ed5 bddde6711bed4dd8b2a454341a5ad8b8 - - default default] Successfully bumped revision number for resource 28945f7a-7fd2-4c8d-9f3b-bf2890351961 (type: router_ports) to 1
2026-04-28 18:32:15.246 10 INFO neutron.db.ovn_revision_numbers_db [None req-59b8fd44-e932-483e-8374-7bc3081df3cc 68027d439b044ebd8dc31424fc114ed5 bddde6711bed4dd8b2a454341a5ad8b8 - - default default] Successfully bumped revision number for resource 28945f7a-7fd2-4c8d-9f3b-bf2890351961 (type: ports) to 1
2026-04-28 18:32:15.326 10 WARNING neutron.scheduler.dhcp_agent_scheduler [None req-59b8fd44-e932-483e-8374-7bc3081df3cc 68027d439b044ebd8dc31424fc114ed5 bddde6711bed4dd8b2a454341a5ad8b8 - - default default] No more DHCP agents
2026-04-28 18:32:15.327 10 WARNING neutron.api.rpc.agentnotifiers.dhcp_rpc_agent_api [None req-59b8fd44-e932-483e-8374-7bc3081df3cc 68027d439b044ebd8dc31424fc114ed5 bddde6711bed4dd8b2a454341a5ad8b8 - - default default] Unable to schedule network e602d660-e4f5-4243-b6d2-97dae6a83479: no agents available; will retry on subsequent port and subnet creation events.
2026-04-28 18:32:15.513 10 INFO neutron.db.ovn_revision_numbers_db [None req-59b8fd44-e932-483e-8374-7bc3081df3cc 68027d439b044ebd8dc31424fc114ed5 bddde6711bed4dd8b2a454341a5ad8b8 - - default default] Successfully bumped revision number for resource 28945f7a-7fd2-4c8d-9f3b-bf2890351961 (type: router_ports) to 1
2026-04-28 18:32:15.516 10 INFO neutron.wsgi [None req-59b8fd44-e932-483e-8374-7bc3081df3cc 68027d439b044ebd8dc31424fc114ed5 bddde6711bed4dd8b2a454341a5ad8b8 - - default default] 10.0.0.85 "PUT /v2.0/routers/07b87b26-0c20-47a8-b8ad-775c35b823e3/add_router_interface HTTP/1.1" status: 200 len: 503 time: 1.8275332
2026-04-28 18:32:15.524 9 WARNING neutron.scheduler.dhcp_agent_scheduler [None req-649abcf3-d780-491d-81c1-b5c037fc0efc 48e081fb0e3148478a0338e7fc589bad 7c9837aa41ee4d8fb6b630692028dc4c - - default default] No more DHCP agents
2026-04-28 18:32:15.526 9 WARNING neutron.api.rpc.agentnotifiers.dhcp_rpc_agent_api [None req-649abcf3-d780-491d-81c1-b5c037fc0efc 48e081fb0e3148478a0338e7fc589bad 7c9837aa41ee4d8fb6b630692028dc4c - - default default] Unable to schedule network af8490e8-3bb6-439f-be93-97801fca88e6: no agents available; will retry on subsequent port and subnet creation events.
2026-04-28 18:32:15.599 10 INFO neutron.wsgi [None req-08e3204f-bf7e-4985-94f1-d332f50b063a 68027d439b044ebd8dc31424fc114ed5 bddde6711bed4dd8b2a454341a5ad8b8 - - default default] 10.0.0.85 "GET /v2.0/ports/28945f7a-7fd2-4c8d-9f3b-bf2890351961 HTTP/1.1" status: 200 len: 1147 time: 0.0775497
2026-04-28 18:32:15.632 10 INFO neutron.wsgi [None req-ba58a832-e47a-4437-9e71-1279ad84666d 68027d439b044ebd8dc31424fc114ed5 bddde6711bed4dd8b2a454341a5ad8b8 - - default default] 10.0.0.85 "GET /v2.0/ports/28945f7a-7fd2-4c8d-9f3b-bf2890351961 HTTP/1.1" status: 200 len: 1147 time: 0.0278633
2026-04-28 18:32:15.672 9 INFO neutron.db.ovn_revision_numbers_db [None req-649abcf3-d780-491d-81c1-b5c037fc0efc 48e081fb0e3148478a0338e7fc589bad 7c9837aa41ee4d8fb6b630692028dc4c - - default default] Successfully bumped revision number for resource d8654de7-fe8e-4683-b4a1-90984c28cefc (type: ports) to 1
2026-04-28 18:32:16.186 9 INFO neutron.plugins.ml2.drivers.ovn.mech_driver.ovsdb.ovsdb_monitor [None req-518b93e8-6381-4930-b58f-1456798fdf67 - - - - - -] Router 1b26e908-1a09-4073-a8c3-ec7f6d303255 is bound to host instance
2026-04-28 18:32:16.222 9 INFO neutron.db.ovn_revision_numbers_db [None req-649abcf3-d780-491d-81c1-b5c037fc0efc 48e081fb0e3148478a0338e7fc589bad 7c9837aa41ee4d8fb6b630692028dc4c - - default default] Successfully bumped revision number for resource d8654de7-fe8e-4683-b4a1-90984c28cefc (type: router_ports) to 1
2026-04-28 18:32:16.297 9 INFO neutron.db.ovn_revision_numbers_db [None req-649abcf3-d780-491d-81c1-b5c037fc0efc 48e081fb0e3148478a0338e7fc589bad 7c9837aa41ee4d8fb6b630692028dc4c - - default default] Successfully bumped revision number for resource 1b26e908-1a09-4073-a8c3-ec7f6d303255 (type: routers) to 2
2026-04-28 18:32:16.311 9 INFO neutron.wsgi [None req-649abcf3-d780-491d-81c1-b5c037fc0efc 48e081fb0e3148478a0338e7fc589bad 7c9837aa41ee4d8fb6b630692028dc4c - - default default] 10.0.0.85 "POST /v2.0/routers HTTP/1.1" status: 201 len: 877 time: 1.3887753
2026-04-28 18:32:16.725 9 INFO neutron.db.ovn_revision_numbers_db [None req-518b93e8-6381-4930-b58f-1456798fdf67 - - - - - -] Successfully bumped revision number for resource d8654de7-fe8e-4683-b4a1-90984c28cefc (type: ports) to 1
2026-04-28 18:32:16.736 9 INFO neutron.wsgi [None req-0043eb84-491d-4e75-b44c-f572ff135f03 68027d439b044ebd8dc31424fc114ed5 bddde6711bed4dd8b2a454341a5ad8b8 - - default default] 10.0.0.85 "GET /v2.0/ports/28945f7a-7fd2-4c8d-9f3b-bf2890351961 HTTP/1.1" status: 200 len: 1147 time: 0.0974858
2026-04-28 18:32:16.743 10 WARNING neutron.scheduler.dhcp_agent_scheduler [None req-82b77550-7ffe-4481-9e4c-95375a4c4e2d 48e081fb0e3148478a0338e7fc589bad 7c9837aa41ee4d8fb6b630692028dc4c - - default default] No more DHCP agents
2026-04-28 18:32:16.744 10 WARNING neutron.api.rpc.agentnotifiers.dhcp_rpc_agent_api [None req-82b77550-7ffe-4481-9e4c-95375a4c4e2d 48e081fb0e3148478a0338e7fc589bad 7c9837aa41ee4d8fb6b630692028dc4c - - default default] Unable to schedule network f9d0d75d-f07b-4eba-97b9-c91364602bfb: no agents available; will retry on subsequent port and subnet creation events.
2026-04-28 18:32:16.905 10 INFO neutron.db.ovn_revision_numbers_db [None req-82b77550-7ffe-4481-9e4c-95375a4c4e2d 48e081fb0e3148478a0338e7fc589bad 7c9837aa41ee4d8fb6b630692028dc4c - - default default] Successfully bumped revision number for resource 5be91676-5f7e-4852-9bf1-a4446ab10383 (type: ports) to 1
2026-04-28 18:32:17.001 9 INFO neutron.db.ovn_revision_numbers_db [None req-518b93e8-6381-4930-b58f-1456798fdf67 - - - - - -] Successfully bumped revision number for resource d8654de7-fe8e-4683-b4a1-90984c28cefc (type: router_ports) to 3
2026-04-28 18:32:17.147 9 INFO neutron.db.ovn_revision_numbers_db [None req-518b93e8-6381-4930-b58f-1456798fdf67 - - - - - -] Successfully bumped revision number for resource d8654de7-fe8e-4683-b4a1-90984c28cefc (type: ports) to 2
2026-04-28 18:32:17.290 9 INFO neutron.plugins.ml2.drivers.ovn.mech_driver.mech_driver [None req-17db49d6-4795-48b9-8c8b-b3f8607c6544 - - - - - -] OVN reports status up for port: 5be91676-5f7e-4852-9bf1-a4446ab10383
2026-04-28 18:32:17.306 9 INFO neutron.plugins.ml2.plugin [None req-17db49d6-4795-48b9-8c8b-b3f8607c6544 - - - - - -] Attempt 1 to provision port 5be91676-5f7e-4852-9bf1-a4446ab10383
2026-04-28 18:32:17.313 10 INFO neutron.db.ovn_revision_numbers_db [None req-82b77550-7ffe-4481-9e4c-95375a4c4e2d 48e081fb0e3148478a0338e7fc589bad 7c9837aa41ee4d8fb6b630692028dc4c - - default default] Successfully bumped revision number for resource 5be91676-5f7e-4852-9bf1-a4446ab10383 (type: router_ports) to 1
2026-04-28 18:32:17.434 9 INFO neutron.db.ovn_revision_numbers_db [None req-518b93e8-6381-4930-b58f-1456798fdf67 - - - - - -] Successfully bumped revision number for resource d8654de7-fe8e-4683-b4a1-90984c28cefc (type: ports) to 4
2026-04-28 18:32:17.440 9 INFO neutron.wsgi [req-daf9b6c3-9bad-4577-bde0-96b858ae3f08 req-e9452616-f807-4628-8180-3c430959de17 e643f6df2c1147f4a193dcc86ed35878 97054b39d4bd43fd9917b932ff788ac7 - - default default] 10.0.0.139 "GET /v2.0/ports?device_id=764cd203-0348-43d4-a67d-2439292731fa HTTP/1.1" status: 200 len: 1170 time: 0.1328700
2026-04-28 18:32:17.459 10 INFO neutron.db.ovn_revision_numbers_db [None req-82b77550-7ffe-4481-9e4c-95375a4c4e2d 48e081fb0e3148478a0338e7fc589bad 7c9837aa41ee4d8fb6b630692028dc4c - - default default] Successfully bumped revision number for resource 5be91676-5f7e-4852-9bf1-a4446ab10383 (type: ports) to 1
2026-04-28 18:32:17.532 10 WARNING neutron.scheduler.dhcp_agent_scheduler [None req-82b77550-7ffe-4481-9e4c-95375a4c4e2d 48e081fb0e3148478a0338e7fc589bad 7c9837aa41ee4d8fb6b630692028dc4c - - default default] No more DHCP agents
2026-04-28 18:32:17.533 10 WARNING neutron.api.rpc.agentnotifiers.dhcp_rpc_agent_api [None req-82b77550-7ffe-4481-9e4c-95375a4c4e2d 48e081fb0e3148478a0338e7fc589bad 7c9837aa41ee4d8fb6b630692028dc4c - - default default] Unable to schedule network f9d0d75d-f07b-4eba-97b9-c91364602bfb: no agents available; will retry on subsequent port and subnet creation events.
2026-04-28 18:32:17.548 9 INFO neutron.wsgi [req-b1002b8c-c3e8-40ab-a9ff-cf3c0cc33e13 req-bf8baf08-b2de-4fd6-be3f-53751ce3ccba e643f6df2c1147f4a193dcc86ed35878 97054b39d4bd43fd9917b932ff788ac7 - - default default] 10.0.0.139 "GET /v2.0/ports/c1e92db3-2477-4023-9c1d-d8def8c695bb HTTP/1.1" status: 200 len: 1167 time: 0.0602827
2026-04-28 18:32:17.705 9 INFO neutron.db.ovn_revision_numbers_db [None req-17db49d6-4795-48b9-8c8b-b3f8607c6544 - - - - - -] Successfully bumped revision number for resource 5be91676-5f7e-4852-9bf1-a4446ab10383 (type: ports) to 2
2026-04-28 18:32:17.770 10 INFO neutron.wsgi [req-6979f991-ce98-41fb-8a5b-5f1f9ce4d226 req-d916be2c-e1cf-4e9b-9e49-283dd735c57c e643f6df2c1147f4a193dcc86ed35878 97054b39d4bd43fd9917b932ff788ac7 - - default default] 199.19.213.209 "GET /v2.0/subnets?network_id=bced79d4-9695-4030-9f15-648d5f03bb0f HTTP/1.1" status: 200 len: 859 time: 0.0764453
2026-04-28 18:32:17.787 10 INFO neutron.wsgi [None req-409430d6-29fb-45e4-a71f-75607bcd6182 68027d439b044ebd8dc31424fc114ed5 bddde6711bed4dd8b2a454341a5ad8b8 - - default default] 10.0.0.85 "GET /v2.0/ports/28945f7a-7fd2-4c8d-9f3b-bf2890351961 HTTP/1.1" status: 200 len: 1147 time: 0.0448766
2026-04-28 18:32:17.892 10 INFO neutron.wsgi [req-6979f991-ce98-41fb-8a5b-5f1f9ce4d226 req-61fc1a27-3794-4558-834a-08bde95b574d e643f6df2c1147f4a193dcc86ed35878 97054b39d4bd43fd9917b932ff788ac7 - - default default] 199.19.213.209 "GET /v2.0/ports?device_id=764cd203-0348-43d4-a67d-2439292731fa&device_owner=compute%3Anova&network_id=bced79d4-9695-4030-9f15-648d5f03bb0f HTTP/1.1" status: 200 len: 1170 time: 0.1176221
2026-04-28 18:32:17.958 9 INFO neutron.db.ovn_revision_numbers_db [None req-518b93e8-6381-4930-b58f-1456798fdf67 - - - - - -] Successfully bumped revision number for resource d8654de7-fe8e-4683-b4a1-90984c28cefc (type: router_ports) to 4
2026-04-28 18:32:18.017 9 INFO neutron.db.ovn_revision_numbers_db [None req-17db49d6-4795-48b9-8c8b-b3f8607c6544 - - - - - -] Successfully bumped revision number for resource 5be91676-5f7e-4852-9bf1-a4446ab10383 (type: router_ports) to 2
2026-04-28 18:32:18.639 10 INFO neutron.db.ovn_revision_numbers_db [req-6979f991-ce98-41fb-8a5b-5f1f9ce4d226 req-79cd837e-6b54-44a6-99c2-66f0b52112f0 e643f6df2c1147f4a193dcc86ed35878 97054b39d4bd43fd9917b932ff788ac7 - - default default] Successfully bumped revision number for resource c1e92db3-2477-4023-9c1d-d8def8c695bb (type: ports) to 5
2026-04-28 18:32:18.655 10 INFO neutron.wsgi [req-6979f991-ce98-41fb-8a5b-5f1f9ce4d226 req-79cd837e-6b54-44a6-99c2-66f0b52112f0 e643f6df2c1147f4a193dcc86ed35878 97054b39d4bd43fd9917b932ff788ac7 - - default default] 199.19.213.209 "PUT /v2.0/ports/c1e92db3-2477-4023-9c1d-d8def8c695bb HTTP/1.1" status: 200 len: 1349 time: 0.7537134
2026-04-28 18:32:18.681 10 INFO neutron.db.ovn_revision_numbers_db [None req-82b77550-7ffe-4481-9e4c-95375a4c4e2d 48e081fb0e3148478a0338e7fc589bad 7c9837aa41ee4d8fb6b630692028dc4c - - default default] Successfully bumped revision number for resource 5be91676-5f7e-4852-9bf1-a4446ab10383 (type: router_ports) to 2
2026-04-28 18:32:18.683 10 INFO neutron.wsgi [None req-82b77550-7ffe-4481-9e4c-95375a4c4e2d 48e081fb0e3148478a0338e7fc589bad 7c9837aa41ee4d8fb6b630692028dc4c - - default default] 10.0.0.85 "PUT /v2.0/routers/1b26e908-1a09-4073-a8c3-ec7f6d303255/add_router_interface HTTP/1.1" status: 200 len: 503 time: 2.3650045 /var/lib/openstack/lib/python3.10/site-packages/pycadf/identifier.py:71: UserWarning: Invalid uuid: neutron. To ensure interoperability, identifiers should be a valid uuid. warnings.warn(('Invalid uuid: %s. To ensure interoperability, '
2026-04-28 18:32:18.692 10 INFO neutron.notifiers.nova [-] Nova event matching ['req-3ce0c9da-a7a0-48cc-8b5f-e2144680e924'] response: {'name': 'network-changed', 'server_uuid': '764cd203-0348-43d4-a67d-2439292731fa', 'tag': 'c1e92db3-2477-4023-9c1d-d8def8c695bb', 'status': 'completed', 'code': 200}
2026-04-28 18:32:18.693 10 WARNING neutron.plugins.ml2.drivers.ovn.mech_driver.ovsdb.ovn_client [None req-61ff434f-011b-47b9-8267-37fb304c1254 - - - - - -] No hosting information found for port 314acb2f-8f93-4ac9-b199-2fabd1e965a5: RuntimeError: No hosting information found for port 314acb2f-8f93-4ac9-b199-2fabd1e965a5
2026-04-28 18:32:18.729 10 INFO neutron.plugins.ml2.drivers.ovn.mech_driver.mech_driver [None req-61ff434f-011b-47b9-8267-37fb304c1254 - - - - - -] OVN reports status up for port: 28945f7a-7fd2-4c8d-9f3b-bf2890351961
2026-04-28 18:32:18.747 10 INFO neutron.wsgi [req-6979f991-ce98-41fb-8a5b-5f1f9ce4d226 req-bdc7c1a2-b06c-4e44-9193-968da7b8c154 54b88280dc1646d2a79d662e64c0d724 4f8eb4083741407ab21daa902d3eeb03 - - e62532941e864b8ba3623ffc54f3df85 e62532941e864b8ba3623ffc54f3df85] 199.19.213.209 "GET /v2.0/ports?tenant_id=97054b39d4bd43fd9917b932ff788ac7&device_id=764cd203-0348-43d4-a67d-2439292731fa HTTP/1.1" status: 200 len: 1590 time: 0.0690355
2026-04-28 18:32:18.754 10 INFO neutron.plugins.ml2.plugin [None req-61ff434f-011b-47b9-8267-37fb304c1254 - - - - - -] Attempt 1 to provision port 28945f7a-7fd2-4c8d-9f3b-bf2890351961 /var/lib/openstack/lib/python3.10/site-packages/pycadf/identifier.py:71: UserWarning: Invalid uuid: neutron. To ensure interoperability, identifiers should be a valid uuid. warnings.warn(('Invalid uuid: %s. To ensure interoperability, '
2026-04-28 18:32:18.831 9 INFO neutron.wsgi [None req-8d22f0f2-3dd7-4672-a32e-0acd7ce29932 68027d439b044ebd8dc31424fc114ed5 bddde6711bed4dd8b2a454341a5ad8b8 - - default default] 10.0.0.85 "GET /v2.0/ports/28945f7a-7fd2-4c8d-9f3b-bf2890351961 HTTP/1.1" status: 200 len: 1147 time: 0.0331259
2026-04-28 18:32:18.847 10 INFO neutron.wsgi [req-6979f991-ce98-41fb-8a5b-5f1f9ce4d226 req-0d0d5983-c9f0-42f6-a3be-70cc11b2b6e3 54b88280dc1646d2a79d662e64c0d724 4f8eb4083741407ab21daa902d3eeb03 - - e62532941e864b8ba3623ffc54f3df85 e62532941e864b8ba3623ffc54f3df85] 199.19.213.209 "GET /v2.0/networks?id=bced79d4-9695-4030-9f15-648d5f03bb0f HTTP/1.1" status: 200 len: 982 time: 0.0949843
2026-04-28 18:32:18.879 10 INFO neutron.wsgi [req-6979f991-ce98-41fb-8a5b-5f1f9ce4d226 req-85a0543c-469a-4b58-abba-9ea5095b4e7c 54b88280dc1646d2a79d662e64c0d724 4f8eb4083741407ab21daa902d3eeb03 - - e62532941e864b8ba3623ffc54f3df85 e62532941e864b8ba3623ffc54f3df85] 199.19.213.209 "GET /v2.0/floatingips?fixed_ip_address=10.100.0.11&port_id=c1e92db3-2477-4023-9c1d-d8def8c695bb HTTP/1.1" status: 200 len: 217 time: 0.0241942
2026-04-28 18:32:18.941 10 INFO neutron.wsgi [req-6979f991-ce98-41fb-8a5b-5f1f9ce4d226 req-650e7102-64ea-4ff1-b746-e94e1637191f 54b88280dc1646d2a79d662e64c0d724 4f8eb4083741407ab21daa902d3eeb03 - - e62532941e864b8ba3623ffc54f3df85 e62532941e864b8ba3623ffc54f3df85] 199.19.213.209 "GET /v2.0/floatingips?fixed_ip_address=10.100.0.9&port_id=c1e92db3-2477-4023-9c1d-d8def8c695bb HTTP/1.1" status: 200 len: 1059 time: 0.0554943
2026-04-28 18:32:18.980 10 INFO neutron.wsgi [req-6979f991-ce98-41fb-8a5b-5f1f9ce4d226 req-9b2e7170-63a0-44e9-b944-736cf10c8a23 54b88280dc1646d2a79d662e64c0d724 4f8eb4083741407ab21daa902d3eeb03 - - e62532941e864b8ba3623ffc54f3df85 e62532941e864b8ba3623ffc54f3df85] 199.19.213.209 "GET /v2.0/subnets?id=a608d219-8c9c-479b-b47a-34e7eb96fabd HTTP/1.1" status: 200 len: 877 time: 0.0318902
2026-04-28 18:32:19.012 10 INFO neutron.wsgi [req-6979f991-ce98-41fb-8a5b-5f1f9ce4d226 req-8cd9916c-7055-4b19-8006-113de2ab0f7e 54b88280dc1646d2a79d662e64c0d724 4f8eb4083741407ab21daa902d3eeb03 - - e62532941e864b8ba3623ffc54f3df85 e62532941e864b8ba3623ffc54f3df85] 199.19.213.209 "GET /v2.0/ports?network_id=bced79d4-9695-4030-9f15-648d5f03bb0f&device_owner=network%3Adhcp HTTP/1.1" status: 200 len: 210 time: 0.0235925
2026-04-28 18:32:19.110 10 INFO neutron.wsgi [req-6979f991-ce98-41fb-8a5b-5f1f9ce4d226 req-1672e537-7f95-43d9-bb96-d0053c49bc52 54b88280dc1646d2a79d662e64c0d724 4f8eb4083741407ab21daa902d3eeb03 - - e62532941e864b8ba3623ffc54f3df85 e62532941e864b8ba3623ffc54f3df85] 199.19.213.209 "GET /v2.0/networks/bced79d4-9695-4030-9f15-648d5f03bb0f?fields=segments HTTP/1.1" status: 200 len: 212 time: 0.0908358
2026-04-28 18:32:19.141 10 INFO neutron.db.ovn_revision_numbers_db [None req-61ff434f-011b-47b9-8267-37fb304c1254 - - - - - -] Successfully bumped revision number for resource 28945f7a-7fd2-4c8d-9f3b-bf2890351961 (type: ports) to 2
2026-04-28 18:32:19.203 10 INFO neutron.wsgi [req-6979f991-ce98-41fb-8a5b-5f1f9ce4d226 req-7843f07d-2e99-4ee4-9186-4af9cb43b01a 54b88280dc1646d2a79d662e64c0d724 4f8eb4083741407ab21daa902d3eeb03 - - e62532941e864b8ba3623ffc54f3df85 e62532941e864b8ba3623ffc54f3df85] 199.19.213.209 "GET /v2.0/networks/bced79d4-9695-4030-9f15-648d5f03bb0f?fields=provider%3Aphysical_network&fields=provider%3Anetwork_type HTTP/1.1" status: 200 len: 277 time: 0.0858378
2026-04-28 18:32:19.279 9 INFO neutron.db.ovn_revision_numbers_db [None req-9cb4a9b1-2fe0-44f8-a3a7-04108be45e8d 445a218fcc14475481f27e15806a9d61 9104c65c6035457f9d891bb7271bf9a8 - - default default] Successfully bumped revision number for resource c861afcb-a057-4538-a4bc-bab007fc2af8 (type: security_groups) to 1
2026-04-28 18:32:19.287 10 INFO neutron.wsgi [req-3bd6cf30-cdfa-42ff-8bcb-4976fe564498 req-e09b415f-ae25-452e-b89f-f91f57d24406 54b88280dc1646d2a79d662e64c0d724 4f8eb4083741407ab21daa902d3eeb03 - - e62532941e864b8ba3623ffc54f3df85 e62532941e864b8ba3623ffc54f3df85] 199.19.213.209 "GET /v2.0/ports?tenant_id=97054b39d4bd43fd9917b932ff788ac7&device_id=764cd203-0348-43d4-a67d-2439292731fa HTTP/1.1" status: 200 len: 1590 time: 0.0392942
2026-04-28 18:32:19.291 10 INFO neutron.db.ovn_revision_numbers_db [None req-61ff434f-011b-47b9-8267-37fb304c1254 - - - - - -] Successfully bumped revision number for resource 28945f7a-7fd2-4c8d-9f3b-bf2890351961 (type: router_ports) to 2
2026-04-28 18:32:19.306 9 INFO neutron.db.ovn_revision_numbers_db [None req-9cb4a9b1-2fe0-44f8-a3a7-04108be45e8d 445a218fcc14475481f27e15806a9d61 9104c65c6035457f9d891bb7271bf9a8 - - default default] Successfully bumped revision number for resource 1d92b5d2-407c-49f8-8d57-a7982853548b (type: security_group_rules) to 0
2026-04-28 18:32:19.323 9 INFO neutron.db.ovn_revision_numbers_db [None req-9cb4a9b1-2fe0-44f8-a3a7-04108be45e8d 445a218fcc14475481f27e15806a9d61 9104c65c6035457f9d891bb7271bf9a8 - - default default] Successfully bumped revision number for resource 42830ad7-9575-4594-a046-8c43c0b12d7e (type: security_group_rules) to 0
2026-04-28 18:32:19.343 9 INFO neutron.wsgi [None req-9cb4a9b1-2fe0-44f8-a3a7-04108be45e8d 445a218fcc14475481f27e15806a9d61 9104c65c6035457f9d891bb7271bf9a8 - - default default] 10.0.0.85 "POST /v2.0/security-groups HTTP/1.1" status: 201 len: 1797 time: 0.1692426
2026-04-28 18:32:19.345 10 INFO neutron.wsgi [req-3bd6cf30-cdfa-42ff-8bcb-4976fe564498 req-9afea764-c424-4a1d-bfd6-d350828d56ea 54b88280dc1646d2a79d662e64c0d724 4f8eb4083741407ab21daa902d3eeb03 - - e62532941e864b8ba3623ffc54f3df85 e62532941e864b8ba3623ffc54f3df85] 199.19.213.209 "GET /v2.0/networks?id=bced79d4-9695-4030-9f15-648d5f03bb0f HTTP/1.1" status: 200 len: 982 time: 0.0523441
2026-04-28 18:32:19.367 10 INFO neutron.wsgi [req-3bd6cf30-cdfa-42ff-8bcb-4976fe564498 req-57a07be3-2572-41bb-9bfa-5ffe5e741e6b 54b88280dc1646d2a79d662e64c0d724 4f8eb4083741407ab21daa902d3eeb03 - - e62532941e864b8ba3623ffc54f3df85 e62532941e864b8ba3623ffc54f3df85] 199.19.213.209 "GET /v2.0/floatingips?fixed_ip_address=10.100.0.11&port_id=c1e92db3-2477-4023-9c1d-d8def8c695bb HTTP/1.1" status: 200 len: 217 time: 0.0158899
2026-04-28 18:32:19.409 10 INFO neutron.wsgi [req-3bd6cf30-cdfa-42ff-8bcb-4976fe564498 req-c13347a2-f9a1-4628-b679-6e8ea3d28175 54b88280dc1646d2a79d662e64c0d724 4f8eb4083741407ab21daa902d3eeb03 - - e62532941e864b8ba3623ffc54f3df85 e62532941e864b8ba3623ffc54f3df85] 199.19.213.209 "GET /v2.0/floatingips?fixed_ip_address=10.100.0.9&port_id=c1e92db3-2477-4023-9c1d-d8def8c695bb HTTP/1.1" status: 200 len: 1059 time: 0.0352583
2026-04-28 18:32:19.442 10 INFO neutron.wsgi [req-3bd6cf30-cdfa-42ff-8bcb-4976fe564498 req-15b1d2f8-1bda-4d6b-b977-178960707491 54b88280dc1646d2a79d662e64c0d724 4f8eb4083741407ab21daa902d3eeb03 - - e62532941e864b8ba3623ffc54f3df85 e62532941e864b8ba3623ffc54f3df85] 199.19.213.209 "GET /v2.0/subnets?id=a608d219-8c9c-479b-b47a-34e7eb96fabd HTTP/1.1" status: 200 len: 877 time: 0.0278563
2026-04-28 18:32:19.464 9 INFO neutron.db.ovn_revision_numbers_db [None req-94591e14-1bb4-4411-adaf-95e9d142b766 445a218fcc14475481f27e15806a9d61 9104c65c6035457f9d891bb7271bf9a8 - - default default] Successfully bumped revision number for resource db976474-587b-4f01-b2f7-2aab0deea5db (type: security_group_rules) to 0
2026-04-28 18:32:19.465 10 INFO neutron.wsgi [req-3bd6cf30-cdfa-42ff-8bcb-4976fe564498 req-04571f6a-897a-4e02-a9b4-8ff3c116cd12 54b88280dc1646d2a79d662e64c0d724 4f8eb4083741407ab21daa902d3eeb03 - - e62532941e864b8ba3623ffc54f3df85 e62532941e864b8ba3623ffc54f3df85] 199.19.213.209 "GET /v2.0/ports?network_id=bced79d4-9695-4030-9f15-648d5f03bb0f&device_owner=network%3Adhcp HTTP/1.1" status: 200 len: 210 time: 0.0159571
2026-04-28 18:32:19.487 9 INFO neutron.wsgi [None req-94591e14-1bb4-4411-adaf-95e9d142b766 445a218fcc14475481f27e15806a9d61 9104c65c6035457f9d891bb7271bf9a8 - - default default] 10.0.0.85 "POST /v2.0/security-group-rules HTTP/1.1" status: 201 len: 764 time: 0.1397109
2026-04-28 18:32:19.529 10 INFO neutron.wsgi [req-3bd6cf30-cdfa-42ff-8bcb-4976fe564498 req-2643b370-8e15-4560-9b5a-d13754e752c1 54b88280dc1646d2a79d662e64c0d724 4f8eb4083741407ab21daa902d3eeb03 - - e62532941e864b8ba3623ffc54f3df85 e62532941e864b8ba3623ffc54f3df85] 199.19.213.209 "GET /v2.0/networks/bced79d4-9695-4030-9f15-648d5f03bb0f?fields=segments HTTP/1.1" status: 200 len: 212 time: 0.0581369
2026-04-28 18:32:19.580 10 INFO neutron.wsgi [req-3bd6cf30-cdfa-42ff-8bcb-4976fe564498 req-3b674be4-df22-4c3c-bc48-4a2a224e5362 54b88280dc1646d2a79d662e64c0d724 4f8eb4083741407ab21daa902d3eeb03 - - e62532941e864b8ba3623ffc54f3df85 e62532941e864b8ba3623ffc54f3df85] 199.19.213.209 "GET /v2.0/networks/bced79d4-9695-4030-9f15-648d5f03bb0f?fields=provider%3Aphysical_network&fields=provider%3Anetwork_type HTTP/1.1" status: 200 len: 277 time: 0.0450871
2026-04-28 18:32:19.611 9 INFO neutron.db.ovn_revision_numbers_db [None req-ff539cfd-cbe5-4bb5-baf8-2a330656e028 445a218fcc14475481f27e15806a9d61 9104c65c6035457f9d891bb7271bf9a8 - - default default] Successfully bumped revision number for resource 9ad80545-c7c5-4f2d-b8e9-e9bfd57e7f8d (type: security_group_rules) to 0
2026-04-28 18:32:19.635 9 INFO neutron.wsgi [None req-ff539cfd-cbe5-4bb5-baf8-2a330656e028 445a218fcc14475481f27e15806a9d61 9104c65c6035457f9d891bb7271bf9a8 - - default default] 10.0.0.85 "POST /v2.0/security-group-rules HTTP/1.1" status: 201 len: 769 time: 0.1420412
2026-04-28 18:32:19.864 9 INFO neutron.wsgi [req-cf79d984-ada9-48af-9798-bfe19fbe0fca req-6288800c-4419-4b96-8ddd-3ac59e990c2e e643f6df2c1147f4a193dcc86ed35878 97054b39d4bd43fd9917b932ff788ac7 - - default default] 10.0.0.139 "GET /v2.0/ports?device_id=764cd203-0348-43d4-a67d-2439292731fa HTTP/1.1" status: 200 len: 1352 time: 0.0577571
2026-04-28 18:32:19.889 9 INFO neutron.wsgi [None req-d1c46a0e-b4d9-4878-9df2-645d1f6e5bdf 68027d439b044ebd8dc31424fc114ed5 bddde6711bed4dd8b2a454341a5ad8b8 - - default default] 10.0.0.85 "GET /v2.0/ports/28945f7a-7fd2-4c8d-9f3b-bf2890351961 HTTP/1.1" status: 200 len: 1149 time: 0.0519345
