2026-04-28 18:35:15.021 9 WARNING neutron.scheduler.dhcp_agent_scheduler [None req-a0380391-de4f-472e-91b7-31409114de9d 733a138df06042c3af962890ffad30fa 447eb8e41e93480b8cb20b4b1375019e - - default default] No more DHCP agents
2026-04-28 18:35:15.023 9 WARNING neutron.api.rpc.agentnotifiers.dhcp_rpc_agent_api [None req-a0380391-de4f-472e-91b7-31409114de9d 733a138df06042c3af962890ffad30fa 447eb8e41e93480b8cb20b4b1375019e - - default default] Unable to schedule network 2883569f-822a-4664-89c7-c0563bc873ff: no agents available; will retry on subsequent port and subnet creation events.
2026-04-28 18:35:15.032 10 INFO neutron.db.ovn_revision_numbers_db [None req-8b18a6db-7c25-464a-8b5c-bbd5cb1ab735 48e081fb0e3148478a0338e7fc589bad 7c9837aa41ee4d8fb6b630692028dc4c - - default default] Successfully bumped revision number for resource 5cd48921-832e-4c29-b04c-0d2cb3eb3628 (type: security_group_rules) to 0
2026-04-28 18:35:15.046 10 INFO neutron.db.ovn_revision_numbers_db [None req-8b18a6db-7c25-464a-8b5c-bbd5cb1ab735 48e081fb0e3148478a0338e7fc589bad 7c9837aa41ee4d8fb6b630692028dc4c - - default default] Successfully bumped revision number for resource 67c16bbd-9b16-44af-b3f8-00e31713b211 (type: security_group_rules) to 0
2026-04-28 18:35:15.068 10 INFO neutron.wsgi [None req-8b18a6db-7c25-464a-8b5c-bbd5cb1ab735 48e081fb0e3148478a0338e7fc589bad 7c9837aa41ee4d8fb6b630692028dc4c - - default default] 10.0.0.85 "GET /v2.0/security-groups?tenant_id=7a53a3b1cb3c4079938c5ff12e1aaead&name=default HTTP/1.1" status: 200 len: 2996 time: 0.2075455
2026-04-28 18:35:15.102 9 INFO neutron.db.ovn_revision_numbers_db [None req-a0380391-de4f-472e-91b7-31409114de9d 733a138df06042c3af962890ffad30fa 447eb8e41e93480b8cb20b4b1375019e - - default default] Successfully bumped revision number for resource f5734e7c-f16a-4dff-8005-fe6161f20ec8 (type: ports) to 1
2026-04-28 18:35:15.125 9 INFO neutron.wsgi [None req-a0380391-de4f-472e-91b7-31409114de9d 733a138df06042c3af962890ffad30fa 447eb8e41e93480b8cb20b4b1375019e - - default default] 10.0.0.85 "POST /v2.0/ports HTTP/1.1" status: 201 len: 942 time: 0.4020593 /var/lib/openstack/lib/python3.10/site-packages/pycadf/identifier.py:71: UserWarning: Invalid uuid: neutron. To ensure interoperability, identifiers should be a valid uuid. warnings.warn(('Invalid uuid: %s. To ensure interoperability, '
2026-04-28 18:35:15.214 9 INFO neutron.db.segments_db [None req-9a613718-536a-4c99-8d8f-a22ccbb7c309 733a138df06042c3af962890ffad30fa 447eb8e41e93480b8cb20b4b1375019e - - default default] Added segment 052b0195-07e1-480c-ae1f-3c593e1dde62 of type geneve for network 575325d7-cd0d-4985-831a-24451793f2ad
2026-04-28 18:35:15.261 10 INFO neutron.wsgi [None req-de93e3fa-62cd-4ea6-a996-02fbe0c43128 48e081fb0e3148478a0338e7fc589bad 7c9837aa41ee4d8fb6b630692028dc4c - - default default] 10.0.0.85 "DELETE /v2.0/security-groups/8c627d3a-6ed0-411c-adcf-b8c9fb7b42ce HTTP/1.1" status: 204 len: 168 time: 0.1765308
2026-04-28 18:35:15.372 9 INFO neutron.db.ovn_revision_numbers_db [None req-9a613718-536a-4c99-8d8f-a22ccbb7c309 733a138df06042c3af962890ffad30fa 447eb8e41e93480b8cb20b4b1375019e - - default default] Successfully bumped revision number for resource 575325d7-cd0d-4985-831a-24451793f2ad (type: networks) to 1
2026-04-28 18:35:15.553 9 WARNING neutron.scheduler.dhcp_agent_scheduler [None req-9a613718-536a-4c99-8d8f-a22ccbb7c309 733a138df06042c3af962890ffad30fa 447eb8e41e93480b8cb20b4b1375019e - - default default] No more DHCP agents
2026-04-28 18:35:15.554 9 WARNING neutron.api.rpc.agentnotifiers.dhcp_rpc_agent_api [None req-9a613718-536a-4c99-8d8f-a22ccbb7c309 733a138df06042c3af962890ffad30fa 447eb8e41e93480b8cb20b4b1375019e - - default default] Unable to schedule network 575325d7-cd0d-4985-831a-24451793f2ad: no agents available; will retry on subsequent port and subnet creation events.
2026-04-28 18:35:15.643 9 INFO neutron.db.ovn_revision_numbers_db [None req-9a613718-536a-4c99-8d8f-a22ccbb7c309 733a138df06042c3af962890ffad30fa 447eb8e41e93480b8cb20b4b1375019e - - default default] Successfully bumped revision number for resource c2af2237-a421-4749-b57d-85a3b95e4c6a (type: ports) to 1
2026-04-28 18:35:15.661 9 INFO neutron.wsgi [None req-9a613718-536a-4c99-8d8f-a22ccbb7c309 733a138df06042c3af962890ffad30fa 447eb8e41e93480b8cb20b4b1375019e - - default default] 10.0.0.85 "POST /v2.0/networks HTTP/1.1" status: 201 len: 830 time: 0.5314274
2026-04-28 18:35:15.916 9 WARNING neutron.scheduler.dhcp_agent_scheduler [None req-4115cc65-0bd7-470a-9398-815bfb0babb1 733a138df06042c3af962890ffad30fa 447eb8e41e93480b8cb20b4b1375019e - - default default] No more DHCP agents
2026-04-28 18:35:15.918 9 WARNING neutron.api.rpc.agentnotifiers.dhcp_rpc_agent_api [None req-4115cc65-0bd7-470a-9398-815bfb0babb1 733a138df06042c3af962890ffad30fa 447eb8e41e93480b8cb20b4b1375019e - - default default] Unable to schedule network 575325d7-cd0d-4985-831a-24451793f2ad: no agents available; will retry on subsequent port and subnet creation events.
2026-04-28 18:35:16.035 9 INFO neutron.db.ovn_revision_numbers_db [None req-4115cc65-0bd7-470a-9398-815bfb0babb1 733a138df06042c3af962890ffad30fa 447eb8e41e93480b8cb20b4b1375019e - - default default] Successfully bumped revision number for resource 60c9e45b-c827-4501-aae1-e521a5479248 (type: ports) to 1
2026-04-28 18:35:16.058 9 INFO neutron.wsgi [None req-4115cc65-0bd7-470a-9398-815bfb0babb1 733a138df06042c3af962890ffad30fa 447eb8e41e93480b8cb20b4b1375019e - - default default] 10.0.0.85 "POST /v2.0/ports HTTP/1.1" status: 201 len: 942 time: 0.3908284 /var/lib/openstack/lib/python3.10/site-packages/pycadf/identifier.py:71: UserWarning: Invalid uuid: neutron. To ensure interoperability, identifiers should be a valid uuid. warnings.warn(('Invalid uuid: %s. To ensure interoperability, '
2026-04-28 18:35:16.169 9 INFO neutron.db.segments_db [None req-ac1c4818-85cc-4889-9818-9b407c16c994 733a138df06042c3af962890ffad30fa 447eb8e41e93480b8cb20b4b1375019e - - default default] Added segment b186d96b-3f5f-4390-9514-8e8ae0f63b98 of type geneve for network 03a6abde-12b1-4254-9053-a463b99f6b3b
2026-04-28 18:35:16.310 9 INFO neutron.db.ovn_revision_numbers_db [None req-ac1c4818-85cc-4889-9818-9b407c16c994 733a138df06042c3af962890ffad30fa 447eb8e41e93480b8cb20b4b1375019e - - default default] Successfully bumped revision number for resource 03a6abde-12b1-4254-9053-a463b99f6b3b (type: networks) to 1
2026-04-28 18:35:16.482 9 WARNING neutron.scheduler.dhcp_agent_scheduler [None req-ac1c4818-85cc-4889-9818-9b407c16c994 733a138df06042c3af962890ffad30fa 447eb8e41e93480b8cb20b4b1375019e - - default default] No more DHCP agents
2026-04-28 18:35:16.484 9 WARNING neutron.api.rpc.agentnotifiers.dhcp_rpc_agent_api [None req-ac1c4818-85cc-4889-9818-9b407c16c994 733a138df06042c3af962890ffad30fa 447eb8e41e93480b8cb20b4b1375019e - - default default] Unable to schedule network 03a6abde-12b1-4254-9053-a463b99f6b3b: no agents available; will retry on subsequent port and subnet creation events.
2026-04-28 18:35:17.030 9 INFO neutron.db.ovn_revision_numbers_db [None req-ac1c4818-85cc-4889-9818-9b407c16c994 733a138df06042c3af962890ffad30fa 447eb8e41e93480b8cb20b4b1375019e - - default default] Successfully bumped revision number for resource 08da8d8d-15ed-40f4-a14c-b8261fd0660f (type: ports) to 1
2026-04-28 18:35:17.049 9 INFO neutron.wsgi [None req-ac1c4818-85cc-4889-9818-9b407c16c994 733a138df06042c3af962890ffad30fa 447eb8e41e93480b8cb20b4b1375019e - - default default] 10.0.0.85 "POST /v2.0/networks HTTP/1.1" status: 201 len: 831 time: 0.9838037
2026-04-28 18:35:17.298 9 WARNING neutron.scheduler.dhcp_agent_scheduler [None req-74b196fa-2e56-4a8e-b3bd-3fc7dff1452f 733a138df06042c3af962890ffad30fa 447eb8e41e93480b8cb20b4b1375019e - - default default] No more DHCP agents
2026-04-28 18:35:17.301 9 WARNING neutron.api.rpc.agentnotifiers.dhcp_rpc_agent_api [None req-74b196fa-2e56-4a8e-b3bd-3fc7dff1452f 733a138df06042c3af962890ffad30fa 447eb8e41e93480b8cb20b4b1375019e - - default default] Unable to schedule network 03a6abde-12b1-4254-9053-a463b99f6b3b: no agents available; will retry on subsequent port and subnet creation events.
2026-04-28 18:35:17.429 9 INFO neutron.db.ovn_revision_numbers_db [None req-74b196fa-2e56-4a8e-b3bd-3fc7dff1452f 733a138df06042c3af962890ffad30fa 447eb8e41e93480b8cb20b4b1375019e - - default default] Successfully bumped revision number for resource ec70e0e9-cfa1-4627-9b81-0210abe5e672 (type: ports) to 1
2026-04-28 18:35:17.455 9 INFO neutron.wsgi [None req-74b196fa-2e56-4a8e-b3bd-3fc7dff1452f 733a138df06042c3af962890ffad30fa 447eb8e41e93480b8cb20b4b1375019e - - default default] 10.0.0.85 "POST /v2.0/ports HTTP/1.1" status: 201 len: 942 time: 0.3995183 /var/lib/openstack/lib/python3.10/site-packages/pycadf/identifier.py:71: UserWarning: Invalid uuid: neutron. To ensure interoperability, identifiers should be a valid uuid. warnings.warn(('Invalid uuid: %s. To ensure interoperability, '
2026-04-28 18:35:17.552 9 INFO neutron.db.segments_db [None req-9326b6d5-652c-4312-a49a-5be5ebc9f436 733a138df06042c3af962890ffad30fa 447eb8e41e93480b8cb20b4b1375019e - - default default] Added segment bef683f5-5f2f-448f-bf8f-958888851d4c of type geneve for network 540d0d6e-9693-4d2a-a587-23e30a8f0ca9
2026-04-28 18:35:17.712 9 INFO neutron.db.ovn_revision_numbers_db [None req-9326b6d5-652c-4312-a49a-5be5ebc9f436 733a138df06042c3af962890ffad30fa 447eb8e41e93480b8cb20b4b1375019e - - default default] Successfully bumped revision number for resource 540d0d6e-9693-4d2a-a587-23e30a8f0ca9 (type: networks) to 1
2026-04-28 18:35:17.883 9 WARNING neutron.scheduler.dhcp_agent_scheduler [None req-9326b6d5-652c-4312-a49a-5be5ebc9f436 733a138df06042c3af962890ffad30fa 447eb8e41e93480b8cb20b4b1375019e - - default default] No more DHCP agents
2026-04-28 18:35:17.885 9 WARNING neutron.api.rpc.agentnotifiers.dhcp_rpc_agent_api [None req-9326b6d5-652c-4312-a49a-5be5ebc9f436 733a138df06042c3af962890ffad30fa 447eb8e41e93480b8cb20b4b1375019e - - default default] Unable to schedule network 540d0d6e-9693-4d2a-a587-23e30a8f0ca9: no agents available; will retry on subsequent port and subnet creation events.
2026-04-28 18:35:17.982 9 INFO neutron.db.ovn_revision_numbers_db [None req-9326b6d5-652c-4312-a49a-5be5ebc9f436 733a138df06042c3af962890ffad30fa 447eb8e41e93480b8cb20b4b1375019e - - default default] Successfully bumped revision number for resource a6390bbf-5e6f-4c46-b4dd-ed50ed6a93e9 (type: ports) to 1
2026-04-28 18:35:18.002 9 INFO neutron.wsgi [None req-9326b6d5-652c-4312-a49a-5be5ebc9f436 733a138df06042c3af962890ffad30fa 447eb8e41e93480b8cb20b4b1375019e - - default default] 10.0.0.85 "POST /v2.0/networks HTTP/1.1" status: 201 len: 831 time: 0.5405591
2026-04-28 18:35:18.280 9 WARNING neutron.scheduler.dhcp_agent_scheduler [None req-65c8e076-70b1-4feb-ab1f-9b069f291107 733a138df06042c3af962890ffad30fa 447eb8e41e93480b8cb20b4b1375019e - - default default] No more DHCP agents
2026-04-28 18:35:18.282 9 WARNING neutron.api.rpc.agentnotifiers.dhcp_rpc_agent_api [None req-65c8e076-70b1-4feb-ab1f-9b069f291107 733a138df06042c3af962890ffad30fa 447eb8e41e93480b8cb20b4b1375019e - - default default] Unable to schedule network 540d0d6e-9693-4d2a-a587-23e30a8f0ca9: no agents available; will retry on subsequent port and subnet creation events.
2026-04-28 18:35:18.374 9 INFO neutron.db.ovn_revision_numbers_db [None req-65c8e076-70b1-4feb-ab1f-9b069f291107 733a138df06042c3af962890ffad30fa 447eb8e41e93480b8cb20b4b1375019e - - default default] Successfully bumped revision number for resource 6a488621-4481-49f2-b337-0d353ac015c9 (type: ports) to 1
2026-04-28 18:35:18.409 9 INFO neutron.wsgi [None req-65c8e076-70b1-4feb-ab1f-9b069f291107 733a138df06042c3af962890ffad30fa 447eb8e41e93480b8cb20b4b1375019e - - default default] 10.0.0.85 "POST /v2.0/ports HTTP/1.1" status: 201 len: 942 time: 0.4007812 /var/lib/openstack/lib/python3.10/site-packages/pycadf/identifier.py:71: UserWarning: Invalid uuid: neutron. To ensure interoperability, identifiers should be a valid uuid. warnings.warn(('Invalid uuid: %s. To ensure interoperability, '
2026-04-28 18:35:18.521 9 INFO neutron.db.segments_db [None req-c9be6d56-d4f0-4117-8683-02ffbab56e06 733a138df06042c3af962890ffad30fa 447eb8e41e93480b8cb20b4b1375019e - - default default] Added segment b90c33e6-7692-4923-b845-56710f369bee of type geneve for network eb1b61d4-c2d8-465c-ba3f-5e714017c573
2026-04-28 18:35:18.660 9 INFO neutron.db.ovn_revision_numbers_db [None req-c9be6d56-d4f0-4117-8683-02ffbab56e06 733a138df06042c3af962890ffad30fa 447eb8e41e93480b8cb20b4b1375019e - - default default] Successfully bumped revision number for resource eb1b61d4-c2d8-465c-ba3f-5e714017c573 (type: networks) to 1
2026-04-28 18:35:18.804 10 INFO neutron.db.ovn_revision_numbers_db [None req-dce446d1-3900-41d5-a1a8-10e9f852e072 e5c4fe601c614f4881cc365d732686a9 edb979d55b894b03a017fe6d33f216c5 - - default default] Successfully bumped revision number for resource 43196421-8b7e-4427-aa21-573159e5096d (type: security_groups) to 1
2026-04-28 18:35:18.819 10 INFO neutron.db.ovn_revision_numbers_db [None req-dce446d1-3900-41d5-a1a8-10e9f852e072 e5c4fe601c614f4881cc365d732686a9 edb979d55b894b03a017fe6d33f216c5 - - default default] Successfully bumped revision number for resource 415a1b44-3bbb-4849-894b-95069757967e (type: security_group_rules) to 0
2026-04-28 18:35:18.832 10 INFO neutron.db.ovn_revision_numbers_db [None req-dce446d1-3900-41d5-a1a8-10e9f852e072 e5c4fe601c614f4881cc365d732686a9 edb979d55b894b03a017fe6d33f216c5 - - default default] Successfully bumped revision number for resource 5037f251-4408-462e-afbc-cff33e8140eb (type: security_group_rules) to 0
2026-04-28 18:35:18.847 10 INFO neutron.db.ovn_revision_numbers_db [None req-dce446d1-3900-41d5-a1a8-10e9f852e072 e5c4fe601c614f4881cc365d732686a9 edb979d55b894b03a017fe6d33f216c5 - - default default] Successfully bumped revision number for resource 5e2f1ea2-eea2-49e7-a5f6-eafe3429f85c (type: security_group_rules) to 0
2026-04-28 18:35:18.860 10 INFO neutron.db.ovn_revision_numbers_db [None req-dce446d1-3900-41d5-a1a8-10e9f852e072 e5c4fe601c614f4881cc365d732686a9 edb979d55b894b03a017fe6d33f216c5 - - default default] Successfully bumped revision number for resource be236c85-1612-47e7-844b-db80d0ecf8d1 (type: security_group_rules) to 0
2026-04-28 18:35:18.864 9 WARNING neutron.scheduler.dhcp_agent_scheduler [None req-c9be6d56-d4f0-4117-8683-02ffbab56e06 733a138df06042c3af962890ffad30fa 447eb8e41e93480b8cb20b4b1375019e - - default default] No more DHCP agents
2026-04-28 18:35:18.867 9 WARNING neutron.api.rpc.agentnotifiers.dhcp_rpc_agent_api [None req-c9be6d56-d4f0-4117-8683-02ffbab56e06 733a138df06042c3af962890ffad30fa 447eb8e41e93480b8cb20b4b1375019e - - default default] Unable to schedule network eb1b61d4-c2d8-465c-ba3f-5e714017c573: no agents available; will retry on subsequent port and subnet creation events.
2026-04-28 18:35:18.935 10 INFO neutron.db.ovn_revision_numbers_db [None req-dce446d1-3900-41d5-a1a8-10e9f852e072 e5c4fe601c614f4881cc365d732686a9 edb979d55b894b03a017fe6d33f216c5 - - default default] Successfully bumped revision number for resource 3270cfcc-f52d-43b4-af97-67d0c141a73c (type: security_groups) to 1
2026-04-28 18:35:18.946 9 INFO neutron.db.ovn_revision_numbers_db [None req-c9be6d56-d4f0-4117-8683-02ffbab56e06 733a138df06042c3af962890ffad30fa 447eb8e41e93480b8cb20b4b1375019e - - default default] Successfully bumped revision number for resource fb5bf220-7a1b-4799-8db9-a0fb02fc97f9 (type: ports) to 1
2026-04-28 18:35:18.949 10 INFO neutron.db.ovn_revision_numbers_db [None req-dce446d1-3900-41d5-a1a8-10e9f852e072 e5c4fe601c614f4881cc365d732686a9 edb979d55b894b03a017fe6d33f216c5 - - default default] Successfully bumped revision number for resource 0f45a4e7-f408-458a-8683-0225da1871c2 (type: security_group_rules) to 0
2026-04-28 18:35:18.973 10 INFO neutron.db.ovn_revision_numbers_db [None req-dce446d1-3900-41d5-a1a8-10e9f852e072 e5c4fe601c614f4881cc365d732686a9 edb979d55b894b03a017fe6d33f216c5 - - default default] Successfully bumped revision number for resource 7147b685-ebe8-44bc-83fb-32c035dfc34c (type: security_group_rules) to 0
2026-04-28 18:35:18.979 9 INFO neutron.wsgi [None req-c9be6d56-d4f0-4117-8683-02ffbab56e06 733a138df06042c3af962890ffad30fa 447eb8e41e93480b8cb20b4b1375019e - - default default] 10.0.0.85 "POST /v2.0/networks HTTP/1.1" status: 201 len: 831 time: 0.5564854
2026-04-28 18:35:18.994 10 INFO neutron.wsgi [None req-dce446d1-3900-41d5-a1a8-10e9f852e072 e5c4fe601c614f4881cc365d732686a9 edb979d55b894b03a017fe6d33f216c5 - - default default] 10.0.0.85 "POST /v2.0/security-groups HTTP/1.1" status: 201 len: 1739 time: 0.4616585
2026-04-28 18:35:19.049 9 INFO neutron.wsgi [None req-80473376-c1b2-4971-9590-5605714dec08 e5c4fe601c614f4881cc365d732686a9 edb979d55b894b03a017fe6d33f216c5 - - default default] 10.0.0.85 "PUT /v2.0/security-groups/3270cfcc-f52d-43b4-af97-67d0c141a73c/tags HTTP/1.1" status: 200 len: 218 time: 0.0430198
2026-04-28 18:35:19.082 9 INFO neutron.wsgi [None req-97fd6172-07e4-465b-84ea-b48b5ccda2fb e5c4fe601c614f4881cc365d732686a9 edb979d55b894b03a017fe6d33f216c5 - - default default] 10.0.0.85 "GET /v2.0/security-groups/3270cfcc-f52d-43b4-af97-67d0c141a73c/tags HTTP/1.1" status: 200 len: 218 time: 0.0284066
2026-04-28 18:35:19.123 9 INFO neutron.wsgi [None req-d3581ea5-e8ea-4935-a9c2-6b7869000c32 e5c4fe601c614f4881cc365d732686a9 edb979d55b894b03a017fe6d33f216c5 - - default default] 10.0.0.85 "PUT /v2.0/security-groups/3270cfcc-f52d-43b4-af97-67d0c141a73c/tags/green HTTP/1.1" status: 201 len: 201 time: 0.0370500
2026-04-28 18:35:19.149 9 INFO neutron.wsgi [None req-4df8c018-6b4c-4d71-9ca8-5ef1ef9f78c2 e5c4fe601c614f4881cc365d732686a9 edb979d55b894b03a017fe6d33f216c5 - - default default] 10.0.0.85 "GET /v2.0/security-groups/3270cfcc-f52d-43b4-af97-67d0c141a73c/tags HTTP/1.1" status: 200 len: 227 time: 0.0216436
2026-04-28 18:35:19.188 10 INFO neutron.wsgi [None req-59ec5336-6f63-44b7-a007-0ac92ee7d3d9 e5c4fe601c614f4881cc365d732686a9 edb979d55b894b03a017fe6d33f216c5 - - default default] 10.0.0.85 "PUT /v2.0/security-groups/3270cfcc-f52d-43b4-af97-67d0c141a73c/tags/red HTTP/1.1" status: 201 len: 201 time: 0.0272894
2026-04-28 18:35:19.210 10 INFO neutron.wsgi [None req-c2bc5a54-463f-4135-98af-d5bc18c8cee3 e5c4fe601c614f4881cc365d732686a9 edb979d55b894b03a017fe6d33f216c5 - - default default] 10.0.0.85 "GET /v2.0/security-groups/3270cfcc-f52d-43b4-af97-67d0c141a73c/tags HTTP/1.1" status: 200 len: 227 time: 0.0175495
2026-04-28 18:35:19.241 10 INFO neutron.wsgi [None req-1abeadba-ff01-4aaf-af12-1b5cd5d242a7 e5c4fe601c614f4881cc365d732686a9 edb979d55b894b03a017fe6d33f216c5 - - default default] 10.0.0.85 "PUT /v2.0/security-groups/3270cfcc-f52d-43b4-af97-67d0c141a73c/tags/black.or.white HTTP/1.1" status: 201 len: 201 time: 0.0277603
2026-04-28 18:35:19.263 9 WARNING neutron.scheduler.dhcp_agent_scheduler [None req-017777c6-43bc-4c3d-a91f-e480da7e67d0 733a138df06042c3af962890ffad30fa 447eb8e41e93480b8cb20b4b1375019e - - default default] No more DHCP agents
2026-04-28 18:35:19.264 10 INFO neutron.wsgi [None req-1b528ad3-e6c1-46e5-addf-6965101adc9c e5c4fe601c614f4881cc365d732686a9 edb979d55b894b03a017fe6d33f216c5 - - default default] 10.0.0.85 "GET /v2.0/security-groups/3270cfcc-f52d-43b4-af97-67d0c141a73c/tags HTTP/1.1" status: 200 len: 245 time: 0.0172970
2026-04-28 18:35:19.265 9 WARNING neutron.api.rpc.agentnotifiers.dhcp_rpc_agent_api [None req-017777c6-43bc-4c3d-a91f-e480da7e67d0 733a138df06042c3af962890ffad30fa 447eb8e41e93480b8cb20b4b1375019e - - default default] Unable to schedule network eb1b61d4-c2d8-465c-ba3f-5e714017c573: no agents available; will retry on subsequent port and subnet creation events.
2026-04-28 18:35:19.302 10 INFO neutron.wsgi [None req-082d55ff-5505-47d5-a776-017e84457192 e5c4fe601c614f4881cc365d732686a9 edb979d55b894b03a017fe6d33f216c5 - - default default] 10.0.0.85 "PUT /v2.0/security-groups/3270cfcc-f52d-43b4-af97-67d0c141a73c/tags HTTP/1.1" status: 200 len: 230 time: 0.0341365
2026-04-28 18:35:19.325 10 INFO neutron.wsgi [None req-4d1125a4-5f24-42c3-9fd8-9de293934d54 e5c4fe601c614f4881cc365d732686a9 edb979d55b894b03a017fe6d33f216c5 - - default default] 10.0.0.85 "GET /v2.0/security-groups/3270cfcc-f52d-43b4-af97-67d0c141a73c/tags HTTP/1.1" status: 200 len: 230 time: 0.0188174
2026-04-28 18:35:19.346 10 INFO neutron.wsgi [None req-1fcfd170-5b81-4034-b646-b3073c292edc e5c4fe601c614f4881cc365d732686a9 edb979d55b894b03a017fe6d33f216c5 - - default default] 10.0.0.85 "GET /v2.0/security-groups/3270cfcc-f52d-43b4-af97-67d0c141a73c/tags/red HTTP/1.1" status: 204 len: 168 time: 0.0149195
2026-04-28 18:35:19.355 9 INFO neutron.db.ovn_revision_numbers_db [None req-017777c6-43bc-4c3d-a91f-e480da7e67d0 733a138df06042c3af962890ffad30fa 447eb8e41e93480b8cb20b4b1375019e - - default default] Successfully bumped revision number for resource d04ad4cc-5262-4d63-99a8-cab38af628cf (type: ports) to 1
2026-04-28 18:35:19.376 10 INFO neutron.api.v2.resource [None req-876c68e0-81a5-40e4-8f94-b9aae93d1e78 e5c4fe601c614f4881cc365d732686a9 edb979d55b894b03a017fe6d33f216c5 - - default default] show failed (client error): The resource could not be found.
2026-04-28 18:35:19.379 10 INFO neutron.wsgi [None req-876c68e0-81a5-40e4-8f94-b9aae93d1e78 e5c4fe601c614f4881cc365d732686a9 edb979d55b894b03a017fe6d33f216c5 - - default default] 10.0.0.85 "GET /v2.0/security-groups/3270cfcc-f52d-43b4-af97-67d0c141a73c/tags/green HTTP/1.1" status: 404 len: 299 time: 0.0288303
2026-04-28 18:35:19.381 9 INFO neutron.wsgi [None req-017777c6-43bc-4c3d-a91f-e480da7e67d0 733a138df06042c3af962890ffad30fa 447eb8e41e93480b8cb20b4b1375019e - - default default] 10.0.0.85 "POST /v2.0/ports HTTP/1.1" status: 201 len: 942 time: 0.3956940 /var/lib/openstack/lib/python3.10/site-packages/pycadf/identifier.py:71: UserWarning: Invalid uuid: neutron. To ensure interoperability, identifiers should be a valid uuid. warnings.warn(('Invalid uuid: %s. To ensure interoperability, '
2026-04-28 18:35:19.423 10 INFO neutron.wsgi [None req-fe9eb78e-7cd9-4d95-b845-6e310a759641 e5c4fe601c614f4881cc365d732686a9 edb979d55b894b03a017fe6d33f216c5 - - default default] 10.0.0.85 "DELETE /v2.0/security-groups/3270cfcc-f52d-43b4-af97-67d0c141a73c/tags/red HTTP/1.1" status: 204 len: 168 time: 0.0390265
2026-04-28 18:35:19.434 9 INFO neutron.wsgi [None req-38ce0fee-8b4b-47d0-96c3-aac359813a71 733a138df06042c3af962890ffad30fa 447eb8e41e93480b8cb20b4b1375019e - - default default] 10.0.0.85 "PUT /v2.0/ports/f5734e7c-f16a-4dff-8005-fe6161f20ec8/tags HTTP/1.1" status: 200 len: 210 time: 0.0471089
2026-04-28 18:35:19.448 10 INFO neutron.wsgi [None req-6c9ef3dd-fcb7-41f5-98d6-71f669bbbfc7 e5c4fe601c614f4881cc365d732686a9 edb979d55b894b03a017fe6d33f216c5 - - default default] 10.0.0.85 "GET /v2.0/security-groups/3270cfcc-f52d-43b4-af97-67d0c141a73c/tags HTTP/1.1" status: 200 len: 223 time: 0.0184839
2026-04-28 18:35:19.470 10 INFO neutron.api.v2.resource [None req-5047da27-9c86-427c-acd9-0c85c8cdf642 e5c4fe601c614f4881cc365d732686a9 edb979d55b894b03a017fe6d33f216c5 - - default default] delete failed (client error): The resource could not be found.
2026-04-28 18:35:19.471 10 INFO neutron.wsgi [None req-5047da27-9c86-427c-acd9-0c85c8cdf642 e5c4fe601c614f4881cc365d732686a9 edb979d55b894b03a017fe6d33f216c5 - - default default] 10.0.0.85 "DELETE /v2.0/security-groups/3270cfcc-f52d-43b4-af97-67d0c141a73c/tags/green HTTP/1.1" status: 404 len: 299 time: 0.0180044
2026-04-28 18:35:19.471 9 INFO neutron.wsgi [None req-c65d07c0-cfc5-42c6-8434-725397349f8b 733a138df06042c3af962890ffad30fa 447eb8e41e93480b8cb20b4b1375019e - - default default] 10.0.0.85 "PUT /v2.0/ports/60c9e45b-c827-4501-aae1-e521a5479248/tags HTTP/1.1" status: 200 len: 218 time: 0.0336680
2026-04-28 18:35:19.516 10 INFO neutron.wsgi [None req-d1c789f4-fc94-4b39-bb9a-6a3f3bbb77bb 733a138df06042c3af962890ffad30fa 447eb8e41e93480b8cb20b4b1375019e - - default default] 10.0.0.85 "PUT /v2.0/ports/ec70e0e9-cfa1-4627-9b81-0210abe5e672/tags HTTP/1.1" status: 200 len: 227 time: 0.0404160
2026-04-28 18:35:19.518 9 INFO neutron.wsgi [None req-c1c35db7-dd85-486f-80e1-5c47551823bf e5c4fe601c614f4881cc365d732686a9 edb979d55b894b03a017fe6d33f216c5 - - default default] 10.0.0.85 "DELETE /v2.0/security-groups/3270cfcc-f52d-43b4-af97-67d0c141a73c/tags HTTP/1.1" status: 204 len: 168 time: 0.0417120
2026-04-28 18:35:19.541 9 INFO neutron.wsgi [None req-6187a399-7bcc-406f-a98b-4fa15c06fa82 e5c4fe601c614f4881cc365d732686a9 edb979d55b894b03a017fe6d33f216c5 - - default default] 10.0.0.85 "GET /v2.0/security-groups/3270cfcc-f52d-43b4-af97-67d0c141a73c/tags HTTP/1.1" status: 200 len: 205 time: 0.0165308
2026-04-28 18:35:19.561 10 INFO neutron.wsgi [None req-b6ec4c51-9a8f-41f1-83e2-6f00062caa49 733a138df06042c3af962890ffad30fa 447eb8e41e93480b8cb20b4b1375019e - - default default] 10.0.0.85 "PUT /v2.0/ports/6a488621-4481-49f2-b337-0d353ac015c9/tags HTTP/1.1" status: 200 len: 212 time: 0.0373271
2026-04-28 18:35:19.750 9 INFO neutron.wsgi [None req-17125078-062c-4334-add5-6bf1227d7f2d 733a138df06042c3af962890ffad30fa 447eb8e41e93480b8cb20b4b1375019e - - default default] 10.0.0.85 "GET /v2.0/ports?tags=red HTTP/1.1" status: 200 len: 2448 time: 0.1853824
2026-04-28 18:35:19.757 9 INFO neutron.wsgi [None req-a0cebfd2-cdd4-4134-914a-f298cbe4e23c e5c4fe601c614f4881cc365d732686a9 edb979d55b894b03a017fe6d33f216c5 - - default default] 10.0.0.85 "DELETE /v2.0/security-groups/3270cfcc-f52d-43b4-af97-67d0c141a73c HTTP/1.1" status: 204 len: 168 time: 0.2068968
2026-04-28 18:35:19.884 10 INFO neutron.wsgi [None req-40575baf-1df3-45e2-a81e-98dcf7d46188 733a138df06042c3af962890ffad30fa 447eb8e41e93480b8cb20b4b1375019e - - default default] 10.0.0.85 "GET /v2.0/ports?tags=red%2Cblue HTTP/1.1" status: 200 len: 1708 time: 0.1268201
2026-04-28 18:35:19.948 10 INFO neutron.wsgi [None req-7f96c2ab-de9c-4e74-8b6b-195f188c9bd3 733a138df06042c3af962890ffad30fa 447eb8e41e93480b8cb20b4b1375019e - - default default] 10.0.0.85 "GET /v2.0/ports?tags-any=blue HTTP/1.1" status: 200 len: 1708 time: 0.0539198
2026-04-28 18:35:20.049 10 INFO neutron.wsgi [None req-bcea5801-d115-4072-9769-bfd700a2c477 733a138df06042c3af962890ffad30fa 447eb8e41e93480b8cb20b4b1375019e - - default default] 10.0.0.85 "GET /v2.0/ports?tags-any=red%2Cblue HTTP/1.1" status: 200 len: 2448 time: 0.0954158
2026-04-28 18:35:20.237 10 INFO neutron.wsgi [None req-1f6b6392-baf0-4d51-a490-c2cf2fc2ba96 733a138df06042c3af962890ffad30fa 447eb8e41e93480b8cb20b4b1375019e - - default default] 10.0.0.85 "GET /v2.0/ports?not-tags=red HTTP/1.1" status: 200 len: 5463 time: 0.1664274
2026-04-28 18:35:20.318 9 INFO neutron.wsgi [-] 10.0.0.89 "GET / HTTP/1.1" status: 200 len: 246 time: 0.0016313
2026-04-28 18:35:20.320 9 INFO neutron.wsgi [-] 10.0.0.89 "GET / HTTP/1.1" status: 200 len: 246 time: 0.0011451
2026-04-28 18:35:20.332 10 INFO neutron.wsgi [None req-b162d949-cd7e-4ac2-b96c-be382936b11f 733a138df06042c3af962890ffad30fa 447eb8e41e93480b8cb20b4b1375019e - - default default] 10.0.0.85 "GET /v2.0/ports?not-tags=red%2Cblue HTTP/1.1" status: 200 len: 6203 time: 0.0857303
2026-04-28 18:35:20.528 9 INFO neutron.wsgi [None req-5eea92ef-7574-46ea-8afa-8f43f87a29ce 733a138df06042c3af962890ffad30fa 447eb8e41e93480b8cb20b4b1375019e - - default default] 10.0.0.85 "GET /v2.0/ports?not-tags-any=blue HTTP/1.1" status: 200 len: 6203 time: 0.1896207
2026-04-28 18:35:20.621 10 INFO neutron.wsgi [None req-0533f713-dddc-4ee0-b613-6adf0db91409 733a138df06042c3af962890ffad30fa 447eb8e41e93480b8cb20b4b1375019e - - default default] 10.0.0.85 "GET /v2.0/ports?not-tags-any=red%2Cblue HTTP/1.1" status: 200 len: 5463 time: 0.0872808
2026-04-28 18:35:20.797 9 INFO neutron.wsgi [None req-c9323aa4-8b9e-40b0-a7e1-ccfe9eb5c8aa 48e081fb0e3148478a0338e7fc589bad 7c9837aa41ee4d8fb6b630692028dc4c - - default default] 10.0.0.85 "GET /v2.0/security-groups?tenant_id=edb979d55b894b03a017fe6d33f216c5&name=default HTTP/1.1" status: 200 len: 2999 time: 0.1333621
2026-04-28 18:35:21.012 9 INFO neutron.wsgi [None req-1dd046cf-4e77-401a-8e4a-d9bd5d5a0841 48e081fb0e3148478a0338e7fc589bad 7c9837aa41ee4d8fb6b630692028dc4c - - default default] 10.0.0.85 "DELETE /v2.0/security-groups/43196421-8b7e-4427-aa21-573159e5096d HTTP/1.1" status: 204 len: 168 time: 0.2079389
2026-04-28 18:35:21.130 10 INFO neutron.wsgi [None req-f2021652-092f-4dcf-8195-c745f0b738c4 733a138df06042c3af962890ffad30fa 447eb8e41e93480b8cb20b4b1375019e - - default default] 10.0.0.85 "DELETE /v2.0/ports/f5734e7c-f16a-4dff-8005-fe6161f20ec8 HTTP/1.1" status: 204 len: 168 time: 0.5016901
2026-04-28 18:35:21.233 9 INFO neutron.db.ovn_revision_numbers_db [None req-a609cc7b-230c-4e23-8af8-03013459ba73 48e081fb0e3148478a0338e7fc589bad 7c9837aa41ee4d8fb6b630692028dc4c - - default default] Successfully bumped revision number for resource a3f3eb20-5356-433f-ab23-d212f1305330 (type: security_groups) to 1
2026-04-28 18:35:21.251 9 INFO neutron.db.ovn_revision_numbers_db [None req-a609cc7b-230c-4e23-8af8-03013459ba73 48e081fb0e3148478a0338e7fc589bad 7c9837aa41ee4d8fb6b630692028dc4c - - default default] Successfully bumped revision number for resource 23437feb-0045-486a-9fae-f8c3105db53c (type: security_group_rules) to 0
2026-04-28 18:35:21.263 9 INFO neutron.db.ovn_revision_numbers_db [None req-a609cc7b-230c-4e23-8af8-03013459ba73 48e081fb0e3148478a0338e7fc589bad 7c9837aa41ee4d8fb6b630692028dc4c - - default default] Successfully bumped revision number for resource 6e76c538-d4df-4999-8c35-2ccfe6d7c56e (type: security_group_rules) to 0
2026-04-28 18:35:21.280 9 INFO neutron.db.ovn_revision_numbers_db [None req-a609cc7b-230c-4e23-8af8-03013459ba73 48e081fb0e3148478a0338e7fc589bad 7c9837aa41ee4d8fb6b630692028dc4c - - default default] Successfully bumped revision number for resource b377bfad-77c5-4efb-95f7-7dd9c3ae8b65 (type: security_group_rules) to 0
2026-04-28 18:35:21.304 9 INFO neutron.db.ovn_revision_numbers_db [None req-a609cc7b-230c-4e23-8af8-03013459ba73 48e081fb0e3148478a0338e7fc589bad 7c9837aa41ee4d8fb6b630692028dc4c - - default default] Successfully bumped revision number for resource e89514d8-8743-4406-808d-4ad6e2114907 (type: security_group_rules) to 0
2026-04-28 18:35:21.331 9 INFO neutron.wsgi [None req-a609cc7b-230c-4e23-8af8-03013459ba73 48e081fb0e3148478a0338e7fc589bad 7c9837aa41ee4d8fb6b630692028dc4c - - default default] 10.0.0.85 "GET /v2.0/security-groups?tenant_id=bfd181eb129a4919a5c02bd44b4a86d5&name=default HTTP/1.1" status: 200 len: 3000 time: 0.2133849
2026-04-28 18:35:21.416 10 INFO neutron.wsgi [None req-6eb617bc-a11c-4e53-95ae-d3ee7893bc59 733a138df06042c3af962890ffad30fa 447eb8e41e93480b8cb20b4b1375019e - - default default] 10.0.0.85 "DELETE /v2.0/ports/60c9e45b-c827-4501-aae1-e521a5479248 HTTP/1.1" status: 204 len: 168 time: 0.2815423
2026-04-28 18:35:21.562 9 INFO neutron.wsgi [None req-90b29134-bf07-4fb7-9966-6ad09162a3a3 48e081fb0e3148478a0338e7fc589bad 7c9837aa41ee4d8fb6b630692028dc4c - - default default] 10.0.0.85 "DELETE /v2.0/security-groups/a3f3eb20-5356-433f-ab23-d212f1305330 HTTP/1.1" status: 204 len: 168 time: 0.2249029
2026-04-28 18:35:21.642 10 INFO neutron.wsgi [None req-565c21e1-4801-486f-b05d-213aab28488b 733a138df06042c3af962890ffad30fa 447eb8e41e93480b8cb20b4b1375019e - - default default] 10.0.0.85 "DELETE /v2.0/ports/ec70e0e9-cfa1-4627-9b81-0210abe5e672 HTTP/1.1" status: 204 len: 168 time: 0.2213478
2026-04-28 18:35:21.884 10 INFO neutron.wsgi [None req-cfa84e13-d264-4aad-a19c-8d9c994b66ed 733a138df06042c3af962890ffad30fa 447eb8e41e93480b8cb20b4b1375019e - - default default] 10.0.0.85 "DELETE /v2.0/ports/6a488621-4481-49f2-b337-0d353ac015c9 HTTP/1.1" status: 204 len: 168 time: 0.2358980
2026-04-28 18:35:22.120 10 INFO neutron.wsgi [None req-02fa9310-0045-4213-8d87-9a72b54981a1 733a138df06042c3af962890ffad30fa 447eb8e41e93480b8cb20b4b1375019e - - default default] 10.0.0.85 "DELETE /v2.0/ports/d04ad4cc-5262-4d63-99a8-cab38af628cf HTTP/1.1" status: 204 len: 168 time: 0.2307158
2026-04-28 18:35:22.449 10 INFO neutron.services.segments.plugin [-] Segment d78f91e1-1e83-4809-bc02-102fcd0b0e59 resource provider aggregate not found
2026-04-28 18:35:22.466 10 INFO neutron.services.segments.plugin [-] Segment d78f91e1-1e83-4809-bc02-102fcd0b0e59 resource provider aggregate not found
2026-04-28 18:35:22.483 10 INFO neutron.services.segments.plugin [-] Segment d78f91e1-1e83-4809-bc02-102fcd0b0e59 resource provider not found; error: Placement Client Error (4xx): {"errors": [{"status": 404, "title": "Not Found", "detail": "The resource could not be found.\n\n No resource provider with uuid d78f91e1-1e83-4809-bc02-102fcd0b0e59 found for delete ", "request_id": "req-b43e01bc-0ae1-4536-bbe6-a9f3dd833ba8"}]}
2026-04-28 18:35:22.486 10 INFO neutron.services.segments.plugin [-] Segment d78f91e1-1e83-4809-bc02-102fcd0b0e59 resource provider not found; error: Placement Client Error (4xx): {"errors": [{"status": 404, "title": "Not Found", "detail": "The resource could not be found.\n\n No resource provider with uuid d78f91e1-1e83-4809-bc02-102fcd0b0e59 found for delete ", "request_id": "req-03821e7f-4533-40e3-9a82-4fba98fa9390"}]}
2026-04-28 18:35:22.503 10 INFO neutron.wsgi [None req-feb83785-6571-4658-9284-d83902a8b798 733a138df06042c3af962890ffad30fa 447eb8e41e93480b8cb20b4b1375019e - - default default] 10.0.0.85 "DELETE /v2.0/networks/2883569f-822a-4664-89c7-c0563bc873ff HTTP/1.1" status: 204 len: 168 time: 0.3782842
2026-04-28 18:35:22.906 9 INFO neutron.services.segments.plugin [-] Segment 052b0195-07e1-480c-ae1f-3c593e1dde62 resource provider aggregate not found
2026-04-28 18:35:22.913 9 INFO neutron.services.segments.plugin [-] Segment 052b0195-07e1-480c-ae1f-3c593e1dde62 resource provider aggregate not found
2026-04-28 18:35:22.918 9 INFO neutron.services.segments.plugin [-] Segment 052b0195-07e1-480c-ae1f-3c593e1dde62 resource provider not found; error: Placement Client Error (4xx): {"errors": [{"status": 404, "title": "Not Found", "detail": "The resource could not be found.\n\n No resource provider with uuid 052b0195-07e1-480c-ae1f-3c593e1dde62 found for delete ", "request_id": "req-8d490e9c-3718-422f-b214-f74b3f8554fe"}]}
2026-04-28 18:35:22.930 9 INFO neutron.services.segments.plugin [-] Segment 052b0195-07e1-480c-ae1f-3c593e1dde62 resource provider not found; error: Placement Client Error (4xx): {"errors": [{"status": 404, "title": "Not Found", "detail": "The resource could not be found.\n\n No resource provider with uuid 052b0195-07e1-480c-ae1f-3c593e1dde62 found for delete ", "request_id": "req-ee999fb6-de87-49cd-8426-c7880d111d08"}]}
2026-04-28 18:35:22.948 9 INFO neutron.wsgi [None req-f0e69eef-bd10-4a7b-a97e-2262fc860842 733a138df06042c3af962890ffad30fa 447eb8e41e93480b8cb20b4b1375019e - - default default] 10.0.0.85 "DELETE /v2.0/networks/575325d7-cd0d-4985-831a-24451793f2ad HTTP/1.1" status: 204 len: 168 time: 0.4386265
2026-04-28 18:35:23.352 10 INFO neutron.wsgi [None req-4a25207a-f57f-4a6d-a657-b53ae09ad622 733a138df06042c3af962890ffad30fa 447eb8e41e93480b8cb20b4b1375019e - - default default] 10.0.0.85 "DELETE /v2.0/networks/03a6abde-12b1-4254-9053-a463b99f6b3b HTTP/1.1" status: 204 len: 168 time: 0.3966537
2026-04-28 18:35:23.699 9 INFO neutron.wsgi [None req-d0e7e63a-cefd-4b40-99ff-48cc2644cef4 733a138df06042c3af962890ffad30fa 447eb8e41e93480b8cb20b4b1375019e - - default default] 10.0.0.85 "DELETE /v2.0/networks/540d0d6e-9693-4d2a-a587-23e30a8f0ca9 HTTP/1.1" status: 204 len: 168 time: 0.3406980
2026-04-28 18:35:24.054 9 INFO neutron.wsgi [None req-882466b0-340c-4058-8fe1-97e1dad9a456 733a138df06042c3af962890ffad30fa 447eb8e41e93480b8cb20b4b1375019e - - default default] 10.0.0.85 "DELETE /v2.0/networks/eb1b61d4-c2d8-465c-ba3f-5e714017c573 HTTP/1.1" status: 204 len: 168 time: 0.3479953
2026-04-28 18:35:24.504 10 INFO neutron.services.segments.plugin [-] Segment b186d96b-3f5f-4390-9514-8e8ae0f63b98 resource provider aggregate not found
2026-04-28 18:35:24.516 10 INFO neutron.services.segments.plugin [-] Segment b186d96b-3f5f-4390-9514-8e8ae0f63b98 resource provider not found; error: Placement Client Error (4xx): {"errors": [{"status": 404, "title": "Not Found", "detail": "The resource could not be found.\n\n No resource provider with uuid b186d96b-3f5f-4390-9514-8e8ae0f63b98 found for delete ", "request_id": "req-941ac413-bf30-4307-89cd-9d7352c9afe3"}]}
2026-04-28 18:35:24.517 10 INFO neutron.services.segments.plugin [-] Segment b186d96b-3f5f-4390-9514-8e8ae0f63b98 resource provider aggregate not found
2026-04-28 18:35:24.534 10 INFO neutron.services.segments.plugin [-] Segment b186d96b-3f5f-4390-9514-8e8ae0f63b98 resource provider not found; error: Placement Client Error (4xx): {"errors": [{"status": 404, "title": "Not Found", "detail": "The resource could not be found.\n\n No resource provider with uuid b186d96b-3f5f-4390-9514-8e8ae0f63b98 found for delete ", "request_id": "req-623e078c-5093-4a90-8cd6-e511daa750ff"}]}
2026-04-28 18:35:24.942 9 INFO neutron.services.segments.plugin [-] Segment bef683f5-5f2f-448f-bf8f-958888851d4c resource provider aggregate not found
2026-04-28 18:35:24.954 9 INFO neutron.services.segments.plugin [-] Segment bef683f5-5f2f-448f-bf8f-958888851d4c resource provider aggregate not found
2026-04-28 18:35:24.965 9 INFO neutron.services.segments.plugin [-] Segment bef683f5-5f2f-448f-bf8f-958888851d4c resource provider not found; error: Placement Client Error (4xx): {"errors": [{"status": 404, "title": "Not Found", "detail": "The resource could not be found.\n\n No resource provider with uuid bef683f5-5f2f-448f-bf8f-958888851d4c found for delete ", "request_id": "req-43f89083-c59f-402e-89fa-903bf4cc7e11"}]}
2026-04-28 18:35:24.970 9 INFO neutron.services.segments.plugin [-] Segment bef683f5-5f2f-448f-bf8f-958888851d4c resource provider not found; error: Placement Client Error (4xx): {"errors": [{"status": 404, "title": "Not Found", "detail": "The resource could not be found.\n\n No resource provider with uuid bef683f5-5f2f-448f-bf8f-958888851d4c found for delete ", "request_id": "req-42917e12-73e6-4699-b816-31b97ed2092c"}]}
2026-04-28 18:35:24.983 9 INFO neutron.services.segments.plugin [-] Segment b90c33e6-7692-4923-b845-56710f369bee resource provider aggregate not found
2026-04-28 18:35:24.988 9 INFO neutron.services.segments.plugin [-] Segment b90c33e6-7692-4923-b845-56710f369bee resource provider aggregate not found
2026-04-28 18:35:25.002 9 INFO neutron.services.segments.plugin [-] Segment b90c33e6-7692-4923-b845-56710f369bee resource provider not found; error: Placement Client Error (4xx): {"errors": [{"status": 404, "title": "Not Found", "detail": "The resource could not be found.\n\n No resource provider with uuid b90c33e6-7692-4923-b845-56710f369bee found for delete ", "request_id": "req-e8280e9d-1103-4541-9532-abad865257ee"}]}
2026-04-28 18:35:25.003 9 INFO neutron.services.segments.plugin [-] Segment b90c33e6-7692-4923-b845-56710f369bee resource provider not found; error: Placement Client Error (4xx): {"errors": [{"status": 404, "title": "Not Found", "detail": "The resource could not be found.\n\n No resource provider with uuid b90c33e6-7692-4923-b845-56710f369bee found for delete ", "request_id": "req-ad6fec72-27b8-4f7c-aa5b-1d9e60955541"}]}
2026-04-28 18:35:25.008 9 INFO neutron.wsgi [None req-a42e9839-06c2-4655-9165-5bed11b21c31 fdf17cec93f345f5831a46c4df4d23ed 2063839b5a6a4acbb89a1073b5aa080d - - default default] 10.0.0.85 "POST /v2.0/subnetpools HTTP/1.1" status: 201 len: 715 time: 0.2420440
2026-04-28 18:35:25.050 9 INFO neutron.wsgi [None req-d5cba0ac-0a25-47b0-a465-6c9fa5bca75e fdf17cec93f345f5831a46c4df4d23ed 2063839b5a6a4acbb89a1073b5aa080d - - default default] 10.0.0.85 "PUT /v2.0/subnetpools/d94f667e-e936-4b7d-b6e5-d0e1ecf0591e/tags HTTP/1.1" status: 200 len: 218 time: 0.0379431
2026-04-28 18:35:25.081 9 INFO neutron.wsgi [None req-9b0b3d89-b83e-431e-9f0a-058c95ed2d24 fdf17cec93f345f5831a46c4df4d23ed 2063839b5a6a4acbb89a1073b5aa080d - - default default] 10.0.0.85 "GET /v2.0/subnetpools/d94f667e-e936-4b7d-b6e5-d0e1ecf0591e/tags HTTP/1.1" status: 200 len: 218 time: 0.0205610
2026-04-28 18:35:25.115 9 INFO neutron.db.ovn_revision_numbers_db [None req-85e83e17-443c-44b2-b66e-f39f5fe582ff 48e081fb0e3148478a0338e7fc589bad 7c9837aa41ee4d8fb6b630692028dc4c - - default default] Successfully bumped revision number for resource cc5883fb-eb02-4ff9-993f-b5c3cdc4ebcb (type: security_groups) to 1
2026-04-28 18:35:25.132 9 INFO neutron.db.ovn_revision_numbers_db [None req-85e83e17-443c-44b2-b66e-f39f5fe582ff 48e081fb0e3148478a0338e7fc589bad 7c9837aa41ee4d8fb6b630692028dc4c - - default default] Successfully bumped revision number for resource 35f835e2-0f9a-4228-8b57-17cde739833c (type: security_group_rules) to 0
2026-04-28 18:35:25.140 10 INFO neutron.wsgi [None req-dffecac8-1bdb-4178-96bf-060771827236 fdf17cec93f345f5831a46c4df4d23ed 2063839b5a6a4acbb89a1073b5aa080d - - default default] 10.0.0.85 "PUT /v2.0/subnetpools/d94f667e-e936-4b7d-b6e5-d0e1ecf0591e/tags/green HTTP/1.1" status: 201 len: 201 time: 0.0547826
2026-04-28 18:35:25.153 9 INFO neutron.db.ovn_revision_numbers_db [None req-85e83e17-443c-44b2-b66e-f39f5fe582ff 48e081fb0e3148478a0338e7fc589bad 7c9837aa41ee4d8fb6b630692028dc4c - - default default] Successfully bumped revision number for resource c7c6606b-c60b-4325-b32a-391b4a250e79 (type: security_group_rules) to 0
2026-04-28 18:35:25.166 9 INFO neutron.wsgi [None req-3ff775ab-a81e-4fd2-bf0e-d64221c3d888 fdf17cec93f345f5831a46c4df4d23ed 2063839b5a6a4acbb89a1073b5aa080d - - default default] 10.0.0.85 "GET /v2.0/subnetpools/d94f667e-e936-4b7d-b6e5-d0e1ecf0591e/tags HTTP/1.1" status: 200 len: 227 time: 0.0213163
2026-04-28 18:35:25.170 9 INFO neutron.db.ovn_revision_numbers_db [None req-85e83e17-443c-44b2-b66e-f39f5fe582ff 48e081fb0e3148478a0338e7fc589bad 7c9837aa41ee4d8fb6b630692028dc4c - - default default] Successfully bumped revision number for resource dacdc63d-d482-4e55-9d09-0d6257e76a1e (type: security_group_rules) to 0
2026-04-28 18:35:25.185 9 INFO neutron.db.ovn_revision_numbers_db [None req-85e83e17-443c-44b2-b66e-f39f5fe582ff 48e081fb0e3148478a0338e7fc589bad 7c9837aa41ee4d8fb6b630692028dc4c - - default default] Successfully bumped revision number for resource e675a7cb-69ec-4a5b-a693-7edc0e68933a (type: security_group_rules) to 0
2026-04-28 18:35:25.189 10 INFO neutron.wsgi [None req-15817948-7269-4a70-8aef-3ce0fb64bc69 fdf17cec93f345f5831a46c4df4d23ed 2063839b5a6a4acbb89a1073b5aa080d - - default default] 10.0.0.85 "PUT /v2.0/subnetpools/d94f667e-e936-4b7d-b6e5-d0e1ecf0591e/tags/red HTTP/1.1" status: 201 len: 201 time: 0.0184557
2026-04-28 18:35:25.207 10 INFO neutron.wsgi [None req-73b48d87-8f01-4560-a7ac-006a4be46f62 fdf17cec93f345f5831a46c4df4d23ed 2063839b5a6a4acbb89a1073b5aa080d - - default default] 10.0.0.85 "GET /v2.0/subnetpools/d94f667e-e936-4b7d-b6e5-d0e1ecf0591e/tags HTTP/1.1" status: 200 len: 227 time: 0.0133071
2026-04-28 18:35:25.210 9 INFO neutron.wsgi [None req-85e83e17-443c-44b2-b66e-f39f5fe582ff 48e081fb0e3148478a0338e7fc589bad 7c9837aa41ee4d8fb6b630692028dc4c - - default default] 10.0.0.85 "GET /v2.0/security-groups?tenant_id=77b0c4454ced490993fb47e919353bfa&name=default HTTP/1.1" status: 200 len: 3000 time: 0.3046484
2026-04-28 18:35:25.245 10 INFO neutron.wsgi [None req-188a7c38-ed7a-46cf-a71c-aee7cb09930b fdf17cec93f345f5831a46c4df4d23ed 2063839b5a6a4acbb89a1073b5aa080d - - default default] 10.0.0.85 "PUT /v2.0/subnetpools/d94f667e-e936-4b7d-b6e5-d0e1ecf0591e/tags/black.or.white HTTP/1.1" status: 201 len: 201 time: 0.0334506
2026-04-28 18:35:25.267 9 INFO neutron.wsgi [None req-b645af42-4f97-4543-9f24-7c7317c585f3 fdf17cec93f345f5831a46c4df4d23ed 2063839b5a6a4acbb89a1073b5aa080d - - default default] 10.0.0.85 "GET /v2.0/subnetpools/d94f667e-e936-4b7d-b6e5-d0e1ecf0591e/tags HTTP/1.1" status: 200 len: 245 time: 0.0178185
2026-04-28 18:35:25.312 10 INFO neutron.wsgi [None req-ba374cb6-1e4c-4978-8452-760a9ee0c8a7 fdf17cec93f345f5831a46c4df4d23ed 2063839b5a6a4acbb89a1073b5aa080d - - default default] 10.0.0.85 "PUT /v2.0/subnetpools/d94f667e-e936-4b7d-b6e5-d0e1ecf0591e/tags HTTP/1.1" status: 200 len: 230 time: 0.0403297
2026-04-28 18:35:25.347 10 INFO neutron.wsgi [None req-f516ea5a-2816-4088-94c4-8738e941e359 fdf17cec93f345f5831a46c4df4d23ed 2063839b5a6a4acbb89a1073b5aa080d - - default default] 10.0.0.85 "GET /v2.0/subnetpools/d94f667e-e936-4b7d-b6e5-d0e1ecf0591e/tags HTTP/1.1" status: 200 len: 230 time: 0.0291290
2026-04-28 18:35:25.375 9 INFO neutron.wsgi [None req-58eddab4-08c4-4349-b059-3e83b081bb96 fdf17cec93f345f5831a46c4df4d23ed 2063839b5a6a4acbb89a1073b5aa080d - - default default] 10.0.0.85 "GET /v2.0/subnetpools/d94f667e-e936-4b7d-b6e5-d0e1ecf0591e/tags/red HTTP/1.1" status: 204 len: 168 time: 0.0202358
2026-04-28 18:35:25.397 9 INFO neutron.api.v2.resource [None req-7e46f03e-2441-4d90-b20c-547b1129df3c fdf17cec93f345f5831a46c4df4d23ed 2063839b5a6a4acbb89a1073b5aa080d - - default default] show failed (client error): The resource could not be found.
2026-04-28 18:35:25.398 9 INFO neutron.wsgi [None req-7e46f03e-2441-4d90-b20c-547b1129df3c fdf17cec93f345f5831a46c4df4d23ed 2063839b5a6a4acbb89a1073b5aa080d - - default default] 10.0.0.85 "GET /v2.0/subnetpools/d94f667e-e936-4b7d-b6e5-d0e1ecf0591e/tags/green HTTP/1.1" status: 404 len: 299 time: 0.0176549
2026-04-28 18:35:25.420 10 INFO neutron.wsgi [None req-44b2bf31-cb1f-439a-b474-93dadb131bc3 48e081fb0e3148478a0338e7fc589bad 7c9837aa41ee4d8fb6b630692028dc4c - - default default] 10.0.0.85 "DELETE /v2.0/security-groups/cc5883fb-eb02-4ff9-993f-b5c3cdc4ebcb HTTP/1.1" status: 204 len: 168 time: 0.2052507
2026-04-28 18:35:25.438 9 INFO neutron.wsgi [None req-674d0b76-2fac-4cb7-9fdc-90f07f6214af fdf17cec93f345f5831a46c4df4d23ed 2063839b5a6a4acbb89a1073b5aa080d - - default default] 10.0.0.85 "DELETE /v2.0/subnetpools/d94f667e-e936-4b7d-b6e5-d0e1ecf0591e/tags/red HTTP/1.1" status: 204 len: 168 time: 0.0326960
2026-04-28 18:35:25.459 9 INFO neutron.wsgi [None req-cf736d37-2f84-4892-b58e-8ba5b1332929 fdf17cec93f345f5831a46c4df4d23ed 2063839b5a6a4acbb89a1073b5aa080d - - default default] 10.0.0.85 "GET /v2.0/subnetpools/d94f667e-e936-4b7d-b6e5-d0e1ecf0591e/tags HTTP/1.1" status: 200 len: 223 time: 0.0157411
2026-04-28 18:35:25.483 9 INFO neutron.api.v2.resource [None req-523710f0-cf42-4e13-a84c-9a45a90a2acc fdf17cec93f345f5831a46c4df4d23ed 2063839b5a6a4acbb89a1073b5aa080d - - default default] delete failed (client error): The resource could not be found.
2026-04-28 18:35:25.484 9 INFO neutron.wsgi [None req-523710f0-cf42-4e13-a84c-9a45a90a2acc fdf17cec93f345f5831a46c4df4d23ed 2063839b5a6a4acbb89a1073b5aa080d - - default default] 10.0.0.85 "DELETE /v2.0/subnetpools/d94f667e-e936-4b7d-b6e5-d0e1ecf0591e/tags/green HTTP/1.1" status: 404 len: 299 time: 0.0216193
2026-04-28 18:35:25.520 9 INFO neutron.wsgi [None req-1151ff13-ae45-4307-944c-38bd40a2c833 fdf17cec93f345f5831a46c4df4d23ed 2063839b5a6a4acbb89a1073b5aa080d - - default default] 10.0.0.85 "DELETE /v2.0/subnetpools/d94f667e-e936-4b7d-b6e5-d0e1ecf0591e/tags HTTP/1.1" status: 204 len: 168 time: 0.0309939
2026-04-28 18:35:25.547 10 INFO neutron.wsgi [None req-0c3335cd-6a5b-468b-b547-471b9bc15369 48e081fb0e3148478a0338e7fc589bad 7c9837aa41ee4d8fb6b630692028dc4c - - default default] 10.0.0.85 "GET /v2.0/security-groups?tenant_id=447eb8e41e93480b8cb20b4b1375019e&name=default HTTP/1.1" status: 200 len: 2996 time: 0.0479403
2026-04-28 18:35:25.549 10 INFO neutron.wsgi [None req-391cbb42-def5-409d-b124-1baa454df7d8 fdf17cec93f345f5831a46c4df4d23ed 2063839b5a6a4acbb89a1073b5aa080d - - default default] 10.0.0.85 "GET /v2.0/subnetpools/d94f667e-e936-4b7d-b6e5-d0e1ecf0591e/tags HTTP/1.1" status: 200 len: 205 time: 0.0241163
2026-04-28 18:35:25.630 10 INFO neutron.wsgi [None req-eec2bdc6-3ac1-4597-80bc-8c972e4a9f87 fdf17cec93f345f5831a46c4df4d23ed 2063839b5a6a4acbb89a1073b5aa080d - - default default] 10.0.0.85 "DELETE /v2.0/subnetpools/d94f667e-e936-4b7d-b6e5-d0e1ecf0591e HTTP/1.1" status: 204 len: 168 time: 0.0695114
2026-04-28 18:35:25.766 10 INFO neutron.wsgi [None req-e0f772aa-cd09-4a60-bfd7-87bef1bb0c27 48e081fb0e3148478a0338e7fc589bad 7c9837aa41ee4d8fb6b630692028dc4c - - default default] 10.0.0.85 "DELETE /v2.0/security-groups/c16cacc5-f411-4b8f-a0eb-ac93bc02a3ca HTTP/1.1" status: 204 len: 168 time: 0.2126675
2026-04-28 18:35:26.016 9 INFO neutron.db.ovn_revision_numbers_db [None req-ee56c3f5-de54-401f-8c83-8a07db907632 48e081fb0e3148478a0338e7fc589bad 7c9837aa41ee4d8fb6b630692028dc4c - - default default] Successfully bumped revision number for resource 2886d845-aaf7-43ca-976d-2b85c4f315a3 (type: security_groups) to 1
2026-04-28 18:35:26.029 9 INFO neutron.db.ovn_revision_numbers_db [None req-ee56c3f5-de54-401f-8c83-8a07db907632 48e081fb0e3148478a0338e7fc589bad 7c9837aa41ee4d8fb6b630692028dc4c - - default default] Successfully bumped revision number for resource 6102a3ef-e9fb-4271-8316-3a7f9cf257c5 (type: security_group_rules) to 0
2026-04-28 18:35:26.044 9 INFO neutron.db.ovn_revision_numbers_db [None req-ee56c3f5-de54-401f-8c83-8a07db907632 48e081fb0e3148478a0338e7fc589bad 7c9837aa41ee4d8fb6b630692028dc4c - - default default] Successfully bumped revision number for resource 6d0b7a3b-9b9a-4c24-a14e-95e8e4eedb16 (type: security_group_rules) to 0
2026-04-28 18:35:26.057 9 INFO neutron.db.ovn_revision_numbers_db [None req-ee56c3f5-de54-401f-8c83-8a07db907632 48e081fb0e3148478a0338e7fc589bad 7c9837aa41ee4d8fb6b630692028dc4c - - default default] Successfully bumped revision number for resource d55735c7-0614-4ffd-9c76-389d57011bc6 (type: security_group_rules) to 0
2026-04-28 18:35:26.069 9 INFO neutron.db.ovn_revision_numbers_db [None req-ee56c3f5-de54-401f-8c83-8a07db907632 48e081fb0e3148478a0338e7fc589bad 7c9837aa41ee4d8fb6b630692028dc4c - - default default] Successfully bumped revision number for resource d879618e-793a-46a7-9fe7-f71667cd87e7 (type: security_group_rules) to 0
