2026-04-28 18:31:53.064 9 INFO neutron.wsgi [req-b8d6ae49-d3d4-44c6-a370-e193be57fbdd req-e75263d7-9b11-4ed1-8711-33f4298fd2be e643f6df2c1147f4a193dcc86ed35878 97054b39d4bd43fd9917b932ff788ac7 - - default default] 199.19.213.209 "GET /v2.0/security-groups?fields=id&fields=name&tenant_id=97054b39d4bd43fd9917b932ff788ac7 HTTP/1.1" status: 200 len: 380 time: 0.0615227
2026-04-28 18:31:53.121 9 INFO neutron.wsgi [req-73e5c00f-b9d8-4465-bc61-304ce4f41ae3 req-9c0360cb-611f-46b4-8379-326cb1c6b3c6 63949359d0ce4b7b9250bdb62c336217 f83be840700a48899d0d3bf6f057b3a0 - - default default] 10.0.0.139 "GET /v2.0/security-groups/1baaf37f-7026-4d83-9bb5-f809b35455a8 HTTP/1.1" status: 200 len: 1816 time: 0.0520184
2026-04-28 18:31:53.314 9 INFO neutron.wsgi [req-73e5c00f-b9d8-4465-bc61-304ce4f41ae3 req-27a8cd17-d421-4b48-b594-2d2782a31b03 63949359d0ce4b7b9250bdb62c336217 f83be840700a48899d0d3bf6f057b3a0 - - default default] 10.0.0.139 "DELETE /v2.0/security-groups/1baaf37f-7026-4d83-9bb5-f809b35455a8 HTTP/1.1" status: 204 len: 173 time: 0.1877470
2026-04-28 18:31:53.363 9 INFO neutron.api.v2.resource [req-d5e167b6-a8a8-45e9-9876-1afc087321df req-793e2d08-d796-4454-be5e-7d84b2409c02 63949359d0ce4b7b9250bdb62c336217 f83be840700a48899d0d3bf6f057b3a0 - - default default] show failed (client error): The resource could not be found.
2026-04-28 18:31:53.364 9 INFO neutron.wsgi [req-d5e167b6-a8a8-45e9-9876-1afc087321df req-793e2d08-d796-4454-be5e-7d84b2409c02 63949359d0ce4b7b9250bdb62c336217 f83be840700a48899d0d3bf6f057b3a0 - - default default] 10.0.0.139 "GET /v2.0/security-groups/1baaf37f-7026-4d83-9bb5-f809b35455a8 HTTP/1.1" status: 404 len: 352 time: 0.0234299
2026-04-28 18:31:53.443 9 INFO neutron.wsgi [req-4e039f21-0ecb-41e5-a848-57802611ac92 req-bf1634b5-f1ee-4e6f-a5db-2f6a72f0c3fa 63949359d0ce4b7b9250bdb62c336217 f83be840700a48899d0d3bf6f057b3a0 - - default default] 10.0.0.139 "GET /v2.0/security-groups?tenant_id=f83be840700a48899d0d3bf6f057b3a0 HTTP/1.1" status: 200 len: 2997 time: 0.0509691
2026-04-28 18:31:53.479 10 INFO neutron.wsgi [None req-456adcb9-8ac6-4898-89de-f36a632a8768 48e081fb0e3148478a0338e7fc589bad 7c9837aa41ee4d8fb6b630692028dc4c - - default default] 10.0.0.85 "DELETE /v2.0/routers/c67da7ee-a165-4c62-a678-a353eac55e02 HTTP/1.1" status: 204 len: 168 time: 0.7198973
2026-04-28 18:31:53.624 9 INFO neutron.wsgi [req-4e039f21-0ecb-41e5-a848-57802611ac92 req-3072628a-f287-45a1-87a6-8376082349e3 63949359d0ce4b7b9250bdb62c336217 f83be840700a48899d0d3bf6f057b3a0 - - default default] 10.0.0.139 "GET /v2.0/security-groups/d566d253-77e2-4c3e-82cd-e89fb00dfbc3 HTTP/1.1" status: 200 len: 2994 time: 0.1719437 /var/lib/openstack/lib/python3.10/site-packages/pycadf/identifier.py:71: UserWarning: Invalid uuid: neutron. To ensure interoperability, identifiers should be a valid uuid. warnings.warn(('Invalid uuid: %s. To ensure interoperability, '
2026-04-28 18:31:53.659 9 WARNING neutron.scheduler.dhcp_agent_scheduler [req-b8d6ae49-d3d4-44c6-a370-e193be57fbdd req-aa0ee62a-539f-4629-a1d4-9cc4faa7fce0 e643f6df2c1147f4a193dcc86ed35878 97054b39d4bd43fd9917b932ff788ac7 - - default default] No more DHCP agents
2026-04-28 18:31:53.661 9 WARNING neutron.api.rpc.agentnotifiers.dhcp_rpc_agent_api [req-b8d6ae49-d3d4-44c6-a370-e193be57fbdd req-aa0ee62a-539f-4629-a1d4-9cc4faa7fce0 e643f6df2c1147f4a193dcc86ed35878 97054b39d4bd43fd9917b932ff788ac7 - - default default] Unable to schedule network bced79d4-9695-4030-9f15-648d5f03bb0f: no agents available; will retry on subsequent port and subnet creation events.
2026-04-28 18:31:53.663 10 INFO neutron.wsgi [None req-8d989bc2-5368-4d89-80ff-0ef05493ab00 48e081fb0e3148478a0338e7fc589bad 7c9837aa41ee4d8fb6b630692028dc4c - - default default] 10.0.0.85 "DELETE /v2.0/subnets/a2e37a60-81ed-462c-afa8-2f9ad63dde4d HTTP/1.1" status: 204 len: 168 time: 0.1800718
2026-04-28 18:31:53.676 9 INFO neutron.wsgi [req-4e039f21-0ecb-41e5-a848-57802611ac92 req-e232588a-c687-454d-8ca5-cc18607b910a 63949359d0ce4b7b9250bdb62c336217 f83be840700a48899d0d3bf6f057b3a0 - - default default] 10.0.0.139 "GET /v2.0/security-groups/d566d253-77e2-4c3e-82cd-e89fb00dfbc3 HTTP/1.1" status: 200 len: 2994 time: 0.0416873 /var/lib/openstack/lib/python3.10/site-packages/pycadf/identifier.py:71: UserWarning: Invalid uuid: neutron. To ensure interoperability, identifiers should be a valid uuid. warnings.warn(('Invalid uuid: %s. To ensure interoperability, '
2026-04-28 18:31:53.716 9 INFO neutron.api.v2.resource [req-85d2f175-1c7d-49e5-a9bc-949747802538 req-94985c7d-6591-4670-b48f-c28ff5995c24 63949359d0ce4b7b9250bdb62c336217 f83be840700a48899d0d3bf6f057b3a0 - - default default] show failed (client error): The resource could not be found.
2026-04-28 18:31:53.717 9 INFO neutron.wsgi [req-85d2f175-1c7d-49e5-a9bc-949747802538 req-94985c7d-6591-4670-b48f-c28ff5995c24 63949359d0ce4b7b9250bdb62c336217 f83be840700a48899d0d3bf6f057b3a0 - - default default] 10.0.0.139 "GET /v2.0/security-groups/1baaf37f-7026-4d83-9bb5-f809b35455a8 HTTP/1.1" status: 404 len: 352 time: 0.0116982
2026-04-28 18:31:53.752 9 INFO neutron.api.v2.resource [req-5d3dd576-448f-4f22-8f2b-9e4dbab46496 req-3f63278f-a3bb-4203-9aa6-fda745e472d5 63949359d0ce4b7b9250bdb62c336217 f83be840700a48899d0d3bf6f057b3a0 - - default default] show failed (client error): The resource could not be found.
2026-04-28 18:31:53.752 9 INFO neutron.wsgi [req-5d3dd576-448f-4f22-8f2b-9e4dbab46496 req-3f63278f-a3bb-4203-9aa6-fda745e472d5 63949359d0ce4b7b9250bdb62c336217 f83be840700a48899d0d3bf6f057b3a0 - - default default] 10.0.0.139 "GET /v2.0/security-groups/335f3227-4477-452b-89f6-6fbdd5678749 HTTP/1.1" status: 404 len: 352 time: 0.0145602
2026-04-28 18:31:53.788 9 INFO neutron.api.v2.resource [req-54b95a37-58d4-4966-9465-06f3e8208d0c req-b4301d00-4c9e-40d5-9b45-c53b819706cb 63949359d0ce4b7b9250bdb62c336217 f83be840700a48899d0d3bf6f057b3a0 - - default default] show failed (client error): The resource could not be found.
2026-04-28 18:31:53.790 9 INFO neutron.wsgi [req-54b95a37-58d4-4966-9465-06f3e8208d0c req-b4301d00-4c9e-40d5-9b45-c53b819706cb 63949359d0ce4b7b9250bdb62c336217 f83be840700a48899d0d3bf6f057b3a0 - - default default] 10.0.0.139 "GET /v2.0/security-groups/87566413-b1fa-4501-9d7d-87514958d2e1 HTTP/1.1" status: 404 len: 352 time: 0.0176792
2026-04-28 18:31:53.862 9 INFO neutron.db.ovn_revision_numbers_db [req-b8d6ae49-d3d4-44c6-a370-e193be57fbdd req-aa0ee62a-539f-4629-a1d4-9cc4faa7fce0 e643f6df2c1147f4a193dcc86ed35878 97054b39d4bd43fd9917b932ff788ac7 - - default default] Successfully bumped revision number for resource c1e92db3-2477-4023-9c1d-d8def8c695bb (type: ports) to 1
2026-04-28 18:31:53.888 9 INFO neutron.wsgi [req-b8d6ae49-d3d4-44c6-a370-e193be57fbdd req-aa0ee62a-539f-4629-a1d4-9cc4faa7fce0 e643f6df2c1147f4a193dcc86ed35878 97054b39d4bd43fd9917b932ff788ac7 - - default default] 199.19.213.209 "POST /v2.0/ports HTTP/1.1" status: 201 len: 1158 time: 0.8198733
2026-04-28 18:31:53.898 9 INFO neutron.wsgi [req-b8d6ae49-d3d4-44c6-a370-e193be57fbdd req-8d4195af-f93a-4a21-8895-3da320a84e1d e643f6df2c1147f4a193dcc86ed35878 97054b39d4bd43fd9917b932ff788ac7 - - default default] 199.19.213.209 "GET /v2.0/extensions HTTP/1.1" status: 200 len: 16525 time: 0.0052414
2026-04-28 18:31:54.124 10 INFO neutron.wsgi [None req-4a4dcde6-5d27-4d09-8007-b5e9c2a51252 48e081fb0e3148478a0338e7fc589bad 7c9837aa41ee4d8fb6b630692028dc4c - - default default] 10.0.0.85 "DELETE /v2.0/networks/8b4fb580-7813-445a-b72b-460a3c044c13 HTTP/1.1" status: 204 len: 168 time: 0.4544542
2026-04-28 18:31:54.237 9 INFO neutron.wsgi [req-c14dc3a0-6f43-49b4-ab47-eefe2c07b87a req-38b10978-24ac-49e6-8adb-c785eff3b5fa e643f6df2c1147f4a193dcc86ed35878 97054b39d4bd43fd9917b932ff788ac7 - - default default] 10.0.0.139 "GET /v2.0/ports?device_id=764cd203-0348-43d4-a67d-2439292731fa HTTP/1.1" status: 200 len: 1156 time: 0.0595491
2026-04-28 18:31:54.334 9 INFO neutron.wsgi [req-c14dc3a0-6f43-49b4-ab47-eefe2c07b87a req-31f65940-0b45-4e0d-a4ea-2bbbf9916091 e643f6df2c1147f4a193dcc86ed35878 97054b39d4bd43fd9917b932ff788ac7 - - default default] 10.0.0.139 "GET /v2.0/security-groups?id=50055155-b74c-448b-8cd4-edb4fab01a65&fields=id&fields=name HTTP/1.1" status: 200 len: 313 time: 0.0873907
2026-04-28 18:31:54.358 9 INFO neutron.wsgi [None req-2498741a-2719-4b45-9df3-08c1de616580 48e081fb0e3148478a0338e7fc589bad 7c9837aa41ee4d8fb6b630692028dc4c - - default default] 10.0.0.85 "GET /v2.0/security-groups?tenant_id=2276de8dc0e3426a9241839dc9a8cf6d&name=default HTTP/1.1" status: 200 len: 2992 time: 0.0612073
2026-04-28 18:31:54.563 10 INFO neutron.services.segments.plugin [-] Segment 476981c4-3b1c-4f75-ad81-9aafef711c2f resource provider aggregate not found
2026-04-28 18:31:54.578 10 INFO neutron.wsgi [None req-a7578411-a080-4733-966e-0900bbf57b78 48e081fb0e3148478a0338e7fc589bad 7c9837aa41ee4d8fb6b630692028dc4c - - default default] 10.0.0.85 "DELETE /v2.0/security-groups/324c5c07-4a11-4012-96b2-9e8c9d6b8fff HTTP/1.1" status: 204 len: 168 time: 0.2139120
2026-04-28 18:31:54.583 10 INFO neutron.services.segments.plugin [-] Segment 476981c4-3b1c-4f75-ad81-9aafef711c2f resource provider not found; error: Placement Client Error (4xx): {"errors": [{"status": 404, "title": "Not Found", "detail": "The resource could not be found.\n\n No resource provider with uuid 476981c4-3b1c-4f75-ad81-9aafef711c2f found for delete ", "request_id": "req-0f7e8e37-8edb-48b1-8137-6c341a4936b8"}]}
2026-04-28 18:31:54.584 10 INFO neutron.services.segments.plugin [-] Segment 476981c4-3b1c-4f75-ad81-9aafef711c2f resource provider aggregate not found
2026-04-28 18:31:54.598 10 INFO neutron.services.segments.plugin [-] Segment 476981c4-3b1c-4f75-ad81-9aafef711c2f resource provider not found; error: Placement Client Error (4xx): {"errors": [{"status": 404, "title": "Not Found", "detail": "The resource could not be found.\n\n No resource provider with uuid 476981c4-3b1c-4f75-ad81-9aafef711c2f found for delete ", "request_id": "req-1442442c-ea69-475b-9eaa-9bee7d55dabb"}]}
2026-04-28 18:31:54.945 10 WARNING neutron.plugins.ml2.drivers.ovn.mech_driver.ovsdb.ovn_client [None req-61ff434f-011b-47b9-8267-37fb304c1254 - - - - - -] No hosting information found for port 30fec5aa-e6d2-4bfb-b543-318f18d776da: RuntimeError: No hosting information found for port 30fec5aa-e6d2-4bfb-b543-318f18d776da
2026-04-28 18:31:54.972 9 INFO neutron.db.ovn_revision_numbers_db [req-b8d6ae49-d3d4-44c6-a370-e193be57fbdd req-6f3f9df4-647d-4501-ae2a-5a801fdb7a32 54b88280dc1646d2a79d662e64c0d724 4f8eb4083741407ab21daa902d3eeb03 - - e62532941e864b8ba3623ffc54f3df85 e62532941e864b8ba3623ffc54f3df85] Successfully bumped revision number for resource c1e92db3-2477-4023-9c1d-d8def8c695bb (type: ports) to 2
2026-04-28 18:31:55.294 9 INFO neutron.db.ovn_revision_numbers_db [req-b8d6ae49-d3d4-44c6-a370-e193be57fbdd req-6f3f9df4-647d-4501-ae2a-5a801fdb7a32 54b88280dc1646d2a79d662e64c0d724 4f8eb4083741407ab21daa902d3eeb03 - - e62532941e864b8ba3623ffc54f3df85 e62532941e864b8ba3623ffc54f3df85] Successfully bumped revision number for resource c1e92db3-2477-4023-9c1d-d8def8c695bb (type: ports) to 2
2026-04-28 18:31:55.318 9 INFO neutron.wsgi [req-b8d6ae49-d3d4-44c6-a370-e193be57fbdd req-6f3f9df4-647d-4501-ae2a-5a801fdb7a32 54b88280dc1646d2a79d662e64c0d724 4f8eb4083741407ab21daa902d3eeb03 - - e62532941e864b8ba3623ffc54f3df85 e62532941e864b8ba3623ffc54f3df85] 199.19.213.209 "PUT /v2.0/ports/c1e92db3-2477-4023-9c1d-d8def8c695bb HTTP/1.1" status: 200 len: 1376 time: 1.0931489 /var/lib/openstack/lib/python3.10/site-packages/pycadf/identifier.py:71: UserWarning: Invalid uuid: neutron. To ensure interoperability, identifiers should be a valid uuid. warnings.warn(('Invalid uuid: %s. To ensure interoperability, ' /var/lib/openstack/lib/python3.10/site-packages/pycadf/identifier.py:71: UserWarning: Invalid uuid: neutron. To ensure interoperability, identifiers should be a valid uuid. warnings.warn(('Invalid uuid: %s. To ensure interoperability, '
2026-04-28 18:31:55.445 9 INFO neutron.wsgi [req-b8d6ae49-d3d4-44c6-a370-e193be57fbdd req-2aae07a5-f4a6-4691-927a-5adcb54a5070 54b88280dc1646d2a79d662e64c0d724 4f8eb4083741407ab21daa902d3eeb03 - - e62532941e864b8ba3623ffc54f3df85 e62532941e864b8ba3623ffc54f3df85] 199.19.213.209 "GET /v2.0/ports?tenant_id=97054b39d4bd43fd9917b932ff788ac7&device_id=764cd203-0348-43d4-a67d-2439292731fa HTTP/1.1" status: 200 len: 1407 time: 0.0801384
2026-04-28 18:31:55.457 9 INFO neutron.wsgi [req-98d4010d-c48f-4828-9388-88b0dfdef4f3 req-0b98f9c8-7673-4478-9a5f-3fea63fa403c fc99a412abd54783893067f5ff7f7d01 78aba0ddc417491aaa8a855751af10c1 - - default default] 10.0.0.139 "GET /v2.0/security-groups?name=tempest-securitygroup--1127963287&fields=id&tenant_id=78aba0ddc417491aaa8a855751af10c1 HTTP/1.1" status: 200 len: 267 time: 0.1058831
2026-04-28 18:31:55.477 9 INFO neutron.wsgi [None req-c4921f1f-7cfe-44c1-87cb-71dc53a93c0c 48e081fb0e3148478a0338e7fc589bad 7c9837aa41ee4d8fb6b630692028dc4c - - default default] 10.0.0.85 "PUT /v2.0/routers/3478f401-29b0-4a7d-ab41-544d6e9db00c/remove_router_interface HTTP/1.1" status: 200 len: 503 time: 1.6655371
2026-04-28 18:31:55.495 9 INFO neutron.wsgi [req-b8d6ae49-d3d4-44c6-a370-e193be57fbdd req-c497017d-0286-4703-9924-932a74822713 54b88280dc1646d2a79d662e64c0d724 4f8eb4083741407ab21daa902d3eeb03 - - e62532941e864b8ba3623ffc54f3df85 e62532941e864b8ba3623ffc54f3df85] 199.19.213.209 "GET /v2.0/floatingips?fixed_ip_address=10.100.0.9&port_id=c1e92db3-2477-4023-9c1d-d8def8c695bb HTTP/1.1" status: 200 len: 217 time: 0.0365047
2026-04-28 18:31:55.578 9 INFO neutron.wsgi [req-b8d6ae49-d3d4-44c6-a370-e193be57fbdd req-2d1e99dc-8888-438a-ab1d-c4eb66ef9295 54b88280dc1646d2a79d662e64c0d724 4f8eb4083741407ab21daa902d3eeb03 - - e62532941e864b8ba3623ffc54f3df85 e62532941e864b8ba3623ffc54f3df85] 199.19.213.209 "GET /v2.0/subnets?id=a608d219-8c9c-479b-b47a-34e7eb96fabd HTTP/1.1" status: 200 len: 877 time: 0.0691533
2026-04-28 18:31:55.613 9 INFO neutron.wsgi [req-8a5bffda-c0cf-4aac-a199-1751a7e7bf2f req-68f1a218-1278-412a-8174-8618dbe62d60 e643f6df2c1147f4a193dcc86ed35878 97054b39d4bd43fd9917b932ff788ac7 - - default default] 10.0.0.139 "GET /v2.0/ports?device_id=764cd203-0348-43d4-a67d-2439292731fa HTTP/1.1" status: 200 len: 1168 time: 0.2049737
2026-04-28 18:31:55.626 9 INFO neutron.wsgi [req-98d4010d-c48f-4828-9388-88b0dfdef4f3 req-bea8798f-d507-42ac-9997-010124c5b888 fc99a412abd54783893067f5ff7f7d01 78aba0ddc417491aaa8a855751af10c1 - - default default] 10.0.0.139 "GET /v2.0/networks?id=813c4eb3-3d8c-4673-8410-95a525b6f445 HTTP/1.1" status: 200 len: 879 time: 0.1516702
2026-04-28 18:31:55.630 9 INFO neutron.wsgi [req-b8d6ae49-d3d4-44c6-a370-e193be57fbdd req-047ac8f8-1874-4356-a99f-6b7d84d49a43 54b88280dc1646d2a79d662e64c0d724 4f8eb4083741407ab21daa902d3eeb03 - - e62532941e864b8ba3623ffc54f3df85 e62532941e864b8ba3623ffc54f3df85] 199.19.213.209 "GET /v2.0/ports?network_id=bced79d4-9695-4030-9f15-648d5f03bb0f&device_owner=network%3Adhcp HTTP/1.1" status: 200 len: 210 time: 0.0438669
2026-04-28 18:31:55.654 9 INFO neutron.wsgi [req-98d4010d-c48f-4828-9388-88b0dfdef4f3 req-f6a6e91b-462a-4023-b64c-49ca05516dc7 fc99a412abd54783893067f5ff7f7d01 78aba0ddc417491aaa8a855751af10c1 - - default default] 10.0.0.139 "GET /v2.0/quotas/78aba0ddc417491aaa8a855751af10c1 HTTP/1.1" status: 200 len: 386 time: 0.0201998
2026-04-28 18:31:55.701 9 INFO neutron.wsgi [req-8a5bffda-c0cf-4aac-a199-1751a7e7bf2f req-2de4761f-6e18-43ca-9822-888994e2e2b3 e643f6df2c1147f4a193dcc86ed35878 97054b39d4bd43fd9917b932ff788ac7 - - default default] 10.0.0.139 "GET /v2.0/security-groups?id=50055155-b74c-448b-8cd4-edb4fab01a65&fields=id&fields=name HTTP/1.1" status: 200 len: 313 time: 0.0745370
2026-04-28 18:31:55.737 9 INFO neutron.wsgi [req-b8d6ae49-d3d4-44c6-a370-e193be57fbdd req-5f67a15d-7d8b-422b-84cc-1d656bc9834c 54b88280dc1646d2a79d662e64c0d724 4f8eb4083741407ab21daa902d3eeb03 - - e62532941e864b8ba3623ffc54f3df85 e62532941e864b8ba3623ffc54f3df85] 199.19.213.209 "GET /v2.0/networks/bced79d4-9695-4030-9f15-648d5f03bb0f?fields=segments HTTP/1.1" status: 200 len: 212 time: 0.0937929
2026-04-28 18:31:55.780 9 INFO neutron.wsgi [req-98d4010d-c48f-4828-9388-88b0dfdef4f3 req-7a78bf3e-e83a-4fe1-b7b3-5f2bc4936e13 fc99a412abd54783893067f5ff7f7d01 78aba0ddc417491aaa8a855751af10c1 - - default default] 10.0.0.139 "GET /v2.0/ports?tenant_id=78aba0ddc417491aaa8a855751af10c1&fields=id HTTP/1.1" status: 200 len: 302 time: 0.1183496
2026-04-28 18:31:55.832 9 INFO neutron.wsgi [req-b8d6ae49-d3d4-44c6-a370-e193be57fbdd req-509fedfe-a3a5-47a2-b3c8-8aa8bddcdc37 54b88280dc1646d2a79d662e64c0d724 4f8eb4083741407ab21daa902d3eeb03 - - e62532941e864b8ba3623ffc54f3df85 e62532941e864b8ba3623ffc54f3df85] 199.19.213.209 "GET /v2.0/networks/bced79d4-9695-4030-9f15-648d5f03bb0f?fields=provider%3Aphysical_network&fields=provider%3Anetwork_type HTTP/1.1" status: 200 len: 277 time: 0.0844288
2026-04-28 18:31:55.890 9 WARNING neutron.plugins.ml2.drivers.ovn.mech_driver.ovsdb.ovn_client [None req-17db49d6-4795-48b9-8c8b-b3f8607c6544 - - - - - -] No hosting information found for port 71028011-0e4e-4e6f-b5e5-24bf80e91e17: RuntimeError: No hosting information found for port 71028011-0e4e-4e6f-b5e5-24bf80e91e17
2026-04-28 18:31:55.891 9 INFO neutron.plugins.ml2.drivers.ovn.mech_driver.mech_driver [None req-17db49d6-4795-48b9-8c8b-b3f8607c6544 - - - - - -] OVN reports status up for port: d6d7c4a8-f0d6-4f56-8ce9-990623068582
2026-04-28 18:31:55.902 9 INFO neutron.plugins.ml2.plugin [None req-17db49d6-4795-48b9-8c8b-b3f8607c6544 - - - - - -] Attempt 1 to provision port d6d7c4a8-f0d6-4f56-8ce9-990623068582
2026-04-28 18:31:55.913 9 INFO neutron.notifiers.nova [-] Nova event matching ['req-e859c3d8-add2-4c09-a926-b61345830f15'] response: {'name': 'network-changed', 'server_uuid': '764cd203-0348-43d4-a67d-2439292731fa', 'tag': 'c1e92db3-2477-4023-9c1d-d8def8c695bb', 'status': 'completed', 'code': 200}
2026-04-28 18:31:55.982 9 INFO neutron.plugins.ml2.drivers.ovn.mech_driver.mech_driver [None req-17db49d6-4795-48b9-8c8b-b3f8607c6544 - - - - - -] OVN reports status up for port: 252a40a5-d9c0-482c-a410-45d56d843ef0
2026-04-28 18:31:55.985 9 INFO neutron.wsgi [req-508102fa-8c6a-4124-a660-4471d4162d63 req-9e890ed9-07ee-42fb-b4ae-a3fe56c1d037 54b88280dc1646d2a79d662e64c0d724 4f8eb4083741407ab21daa902d3eeb03 - - e62532941e864b8ba3623ffc54f3df85 e62532941e864b8ba3623ffc54f3df85] 199.19.213.209 "GET /v2.0/ports?tenant_id=97054b39d4bd43fd9917b932ff788ac7&device_id=764cd203-0348-43d4-a67d-2439292731fa HTTP/1.1" status: 200 len: 1407 time: 0.0380239
2026-04-28 18:31:56.056 9 INFO neutron.wsgi [req-508102fa-8c6a-4124-a660-4471d4162d63 req-2de6e151-5c1a-4502-8d87-0de3751b0ba0 54b88280dc1646d2a79d662e64c0d724 4f8eb4083741407ab21daa902d3eeb03 - - e62532941e864b8ba3623ffc54f3df85 e62532941e864b8ba3623ffc54f3df85] 199.19.213.209 "GET /v2.0/networks?id=bced79d4-9695-4030-9f15-648d5f03bb0f HTTP/1.1" status: 200 len: 982 time: 0.0668662
2026-04-28 18:31:56.140 9 INFO neutron.wsgi [req-508102fa-8c6a-4124-a660-4471d4162d63 req-38220844-8b7a-472a-8ced-ce9e05bbe0da 54b88280dc1646d2a79d662e64c0d724 4f8eb4083741407ab21daa902d3eeb03 - - e62532941e864b8ba3623ffc54f3df85 e62532941e864b8ba3623ffc54f3df85] 199.19.213.209 "GET /v2.0/floatingips?fixed_ip_address=10.100.0.9&port_id=c1e92db3-2477-4023-9c1d-d8def8c695bb HTTP/1.1" status: 200 len: 217 time: 0.0277429
2026-04-28 18:31:56.223 9 INFO neutron.wsgi [req-508102fa-8c6a-4124-a660-4471d4162d63 req-4338fa33-6063-475e-8a6d-38b40715cc03 54b88280dc1646d2a79d662e64c0d724 4f8eb4083741407ab21daa902d3eeb03 - - e62532941e864b8ba3623ffc54f3df85 e62532941e864b8ba3623ffc54f3df85] 199.19.213.209 "GET /v2.0/subnets?id=a608d219-8c9c-479b-b47a-34e7eb96fabd HTTP/1.1" status: 200 len: 877 time: 0.0443752
2026-04-28 18:31:56.230 10 INFO neutron.wsgi [None req-1ed60e1f-5251-47bf-81ae-6820f4e0e0dc 48e081fb0e3148478a0338e7fc589bad 7c9837aa41ee4d8fb6b630692028dc4c - - default default] 10.0.0.85 "DELETE /v2.0/routers/3478f401-29b0-4a7d-ab41-544d6e9db00c HTTP/1.1" status: 204 len: 168 time: 0.7473984
2026-04-28 18:31:56.254 9 INFO neutron.wsgi [req-508102fa-8c6a-4124-a660-4471d4162d63 req-39fbf5e4-13aa-48e6-90e4-bb0bcbc431ff 54b88280dc1646d2a79d662e64c0d724 4f8eb4083741407ab21daa902d3eeb03 - - e62532941e864b8ba3623ffc54f3df85 e62532941e864b8ba3623ffc54f3df85] 199.19.213.209 "GET /v2.0/ports?network_id=bced79d4-9695-4030-9f15-648d5f03bb0f&device_owner=network%3Adhcp HTTP/1.1" status: 200 len: 210 time: 0.0244112
2026-04-28 18:31:56.303 9 INFO neutron.wsgi [req-98d4010d-c48f-4828-9388-88b0dfdef4f3 req-7828b0ff-b364-4459-9caa-68f458a39e01 54b88280dc1646d2a79d662e64c0d724 4f8eb4083741407ab21daa902d3eeb03 - - e62532941e864b8ba3623ffc54f3df85 e62532941e864b8ba3623ffc54f3df85] 10.0.0.139 "GET /v2.0/extensions HTTP/1.1" status: 200 len: 16525 time: 0.1261959
2026-04-28 18:31:56.356 9 INFO neutron.wsgi [req-508102fa-8c6a-4124-a660-4471d4162d63 req-ba6b162f-24bf-4d80-bb13-4904af25ecb0 54b88280dc1646d2a79d662e64c0d724 4f8eb4083741407ab21daa902d3eeb03 - - e62532941e864b8ba3623ffc54f3df85 e62532941e864b8ba3623ffc54f3df85] 199.19.213.209 "GET /v2.0/networks/bced79d4-9695-4030-9f15-648d5f03bb0f?fields=segments HTTP/1.1" status: 200 len: 212 time: 0.0956581
2026-04-28 18:31:56.388 9 INFO neutron.wsgi [req-98d4010d-c48f-4828-9388-88b0dfdef4f3 req-973a0d40-2e43-4d5a-b517-64877ca3fd66 54b88280dc1646d2a79d662e64c0d724 4f8eb4083741407ab21daa902d3eeb03 - - e62532941e864b8ba3623ffc54f3df85 e62532941e864b8ba3623ffc54f3df85] 10.0.0.139 "GET /v2.0/networks/813c4eb3-3d8c-4673-8410-95a525b6f445?fields=segments HTTP/1.1" status: 200 len: 212 time: 0.0754528
2026-04-28 18:31:56.478 10 INFO neutron.wsgi [None req-de1bd78e-0603-4afe-a1e0-9b244e3112e3 48e081fb0e3148478a0338e7fc589bad 7c9837aa41ee4d8fb6b630692028dc4c - - default default] 10.0.0.85 "DELETE /v2.0/subnets/b42e52f7-3eec-440b-89eb-972abb27b9ef HTTP/1.1" status: 204 len: 168 time: 0.2429817
2026-04-28 18:31:56.574 9 INFO neutron.wsgi [req-508102fa-8c6a-4124-a660-4471d4162d63 req-4a6f7ec9-d9b8-492b-924b-a7a1de4afee2 54b88280dc1646d2a79d662e64c0d724 4f8eb4083741407ab21daa902d3eeb03 - - e62532941e864b8ba3623ffc54f3df85 e62532941e864b8ba3623ffc54f3df85] 199.19.213.209 "GET /v2.0/networks/bced79d4-9695-4030-9f15-648d5f03bb0f?fields=provider%3Aphysical_network&fields=provider%3Anetwork_type HTTP/1.1" status: 200 len: 277 time: 0.2093720
2026-04-28 18:31:56.586 9 INFO neutron.wsgi [req-98d4010d-c48f-4828-9388-88b0dfdef4f3 req-828b4ad4-c8ae-4020-aa4f-f72a09ed11a3 54b88280dc1646d2a79d662e64c0d724 4f8eb4083741407ab21daa902d3eeb03 - - e62532941e864b8ba3623ffc54f3df85 e62532941e864b8ba3623ffc54f3df85] 10.0.0.139 "GET /v2.0/networks/813c4eb3-3d8c-4673-8410-95a525b6f445?fields=provider%3Aphysical_network&fields=provider%3Anetwork_type HTTP/1.1" status: 200 len: 277 time: 0.1869686
2026-04-28 18:31:56.836 10 INFO neutron.services.segments.plugin [-] Segment 2a19d8c6-3e36-4150-ab6c-028d8e591f48 resource provider aggregate not found
2026-04-28 18:31:56.842 10 INFO neutron.services.segments.plugin [-] Segment 2a19d8c6-3e36-4150-ab6c-028d8e591f48 resource provider aggregate not found
2026-04-28 18:31:56.864 10 INFO neutron.services.segments.plugin [-] Segment 2a19d8c6-3e36-4150-ab6c-028d8e591f48 resource provider not found; error: Placement Client Error (4xx): {"errors": [{"status": 404, "title": "Not Found", "detail": "The resource could not be found.\n\n No resource provider with uuid 2a19d8c6-3e36-4150-ab6c-028d8e591f48 found for delete ", "request_id": "req-34280aab-e002-48c5-9737-9fea9cd2d485"}]}
2026-04-28 18:31:56.868 10 INFO neutron.services.segments.plugin [-] Segment 2a19d8c6-3e36-4150-ab6c-028d8e591f48 resource provider not found; error: Placement Client Error (4xx): {"errors": [{"status": 404, "title": "Not Found", "detail": "The resource could not be found.\n\n No resource provider with uuid 2a19d8c6-3e36-4150-ab6c-028d8e591f48 found for delete ", "request_id": "req-38ccd8b4-de80-44fc-b8e2-63fec4b5b3ab"}]}
2026-04-28 18:31:56.878 10 INFO neutron.wsgi [None req-75ac2616-c721-454a-aff7-b7b337cf24c0 48e081fb0e3148478a0338e7fc589bad 7c9837aa41ee4d8fb6b630692028dc4c - - default default] 10.0.0.85 "DELETE /v2.0/networks/0b8bd692-f19d-4e09-b602-a0f867128ecf HTTP/1.1" status: 204 len: 168 time: 0.3946197
2026-04-28 18:31:56.942 9 INFO neutron.wsgi [req-24372347-525d-42e5-aa98-b4dc207995d5 req-c16b5068-43c7-4513-af39-14a3f56e3d9b e643f6df2c1147f4a193dcc86ed35878 97054b39d4bd43fd9917b932ff788ac7 - - default default] 10.0.0.139 "GET /v2.0/ports?device_id=764cd203-0348-43d4-a67d-2439292731fa HTTP/1.1" status: 200 len: 1168 time: 0.0401926
2026-04-28 18:31:56.988 9 INFO neutron.wsgi [req-24372347-525d-42e5-aa98-b4dc207995d5 req-b26bf74c-4a23-476b-bbc1-196200d2c747 e643f6df2c1147f4a193dcc86ed35878 97054b39d4bd43fd9917b932ff788ac7 - - default default] 10.0.0.139 "GET /v2.0/security-groups?id=50055155-b74c-448b-8cd4-edb4fab01a65&fields=id&fields=name HTTP/1.1" status: 200 len: 313 time: 0.0381320
2026-04-28 18:31:57.081 10 INFO neutron.wsgi [None req-ddf3417d-7090-4c32-a090-e120b0b01390 48e081fb0e3148478a0338e7fc589bad 7c9837aa41ee4d8fb6b630692028dc4c - - default default] 10.0.0.85 "GET /v2.0/security-groups?tenant_id=f83be840700a48899d0d3bf6f057b3a0&name=default HTTP/1.1" status: 200 len: 2992 time: 0.0426471
2026-04-28 18:31:57.183 9 INFO neutron.wsgi [req-9f38c029-5b0f-4580-a1b2-3e6e1c39f214 req-515b249d-a8eb-4613-ba92-4af909860c1c fc99a412abd54783893067f5ff7f7d01 78aba0ddc417491aaa8a855751af10c1 - - default default] 10.0.0.139 "GET /v2.0/ports?device_id=cca0c939-3dee-4c82-85a1-b20176cd9bbb HTTP/1.1" status: 200 len: 210 time: 0.0275371
2026-04-28 18:31:57.409 10 INFO neutron.wsgi [None req-c41fc350-fada-4f18-a433-c96ca4a7cf4e 48e081fb0e3148478a0338e7fc589bad 7c9837aa41ee4d8fb6b630692028dc4c - - default default] 10.0.0.85 "DELETE /v2.0/security-groups/d566d253-77e2-4c3e-82cd-e89fb00dfbc3 HTTP/1.1" status: 204 len: 168 time: 0.3214891
2026-04-28 18:31:58.082 9 INFO neutron.wsgi [req-c9e2d96f-940a-4a0b-b596-2577f5fcf8ad req-2b473c93-9566-43f2-803e-8a9bb8e37653 e643f6df2c1147f4a193dcc86ed35878 97054b39d4bd43fd9917b932ff788ac7 - - default default] 10.0.0.139 "GET /v2.0/ports?device_id=764cd203-0348-43d4-a67d-2439292731fa HTTP/1.1" status: 200 len: 1168 time: 0.0363054
2026-04-28 18:31:58.082 9 INFO neutron.db.ovn_revision_numbers_db [None req-f67b6bc6-79ef-46ee-bdef-ecb19d448754 48e081fb0e3148478a0338e7fc589bad 7c9837aa41ee4d8fb6b630692028dc4c - - default default] Successfully bumped revision number for resource bf30fa21-78ae-4282-b787-ef6ce18e4284 (type: security_groups) to 1
2026-04-28 18:31:58.114 9 INFO neutron.db.ovn_revision_numbers_db [None req-f67b6bc6-79ef-46ee-bdef-ecb19d448754 48e081fb0e3148478a0338e7fc589bad 7c9837aa41ee4d8fb6b630692028dc4c - - default default] Successfully bumped revision number for resource 1126f673-4303-420b-acf2-aa3cc3b13b36 (type: security_group_rules) to 0
2026-04-28 18:31:58.132 9 INFO neutron.wsgi [req-c9e2d96f-940a-4a0b-b596-2577f5fcf8ad req-a2b9c6f0-2e59-4341-8185-c2daedaa9538 e643f6df2c1147f4a193dcc86ed35878 97054b39d4bd43fd9917b932ff788ac7 - - default default] 10.0.0.139 "GET /v2.0/security-groups?id=50055155-b74c-448b-8cd4-edb4fab01a65&fields=id&fields=name HTTP/1.1" status: 200 len: 313 time: 0.0427637
2026-04-28 18:31:58.139 9 INFO neutron.db.ovn_revision_numbers_db [None req-f67b6bc6-79ef-46ee-bdef-ecb19d448754 48e081fb0e3148478a0338e7fc589bad 7c9837aa41ee4d8fb6b630692028dc4c - - default default] Successfully bumped revision number for resource c5436964-88d4-4297-a537-244251872f68 (type: security_group_rules) to 0
2026-04-28 18:31:58.159 9 INFO neutron.db.ovn_revision_numbers_db [None req-f67b6bc6-79ef-46ee-bdef-ecb19d448754 48e081fb0e3148478a0338e7fc589bad 7c9837aa41ee4d8fb6b630692028dc4c - - default default] Successfully bumped revision number for resource c782f364-7d57-4739-b380-2a40fc5b735b (type: security_group_rules) to 0
2026-04-28 18:31:58.179 9 INFO neutron.db.ovn_revision_numbers_db [None req-f67b6bc6-79ef-46ee-bdef-ecb19d448754 48e081fb0e3148478a0338e7fc589bad 7c9837aa41ee4d8fb6b630692028dc4c - - default default] Successfully bumped revision number for resource ccb2251d-b601-4c68-9a6b-74155155ddd9 (type: security_group_rules) to 0
2026-04-28 18:31:58.207 9 INFO neutron.wsgi [None req-f67b6bc6-79ef-46ee-bdef-ecb19d448754 48e081fb0e3148478a0338e7fc589bad 7c9837aa41ee4d8fb6b630692028dc4c - - default default] 10.0.0.85 "GET /v2.0/security-groups?tenant_id=536df0b08931433fb8e0b4fea2295ae3&name=default HTTP/1.1" status: 200 len: 2996 time: 0.5508029
2026-04-28 18:31:58.265 9 INFO neutron.wsgi [req-020f9d67-87d0-4876-b35e-c3f8a35aec7b req-54d0fbbb-e012-42db-b0ce-e808e8887a74 fc99a412abd54783893067f5ff7f7d01 78aba0ddc417491aaa8a855751af10c1 - - default default] 10.0.0.139 "GET /v2.0/ports?device_id=cca0c939-3dee-4c82-85a1-b20176cd9bbb HTTP/1.1" status: 200 len: 210 time: 0.0206323
2026-04-28 18:31:58.345 9 INFO neutron.wsgi [req-98d4010d-c48f-4828-9388-88b0dfdef4f3 req-7c2f112d-6226-440c-b58a-e5a8d45c819c fc99a412abd54783893067f5ff7f7d01 78aba0ddc417491aaa8a855751af10c1 - - default default] 199.19.213.209 "GET /v2.0/networks?id=813c4eb3-3d8c-4673-8410-95a525b6f445 HTTP/1.1" status: 200 len: 879 time: 0.0757022
2026-04-28 18:31:58.417 9 INFO neutron.wsgi [req-98d4010d-c48f-4828-9388-88b0dfdef4f3 req-06b17f5d-a80e-4165-8897-f8e954ecc447 fc99a412abd54783893067f5ff7f7d01 78aba0ddc417491aaa8a855751af10c1 - - default default] 199.19.213.209 "GET /v2.0/security-groups?fields=id&fields=name&tenant_id=78aba0ddc417491aaa8a855751af10c1 HTTP/1.1" status: 200 len: 380 time: 0.0605474
2026-04-28 18:31:58.515 10 INFO neutron.wsgi [None req-987c2a9e-6972-4a7e-bccc-8cd12a788953 48e081fb0e3148478a0338e7fc589bad 7c9837aa41ee4d8fb6b630692028dc4c - - default default] 10.0.0.85 "DELETE /v2.0/security-groups/bf30fa21-78ae-4282-b787-ef6ce18e4284 HTTP/1.1" status: 204 len: 168 time: 0.3036482
2026-04-28 18:31:58.672 9 INFO neutron.plugins.ml2.drivers.ovn.mech_driver.mech_driver [None req-17db49d6-4795-48b9-8c8b-b3f8607c6544 - - - - - -] OVN reports status up for port: c1e92db3-2477-4023-9c1d-d8def8c695bb
2026-04-28 18:31:58.695 9 INFO neutron.plugins.ml2.plugin [None req-17db49d6-4795-48b9-8c8b-b3f8607c6544 - - - - - -] Attempt 1 to provision port c1e92db3-2477-4023-9c1d-d8def8c695bb
2026-04-28 18:31:58.868 9 WARNING neutron.scheduler.dhcp_agent_scheduler [req-98d4010d-c48f-4828-9388-88b0dfdef4f3 req-87dd5c40-5ed0-4647-9263-16c291809d74 fc99a412abd54783893067f5ff7f7d01 78aba0ddc417491aaa8a855751af10c1 - - default default] No more DHCP agents
2026-04-28 18:31:58.876 9 WARNING neutron.api.rpc.agentnotifiers.dhcp_rpc_agent_api [req-98d4010d-c48f-4828-9388-88b0dfdef4f3 req-87dd5c40-5ed0-4647-9263-16c291809d74 fc99a412abd54783893067f5ff7f7d01 78aba0ddc417491aaa8a855751af10c1 - - default default] Unable to schedule network 813c4eb3-3d8c-4673-8410-95a525b6f445: no agents available; will retry on subsequent port and subnet creation events.
2026-04-28 18:31:58.898 9 INFO neutron.notifiers.nova [-] Nova event matching ['req-7c6d0fe0-87b9-4108-a9e2-7b50fe7df90b'] response: {'server_uuid': '764cd203-0348-43d4-a67d-2439292731fa', 'name': 'network-vif-plugged', 'status': 'completed', 'tag': 'c1e92db3-2477-4023-9c1d-d8def8c695bb', 'code': 200}
2026-04-28 18:31:59.059 9 INFO neutron.db.ovn_revision_numbers_db [req-98d4010d-c48f-4828-9388-88b0dfdef4f3 req-87dd5c40-5ed0-4647-9263-16c291809d74 fc99a412abd54783893067f5ff7f7d01 78aba0ddc417491aaa8a855751af10c1 - - default default] Successfully bumped revision number for resource 34ae75ac-b803-43f7-9257-4793d4a5b9b8 (type: ports) to 1
2026-04-28 18:31:59.082 9 INFO neutron.wsgi [req-98d4010d-c48f-4828-9388-88b0dfdef4f3 req-87dd5c40-5ed0-4647-9263-16c291809d74 fc99a412abd54783893067f5ff7f7d01 78aba0ddc417491aaa8a855751af10c1 - - default default] 199.19.213.209 "POST /v2.0/ports HTTP/1.1" status: 201 len: 1158 time: 0.6616893
2026-04-28 18:31:59.083 9 INFO neutron.db.ovn_revision_numbers_db [None req-17db49d6-4795-48b9-8c8b-b3f8607c6544 - - - - - -] Successfully bumped revision number for resource c1e92db3-2477-4023-9c1d-d8def8c695bb (type: ports) to 4 /var/lib/openstack/lib/python3.10/site-packages/pycadf/identifier.py:71: UserWarning: Invalid uuid: neutron. To ensure interoperability, identifiers should be a valid uuid. warnings.warn(('Invalid uuid: %s. To ensure interoperability, ' /var/lib/openstack/lib/python3.10/site-packages/pycadf/identifier.py:71: UserWarning: Invalid uuid: neutron. To ensure interoperability, identifiers should be a valid uuid. warnings.warn(('Invalid uuid: %s. To ensure interoperability, '
2026-04-28 18:31:59.281 9 INFO neutron.wsgi [req-5c6a096f-2ba1-4f86-8e0e-068e897e8bcb req-83abf376-3fce-4cd6-b721-fbb820f8fcdb e643f6df2c1147f4a193dcc86ed35878 97054b39d4bd43fd9917b932ff788ac7 - - default default] 10.0.0.139 "GET /v2.0/ports?device_id=764cd203-0348-43d4-a67d-2439292731fa HTTP/1.1" status: 200 len: 1170 time: 0.0561602
2026-04-28 18:31:59.361 9 INFO neutron.wsgi [req-5c6a096f-2ba1-4f86-8e0e-068e897e8bcb req-b3f20fe0-0b07-43b1-a182-4cf824f8a738 e643f6df2c1147f4a193dcc86ed35878 97054b39d4bd43fd9917b932ff788ac7 - - default default] 10.0.0.139 "GET /v2.0/security-groups?id=50055155-b74c-448b-8cd4-edb4fab01a65&fields=id&fields=name HTTP/1.1" status: 200 len: 313 time: 0.0729253
2026-04-28 18:31:59.393 9 INFO neutron.wsgi [req-738260b6-ed01-4a48-ac14-ec7a48ae3139 req-556340e9-ea46-42de-b6d5-0fb51e08aa48 fc99a412abd54783893067f5ff7f7d01 78aba0ddc417491aaa8a855751af10c1 - - default default] 10.0.0.139 "GET /v2.0/ports?device_id=cca0c939-3dee-4c82-85a1-b20176cd9bbb HTTP/1.1" status: 200 len: 1156 time: 0.0576119
2026-04-28 18:31:59.446 9 INFO neutron.wsgi [req-738260b6-ed01-4a48-ac14-ec7a48ae3139 req-bb522a7e-99c4-4398-a025-44f70bc80232 fc99a412abd54783893067f5ff7f7d01 78aba0ddc417491aaa8a855751af10c1 - - default default] 10.0.0.139 "GET /v2.0/security-groups?id=f8a42ee6-79f7-4b1d-ab32-b7f0850b704a&fields=id&fields=name HTTP/1.1" status: 200 len: 313 time: 0.0480077
2026-04-28 18:31:59.539 10 INFO neutron.db.ovn_revision_numbers_db [None req-f491702c-6ff6-48d3-bd18-4a2cb9d95200 48e081fb0e3148478a0338e7fc589bad 7c9837aa41ee4d8fb6b630692028dc4c - - default default] Successfully bumped revision number for resource cf19847d-920d-4e47-ab5e-60de9c13b7a9 (type: security_groups) to 1
2026-04-28 18:31:59.560 10 INFO neutron.db.ovn_revision_numbers_db [None req-f491702c-6ff6-48d3-bd18-4a2cb9d95200 48e081fb0e3148478a0338e7fc589bad 7c9837aa41ee4d8fb6b630692028dc4c - - default default] Successfully bumped revision number for resource 00b7343c-63ef-41ab-8d5c-21618d8b3a46 (type: security_group_rules) to 0
2026-04-28 18:31:59.574 9 INFO neutron.db.ovn_revision_numbers_db [req-98d4010d-c48f-4828-9388-88b0dfdef4f3 req-6764eee0-6979-4f9a-84ae-be5b1d0495f8 54b88280dc1646d2a79d662e64c0d724 4f8eb4083741407ab21daa902d3eeb03 - - e62532941e864b8ba3623ffc54f3df85 e62532941e864b8ba3623ffc54f3df85] Successfully bumped revision number for resource 34ae75ac-b803-43f7-9257-4793d4a5b9b8 (type: ports) to 2
2026-04-28 18:31:59.576 10 INFO neutron.db.ovn_revision_numbers_db [None req-f491702c-6ff6-48d3-bd18-4a2cb9d95200 48e081fb0e3148478a0338e7fc589bad 7c9837aa41ee4d8fb6b630692028dc4c - - default default] Successfully bumped revision number for resource 08b94d21-5ae1-4d31-99bf-cbbfcfddc85e (type: security_group_rules) to 0
2026-04-28 18:31:59.607 10 INFO neutron.db.ovn_revision_numbers_db [None req-f491702c-6ff6-48d3-bd18-4a2cb9d95200 48e081fb0e3148478a0338e7fc589bad 7c9837aa41ee4d8fb6b630692028dc4c - - default default] Successfully bumped revision number for resource 33e6c1e0-8117-418d-a283-24723b63fb26 (type: security_group_rules) to 0
2026-04-28 18:31:59.621 10 INFO neutron.db.ovn_revision_numbers_db [None req-f491702c-6ff6-48d3-bd18-4a2cb9d95200 48e081fb0e3148478a0338e7fc589bad 7c9837aa41ee4d8fb6b630692028dc4c - - default default] Successfully bumped revision number for resource bbc2a992-96d6-4290-8041-cf53c7c3f95a (type: security_group_rules) to 0
2026-04-28 18:31:59.684 10 INFO neutron.db.segments_db [None req-f491702c-6ff6-48d3-bd18-4a2cb9d95200 48e081fb0e3148478a0338e7fc589bad 7c9837aa41ee4d8fb6b630692028dc4c - - default default] Added segment 4f604383-8ee1-4c94-8ac8-8598a8a0c55d of type geneve for network 7fbc5d7d-dc89-480e-bcc9-5a281f91651b
2026-04-28 18:31:59.772 9 INFO neutron.db.ovn_revision_numbers_db [req-98d4010d-c48f-4828-9388-88b0dfdef4f3 req-6764eee0-6979-4f9a-84ae-be5b1d0495f8 54b88280dc1646d2a79d662e64c0d724 4f8eb4083741407ab21daa902d3eeb03 - - e62532941e864b8ba3623ffc54f3df85 e62532941e864b8ba3623ffc54f3df85] Successfully bumped revision number for resource 34ae75ac-b803-43f7-9257-4793d4a5b9b8 (type: ports) to 2
2026-04-28 18:31:59.782 9 INFO neutron.wsgi [req-98d4010d-c48f-4828-9388-88b0dfdef4f3 req-6764eee0-6979-4f9a-84ae-be5b1d0495f8 54b88280dc1646d2a79d662e64c0d724 4f8eb4083741407ab21daa902d3eeb03 - - e62532941e864b8ba3623ffc54f3df85 e62532941e864b8ba3623ffc54f3df85] 199.19.213.209 "PUT /v2.0/ports/34ae75ac-b803-43f7-9257-4793d4a5b9b8 HTTP/1.1" status: 200 len: 1376 time: 0.6931899 /var/lib/openstack/lib/python3.10/site-packages/pycadf/identifier.py:71: UserWarning: Invalid uuid: neutron. To ensure interoperability, identifiers should be a valid uuid. warnings.warn(('Invalid uuid: %s. To ensure interoperability, '
2026-04-28 18:31:59.834 10 INFO neutron.db.ovn_revision_numbers_db [None req-f491702c-6ff6-48d3-bd18-4a2cb9d95200 48e081fb0e3148478a0338e7fc589bad 7c9837aa41ee4d8fb6b630692028dc4c - - default default] Successfully bumped revision number for resource 7fbc5d7d-dc89-480e-bcc9-5a281f91651b (type: networks) to 1
2026-04-28 18:31:59.847 9 INFO neutron.wsgi [req-98d4010d-c48f-4828-9388-88b0dfdef4f3 req-30829b4d-2d49-4670-b3a5-9ec076361c42 54b88280dc1646d2a79d662e64c0d724 4f8eb4083741407ab21daa902d3eeb03 - - e62532941e864b8ba3623ffc54f3df85 e62532941e864b8ba3623ffc54f3df85] 199.19.213.209 "GET /v2.0/ports?tenant_id=78aba0ddc417491aaa8a855751af10c1&device_id=cca0c939-3dee-4c82-85a1-b20176cd9bbb HTTP/1.1" status: 200 len: 1407 time: 0.0269818
2026-04-28 18:31:59.874 9 INFO neutron.wsgi [req-98d4010d-c48f-4828-9388-88b0dfdef4f3 req-fd08c913-0299-4099-b16b-81b4ebc0f944 54b88280dc1646d2a79d662e64c0d724 4f8eb4083741407ab21daa902d3eeb03 - - e62532941e864b8ba3623ffc54f3df85 e62532941e864b8ba3623ffc54f3df85] 199.19.213.209 "GET /v2.0/floatingips?fixed_ip_address=10.100.0.3&port_id=34ae75ac-b803-43f7-9257-4793d4a5b9b8 HTTP/1.1" status: 200 len: 217 time: 0.0202460
2026-04-28 18:31:59.914 9 INFO neutron.wsgi [req-98d4010d-c48f-4828-9388-88b0dfdef4f3 req-9dae2551-91db-45f6-923d-07deb7a40501 54b88280dc1646d2a79d662e64c0d724 4f8eb4083741407ab21daa902d3eeb03 - - e62532941e864b8ba3623ffc54f3df85 e62532941e864b8ba3623ffc54f3df85] 199.19.213.209 "GET /v2.0/subnets?id=6ea3a8df-4386-467c-a1d1-13f4a852224e HTTP/1.1" status: 200 len: 873 time: 0.0315857
2026-04-28 18:31:59.949 9 INFO neutron.wsgi [req-98d4010d-c48f-4828-9388-88b0dfdef4f3 req-60238064-928d-4b69-8337-cc7879a5047e 54b88280dc1646d2a79d662e64c0d724 4f8eb4083741407ab21daa902d3eeb03 - - e62532941e864b8ba3623ffc54f3df85 e62532941e864b8ba3623ffc54f3df85] 199.19.213.209 "GET /v2.0/ports?network_id=813c4eb3-3d8c-4673-8410-95a525b6f445&device_owner=network%3Adhcp HTTP/1.1" status: 200 len: 210 time: 0.0268524
2026-04-28 18:32:00.011 9 INFO neutron.wsgi [req-98d4010d-c48f-4828-9388-88b0dfdef4f3 req-bceefa81-994f-4cae-a266-23c18226001e 54b88280dc1646d2a79d662e64c0d724 4f8eb4083741407ab21daa902d3eeb03 - - e62532941e864b8ba3623ffc54f3df85 e62532941e864b8ba3623ffc54f3df85] 199.19.213.209 "GET /v2.0/networks/813c4eb3-3d8c-4673-8410-95a525b6f445?fields=segments HTTP/1.1" status: 200 len: 212 time: 0.0583847
2026-04-28 18:32:00.027 10 WARNING neutron.scheduler.dhcp_agent_scheduler [None req-f491702c-6ff6-48d3-bd18-4a2cb9d95200 48e081fb0e3148478a0338e7fc589bad 7c9837aa41ee4d8fb6b630692028dc4c - - default default] No more DHCP agents
2026-04-28 18:32:00.028 10 WARNING neutron.api.rpc.agentnotifiers.dhcp_rpc_agent_api [None req-f491702c-6ff6-48d3-bd18-4a2cb9d95200 48e081fb0e3148478a0338e7fc589bad 7c9837aa41ee4d8fb6b630692028dc4c - - default default] Unable to schedule network 7fbc5d7d-dc89-480e-bcc9-5a281f91651b: no agents available; will retry on subsequent port and subnet creation events.
2026-04-28 18:32:00.084 9 INFO neutron.wsgi [req-98d4010d-c48f-4828-9388-88b0dfdef4f3 req-b35005e6-6771-461b-b5f3-f9d061fd283c 54b88280dc1646d2a79d662e64c0d724 4f8eb4083741407ab21daa902d3eeb03 - - e62532941e864b8ba3623ffc54f3df85 e62532941e864b8ba3623ffc54f3df85] 199.19.213.209 "GET /v2.0/networks/813c4eb3-3d8c-4673-8410-95a525b6f445?fields=provider%3Aphysical_network&fields=provider%3Anetwork_type HTTP/1.1" status: 200 len: 277 time: 0.0689774
2026-04-28 18:32:00.091 10 INFO neutron.db.ovn_revision_numbers_db [None req-f491702c-6ff6-48d3-bd18-4a2cb9d95200 48e081fb0e3148478a0338e7fc589bad 7c9837aa41ee4d8fb6b630692028dc4c - - default default] Successfully bumped revision number for resource 3d643b8d-6226-4c48-8c92-c7ef2608be1c (type: ports) to 1
2026-04-28 18:32:00.112 10 INFO neutron.wsgi [None req-f491702c-6ff6-48d3-bd18-4a2cb9d95200 48e081fb0e3148478a0338e7fc589bad 7c9837aa41ee4d8fb6b630692028dc4c - - default default] 10.0.0.85 "POST /v2.0/networks HTTP/1.1" status: 201 len: 945 time: 0.8468928
2026-04-28 18:32:00.266 10 WARNING neutron.scheduler.dhcp_agent_scheduler [None req-dd811e94-370e-4f54-ae0a-fdfad5df3c61 48e081fb0e3148478a0338e7fc589bad 7c9837aa41ee4d8fb6b630692028dc4c - - default default] No more DHCP agents
2026-04-28 18:32:00.268 10 WARNING neutron.api.rpc.agentnotifiers.dhcp_rpc_agent_api [None req-dd811e94-370e-4f54-ae0a-fdfad5df3c61 48e081fb0e3148478a0338e7fc589bad 7c9837aa41ee4d8fb6b630692028dc4c - - default default] Unable to schedule network 7fbc5d7d-dc89-480e-bcc9-5a281f91651b: no agents available; will retry on subsequent port and subnet creation events.
2026-04-28 18:32:00.469 9 INFO neutron.wsgi [req-0b150397-a6fc-410f-b4bd-77cdaa180d0e req-0ea21fe9-4bf5-4986-9d4c-0d834770363f e643f6df2c1147f4a193dcc86ed35878 97054b39d4bd43fd9917b932ff788ac7 - - default default] 10.0.0.139 "GET /v2.0/ports?device_id=764cd203-0348-43d4-a67d-2439292731fa HTTP/1.1" status: 200 len: 1170 time: 0.0358105
2026-04-28 18:32:00.525 9 INFO neutron.wsgi [req-0b150397-a6fc-410f-b4bd-77cdaa180d0e req-4b2d0233-0353-42d8-9203-1d6e7bef8d7a e643f6df2c1147f4a193dcc86ed35878 97054b39d4bd43fd9917b932ff788ac7 - - default default] 10.0.0.139 "GET /v2.0/security-groups?id=50055155-b74c-448b-8cd4-edb4fab01a65&fields=id&fields=name HTTP/1.1" status: 200 len: 313 time: 0.0506308
2026-04-28 18:32:00.533 9 INFO neutron.wsgi [req-3a7bc097-b7c8-47f3-a7c8-1a1a76ac40f0 req-d95e4a15-d5e9-45ae-a554-9a0c5000757c fc99a412abd54783893067f5ff7f7d01 78aba0ddc417491aaa8a855751af10c1 - - default default] 10.0.0.139 "GET /v2.0/ports?device_id=cca0c939-3dee-4c82-85a1-b20176cd9bbb HTTP/1.1" status: 200 len: 1168 time: 0.0363984
2026-04-28 18:32:00.592 9 INFO neutron.wsgi [req-3a7bc097-b7c8-47f3-a7c8-1a1a76ac40f0 req-1e7a810c-2624-4b52-a505-8b10c2893c63 fc99a412abd54783893067f5ff7f7d01 78aba0ddc417491aaa8a855751af10c1 - - default default] 10.0.0.139 "GET /v2.0/security-groups?id=f8a42ee6-79f7-4b1d-ab32-b7f0850b704a&fields=id&fields=name HTTP/1.1" status: 200 len: 313 time: 0.0506878
2026-04-28 18:32:00.711 9 INFO neutron.wsgi [req-60afbb60-8ec5-47ff-a6ec-39d2ffeb2f87 req-29269c2f-8a2e-4575-8c51-b366a0553dac e643f6df2c1147f4a193dcc86ed35878 97054b39d4bd43fd9917b932ff788ac7 - - default default] 10.0.0.139 "GET /v2.0/ports?device_id=764cd203-0348-43d4-a67d-2439292731fa HTTP/1.1" status: 200 len: 1170 time: 0.0848994
2026-04-28 18:32:00.865 10 INFO neutron.db.ovn_revision_numbers_db [None req-dd811e94-370e-4f54-ae0a-fdfad5df3c61 48e081fb0e3148478a0338e7fc589bad 7c9837aa41ee4d8fb6b630692028dc4c - - default default] Successfully bumped revision number for resource 3d643b8d-6226-4c48-8c92-c7ef2608be1c (type: ports) to 2
2026-04-28 18:32:00.941 9 INFO neutron.notifiers.nova [-] Nova event matching ['req-a33601ae-0d11-4b38-a7bb-3af9433c6b3c'] response: {'server_uuid': '764cd203-0348-43d4-a67d-2439292731fa', 'name': 'network-vif-plugged', 'status': 'completed', 'tag': 'c1e92db3-2477-4023-9c1d-d8def8c695bb', 'code': 200}
2026-04-28 18:32:00.941 9 INFO neutron.notifiers.nova [-] Nova event matching ['req-a33601ae-0d11-4b38-a7bb-3af9433c6b3c'] response: {'name': 'network-changed', 'server_uuid': 'cca0c939-3dee-4c82-85a1-b20176cd9bbb', 'tag': '34ae75ac-b803-43f7-9257-4793d4a5b9b8', 'status': 'completed', 'code': 200}
2026-04-28 18:32:00.960 10 INFO neutron.db.ovn_revision_numbers_db [None req-dd811e94-370e-4f54-ae0a-fdfad5df3c61 48e081fb0e3148478a0338e7fc589bad 7c9837aa41ee4d8fb6b630692028dc4c - - default default] Successfully bumped revision number for resource b6ee48e4-14e3-4c60-8467-3afd28ce39c0 (type: subnets) to 0
2026-04-28 18:32:00.995 10 INFO neutron.wsgi [None req-dd811e94-370e-4f54-ae0a-fdfad5df3c61 48e081fb0e3148478a0338e7fc589bad 7c9837aa41ee4d8fb6b630692028dc4c - - default default] 10.0.0.85 "POST /v2.0/subnets HTTP/1.1" status: 201 len: 866 time: 0.8779140
2026-04-28 18:32:01.014 9 INFO neutron.wsgi [req-50f5f356-17b4-4e6f-abad-4dbe7be10948 req-7d93b929-c460-4dbd-8285-2ef33c81a3d1 54b88280dc1646d2a79d662e64c0d724 4f8eb4083741407ab21daa902d3eeb03 - - e62532941e864b8ba3623ffc54f3df85 e62532941e864b8ba3623ffc54f3df85] 199.19.213.209 "GET /v2.0/ports?tenant_id=78aba0ddc417491aaa8a855751af10c1&device_id=cca0c939-3dee-4c82-85a1-b20176cd9bbb HTTP/1.1" status: 200 len: 1407 time: 0.0334456
2026-04-28 18:32:01.072 10 INFO neutron.db.l3_db [None req-de5088b7-6883-42ec-b1c0-93c166d12a8e e643f6df2c1147f4a193dcc86ed35878 97054b39d4bd43fd9917b932ff788ac7 - - default default] Floating IP 5a855922-b8d8-4335-bb9f-05f7fff427c3 associated. External IP: 10.96.250.201, port: c1e92db3-2477-4023-9c1d-d8def8c695bb.
2026-04-28 18:32:01.083 9 INFO neutron.wsgi [req-50f5f356-17b4-4e6f-abad-4dbe7be10948 req-15ba6b20-2560-4ae0-8131-0d7890cbc08c 54b88280dc1646d2a79d662e64c0d724 4f8eb4083741407ab21daa902d3eeb03 - - e62532941e864b8ba3623ffc54f3df85 e62532941e864b8ba3623ffc54f3df85] 199.19.213.209 "GET /v2.0/networks?id=813c4eb3-3d8c-4673-8410-95a525b6f445 HTTP/1.1" status: 200 len: 978 time: 0.0579484
2026-04-28 18:32:01.115 9 INFO neutron.wsgi [req-50f5f356-17b4-4e6f-abad-4dbe7be10948 req-a1a5b66e-10b5-423b-9b57-6a7ad88d688e 54b88280dc1646d2a79d662e64c0d724 4f8eb4083741407ab21daa902d3eeb03 - - e62532941e864b8ba3623ffc54f3df85 e62532941e864b8ba3623ffc54f3df85] 199.19.213.209 "GET /v2.0/floatingips?fixed_ip_address=10.100.0.3&port_id=34ae75ac-b803-43f7-9257-4793d4a5b9b8 HTTP/1.1" status: 200 len: 217 time: 0.0233815
2026-04-28 18:32:01.146 9 INFO neutron.wsgi [req-50f5f356-17b4-4e6f-abad-4dbe7be10948 req-d93012ef-5138-4fad-b0c6-29aa677e73c2 54b88280dc1646d2a79d662e64c0d724 4f8eb4083741407ab21daa902d3eeb03 - - e62532941e864b8ba3623ffc54f3df85 e62532941e864b8ba3623ffc54f3df85] 199.19.213.209 "GET /v2.0/subnets?id=6ea3a8df-4386-467c-a1d1-13f4a852224e HTTP/1.1" status: 200 len: 873 time: 0.0267816
2026-04-28 18:32:01.168 9 INFO neutron.wsgi [req-50f5f356-17b4-4e6f-abad-4dbe7be10948 req-1eb19b59-6852-452a-925c-62f568e1b4bb 54b88280dc1646d2a79d662e64c0d724 4f8eb4083741407ab21daa902d3eeb03 - - e62532941e864b8ba3623ffc54f3df85 e62532941e864b8ba3623ffc54f3df85] 199.19.213.209 "GET /v2.0/ports?network_id=813c4eb3-3d8c-4673-8410-95a525b6f445&device_owner=network%3Adhcp HTTP/1.1" status: 200 len: 210 time: 0.0178461
2026-04-28 18:32:01.262 9 INFO neutron.wsgi [req-50f5f356-17b4-4e6f-abad-4dbe7be10948 req-7cb629b1-71af-4858-afcc-437f6bafd03c 54b88280dc1646d2a79d662e64c0d724 4f8eb4083741407ab21daa902d3eeb03 - - e62532941e864b8ba3623ffc54f3df85 e62532941e864b8ba3623ffc54f3df85] 199.19.213.209 "GET /v2.0/networks/813c4eb3-3d8c-4673-8410-95a525b6f445?fields=segments HTTP/1.1" status: 200 len: 212 time: 0.0842609
2026-04-28 18:32:01.325 9 INFO neutron.wsgi [req-50f5f356-17b4-4e6f-abad-4dbe7be10948 req-726a7394-6995-405a-9c29-4bb752334d1e 54b88280dc1646d2a79d662e64c0d724 4f8eb4083741407ab21daa902d3eeb03 - - e62532941e864b8ba3623ffc54f3df85 e62532941e864b8ba3623ffc54f3df85] 199.19.213.209 "GET /v2.0/networks/813c4eb3-3d8c-4673-8410-95a525b6f445?fields=provider%3Aphysical_network&fields=provider%3Anetwork_type HTTP/1.1" status: 200 len: 277 time: 0.0588343
2026-04-28 18:32:01.453 10 INFO neutron.plugins.ml2.drivers.ovn.mech_driver.mech_driver [None req-61ff434f-011b-47b9-8267-37fb304c1254 - - - - - -] OVN reports status up for port: 34ae75ac-b803-43f7-9257-4793d4a5b9b8
2026-04-28 18:32:01.480 10 INFO neutron.plugins.ml2.plugin [None req-61ff434f-011b-47b9-8267-37fb304c1254 - - - - - -] Attempt 1 to provision port 34ae75ac-b803-43f7-9257-4793d4a5b9b8
2026-04-28 18:32:01.490 10 INFO neutron.db.ovn_revision_numbers_db [None req-de5088b7-6883-42ec-b1c0-93c166d12a8e e643f6df2c1147f4a193dcc86ed35878 97054b39d4bd43fd9917b932ff788ac7 - - default default] Successfully bumped revision number for resource 5a855922-b8d8-4335-bb9f-05f7fff427c3 (type: floatingips) to 1 /var/lib/openstack/lib/python3.10/site-packages/pycadf/identifier.py:71: UserWarning: Invalid uuid: neutron. To ensure interoperability, identifiers should be a valid uuid. warnings.warn(('Invalid uuid: %s. To ensure interoperability, '
2026-04-28 18:32:01.701 10 INFO neutron.db.ovn_revision_numbers_db [None req-de5088b7-6883-42ec-b1c0-93c166d12a8e e643f6df2c1147f4a193dcc86ed35878 97054b39d4bd43fd9917b932ff788ac7 - - default default] Successfully bumped revision number for resource 5a855922-b8d8-4335-bb9f-05f7fff427c3 (type: floatingips) to 2
2026-04-28 18:32:01.732 10 INFO neutron.wsgi [None req-de5088b7-6883-42ec-b1c0-93c166d12a8e e643f6df2c1147f4a193dcc86ed35878 97054b39d4bd43fd9917b932ff788ac7 - - default default] 10.0.0.85 "PUT /v2.0/floatingips/5a855922-b8d8-4335-bb9f-05f7fff427c3 HTTP/1.1" status: 200 len: 1049 time: 1.0035384
