2026-04-28 18:32:36.678 10 INFO neutron.db.ovn_revision_numbers_db [None req-8a48abae-dc7c-4fc6-9b42-2c2e4ec1cd79 - - - - - -] Successfully bumped revision number for resource ead4ffda-dd20-481c-9d61-3efa9560c747 (type: ports) to 2
2026-04-28 18:32:36.796 10 INFO neutron.db.ovn_revision_numbers_db [None req-2a9af695-6cc4-41f6-bd9d-e57a1e65fd0e 68027d439b044ebd8dc31424fc114ed5 bddde6711bed4dd8b2a454341a5ad8b8 - - default default] Successfully bumped revision number for resource 3b35b864-15e7-44ce-a600-95f96069154d (type: routers) to 3
2026-04-28 18:32:36.798 10 INFO neutron.wsgi [None req-2a9af695-6cc4-41f6-bd9d-e57a1e65fd0e 68027d439b044ebd8dc31424fc114ed5 bddde6711bed4dd8b2a454341a5ad8b8 - - default default] 10.0.0.85 "PUT /v2.0/routers/3b35b864-15e7-44ce-a600-95f96069154d HTTP/1.1" status: 200 len: 879 time: 0.7411091
2026-04-28 18:32:36.877 10 INFO neutron.wsgi [None req-f1bb1981-2791-4dbe-9482-321d5a133fcb 68027d439b044ebd8dc31424fc114ed5 bddde6711bed4dd8b2a454341a5ad8b8 - - default default] 10.0.0.85 "GET /v2.0/routers/3b35b864-15e7-44ce-a600-95f96069154d HTTP/1.1" status: 200 len: 879 time: 0.0731616
2026-04-28 18:32:36.906 10 INFO neutron.wsgi [None req-feb1f37a-35a0-4788-8040-77877d929e6a 68027d439b044ebd8dc31424fc114ed5 bddde6711bed4dd8b2a454341a5ad8b8 - - default default] 10.0.0.85 "GET /v2.0/ports?device_id=3b35b864-15e7-44ce-a600-95f96069154d HTTP/1.1" status: 200 len: 205 time: 0.0231931
2026-04-28 18:32:36.970 10 INFO neutron.db.ovn_revision_numbers_db [None req-8a48abae-dc7c-4fc6-9b42-2c2e4ec1cd79 - - - - - -] Successfully bumped revision number for resource ead4ffda-dd20-481c-9d61-3efa9560c747 (type: ports) to 4
2026-04-28 18:32:37.193 10 INFO neutron.db.ovn_revision_numbers_db [None req-8a48abae-dc7c-4fc6-9b42-2c2e4ec1cd79 - - - - - -] Successfully bumped revision number for resource ead4ffda-dd20-481c-9d61-3efa9560c747 (type: router_ports) to 4
2026-04-28 18:32:37.312 9 INFO neutron.db.ovn_revision_numbers_db [None req-67d6c747-ad4a-4e64-8d07-0162170c36b0 48e081fb0e3148478a0338e7fc589bad 7c9837aa41ee4d8fb6b630692028dc4c - - default default] Successfully bumped revision number for resource f2fbf8d3-5986-414d-96b9-38abc2546bff (type: router_ports) to 1
2026-04-28 18:32:37.314 9 INFO neutron.wsgi [None req-67d6c747-ad4a-4e64-8d07-0162170c36b0 48e081fb0e3148478a0338e7fc589bad 7c9837aa41ee4d8fb6b630692028dc4c - - default default] 10.0.0.85 "PUT /v2.0/routers/738ebd1a-8df4-4d8b-8082-e70332ade407/add_router_interface HTTP/1.1" status: 200 len: 503 time: 2.2928128
2026-04-28 18:32:37.517 9 INFO neutron.wsgi [None req-f83285ff-a473-4a1e-9d3c-63234e1f8567 68027d439b044ebd8dc31424fc114ed5 bddde6711bed4dd8b2a454341a5ad8b8 - - default default] 10.0.0.85 "DELETE /v2.0/routers/3b35b864-15e7-44ce-a600-95f96069154d HTTP/1.1" status: 204 len: 168 time: 0.6041789
2026-04-28 18:32:37.539 9 INFO neutron.wsgi [None req-e69ee712-6388-4e23-8eeb-73ee65206222 68027d439b044ebd8dc31424fc114ed5 bddde6711bed4dd8b2a454341a5ad8b8 - - default default] 10.0.0.85 "GET /v2.0/ports?device_id=3b35b864-15e7-44ce-a600-95f96069154d HTTP/1.1" status: 200 len: 205 time: 0.0137994
2026-04-28 18:32:37.566 10 INFO neutron.api.v2.resource [None req-455943f0-a0b7-479b-9f64-236134999a8a 68027d439b044ebd8dc31424fc114ed5 bddde6711bed4dd8b2a454341a5ad8b8 - - default default] delete failed (client error): The resource could not be found.
2026-04-28 18:32:37.567 10 INFO neutron.wsgi [None req-455943f0-a0b7-479b-9f64-236134999a8a 68027d439b044ebd8dc31424fc114ed5 bddde6711bed4dd8b2a454341a5ad8b8 - - default default] 10.0.0.85 "DELETE /v2.0/routers/3b35b864-15e7-44ce-a600-95f96069154d HTTP/1.1" status: 404 len: 336 time: 0.0233741
2026-04-28 18:32:37.599 10 INFO neutron.wsgi [None req-e9dfe3b3-4054-4fd1-950e-fa94a4722e6a 68027d439b044ebd8dc31424fc114ed5 bddde6711bed4dd8b2a454341a5ad8b8 - - default default] 10.0.0.85 "GET /v2.0/ports?device_id=d62d6dc5-3b87-4fba-891c-50d3c2962653 HTTP/1.1" status: 200 len: 205 time: 0.0265036
2026-04-28 18:32:37.624 10 INFO neutron.api.v2.resource [None req-b4777bf9-a791-4655-a2fc-3485bcb2ef5c 68027d439b044ebd8dc31424fc114ed5 bddde6711bed4dd8b2a454341a5ad8b8 - - default default] delete failed (client error): The resource could not be found.
2026-04-28 18:32:37.625 10 INFO neutron.wsgi [None req-b4777bf9-a791-4655-a2fc-3485bcb2ef5c 68027d439b044ebd8dc31424fc114ed5 bddde6711bed4dd8b2a454341a5ad8b8 - - default default] 10.0.0.85 "DELETE /v2.0/routers/d62d6dc5-3b87-4fba-891c-50d3c2962653 HTTP/1.1" status: 404 len: 336 time: 0.0208287
2026-04-28 18:32:37.648 10 INFO neutron.pecan_wsgi.hooks.translation [None req-3234ad34-7bb8-4ddd-b8db-3fb2b40f1524 68027d439b044ebd8dc31424fc114ed5 bddde6711bed4dd8b2a454341a5ad8b8 - - default default] DELETE failed (client error): The resource could not be found.
2026-04-28 18:32:37.651 10 INFO neutron.wsgi [None req-3234ad34-7bb8-4ddd-b8db-3fb2b40f1524 68027d439b044ebd8dc31424fc114ed5 bddde6711bed4dd8b2a454341a5ad8b8 - - default default] 10.0.0.85 "DELETE /v2.0/subnets/cb4cdbd4-f361-4d6c-bf4b-c9d7861f1869 HTTP/1.1" status: 404 len: 337 time: 0.0187404
2026-04-28 18:32:37.678 10 INFO neutron.wsgi [None req-dfd462f2-d3e2-42cd-a389-73fdcdcb34af 68027d439b044ebd8dc31424fc114ed5 bddde6711bed4dd8b2a454341a5ad8b8 - - default default] 10.0.0.85 "GET /v2.0/ports?device_id=0b7eccea-ad42-4ada-b851-087450f75555 HTTP/1.1" status: 200 len: 205 time: 0.0214682
2026-04-28 18:32:37.710 10 INFO neutron.api.v2.resource [None req-2f8fdeaa-50fd-43cf-8fbb-5ae8ac91046e 68027d439b044ebd8dc31424fc114ed5 bddde6711bed4dd8b2a454341a5ad8b8 - - default default] delete failed (client error): The resource could not be found.
2026-04-28 18:32:37.711 10 INFO neutron.wsgi [None req-2f8fdeaa-50fd-43cf-8fbb-5ae8ac91046e 68027d439b044ebd8dc31424fc114ed5 bddde6711bed4dd8b2a454341a5ad8b8 - - default default] 10.0.0.85 "DELETE /v2.0/routers/0b7eccea-ad42-4ada-b851-087450f75555 HTTP/1.1" status: 404 len: 336 time: 0.0260055
2026-04-28 18:32:37.733 10 INFO neutron.pecan_wsgi.hooks.translation [None req-75e94a1b-25d1-4bdf-8d4a-9c2486964845 68027d439b044ebd8dc31424fc114ed5 bddde6711bed4dd8b2a454341a5ad8b8 - - default default] DELETE failed (client error): The resource could not be found.
2026-04-28 18:32:37.735 10 INFO neutron.wsgi [None req-75e94a1b-25d1-4bdf-8d4a-9c2486964845 68027d439b044ebd8dc31424fc114ed5 bddde6711bed4dd8b2a454341a5ad8b8 - - default default] 10.0.0.85 "DELETE /v2.0/subnets/03be86ec-2550-4777-a855-fad5921500ed HTTP/1.1" status: 404 len: 337 time: 0.0182092
2026-04-28 18:32:37.737 10 INFO neutron.plugins.ml2.drivers.ovn.mech_driver.mech_driver [None req-61ff434f-011b-47b9-8267-37fb304c1254 - - - - - -] OVN reports status up for port: f2fbf8d3-5986-414d-96b9-38abc2546bff
2026-04-28 18:32:37.742 10 INFO neutron.plugins.ml2.plugin [None req-61ff434f-011b-47b9-8267-37fb304c1254 - - - - - -] Attempt 1 to provision port f2fbf8d3-5986-414d-96b9-38abc2546bff
2026-04-28 18:32:37.765 9 INFO neutron.wsgi [None req-b8d9318d-06cb-42a9-b3fc-4c25b9b11628 68027d439b044ebd8dc31424fc114ed5 bddde6711bed4dd8b2a454341a5ad8b8 - - default default] 10.0.0.85 "GET /v2.0/ports?device_id=07b87b26-0c20-47a8-b8ad-775c35b823e3 HTTP/1.1" status: 200 len: 205 time: 0.0216300
2026-04-28 18:32:37.794 9 INFO neutron.api.v2.resource [None req-341d9b87-5f0e-4f21-8f42-6e2e6539f9f0 68027d439b044ebd8dc31424fc114ed5 bddde6711bed4dd8b2a454341a5ad8b8 - - default default] delete failed (client error): The resource could not be found.
2026-04-28 18:32:37.795 9 INFO neutron.wsgi [None req-341d9b87-5f0e-4f21-8f42-6e2e6539f9f0 68027d439b044ebd8dc31424fc114ed5 bddde6711bed4dd8b2a454341a5ad8b8 - - default default] 10.0.0.85 "DELETE /v2.0/routers/07b87b26-0c20-47a8-b8ad-775c35b823e3 HTTP/1.1" status: 404 len: 336 time: 0.0247197
2026-04-28 18:32:37.815 9 INFO neutron.pecan_wsgi.hooks.translation [None req-618bbade-2a9d-4330-bc06-27bea233df0a 68027d439b044ebd8dc31424fc114ed5 bddde6711bed4dd8b2a454341a5ad8b8 - - default default] DELETE failed (client error): The resource could not be found.
2026-04-28 18:32:37.817 9 INFO neutron.wsgi [None req-618bbade-2a9d-4330-bc06-27bea233df0a 68027d439b044ebd8dc31424fc114ed5 bddde6711bed4dd8b2a454341a5ad8b8 - - default default] 10.0.0.85 "DELETE /v2.0/subnets/26b0bb56-1740-4b2e-8fb4-b501164d99a0 HTTP/1.1" status: 404 len: 337 time: 0.0170293
2026-04-28 18:32:37.836 9 INFO neutron.pecan_wsgi.hooks.translation [None req-0e23b3ca-0135-4242-85ac-3de26cdd0105 68027d439b044ebd8dc31424fc114ed5 bddde6711bed4dd8b2a454341a5ad8b8 - - default default] DELETE failed (client error): The resource could not be found.
2026-04-28 18:32:37.839 9 INFO neutron.wsgi [None req-0e23b3ca-0135-4242-85ac-3de26cdd0105 68027d439b044ebd8dc31424fc114ed5 bddde6711bed4dd8b2a454341a5ad8b8 - - default default] 10.0.0.85 "DELETE /v2.0/subnets/679b3097-ebff-48c7-a5cd-e4dd2b413c04 HTTP/1.1" status: 404 len: 337 time: 0.0169635
2026-04-28 18:32:37.999 10 INFO neutron.db.ovn_revision_numbers_db [None req-61ff434f-011b-47b9-8267-37fb304c1254 - - - - - -] Successfully bumped revision number for resource f2fbf8d3-5986-414d-96b9-38abc2546bff (type: ports) to 2
2026-04-28 18:32:38.067 9 INFO neutron.db.ovn_revision_numbers_db [None req-c5abbc4f-4a61-435a-8e83-affb03151021 7e52d05a3aac4c1583b420afe08855df bddde9c3d35c4263bdad6c89c8963f58 - - default default] Successfully bumped revision number for resource d1f26f5c-b8ba-483d-bc18-1d40feb27f7b (type: security_groups) to 1
2026-04-28 18:32:38.080 9 INFO neutron.db.ovn_revision_numbers_db [None req-c5abbc4f-4a61-435a-8e83-affb03151021 7e52d05a3aac4c1583b420afe08855df bddde9c3d35c4263bdad6c89c8963f58 - - default default] Successfully bumped revision number for resource 7dad3f84-5efe-4b62-a15e-ad9ada9e09a8 (type: security_group_rules) to 0
2026-04-28 18:32:38.099 9 INFO neutron.db.ovn_revision_numbers_db [None req-c5abbc4f-4a61-435a-8e83-affb03151021 7e52d05a3aac4c1583b420afe08855df bddde9c3d35c4263bdad6c89c8963f58 - - default default] Successfully bumped revision number for resource c51cf90b-b464-43ea-aaaa-00978dc0c74f (type: security_group_rules) to 0
2026-04-28 18:32:38.136 9 INFO neutron.wsgi [None req-c5abbc4f-4a61-435a-8e83-affb03151021 7e52d05a3aac4c1583b420afe08855df bddde9c3d35c4263bdad6c89c8963f58 - - default default] 10.0.0.85 "POST /v2.0/security-groups HTTP/1.1" status: 201 len: 1795 time: 0.1773169
2026-04-28 18:32:38.148 10 INFO neutron.db.ovn_revision_numbers_db [None req-61ff434f-011b-47b9-8267-37fb304c1254 - - - - - -] Successfully bumped revision number for resource f2fbf8d3-5986-414d-96b9-38abc2546bff (type: router_ports) to 2
2026-04-28 18:32:38.257 9 WARNING neutron.plugins.ml2.drivers.ovn.mech_driver.ovsdb.ovn_client [None req-17db49d6-4795-48b9-8c8b-b3f8607c6544 - - - - - -] No port found with ID 051ee618-d2bc-42d6-9013-622d182ff7eb: RuntimeError: No port found with ID 051ee618-d2bc-42d6-9013-622d182ff7eb
2026-04-28 18:32:38.257 9 INFO neutron.plugins.ml2.drivers.ovn.mech_driver.mech_driver [None req-17db49d6-4795-48b9-8c8b-b3f8607c6544 - - - - - -] OVN reports status up for port: e9236199-910f-44cb-ac90-89eee53e3cc4
2026-04-28 18:32:38.269 10 INFO neutron.db.ovn_revision_numbers_db [None req-562ab9fd-9353-4243-b2ad-9290a68e18ad 7e52d05a3aac4c1583b420afe08855df bddde9c3d35c4263bdad6c89c8963f58 - - default default] Successfully bumped revision number for resource 22cfb683-4df4-4e77-8c44-2c189b7bce12 (type: security_group_rules) to 0
2026-04-28 18:32:38.290 10 INFO neutron.wsgi [None req-562ab9fd-9353-4243-b2ad-9290a68e18ad 7e52d05a3aac4c1583b420afe08855df bddde9c3d35c4263bdad6c89c8963f58 - - default default] 10.0.0.85 "POST /v2.0/security-group-rules HTTP/1.1" status: 201 len: 764 time: 0.1493192
2026-04-28 18:32:38.395 10 INFO neutron.db.ovn_revision_numbers_db [None req-548bb853-e312-466b-a9e2-d899a7e64e85 7e52d05a3aac4c1583b420afe08855df bddde9c3d35c4263bdad6c89c8963f58 - - default default] Successfully bumped revision number for resource 060856bc-4bb9-4d20-8b79-8b4a9c222bb9 (type: security_group_rules) to 0
2026-04-28 18:32:38.418 10 INFO neutron.wsgi [None req-548bb853-e312-466b-a9e2-d899a7e64e85 7e52d05a3aac4c1583b420afe08855df bddde9c3d35c4263bdad6c89c8963f58 - - default default] 10.0.0.85 "POST /v2.0/security-group-rules HTTP/1.1" status: 201 len: 769 time: 0.1227896
2026-04-28 18:32:38.667 9 INFO neutron.wsgi [None req-9c7620d6-8159-48b1-9839-251251d7870d 48e081fb0e3148478a0338e7fc589bad 7c9837aa41ee4d8fb6b630692028dc4c - - default default] 10.0.0.85 "GET /v2.0/security-groups?tenant_id=bddde6711bed4dd8b2a454341a5ad8b8&name=default HTTP/1.1" status: 200 len: 2996 time: 0.3104727
2026-04-28 18:32:38.672 10 WARNING neutron.scheduler.dhcp_agent_scheduler [None req-65bebb4f-99aa-4bfd-a72e-8e5c039dbb76 7e52d05a3aac4c1583b420afe08855df bddde9c3d35c4263bdad6c89c8963f58 - - default default] No more DHCP agents
2026-04-28 18:32:38.677 10 WARNING neutron.api.rpc.agentnotifiers.dhcp_rpc_agent_api [None req-65bebb4f-99aa-4bfd-a72e-8e5c039dbb76 7e52d05a3aac4c1583b420afe08855df bddde9c3d35c4263bdad6c89c8963f58 - - default default] Unable to schedule network af8490e8-3bb6-439f-be93-97801fca88e6: no agents available; will retry on subsequent port and subnet creation events.
2026-04-28 18:32:38.914 9 INFO neutron.wsgi [None req-a9703b67-43e7-432a-a406-fc0bbe62e969 48e081fb0e3148478a0338e7fc589bad 7c9837aa41ee4d8fb6b630692028dc4c - - default default] 10.0.0.85 "DELETE /v2.0/security-groups/7be6cdc2-7142-499a-aa36-66259b29777c HTTP/1.1" status: 204 len: 168 time: 0.2419932
2026-04-28 18:32:38.938 9 INFO neutron.wsgi [None req-f2510ce6-61b7-4d21-969b-a012570f4423 48e081fb0e3148478a0338e7fc589bad 7c9837aa41ee4d8fb6b630692028dc4c - - default default] 10.0.0.151 "GET /v2.0/agents HTTP/1.1" status: 200 len: 997 time: 0.1554632
2026-04-28 18:32:38.971 9 INFO neutron.wsgi [None req-cb08660b-f32c-47d8-b6e7-35d2ae7eaac7 48e081fb0e3148478a0338e7fc589bad 7c9837aa41ee4d8fb6b630692028dc4c - - default default] 10.0.0.151 "GET /v2.0/subnets HTTP/1.1" status: 200 len: 2744 time: 0.0310636
2026-04-28 18:32:38.984 9 INFO neutron.wsgi [None req-3266043e-38d5-43bf-8c4b-c466efa71d02 48e081fb0e3148478a0338e7fc589bad 7c9837aa41ee4d8fb6b630692028dc4c - - default default] 10.0.0.151 "GET /v2.0/subnetpools HTTP/1.1" status: 200 len: 193 time: 0.0113175
2026-04-28 18:32:39.042 9 INFO neutron.wsgi [None req-df59b567-feea-436a-9293-f8f9e249e549 48e081fb0e3148478a0338e7fc589bad 7c9837aa41ee4d8fb6b630692028dc4c - - default default] 10.0.0.151 "GET /v2.0/security-groups HTTP/1.1" status: 200 len: 27835 time: 0.0569239
2026-04-28 18:32:39.062 10 INFO neutron.db.ovn_revision_numbers_db [None req-65bebb4f-99aa-4bfd-a72e-8e5c039dbb76 7e52d05a3aac4c1583b420afe08855df bddde9c3d35c4263bdad6c89c8963f58 - - default default] Successfully bumped revision number for resource 6f7cfdd7-e798-4508-87f2-8b23def52832 (type: floatingips) to 0
2026-04-28 18:32:39.078 10 INFO neutron.wsgi [None req-65bebb4f-99aa-4bfd-a72e-8e5c039dbb76 7e52d05a3aac4c1583b420afe08855df bddde9c3d35c4263bdad6c89c8963f58 - - default default] 10.0.0.85 "POST /v2.0/floatingips HTTP/1.1" status: 201 len: 751 time: 0.6558647
2026-04-28 18:32:39.128 10 INFO neutron.db.ovn_revision_numbers_db [None req-0602400f-51ce-45f3-8792-27f4059a983e 48e081fb0e3148478a0338e7fc589bad 7c9837aa41ee4d8fb6b630692028dc4c - - default default] Successfully bumped revision number for resource af09c326-1b50-4356-bceb-8906aefb811f (type: security_groups) to 1
2026-04-28 18:32:39.132 9 INFO neutron.wsgi [None req-aff60d73-c6af-4cf5-8631-42b0b21d7d75 48e081fb0e3148478a0338e7fc589bad 7c9837aa41ee4d8fb6b630692028dc4c - - default default] 10.0.0.151 "GET /v2.0/networks HTTP/1.1" status: 200 len: 3864 time: 0.0823586
2026-04-28 18:32:39.144 10 INFO neutron.db.ovn_revision_numbers_db [None req-0602400f-51ce-45f3-8792-27f4059a983e 48e081fb0e3148478a0338e7fc589bad 7c9837aa41ee4d8fb6b630692028dc4c - - default default] Successfully bumped revision number for resource 1546d892-e803-4929-83d6-b08c2f3b5314 (type: security_group_rules) to 0
2026-04-28 18:32:39.174 10 INFO neutron.db.ovn_revision_numbers_db [None req-0602400f-51ce-45f3-8792-27f4059a983e 48e081fb0e3148478a0338e7fc589bad 7c9837aa41ee4d8fb6b630692028dc4c - - default default] Successfully bumped revision number for resource 2283db16-88a2-4289-9910-fe29848e4312 (type: security_group_rules) to 0
2026-04-28 18:32:39.192 10 INFO neutron.db.ovn_revision_numbers_db [None req-0602400f-51ce-45f3-8792-27f4059a983e 48e081fb0e3148478a0338e7fc589bad 7c9837aa41ee4d8fb6b630692028dc4c - - default default] Successfully bumped revision number for resource 41af7b00-d280-4d00-87bf-04eb223a1052 (type: security_group_rules) to 0
2026-04-28 18:32:39.207 10 INFO neutron.db.ovn_revision_numbers_db [None req-0602400f-51ce-45f3-8792-27f4059a983e 48e081fb0e3148478a0338e7fc589bad 7c9837aa41ee4d8fb6b630692028dc4c - - default default] Successfully bumped revision number for resource c207ead5-9648-4327-acd2-327a30c2fd90 (type: security_group_rules) to 0
2026-04-28 18:32:39.232 10 INFO neutron.wsgi [None req-0602400f-51ce-45f3-8792-27f4059a983e 48e081fb0e3148478a0338e7fc589bad 7c9837aa41ee4d8fb6b630692028dc4c - - default default] 10.0.0.85 "GET /v2.0/security-groups?tenant_id=2f6735724e29404683ee1fc1d7b85080&name=default HTTP/1.1" status: 200 len: 2996 time: 0.2876270
2026-04-28 18:32:39.244 9 INFO neutron.wsgi [None req-5bd977c7-a486-4fcd-9e97-b05905f42705 48e081fb0e3148478a0338e7fc589bad 7c9837aa41ee4d8fb6b630692028dc4c - - default default] 10.0.0.151 "GET /v2.0/routers HTTP/1.1" status: 200 len: 1530 time: 0.1078603
2026-04-28 18:32:39.254 9 INFO neutron.wsgi [None req-a38ef7b9-1551-4c1c-8ca1-50733760f35a 48e081fb0e3148478a0338e7fc589bad 7c9837aa41ee4d8fb6b630692028dc4c - - default default] 10.0.0.151 "GET /v2.0/agents?binary=ovn-controller HTTP/1.1" status: 200 len: 591 time: 0.0089638
2026-04-28 18:32:39.292 9 INFO neutron.wsgi [None req-8c96a83f-1670-482f-a5a1-430192a5d18d 48e081fb0e3148478a0338e7fc589bad 7c9837aa41ee4d8fb6b630692028dc4c - - default default] 10.0.0.151 "GET /v2.0/subnets HTTP/1.1" status: 200 len: 2744 time: 0.0370116
2026-04-28 18:32:39.328 9 INFO neutron.wsgi [None req-be9752b0-86b9-4c5e-b463-f5f180b1ea92 48e081fb0e3148478a0338e7fc589bad 7c9837aa41ee4d8fb6b630692028dc4c - - default default] 10.0.0.151 "GET /v2.0/ports HTTP/1.1" status: 200 len: 14980 time: 0.0354540
2026-04-28 18:32:39.394 9 INFO neutron.wsgi [None req-10bf58db-3189-4b9d-87cc-181b04beef6d 48e081fb0e3148478a0338e7fc589bad 7c9837aa41ee4d8fb6b630692028dc4c - - default default] 10.0.0.151 "GET /v2.0/floatingips HTTP/1.1" status: 200 len: 1574 time: 0.0503588
2026-04-28 18:32:39.406 9 INFO neutron.wsgi [None req-3c5a3b76-1662-43d4-999b-2ad4fc76338c 48e081fb0e3148478a0338e7fc589bad 7c9837aa41ee4d8fb6b630692028dc4c - - default default] 10.0.0.151 "GET /v2.0/network-ip-availabilities HTTP/1.1" status: 200 len: 2222 time: 0.0118299
2026-04-28 18:32:39.442 10 INFO neutron.wsgi [None req-320cd699-dd06-4f92-8a34-0a233e638ecc 48e081fb0e3148478a0338e7fc589bad 7c9837aa41ee4d8fb6b630692028dc4c - - default default] 10.0.0.85 "DELETE /v2.0/security-groups/af09c326-1b50-4356-bceb-8906aefb811f HTTP/1.1" status: 204 len: 168 time: 0.2059467
2026-04-28 18:32:39.556 9 INFO neutron.wsgi [req-3c053f7f-3497-47d8-b278-9f831adba005 req-2a0b9ac1-5ac6-4f9d-be3c-478db3ffbdbc 7e52d05a3aac4c1583b420afe08855df bddde9c3d35c4263bdad6c89c8963f58 - - default default] 10.0.0.139 "GET /v2.0/security-groups?name=tempest-securitygroup--137714924&fields=id&tenant_id=bddde9c3d35c4263bdad6c89c8963f58 HTTP/1.1" status: 200 len: 267 time: 0.0390098
2026-04-28 18:32:39.624 10 INFO neutron.wsgi [req-4223bfa6-159c-431e-8d28-706dd02e092a req-53eb42c5-59a1-4968-864a-c01d52e76f00 54b88280dc1646d2a79d662e64c0d724 4f8eb4083741407ab21daa902d3eeb03 - - e62532941e864b8ba3623ffc54f3df85 e62532941e864b8ba3623ffc54f3df85] 199.19.213.209 "GET /v2.0/ports?device_id=81499200-cc96-40b5-a738-76ec09a5cf74&fields=binding%3Ahost_id&fields=binding%3Avif_type HTTP/1.1" status: 200 len: 265 time: 0.0500412
2026-04-28 18:32:39.641 9 INFO neutron.wsgi [req-3c053f7f-3497-47d8-b278-9f831adba005 req-02200806-159d-47a9-bb96-c7c6f230f8ac 7e52d05a3aac4c1583b420afe08855df bddde9c3d35c4263bdad6c89c8963f58 - - default default] 10.0.0.139 "GET /v2.0/networks?id=b4a17fbf-536b-4406-96ae-54278daedf59 HTTP/1.1" status: 200 len: 868 time: 0.0752394
2026-04-28 18:32:39.665 9 INFO neutron.wsgi [req-3c053f7f-3497-47d8-b278-9f831adba005 req-8eae3127-b482-4ee7-88e7-9efe32ca7b08 7e52d05a3aac4c1583b420afe08855df bddde9c3d35c4263bdad6c89c8963f58 - - default default] 10.0.0.139 "GET /v2.0/quotas/bddde9c3d35c4263bdad6c89c8963f58 HTTP/1.1" status: 200 len: 386 time: 0.0178180
2026-04-28 18:32:39.691 10 INFO neutron.db.ovn_revision_numbers_db [None req-e62320e2-801c-4ea6-945c-112531d6b754 48e081fb0e3148478a0338e7fc589bad 7c9837aa41ee4d8fb6b630692028dc4c - - default default] Successfully bumped revision number for resource 48063611-1633-4f5b-b1c3-3d3cbe95dbab (type: security_groups) to 1
2026-04-28 18:32:39.710 10 INFO neutron.wsgi [req-4223bfa6-159c-431e-8d28-706dd02e092a req-516f84cb-e077-4d1c-b2c0-d922a7f9b180 54b88280dc1646d2a79d662e64c0d724 4f8eb4083741407ab21daa902d3eeb03 - - e62532941e864b8ba3623ffc54f3df85 e62532941e864b8ba3623ffc54f3df85] 199.19.213.209 "GET /v2.0/ports?tenant_id=79ae88a172294abaac919a9acc6d5895&device_id=81499200-cc96-40b5-a738-76ec09a5cf74 HTTP/1.1" status: 200 len: 1409 time: 0.0393724
2026-04-28 18:32:39.712 10 INFO neutron.db.ovn_revision_numbers_db [None req-e62320e2-801c-4ea6-945c-112531d6b754 48e081fb0e3148478a0338e7fc589bad 7c9837aa41ee4d8fb6b630692028dc4c - - default default] Successfully bumped revision number for resource 1d8183c0-54d9-4b10-a6ed-1495bb75651e (type: security_group_rules) to 0
2026-04-28 18:32:39.729 10 INFO neutron.db.ovn_revision_numbers_db [None req-e62320e2-801c-4ea6-945c-112531d6b754 48e081fb0e3148478a0338e7fc589bad 7c9837aa41ee4d8fb6b630692028dc4c - - default default] Successfully bumped revision number for resource 62f21147-25e7-4ff8-925e-fabb5a83d87c (type: security_group_rules) to 0
2026-04-28 18:32:39.750 9 INFO neutron.wsgi [req-3c053f7f-3497-47d8-b278-9f831adba005 req-ac746df6-4cf7-4b26-91b5-d0e60087189e 7e52d05a3aac4c1583b420afe08855df bddde9c3d35c4263bdad6c89c8963f58 - - default default] 10.0.0.139 "GET /v2.0/ports?tenant_id=bddde9c3d35c4263bdad6c89c8963f58&fields=id HTTP/1.1" status: 200 len: 302 time: 0.0813980
2026-04-28 18:32:39.761 10 INFO neutron.db.ovn_revision_numbers_db [None req-e62320e2-801c-4ea6-945c-112531d6b754 48e081fb0e3148478a0338e7fc589bad 7c9837aa41ee4d8fb6b630692028dc4c - - default default] Successfully bumped revision number for resource e6d094f1-50d4-482a-aae7-df11b704b993 (type: security_group_rules) to 0
2026-04-28 18:32:39.783 10 INFO neutron.db.ovn_revision_numbers_db [None req-e62320e2-801c-4ea6-945c-112531d6b754 48e081fb0e3148478a0338e7fc589bad 7c9837aa41ee4d8fb6b630692028dc4c - - default default] Successfully bumped revision number for resource f44b4c8a-b7bf-494d-9fd7-d1895b3616f9 (type: security_group_rules) to 0
2026-04-28 18:32:39.809 10 INFO neutron.wsgi [None req-e62320e2-801c-4ea6-945c-112531d6b754 48e081fb0e3148478a0338e7fc589bad 7c9837aa41ee4d8fb6b630692028dc4c - - default default] 10.0.0.85 "GET /v2.0/security-groups?tenant_id=c304de610a8e4df2a6a2d2ce33d27aaa&name=default HTTP/1.1" status: 200 len: 2996 time: 0.2715797
2026-04-28 18:32:39.816 10 INFO neutron.wsgi [req-4223bfa6-159c-431e-8d28-706dd02e092a req-5d8ba03f-7049-4329-9007-9fef3dd8fdd7 54b88280dc1646d2a79d662e64c0d724 4f8eb4083741407ab21daa902d3eeb03 - - e62532941e864b8ba3623ffc54f3df85 e62532941e864b8ba3623ffc54f3df85] 199.19.213.209 "GET /v2.0/networks?id=7fbc5d7d-dc89-480e-bcc9-5a281f91651b HTTP/1.1" status: 200 len: 973 time: 0.0829651
2026-04-28 18:32:39.821 9 INFO neutron.wsgi [req-3c053f7f-3497-47d8-b278-9f831adba005 req-806f8234-be50-41a7-976c-d42dd543cafe 54b88280dc1646d2a79d662e64c0d724 4f8eb4083741407ab21daa902d3eeb03 - - e62532941e864b8ba3623ffc54f3df85 e62532941e864b8ba3623ffc54f3df85] 10.0.0.139 "GET /v2.0/networks/b4a17fbf-536b-4406-96ae-54278daedf59?fields=segments HTTP/1.1" status: 200 len: 212 time: 0.0599263
2026-04-28 18:32:39.865 10 INFO neutron.wsgi [req-4223bfa6-159c-431e-8d28-706dd02e092a req-a2197e73-d690-40b6-bb60-f99c09fe2744 54b88280dc1646d2a79d662e64c0d724 4f8eb4083741407ab21daa902d3eeb03 - - e62532941e864b8ba3623ffc54f3df85 e62532941e864b8ba3623ffc54f3df85] 199.19.213.209 "GET /v2.0/floatingips?fixed_ip_address=10.100.0.6&port_id=e999a37e-2c43-4dbe-8560-3108bfc91f42 HTTP/1.1" status: 200 len: 1059 time: 0.0408318
2026-04-28 18:32:39.893 9 INFO neutron.wsgi [req-3c053f7f-3497-47d8-b278-9f831adba005 req-186f0e7e-e8ae-485d-8b20-a716df7fff43 54b88280dc1646d2a79d662e64c0d724 4f8eb4083741407ab21daa902d3eeb03 - - e62532941e864b8ba3623ffc54f3df85 e62532941e864b8ba3623ffc54f3df85] 10.0.0.139 "GET /v2.0/networks/b4a17fbf-536b-4406-96ae-54278daedf59?fields=provider%3Aphysical_network&fields=provider%3Anetwork_type HTTP/1.1" status: 200 len: 277 time: 0.0647037
2026-04-28 18:32:39.905 10 INFO neutron.wsgi [req-4223bfa6-159c-431e-8d28-706dd02e092a req-5007240c-c59f-4312-9bb1-1739e4bbae1f 54b88280dc1646d2a79d662e64c0d724 4f8eb4083741407ab21daa902d3eeb03 - - e62532941e864b8ba3623ffc54f3df85 e62532941e864b8ba3623ffc54f3df85] 199.19.213.209 "GET /v2.0/subnets?id=b6ee48e4-14e3-4c60-8467-3afd28ce39c0 HTTP/1.1" status: 200 len: 869 time: 0.0325041
2026-04-28 18:32:39.933 10 INFO neutron.wsgi [req-4223bfa6-159c-431e-8d28-706dd02e092a req-fdf529b8-09af-48d3-918f-da9c8e6f1322 54b88280dc1646d2a79d662e64c0d724 4f8eb4083741407ab21daa902d3eeb03 - - e62532941e864b8ba3623ffc54f3df85 e62532941e864b8ba3623ffc54f3df85] 199.19.213.209 "GET /v2.0/ports?network_id=7fbc5d7d-dc89-480e-bcc9-5a281f91651b&device_owner=network%3Adhcp HTTP/1.1" status: 200 len: 210 time: 0.0208943
2026-04-28 18:32:39.992 10 INFO neutron.wsgi [req-4223bfa6-159c-431e-8d28-706dd02e092a req-b1d2cf55-b7c6-4b77-8e3b-4d10a8dd05e4 54b88280dc1646d2a79d662e64c0d724 4f8eb4083741407ab21daa902d3eeb03 - - e62532941e864b8ba3623ffc54f3df85 e62532941e864b8ba3623ffc54f3df85] 199.19.213.209 "GET /v2.0/networks/7fbc5d7d-dc89-480e-bcc9-5a281f91651b?fields=segments HTTP/1.1" status: 200 len: 212 time: 0.0530350
2026-04-28 18:32:40.021 9 INFO neutron.wsgi [None req-59ddb2e8-fb28-4d22-ab29-3d10d5e7dfe7 48e081fb0e3148478a0338e7fc589bad 7c9837aa41ee4d8fb6b630692028dc4c - - default default] 10.0.0.85 "DELETE /v2.0/security-groups/48063611-1633-4f5b-b1c3-3d3cbe95dbab HTTP/1.1" status: 204 len: 168 time: 0.2061102
2026-04-28 18:32:40.066 9 INFO neutron.wsgi [req-db3d5812-e561-4497-adb9-3b86e79be68e req-b399a034-7182-4514-a51a-f8ba63ddd3de 7e52d05a3aac4c1583b420afe08855df bddde9c3d35c4263bdad6c89c8963f58 - - default default] 10.0.0.139 "GET /v2.0/ports?device_id=68430f39-4d93-4077-8040-c664abc1d504 HTTP/1.1" status: 200 len: 210 time: 0.0242555
2026-04-28 18:32:40.079 10 INFO neutron.wsgi [req-4223bfa6-159c-431e-8d28-706dd02e092a req-e528a741-fbfc-44a6-895c-0997d74717b5 54b88280dc1646d2a79d662e64c0d724 4f8eb4083741407ab21daa902d3eeb03 - - e62532941e864b8ba3623ffc54f3df85 e62532941e864b8ba3623ffc54f3df85] 199.19.213.209 "GET /v2.0/networks/7fbc5d7d-dc89-480e-bcc9-5a281f91651b?fields=provider%3Aphysical_network&fields=provider%3Anetwork_type HTTP/1.1" status: 200 len: 277 time: 0.0801878
2026-04-28 18:32:40.907 10 INFO neutron.wsgi [req-3c053f7f-3497-47d8-b278-9f831adba005 req-40472435-7106-4c7f-be88-e0227abbfe4f 7e52d05a3aac4c1583b420afe08855df bddde9c3d35c4263bdad6c89c8963f58 - - default default] 199.19.213.209 "GET /v2.0/networks?id=b4a17fbf-536b-4406-96ae-54278daedf59 HTTP/1.1" status: 200 len: 868 time: 0.1336329
2026-04-28 18:32:40.967 10 INFO neutron.wsgi [req-3c053f7f-3497-47d8-b278-9f831adba005 req-a1363971-bddb-4e78-be98-00a2f2961940 7e52d05a3aac4c1583b420afe08855df bddde9c3d35c4263bdad6c89c8963f58 - - default default] 199.19.213.209 "GET /v2.0/security-groups?fields=id&fields=name&tenant_id=bddde9c3d35c4263bdad6c89c8963f58 HTTP/1.1" status: 200 len: 379 time: 0.0423982
2026-04-28 18:32:40.996 9 INFO neutron.db.ovn_revision_numbers_db [None req-e8e306e8-5806-4505-98a6-0ad67cd05378 5e03f4c2307e4341b0664dc01c4b93e9 bc7b9f15967b45558e8862d1bd557856 - - default default] Successfully bumped revision number for resource c48345c0-f952-4fdc-997a-7222c36beea2 (type: security_groups) to 1
2026-04-28 18:32:41.009 9 INFO neutron.db.ovn_revision_numbers_db [None req-e8e306e8-5806-4505-98a6-0ad67cd05378 5e03f4c2307e4341b0664dc01c4b93e9 bc7b9f15967b45558e8862d1bd557856 - - default default] Successfully bumped revision number for resource c1667695-5b65-4f3a-8565-315f4f02c19b (type: security_group_rules) to 0
2026-04-28 18:32:41.021 9 INFO neutron.db.ovn_revision_numbers_db [None req-e8e306e8-5806-4505-98a6-0ad67cd05378 5e03f4c2307e4341b0664dc01c4b93e9 bc7b9f15967b45558e8862d1bd557856 - - default default] Successfully bumped revision number for resource c9d523ee-c04b-4758-bd40-191ed97227be (type: security_group_rules) to 0
2026-04-28 18:32:41.032 9 INFO neutron.db.ovn_revision_numbers_db [None req-e8e306e8-5806-4505-98a6-0ad67cd05378 5e03f4c2307e4341b0664dc01c4b93e9 bc7b9f15967b45558e8862d1bd557856 - - default default] Successfully bumped revision number for resource e40f75b2-5e9e-4fc2-a413-1226d4737b22 (type: security_group_rules) to 0
2026-04-28 18:32:41.044 9 INFO neutron.db.ovn_revision_numbers_db [None req-e8e306e8-5806-4505-98a6-0ad67cd05378 5e03f4c2307e4341b0664dc01c4b93e9 bc7b9f15967b45558e8862d1bd557856 - - default default] Successfully bumped revision number for resource fbe34055-0ad2-4d36-82a9-8ad1158d4175 (type: security_group_rules) to 0
2026-04-28 18:32:41.144 9 INFO neutron.db.ovn_revision_numbers_db [None req-e8e306e8-5806-4505-98a6-0ad67cd05378 5e03f4c2307e4341b0664dc01c4b93e9 bc7b9f15967b45558e8862d1bd557856 - - default default] Successfully bumped revision number for resource d5bcadbf-353f-4e5d-93c3-657cb6b651c6 (type: security_groups) to 1
2026-04-28 18:32:41.168 9 INFO neutron.wsgi [req-c93e8817-1d86-4041-9954-5da16c2122e2 req-4be4d0b4-3f06-45e2-86ab-846a3173b68b 7e52d05a3aac4c1583b420afe08855df bddde9c3d35c4263bdad6c89c8963f58 - - default default] 10.0.0.139 "GET /v2.0/ports?device_id=68430f39-4d93-4077-8040-c664abc1d504 HTTP/1.1" status: 200 len: 210 time: 0.0257809
2026-04-28 18:32:41.169 9 INFO neutron.db.ovn_revision_numbers_db [None req-e8e306e8-5806-4505-98a6-0ad67cd05378 5e03f4c2307e4341b0664dc01c4b93e9 bc7b9f15967b45558e8862d1bd557856 - - default default] Successfully bumped revision number for resource 105c1bf9-fcf4-49f8-8db2-11fa9659da93 (type: security_group_rules) to 0
2026-04-28 18:32:41.185 9 INFO neutron.db.ovn_revision_numbers_db [None req-e8e306e8-5806-4505-98a6-0ad67cd05378 5e03f4c2307e4341b0664dc01c4b93e9 bc7b9f15967b45558e8862d1bd557856 - - default default] Successfully bumped revision number for resource 8b80ef73-4ea4-4d54-9ba6-51b13b45663e (type: security_group_rules) to 0
2026-04-28 18:32:41.210 9 INFO neutron.wsgi [None req-e8e306e8-5806-4505-98a6-0ad67cd05378 5e03f4c2307e4341b0664dc01c4b93e9 bc7b9f15967b45558e8862d1bd557856 - - default default] 10.0.0.85 "POST /v2.0/security-groups HTTP/1.1" status: 201 len: 1761 time: 0.4287426
2026-04-28 18:32:41.256 9 INFO neutron.wsgi [None req-b3cb31a9-7a4f-4bbc-a784-0faa28e06952 5e03f4c2307e4341b0664dc01c4b93e9 bc7b9f15967b45558e8862d1bd557856 - - default default] 10.0.0.85 "GET /v2.0/security-groups HTTP/1.1" status: 200 len: 4539 time: 0.0409131
2026-04-28 18:32:41.309 10 WARNING neutron.scheduler.dhcp_agent_scheduler [req-3c053f7f-3497-47d8-b278-9f831adba005 req-fc0f50ea-917b-48a8-a309-1f29811f3f36 7e52d05a3aac4c1583b420afe08855df bddde9c3d35c4263bdad6c89c8963f58 - - default default] No more DHCP agents
2026-04-28 18:32:41.311 10 WARNING neutron.api.rpc.agentnotifiers.dhcp_rpc_agent_api [req-3c053f7f-3497-47d8-b278-9f831adba005 req-fc0f50ea-917b-48a8-a309-1f29811f3f36 7e52d05a3aac4c1583b420afe08855df bddde9c3d35c4263bdad6c89c8963f58 - - default default] Unable to schedule network b4a17fbf-536b-4406-96ae-54278daedf59: no agents available; will retry on subsequent port and subnet creation events.
2026-04-28 18:32:41.341 9 INFO neutron.db.ovn_revision_numbers_db [None req-1a925aa4-9731-454c-a0b0-2c850d91a4fa 5e03f4c2307e4341b0664dc01c4b93e9 bc7b9f15967b45558e8862d1bd557856 - - default default] Successfully bumped revision number for resource d5bcadbf-353f-4e5d-93c3-657cb6b651c6 (type: security_groups) to 2
2026-04-28 18:32:41.343 9 INFO neutron.wsgi [None req-1a925aa4-9731-454c-a0b0-2c850d91a4fa 5e03f4c2307e4341b0664dc01c4b93e9 bc7b9f15967b45558e8862d1bd557856 - - default default] 10.0.0.85 "PUT /v2.0/security-groups/d5bcadbf-353f-4e5d-93c3-657cb6b651c6 HTTP/1.1" status: 200 len: 1794 time: 0.0818927 /var/lib/openstack/lib/python3.10/site-packages/pycadf/identifier.py:71: UserWarning: Invalid uuid: neutron. To ensure interoperability, identifiers should be a valid uuid. warnings.warn(('Invalid uuid: %s. To ensure interoperability, '
2026-04-28 18:32:41.391 10 INFO neutron.wsgi [None req-e6724f8b-83ea-4d6c-9761-db5251a73ecf 5e03f4c2307e4341b0664dc01c4b93e9 bc7b9f15967b45558e8862d1bd557856 - - default default] 10.0.0.85 "GET /v2.0/security-groups/d5bcadbf-353f-4e5d-93c3-657cb6b651c6 HTTP/1.1" status: 200 len: 1794 time: 0.0424044
2026-04-28 18:32:41.493 10 INFO neutron.db.ovn_revision_numbers_db [req-3c053f7f-3497-47d8-b278-9f831adba005 req-fc0f50ea-917b-48a8-a309-1f29811f3f36 7e52d05a3aac4c1583b420afe08855df bddde9c3d35c4263bdad6c89c8963f58 - - default default] Successfully bumped revision number for resource 9d2ac15a-66b9-4685-9239-38ac4c44f7a8 (type: ports) to 1
2026-04-28 18:32:41.497 9 INFO neutron.wsgi [None req-fb81e727-41bf-4a17-8500-4d63d3e949f4 5e03f4c2307e4341b0664dc01c4b93e9 bc7b9f15967b45558e8862d1bd557856 - - default default] 10.0.0.85 "DELETE /v2.0/security-groups/d5bcadbf-353f-4e5d-93c3-657cb6b651c6 HTTP/1.1" status: 204 len: 168 time: 0.0999267
2026-04-28 18:32:41.514 10 INFO neutron.wsgi [req-3c053f7f-3497-47d8-b278-9f831adba005 req-fc0f50ea-917b-48a8-a309-1f29811f3f36 7e52d05a3aac4c1583b420afe08855df bddde9c3d35c4263bdad6c89c8963f58 - - default default] 199.19.213.209 "POST /v2.0/ports HTTP/1.1" status: 201 len: 1162 time: 0.5419221
2026-04-28 18:32:41.539 9 INFO neutron.wsgi [None req-1825f90e-73a4-4816-9b8f-af7c25558ecd 5e03f4c2307e4341b0664dc01c4b93e9 bc7b9f15967b45558e8862d1bd557856 - - default default] 10.0.0.85 "GET /v2.0/security-groups HTTP/1.1" status: 200 len: 2996 time: 0.0373995
2026-04-28 18:32:41.553 9 INFO neutron.api.v2.resource [None req-6280ac7e-7ff2-4b76-92d2-03a7da080bbb 5e03f4c2307e4341b0664dc01c4b93e9 bc7b9f15967b45558e8862d1bd557856 - - default default] delete failed (client error): The resource could not be found.
2026-04-28 18:32:41.555 9 INFO neutron.wsgi [None req-6280ac7e-7ff2-4b76-92d2-03a7da080bbb 5e03f4c2307e4341b0664dc01c4b93e9 bc7b9f15967b45558e8862d1bd557856 - - default default] 10.0.0.85 "DELETE /v2.0/security-groups/d5bcadbf-353f-4e5d-93c3-657cb6b651c6 HTTP/1.1" status: 404 len: 347 time: 0.0101814
2026-04-28 18:32:41.719 10 INFO neutron.db.ovn_revision_numbers_db [None req-39536a02-02d7-4c32-8475-2a3ae95ccf19 5e03f4c2307e4341b0664dc01c4b93e9 bc7b9f15967b45558e8862d1bd557856 - - default default] Successfully bumped revision number for resource c70699a8-6be3-4d11-a0f0-4ba4eeed01cd (type: security_groups) to 1
2026-04-28 18:32:41.742 10 INFO neutron.db.ovn_revision_numbers_db [None req-39536a02-02d7-4c32-8475-2a3ae95ccf19 5e03f4c2307e4341b0664dc01c4b93e9 bc7b9f15967b45558e8862d1bd557856 - - default default] Successfully bumped revision number for resource 7b61e620-9e32-49e5-91a0-92431f6c2612 (type: security_group_rules) to 0
2026-04-28 18:32:41.771 10 INFO neutron.db.ovn_revision_numbers_db [None req-39536a02-02d7-4c32-8475-2a3ae95ccf19 5e03f4c2307e4341b0664dc01c4b93e9 bc7b9f15967b45558e8862d1bd557856 - - default default] Successfully bumped revision number for resource 9f352ec8-ba4d-4146-946a-0e22d0747831 (type: security_group_rules) to 0
2026-04-28 18:32:41.799 10 INFO neutron.wsgi [None req-39536a02-02d7-4c32-8475-2a3ae95ccf19 5e03f4c2307e4341b0664dc01c4b93e9 bc7b9f15967b45558e8862d1bd557856 - - default default] 10.0.0.85 "POST /v2.0/security-groups HTTP/1.1" status: 201 len: 1760 time: 0.2356431
2026-04-28 18:32:41.916 10 INFO neutron.db.ovn_revision_numbers_db [req-3c053f7f-3497-47d8-b278-9f831adba005 req-289d4e7c-568b-4353-b041-3880a807786f 54b88280dc1646d2a79d662e64c0d724 4f8eb4083741407ab21daa902d3eeb03 - - e62532941e864b8ba3623ffc54f3df85 e62532941e864b8ba3623ffc54f3df85] Successfully bumped revision number for resource 9d2ac15a-66b9-4685-9239-38ac4c44f7a8 (type: ports) to 2
2026-04-28 18:32:41.918 9 INFO neutron.db.ovn_revision_numbers_db [None req-61ed1afe-6f6a-4a75-869a-af0c76a8c26f 5e03f4c2307e4341b0664dc01c4b93e9 bc7b9f15967b45558e8862d1bd557856 - - default default] Successfully bumped revision number for resource dd7fc1db-02d3-4b5e-8eb1-a221f88e4461 (type: security_group_rules) to 0
2026-04-28 18:32:41.941 9 INFO neutron.wsgi [None req-61ed1afe-6f6a-4a75-869a-af0c76a8c26f 5e03f4c2307e4341b0664dc01c4b93e9 bc7b9f15967b45558e8862d1bd557856 - - default default] 10.0.0.85 "POST /v2.0/security-group-rules HTTP/1.1" status: 201 len: 768 time: 0.1372290
2026-04-28 18:32:41.960 9 INFO neutron.wsgi [None req-a076f51c-5bd4-40b4-9a3e-1043e438f525 5e03f4c2307e4341b0664dc01c4b93e9 bc7b9f15967b45558e8862d1bd557856 - - default default] 10.0.0.85 "GET /v2.0/security-group-rules/dd7fc1db-02d3-4b5e-8eb1-a221f88e4461 HTTP/1.1" status: 200 len: 763 time: 0.0141368
2026-04-28 18:32:42.001 9 INFO neutron.wsgi [None req-fc28a121-cde7-49ab-b9c6-98f5cc0d6df5 5e03f4c2307e4341b0664dc01c4b93e9 bc7b9f15967b45558e8862d1bd557856 - - default default] 10.0.0.85 "GET /v2.0/security-group-rules HTTP/1.1" status: 200 len: 4113 time: 0.0371141
2026-04-28 18:32:42.099 10 INFO neutron.db.ovn_revision_numbers_db [req-3c053f7f-3497-47d8-b278-9f831adba005 req-289d4e7c-568b-4353-b041-3880a807786f 54b88280dc1646d2a79d662e64c0d724 4f8eb4083741407ab21daa902d3eeb03 - - e62532941e864b8ba3623ffc54f3df85 e62532941e864b8ba3623ffc54f3df85] Successfully bumped revision number for resource 9d2ac15a-66b9-4685-9239-38ac4c44f7a8 (type: ports) to 2
2026-04-28 18:32:42.101 9 INFO neutron.wsgi [None req-82bab28f-0ad5-48c1-834c-e65f2ef916d3 5e03f4c2307e4341b0664dc01c4b93e9 bc7b9f15967b45558e8862d1bd557856 - - default default] 10.0.0.85 "DELETE /v2.0/security-group-rules/dd7fc1db-02d3-4b5e-8eb1-a221f88e4461 HTTP/1.1" status: 204 len: 168 time: 0.0941994
2026-04-28 18:32:42.115 10 INFO neutron.wsgi [req-3c053f7f-3497-47d8-b278-9f831adba005 req-289d4e7c-568b-4353-b041-3880a807786f 54b88280dc1646d2a79d662e64c0d724 4f8eb4083741407ab21daa902d3eeb03 - - e62532941e864b8ba3623ffc54f3df85 e62532941e864b8ba3623ffc54f3df85] 199.19.213.209 "PUT /v2.0/ports/9d2ac15a-66b9-4685-9239-38ac4c44f7a8 HTTP/1.1" status: 200 len: 1380 time: 0.5951953
2026-04-28 18:32:42.147 9 INFO neutron.wsgi [None req-9b1e9d11-debc-495f-a87a-6b31e49e72ff 5e03f4c2307e4341b0664dc01c4b93e9 bc7b9f15967b45558e8862d1bd557856 - - default default] 10.0.0.85 "GET /v2.0/security-group-rules HTTP/1.1" status: 200 len: 3567 time: 0.0412455
2026-04-28 18:32:42.155 10 INFO neutron.notifiers.nova [-] Nova event matching ['req-9ee8a782-ddbb-4481-8c8b-dfba910190e1'] response: {'name': 'network-changed', 'server_uuid': '68430f39-4d93-4077-8040-c664abc1d504', 'tag': '9d2ac15a-66b9-4685-9239-38ac4c44f7a8', 'status': 'completed', 'code': 200} /var/lib/openstack/lib/python3.10/site-packages/pycadf/identifier.py:71: UserWarning: Invalid uuid: neutron. To ensure interoperability, identifiers should be a valid uuid. warnings.warn(('Invalid uuid: %s. To ensure interoperability, '
2026-04-28 18:32:42.198 10 INFO neutron.wsgi [req-3c053f7f-3497-47d8-b278-9f831adba005 req-62512648-5385-4d96-b263-caafdc6f117b 54b88280dc1646d2a79d662e64c0d724 4f8eb4083741407ab21daa902d3eeb03 - - e62532941e864b8ba3623ffc54f3df85 e62532941e864b8ba3623ffc54f3df85] 199.19.213.209 "GET /v2.0/ports?tenant_id=bddde9c3d35c4263bdad6c89c8963f58&device_id=68430f39-4d93-4077-8040-c664abc1d504 HTTP/1.1" status: 200 len: 1411 time: 0.0376439
2026-04-28 18:32:42.225 10 INFO neutron.wsgi [req-3c053f7f-3497-47d8-b278-9f831adba005 req-77c73b24-36f1-4a64-a4a3-f5b4fe6a5688 54b88280dc1646d2a79d662e64c0d724 4f8eb4083741407ab21daa902d3eeb03 - - e62532941e864b8ba3623ffc54f3df85 e62532941e864b8ba3623ffc54f3df85] 199.19.213.209 "GET /v2.0/floatingips?fixed_ip_address=10.100.0.11&port_id=9d2ac15a-66b9-4685-9239-38ac4c44f7a8 HTTP/1.1" status: 200 len: 217 time: 0.0223649
2026-04-28 18:32:42.271 9 INFO neutron.wsgi [req-5062cf29-9dd7-4805-90d0-b01966449b6a req-a59547b1-49a0-492a-a2a6-dbf1830d7216 7e52d05a3aac4c1583b420afe08855df bddde9c3d35c4263bdad6c89c8963f58 - - default default] 10.0.0.139 "GET /v2.0/ports?device_id=68430f39-4d93-4077-8040-c664abc1d504 HTTP/1.1" status: 200 len: 1172 time: 0.0338032
2026-04-28 18:32:42.274 10 INFO neutron.wsgi [req-3c053f7f-3497-47d8-b278-9f831adba005 req-a3f7ace2-4d15-403d-a701-1e5dfb4975a5 54b88280dc1646d2a79d662e64c0d724 4f8eb4083741407ab21daa902d3eeb03 - - e62532941e864b8ba3623ffc54f3df85 e62532941e864b8ba3623ffc54f3df85] 199.19.213.209 "GET /v2.0/subnets?id=034b6666-9d5e-4da2-87f5-4fd796cc2a0f HTTP/1.1" status: 200 len: 862 time: 0.0412185
2026-04-28 18:32:42.277 9 INFO neutron.db.ovn_revision_numbers_db [None req-a58e8413-0249-4c99-9e04-ecde163b5aa8 5e03f4c2307e4341b0664dc01c4b93e9 bc7b9f15967b45558e8862d1bd557856 - - default default] Successfully bumped revision number for resource 657d79f6-eb02-40de-b978-8ea9b1154c5c (type: security_group_rules) to 0
2026-04-28 18:32:42.303 10 INFO neutron.wsgi [req-3c053f7f-3497-47d8-b278-9f831adba005 req-48052b18-ade0-4e46-8ad5-23104dde76a9 54b88280dc1646d2a79d662e64c0d724 4f8eb4083741407ab21daa902d3eeb03 - - e62532941e864b8ba3623ffc54f3df85 e62532941e864b8ba3623ffc54f3df85] 199.19.213.209 "GET /v2.0/ports?network_id=b4a17fbf-536b-4406-96ae-54278daedf59&device_owner=network%3Adhcp HTTP/1.1" status: 200 len: 210 time: 0.0235212
2026-04-28 18:32:42.318 9 INFO neutron.wsgi [None req-a58e8413-0249-4c99-9e04-ecde163b5aa8 5e03f4c2307e4341b0664dc01c4b93e9 bc7b9f15967b45558e8862d1bd557856 - - default default] 10.0.0.85 "POST /v2.0/security-group-rules HTTP/1.1" status: 201 len: 768 time: 0.1642659
2026-04-28 18:32:42.330 9 INFO neutron.wsgi [req-5062cf29-9dd7-4805-90d0-b01966449b6a req-3e8f3c6d-c354-4904-893d-5cbce9ac2f14 7e52d05a3aac4c1583b420afe08855df bddde9c3d35c4263bdad6c89c8963f58 - - default default] 10.0.0.139 "GET /v2.0/security-groups?id=d1f26f5c-b8ba-483d-bc18-1d40feb27f7b&fields=id&fields=name HTTP/1.1" status: 200 len: 312 time: 0.0510626
2026-04-28 18:32:42.337 9 INFO neutron.wsgi [None req-5d204118-d584-48a4-962a-e629c93e74be 5e03f4c2307e4341b0664dc01c4b93e9 bc7b9f15967b45558e8862d1bd557856 - - default default] 10.0.0.85 "GET /v2.0/security-group-rules/657d79f6-eb02-40de-b978-8ea9b1154c5c HTTP/1.1" status: 200 len: 763 time: 0.0134103
2026-04-28 18:32:42.368 9 INFO neutron.wsgi [None req-2b8eb8e2-c559-4c68-891d-14e203eaae02 5e03f4c2307e4341b0664dc01c4b93e9 bc7b9f15967b45558e8862d1bd557856 - - default default] 10.0.0.85 "GET /v2.0/security-group-rules HTTP/1.1" status: 200 len: 4113 time: 0.0268242
2026-04-28 18:32:42.371 10 INFO neutron.wsgi [req-3c053f7f-3497-47d8-b278-9f831adba005 req-84fba205-ea7c-4f83-8768-9323f2a09640 54b88280dc1646d2a79d662e64c0d724 4f8eb4083741407ab21daa902d3eeb03 - - e62532941e864b8ba3623ffc54f3df85 e62532941e864b8ba3623ffc54f3df85] 199.19.213.209 "GET /v2.0/networks/b4a17fbf-536b-4406-96ae-54278daedf59?fields=segments HTTP/1.1" status: 200 len: 212 time: 0.0615022
2026-04-28 18:32:42.427 10 INFO neutron.wsgi [req-3c053f7f-3497-47d8-b278-9f831adba005 req-8b45f56b-0104-4034-b9cf-2ecbb3ef4410 54b88280dc1646d2a79d662e64c0d724 4f8eb4083741407ab21daa902d3eeb03 - - e62532941e864b8ba3623ffc54f3df85 e62532941e864b8ba3623ffc54f3df85] 199.19.213.209 "GET /v2.0/networks/b4a17fbf-536b-4406-96ae-54278daedf59?fields=provider%3Aphysical_network&fields=provider%3Anetwork_type HTTP/1.1" status: 200 len: 277 time: 0.0489714
2026-04-28 18:32:42.453 9 INFO neutron.wsgi [None req-b3e87a90-0679-43ab-af2c-a4b3963e27cd 5e03f4c2307e4341b0664dc01c4b93e9 bc7b9f15967b45558e8862d1bd557856 - - default default] 10.0.0.85 "DELETE /v2.0/security-group-rules/657d79f6-eb02-40de-b978-8ea9b1154c5c HTTP/1.1" status: 204 len: 168 time: 0.0808625
2026-04-28 18:32:42.491 10 INFO neutron.wsgi [req-a1010cd0-b4f3-4437-947b-5dfcdcc1be12 req-658d2ebc-aca5-4e7d-a9a9-2918925c6627 54b88280dc1646d2a79d662e64c0d724 4f8eb4083741407ab21daa902d3eeb03 - - e62532941e864b8ba3623ffc54f3df85 e62532941e864b8ba3623ffc54f3df85] 199.19.213.209 "GET /v2.0/ports?tenant_id=bddde9c3d35c4263bdad6c89c8963f58&device_id=68430f39-4d93-4077-8040-c664abc1d504 HTTP/1.1" status: 200 len: 1411 time: 0.0251446
2026-04-28 18:32:42.492 9 INFO neutron.wsgi [None req-2ecfce92-b50b-46e2-ac2f-9e869007fe22 5e03f4c2307e4341b0664dc01c4b93e9 bc7b9f15967b45558e8862d1bd557856 - - default default] 10.0.0.85 "GET /v2.0/security-group-rules HTTP/1.1" status: 200 len: 3567 time: 0.0328526
2026-04-28 18:32:42.548 10 INFO neutron.wsgi [req-a1010cd0-b4f3-4437-947b-5dfcdcc1be12 req-86c1694c-6198-4206-95f8-c6c19d649f10 54b88280dc1646d2a79d662e64c0d724 4f8eb4083741407ab21daa902d3eeb03 - - e62532941e864b8ba3623ffc54f3df85 e62532941e864b8ba3623ffc54f3df85] 199.19.213.209 "GET /v2.0/networks?id=b4a17fbf-536b-4406-96ae-54278daedf59 HTTP/1.1" status: 200 len: 967 time: 0.0489986
2026-04-28 18:32:42.639 9 INFO neutron.db.ovn_revision_numbers_db [None req-f39c817b-c837-4f70-8c14-9ed0185a1e7d 5e03f4c2307e4341b0664dc01c4b93e9 bc7b9f15967b45558e8862d1bd557856 - - default default] Successfully bumped revision number for resource 17f99bb2-a859-4597-8a28-55c1c17c0ff4 (type: security_group_rules) to 0
2026-04-28 18:32:42.678 9 INFO neutron.wsgi [None req-f39c817b-c837-4f70-8c14-9ed0185a1e7d 5e03f4c2307e4341b0664dc01c4b93e9 bc7b9f15967b45558e8862d1bd557856 - - default default] 10.0.0.85 "POST /v2.0/security-group-rules HTTP/1.1" status: 201 len: 769 time: 0.1827490
2026-04-28 18:32:42.709 9 INFO neutron.wsgi [None req-8560e4d3-8af8-4233-87e1-659ccf69e5a9 5e03f4c2307e4341b0664dc01c4b93e9 bc7b9f15967b45558e8862d1bd557856 - - default default] 10.0.0.85 "GET /v2.0/security-group-rules/17f99bb2-a859-4597-8a28-55c1c17c0ff4 HTTP/1.1" status: 200 len: 764 time: 0.0192559
2026-04-28 18:32:42.746 9 INFO neutron.wsgi [None req-55905977-60f2-4a57-982e-e5dbc12bc7eb 5e03f4c2307e4341b0664dc01c4b93e9 bc7b9f15967b45558e8862d1bd557856 - - default default] 10.0.0.85 "GET /v2.0/security-group-rules HTTP/1.1" status: 200 len: 4114 time: 0.0320406
2026-04-28 18:32:42.861 9 INFO neutron.wsgi [None req-b9adca1e-e452-491c-8800-d6e3925dd7eb 5e03f4c2307e4341b0664dc01c4b93e9 bc7b9f15967b45558e8862d1bd557856 - - default default] 10.0.0.85 "DELETE /v2.0/security-group-rules/17f99bb2-a859-4597-8a28-55c1c17c0ff4 HTTP/1.1" status: 204 len: 168 time: 0.1108203
2026-04-28 18:32:42.862 10 INFO neutron.wsgi [req-a1010cd0-b4f3-4437-947b-5dfcdcc1be12 req-75f7ea77-c39f-49bc-9b03-3f983230e2f2 54b88280dc1646d2a79d662e64c0d724 4f8eb4083741407ab21daa902d3eeb03 - - e62532941e864b8ba3623ffc54f3df85 e62532941e864b8ba3623ffc54f3df85] 199.19.213.209 "GET /v2.0/floatingips?fixed_ip_address=10.100.0.11&port_id=9d2ac15a-66b9-4685-9239-38ac4c44f7a8 HTTP/1.1" status: 200 len: 217 time: 0.3041189
2026-04-28 18:32:42.896 9 INFO neutron.wsgi [None req-30fae839-5fbd-4b80-a5d3-2a181a321bf4 5e03f4c2307e4341b0664dc01c4b93e9 bc7b9f15967b45558e8862d1bd557856 - - default default] 10.0.0.85 "GET /v2.0/security-group-rules HTTP/1.1" status: 200 len: 3567 time: 0.0303562
2026-04-28 18:32:42.906 10 INFO neutron.wsgi [req-a1010cd0-b4f3-4437-947b-5dfcdcc1be12 req-ba98e0f6-ef91-4121-8ce7-203900c5e996 54b88280dc1646d2a79d662e64c0d724 4f8eb4083741407ab21daa902d3eeb03 - - e62532941e864b8ba3623ffc54f3df85 e62532941e864b8ba3623ffc54f3df85] 199.19.213.209 "GET /v2.0/subnets?id=034b6666-9d5e-4da2-87f5-4fd796cc2a0f HTTP/1.1" status: 200 len: 862 time: 0.0310032
2026-04-28 18:32:42.927 10 INFO neutron.wsgi [req-a1010cd0-b4f3-4437-947b-5dfcdcc1be12 req-9842673b-25b2-494e-b52e-1f5100ba8de4 54b88280dc1646d2a79d662e64c0d724 4f8eb4083741407ab21daa902d3eeb03 - - e62532941e864b8ba3623ffc54f3df85 e62532941e864b8ba3623ffc54f3df85] 199.19.213.209 "GET /v2.0/ports?network_id=b4a17fbf-536b-4406-96ae-54278daedf59&device_owner=network%3Adhcp HTTP/1.1" status: 200 len: 210 time: 0.0173759
2026-04-28 18:32:42.979 10 INFO neutron.wsgi [req-a1010cd0-b4f3-4437-947b-5dfcdcc1be12 req-52d001fb-3819-48bc-91f2-457f7e243c81 54b88280dc1646d2a79d662e64c0d724 4f8eb4083741407ab21daa902d3eeb03 - - e62532941e864b8ba3623ffc54f3df85 e62532941e864b8ba3623ffc54f3df85] 199.19.213.209 "GET /v2.0/networks/b4a17fbf-536b-4406-96ae-54278daedf59?fields=segments HTTP/1.1" status: 200 len: 212 time: 0.0473406
2026-04-28 18:32:43.009 9 INFO neutron.wsgi [None req-1f12dba2-766c-45d4-a9ce-de5a2c265653 5e03f4c2307e4341b0664dc01c4b93e9 bc7b9f15967b45558e8862d1bd557856 - - default default] 10.0.0.85 "DELETE /v2.0/security-groups/c70699a8-6be3-4d11-a0f0-4ba4eeed01cd HTTP/1.1" status: 204 len: 168 time: 0.1067119
2026-04-28 18:32:43.031 10 INFO neutron.wsgi [req-a1010cd0-b4f3-4437-947b-5dfcdcc1be12 req-3c2f0372-3093-4018-b00b-5807732413a7 54b88280dc1646d2a79d662e64c0d724 4f8eb4083741407ab21daa902d3eeb03 - - e62532941e864b8ba3623ffc54f3df85 e62532941e864b8ba3623ffc54f3df85] 199.19.213.209 "GET /v2.0/networks/b4a17fbf-536b-4406-96ae-54278daedf59?fields=provider%3Aphysical_network&fields=provider%3Anetwork_type HTTP/1.1" status: 200 len: 277 time: 0.0476332
2026-04-28 18:32:43.259 9 INFO neutron.wsgi [None req-18304d4a-0859-4311-aa7c-58910949ace2 5e03f4c2307e4341b0664dc01c4b93e9 bc7b9f15967b45558e8862d1bd557856 - - default default] 10.0.0.85 "GET /v2.0/security-groups HTTP/1.1" status: 200 len: 2996 time: 0.2447109
2026-04-28 18:32:43.303 9 INFO neutron.wsgi [None req-c9a799ea-c67c-4224-8d35-a50f0dc7b9c8 5e03f4c2307e4341b0664dc01c4b93e9 bc7b9f15967b45558e8862d1bd557856 - - default default] 10.0.0.85 "GET /v2.0/security-groups HTTP/1.1" status: 200 len: 2996 time: 0.0378077
