2026-04-28 18:34:17.885 9 INFO neutron.wsgi [None req-73d7dbbd-1d79-47e3-9c84-f3c7e5220c5c 7c4a40023b554ab9a912ce46ca6bded4 6a5b667d08ca439393d52de14b9be5ae - - default default] 10.0.0.85 "GET /v2.0/floatingips?not-tags=red%2Cblue HTTP/1.1" status: 200 len: 1838 time: 0.0411816
2026-04-28 18:34:17.931 9 INFO neutron.wsgi [None req-cc9f15b2-067e-4b2d-aefa-ca6fee82769b 7c4a40023b554ab9a912ce46ca6bded4 6a5b667d08ca439393d52de14b9be5ae - - default default] 10.0.0.85 "GET /v2.0/floatingips?not-tags-any=blue HTTP/1.1" status: 200 len: 1838 time: 0.0405684
2026-04-28 18:34:17.971 9 INFO neutron.wsgi [None req-843e58c0-ad33-4a8a-845b-dcf3ce93ca3a 7c4a40023b554ab9a912ce46ca6bded4 6a5b667d08ca439393d52de14b9be5ae - - default default] 10.0.0.85 "GET /v2.0/floatingips?not-tags-any=red%2Cblue HTTP/1.1" status: 200 len: 1295 time: 0.0360234
2026-04-28 18:34:18.289 9 INFO neutron.wsgi [None req-592bbbe3-2442-4eed-ba2c-2604f5f181a2 7c4a40023b554ab9a912ce46ca6bded4 6a5b667d08ca439393d52de14b9be5ae - - default default] 10.0.0.85 "DELETE /v2.0/floatingips/c487160f-1dfe-42aa-bfbe-dc441916f1c4 HTTP/1.1" status: 204 len: 168 time: 0.3115981
2026-04-28 18:34:18.403 10 INFO neutron.db.ovn_revision_numbers_db [None req-ccbdc3d2-e9d7-4710-b0a1-3e89ac7a19b5 0552dcf716db49a68e886a59e7779fe9 2c90d3fe3c7345cab9194b2307d1ea0f - - default default] Successfully bumped revision number for resource aebdd632-b8f6-40ec-9324-199beb8340df (type: security_groups) to 1
2026-04-28 18:34:18.414 10 INFO neutron.db.ovn_revision_numbers_db [None req-ccbdc3d2-e9d7-4710-b0a1-3e89ac7a19b5 0552dcf716db49a68e886a59e7779fe9 2c90d3fe3c7345cab9194b2307d1ea0f - - default default] Successfully bumped revision number for resource 6c54a437-a57b-4ba0-bc8e-4ffae390c080 (type: security_group_rules) to 0
2026-04-28 18:34:18.428 10 INFO neutron.db.ovn_revision_numbers_db [None req-ccbdc3d2-e9d7-4710-b0a1-3e89ac7a19b5 0552dcf716db49a68e886a59e7779fe9 2c90d3fe3c7345cab9194b2307d1ea0f - - default default] Successfully bumped revision number for resource d27014b3-cacc-454b-8ff5-cf3202f5ce45 (type: security_group_rules) to 0
2026-04-28 18:34:18.449 10 INFO neutron.wsgi [None req-ccbdc3d2-e9d7-4710-b0a1-3e89ac7a19b5 0552dcf716db49a68e886a59e7779fe9 2c90d3fe3c7345cab9194b2307d1ea0f - - default default] 10.0.0.85 "POST /v2.0/security-groups HTTP/1.1" status: 201 len: 1811 time: 0.1624768
2026-04-28 18:34:18.574 10 INFO neutron.db.ovn_revision_numbers_db [None req-4b3e1e92-7822-41ad-aab1-7e6dbb02857b 0552dcf716db49a68e886a59e7779fe9 2c90d3fe3c7345cab9194b2307d1ea0f - - default default] Successfully bumped revision number for resource 44dce37f-cb80-48a5-8d92-5e950577d5ae (type: security_group_rules) to 0
2026-04-28 18:34:18.604 10 INFO neutron.wsgi [None req-4b3e1e92-7822-41ad-aab1-7e6dbb02857b 0552dcf716db49a68e886a59e7779fe9 2c90d3fe3c7345cab9194b2307d1ea0f - - default default] 10.0.0.85 "POST /v2.0/security-group-rules HTTP/1.1" status: 201 len: 764 time: 0.1492631
2026-04-28 18:34:18.749 10 INFO neutron.db.ovn_revision_numbers_db [None req-00809e7b-62bc-4708-9197-f43fc92268a1 0552dcf716db49a68e886a59e7779fe9 2c90d3fe3c7345cab9194b2307d1ea0f - - default default] Successfully bumped revision number for resource 90ff6651-ef07-4726-adb5-dcfb0744fd02 (type: security_group_rules) to 0
2026-04-28 18:34:18.799 10 INFO neutron.wsgi [None req-00809e7b-62bc-4708-9197-f43fc92268a1 0552dcf716db49a68e886a59e7779fe9 2c90d3fe3c7345cab9194b2307d1ea0f - - default default] 10.0.0.85 "POST /v2.0/security-group-rules HTTP/1.1" status: 201 len: 763 time: 0.1902189
2026-04-28 18:34:18.931 9 INFO neutron.wsgi [req-76b7c94b-e709-461e-98ee-6b467c85909e req-34ae1278-230e-4460-a3aa-7cce522b7cc1 8bfced8f879b44fea1c7bff4ad7ff4d9 4c1cc84c589147c0a64cab59d28f4302 - - default default] 10.0.0.139 "GET /v2.0/ports?device_id=86dd7d48-58d8-4e38-b583-d913a2732d39 HTTP/1.1" status: 200 len: 1172 time: 0.1011555
2026-04-28 18:34:18.948 10 INFO neutron.db.ovn_revision_numbers_db [None req-10aea303-f8ed-455d-9d9d-c932cecfff5c 0552dcf716db49a68e886a59e7779fe9 2c90d3fe3c7345cab9194b2307d1ea0f - - default default] Successfully bumped revision number for resource f0b58d4c-a97f-468b-a665-fc263d5706b4 (type: security_group_rules) to 0
2026-04-28 18:34:18.972 9 INFO neutron.wsgi [req-76b7c94b-e709-461e-98ee-6b467c85909e req-385c7718-6c06-453c-9c63-954dc80244a3 8bfced8f879b44fea1c7bff4ad7ff4d9 4c1cc84c589147c0a64cab59d28f4302 - - default default] 10.0.0.139 "GET /v2.0/security-groups?id=f84aed85-03f9-472e-9cda-a14bfdb6d4d8&fields=id&fields=name HTTP/1.1" status: 200 len: 286 time: 0.0336964
2026-04-28 18:34:18.974 10 INFO neutron.wsgi [None req-10aea303-f8ed-455d-9d9d-c932cecfff5c 0552dcf716db49a68e886a59e7779fe9 2c90d3fe3c7345cab9194b2307d1ea0f - - default default] 10.0.0.85 "POST /v2.0/security-group-rules HTTP/1.1" status: 201 len: 769 time: 0.1659968
2026-04-28 18:34:18.978 9 INFO neutron.wsgi [None req-0f4b5821-6c47-443c-892c-07c74c3ab708 7c4a40023b554ab9a912ce46ca6bded4 6a5b667d08ca439393d52de14b9be5ae - - default default] 10.0.0.85 "DELETE /v2.0/floatingips/6da86327-27a2-46b4-bf6c-6de4e5c23e6a HTTP/1.1" status: 204 len: 168 time: 0.6846273
2026-04-28 18:34:19.091 9 INFO neutron.db.ovn_revision_numbers_db [None req-4c695c4e-e4c9-4e24-b0f6-2b6166b1b37d 0552dcf716db49a68e886a59e7779fe9 2c90d3fe3c7345cab9194b2307d1ea0f - - default default] Successfully bumped revision number for resource 66706f90-2ce5-4596-89f1-10a7938ae136 (type: security_group_rules) to 0
2026-04-28 18:34:19.112 9 INFO neutron.wsgi [None req-4c695c4e-e4c9-4e24-b0f6-2b6166b1b37d 0552dcf716db49a68e886a59e7779fe9 2c90d3fe3c7345cab9194b2307d1ea0f - - default default] 10.0.0.85 "POST /v2.0/security-group-rules HTTP/1.1" status: 201 len: 768 time: 0.1304803
2026-04-28 18:34:19.153 9 INFO neutron.db.securitygroups_db [None req-1e7bac10-86d9-480b-a43b-1abc3fafe0c8 0552dcf716db49a68e886a59e7779fe9 2c90d3fe3c7345cab9194b2307d1ea0f - - default default] Project 2c90d3fe3c7345cab9194b2307d1ea0f added a security group rule with legacy IPv6 ICMP protocol name icmp, ipv6-icmp should be used instead. It was automatically converted.
2026-04-28 18:34:19.261 9 INFO neutron.db.ovn_revision_numbers_db [None req-1e7bac10-86d9-480b-a43b-1abc3fafe0c8 0552dcf716db49a68e886a59e7779fe9 2c90d3fe3c7345cab9194b2307d1ea0f - - default default] Successfully bumped revision number for resource 40ceb7a2-3f6b-4462-9099-cfaed5f5d7b2 (type: security_group_rules) to 0
2026-04-28 18:34:19.274 10 INFO neutron.wsgi [None req-dc11ce65-e793-4377-818e-e0f764224977 7c4a40023b554ab9a912ce46ca6bded4 6a5b667d08ca439393d52de14b9be5ae - - default default] 10.0.0.85 "DELETE /v2.0/floatingips/b81c4b77-e9c5-48b2-9666-0d90583d021e HTTP/1.1" status: 204 len: 168 time: 0.2904558
2026-04-28 18:34:19.287 9 INFO neutron.wsgi [None req-1e7bac10-86d9-480b-a43b-1abc3fafe0c8 0552dcf716db49a68e886a59e7779fe9 2c90d3fe3c7345cab9194b2307d1ea0f - - default default] 10.0.0.85 "POST /v2.0/security-group-rules HTTP/1.1" status: 201 len: 774 time: 0.1587243
2026-04-28 18:34:19.318 9 INFO neutron.db.securitygroups_db [None req-396878ae-0798-47bf-b0bd-12f3986eec6f 0552dcf716db49a68e886a59e7779fe9 2c90d3fe3c7345cab9194b2307d1ea0f - - default default] Project 2c90d3fe3c7345cab9194b2307d1ea0f added a security group rule with legacy IPv6 ICMP protocol name icmp, ipv6-icmp should be used instead. It was automatically converted.
2026-04-28 18:34:19.422 9 INFO neutron.db.ovn_revision_numbers_db [None req-396878ae-0798-47bf-b0bd-12f3986eec6f 0552dcf716db49a68e886a59e7779fe9 2c90d3fe3c7345cab9194b2307d1ea0f - - default default] Successfully bumped revision number for resource e8bc6cf6-c06e-47f4-b7b5-ca196813180a (type: security_group_rules) to 0
2026-04-28 18:34:19.446 9 INFO neutron.wsgi [None req-396878ae-0798-47bf-b0bd-12f3986eec6f 0552dcf716db49a68e886a59e7779fe9 2c90d3fe3c7345cab9194b2307d1ea0f - - default default] 10.0.0.85 "POST /v2.0/security-group-rules HTTP/1.1" status: 201 len: 773 time: 0.1554792
2026-04-28 18:34:19.565 10 INFO neutron.wsgi [None req-4df898d8-b12b-47a4-834d-4cdb055992b0 7c4a40023b554ab9a912ce46ca6bded4 6a5b667d08ca439393d52de14b9be5ae - - default default] 10.0.0.85 "DELETE /v2.0/floatingips/86868ea6-8aea-4537-96b0-d3b325a40e8e HTTP/1.1" status: 204 len: 168 time: 0.2863417
2026-04-28 18:34:19.924 10 INFO neutron.wsgi [None req-309c2fd1-b73b-4871-ba9c-78a0a744f6fe 7c4a40023b554ab9a912ce46ca6bded4 6a5b667d08ca439393d52de14b9be5ae - - default default] 10.0.0.85 "DELETE /v2.0/floatingips/a791ca3a-0801-4bdb-801f-14cfa820743a HTTP/1.1" status: 204 len: 168 time: 0.3542595
2026-04-28 18:34:19.939 10 INFO neutron.db.ovn_revision_numbers_db [None req-cc1bca7b-dcab-4549-b75b-9153176e57d7 0552dcf716db49a68e886a59e7779fe9 2c90d3fe3c7345cab9194b2307d1ea0f - - default default] Successfully bumped revision number for resource 9dd90002-bf88-4df9-ae3f-523ee3a67862 (type: security_groups) to 1
2026-04-28 18:34:19.952 10 INFO neutron.db.ovn_revision_numbers_db [None req-cc1bca7b-dcab-4549-b75b-9153176e57d7 0552dcf716db49a68e886a59e7779fe9 2c90d3fe3c7345cab9194b2307d1ea0f - - default default] Successfully bumped revision number for resource 2f79e8e0-016f-4d7d-9045-f9b82d35922d (type: security_group_rules) to 0
2026-04-28 18:34:19.965 10 INFO neutron.db.ovn_revision_numbers_db [None req-cc1bca7b-dcab-4549-b75b-9153176e57d7 0552dcf716db49a68e886a59e7779fe9 2c90d3fe3c7345cab9194b2307d1ea0f - - default default] Successfully bumped revision number for resource 4fdf8147-fcad-4144-adee-5fb2a351b577 (type: security_group_rules) to 0
2026-04-28 18:34:19.982 10 INFO neutron.wsgi [None req-cc1bca7b-dcab-4549-b75b-9153176e57d7 0552dcf716db49a68e886a59e7779fe9 2c90d3fe3c7345cab9194b2307d1ea0f - - default default] 10.0.0.85 "POST /v2.0/security-groups HTTP/1.1" status: 201 len: 1797 time: 0.1717737
2026-04-28 18:34:20.088 9 INFO neutron.wsgi [req-58971a9f-7969-46ea-9682-99a4322cab5d req-6f1092ac-40b7-4d6c-ad3e-c6e407fd67bc 8bfced8f879b44fea1c7bff4ad7ff4d9 4c1cc84c589147c0a64cab59d28f4302 - - default default] 10.0.0.139 "GET /v2.0/ports?device_id=86dd7d48-58d8-4e38-b583-d913a2732d39 HTTP/1.1" status: 200 len: 1172 time: 0.0389891
2026-04-28 18:34:20.126 10 INFO neutron.db.ovn_revision_numbers_db [None req-b5929f7c-52a4-45f7-b9fa-bb0e0e5642a5 0552dcf716db49a68e886a59e7779fe9 2c90d3fe3c7345cab9194b2307d1ea0f - - default default] Successfully bumped revision number for resource 09a71287-eee4-46ac-a2e9-d654032a89c3 (type: security_group_rules) to 0
2026-04-28 18:34:20.153 9 INFO neutron.wsgi [req-58971a9f-7969-46ea-9682-99a4322cab5d req-08632802-5b6d-4970-90d7-42b98af7e807 8bfced8f879b44fea1c7bff4ad7ff4d9 4c1cc84c589147c0a64cab59d28f4302 - - default default] 10.0.0.139 "GET /v2.0/security-groups?id=f84aed85-03f9-472e-9cda-a14bfdb6d4d8&fields=id&fields=name HTTP/1.1" status: 200 len: 286 time: 0.0511680
2026-04-28 18:34:20.166 10 INFO neutron.wsgi [None req-b5929f7c-52a4-45f7-b9fa-bb0e0e5642a5 0552dcf716db49a68e886a59e7779fe9 2c90d3fe3c7345cab9194b2307d1ea0f - - default default] 10.0.0.85 "POST /v2.0/security-group-rules HTTP/1.1" status: 201 len: 764 time: 0.1788962
2026-04-28 18:34:20.301 9 INFO neutron.db.ovn_revision_numbers_db [None req-8f106621-04e4-43ae-bfba-317b8b1ab406 0552dcf716db49a68e886a59e7779fe9 2c90d3fe3c7345cab9194b2307d1ea0f - - default default] Successfully bumped revision number for resource 4dc15e0f-fc9d-4335-89a0-6b51c0e0ac7e (type: security_group_rules) to 0
2026-04-28 18:34:20.321 10 INFO neutron.wsgi [-] 10.0.0.89 "GET / HTTP/1.1" status: 200 len: 246 time: 0.0039062
2026-04-28 18:34:20.324 9 INFO neutron.wsgi [None req-8f106621-04e4-43ae-bfba-317b8b1ab406 0552dcf716db49a68e886a59e7779fe9 2c90d3fe3c7345cab9194b2307d1ea0f - - default default] 10.0.0.85 "POST /v2.0/security-group-rules HTTP/1.1" status: 201 len: 769 time: 0.1517251
2026-04-28 18:34:20.325 10 INFO neutron.wsgi [-] 10.0.0.89 "GET / HTTP/1.1" status: 200 len: 246 time: 0.0026588
2026-04-28 18:34:20.603 9 WARNING neutron.scheduler.dhcp_agent_scheduler [None req-f0edc760-6b17-410f-9ee8-5ebc437a85d7 0552dcf716db49a68e886a59e7779fe9 2c90d3fe3c7345cab9194b2307d1ea0f - - default default] No more DHCP agents
2026-04-28 18:34:20.609 9 WARNING neutron.api.rpc.agentnotifiers.dhcp_rpc_agent_api [None req-f0edc760-6b17-410f-9ee8-5ebc437a85d7 0552dcf716db49a68e886a59e7779fe9 2c90d3fe3c7345cab9194b2307d1ea0f - - default default] Unable to schedule network af8490e8-3bb6-439f-be93-97801fca88e6: no agents available; will retry on subsequent port and subnet creation events.
2026-04-28 18:34:20.920 9 INFO neutron.db.ovn_revision_numbers_db [None req-f0edc760-6b17-410f-9ee8-5ebc437a85d7 0552dcf716db49a68e886a59e7779fe9 2c90d3fe3c7345cab9194b2307d1ea0f - - default default] Successfully bumped revision number for resource 6bfae2d6-96c4-4352-8373-2b7c6e337500 (type: floatingips) to 0
2026-04-28 18:34:20.941 9 INFO neutron.wsgi [None req-f0edc760-6b17-410f-9ee8-5ebc437a85d7 0552dcf716db49a68e886a59e7779fe9 2c90d3fe3c7345cab9194b2307d1ea0f - - default default] 10.0.0.85 "POST /v2.0/floatingips HTTP/1.1" status: 201 len: 751 time: 0.6132944
2026-04-28 18:34:21.111 9 INFO neutron.wsgi [req-19f8772e-7509-4b8d-b46f-49efb1cbf758 req-eb18c3d1-dd79-438c-b388-61364ecbf37d 0552dcf716db49a68e886a59e7779fe9 2c90d3fe3c7345cab9194b2307d1ea0f - - default default] 10.0.0.139 "GET /v2.0/security-groups?name=tempest-securitygroup--1364491020&fields=id&tenant_id=2c90d3fe3c7345cab9194b2307d1ea0f HTTP/1.1" status: 200 len: 267 time: 0.0570281
2026-04-28 18:34:21.171 9 INFO neutron.wsgi [req-19f8772e-7509-4b8d-b46f-49efb1cbf758 req-27f66b7a-8e63-441a-91b0-e2114d10be48 0552dcf716db49a68e886a59e7779fe9 2c90d3fe3c7345cab9194b2307d1ea0f - - default default] 10.0.0.139 "GET /v2.0/security-groups?name=tempest-secgroup-smoke-1837980481&fields=id&tenant_id=2c90d3fe3c7345cab9194b2307d1ea0f HTTP/1.1" status: 200 len: 267 time: 0.0474908
2026-04-28 18:34:21.268 10 INFO neutron.db.ovn_revision_numbers_db [None req-a332d7c0-bac9-45ff-83b4-ea9e56920537 48e081fb0e3148478a0338e7fc589bad 7c9837aa41ee4d8fb6b630692028dc4c - - default default] Successfully bumped revision number for resource 8ab6e4cf-978c-42e0-8827-73b6c138fd4a (type: security_groups) to 1
2026-04-28 18:34:21.281 10 INFO neutron.db.ovn_revision_numbers_db [None req-a332d7c0-bac9-45ff-83b4-ea9e56920537 48e081fb0e3148478a0338e7fc589bad 7c9837aa41ee4d8fb6b630692028dc4c - - default default] Successfully bumped revision number for resource 18043c20-1091-4f15-b217-96cb53541260 (type: security_group_rules) to 0
2026-04-28 18:34:21.282 9 INFO neutron.wsgi [req-38cc30a9-255e-4be0-b17e-c2d82f0fcca1 req-1ac8f51c-477e-4b8c-bb21-37aae3fa15b3 8bfced8f879b44fea1c7bff4ad7ff4d9 4c1cc84c589147c0a64cab59d28f4302 - - default default] 10.0.0.139 "GET /v2.0/ports?device_id=86dd7d48-58d8-4e38-b583-d913a2732d39 HTTP/1.1" status: 200 len: 1172 time: 0.0629745
2026-04-28 18:34:21.299 10 INFO neutron.db.ovn_revision_numbers_db [None req-a332d7c0-bac9-45ff-83b4-ea9e56920537 48e081fb0e3148478a0338e7fc589bad 7c9837aa41ee4d8fb6b630692028dc4c - - default default] Successfully bumped revision number for resource 81800b5b-6aad-4fef-acce-28f196faeeaa (type: security_group_rules) to 0
2026-04-28 18:34:21.304 9 INFO neutron.wsgi [req-19f8772e-7509-4b8d-b46f-49efb1cbf758 req-ef0a3416-6f64-4f1e-9369-a76274760310 0552dcf716db49a68e886a59e7779fe9 2c90d3fe3c7345cab9194b2307d1ea0f - - default default] 10.0.0.139 "GET /v2.0/networks?id=f3d912be-f75e-4e5b-a877-56d1629f66ef HTTP/1.1" status: 200 len: 871 time: 0.1261444
2026-04-28 18:34:21.324 10 INFO neutron.db.ovn_revision_numbers_db [None req-a332d7c0-bac9-45ff-83b4-ea9e56920537 48e081fb0e3148478a0338e7fc589bad 7c9837aa41ee4d8fb6b630692028dc4c - - default default] Successfully bumped revision number for resource 86d9c48e-4b54-46d0-8f92-f77a2aa4f157 (type: security_group_rules) to 0
2026-04-28 18:34:21.335 9 INFO neutron.wsgi [req-19f8772e-7509-4b8d-b46f-49efb1cbf758 req-0576a90d-4c50-460a-bac4-2297607e7654 0552dcf716db49a68e886a59e7779fe9 2c90d3fe3c7345cab9194b2307d1ea0f - - default default] 10.0.0.139 "GET /v2.0/quotas/2c90d3fe3c7345cab9194b2307d1ea0f HTTP/1.1" status: 200 len: 386 time: 0.0197821
2026-04-28 18:34:21.343 10 INFO neutron.db.ovn_revision_numbers_db [None req-a332d7c0-bac9-45ff-83b4-ea9e56920537 48e081fb0e3148478a0338e7fc589bad 7c9837aa41ee4d8fb6b630692028dc4c - - default default] Successfully bumped revision number for resource ba19e87f-04df-48bb-a8d6-8aed5092e91c (type: security_group_rules) to 0
2026-04-28 18:34:21.360 9 INFO neutron.wsgi [req-38cc30a9-255e-4be0-b17e-c2d82f0fcca1 req-ddb84943-1f48-4032-ae3e-21bd11f4600f 8bfced8f879b44fea1c7bff4ad7ff4d9 4c1cc84c589147c0a64cab59d28f4302 - - default default] 10.0.0.139 "GET /v2.0/security-groups?id=f84aed85-03f9-472e-9cda-a14bfdb6d4d8&fields=id&fields=name HTTP/1.1" status: 200 len: 286 time: 0.0695693
2026-04-28 18:34:21.384 10 INFO neutron.wsgi [None req-a332d7c0-bac9-45ff-83b4-ea9e56920537 48e081fb0e3148478a0338e7fc589bad 7c9837aa41ee4d8fb6b630692028dc4c - - default default] 10.0.0.85 "GET /v2.0/security-groups?tenant_id=6a5b667d08ca439393d52de14b9be5ae&name=default HTTP/1.1" status: 200 len: 2996 time: 0.6118460
2026-04-28 18:34:21.457 9 INFO neutron.wsgi [req-19f8772e-7509-4b8d-b46f-49efb1cbf758 req-9f0338c5-6642-4b35-80da-fee232589b82 0552dcf716db49a68e886a59e7779fe9 2c90d3fe3c7345cab9194b2307d1ea0f - - default default] 10.0.0.139 "GET /v2.0/ports?tenant_id=2c90d3fe3c7345cab9194b2307d1ea0f&fields=id HTTP/1.1" status: 200 len: 302 time: 0.1163726
2026-04-28 18:34:21.467 10 WARNING neutron.plugins.ml2.drivers.ovn.mech_driver.ovsdb.ovn_client [None req-61ff434f-011b-47b9-8267-37fb304c1254 - - - - - -] No hosting information found for port f9675119-d8d9-44c3-9573-afcd47cc595d: RuntimeError: No hosting information found for port f9675119-d8d9-44c3-9573-afcd47cc595d
2026-04-28 18:34:21.467 10 INFO neutron.plugins.ml2.drivers.ovn.mech_driver.mech_driver [None req-61ff434f-011b-47b9-8267-37fb304c1254 - - - - - -] OVN reports status up for port: 443739e2-4084-4eec-88e3-4221c5356545
2026-04-28 18:34:21.478 10 INFO neutron.plugins.ml2.plugin [None req-61ff434f-011b-47b9-8267-37fb304c1254 - - - - - -] Attempt 1 to provision port 443739e2-4084-4eec-88e3-4221c5356545
2026-04-28 18:34:21.543 9 INFO neutron.wsgi [req-19f8772e-7509-4b8d-b46f-49efb1cbf758 req-e813497c-87db-43fe-a88c-8ba7e5caf2d8 54b88280dc1646d2a79d662e64c0d724 4f8eb4083741407ab21daa902d3eeb03 - - e62532941e864b8ba3623ffc54f3df85 e62532941e864b8ba3623ffc54f3df85] 10.0.0.139 "GET /v2.0/networks/f3d912be-f75e-4e5b-a877-56d1629f66ef?fields=segments HTTP/1.1" status: 200 len: 212 time: 0.0754654
2026-04-28 18:34:21.620 9 INFO neutron.wsgi [req-19f8772e-7509-4b8d-b46f-49efb1cbf758 req-3f4dfe9d-8869-4973-b51d-445530d2c726 54b88280dc1646d2a79d662e64c0d724 4f8eb4083741407ab21daa902d3eeb03 - - e62532941e864b8ba3623ffc54f3df85 e62532941e864b8ba3623ffc54f3df85] 10.0.0.139 "GET /v2.0/networks/f3d912be-f75e-4e5b-a877-56d1629f66ef?fields=provider%3Aphysical_network&fields=provider%3Anetwork_type HTTP/1.1" status: 200 len: 277 time: 0.0665822
2026-04-28 18:34:21.692 10 INFO neutron.wsgi [None req-b41895f8-fbe5-4dc7-a170-603d3963ec10 48e081fb0e3148478a0338e7fc589bad 7c9837aa41ee4d8fb6b630692028dc4c - - default default] 10.0.0.85 "DELETE /v2.0/security-groups/8ab6e4cf-978c-42e0-8827-73b6c138fd4a HTTP/1.1" status: 204 len: 168 time: 0.3022518
2026-04-28 18:34:21.724 10 INFO neutron.db.ovn_revision_numbers_db [None req-eff35fad-4c7c-4f88-9ee5-62bb3bbb5c5d 48e081fb0e3148478a0338e7fc589bad 7c9837aa41ee4d8fb6b630692028dc4c - - default default] Successfully bumped revision number for resource 0e9f873d-102c-4710-a31a-4392497cc6ae (type: security_groups) to 1
2026-04-28 18:34:21.757 10 INFO neutron.db.ovn_revision_numbers_db [None req-eff35fad-4c7c-4f88-9ee5-62bb3bbb5c5d 48e081fb0e3148478a0338e7fc589bad 7c9837aa41ee4d8fb6b630692028dc4c - - default default] Successfully bumped revision number for resource 2d72c233-5028-4c02-9218-bec54df73bf3 (type: security_group_rules) to 0
2026-04-28 18:34:21.782 10 INFO neutron.db.ovn_revision_numbers_db [None req-eff35fad-4c7c-4f88-9ee5-62bb3bbb5c5d 48e081fb0e3148478a0338e7fc589bad 7c9837aa41ee4d8fb6b630692028dc4c - - default default] Successfully bumped revision number for resource 342f708e-b52a-4580-aef2-7a3cce73edb5 (type: security_group_rules) to 0
2026-04-28 18:34:21.789 9 INFO neutron.wsgi [req-875e69f1-0899-48bd-8b13-ee064456bc50 req-ed22b042-1e87-42c4-8ffc-9d5679c151b0 0552dcf716db49a68e886a59e7779fe9 2c90d3fe3c7345cab9194b2307d1ea0f - - default default] 10.0.0.139 "GET /v2.0/ports?device_id=c1e40b2f-fd6a-4714-9c08-392037e6357b HTTP/1.1" status: 200 len: 210 time: 0.0258276
2026-04-28 18:34:21.808 10 INFO neutron.db.ovn_revision_numbers_db [None req-eff35fad-4c7c-4f88-9ee5-62bb3bbb5c5d 48e081fb0e3148478a0338e7fc589bad 7c9837aa41ee4d8fb6b630692028dc4c - - default default] Successfully bumped revision number for resource 815a6646-28e7-4a8c-8fc2-5fb6a3f16330 (type: security_group_rules) to 0
2026-04-28 18:34:21.815 10 INFO neutron.db.ovn_revision_numbers_db [None req-61ff434f-011b-47b9-8267-37fb304c1254 - - - - - -] Successfully bumped revision number for resource 443739e2-4084-4eec-88e3-4221c5356545 (type: ports) to 2
2026-04-28 18:34:21.825 10 INFO neutron.db.ovn_revision_numbers_db [None req-eff35fad-4c7c-4f88-9ee5-62bb3bbb5c5d 48e081fb0e3148478a0338e7fc589bad 7c9837aa41ee4d8fb6b630692028dc4c - - default default] Successfully bumped revision number for resource cb4608b4-eaa2-4ce4-b622-6754689c7249 (type: security_group_rules) to 0
2026-04-28 18:34:21.890 10 INFO neutron.wsgi [None req-eff35fad-4c7c-4f88-9ee5-62bb3bbb5c5d 48e081fb0e3148478a0338e7fc589bad 7c9837aa41ee4d8fb6b630692028dc4c - - default default] 10.0.0.85 "GET /v2.0/security-groups?tenant_id=521200665f5c4b4b8b238c713f4803dd&name=default HTTP/1.1" status: 200 len: 2996 time: 0.5311995
2026-04-28 18:34:21.915 9 INFO neutron.db.ovn_revision_numbers_db [None req-d2e334fa-8b9e-4a61-b36a-3323498120b1 48e081fb0e3148478a0338e7fc589bad 7c9837aa41ee4d8fb6b630692028dc4c - - default default] Successfully bumped revision number for resource ede152de-ffe7-44c8-b83c-7d32cbf7013e (type: security_groups) to 1
2026-04-28 18:34:21.930 9 INFO neutron.db.ovn_revision_numbers_db [None req-d2e334fa-8b9e-4a61-b36a-3323498120b1 48e081fb0e3148478a0338e7fc589bad 7c9837aa41ee4d8fb6b630692028dc4c - - default default] Successfully bumped revision number for resource 0fc26f36-e5ca-4115-918d-4284778c20cc (type: security_group_rules) to 0
2026-04-28 18:34:21.947 9 INFO neutron.db.ovn_revision_numbers_db [None req-d2e334fa-8b9e-4a61-b36a-3323498120b1 48e081fb0e3148478a0338e7fc589bad 7c9837aa41ee4d8fb6b630692028dc4c - - default default] Successfully bumped revision number for resource 4fdf8340-848f-4cd3-8b23-6a1f32440897 (type: security_group_rules) to 0
2026-04-28 18:34:21.967 9 INFO neutron.db.ovn_revision_numbers_db [None req-d2e334fa-8b9e-4a61-b36a-3323498120b1 48e081fb0e3148478a0338e7fc589bad 7c9837aa41ee4d8fb6b630692028dc4c - - default default] Successfully bumped revision number for resource 7d57fbc7-5f65-4ea3-82f5-00aaf45f0969 (type: security_group_rules) to 0
2026-04-28 18:34:21.986 9 INFO neutron.db.ovn_revision_numbers_db [None req-d2e334fa-8b9e-4a61-b36a-3323498120b1 48e081fb0e3148478a0338e7fc589bad 7c9837aa41ee4d8fb6b630692028dc4c - - default default] Successfully bumped revision number for resource d91cddbf-6b36-4081-9128-ac967e4b8a5b (type: security_group_rules) to 0
2026-04-28 18:34:21.992 10 INFO neutron.db.ovn_revision_numbers_db [None req-61ff434f-011b-47b9-8267-37fb304c1254 - - - - - -] Successfully bumped revision number for resource 443739e2-4084-4eec-88e3-4221c5356545 (type: router_ports) to 2
2026-04-28 18:34:22.007 9 INFO neutron.wsgi [None req-d2e334fa-8b9e-4a61-b36a-3323498120b1 48e081fb0e3148478a0338e7fc589bad 7c9837aa41ee4d8fb6b630692028dc4c - - default default] 10.0.0.85 "GET /v2.0/security-groups?tenant_id=25cfb2b6d3dc462e8635f03a9915bc5d&name=default HTTP/1.1" status: 200 len: 2996 time: 0.2005024
2026-04-28 18:34:22.114 9 INFO neutron.wsgi [None req-2b6fcd39-4f6f-412f-ac91-f369aba69bb2 48e081fb0e3148478a0338e7fc589bad 7c9837aa41ee4d8fb6b630692028dc4c - - default default] 10.0.0.85 "DELETE /v2.0/security-groups/0e9f873d-102c-4710-a31a-4392497cc6ae HTTP/1.1" status: 204 len: 168 time: 0.2192364
2026-04-28 18:34:22.234 9 INFO neutron.wsgi [None req-bd7513ad-0204-44be-8082-14a2dda44154 48e081fb0e3148478a0338e7fc589bad 7c9837aa41ee4d8fb6b630692028dc4c - - default default] 10.0.0.85 "DELETE /v2.0/security-groups/ede152de-ffe7-44c8-b83c-7d32cbf7013e HTTP/1.1" status: 204 len: 168 time: 0.2225752
2026-04-28 18:34:22.464 9 INFO neutron.wsgi [req-06a68b74-dba8-4648-9f81-30315145cd39 req-ed81cb67-729e-4e37-8cf1-dd06d07de0e0 8bfced8f879b44fea1c7bff4ad7ff4d9 4c1cc84c589147c0a64cab59d28f4302 - - default default] 10.0.0.139 "GET /v2.0/ports?device_id=86dd7d48-58d8-4e38-b583-d913a2732d39 HTTP/1.1" status: 200 len: 1172 time: 0.0404332
2026-04-28 18:34:22.515 9 INFO neutron.wsgi [req-06a68b74-dba8-4648-9f81-30315145cd39 req-b17a61a2-ff32-4a4d-b47b-3d7db39dfe85 8bfced8f879b44fea1c7bff4ad7ff4d9 4c1cc84c589147c0a64cab59d28f4302 - - default default] 10.0.0.139 "GET /v2.0/security-groups?id=f84aed85-03f9-472e-9cda-a14bfdb6d4d8&fields=id&fields=name HTTP/1.1" status: 200 len: 286 time: 0.0433431
2026-04-28 18:34:22.537 10 INFO neutron.wsgi [req-19f8772e-7509-4b8d-b46f-49efb1cbf758 req-a568f3fd-7833-4bbd-9437-a0e145744d82 0552dcf716db49a68e886a59e7779fe9 2c90d3fe3c7345cab9194b2307d1ea0f - - default default] 199.19.213.209 "GET /v2.0/networks?id=f3d912be-f75e-4e5b-a877-56d1629f66ef HTTP/1.1" status: 200 len: 871 time: 0.0843914
2026-04-28 18:34:22.597 10 INFO neutron.db.ovn_revision_numbers_db [None req-c167a305-a93d-48cd-bbbd-7a375a423045 48e081fb0e3148478a0338e7fc589bad 7c9837aa41ee4d8fb6b630692028dc4c - - default default] Successfully bumped revision number for resource 5f3c011e-a712-4adc-97f4-067674cc1d16 (type: security_groups) to 1
2026-04-28 18:34:22.606 10 INFO neutron.wsgi [req-19f8772e-7509-4b8d-b46f-49efb1cbf758 req-432ce77d-2871-45e2-a149-1ffa3cba8bb9 0552dcf716db49a68e886a59e7779fe9 2c90d3fe3c7345cab9194b2307d1ea0f - - default default] 199.19.213.209 "GET /v2.0/security-groups?fields=id&fields=name&tenant_id=2c90d3fe3c7345cab9194b2307d1ea0f HTTP/1.1" status: 200 len: 473 time: 0.0615151
2026-04-28 18:34:22.627 10 INFO neutron.db.ovn_revision_numbers_db [None req-c167a305-a93d-48cd-bbbd-7a375a423045 48e081fb0e3148478a0338e7fc589bad 7c9837aa41ee4d8fb6b630692028dc4c - - default default] Successfully bumped revision number for resource 0b37718f-787b-40f6-bf98-e578f3c971be (type: security_group_rules) to 0
2026-04-28 18:34:22.655 10 INFO neutron.db.ovn_revision_numbers_db [None req-c167a305-a93d-48cd-bbbd-7a375a423045 48e081fb0e3148478a0338e7fc589bad 7c9837aa41ee4d8fb6b630692028dc4c - - default default] Successfully bumped revision number for resource 1fbc2c26-b4ab-4bbc-8bb3-a81af2a88134 (type: security_group_rules) to 0
2026-04-28 18:34:22.677 10 INFO neutron.db.ovn_revision_numbers_db [None req-c167a305-a93d-48cd-bbbd-7a375a423045 48e081fb0e3148478a0338e7fc589bad 7c9837aa41ee4d8fb6b630692028dc4c - - default default] Successfully bumped revision number for resource 21a650fa-e320-4d21-9bb1-61bb7653c5df (type: security_group_rules) to 0
2026-04-28 18:34:22.697 10 INFO neutron.db.ovn_revision_numbers_db [None req-c167a305-a93d-48cd-bbbd-7a375a423045 48e081fb0e3148478a0338e7fc589bad 7c9837aa41ee4d8fb6b630692028dc4c - - default default] Successfully bumped revision number for resource b337101e-d612-485e-9763-66c8ee79c4eb (type: security_group_rules) to 0
2026-04-28 18:34:22.740 10 INFO neutron.wsgi [None req-c167a305-a93d-48cd-bbbd-7a375a423045 48e081fb0e3148478a0338e7fc589bad 7c9837aa41ee4d8fb6b630692028dc4c - - default default] 10.0.0.85 "GET /v2.0/security-groups?tenant_id=3972eb20a92d46f7bc1d42cdc6a3e221&name=default HTTP/1.1" status: 200 len: 2996 time: 0.3476634
2026-04-28 18:34:22.876 9 INFO neutron.wsgi [req-0dace529-8e81-409a-9cb9-4f0b9fe5d1bd req-64027235-145d-4b16-9995-5ac5a1ee9d82 0552dcf716db49a68e886a59e7779fe9 2c90d3fe3c7345cab9194b2307d1ea0f - - default default] 10.0.0.139 "GET /v2.0/ports?device_id=c1e40b2f-fd6a-4714-9c08-392037e6357b HTTP/1.1" status: 200 len: 210 time: 0.0230057
2026-04-28 18:34:23.008 9 INFO neutron.wsgi [None req-99836350-f012-4315-a8e8-acae643a907f 48e081fb0e3148478a0338e7fc589bad 7c9837aa41ee4d8fb6b630692028dc4c - - default default] 10.0.0.85 "DELETE /v2.0/security-groups/5f3c011e-a712-4adc-97f4-067674cc1d16 HTTP/1.1" status: 204 len: 168 time: 0.2607238
2026-04-28 18:34:23.260 10 WARNING neutron.scheduler.dhcp_agent_scheduler [req-19f8772e-7509-4b8d-b46f-49efb1cbf758 req-40e68d53-cd25-4cdd-b1d0-2464292de9fb 0552dcf716db49a68e886a59e7779fe9 2c90d3fe3c7345cab9194b2307d1ea0f - - default default] No more DHCP agents
2026-04-28 18:34:23.263 10 WARNING neutron.api.rpc.agentnotifiers.dhcp_rpc_agent_api [req-19f8772e-7509-4b8d-b46f-49efb1cbf758 req-40e68d53-cd25-4cdd-b1d0-2464292de9fb 0552dcf716db49a68e886a59e7779fe9 2c90d3fe3c7345cab9194b2307d1ea0f - - default default] Unable to schedule network f3d912be-f75e-4e5b-a877-56d1629f66ef: no agents available; will retry on subsequent port and subnet creation events.
2026-04-28 18:34:23.409 10 INFO neutron.db.ovn_revision_numbers_db [req-19f8772e-7509-4b8d-b46f-49efb1cbf758 req-40e68d53-cd25-4cdd-b1d0-2464292de9fb 0552dcf716db49a68e886a59e7779fe9 2c90d3fe3c7345cab9194b2307d1ea0f - - default default] Successfully bumped revision number for resource a38d81d5-a0ca-4370-a8e8-a764b68561fa (type: ports) to 1
2026-04-28 18:34:23.432 10 INFO neutron.wsgi [req-19f8772e-7509-4b8d-b46f-49efb1cbf758 req-40e68d53-cd25-4cdd-b1d0-2464292de9fb 0552dcf716db49a68e886a59e7779fe9 2c90d3fe3c7345cab9194b2307d1ea0f - - default default] 199.19.213.209 "POST /v2.0/ports HTTP/1.1" status: 201 len: 1197 time: 0.8198514 /var/lib/openstack/lib/python3.10/site-packages/pycadf/identifier.py:71: UserWarning: Invalid uuid: neutron. To ensure interoperability, identifiers should be a valid uuid. warnings.warn(('Invalid uuid: %s. To ensure interoperability, '
2026-04-28 18:34:23.639 9 INFO neutron.wsgi [req-b35c8610-eb78-4b02-94ee-749d011f1c3d req-c6722b8f-83ec-4df2-8d3d-5ef98e3e881b 8bfced8f879b44fea1c7bff4ad7ff4d9 4c1cc84c589147c0a64cab59d28f4302 - - default default] 10.0.0.139 "GET /v2.0/ports?device_id=86dd7d48-58d8-4e38-b583-d913a2732d39 HTTP/1.1" status: 200 len: 1172 time: 0.0469506
2026-04-28 18:34:23.695 9 INFO neutron.wsgi [req-b35c8610-eb78-4b02-94ee-749d011f1c3d req-7c9a8ac6-f538-476b-9d7c-4fcc076ffc61 8bfced8f879b44fea1c7bff4ad7ff4d9 4c1cc84c589147c0a64cab59d28f4302 - - default default] 10.0.0.139 "GET /v2.0/security-groups?id=f84aed85-03f9-472e-9cda-a14bfdb6d4d8&fields=id&fields=name HTTP/1.1" status: 200 len: 286 time: 0.0473926
2026-04-28 18:34:23.818 10 INFO neutron.db.ovn_revision_numbers_db [req-19f8772e-7509-4b8d-b46f-49efb1cbf758 req-f713c39a-02bb-4939-8bc7-525d8ae3fc6e 54b88280dc1646d2a79d662e64c0d724 4f8eb4083741407ab21daa902d3eeb03 - - e62532941e864b8ba3623ffc54f3df85 e62532941e864b8ba3623ffc54f3df85] Successfully bumped revision number for resource a38d81d5-a0ca-4370-a8e8-a764b68561fa (type: ports) to 2
2026-04-28 18:34:23.976 9 INFO neutron.wsgi [req-8b984e15-378a-43f5-9d74-11786985f6d9 req-1ba693a6-d0bd-4db3-8701-9d2efefe4909 0552dcf716db49a68e886a59e7779fe9 2c90d3fe3c7345cab9194b2307d1ea0f - - default default] 10.0.0.139 "GET /v2.0/ports?device_id=c1e40b2f-fd6a-4714-9c08-392037e6357b HTTP/1.1" status: 200 len: 1208 time: 0.0331078
2026-04-28 18:34:24.004 10 INFO neutron.db.ovn_revision_numbers_db [req-19f8772e-7509-4b8d-b46f-49efb1cbf758 req-f713c39a-02bb-4939-8bc7-525d8ae3fc6e 54b88280dc1646d2a79d662e64c0d724 4f8eb4083741407ab21daa902d3eeb03 - - e62532941e864b8ba3623ffc54f3df85 e62532941e864b8ba3623ffc54f3df85] Successfully bumped revision number for resource a38d81d5-a0ca-4370-a8e8-a764b68561fa (type: ports) to 2
2026-04-28 18:34:24.021 10 INFO neutron.wsgi [req-19f8772e-7509-4b8d-b46f-49efb1cbf758 req-f713c39a-02bb-4939-8bc7-525d8ae3fc6e 54b88280dc1646d2a79d662e64c0d724 4f8eb4083741407ab21daa902d3eeb03 - - e62532941e864b8ba3623ffc54f3df85 e62532941e864b8ba3623ffc54f3df85] 199.19.213.209 "PUT /v2.0/ports/a38d81d5-a0ca-4370-a8e8-a764b68561fa HTTP/1.1" status: 200 len: 1415 time: 0.5838840
2026-04-28 18:34:24.028 9 INFO neutron.wsgi [req-8b984e15-378a-43f5-9d74-11786985f6d9 req-9183b5ed-96c0-4e19-a7d2-37c4b866a1b4 0552dcf716db49a68e886a59e7779fe9 2c90d3fe3c7345cab9194b2307d1ea0f - - default default] 10.0.0.139 "GET /v2.0/security-groups?id=9dd90002-bf88-4df9-ae3f-523ee3a67862&id=aebdd632-b8f6-40ec-9324-199beb8340df&fields=id&fields=name HTTP/1.1" status: 200 len: 406 time: 0.0431921 /var/lib/openstack/lib/python3.10/site-packages/pycadf/identifier.py:71: UserWarning: Invalid uuid: neutron. To ensure interoperability, identifiers should be a valid uuid. warnings.warn(('Invalid uuid: %s. To ensure interoperability, '
2026-04-28 18:34:24.072 10 INFO neutron.notifiers.nova [-] Nova event matching ['req-9f0353da-825d-4ba4-b044-b6a4e5e650d3'] response: {'name': 'network-changed', 'server_uuid': 'c1e40b2f-fd6a-4714-9c08-392037e6357b', 'tag': 'a38d81d5-a0ca-4370-a8e8-a764b68561fa', 'status': 'completed', 'code': 200}
2026-04-28 18:34:24.097 10 INFO neutron.wsgi [req-19f8772e-7509-4b8d-b46f-49efb1cbf758 req-f5393ec2-dd06-4911-9248-210739918a90 54b88280dc1646d2a79d662e64c0d724 4f8eb4083741407ab21daa902d3eeb03 - - e62532941e864b8ba3623ffc54f3df85 e62532941e864b8ba3623ffc54f3df85] 199.19.213.209 "GET /v2.0/ports?tenant_id=2c90d3fe3c7345cab9194b2307d1ea0f&device_id=c1e40b2f-fd6a-4714-9c08-392037e6357b HTTP/1.1" status: 200 len: 1446 time: 0.0345414
2026-04-28 18:34:24.127 10 INFO neutron.wsgi [req-19f8772e-7509-4b8d-b46f-49efb1cbf758 req-5c6727f4-dd5e-4439-bbda-37a27f278da9 54b88280dc1646d2a79d662e64c0d724 4f8eb4083741407ab21daa902d3eeb03 - - e62532941e864b8ba3623ffc54f3df85 e62532941e864b8ba3623ffc54f3df85] 199.19.213.209 "GET /v2.0/floatingips?fixed_ip_address=10.100.0.5&port_id=a38d81d5-a0ca-4370-a8e8-a764b68561fa HTTP/1.1" status: 200 len: 217 time: 0.0224192
2026-04-28 18:34:24.170 10 INFO neutron.wsgi [req-19f8772e-7509-4b8d-b46f-49efb1cbf758 req-927f7192-1375-41d7-976f-b2d2748914c1 54b88280dc1646d2a79d662e64c0d724 4f8eb4083741407ab21daa902d3eeb03 - - e62532941e864b8ba3623ffc54f3df85 e62532941e864b8ba3623ffc54f3df85] 199.19.213.209 "GET /v2.0/subnets?id=1b4a17bd-d30b-467c-82aa-6e6c21ee758e HTTP/1.1" status: 200 len: 865 time: 0.0379674
2026-04-28 18:34:24.196 10 INFO neutron.wsgi [req-19f8772e-7509-4b8d-b46f-49efb1cbf758 req-cb7a9e01-1d78-4137-84e8-a8b1708f25d7 54b88280dc1646d2a79d662e64c0d724 4f8eb4083741407ab21daa902d3eeb03 - - e62532941e864b8ba3623ffc54f3df85 e62532941e864b8ba3623ffc54f3df85] 199.19.213.209 "GET /v2.0/ports?network_id=f3d912be-f75e-4e5b-a877-56d1629f66ef&device_owner=network%3Adhcp HTTP/1.1" status: 200 len: 210 time: 0.0189056
2026-04-28 18:34:24.263 10 INFO neutron.wsgi [req-19f8772e-7509-4b8d-b46f-49efb1cbf758 req-14b3ae2d-13c5-411e-b398-e569a5574076 54b88280dc1646d2a79d662e64c0d724 4f8eb4083741407ab21daa902d3eeb03 - - e62532941e864b8ba3623ffc54f3df85 e62532941e864b8ba3623ffc54f3df85] 199.19.213.209 "GET /v2.0/networks/f3d912be-f75e-4e5b-a877-56d1629f66ef?fields=segments HTTP/1.1" status: 200 len: 212 time: 0.0590982
2026-04-28 18:34:24.337 10 INFO neutron.wsgi [req-19f8772e-7509-4b8d-b46f-49efb1cbf758 req-d393801d-ecef-40b3-9cbf-666d7dcf004e 54b88280dc1646d2a79d662e64c0d724 4f8eb4083741407ab21daa902d3eeb03 - - e62532941e864b8ba3623ffc54f3df85 e62532941e864b8ba3623ffc54f3df85] 199.19.213.209 "GET /v2.0/networks/f3d912be-f75e-4e5b-a877-56d1629f66ef?fields=provider%3Aphysical_network&fields=provider%3Anetwork_type HTTP/1.1" status: 200 len: 277 time: 0.0667832
2026-04-28 18:34:24.416 10 INFO neutron.wsgi [req-c71fdd73-c094-434a-9e49-c957b265ed15 req-ea4da96d-c409-4f42-a010-e487c3b73e01 54b88280dc1646d2a79d662e64c0d724 4f8eb4083741407ab21daa902d3eeb03 - - e62532941e864b8ba3623ffc54f3df85 e62532941e864b8ba3623ffc54f3df85] 199.19.213.209 "GET /v2.0/ports?tenant_id=2c90d3fe3c7345cab9194b2307d1ea0f&device_id=c1e40b2f-fd6a-4714-9c08-392037e6357b HTTP/1.1" status: 200 len: 1446 time: 0.0361016
2026-04-28 18:34:24.483 10 INFO neutron.wsgi [req-c71fdd73-c094-434a-9e49-c957b265ed15 req-351f26bf-a5c5-4913-a24a-5823a6447c75 54b88280dc1646d2a79d662e64c0d724 4f8eb4083741407ab21daa902d3eeb03 - - e62532941e864b8ba3623ffc54f3df85 e62532941e864b8ba3623ffc54f3df85] 199.19.213.209 "GET /v2.0/networks?id=f3d912be-f75e-4e5b-a877-56d1629f66ef HTTP/1.1" status: 200 len: 970 time: 0.0615935
2026-04-28 18:34:24.512 10 INFO neutron.wsgi [req-c71fdd73-c094-434a-9e49-c957b265ed15 req-ef271926-1888-4e46-9dc7-c9a0b7c38dbf 54b88280dc1646d2a79d662e64c0d724 4f8eb4083741407ab21daa902d3eeb03 - - e62532941e864b8ba3623ffc54f3df85 e62532941e864b8ba3623ffc54f3df85] 199.19.213.209 "GET /v2.0/floatingips?fixed_ip_address=10.100.0.5&port_id=a38d81d5-a0ca-4370-a8e8-a764b68561fa HTTP/1.1" status: 200 len: 217 time: 0.0228462
2026-04-28 18:34:24.521 9 INFO neutron.wsgi [req-3ff8a3aa-ed4f-47e8-a627-ce20b45a9cfa req-ed7acf20-4bb1-47a8-a14d-5c5af5502e38 54b88280dc1646d2a79d662e64c0d724 4f8eb4083741407ab21daa902d3eeb03 - - e62532941e864b8ba3623ffc54f3df85 e62532941e864b8ba3623ffc54f3df85] 199.19.213.209 "GET /v2.0/ports?device_id=c1e40b2f-fd6a-4714-9c08-392037e6357b HTTP/1.1" status: 200 len: 1446 time: 0.0233521
2026-04-28 18:34:24.551 10 INFO neutron.wsgi [req-c71fdd73-c094-434a-9e49-c957b265ed15 req-a278a6fa-fb9a-443a-9fab-34de2c4cbb42 54b88280dc1646d2a79d662e64c0d724 4f8eb4083741407ab21daa902d3eeb03 - - e62532941e864b8ba3623ffc54f3df85 e62532941e864b8ba3623ffc54f3df85] 199.19.213.209 "GET /v2.0/subnets?id=1b4a17bd-d30b-467c-82aa-6e6c21ee758e HTTP/1.1" status: 200 len: 865 time: 0.0310471
2026-04-28 18:34:24.556 9 INFO neutron.wsgi [req-3ff8a3aa-ed4f-47e8-a627-ce20b45a9cfa req-d22f4212-d08e-4555-99b9-c67ae2dfcc6a 54b88280dc1646d2a79d662e64c0d724 4f8eb4083741407ab21daa902d3eeb03 - - e62532941e864b8ba3623ffc54f3df85 e62532941e864b8ba3623ffc54f3df85] 199.19.213.209 "GET /v2.0/security-groups?id=aebdd632-b8f6-40ec-9324-199beb8340df&id=9dd90002-bf88-4df9-ae3f-523ee3a67862&fields=id&fields=name HTTP/1.1" status: 200 len: 406 time: 0.0315392
2026-04-28 18:34:24.611 10 INFO neutron.wsgi [req-c71fdd73-c094-434a-9e49-c957b265ed15 req-0f62a1a3-f71e-41f5-9ca3-d4511d3bc803 54b88280dc1646d2a79d662e64c0d724 4f8eb4083741407ab21daa902d3eeb03 - - e62532941e864b8ba3623ffc54f3df85 e62532941e864b8ba3623ffc54f3df85] 199.19.213.209 "GET /v2.0/ports?network_id=f3d912be-f75e-4e5b-a877-56d1629f66ef&device_owner=network%3Adhcp HTTP/1.1" status: 200 len: 210 time: 0.0353956
2026-04-28 18:34:24.673 9 INFO neutron.plugins.ml2.drivers.ovn.mech_driver.mech_driver [None req-17db49d6-4795-48b9-8c8b-b3f8607c6544 - - - - - -] OVN reports status up for port: a38d81d5-a0ca-4370-a8e8-a764b68561fa
2026-04-28 18:34:24.693 9 INFO neutron.plugins.ml2.plugin [None req-17db49d6-4795-48b9-8c8b-b3f8607c6544 - - - - - -] Attempt 1 to provision port a38d81d5-a0ca-4370-a8e8-a764b68561fa
2026-04-28 18:34:24.705 10 INFO neutron.wsgi [req-c71fdd73-c094-434a-9e49-c957b265ed15 req-9646b86c-6efc-40f6-8429-2051c6717df8 54b88280dc1646d2a79d662e64c0d724 4f8eb4083741407ab21daa902d3eeb03 - - e62532941e864b8ba3623ffc54f3df85 e62532941e864b8ba3623ffc54f3df85] 199.19.213.209 "GET /v2.0/networks/f3d912be-f75e-4e5b-a877-56d1629f66ef?fields=segments HTTP/1.1" status: 200 len: 212 time: 0.0756903
2026-04-28 18:34:24.797 10 INFO neutron.wsgi [req-c71fdd73-c094-434a-9e49-c957b265ed15 req-7d580a49-18eb-48e2-ba36-c12ece852e6b 54b88280dc1646d2a79d662e64c0d724 4f8eb4083741407ab21daa902d3eeb03 - - e62532941e864b8ba3623ffc54f3df85 e62532941e864b8ba3623ffc54f3df85] 199.19.213.209 "GET /v2.0/networks/f3d912be-f75e-4e5b-a877-56d1629f66ef?fields=provider%3Aphysical_network&fields=provider%3Anetwork_type HTTP/1.1" status: 200 len: 277 time: 0.0878284
2026-04-28 18:34:24.857 9 INFO neutron.notifiers.nova [-] Nova event matching ['req-19f183d9-4ddc-4d1c-b234-34e4805bc551'] response: {'server_uuid': 'c1e40b2f-fd6a-4714-9c08-392037e6357b', 'name': 'network-vif-plugged', 'status': 'completed', 'tag': 'a38d81d5-a0ca-4370-a8e8-a764b68561fa', 'code': 200}
2026-04-28 18:34:24.894 9 INFO neutron.wsgi [req-dfe32215-9fa8-40a3-b8f2-078baa504d8f req-1b0c768e-88a0-45d7-a308-23072b49a695 8bfced8f879b44fea1c7bff4ad7ff4d9 4c1cc84c589147c0a64cab59d28f4302 - - default default] 10.0.0.139 "GET /v2.0/ports?device_id=86dd7d48-58d8-4e38-b583-d913a2732d39 HTTP/1.1" status: 200 len: 1172 time: 0.1300614
2026-04-28 18:34:24.948 9 INFO neutron.wsgi [req-dfe32215-9fa8-40a3-b8f2-078baa504d8f req-fb457947-6fee-4d71-9738-019d5e752883 8bfced8f879b44fea1c7bff4ad7ff4d9 4c1cc84c589147c0a64cab59d28f4302 - - default default] 10.0.0.139 "GET /v2.0/security-groups?id=f84aed85-03f9-472e-9cda-a14bfdb6d4d8&fields=id&fields=name HTTP/1.1" status: 200 len: 286 time: 0.0425785
2026-04-28 18:34:25.069 9 INFO neutron.db.ovn_revision_numbers_db [None req-17db49d6-4795-48b9-8c8b-b3f8607c6544 - - - - - -] Successfully bumped revision number for resource a38d81d5-a0ca-4370-a8e8-a764b68561fa (type: ports) to 4
2026-04-28 18:34:25.150 9 INFO neutron.wsgi [req-bf809ec1-9e03-4f67-883e-710ed5e79076 req-1d17f74a-71ec-4206-bfd3-1b74bf632b96 0552dcf716db49a68e886a59e7779fe9 2c90d3fe3c7345cab9194b2307d1ea0f - - default default] 10.0.0.139 "GET /v2.0/ports?device_id=c1e40b2f-fd6a-4714-9c08-392037e6357b HTTP/1.1" status: 200 len: 1210 time: 0.0454168 /var/lib/openstack/lib/python3.10/site-packages/pycadf/identifier.py:71: UserWarning: Invalid uuid: neutron. To ensure interoperability, identifiers should be a valid uuid. warnings.warn(('Invalid uuid: %s. To ensure interoperability, '
2026-04-28 18:34:25.207 9 INFO neutron.wsgi [req-bf809ec1-9e03-4f67-883e-710ed5e79076 req-624e4d6d-deb3-420c-a714-e3ea113acbff 0552dcf716db49a68e886a59e7779fe9 2c90d3fe3c7345cab9194b2307d1ea0f - - default default] 10.0.0.139 "GET /v2.0/security-groups?id=9dd90002-bf88-4df9-ae3f-523ee3a67862&id=aebdd632-b8f6-40ec-9324-199beb8340df&fields=id&fields=name HTTP/1.1" status: 200 len: 406 time: 0.0470738
2026-04-28 18:34:26.064 9 INFO neutron.wsgi [req-5700b8e1-4339-47f3-86d4-c7e314a555a7 req-650f500e-99f2-4dac-9cd5-f2b7efb49fbc 8bfced8f879b44fea1c7bff4ad7ff4d9 4c1cc84c589147c0a64cab59d28f4302 - - default default] 10.0.0.139 "GET /v2.0/ports?device_id=86dd7d48-58d8-4e38-b583-d913a2732d39 HTTP/1.1" status: 200 len: 1172 time: 0.0386612
2026-04-28 18:34:26.109 9 INFO neutron.wsgi [req-5700b8e1-4339-47f3-86d4-c7e314a555a7 req-532467e3-0281-40b5-bbea-d9b118c319d2 8bfced8f879b44fea1c7bff4ad7ff4d9 4c1cc84c589147c0a64cab59d28f4302 - - default default] 10.0.0.139 "GET /v2.0/security-groups?id=f84aed85-03f9-472e-9cda-a14bfdb6d4d8&fields=id&fields=name HTTP/1.1" status: 200 len: 286 time: 0.0367379
2026-04-28 18:34:26.318 9 INFO neutron.wsgi [req-48d722bf-e2a0-4e77-841d-5e5a25563390 req-8bdbdb81-694b-45ef-adb7-d6325857b0c2 0552dcf716db49a68e886a59e7779fe9 2c90d3fe3c7345cab9194b2307d1ea0f - - default default] 10.0.0.139 "GET /v2.0/ports?device_id=c1e40b2f-fd6a-4714-9c08-392037e6357b HTTP/1.1" status: 200 len: 1210 time: 0.0379324
2026-04-28 18:34:26.370 9 INFO neutron.wsgi [req-48d722bf-e2a0-4e77-841d-5e5a25563390 req-d89bd06c-3d7b-407c-90fe-1ccb1264d594 0552dcf716db49a68e886a59e7779fe9 2c90d3fe3c7345cab9194b2307d1ea0f - - default default] 10.0.0.139 "GET /v2.0/security-groups?id=9dd90002-bf88-4df9-ae3f-523ee3a67862&id=aebdd632-b8f6-40ec-9324-199beb8340df&fields=id&fields=name HTTP/1.1" status: 200 len: 406 time: 0.0401781
2026-04-28 18:34:26.500 9 INFO neutron.wsgi [req-51254f55-cf89-4a79-b29d-c7c92502ae67 req-f138bc3a-6668-4f97-8be3-984d8ae355fb 0552dcf716db49a68e886a59e7779fe9 2c90d3fe3c7345cab9194b2307d1ea0f - - default default] 10.0.0.139 "GET /v2.0/ports?device_id=c1e40b2f-fd6a-4714-9c08-392037e6357b HTTP/1.1" status: 200 len: 1210 time: 0.0657413
2026-04-28 18:34:26.715 9 INFO neutron.db.l3_db [None req-e947ed3d-b937-49f8-9398-cfa9e0410438 0552dcf716db49a68e886a59e7779fe9 2c90d3fe3c7345cab9194b2307d1ea0f - - default default] Floating IP 6bfae2d6-96c4-4352-8373-2b7c6e337500 associated. External IP: 10.96.250.201, port: a38d81d5-a0ca-4370-a8e8-a764b68561fa.
2026-04-28 18:34:26.908 9 INFO neutron.notifiers.nova [-] Nova event matching ['req-f81f67ce-361e-4e2f-98d2-9be64f89f7eb'] response: {'server_uuid': 'c1e40b2f-fd6a-4714-9c08-392037e6357b', 'name': 'network-vif-plugged', 'status': 'completed', 'tag': 'a38d81d5-a0ca-4370-a8e8-a764b68561fa', 'code': 200}
2026-04-28 18:34:26.911 9 INFO neutron.db.ovn_revision_numbers_db [None req-e947ed3d-b937-49f8-9398-cfa9e0410438 0552dcf716db49a68e886a59e7779fe9 2c90d3fe3c7345cab9194b2307d1ea0f - - default default] Successfully bumped revision number for resource 6bfae2d6-96c4-4352-8373-2b7c6e337500 (type: floatingips) to 1
2026-04-28 18:34:26.984 10 INFO neutron.db.ovn_revision_numbers_db [None req-c5598ea3-9556-4628-bf75-cd26d26aab95 07808ddb492b4f02a112347c2a19a845 312ac9befa304eff851dc0d6a42a3e77 - - default default] Successfully bumped revision number for resource 0eabb0de-26a2-4fe8-a771-ea1f64574a75 (type: security_groups) to 1
2026-04-28 18:34:26.999 10 INFO neutron.db.ovn_revision_numbers_db [None req-c5598ea3-9556-4628-bf75-cd26d26aab95 07808ddb492b4f02a112347c2a19a845 312ac9befa304eff851dc0d6a42a3e77 - - default default] Successfully bumped revision number for resource 2fdd2c98-af9e-4b67-9c82-65d352874b86 (type: security_group_rules) to 0
2026-04-28 18:34:27.015 9 INFO neutron.db.ovn_revision_numbers_db [None req-e947ed3d-b937-49f8-9398-cfa9e0410438 0552dcf716db49a68e886a59e7779fe9 2c90d3fe3c7345cab9194b2307d1ea0f - - default default] Successfully bumped revision number for resource 6bfae2d6-96c4-4352-8373-2b7c6e337500 (type: floatingips) to 2
2026-04-28 18:34:27.020 10 INFO neutron.db.ovn_revision_numbers_db [None req-c5598ea3-9556-4628-bf75-cd26d26aab95 07808ddb492b4f02a112347c2a19a845 312ac9befa304eff851dc0d6a42a3e77 - - default default] Successfully bumped revision number for resource 5524d52f-e3a4-441d-b717-f3ef954c7450 (type: security_group_rules) to 0
2026-04-28 18:34:27.037 10 INFO neutron.db.ovn_revision_numbers_db [None req-c5598ea3-9556-4628-bf75-cd26d26aab95 07808ddb492b4f02a112347c2a19a845 312ac9befa304eff851dc0d6a42a3e77 - - default default] Successfully bumped revision number for resource 9c224600-92cb-4767-9762-b7557b7a71f1 (type: security_group_rules) to 0
2026-04-28 18:34:27.043 9 INFO neutron.wsgi [None req-e947ed3d-b937-49f8-9398-cfa9e0410438 0552dcf716db49a68e886a59e7779fe9 2c90d3fe3c7345cab9194b2307d1ea0f - - default default] 10.0.0.85 "PUT /v2.0/floatingips/6bfae2d6-96c4-4352-8373-2b7c6e337500 HTTP/1.1" status: 200 len: 1049 time: 0.5274432
2026-04-28 18:34:27.050 10 INFO neutron.db.ovn_revision_numbers_db [None req-c5598ea3-9556-4628-bf75-cd26d26aab95 07808ddb492b4f02a112347c2a19a845 312ac9befa304eff851dc0d6a42a3e77 - - default default] Successfully bumped revision number for resource affa56f4-6b45-4628-a42c-fa19d97bd2cd (type: security_group_rules) to 0
2026-04-28 18:34:27.105 10 INFO neutron.db.segments_db [None req-c5598ea3-9556-4628-bf75-cd26d26aab95 07808ddb492b4f02a112347c2a19a845 312ac9befa304eff851dc0d6a42a3e77 - - default default] Added segment 4c155122-7882-443c-b18e-662101fb693f of type geneve for network ed40b333-74b5-43bf-8c26-1ab8aee43ddd /var/lib/openstack/lib/python3.10/site-packages/pycadf/identifier.py:71: UserWarning: Invalid uuid: neutron. To ensure interoperability, identifiers should be a valid uuid. warnings.warn(('Invalid uuid: %s. To ensure interoperability, '
2026-04-28 18:34:27.270 9 INFO neutron.wsgi [req-afd72717-a850-48fc-a247-2577083f80fe req-8b421d14-6fe2-430e-8202-b84461d3ceff 8bfced8f879b44fea1c7bff4ad7ff4d9 4c1cc84c589147c0a64cab59d28f4302 - - default default] 10.0.0.139 "GET /v2.0/ports?device_id=86dd7d48-58d8-4e38-b583-d913a2732d39 HTTP/1.1" status: 200 len: 1172 time: 0.0634513
2026-04-28 18:34:27.331 9 INFO neutron.wsgi [req-afd72717-a850-48fc-a247-2577083f80fe req-41b96d47-9ddf-46ed-84a2-879769ba74f3 8bfced8f879b44fea1c7bff4ad7ff4d9 4c1cc84c589147c0a64cab59d28f4302 - - default default] 10.0.0.139 "GET /v2.0/security-groups?id=f84aed85-03f9-472e-9cda-a14bfdb6d4d8&fields=id&fields=name HTTP/1.1" status: 200 len: 286 time: 0.0506227
2026-04-28 18:34:27.366 10 INFO neutron.db.ovn_revision_numbers_db [None req-c5598ea3-9556-4628-bf75-cd26d26aab95 07808ddb492b4f02a112347c2a19a845 312ac9befa304eff851dc0d6a42a3e77 - - default default] Successfully bumped revision number for resource ed40b333-74b5-43bf-8c26-1ab8aee43ddd (type: networks) to 1
2026-04-28 18:34:27.536 10 WARNING neutron.scheduler.dhcp_agent_scheduler [None req-c5598ea3-9556-4628-bf75-cd26d26aab95 07808ddb492b4f02a112347c2a19a845 312ac9befa304eff851dc0d6a42a3e77 - - default default] No more DHCP agents
2026-04-28 18:34:27.539 10 WARNING neutron.api.rpc.agentnotifiers.dhcp_rpc_agent_api [None req-c5598ea3-9556-4628-bf75-cd26d26aab95 07808ddb492b4f02a112347c2a19a845 312ac9befa304eff851dc0d6a42a3e77 - - default default] Unable to schedule network ed40b333-74b5-43bf-8c26-1ab8aee43ddd: no agents available; will retry on subsequent port and subnet creation events.
2026-04-28 18:34:27.623 10 INFO neutron.db.ovn_revision_numbers_db [None req-c5598ea3-9556-4628-bf75-cd26d26aab95 07808ddb492b4f02a112347c2a19a845 312ac9befa304eff851dc0d6a42a3e77 - - default default] Successfully bumped revision number for resource 0213ee1f-0211-4cdc-b584-c6111beb22b7 (type: ports) to 1
2026-04-28 18:34:27.647 10 INFO neutron.wsgi [None req-c5598ea3-9556-4628-bf75-cd26d26aab95 07808ddb492b4f02a112347c2a19a845 312ac9befa304eff851dc0d6a42a3e77 - - default default] 10.0.0.85 "POST /v2.0/networks HTTP/1.1" status: 201 len: 928 time: 1.0222890
2026-04-28 18:34:27.777 9 INFO neutron.wsgi [None req-6e30e32f-08ce-4f88-bd83-5eb9176b4796 e162a0de2d74490499e5ac5afbebae57 351adea53509494fa05e30c75611c2d9 - - default default] 10.0.0.85 "POST /v2.0/qos/policies HTTP/1.1" status: 201 len: 558 time: 0.1802793
