2026-04-28 18:33:02.411 9 INFO neutron.wsgi [None req-f0a790ea-c8fc-4ead-a8d7-b023187e164e 65c019604b1048f1ac963b0aa253f508 9ac28dc8ca2943d2bde229ae8792526f - - default default] 10.0.0.85 "POST /v2.0/networks HTTP/1.1" status: 201 len: 832 time: 0.8439717
2026-04-28 18:33:02.430 10 INFO neutron.wsgi [req-4afb9487-4fd5-4291-8939-2fabaa613b31 req-83ca988c-fb6f-498e-96c5-6a505523e8ad 54b88280dc1646d2a79d662e64c0d724 4f8eb4083741407ab21daa902d3eeb03 - - e62532941e864b8ba3623ffc54f3df85 e62532941e864b8ba3623ffc54f3df85] 199.19.213.209 "GET /v2.0/networks/aa917e56-3e55-43c0-945f-0acc23b2ca3f?fields=provider%3Aphysical_network&fields=provider%3Anetwork_type HTTP/1.1" status: 200 len: 277 time: 0.0688930
2026-04-28 18:33:02.507 10 INFO neutron.wsgi [req-0cbce863-2338-4047-9c8f-705483eb61f6 req-48e5fe5c-745f-40f0-9d30-d7d8535d1d70 54b88280dc1646d2a79d662e64c0d724 4f8eb4083741407ab21daa902d3eeb03 - - e62532941e864b8ba3623ffc54f3df85 e62532941e864b8ba3623ffc54f3df85] 199.19.213.209 "GET /v2.0/ports?tenant_id=49f4c2b8fe7c4046a30e7c1883c58d88&device_id=6c324518-90f8-49f5-a013-2ba0e016367e HTTP/1.1" status: 200 len: 1411 time: 0.0301952
2026-04-28 18:33:02.600 9 INFO neutron.wsgi [req-79135dc8-3d3d-45f3-860d-7f5ca0f18eef req-edbe9e1e-d62f-478e-a3c5-7200aa7722e7 080040d0605749508101df07a6638036 49f4c2b8fe7c4046a30e7c1883c58d88 - - default default] 10.0.0.139 "GET /v2.0/ports?device_id=6c324518-90f8-49f5-a013-2ba0e016367e HTTP/1.1" status: 200 len: 1172 time: 0.0616643
2026-04-28 18:33:02.613 10 INFO neutron.wsgi [req-0cbce863-2338-4047-9c8f-705483eb61f6 req-48167199-ce5e-47cb-9965-e7206140b1c2 54b88280dc1646d2a79d662e64c0d724 4f8eb4083741407ab21daa902d3eeb03 - - e62532941e864b8ba3623ffc54f3df85 e62532941e864b8ba3623ffc54f3df85] 199.19.213.209 "GET /v2.0/networks?id=aa917e56-3e55-43c0-945f-0acc23b2ca3f HTTP/1.1" status: 200 len: 975 time: 0.0986772
2026-04-28 18:33:02.629 9 INFO neutron.plugins.ml2.drivers.ovn.mech_driver.mech_driver [None req-17db49d6-4795-48b9-8c8b-b3f8607c6544 - - - - - -] OVN reports status up for port: e83ada01-c809-45e2-903f-028af9711bf8
2026-04-28 18:33:02.662 9 INFO neutron.plugins.ml2.plugin [None req-17db49d6-4795-48b9-8c8b-b3f8607c6544 - - - - - -] Attempt 1 to provision port e83ada01-c809-45e2-903f-028af9711bf8
2026-04-28 18:33:02.669 10 INFO neutron.wsgi [req-0cbce863-2338-4047-9c8f-705483eb61f6 req-4c609e88-230d-4dae-9d1d-121b590b4ce2 54b88280dc1646d2a79d662e64c0d724 4f8eb4083741407ab21daa902d3eeb03 - - e62532941e864b8ba3623ffc54f3df85 e62532941e864b8ba3623ffc54f3df85] 199.19.213.209 "GET /v2.0/floatingips?fixed_ip_address=10.100.0.10&port_id=e83ada01-c809-45e2-903f-028af9711bf8 HTTP/1.1" status: 200 len: 217 time: 0.0468700
2026-04-28 18:33:02.692 9 INFO neutron.wsgi [req-79135dc8-3d3d-45f3-860d-7f5ca0f18eef req-0e2826bc-0082-4946-95e1-40ed1db9a368 080040d0605749508101df07a6638036 49f4c2b8fe7c4046a30e7c1883c58d88 - - default default] 10.0.0.139 "GET /v2.0/security-groups?id=53d0f42c-2e51-4d36-bdd5-e5fd12112b9d&fields=id&fields=name HTTP/1.1" status: 200 len: 286 time: 0.0866995
2026-04-28 18:33:02.713 10 INFO neutron.wsgi [req-0cbce863-2338-4047-9c8f-705483eb61f6 req-d17515d8-2fc8-4890-b003-49cc311c2f5e 54b88280dc1646d2a79d662e64c0d724 4f8eb4083741407ab21daa902d3eeb03 - - e62532941e864b8ba3623ffc54f3df85 e62532941e864b8ba3623ffc54f3df85] 199.19.213.209 "GET /v2.0/subnets?id=28716c20-ce81-4786-ae6f-362786e17e88 HTTP/1.1" status: 200 len: 870 time: 0.0387285
2026-04-28 18:33:02.740 10 INFO neutron.wsgi [req-0cbce863-2338-4047-9c8f-705483eb61f6 req-7d4fbca7-deb1-4588-b576-c6593586ee2b 54b88280dc1646d2a79d662e64c0d724 4f8eb4083741407ab21daa902d3eeb03 - - e62532941e864b8ba3623ffc54f3df85 e62532941e864b8ba3623ffc54f3df85] 199.19.213.209 "GET /v2.0/ports?network_id=aa917e56-3e55-43c0-945f-0acc23b2ca3f&device_owner=network%3Adhcp HTTP/1.1" status: 200 len: 210 time: 0.0202644
2026-04-28 18:33:02.820 10 INFO neutron.wsgi [req-0cbce863-2338-4047-9c8f-705483eb61f6 req-f907f15e-6bc8-4fd0-914b-9b89cb54f2e7 54b88280dc1646d2a79d662e64c0d724 4f8eb4083741407ab21daa902d3eeb03 - - e62532941e864b8ba3623ffc54f3df85 e62532941e864b8ba3623ffc54f3df85] 199.19.213.209 "GET /v2.0/networks/aa917e56-3e55-43c0-945f-0acc23b2ca3f?fields=segments HTTP/1.1" status: 200 len: 212 time: 0.0712321
2026-04-28 18:33:02.892 10 INFO neutron.wsgi [req-0cbce863-2338-4047-9c8f-705483eb61f6 req-bf223306-58d2-4f53-b870-b5812932d4b7 54b88280dc1646d2a79d662e64c0d724 4f8eb4083741407ab21daa902d3eeb03 - - e62532941e864b8ba3623ffc54f3df85 e62532941e864b8ba3623ffc54f3df85] 199.19.213.209 "GET /v2.0/networks/aa917e56-3e55-43c0-945f-0acc23b2ca3f?fields=provider%3Aphysical_network&fields=provider%3Anetwork_type HTTP/1.1" status: 200 len: 277 time: 0.0618672
2026-04-28 18:33:02.990 9 INFO neutron.db.ovn_revision_numbers_db [None req-bc58f7c1-f929-4cbf-a09f-28d049041560 d4c39c44a0c5410da1fa986cb361b67d 740daeb072f440d1be500fa3c12e35f9 - - default default] Successfully bumped revision number for resource 62ff1c9e-3613-49f3-a87b-81cf6d4616ff (type: security_groups) to 1
2026-04-28 18:33:03.012 9 INFO neutron.db.ovn_revision_numbers_db [None req-bc58f7c1-f929-4cbf-a09f-28d049041560 d4c39c44a0c5410da1fa986cb361b67d 740daeb072f440d1be500fa3c12e35f9 - - default default] Successfully bumped revision number for resource 68ad870c-d76d-4276-a042-5d8917b908ab (type: security_group_rules) to 0
2026-04-28 18:33:03.046 9 INFO neutron.db.ovn_revision_numbers_db [None req-bc58f7c1-f929-4cbf-a09f-28d049041560 d4c39c44a0c5410da1fa986cb361b67d 740daeb072f440d1be500fa3c12e35f9 - - default default] Successfully bumped revision number for resource 7b80a8cf-ea3a-4a8c-88e1-5ddc0f67676a (type: security_group_rules) to 0
2026-04-28 18:33:03.084 9 INFO neutron.db.ovn_revision_numbers_db [None req-bc58f7c1-f929-4cbf-a09f-28d049041560 d4c39c44a0c5410da1fa986cb361b67d 740daeb072f440d1be500fa3c12e35f9 - - default default] Successfully bumped revision number for resource b25e1349-3ac9-41df-b73e-09b0b0f74f03 (type: security_group_rules) to 0
2026-04-28 18:33:03.112 9 INFO neutron.notifiers.nova [-] Nova event matching ['req-1f5ddbdd-c607-42d7-9bc5-8b327a4fffbd'] response: {'server_uuid': '6c324518-90f8-49f5-a013-2ba0e016367e', 'name': 'network-vif-plugged', 'status': 'completed', 'tag': 'e83ada01-c809-45e2-903f-028af9711bf8', 'code': 200}
2026-04-28 18:33:03.121 9 INFO neutron.db.ovn_revision_numbers_db [None req-bc58f7c1-f929-4cbf-a09f-28d049041560 d4c39c44a0c5410da1fa986cb361b67d 740daeb072f440d1be500fa3c12e35f9 - - default default] Successfully bumped revision number for resource d11af96c-fe5f-44e5-9ab0-a3e730676c77 (type: security_group_rules) to 0
2026-04-28 18:33:03.196 9 INFO neutron.db.segments_db [None req-bc58f7c1-f929-4cbf-a09f-28d049041560 d4c39c44a0c5410da1fa986cb361b67d 740daeb072f440d1be500fa3c12e35f9 - - default default] Added segment f289e91c-61f7-4952-8d0f-d53df5222a06 of type geneve for network c9e2b194-23a1-4134-bb75-d2f039b72af0
2026-04-28 18:33:03.355 9 WARNING neutron.scheduler.dhcp_agent_scheduler [None req-a9128012-c4ea-4370-a3a8-38cb8c813021 65c019604b1048f1ac963b0aa253f508 9ac28dc8ca2943d2bde229ae8792526f - - default default] No more DHCP agents
2026-04-28 18:33:03.369 9 WARNING neutron.api.rpc.agentnotifiers.dhcp_rpc_agent_api [None req-a9128012-c4ea-4370-a3a8-38cb8c813021 65c019604b1048f1ac963b0aa253f508 9ac28dc8ca2943d2bde229ae8792526f - - default default] Unable to schedule network af8490e8-3bb6-439f-be93-97801fca88e6: no agents available; will retry on subsequent port and subnet creation events.
2026-04-28 18:33:03.422 9 INFO neutron.db.ovn_revision_numbers_db [None req-17db49d6-4795-48b9-8c8b-b3f8607c6544 - - - - - -] Successfully bumped revision number for resource e83ada01-c809-45e2-903f-028af9711bf8 (type: ports) to 4
2026-04-28 18:33:03.479 9 INFO neutron.db.ovn_revision_numbers_db [None req-bc58f7c1-f929-4cbf-a09f-28d049041560 d4c39c44a0c5410da1fa986cb361b67d 740daeb072f440d1be500fa3c12e35f9 - - default default] Successfully bumped revision number for resource c9e2b194-23a1-4134-bb75-d2f039b72af0 (type: networks) to 1
2026-04-28 18:33:03.677 9 INFO neutron.db.ovn_revision_numbers_db [None req-a9128012-c4ea-4370-a3a8-38cb8c813021 65c019604b1048f1ac963b0aa253f508 9ac28dc8ca2943d2bde229ae8792526f - - default default] Successfully bumped revision number for resource 2c8334cd-4495-4da2-a4a5-747800ae01f3 (type: ports) to 1
2026-04-28 18:33:03.727 9 WARNING neutron.scheduler.dhcp_agent_scheduler [None req-bc58f7c1-f929-4cbf-a09f-28d049041560 d4c39c44a0c5410da1fa986cb361b67d 740daeb072f440d1be500fa3c12e35f9 - - default default] No more DHCP agents
2026-04-28 18:33:03.735 9 WARNING neutron.api.rpc.agentnotifiers.dhcp_rpc_agent_api [None req-bc58f7c1-f929-4cbf-a09f-28d049041560 d4c39c44a0c5410da1fa986cb361b67d 740daeb072f440d1be500fa3c12e35f9 - - default default] Unable to schedule network c9e2b194-23a1-4134-bb75-d2f039b72af0: no agents available; will retry on subsequent port and subnet creation events. /var/lib/openstack/lib/python3.10/site-packages/pycadf/identifier.py:71: UserWarning: Invalid uuid: neutron. To ensure interoperability, identifiers should be a valid uuid. warnings.warn(('Invalid uuid: %s. To ensure interoperability, '
2026-04-28 18:33:03.831 9 INFO neutron.wsgi [req-9e07030b-c990-434f-b6d1-c07926913a42 req-e0e16954-8458-41d7-95a6-6e2310810d60 080040d0605749508101df07a6638036 49f4c2b8fe7c4046a30e7c1883c58d88 - - default default] 10.0.0.139 "GET /v2.0/ports?device_id=6c324518-90f8-49f5-a013-2ba0e016367e HTTP/1.1" status: 200 len: 1174 time: 0.0467777
2026-04-28 18:33:03.863 9 INFO neutron.db.ovn_revision_numbers_db [None req-bc58f7c1-f929-4cbf-a09f-28d049041560 d4c39c44a0c5410da1fa986cb361b67d 740daeb072f440d1be500fa3c12e35f9 - - default default] Successfully bumped revision number for resource 76aa3747-eb51-48ab-a944-540ed0a6a32a (type: ports) to 1
2026-04-28 18:33:03.895 9 INFO neutron.wsgi [req-9e07030b-c990-434f-b6d1-c07926913a42 req-912c9a0e-ca2c-40dc-9f75-d8148ac7d596 080040d0605749508101df07a6638036 49f4c2b8fe7c4046a30e7c1883c58d88 - - default default] 10.0.0.139 "GET /v2.0/security-groups?id=53d0f42c-2e51-4d36-bdd5-e5fd12112b9d&fields=id&fields=name HTTP/1.1" status: 200 len: 286 time: 0.0562024
2026-04-28 18:33:03.912 9 INFO neutron.wsgi [None req-bc58f7c1-f929-4cbf-a09f-28d049041560 d4c39c44a0c5410da1fa986cb361b67d 740daeb072f440d1be500fa3c12e35f9 - - default default] 10.0.0.85 "POST /v2.0/networks HTTP/1.1" status: 201 len: 847 time: 1.5212247
2026-04-28 18:33:04.238 9 INFO neutron.plugins.ml2.drivers.ovn.mech_driver.mech_driver [None req-17db49d6-4795-48b9-8c8b-b3f8607c6544 - - - - - -] OVN reports status down for port: e83ada01-c809-45e2-903f-028af9711bf8
2026-04-28 18:33:04.256 9 INFO neutron.wsgi [req-a6bc2ab8-83fd-412f-8c96-5aece7475cab req-53bf55f6-1281-47d5-8409-145e94dfe963 080040d0605749508101df07a6638036 49f4c2b8fe7c4046a30e7c1883c58d88 - - default default] 10.0.0.139 "GET /v2.0/ports?device_id=6c324518-90f8-49f5-a013-2ba0e016367e HTTP/1.1" status: 200 len: 1174 time: 0.0520225
2026-04-28 18:33:04.330 9 INFO neutron.wsgi [req-a6bc2ab8-83fd-412f-8c96-5aece7475cab req-e3c88c04-0010-486c-9394-ab60e105abda 080040d0605749508101df07a6638036 49f4c2b8fe7c4046a30e7c1883c58d88 - - default default] 10.0.0.139 "GET /v2.0/security-groups?id=53d0f42c-2e51-4d36-bdd5-e5fd12112b9d&fields=id&fields=name HTTP/1.1" status: 200 len: 286 time: 0.0630386
2026-04-28 18:33:04.401 9 INFO neutron.plugins.ml2.drivers.ovn.mech_driver.ovsdb.ovsdb_monitor [None req-518b93e8-6381-4930-b58f-1456798fdf67 - - - - - -] Router cefb5e0a-5a78-4d6e-9f47-bbe17302998f is bound to host instance
2026-04-28 18:33:04.449 9 INFO neutron.db.ovn_revision_numbers_db [None req-a9128012-c4ea-4370-a3a8-38cb8c813021 65c019604b1048f1ac963b0aa253f508 9ac28dc8ca2943d2bde229ae8792526f - - default default] Successfully bumped revision number for resource 2c8334cd-4495-4da2-a4a5-747800ae01f3 (type: router_ports) to 1
2026-04-28 18:33:04.559 9 INFO neutron.db.ovn_revision_numbers_db [None req-a9128012-c4ea-4370-a3a8-38cb8c813021 65c019604b1048f1ac963b0aa253f508 9ac28dc8ca2943d2bde229ae8792526f - - default default] Successfully bumped revision number for resource cefb5e0a-5a78-4d6e-9f47-bbe17302998f (type: routers) to 2
2026-04-28 18:33:04.604 9 INFO neutron.wsgi [None req-a9128012-c4ea-4370-a3a8-38cb8c813021 65c019604b1048f1ac963b0aa253f508 9ac28dc8ca2943d2bde229ae8792526f - - default default] 10.0.0.85 "POST /v2.0/routers HTTP/1.1" status: 201 len: 875 time: 2.1867833
2026-04-28 18:33:04.626 10 INFO neutron.wsgi [req-5101801d-e5e0-471c-b8e1-e1fefbf38b95 req-52eb34cf-89f0-414b-b68e-13cba7aa423a 080040d0605749508101df07a6638036 49f4c2b8fe7c4046a30e7c1883c58d88 - - default default] 199.19.213.209 "GET /v2.0/ports?device_id=6c324518-90f8-49f5-a013-2ba0e016367e HTTP/1.1" status: 200 len: 1172 time: 0.1163237
2026-04-28 18:33:04.663 9 INFO neutron.db.ovn_revision_numbers_db [None req-17db49d6-4795-48b9-8c8b-b3f8607c6544 - - - - - -] Successfully bumped revision number for resource e83ada01-c809-45e2-903f-028af9711bf8 (type: ports) to 5
2026-04-28 18:33:04.683 9 INFO neutron.plugins.ml2.drivers.ovn.mech_driver.mech_driver [None req-17db49d6-4795-48b9-8c8b-b3f8607c6544 - - - - - -] OVN reports status up for port: 2c8334cd-4495-4da2-a4a5-747800ae01f3
2026-04-28 18:33:04.702 9 INFO neutron.plugins.ml2.plugin [None req-17db49d6-4795-48b9-8c8b-b3f8607c6544 - - - - - -] Attempt 1 to provision port 2c8334cd-4495-4da2-a4a5-747800ae01f3
2026-04-28 18:33:04.726 10 WARNING neutron.plugins.ml2.drivers.ovn.mech_driver.ovsdb.ovn_client [None req-61ff434f-011b-47b9-8267-37fb304c1254 - - - - - -] No hosting information found for port 45f07733-e885-4cc9-95c3-282ec88de84a: RuntimeError: No hosting information found for port 45f07733-e885-4cc9-95c3-282ec88de84a
2026-04-28 18:33:04.735 10 WARNING neutron.scheduler.dhcp_agent_scheduler [None req-c4014a6c-8b98-4a54-bc92-197d3150ad96 d4c39c44a0c5410da1fa986cb361b67d 740daeb072f440d1be500fa3c12e35f9 - - default default] No more DHCP agents
2026-04-28 18:33:04.739 10 WARNING neutron.api.rpc.agentnotifiers.dhcp_rpc_agent_api [None req-c4014a6c-8b98-4a54-bc92-197d3150ad96 d4c39c44a0c5410da1fa986cb361b67d 740daeb072f440d1be500fa3c12e35f9 - - default default] Unable to schedule network c9e2b194-23a1-4134-bb75-d2f039b72af0: no agents available; will retry on subsequent port and subnet creation events.
2026-04-28 18:33:04.791 10 INFO neutron.db.ovn_revision_numbers_db [None req-c4014a6c-8b98-4a54-bc92-197d3150ad96 d4c39c44a0c5410da1fa986cb361b67d 740daeb072f440d1be500fa3c12e35f9 - - default default] Successfully bumped revision number for resource 012c2bcb-5e88-42eb-b25d-ef958ae32314 (type: subnets) to 0
2026-04-28 18:33:04.811 10 INFO neutron.wsgi [None req-c4014a6c-8b98-4a54-bc92-197d3150ad96 d4c39c44a0c5410da1fa986cb361b67d 740daeb072f440d1be500fa3c12e35f9 - - default default] 10.0.0.85 "POST /v2.0/subnets HTTP/1.1" status: 201 len: 848 time: 0.3847907 /var/lib/openstack/lib/python3.10/site-packages/pycadf/identifier.py:71: UserWarning: Invalid uuid: neutron. To ensure interoperability, identifiers should be a valid uuid. warnings.warn(('Invalid uuid: %s. To ensure interoperability, '
2026-04-28 18:33:04.881 9 INFO neutron.wsgi [None req-9186c36b-46ba-48c8-98dc-bc5ffb6822aa 2c44670f68fe413b8a304190b0f3ec4e 562e1680d9bc46859e152eaf4965ab51 - - default default] 10.0.0.85 "GET /v2.0/subnets?project_id=9ac28dc8ca2943d2bde229ae8792526f&cidr=10.100.0.0%2F28 HTTP/1.1" status: 200 len: 207 time: 0.2696230
2026-04-28 18:33:04.920 10 INFO neutron.db.segments_db [None req-af9304e6-6dc8-48d5-99b9-3985e662442b d4c39c44a0c5410da1fa986cb361b67d 740daeb072f440d1be500fa3c12e35f9 - - default default] Added segment f5ffe933-665d-46ff-9c09-d31b8aaf62e5 of type geneve for network 66e50fcc-df95-4177-be92-04bc247d1ccc
2026-04-28 18:33:05.025 10 INFO neutron.wsgi [None req-67241893-b47f-4950-a3b4-4fdc971a5117 2c44670f68fe413b8a304190b0f3ec4e 562e1680d9bc46859e152eaf4965ab51 - - default default] 10.0.0.85 "GET /v2.0/networks?router%3Aexternal=True HTTP/1.1" status: 200 len: 947 time: 0.1359286
2026-04-28 18:33:05.038 9 INFO neutron.db.ovn_revision_numbers_db [None req-518b93e8-6381-4930-b58f-1456798fdf67 - - - - - -] Successfully bumped revision number for resource 2c8334cd-4495-4da2-a4a5-747800ae01f3 (type: ports) to 1
2026-04-28 18:33:05.050 9 INFO neutron.wsgi [None req-b94c769e-3996-4b55-b85f-e998ebca867a 2c44670f68fe413b8a304190b0f3ec4e 562e1680d9bc46859e152eaf4965ab51 - - default default] 10.0.0.85 "GET /v2.0/subnets?network_id=af8490e8-3bb6-439f-be93-97801fca88e6&cidr=10.100.0.0%2F28 HTTP/1.1" status: 200 len: 207 time: 0.0203347
2026-04-28 18:33:05.067 10 INFO neutron.wsgi [req-5101801d-e5e0-471c-b8e1-e1fefbf38b95 req-d89582f2-99e5-4623-a958-53825fdf35c6 080040d0605749508101df07a6638036 49f4c2b8fe7c4046a30e7c1883c58d88 - - default default] 199.19.213.209 "DELETE /v2.0/ports/e83ada01-c809-45e2-903f-028af9711bf8 HTTP/1.1" status: 204 len: 173 time: 0.4330776
2026-04-28 18:33:05.104 10 INFO neutron.notifiers.nova [-] Nova event matching ['req-f6cebd17-4ccf-4d8a-9588-15400f82e78e'] response: {'server_uuid': '6c324518-90f8-49f5-a013-2ba0e016367e', 'name': 'network-vif-deleted', 'tag': 'e83ada01-c809-45e2-903f-028af9711bf8', 'status': 'completed', 'code': 200}
2026-04-28 18:33:05.105 10 INFO neutron.db.ovn_revision_numbers_db [None req-af9304e6-6dc8-48d5-99b9-3985e662442b d4c39c44a0c5410da1fa986cb361b67d 740daeb072f440d1be500fa3c12e35f9 - - default default] Successfully bumped revision number for resource 66e50fcc-df95-4177-be92-04bc247d1ccc (type: networks) to 1
2026-04-28 18:33:05.148 9 INFO neutron.notifiers.nova [-] Nova event matching ['req-df7bdb16-3c54-483d-bb81-38e410a9b612'] response: {'server_uuid': '6c324518-90f8-49f5-a013-2ba0e016367e', 'name': 'network-vif-plugged', 'status': 'completed', 'tag': 'e83ada01-c809-45e2-903f-028af9711bf8', 'code': 200}
2026-04-28 18:33:05.149 9 INFO neutron.notifiers.nova [-] Nova event matching ['req-df7bdb16-3c54-483d-bb81-38e410a9b612'] response: {'server_uuid': '6c324518-90f8-49f5-a013-2ba0e016367e', 'name': 'network-vif-unplugged', 'status': 'completed', 'tag': 'e83ada01-c809-45e2-903f-028af9711bf8', 'code': 200}
2026-04-28 18:33:05.149 9 INFO neutron.notifiers.nova [-] Nova event matching ['req-df7bdb16-3c54-483d-bb81-38e410a9b612'] response: {'server_uuid': '6c324518-90f8-49f5-a013-2ba0e016367e', 'name': 'network-vif-plugged', 'status': 'completed', 'tag': 'e83ada01-c809-45e2-903f-028af9711bf8', 'code': 200}
2026-04-28 18:33:05.262 10 WARNING neutron.scheduler.dhcp_agent_scheduler [None req-af9304e6-6dc8-48d5-99b9-3985e662442b d4c39c44a0c5410da1fa986cb361b67d 740daeb072f440d1be500fa3c12e35f9 - - default default] No more DHCP agents
2026-04-28 18:33:05.263 10 WARNING neutron.api.rpc.agentnotifiers.dhcp_rpc_agent_api [None req-af9304e6-6dc8-48d5-99b9-3985e662442b d4c39c44a0c5410da1fa986cb361b67d 740daeb072f440d1be500fa3c12e35f9 - - default default] Unable to schedule network 66e50fcc-df95-4177-be92-04bc247d1ccc: no agents available; will retry on subsequent port and subnet creation events.
2026-04-28 18:33:05.318 10 INFO neutron.wsgi [-] 10.0.0.89 "GET / HTTP/1.1" status: 200 len: 246 time: 0.0016592
2026-04-28 18:33:05.320 10 INFO neutron.wsgi [-] 10.0.0.89 "GET / HTTP/1.1" status: 200 len: 246 time: 0.0012431
2026-04-28 18:33:05.343 10 INFO neutron.db.ovn_revision_numbers_db [None req-af9304e6-6dc8-48d5-99b9-3985e662442b d4c39c44a0c5410da1fa986cb361b67d 740daeb072f440d1be500fa3c12e35f9 - - default default] Successfully bumped revision number for resource d2cc46de-ca4f-444c-a5ae-ad8230f305cc (type: ports) to 1
2026-04-28 18:33:05.364 10 INFO neutron.wsgi [None req-af9304e6-6dc8-48d5-99b9-3985e662442b d4c39c44a0c5410da1fa986cb361b67d 740daeb072f440d1be500fa3c12e35f9 - - default default] 10.0.0.85 "POST /v2.0/networks HTTP/1.1" status: 201 len: 846 time: 0.5474398
2026-04-28 18:33:05.616 10 INFO neutron.db.ovn_revision_numbers_db [None req-957c4c63-1f4f-49a7-90b1-6ecc168c2913 d4c39c44a0c5410da1fa986cb361b67d 740daeb072f440d1be500fa3c12e35f9 - - default default] Successfully bumped revision number for resource 66e50fcc-df95-4177-be92-04bc247d1ccc (type: networks) to 2
2026-04-28 18:33:05.619 10 INFO neutron.wsgi [None req-957c4c63-1f4f-49a7-90b1-6ecc168c2913 d4c39c44a0c5410da1fa986cb361b67d 740daeb072f440d1be500fa3c12e35f9 - - default default] 10.0.0.85 "PUT /v2.0/networks/66e50fcc-df95-4177-be92-04bc247d1ccc HTTP/1.1" status: 200 len: 792 time: 0.2422259
2026-04-28 18:33:05.666 9 WARNING neutron.scheduler.dhcp_agent_scheduler [None req-0efcda8b-0dbc-470b-984c-ceacaab9407c 65c019604b1048f1ac963b0aa253f508 9ac28dc8ca2943d2bde229ae8792526f - - default default] No more DHCP agents
2026-04-28 18:33:05.679 9 WARNING neutron.api.rpc.agentnotifiers.dhcp_rpc_agent_api [None req-0efcda8b-0dbc-470b-984c-ceacaab9407c 65c019604b1048f1ac963b0aa253f508 9ac28dc8ca2943d2bde229ae8792526f - - default default] Unable to schedule network 1b2bd72f-5f03-45de-86b1-a6c30089628c: no agents available; will retry on subsequent port and subnet creation events.
2026-04-28 18:33:05.709 9 INFO neutron.db.ovn_revision_numbers_db [None req-518b93e8-6381-4930-b58f-1456798fdf67 - - - - - -] Successfully bumped revision number for resource 2c8334cd-4495-4da2-a4a5-747800ae01f3 (type: router_ports) to 3
2026-04-28 18:33:06.004 9 INFO neutron.db.ovn_revision_numbers_db [None req-518b93e8-6381-4930-b58f-1456798fdf67 - - - - - -] Successfully bumped revision number for resource 2c8334cd-4495-4da2-a4a5-747800ae01f3 (type: ports) to 2
2026-04-28 18:33:06.054 9 WARNING neutron.scheduler.dhcp_agent_scheduler [None req-bd071548-cdbf-4b21-8002-8e1f6daacd25 d4c39c44a0c5410da1fa986cb361b67d 740daeb072f440d1be500fa3c12e35f9 - - default default] No more DHCP agents
2026-04-28 18:33:06.060 9 WARNING neutron.api.rpc.agentnotifiers.dhcp_rpc_agent_api [None req-bd071548-cdbf-4b21-8002-8e1f6daacd25 d4c39c44a0c5410da1fa986cb361b67d 740daeb072f440d1be500fa3c12e35f9 - - default default] Unable to schedule network 66e50fcc-df95-4177-be92-04bc247d1ccc: no agents available; will retry on subsequent port and subnet creation events.
2026-04-28 18:33:06.114 9 INFO neutron.db.ovn_revision_numbers_db [None req-bd071548-cdbf-4b21-8002-8e1f6daacd25 d4c39c44a0c5410da1fa986cb361b67d 740daeb072f440d1be500fa3c12e35f9 - - default default] Successfully bumped revision number for resource 5af0ada0-8f6b-4b19-b934-bf195934aa0f (type: subnets) to 0
2026-04-28 18:33:06.132 9 INFO neutron.wsgi [None req-bd071548-cdbf-4b21-8002-8e1f6daacd25 d4c39c44a0c5410da1fa986cb361b67d 740daeb072f440d1be500fa3c12e35f9 - - default default] 10.0.0.85 "POST /v2.0/subnets HTTP/1.1" status: 201 len: 821 time: 0.5040390
2026-04-28 18:33:06.516 9 INFO neutron.db.ovn_revision_numbers_db [None req-518b93e8-6381-4930-b58f-1456798fdf67 - - - - - -] Successfully bumped revision number for resource 2c8334cd-4495-4da2-a4a5-747800ae01f3 (type: ports) to 4
2026-04-28 18:33:06.563 10 INFO neutron.wsgi [None req-5a07164f-3b60-492d-8463-37594b81f0ac 48e081fb0e3148478a0338e7fc589bad 7c9837aa41ee4d8fb6b630692028dc4c - - default default] 10.0.0.85 "PUT /v2.0/routers/1c3a1f46-edd6-4452-88bd-fc3ca641b5f4/remove_router_interface HTTP/1.1" status: 200 len: 503 time: 1.1564438 /var/lib/openstack/lib/python3.10/site-packages/pycadf/identifier.py:71: UserWarning: Invalid uuid: neutron. To ensure interoperability, identifiers should be a valid uuid. warnings.warn(('Invalid uuid: %s. To ensure interoperability, '
2026-04-28 18:33:06.608 9 INFO neutron.db.ovn_revision_numbers_db [None req-0efcda8b-0dbc-470b-984c-ceacaab9407c 65c019604b1048f1ac963b0aa253f508 9ac28dc8ca2943d2bde229ae8792526f - - default default] Successfully bumped revision number for resource 191c1530-c75d-4620-8ae2-ca974e15dbbd (type: ports) to 2
2026-04-28 18:33:06.687 9 INFO neutron.db.ovn_revision_numbers_db [None req-0efcda8b-0dbc-470b-984c-ceacaab9407c 65c019604b1048f1ac963b0aa253f508 9ac28dc8ca2943d2bde229ae8792526f - - default default] Successfully bumped revision number for resource 14b84686-745e-4392-974d-0b840c872909 (type: subnets) to 0
2026-04-28 18:33:06.729 9 INFO neutron.wsgi [None req-0efcda8b-0dbc-470b-984c-ceacaab9407c 65c019604b1048f1ac963b0aa253f508 9ac28dc8ca2943d2bde229ae8792526f - - default default] 10.0.0.85 "POST /v2.0/subnets HTTP/1.1" status: 201 len: 832 time: 1.6726069
2026-04-28 18:33:06.811 9 INFO neutron.db.ovn_revision_numbers_db [None req-518b93e8-6381-4930-b58f-1456798fdf67 - - - - - -] Successfully bumped revision number for resource 2c8334cd-4495-4da2-a4a5-747800ae01f3 (type: router_ports) to 4
2026-04-28 18:33:06.827 10 INFO neutron.db.ovn_revision_numbers_db [None req-3c805185-3a69-47fc-accb-d1a9971f50db 48e081fb0e3148478a0338e7fc589bad 7c9837aa41ee4d8fb6b630692028dc4c - - default default] Successfully bumped revision number for resource 3c06a4c0-f7e7-490f-9857-b2c209f8cc65 (type: security_groups) to 1
2026-04-28 18:33:06.874 10 INFO neutron.db.ovn_revision_numbers_db [None req-3c805185-3a69-47fc-accb-d1a9971f50db 48e081fb0e3148478a0338e7fc589bad 7c9837aa41ee4d8fb6b630692028dc4c - - default default] Successfully bumped revision number for resource 0156f1ec-7f12-4092-a312-831d5fe2282b (type: security_group_rules) to 0
2026-04-28 18:33:06.899 10 INFO neutron.db.ovn_revision_numbers_db [None req-3c805185-3a69-47fc-accb-d1a9971f50db 48e081fb0e3148478a0338e7fc589bad 7c9837aa41ee4d8fb6b630692028dc4c - - default default] Successfully bumped revision number for resource 10750216-056b-43c2-9e34-694c00425afd (type: security_group_rules) to 0
2026-04-28 18:33:06.933 10 INFO neutron.db.ovn_revision_numbers_db [None req-3c805185-3a69-47fc-accb-d1a9971f50db 48e081fb0e3148478a0338e7fc589bad 7c9837aa41ee4d8fb6b630692028dc4c - - default default] Successfully bumped revision number for resource 8869a4d8-506c-4b55-b050-761953af9448 (type: security_group_rules) to 0
2026-04-28 18:33:06.954 10 INFO neutron.db.ovn_revision_numbers_db [None req-3c805185-3a69-47fc-accb-d1a9971f50db 48e081fb0e3148478a0338e7fc589bad 7c9837aa41ee4d8fb6b630692028dc4c - - default default] Successfully bumped revision number for resource c4f87549-a3ff-46b1-9c77-0f4f6235a697 (type: security_group_rules) to 0
2026-04-28 18:33:06.988 10 INFO neutron.wsgi [None req-3c805185-3a69-47fc-accb-d1a9971f50db 48e081fb0e3148478a0338e7fc589bad 7c9837aa41ee4d8fb6b630692028dc4c - - default default] 10.0.0.85 "GET /v2.0/security-groups?tenant_id=d0e9c9d533264761ab0458a974559be9&name=default HTTP/1.1" status: 200 len: 2996 time: 0.5169566
2026-04-28 18:33:07.101 9 INFO neutron.db.ovn_revision_numbers_db [None req-9dc49284-f6a4-4129-a62c-efa4fdff92d0 d4c39c44a0c5410da1fa986cb361b67d 740daeb072f440d1be500fa3c12e35f9 - - default default] Successfully bumped revision number for resource d2cc46de-ca4f-444c-a5ae-ad8230f305cc (type: ports) to 2
2026-04-28 18:33:07.148 9 INFO neutron.db.ovn_revision_numbers_db [None req-9dc49284-f6a4-4129-a62c-efa4fdff92d0 d4c39c44a0c5410da1fa986cb361b67d 740daeb072f440d1be500fa3c12e35f9 - - default default] Successfully bumped revision number for resource 5af0ada0-8f6b-4b19-b934-bf195934aa0f (type: subnets) to 1
2026-04-28 18:33:07.151 9 INFO neutron.wsgi [None req-9dc49284-f6a4-4129-a62c-efa4fdff92d0 d4c39c44a0c5410da1fa986cb361b67d 740daeb072f440d1be500fa3c12e35f9 - - default default] 10.0.0.85 "PUT /v2.0/subnets/5af0ada0-8f6b-4b19-b934-bf195934aa0f HTTP/1.1" status: 200 len: 826 time: 1.0083828
2026-04-28 18:33:07.232 9 INFO neutron.wsgi [None req-737ab61b-71b1-4a89-889a-c04ca87a654f 48e081fb0e3148478a0338e7fc589bad 7c9837aa41ee4d8fb6b630692028dc4c - - default default] 10.0.0.85 "DELETE /v2.0/security-groups/3c06a4c0-f7e7-490f-9857-b2c209f8cc65 HTTP/1.1" status: 204 len: 168 time: 0.2366731
2026-04-28 18:33:07.353 10 INFO neutron.wsgi [None req-1f3051cd-3e62-48ab-81fb-e24c4f37b4d4 48e081fb0e3148478a0338e7fc589bad 7c9837aa41ee4d8fb6b630692028dc4c - - default default] 10.0.0.85 "DELETE /v2.0/routers/1c3a1f46-edd6-4452-88bd-fc3ca641b5f4 HTTP/1.1" status: 204 len: 168 time: 0.7848983
2026-04-28 18:33:07.418 10 WARNING neutron.scheduler.dhcp_agent_scheduler [None req-0f7a9e64-4350-4ff4-8ea0-5c530ebecd73 65c019604b1048f1ac963b0aa253f508 9ac28dc8ca2943d2bde229ae8792526f - - default default] No more DHCP agents
2026-04-28 18:33:07.421 10 WARNING neutron.api.rpc.agentnotifiers.dhcp_rpc_agent_api [None req-0f7a9e64-4350-4ff4-8ea0-5c530ebecd73 65c019604b1048f1ac963b0aa253f508 9ac28dc8ca2943d2bde229ae8792526f - - default default] Unable to schedule network 1b2bd72f-5f03-45de-86b1-a6c30089628c: no agents available; will retry on subsequent port and subnet creation events.
2026-04-28 18:33:07.457 9 INFO neutron.db.ovn_revision_numbers_db [None req-35c3fc9b-c2e7-47fa-88b5-db7d772262df 48e081fb0e3148478a0338e7fc589bad 7c9837aa41ee4d8fb6b630692028dc4c - - default default] Successfully bumped revision number for resource 989a61fe-6374-4505-82bc-7c2ac6b9f35f (type: security_groups) to 1
2026-04-28 18:33:07.476 9 INFO neutron.db.ovn_revision_numbers_db [None req-35c3fc9b-c2e7-47fa-88b5-db7d772262df 48e081fb0e3148478a0338e7fc589bad 7c9837aa41ee4d8fb6b630692028dc4c - - default default] Successfully bumped revision number for resource 11a3de39-35ec-4793-9b9b-cdb25f20f916 (type: security_group_rules) to 0
2026-04-28 18:33:07.490 9 INFO neutron.db.ovn_revision_numbers_db [None req-35c3fc9b-c2e7-47fa-88b5-db7d772262df 48e081fb0e3148478a0338e7fc589bad 7c9837aa41ee4d8fb6b630692028dc4c - - default default] Successfully bumped revision number for resource 32da11ab-1bf0-4296-a1bf-b9e4c79f1c0a (type: security_group_rules) to 0
2026-04-28 18:33:07.514 9 INFO neutron.db.ovn_revision_numbers_db [None req-35c3fc9b-c2e7-47fa-88b5-db7d772262df 48e081fb0e3148478a0338e7fc589bad 7c9837aa41ee4d8fb6b630692028dc4c - - default default] Successfully bumped revision number for resource a043c6fb-2752-46ee-91f1-67a6d29042fd (type: security_group_rules) to 0
2026-04-28 18:33:07.541 9 INFO neutron.db.ovn_revision_numbers_db [None req-35c3fc9b-c2e7-47fa-88b5-db7d772262df 48e081fb0e3148478a0338e7fc589bad 7c9837aa41ee4d8fb6b630692028dc4c - - default default] Successfully bumped revision number for resource fdc653fa-607b-4e6c-bcdd-5c142f2ea189 (type: security_group_rules) to 0
2026-04-28 18:33:07.575 9 INFO neutron.wsgi [None req-35c3fc9b-c2e7-47fa-88b5-db7d772262df 48e081fb0e3148478a0338e7fc589bad 7c9837aa41ee4d8fb6b630692028dc4c - - default default] 10.0.0.85 "GET /v2.0/security-groups?tenant_id=1b4f65d099734cb598050f381b6966ee&name=default HTTP/1.1" status: 200 len: 2996 time: 0.2372148
2026-04-28 18:33:07.588 10 INFO neutron.wsgi [None req-a73ed319-a7c4-4354-bc2f-3af1802d0b2c 48e081fb0e3148478a0338e7fc589bad 7c9837aa41ee4d8fb6b630692028dc4c - - default default] 10.0.0.85 "DELETE /v2.0/subnets/28716c20-ce81-4786-ae6f-362786e17e88 HTTP/1.1" status: 204 len: 168 time: 0.2311645
2026-04-28 18:33:07.619 10 INFO neutron.db.ovn_revision_numbers_db [None req-0f7a9e64-4350-4ff4-8ea0-5c530ebecd73 65c019604b1048f1ac963b0aa253f508 9ac28dc8ca2943d2bde229ae8792526f - - default default] Successfully bumped revision number for resource b5fe11b1-f9b6-432d-9550-c27bdb570c95 (type: ports) to 1
2026-04-28 18:33:07.640 9 INFO neutron.services.segments.plugin [-] Segment f5ffe933-665d-46ff-9c09-d31b8aaf62e5 resource provider aggregate not found
2026-04-28 18:33:07.645 9 INFO neutron.services.segments.plugin [-] Segment f5ffe933-665d-46ff-9c09-d31b8aaf62e5 resource provider aggregate not found
2026-04-28 18:33:07.667 9 INFO neutron.services.segments.plugin [-] Segment f5ffe933-665d-46ff-9c09-d31b8aaf62e5 resource provider not found; error: Placement Client Error (4xx): {"errors": [{"status": 404, "title": "Not Found", "detail": "The resource could not be found.\n\n No resource provider with uuid f5ffe933-665d-46ff-9c09-d31b8aaf62e5 found for delete ", "request_id": "req-709e2c45-da8f-4a6b-94ad-102d36ea88f7"}]}
2026-04-28 18:33:07.671 9 INFO neutron.services.segments.plugin [-] Segment f5ffe933-665d-46ff-9c09-d31b8aaf62e5 resource provider not found; error: Placement Client Error (4xx): {"errors": [{"status": 404, "title": "Not Found", "detail": "The resource could not be found.\n\n No resource provider with uuid f5ffe933-665d-46ff-9c09-d31b8aaf62e5 found for delete ", "request_id": "req-3f92e250-ef69-44bb-947b-5b46754561af"}]}
2026-04-28 18:33:07.701 9 INFO neutron.wsgi [None req-b1d434b8-3554-48c5-b6d1-ad015fc7c10e d4c39c44a0c5410da1fa986cb361b67d 740daeb072f440d1be500fa3c12e35f9 - - default default] 10.0.0.85 "DELETE /v2.0/networks/66e50fcc-df95-4177-be92-04bc247d1ccc HTTP/1.1" status: 204 len: 168 time: 0.5431664
2026-04-28 18:33:07.723 10 INFO neutron.pecan_wsgi.hooks.translation [None req-7a94827e-1736-4ea0-b536-cf3b7ee20af9 d4c39c44a0c5410da1fa986cb361b67d 740daeb072f440d1be500fa3c12e35f9 - - default default] DELETE failed (client error): The resource could not be found.
2026-04-28 18:33:07.725 10 INFO neutron.wsgi [None req-7a94827e-1736-4ea0-b536-cf3b7ee20af9 d4c39c44a0c5410da1fa986cb361b67d 740daeb072f440d1be500fa3c12e35f9 - - default default] 10.0.0.85 "DELETE /v2.0/networks/66e50fcc-df95-4177-be92-04bc247d1ccc HTTP/1.1" status: 404 len: 339 time: 0.0186253
2026-04-28 18:33:08.063 9 INFO neutron.wsgi [None req-3708b730-9b26-488f-b869-1da9ad6e580f d4c39c44a0c5410da1fa986cb361b67d 740daeb072f440d1be500fa3c12e35f9 - - default default] 10.0.0.85 "GET /v2.0/networks?router%3Aexternal=True HTTP/1.1" status: 200 len: 845 time: 0.3291197
2026-04-28 18:33:08.087 9 INFO neutron.plugins.ml2.drivers.ovn.mech_driver.mech_driver [None req-17db49d6-4795-48b9-8c8b-b3f8607c6544 - - - - - -] OVN reports status up for port: b5fe11b1-f9b6-432d-9550-c27bdb570c95
2026-04-28 18:33:08.102 9 INFO neutron.plugins.ml2.plugin [None req-17db49d6-4795-48b9-8c8b-b3f8607c6544 - - - - - -] Attempt 1 to provision port b5fe11b1-f9b6-432d-9550-c27bdb570c95
2026-04-28 18:33:08.115 10 INFO neutron.wsgi [None req-06e79685-3be7-4e38-9d5d-e5bc6b49c82b d4c39c44a0c5410da1fa986cb361b67d 740daeb072f440d1be500fa3c12e35f9 - - default default] 10.0.0.85 "GET /v2.0/subnets?network_id=af8490e8-3bb6-439f-be93-97801fca88e6 HTTP/1.1" status: 200 len: 820 time: 0.0463085
2026-04-28 18:33:08.125 10 INFO neutron.wsgi [None req-e593d7ec-fe52-4a7b-9909-2e2a9f86dc65 d4c39c44a0c5410da1fa986cb361b67d 740daeb072f440d1be500fa3c12e35f9 - - default default] 10.0.0.85 "GET /v2.0/extensions HTTP/1.1" status: 200 len: 16520 time: 0.0045226
2026-04-28 18:33:08.126 10 INFO neutron.db.ovn_revision_numbers_db [None req-0f7a9e64-4350-4ff4-8ea0-5c530ebecd73 65c019604b1048f1ac963b0aa253f508 9ac28dc8ca2943d2bde229ae8792526f - - default default] Successfully bumped revision number for resource b5fe11b1-f9b6-432d-9550-c27bdb570c95 (type: router_ports) to 1
2026-04-28 18:33:08.183 9 INFO neutron.wsgi [None req-5f13ac2d-1cc6-4013-91c7-4a2afceae85f 48e081fb0e3148478a0338e7fc589bad 7c9837aa41ee4d8fb6b630692028dc4c - - default default] 10.0.0.85 "DELETE /v2.0/security-groups/989a61fe-6374-4505-82bc-7c2ac6b9f35f HTTP/1.1" status: 204 len: 168 time: 0.6019320
2026-04-28 18:33:08.227 10 INFO neutron.wsgi [None req-820847c9-d098-4b95-816a-5bfcef27bbb6 d4c39c44a0c5410da1fa986cb361b67d 740daeb072f440d1be500fa3c12e35f9 - - default default] 10.0.0.85 "GET /v2.0/networks HTTP/1.1" status: 200 len: 1508 time: 0.0913806
2026-04-28 18:33:08.287 10 INFO neutron.wsgi [None req-97c525f6-f859-4136-82dd-d9a4d786df97 d4c39c44a0c5410da1fa986cb361b67d 740daeb072f440d1be500fa3c12e35f9 - - default default] 10.0.0.85 "GET /v2.0/subnets HTTP/1.1" status: 200 len: 1460 time: 0.0533397
2026-04-28 18:33:08.319 9 INFO neutron.wsgi [None req-1bd00933-8974-4976-bdbf-d3b5121b314a 48e081fb0e3148478a0338e7fc589bad 7c9837aa41ee4d8fb6b630692028dc4c - - default default] 10.0.0.85 "DELETE /v2.0/networks/aa917e56-3e55-43c0-945f-0acc23b2ca3f HTTP/1.1" status: 204 len: 168 time: 0.7211332
2026-04-28 18:33:08.338 10 INFO neutron.db.ovn_revision_numbers_db [None req-0f7a9e64-4350-4ff4-8ea0-5c530ebecd73 65c019604b1048f1ac963b0aa253f508 9ac28dc8ca2943d2bde229ae8792526f - - default default] Successfully bumped revision number for resource b5fe11b1-f9b6-432d-9550-c27bdb570c95 (type: ports) to 1
2026-04-28 18:33:08.366 10 INFO neutron.wsgi [None req-349e7e2f-8dea-4349-953c-42a53b21bf46 d4c39c44a0c5410da1fa986cb361b67d 740daeb072f440d1be500fa3c12e35f9 - - default default] 10.0.0.85 "GET /v2.0/networks/c9e2b194-23a1-4134-bb75-d2f039b72af0 HTTP/1.1" status: 200 len: 867 time: 0.0734222
2026-04-28 18:33:08.413 9 INFO neutron.wsgi [None req-8023b03c-8003-4d00-8e94-579780c01be8 d4c39c44a0c5410da1fa986cb361b67d 740daeb072f440d1be500fa3c12e35f9 - - default default] 10.0.0.85 "GET /v2.0/subnets/012c2bcb-5e88-42eb-b25d-ef958ae32314 HTTP/1.1" status: 200 len: 843 time: 0.0401366
2026-04-28 18:33:08.428 9 INFO neutron.db.ovn_revision_numbers_db [None req-17db49d6-4795-48b9-8c8b-b3f8607c6544 - - - - - -] Successfully bumped revision number for resource b5fe11b1-f9b6-432d-9550-c27bdb570c95 (type: ports) to 2
2026-04-28 18:33:08.439 9 INFO neutron.pecan_wsgi.hooks.translation [None req-f451079a-7c5d-4e10-80cc-b715559583c5 d4c39c44a0c5410da1fa986cb361b67d 740daeb072f440d1be500fa3c12e35f9 - - default default] DELETE failed (client error): The resource could not be found.
2026-04-28 18:33:08.442 9 INFO neutron.wsgi [None req-f451079a-7c5d-4e10-80cc-b715559583c5 d4c39c44a0c5410da1fa986cb361b67d 740daeb072f440d1be500fa3c12e35f9 - - default default] 10.0.0.85 "DELETE /v2.0/subnets/5af0ada0-8f6b-4b19-b934-bf195934aa0f HTTP/1.1" status: 404 len: 337 time: 0.0206249
2026-04-28 18:33:08.476 9 INFO neutron.pecan_wsgi.hooks.translation [None req-853a57a6-5572-4cd2-a176-3062287c97db d4c39c44a0c5410da1fa986cb361b67d 740daeb072f440d1be500fa3c12e35f9 - - default default] DELETE failed (client error): The resource could not be found.
2026-04-28 18:33:08.478 9 INFO neutron.wsgi [None req-853a57a6-5572-4cd2-a176-3062287c97db d4c39c44a0c5410da1fa986cb361b67d 740daeb072f440d1be500fa3c12e35f9 - - default default] 10.0.0.85 "DELETE /v2.0/networks/66e50fcc-df95-4177-be92-04bc247d1ccc HTTP/1.1" status: 404 len: 339 time: 0.0300951
2026-04-28 18:33:08.542 9 INFO neutron.wsgi [None req-aaec3369-d774-4e79-af0a-b7029661ba70 48e081fb0e3148478a0338e7fc589bad 7c9837aa41ee4d8fb6b630692028dc4c - - default default] 10.0.0.85 "GET /v2.0/security-groups?tenant_id=49f4c2b8fe7c4046a30e7c1883c58d88&name=default HTTP/1.1" status: 200 len: 2996 time: 0.0727289
2026-04-28 18:33:08.610 10 WARNING neutron.scheduler.dhcp_agent_scheduler [None req-0f7a9e64-4350-4ff4-8ea0-5c530ebecd73 65c019604b1048f1ac963b0aa253f508 9ac28dc8ca2943d2bde229ae8792526f - - default default] No more DHCP agents
2026-04-28 18:33:08.612 10 WARNING neutron.api.rpc.agentnotifiers.dhcp_rpc_agent_api [None req-0f7a9e64-4350-4ff4-8ea0-5c530ebecd73 65c019604b1048f1ac963b0aa253f508 9ac28dc8ca2943d2bde229ae8792526f - - default default] Unable to schedule network 1b2bd72f-5f03-45de-86b1-a6c30089628c: no agents available; will retry on subsequent port and subnet creation events.
2026-04-28 18:33:08.638 9 INFO neutron.db.ovn_revision_numbers_db [None req-17db49d6-4795-48b9-8c8b-b3f8607c6544 - - - - - -] Successfully bumped revision number for resource b5fe11b1-f9b6-432d-9550-c27bdb570c95 (type: router_ports) to 2
2026-04-28 18:33:08.751 9 INFO neutron.wsgi [None req-8b89331f-d03c-4279-a683-cf9eb5e3d885 d4c39c44a0c5410da1fa986cb361b67d 740daeb072f440d1be500fa3c12e35f9 - - default default] 10.0.0.85 "DELETE /v2.0/subnets/012c2bcb-5e88-42eb-b25d-ef958ae32314 HTTP/1.1" status: 204 len: 168 time: 0.2666075
2026-04-28 18:33:08.839 9 INFO neutron.wsgi [None req-d7e580df-4d31-447d-9865-5381de48d5c6 48e081fb0e3148478a0338e7fc589bad 7c9837aa41ee4d8fb6b630692028dc4c - - default default] 10.0.0.85 "DELETE /v2.0/security-groups/53d0f42c-2e51-4d36-bdd5-e5fd12112b9d HTTP/1.1" status: 204 len: 168 time: 0.2913930
2026-04-28 18:33:08.918 10 INFO neutron.db.ovn_revision_numbers_db [None req-0f7a9e64-4350-4ff4-8ea0-5c530ebecd73 65c019604b1048f1ac963b0aa253f508 9ac28dc8ca2943d2bde229ae8792526f - - default default] Successfully bumped revision number for resource b5fe11b1-f9b6-432d-9550-c27bdb570c95 (type: router_ports) to 2
2026-04-28 18:33:08.921 10 INFO neutron.wsgi [None req-0f7a9e64-4350-4ff4-8ea0-5c530ebecd73 65c019604b1048f1ac963b0aa253f508 9ac28dc8ca2943d2bde229ae8792526f - - default default] 10.0.0.85 "PUT /v2.0/routers/cefb5e0a-5a78-4d6e-9f47-bbe17302998f/add_router_interface HTTP/1.1" status: 200 len: 503 time: 2.1845229
2026-04-28 18:33:08.985 9 INFO neutron.wsgi [None req-5ba4a127-f5b4-4cb4-a866-8445383f19ad 2c44670f68fe413b8a304190b0f3ec4e 562e1680d9bc46859e152eaf4965ab51 - - default default] 10.0.0.85 "GET /v2.0/networks HTTP/1.1" status: 200 len: 3838 time: 0.0578535
2026-04-28 18:33:09.021 10 INFO neutron.wsgi [None req-97b282f9-5752-471c-b972-d103425f789d 2c44670f68fe413b8a304190b0f3ec4e 562e1680d9bc46859e152eaf4965ab51 - - default default] 10.0.0.85 "GET /v2.0/subnets HTTP/1.1" status: 200 len: 2097 time: 0.0309937
2026-04-28 18:33:09.113 10 INFO neutron.wsgi [None req-31c310a4-4c1e-40c5-b347-7aa56d375acb 2c44670f68fe413b8a304190b0f3ec4e 562e1680d9bc46859e152eaf4965ab51 - - default default] 10.0.0.85 "GET /v2.0/routers HTTP/1.1" status: 200 len: 879 time: 0.0872202
2026-04-28 18:33:09.155 9 INFO neutron.wsgi [None req-b4822e73-d1a9-49fa-94e1-ed0a9e26c6f9 d4c39c44a0c5410da1fa986cb361b67d 740daeb072f440d1be500fa3c12e35f9 - - default default] 10.0.0.85 "DELETE /v2.0/networks/c9e2b194-23a1-4134-bb75-d2f039b72af0 HTTP/1.1" status: 204 len: 168 time: 0.3987021
2026-04-28 18:33:09.301 9 INFO neutron.db.ovn_revision_numbers_db [None req-2072e4ea-45bc-4ef5-b370-572c5eb31ef3 65c019604b1048f1ac963b0aa253f508 9ac28dc8ca2943d2bde229ae8792526f - - default default] Successfully bumped revision number for resource 8901c506-8411-45f9-928e-161585ae6474 (type: security_groups) to 1
2026-04-28 18:33:09.314 9 INFO neutron.db.ovn_revision_numbers_db [None req-2072e4ea-45bc-4ef5-b370-572c5eb31ef3 65c019604b1048f1ac963b0aa253f508 9ac28dc8ca2943d2bde229ae8792526f - - default default] Successfully bumped revision number for resource 9bf914ca-22cc-4d08-9547-fcfffef42478 (type: security_group_rules) to 0
2026-04-28 18:33:09.328 9 INFO neutron.db.ovn_revision_numbers_db [None req-2072e4ea-45bc-4ef5-b370-572c5eb31ef3 65c019604b1048f1ac963b0aa253f508 9ac28dc8ca2943d2bde229ae8792526f - - default default] Successfully bumped revision number for resource ba2b7ab3-96b4-4b81-bb9d-a31d50de7ff6 (type: security_group_rules) to 0
2026-04-28 18:33:09.347 9 INFO neutron.wsgi [None req-2072e4ea-45bc-4ef5-b370-572c5eb31ef3 65c019604b1048f1ac963b0aa253f508 9ac28dc8ca2943d2bde229ae8792526f - - default default] 10.0.0.85 "POST /v2.0/security-groups HTTP/1.1" status: 201 len: 1811 time: 0.1678219
2026-04-28 18:33:09.534 10 INFO neutron.db.ovn_revision_numbers_db [None req-47a08625-01c6-4348-ba74-bd6068b7b5b5 65c019604b1048f1ac963b0aa253f508 9ac28dc8ca2943d2bde229ae8792526f - - default default] Successfully bumped revision number for resource 14b3f1de-039f-467e-bb40-e4c60e3d0bae (type: security_group_rules) to 0
2026-04-28 18:33:09.582 10 INFO neutron.wsgi [None req-47a08625-01c6-4348-ba74-bd6068b7b5b5 65c019604b1048f1ac963b0aa253f508 9ac28dc8ca2943d2bde229ae8792526f - - default default] 10.0.0.85 "POST /v2.0/security-group-rules HTTP/1.1" status: 201 len: 764 time: 0.2276762
2026-04-28 18:33:09.688 9 INFO neutron.services.segments.plugin [-] Segment 4c149444-4933-4166-b907-f42c009b01db resource provider aggregate not found
2026-04-28 18:33:09.693 9 INFO neutron.services.segments.plugin [-] Segment 4c149444-4933-4166-b907-f42c009b01db resource provider aggregate not found
2026-04-28 18:33:09.708 9 INFO neutron.services.segments.plugin [-] Segment 4c149444-4933-4166-b907-f42c009b01db resource provider not found; error: Placement Client Error (4xx): {"errors": [{"status": 404, "title": "Not Found", "detail": "The resource could not be found.\n\n No resource provider with uuid 4c149444-4933-4166-b907-f42c009b01db found for delete ", "request_id": "req-f7b977cb-be1c-4645-bb9f-126fa097b97d"}]}
2026-04-28 18:33:09.714 9 INFO neutron.services.segments.plugin [-] Segment 4c149444-4933-4166-b907-f42c009b01db resource provider not found; error: Placement Client Error (4xx): {"errors": [{"status": 404, "title": "Not Found", "detail": "The resource could not be found.\n\n No resource provider with uuid 4c149444-4933-4166-b907-f42c009b01db found for delete ", "request_id": "req-3b568b93-c47d-4019-892f-701f78ad8dbe"}]}
2026-04-28 18:33:09.718 9 INFO neutron.db.ovn_revision_numbers_db [None req-ac6a0a91-4cba-4f5b-a7fc-046ef9df6b24 65c019604b1048f1ac963b0aa253f508 9ac28dc8ca2943d2bde229ae8792526f - - default default] Successfully bumped revision number for resource 12fa1afc-90b3-4efe-94ea-07af35e801e1 (type: security_group_rules) to 0
2026-04-28 18:33:09.722 9 INFO neutron.services.segments.plugin [-] Segment f289e91c-61f7-4952-8d0f-d53df5222a06 resource provider aggregate not found
2026-04-28 18:33:09.729 9 INFO neutron.services.segments.plugin [-] Segment f289e91c-61f7-4952-8d0f-d53df5222a06 resource provider aggregate not found
2026-04-28 18:33:09.735 9 INFO neutron.services.segments.plugin [-] Segment f289e91c-61f7-4952-8d0f-d53df5222a06 resource provider not found; error: Placement Client Error (4xx): {"errors": [{"status": 404, "title": "Not Found", "detail": "The resource could not be found.\n\n No resource provider with uuid f289e91c-61f7-4952-8d0f-d53df5222a06 found for delete ", "request_id": "req-30004bae-94ee-4bad-a9e0-32046efc380d"}]}
2026-04-28 18:33:09.743 9 INFO neutron.services.segments.plugin [-] Segment f289e91c-61f7-4952-8d0f-d53df5222a06 resource provider not found; error: Placement Client Error (4xx): {"errors": [{"status": 404, "title": "Not Found", "detail": "The resource could not be found.\n\n No resource provider with uuid f289e91c-61f7-4952-8d0f-d53df5222a06 found for delete ", "request_id": "req-d6baf354-cd7b-4a77-9818-06bac89276b2"}]}
2026-04-28 18:33:09.749 9 INFO neutron.wsgi [None req-ac6a0a91-4cba-4f5b-a7fc-046ef9df6b24 65c019604b1048f1ac963b0aa253f508 9ac28dc8ca2943d2bde229ae8792526f - - default default] 10.0.0.85 "POST /v2.0/security-group-rules HTTP/1.1" status: 201 len: 763 time: 0.1602399
2026-04-28 18:33:09.838 10 INFO neutron.wsgi [None req-224a6b25-4b29-4167-bcda-15699964526e 48e081fb0e3148478a0338e7fc589bad 7c9837aa41ee4d8fb6b630692028dc4c - - default default] 10.0.0.85 "GET /v2.0/security-groups?tenant_id=740daeb072f440d1be500fa3c12e35f9&name=default HTTP/1.1" status: 200 len: 2996 time: 0.1680949
2026-04-28 18:33:09.862 9 INFO neutron.db.ovn_revision_numbers_db [None req-02cf08ba-6154-4e8b-a072-f48728c09a92 65c019604b1048f1ac963b0aa253f508 9ac28dc8ca2943d2bde229ae8792526f - - default default] Successfully bumped revision number for resource eac1808e-d981-46d6-9f40-4e2ce8b58991 (type: security_group_rules) to 0
2026-04-28 18:33:09.894 9 INFO neutron.wsgi [None req-02cf08ba-6154-4e8b-a072-f48728c09a92 65c019604b1048f1ac963b0aa253f508 9ac28dc8ca2943d2bde229ae8792526f - - default default] 10.0.0.85 "POST /v2.0/security-group-rules HTTP/1.1" status: 201 len: 769 time: 0.1380422
2026-04-28 18:33:10.014 9 INFO neutron.db.ovn_revision_numbers_db [None req-bd1115bb-8677-4578-9fd1-7929f307680e 65c019604b1048f1ac963b0aa253f508 9ac28dc8ca2943d2bde229ae8792526f - - default default] Successfully bumped revision number for resource 8082e9bb-d7b9-43ea-bc5e-b132645713a9 (type: security_group_rules) to 0
2026-04-28 18:33:10.038 9 INFO neutron.wsgi [None req-bd1115bb-8677-4578-9fd1-7929f307680e 65c019604b1048f1ac963b0aa253f508 9ac28dc8ca2943d2bde229ae8792526f - - default default] 10.0.0.85 "POST /v2.0/security-group-rules HTTP/1.1" status: 201 len: 768 time: 0.1383934
2026-04-28 18:33:10.057 10 INFO neutron.wsgi [None req-12259fc1-3c68-480d-9a40-929dae53a7dd 48e081fb0e3148478a0338e7fc589bad 7c9837aa41ee4d8fb6b630692028dc4c - - default default] 10.0.0.85 "DELETE /v2.0/security-groups/62ff1c9e-3613-49f3-a87b-81cf6d4616ff HTTP/1.1" status: 204 len: 168 time: 0.2149291
2026-04-28 18:33:10.064 9 INFO neutron.db.securitygroups_db [None req-cc9171ba-e8c6-4417-9c68-911d8fdd896c 65c019604b1048f1ac963b0aa253f508 9ac28dc8ca2943d2bde229ae8792526f - - default default] Project 9ac28dc8ca2943d2bde229ae8792526f added a security group rule with legacy IPv6 ICMP protocol name icmp, ipv6-icmp should be used instead. It was automatically converted.
2026-04-28 18:33:10.150 9 INFO neutron.db.ovn_revision_numbers_db [None req-cc9171ba-e8c6-4417-9c68-911d8fdd896c 65c019604b1048f1ac963b0aa253f508 9ac28dc8ca2943d2bde229ae8792526f - - default default] Successfully bumped revision number for resource 2e8aa407-c50e-4071-b180-5212acba9621 (type: security_group_rules) to 0
2026-04-28 18:33:10.195 9 INFO neutron.wsgi [None req-cc9171ba-e8c6-4417-9c68-911d8fdd896c 65c019604b1048f1ac963b0aa253f508 9ac28dc8ca2943d2bde229ae8792526f - - default default] 10.0.0.85 "POST /v2.0/security-group-rules HTTP/1.1" status: 201 len: 774 time: 0.1515675
2026-04-28 18:33:10.223 9 INFO neutron.db.securitygroups_db [None req-b6db2443-ded4-4c49-8a0f-291710251d1d 65c019604b1048f1ac963b0aa253f508 9ac28dc8ca2943d2bde229ae8792526f - - default default] Project 9ac28dc8ca2943d2bde229ae8792526f added a security group rule with legacy IPv6 ICMP protocol name icmp, ipv6-icmp should be used instead. It was automatically converted.
2026-04-28 18:33:10.404 9 INFO neutron.db.ovn_revision_numbers_db [None req-b6db2443-ded4-4c49-8a0f-291710251d1d 65c019604b1048f1ac963b0aa253f508 9ac28dc8ca2943d2bde229ae8792526f - - default default] Successfully bumped revision number for resource 9e9e121d-77bb-4e82-bc97-d01ef98eea1a (type: security_group_rules) to 0
2026-04-28 18:33:10.450 9 INFO neutron.wsgi [None req-b6db2443-ded4-4c49-8a0f-291710251d1d 65c019604b1048f1ac963b0aa253f508 9ac28dc8ca2943d2bde229ae8792526f - - default default] 10.0.0.85 "POST /v2.0/security-group-rules HTTP/1.1" status: 201 len: 773 time: 0.2504742
