2026-04-28 18:32:01.781 9 INFO neutron.wsgi [req-9367704f-025a-43fc-b602-1f9e99428386 req-5670545d-a568-4522-a37d-6f0e81ceabcc fc99a412abd54783893067f5ff7f7d01 78aba0ddc417491aaa8a855751af10c1 - - default default] 10.0.0.139 "GET /v2.0/ports?device_id=cca0c939-3dee-4c82-85a1-b20176cd9bbb HTTP/1.1" status: 200 len: 1170 time: 0.1083391
2026-04-28 18:32:01.822 10 WARNING neutron.scheduler.dhcp_agent_scheduler [None req-f7c77dc7-e16f-443e-8e81-384d213cea56 48e081fb0e3148478a0338e7fc589bad 7c9837aa41ee4d8fb6b630692028dc4c - - default default] No more DHCP agents
2026-04-28 18:32:01.826 10 WARNING neutron.api.rpc.agentnotifiers.dhcp_rpc_agent_api [None req-f7c77dc7-e16f-443e-8e81-384d213cea56 48e081fb0e3148478a0338e7fc589bad 7c9837aa41ee4d8fb6b630692028dc4c - - default default] Unable to schedule network af8490e8-3bb6-439f-be93-97801fca88e6: no agents available; will retry on subsequent port and subnet creation events.
2026-04-28 18:32:01.831 9 INFO neutron.wsgi [req-e24e009b-03ac-4cef-8407-be562c3a488f req-848782b7-2755-491e-9edf-1e268a101879 e643f6df2c1147f4a193dcc86ed35878 97054b39d4bd43fd9917b932ff788ac7 - - default default] 10.0.0.139 "GET /v2.0/ports?device_id=764cd203-0348-43d4-a67d-2439292731fa HTTP/1.1" status: 200 len: 1170 time: 0.0450351
2026-04-28 18:32:01.837 9 INFO neutron.wsgi [req-9367704f-025a-43fc-b602-1f9e99428386 req-bd36aba8-16a1-4b4d-9776-c32755ad0889 fc99a412abd54783893067f5ff7f7d01 78aba0ddc417491aaa8a855751af10c1 - - default default] 10.0.0.139 "GET /v2.0/security-groups?id=f8a42ee6-79f7-4b1d-ab32-b7f0850b704a&fields=id&fields=name HTTP/1.1" status: 200 len: 313 time: 0.0429418
2026-04-28 18:32:01.879 9 INFO neutron.wsgi [req-e24e009b-03ac-4cef-8407-be562c3a488f req-83ade0e5-d013-4351-b499-850af9467762 e643f6df2c1147f4a193dcc86ed35878 97054b39d4bd43fd9917b932ff788ac7 - - default default] 10.0.0.139 "GET /v2.0/security-groups?id=50055155-b74c-448b-8cd4-edb4fab01a65&fields=id&fields=name HTTP/1.1" status: 200 len: 313 time: 0.0395823
2026-04-28 18:32:01.886 10 INFO neutron.db.ovn_revision_numbers_db [None req-61ff434f-011b-47b9-8267-37fb304c1254 - - - - - -] Successfully bumped revision number for resource 34ae75ac-b803-43f7-9257-4793d4a5b9b8 (type: ports) to 4
2026-04-28 18:32:02.003 10 INFO neutron.db.ovn_revision_numbers_db [None req-f7c77dc7-e16f-443e-8e81-384d213cea56 48e081fb0e3148478a0338e7fc589bad 7c9837aa41ee4d8fb6b630692028dc4c - - default default] Successfully bumped revision number for resource 8af97f7c-b735-455f-9253-a90d55f9719d (type: ports) to 1
2026-04-28 18:32:02.125 10 INFO neutron.notifiers.nova [-] Nova event matching ['req-32565fd4-371b-4510-a0af-5a9be29c2ef0'] response: {'server_uuid': 'cca0c939-3dee-4c82-85a1-b20176cd9bbb', 'name': 'network-vif-plugged', 'status': 'completed', 'tag': '34ae75ac-b803-43f7-9257-4793d4a5b9b8', 'code': 200}
2026-04-28 18:32:02.847 9 INFO neutron.plugins.ml2.drivers.ovn.mech_driver.mech_driver [None req-17db49d6-4795-48b9-8c8b-b3f8607c6544 - - - - - -] OVN reports status up for port: 8af97f7c-b735-455f-9253-a90d55f9719d
2026-04-28 18:32:02.864 9 INFO neutron.plugins.ml2.drivers.ovn.mech_driver.ovsdb.ovsdb_monitor [None req-518b93e8-6381-4930-b58f-1456798fdf67 - - - - - -] Router 2319b201-fd8e-44c2-a31d-6ea8e611a1f3 is bound to host instance
2026-04-28 18:32:02.879 9 INFO neutron.plugins.ml2.plugin [None req-17db49d6-4795-48b9-8c8b-b3f8607c6544 - - - - - -] Attempt 1 to provision port 8af97f7c-b735-455f-9253-a90d55f9719d
2026-04-28 18:32:02.891 10 INFO neutron.db.ovn_revision_numbers_db [None req-f7c77dc7-e16f-443e-8e81-384d213cea56 48e081fb0e3148478a0338e7fc589bad 7c9837aa41ee4d8fb6b630692028dc4c - - default default] Successfully bumped revision number for resource 8af97f7c-b735-455f-9253-a90d55f9719d (type: router_ports) to 1 /var/lib/openstack/lib/python3.10/site-packages/pycadf/identifier.py:71: UserWarning: Invalid uuid: neutron. To ensure interoperability, identifiers should be a valid uuid. warnings.warn(('Invalid uuid: %s. To ensure interoperability, '
2026-04-28 18:32:02.967 10 INFO neutron.db.ovn_revision_numbers_db [None req-f7c77dc7-e16f-443e-8e81-384d213cea56 48e081fb0e3148478a0338e7fc589bad 7c9837aa41ee4d8fb6b630692028dc4c - - default default] Successfully bumped revision number for resource 2319b201-fd8e-44c2-a31d-6ea8e611a1f3 (type: routers) to 2
2026-04-28 18:32:02.991 10 INFO neutron.wsgi [None req-f7c77dc7-e16f-443e-8e81-384d213cea56 48e081fb0e3148478a0338e7fc589bad 7c9837aa41ee4d8fb6b630692028dc4c - - default default] 10.0.0.85 "POST /v2.0/routers HTTP/1.1" status: 201 len: 877 time: 1.9917319
2026-04-28 18:32:02.995 9 INFO neutron.wsgi [req-fa4ac704-4f30-49f6-9526-a96ba420ef49 req-78ad5cb1-3f9f-4dc5-8efb-32839b3e98ac fc99a412abd54783893067f5ff7f7d01 78aba0ddc417491aaa8a855751af10c1 - - default default] 10.0.0.139 "GET /v2.0/ports?device_id=cca0c939-3dee-4c82-85a1-b20176cd9bbb HTTP/1.1" status: 200 len: 1170 time: 0.0687847
2026-04-28 18:32:03.086 10 INFO neutron.db.ovn_revision_numbers_db [None req-46d7c803-284a-404c-a3ac-cc025bcaa1f9 48e081fb0e3148478a0338e7fc589bad 7c9837aa41ee4d8fb6b630692028dc4c - - default default] Successfully bumped revision number for resource 72603360-1eed-4f2e-9d25-eb1206f929b2 (type: security_groups) to 1
2026-04-28 18:32:03.093 9 INFO neutron.wsgi [req-fa4ac704-4f30-49f6-9526-a96ba420ef49 req-6e499c0b-ded2-46af-a46b-bf10e117f9d6 fc99a412abd54783893067f5ff7f7d01 78aba0ddc417491aaa8a855751af10c1 - - default default] 10.0.0.139 "GET /v2.0/security-groups?id=f8a42ee6-79f7-4b1d-ab32-b7f0850b704a&fields=id&fields=name HTTP/1.1" status: 200 len: 313 time: 0.0818348
2026-04-28 18:32:03.114 10 INFO neutron.db.ovn_revision_numbers_db [None req-46d7c803-284a-404c-a3ac-cc025bcaa1f9 48e081fb0e3148478a0338e7fc589bad 7c9837aa41ee4d8fb6b630692028dc4c - - default default] Successfully bumped revision number for resource 41d5f14f-4a4e-49c9-9e9c-86276142b54f (type: security_group_rules) to 0
2026-04-28 18:32:03.139 10 INFO neutron.db.ovn_revision_numbers_db [None req-46d7c803-284a-404c-a3ac-cc025bcaa1f9 48e081fb0e3148478a0338e7fc589bad 7c9837aa41ee4d8fb6b630692028dc4c - - default default] Successfully bumped revision number for resource 578f5668-dcbf-4afe-960f-ec14c3c7b9d3 (type: security_group_rules) to 0
2026-04-28 18:32:03.158 10 INFO neutron.db.ovn_revision_numbers_db [None req-46d7c803-284a-404c-a3ac-cc025bcaa1f9 48e081fb0e3148478a0338e7fc589bad 7c9837aa41ee4d8fb6b630692028dc4c - - default default] Successfully bumped revision number for resource 59361819-65ed-4d61-a2c8-54b15376df29 (type: security_group_rules) to 0
2026-04-28 18:32:03.183 10 INFO neutron.db.ovn_revision_numbers_db [None req-46d7c803-284a-404c-a3ac-cc025bcaa1f9 48e081fb0e3148478a0338e7fc589bad 7c9837aa41ee4d8fb6b630692028dc4c - - default default] Successfully bumped revision number for resource c33b5f24-2d05-4bad-9188-3fe6193b1718 (type: security_group_rules) to 0
2026-04-28 18:32:03.200 9 INFO neutron.wsgi [req-bc8c284e-99a9-4b48-97cc-b6a627cad441 req-604b4295-8e92-4896-9b50-067db5fdd15e fc99a412abd54783893067f5ff7f7d01 78aba0ddc417491aaa8a855751af10c1 - - default default] 10.0.0.139 "GET /v2.0/ports?device_id=cca0c939-3dee-4c82-85a1-b20176cd9bbb HTTP/1.1" status: 200 len: 1170 time: 0.0377848
2026-04-28 18:32:03.205 10 INFO neutron.wsgi [None req-46d7c803-284a-404c-a3ac-cc025bcaa1f9 48e081fb0e3148478a0338e7fc589bad 7c9837aa41ee4d8fb6b630692028dc4c - - default default] 10.0.0.85 "GET /v2.0/security-groups?tenant_id=442cc9f998af4922a17c82172bc5bb15&name=default HTTP/1.1" status: 200 len: 2996 time: 0.5317302
2026-04-28 18:32:03.510 10 INFO neutron.db.l3_db [None req-1920cd23-7203-4a96-80cc-1d5b094bfbee fc99a412abd54783893067f5ff7f7d01 78aba0ddc417491aaa8a855751af10c1 - - default default] Floating IP cb49cfa1-35b5-432d-93a2-104fc6028167 associated. External IP: 10.96.250.217, port: 34ae75ac-b803-43f7-9257-4793d4a5b9b8.
2026-04-28 18:32:03.615 10 WARNING neutron.scheduler.dhcp_agent_scheduler [None req-2774597d-b1f0-4e25-8b74-e4207fa6e2bf 48e081fb0e3148478a0338e7fc589bad 7c9837aa41ee4d8fb6b630692028dc4c - - default default] No more DHCP agents
2026-04-28 18:32:03.627 10 WARNING neutron.api.rpc.agentnotifiers.dhcp_rpc_agent_api [None req-2774597d-b1f0-4e25-8b74-e4207fa6e2bf 48e081fb0e3148478a0338e7fc589bad 7c9837aa41ee4d8fb6b630692028dc4c - - default default] Unable to schedule network 7fbc5d7d-dc89-480e-bcc9-5a281f91651b: no agents available; will retry on subsequent port and subnet creation events.
2026-04-28 18:32:03.682 10 INFO neutron.wsgi [None req-08976935-12f0-4d9f-83ee-7be8f20da411 48e081fb0e3148478a0338e7fc589bad 7c9837aa41ee4d8fb6b630692028dc4c - - default default] 10.0.0.85 "DELETE /v2.0/security-groups/72603360-1eed-4f2e-9d25-eb1206f929b2 HTTP/1.1" status: 204 len: 168 time: 0.4718344
2026-04-28 18:32:03.702 9 INFO neutron.db.ovn_revision_numbers_db [None req-518b93e8-6381-4930-b58f-1456798fdf67 - - - - - -] Successfully bumped revision number for resource 8af97f7c-b735-455f-9253-a90d55f9719d (type: ports) to 1
2026-04-28 18:32:03.788 10 INFO neutron.db.ovn_revision_numbers_db [None req-1920cd23-7203-4a96-80cc-1d5b094bfbee fc99a412abd54783893067f5ff7f7d01 78aba0ddc417491aaa8a855751af10c1 - - default default] Successfully bumped revision number for resource cb49cfa1-35b5-432d-93a2-104fc6028167 (type: floatingips) to 1
2026-04-28 18:32:03.970 9 INFO neutron.db.ovn_revision_numbers_db [None req-4433e327-7856-4a64-a721-6ccbe70f1e22 48e081fb0e3148478a0338e7fc589bad 7c9837aa41ee4d8fb6b630692028dc4c - - default default] Successfully bumped revision number for resource c24090f5-708c-4f00-a361-558b3ef8bd38 (type: security_groups) to 1
2026-04-28 18:32:03.997 9 INFO neutron.db.ovn_revision_numbers_db [None req-518b93e8-6381-4930-b58f-1456798fdf67 - - - - - -] Successfully bumped revision number for resource 8af97f7c-b735-455f-9253-a90d55f9719d (type: router_ports) to 3
2026-04-28 18:32:04.001 9 INFO neutron.db.ovn_revision_numbers_db [None req-4433e327-7856-4a64-a721-6ccbe70f1e22 48e081fb0e3148478a0338e7fc589bad 7c9837aa41ee4d8fb6b630692028dc4c - - default default] Successfully bumped revision number for resource 193a6485-452d-4d69-b14e-143d4016e9ff (type: security_group_rules) to 0
2026-04-28 18:32:04.003 10 INFO neutron.db.ovn_revision_numbers_db [None req-2774597d-b1f0-4e25-8b74-e4207fa6e2bf 48e081fb0e3148478a0338e7fc589bad 7c9837aa41ee4d8fb6b630692028dc4c - - default default] Successfully bumped revision number for resource 9d92689b-c2b4-428a-b1bf-41b737d5feaa (type: ports) to 1
2026-04-28 18:32:04.030 9 INFO neutron.db.ovn_revision_numbers_db [None req-4433e327-7856-4a64-a721-6ccbe70f1e22 48e081fb0e3148478a0338e7fc589bad 7c9837aa41ee4d8fb6b630692028dc4c - - default default] Successfully bumped revision number for resource 38be8d87-3da9-4355-ab0a-aa84625a7ed1 (type: security_group_rules) to 0
2026-04-28 18:32:04.049 9 INFO neutron.db.ovn_revision_numbers_db [None req-4433e327-7856-4a64-a721-6ccbe70f1e22 48e081fb0e3148478a0338e7fc589bad 7c9837aa41ee4d8fb6b630692028dc4c - - default default] Successfully bumped revision number for resource 79115449-d0a5-4bcd-8575-33d033e8a761 (type: security_group_rules) to 0
2026-04-28 18:32:04.078 9 INFO neutron.db.ovn_revision_numbers_db [None req-4433e327-7856-4a64-a721-6ccbe70f1e22 48e081fb0e3148478a0338e7fc589bad 7c9837aa41ee4d8fb6b630692028dc4c - - default default] Successfully bumped revision number for resource d3661619-4df1-45fb-9dcf-ebcf44dd8a91 (type: security_group_rules) to 0
2026-04-28 18:32:04.080 10 INFO neutron.db.ovn_revision_numbers_db [None req-1920cd23-7203-4a96-80cc-1d5b094bfbee fc99a412abd54783893067f5ff7f7d01 78aba0ddc417491aaa8a855751af10c1 - - default default] Successfully bumped revision number for resource cb49cfa1-35b5-432d-93a2-104fc6028167 (type: floatingips) to 2
2026-04-28 18:32:04.109 9 INFO neutron.wsgi [None req-4433e327-7856-4a64-a721-6ccbe70f1e22 48e081fb0e3148478a0338e7fc589bad 7c9837aa41ee4d8fb6b630692028dc4c - - default default] 10.0.0.85 "GET /v2.0/security-groups?tenant_id=0c269764801448dd97c049376aeee272&name=default HTTP/1.1" status: 200 len: 2996 time: 0.3078322 /var/lib/openstack/lib/python3.10/site-packages/pycadf/identifier.py:71: UserWarning: Invalid uuid: neutron. To ensure interoperability, identifiers should be a valid uuid. warnings.warn(('Invalid uuid: %s. To ensure interoperability, '
2026-04-28 18:32:04.125 10 INFO neutron.wsgi [None req-1920cd23-7203-4a96-80cc-1d5b094bfbee fc99a412abd54783893067f5ff7f7d01 78aba0ddc417491aaa8a855751af10c1 - - default default] 10.0.0.85 "PUT /v2.0/floatingips/cb49cfa1-35b5-432d-93a2-104fc6028167 HTTP/1.1" status: 200 len: 1049 time: 0.9081678
2026-04-28 18:32:04.172 9 INFO neutron.db.ovn_revision_numbers_db [None req-518b93e8-6381-4930-b58f-1456798fdf67 - - - - - -] Successfully bumped revision number for resource 8af97f7c-b735-455f-9253-a90d55f9719d (type: ports) to 2
2026-04-28 18:32:04.174 10 INFO neutron.notifiers.nova [-] Nova event matching ['req-0cc07295-8203-4dda-bc06-ed25cfe69cbd'] response: {'name': 'network-changed', 'server_uuid': '764cd203-0348-43d4-a67d-2439292731fa', 'tag': 'c1e92db3-2477-4023-9c1d-d8def8c695bb', 'status': 'completed', 'code': 200}
2026-04-28 18:32:04.174 10 INFO neutron.notifiers.nova [-] Nova event matching ['req-0cc07295-8203-4dda-bc06-ed25cfe69cbd'] response: {'server_uuid': 'cca0c939-3dee-4c82-85a1-b20176cd9bbb', 'name': 'network-vif-plugged', 'status': 'completed', 'tag': '34ae75ac-b803-43f7-9257-4793d4a5b9b8', 'code': 200}
2026-04-28 18:32:04.174 10 INFO neutron.notifiers.nova [-] Nova event matching ['req-0cc07295-8203-4dda-bc06-ed25cfe69cbd'] response: {'name': 'network-changed', 'server_uuid': 'cca0c939-3dee-4c82-85a1-b20176cd9bbb', 'tag': '34ae75ac-b803-43f7-9257-4793d4a5b9b8', 'status': 'completed', 'code': 200}
2026-04-28 18:32:04.233 9 INFO neutron.wsgi [req-02fbfb02-0fc6-48fb-a54c-9318693dd1f4 req-27bcad87-7d49-4bbe-af84-d993e8ca6bee fc99a412abd54783893067f5ff7f7d01 78aba0ddc417491aaa8a855751af10c1 - - default default] 10.0.0.139 "GET /v2.0/ports?device_id=cca0c939-3dee-4c82-85a1-b20176cd9bbb HTTP/1.1" status: 200 len: 1170 time: 0.0542204
2026-04-28 18:32:04.241 9 INFO neutron.wsgi [req-4df80884-4fe3-465a-9825-9921b43a1eab req-7d9721ce-1d08-47a2-8604-298929d7fd91 54b88280dc1646d2a79d662e64c0d724 4f8eb4083741407ab21daa902d3eeb03 - - e62532941e864b8ba3623ffc54f3df85 e62532941e864b8ba3623ffc54f3df85] 199.19.213.209 "GET /v2.0/ports?tenant_id=97054b39d4bd43fd9917b932ff788ac7&device_id=764cd203-0348-43d4-a67d-2439292731fa HTTP/1.1" status: 200 len: 1409 time: 0.0431108
2026-04-28 18:32:04.311 9 INFO neutron.wsgi [req-02fbfb02-0fc6-48fb-a54c-9318693dd1f4 req-7d1fac43-9e0c-4d88-b9e8-8aa372b0b2d0 fc99a412abd54783893067f5ff7f7d01 78aba0ddc417491aaa8a855751af10c1 - - default default] 10.0.0.139 "GET /v2.0/security-groups?id=f8a42ee6-79f7-4b1d-ab32-b7f0850b704a&fields=id&fields=name HTTP/1.1" status: 200 len: 313 time: 0.0692208
2026-04-28 18:32:04.330 9 INFO neutron.wsgi [req-4df80884-4fe3-465a-9825-9921b43a1eab req-07f2b4ab-0028-482a-a097-8d0be3116f85 54b88280dc1646d2a79d662e64c0d724 4f8eb4083741407ab21daa902d3eeb03 - - e62532941e864b8ba3623ffc54f3df85 e62532941e864b8ba3623ffc54f3df85] 199.19.213.209 "GET /v2.0/networks?id=bced79d4-9695-4030-9f15-648d5f03bb0f HTTP/1.1" status: 200 len: 982 time: 0.0776863
2026-04-28 18:32:04.398 10 INFO neutron.wsgi [None req-df21b11b-835a-45d7-b339-daad96a4420d 48e081fb0e3148478a0338e7fc589bad 7c9837aa41ee4d8fb6b630692028dc4c - - default default] 10.0.0.85 "DELETE /v2.0/security-groups/c24090f5-708c-4f00-a361-558b3ef8bd38 HTTP/1.1" status: 204 len: 168 time: 0.2834785
2026-04-28 18:32:04.403 9 INFO neutron.wsgi [req-4df80884-4fe3-465a-9825-9921b43a1eab req-3918b39b-3cee-4c78-b22f-1330b61a6b02 54b88280dc1646d2a79d662e64c0d724 4f8eb4083741407ab21daa902d3eeb03 - - e62532941e864b8ba3623ffc54f3df85 e62532941e864b8ba3623ffc54f3df85] 199.19.213.209 "GET /v2.0/floatingips?fixed_ip_address=10.100.0.9&port_id=c1e92db3-2477-4023-9c1d-d8def8c695bb HTTP/1.1" status: 200 len: 1059 time: 0.0655053
2026-04-28 18:32:04.440 9 INFO neutron.wsgi [req-4df80884-4fe3-465a-9825-9921b43a1eab req-4e606579-2755-48b1-abe4-ea10ab8423a0 54b88280dc1646d2a79d662e64c0d724 4f8eb4083741407ab21daa902d3eeb03 - - e62532941e864b8ba3623ffc54f3df85 e62532941e864b8ba3623ffc54f3df85] 199.19.213.209 "GET /v2.0/subnets?id=a608d219-8c9c-479b-b47a-34e7eb96fabd HTTP/1.1" status: 200 len: 877 time: 0.0334806
2026-04-28 18:32:04.486 9 INFO neutron.wsgi [req-4df80884-4fe3-465a-9825-9921b43a1eab req-c2c72ed4-9ebd-49ae-9c03-58c103283c80 54b88280dc1646d2a79d662e64c0d724 4f8eb4083741407ab21daa902d3eeb03 - - e62532941e864b8ba3623ffc54f3df85 e62532941e864b8ba3623ffc54f3df85] 199.19.213.209 "GET /v2.0/ports?network_id=bced79d4-9695-4030-9f15-648d5f03bb0f&device_owner=network%3Adhcp HTTP/1.1" status: 200 len: 210 time: 0.0315509
2026-04-28 18:32:04.495 10 INFO neutron.plugins.ml2.drivers.ovn.mech_driver.mech_driver [None req-61ff434f-011b-47b9-8267-37fb304c1254 - - - - - -] OVN reports status up for port: 9d92689b-c2b4-428a-b1bf-41b737d5feaa
2026-04-28 18:32:04.506 10 INFO neutron.plugins.ml2.plugin [None req-61ff434f-011b-47b9-8267-37fb304c1254 - - - - - -] Attempt 1 to provision port 9d92689b-c2b4-428a-b1bf-41b737d5feaa
2026-04-28 18:32:04.517 10 INFO neutron.db.ovn_revision_numbers_db [None req-2774597d-b1f0-4e25-8b74-e4207fa6e2bf 48e081fb0e3148478a0338e7fc589bad 7c9837aa41ee4d8fb6b630692028dc4c - - default default] Successfully bumped revision number for resource 9d92689b-c2b4-428a-b1bf-41b737d5feaa (type: router_ports) to 1
2026-04-28 18:32:04.554 9 INFO neutron.wsgi [req-4df80884-4fe3-465a-9825-9921b43a1eab req-d395a05b-2aac-4280-960b-57b4e2568a00 54b88280dc1646d2a79d662e64c0d724 4f8eb4083741407ab21daa902d3eeb03 - - e62532941e864b8ba3623ffc54f3df85 e62532941e864b8ba3623ffc54f3df85] 199.19.213.209 "GET /v2.0/networks/bced79d4-9695-4030-9f15-648d5f03bb0f?fields=segments HTTP/1.1" status: 200 len: 212 time: 0.0640547
2026-04-28 18:32:04.562 9 INFO neutron.db.ovn_revision_numbers_db [None req-518b93e8-6381-4930-b58f-1456798fdf67 - - - - - -] Successfully bumped revision number for resource 8af97f7c-b735-455f-9253-a90d55f9719d (type: ports) to 4
2026-04-28 18:32:04.633 9 INFO neutron.wsgi [req-4df80884-4fe3-465a-9825-9921b43a1eab req-3019f802-c592-4daf-b564-f520973d697b 54b88280dc1646d2a79d662e64c0d724 4f8eb4083741407ab21daa902d3eeb03 - - e62532941e864b8ba3623ffc54f3df85 e62532941e864b8ba3623ffc54f3df85] 199.19.213.209 "GET /v2.0/networks/bced79d4-9695-4030-9f15-648d5f03bb0f?fields=provider%3Aphysical_network&fields=provider%3Anetwork_type HTTP/1.1" status: 200 len: 277 time: 0.0693130
2026-04-28 18:32:04.694 9 INFO neutron.wsgi [req-7205f6ab-1829-41e1-a7ba-6ed900533798 req-05035b3c-124f-4f76-b1ce-0cde6a8d4f2f fc99a412abd54783893067f5ff7f7d01 78aba0ddc417491aaa8a855751af10c1 - - default default] 10.0.0.139 "GET /v2.0/ports?device_id=cca0c939-3dee-4c82-85a1-b20176cd9bbb HTTP/1.1" status: 200 len: 1170 time: 0.0407073
2026-04-28 18:32:04.697 10 INFO neutron.db.ovn_revision_numbers_db [None req-2774597d-b1f0-4e25-8b74-e4207fa6e2bf 48e081fb0e3148478a0338e7fc589bad 7c9837aa41ee4d8fb6b630692028dc4c - - default default] Successfully bumped revision number for resource 9d92689b-c2b4-428a-b1bf-41b737d5feaa (type: ports) to 1
2026-04-28 18:32:04.723 9 INFO neutron.wsgi [req-4df80884-4fe3-465a-9825-9921b43a1eab req-5f7f0775-b708-45aa-9141-a7be8895cfbe 54b88280dc1646d2a79d662e64c0d724 4f8eb4083741407ab21daa902d3eeb03 - - e62532941e864b8ba3623ffc54f3df85 e62532941e864b8ba3623ffc54f3df85] 199.19.213.209 "GET /v2.0/ports?tenant_id=78aba0ddc417491aaa8a855751af10c1&device_id=cca0c939-3dee-4c82-85a1-b20176cd9bbb HTTP/1.1" status: 200 len: 1409 time: 0.0445056
2026-04-28 18:32:04.797 10 WARNING neutron.scheduler.dhcp_agent_scheduler [None req-2774597d-b1f0-4e25-8b74-e4207fa6e2bf 48e081fb0e3148478a0338e7fc589bad 7c9837aa41ee4d8fb6b630692028dc4c - - default default] No more DHCP agents
2026-04-28 18:32:04.799 10 WARNING neutron.api.rpc.agentnotifiers.dhcp_rpc_agent_api [None req-2774597d-b1f0-4e25-8b74-e4207fa6e2bf 48e081fb0e3148478a0338e7fc589bad 7c9837aa41ee4d8fb6b630692028dc4c - - default default] Unable to schedule network 7fbc5d7d-dc89-480e-bcc9-5a281f91651b: no agents available; will retry on subsequent port and subnet creation events.
2026-04-28 18:32:04.807 9 INFO neutron.wsgi [req-7205f6ab-1829-41e1-a7ba-6ed900533798 req-087f98cd-a63c-4ec2-a020-5dcde7c3320f fc99a412abd54783893067f5ff7f7d01 78aba0ddc417491aaa8a855751af10c1 - - default default] 10.0.0.139 "GET /v2.0/security-groups?id=f8a42ee6-79f7-4b1d-ab32-b7f0850b704a&fields=id&fields=name HTTP/1.1" status: 200 len: 313 time: 0.1022897
2026-04-28 18:32:04.863 9 INFO neutron.wsgi [req-4df80884-4fe3-465a-9825-9921b43a1eab req-45bf3920-26be-4c8f-8747-d98dc74b0c21 54b88280dc1646d2a79d662e64c0d724 4f8eb4083741407ab21daa902d3eeb03 - - e62532941e864b8ba3623ffc54f3df85 e62532941e864b8ba3623ffc54f3df85] 199.19.213.209 "GET /v2.0/networks?id=813c4eb3-3d8c-4673-8410-95a525b6f445 HTTP/1.1" status: 200 len: 978 time: 0.1279349
2026-04-28 18:32:04.890 10 INFO neutron.db.ovn_revision_numbers_db [None req-61ff434f-011b-47b9-8267-37fb304c1254 - - - - - -] Successfully bumped revision number for resource 9d92689b-c2b4-428a-b1bf-41b737d5feaa (type: ports) to 2
2026-04-28 18:32:04.925 9 INFO neutron.wsgi [req-4df80884-4fe3-465a-9825-9921b43a1eab req-2a521606-f341-4923-8625-3297a3d0c7e8 54b88280dc1646d2a79d662e64c0d724 4f8eb4083741407ab21daa902d3eeb03 - - e62532941e864b8ba3623ffc54f3df85 e62532941e864b8ba3623ffc54f3df85] 199.19.213.209 "GET /v2.0/floatingips?fixed_ip_address=10.100.0.3&port_id=34ae75ac-b803-43f7-9257-4793d4a5b9b8 HTTP/1.1" status: 200 len: 1059 time: 0.0547910
2026-04-28 18:32:04.957 9 INFO neutron.db.ovn_revision_numbers_db [None req-518b93e8-6381-4930-b58f-1456798fdf67 - - - - - -] Successfully bumped revision number for resource 8af97f7c-b735-455f-9253-a90d55f9719d (type: router_ports) to 4
2026-04-28 18:32:04.982 9 INFO neutron.wsgi [req-4df80884-4fe3-465a-9825-9921b43a1eab req-8e2cb597-38be-407b-9f44-d9d13044f815 54b88280dc1646d2a79d662e64c0d724 4f8eb4083741407ab21daa902d3eeb03 - - e62532941e864b8ba3623ffc54f3df85 e62532941e864b8ba3623ffc54f3df85] 199.19.213.209 "GET /v2.0/subnets?id=6ea3a8df-4386-467c-a1d1-13f4a852224e HTTP/1.1" status: 200 len: 873 time: 0.0466547
2026-04-28 18:32:05.123 10 INFO neutron.db.ovn_revision_numbers_db [None req-61ff434f-011b-47b9-8267-37fb304c1254 - - - - - -] Successfully bumped revision number for resource 9d92689b-c2b4-428a-b1bf-41b737d5feaa (type: router_ports) to 2
2026-04-28 18:32:05.145 9 INFO neutron.wsgi [req-4df80884-4fe3-465a-9825-9921b43a1eab req-6da9bd99-1d2e-4252-aa54-73cba67eb697 54b88280dc1646d2a79d662e64c0d724 4f8eb4083741407ab21daa902d3eeb03 - - e62532941e864b8ba3623ffc54f3df85 e62532941e864b8ba3623ffc54f3df85] 199.19.213.209 "GET /v2.0/ports?network_id=813c4eb3-3d8c-4673-8410-95a525b6f445&device_owner=network%3Adhcp HTTP/1.1" status: 200 len: 210 time: 0.1570468
2026-04-28 18:32:05.188 10 INFO neutron.wsgi [req-c9b0df2e-4fc4-4635-8518-dedb033244af req-36bccd67-c803-4e22-8312-99500fdcba89 fc99a412abd54783893067f5ff7f7d01 78aba0ddc417491aaa8a855751af10c1 - - default default] 199.19.213.209 "GET /v2.0/ports?device_id=cca0c939-3dee-4c82-85a1-b20176cd9bbb HTTP/1.1" status: 200 len: 1170 time: 0.1934791
2026-04-28 18:32:05.217 9 INFO neutron.wsgi [req-4df80884-4fe3-465a-9825-9921b43a1eab req-95d8263b-6ced-4987-a4ce-2ccfe22b2be7 54b88280dc1646d2a79d662e64c0d724 4f8eb4083741407ab21daa902d3eeb03 - - e62532941e864b8ba3623ffc54f3df85 e62532941e864b8ba3623ffc54f3df85] 199.19.213.209 "GET /v2.0/networks/813c4eb3-3d8c-4673-8410-95a525b6f445?fields=segments HTTP/1.1" status: 200 len: 212 time: 0.0625563
2026-04-28 18:32:05.276 9 INFO neutron.wsgi [req-4df80884-4fe3-465a-9825-9921b43a1eab req-d9c337e7-0672-44f6-ae5c-9fc791d62e76 54b88280dc1646d2a79d662e64c0d724 4f8eb4083741407ab21daa902d3eeb03 - - e62532941e864b8ba3623ffc54f3df85 e62532941e864b8ba3623ffc54f3df85] 199.19.213.209 "GET /v2.0/networks/813c4eb3-3d8c-4673-8410-95a525b6f445?fields=provider%3Aphysical_network&fields=provider%3Anetwork_type HTTP/1.1" status: 200 len: 277 time: 0.0554843
2026-04-28 18:32:05.318 10 INFO neutron.wsgi [-] 10.0.0.89 "GET / HTTP/1.1" status: 200 len: 246 time: 0.0014274
2026-04-28 18:32:05.320 9 INFO neutron.wsgi [-] 10.0.0.89 "GET / HTTP/1.1" status: 200 len: 246 time: 0.0027199
2026-04-28 18:32:05.768 10 INFO neutron.db.l3_db [req-c9b0df2e-4fc4-4635-8518-dedb033244af req-e520f93a-9af2-44d0-b339-5bf1f7cfc1f1 fc99a412abd54783893067f5ff7f7d01 78aba0ddc417491aaa8a855751af10c1 - - default default] Floating IP cb49cfa1-35b5-432d-93a2-104fc6028167 disassociated. External IP: 10.96.250.217, port: 34ae75ac-b803-43f7-9257-4793d4a5b9b8.
2026-04-28 18:32:05.943 9 INFO neutron.wsgi [req-f28aa3b7-a627-4126-85b1-a75c9f518551 req-47b22a38-07e7-4996-b22c-d372022c4434 fc99a412abd54783893067f5ff7f7d01 78aba0ddc417491aaa8a855751af10c1 - - default default] 10.0.0.139 "GET /v2.0/ports?device_id=cca0c939-3dee-4c82-85a1-b20176cd9bbb HTTP/1.1" status: 200 len: 1170 time: 0.0411141
2026-04-28 18:32:05.962 10 INFO neutron.db.ovn_revision_numbers_db [None req-2774597d-b1f0-4e25-8b74-e4207fa6e2bf 48e081fb0e3148478a0338e7fc589bad 7c9837aa41ee4d8fb6b630692028dc4c - - default default] Successfully bumped revision number for resource 9d92689b-c2b4-428a-b1bf-41b737d5feaa (type: router_ports) to 2
2026-04-28 18:32:05.964 10 INFO neutron.wsgi [None req-2774597d-b1f0-4e25-8b74-e4207fa6e2bf 48e081fb0e3148478a0338e7fc589bad 7c9837aa41ee4d8fb6b630692028dc4c - - default default] 10.0.0.85 "PUT /v2.0/routers/2319b201-fd8e-44c2-a31d-6ea8e611a1f3/add_router_interface HTTP/1.1" status: 200 len: 503 time: 2.9669404
2026-04-28 18:32:05.988 10 INFO neutron.wsgi [req-c9b0df2e-4fc4-4635-8518-dedb033244af req-e520f93a-9af2-44d0-b339-5bf1f7cfc1f1 fc99a412abd54783893067f5ff7f7d01 78aba0ddc417491aaa8a855751af10c1 - - default default] 199.19.213.209 "DELETE /v2.0/ports/34ae75ac-b803-43f7-9257-4793d4a5b9b8 HTTP/1.1" status: 204 len: 173 time: 0.7916968
2026-04-28 18:32:05.990 9 INFO neutron.wsgi [req-f28aa3b7-a627-4126-85b1-a75c9f518551 req-2386e521-4db7-4ac6-9c00-04bf883133da fc99a412abd54783893067f5ff7f7d01 78aba0ddc417491aaa8a855751af10c1 - - default default] 10.0.0.139 "GET /v2.0/security-groups?id=f8a42ee6-79f7-4b1d-ab32-b7f0850b704a&fields=id&fields=name HTTP/1.1" status: 200 len: 313 time: 0.0394981
2026-04-28 18:32:06.212 10 INFO neutron.notifiers.nova [-] Nova event matching ['req-d4970301-bb36-4912-b820-eb5642433a7e'] response: {'server_uuid': 'cca0c939-3dee-4c82-85a1-b20176cd9bbb', 'name': 'network-vif-deleted', 'tag': '34ae75ac-b803-43f7-9257-4793d4a5b9b8', 'status': 'completed', 'code': 200}
2026-04-28 18:32:06.803 9 INFO neutron.db.ovn_revision_numbers_db [None req-4e186335-8373-4678-ac9f-d44e861dfede ef8215097e6747c88187662967be25e0 79ae88a172294abaac919a9acc6d5895 - - default default] Successfully bumped revision number for resource e6e0216b-487c-4cc3-a01b-1a77ca11cf0b (type: security_groups) to 1
2026-04-28 18:32:06.818 9 INFO neutron.db.ovn_revision_numbers_db [None req-4e186335-8373-4678-ac9f-d44e861dfede ef8215097e6747c88187662967be25e0 79ae88a172294abaac919a9acc6d5895 - - default default] Successfully bumped revision number for resource 859e558e-5d66-46c6-9427-ec3664021166 (type: security_group_rules) to 0
2026-04-28 18:32:06.831 9 INFO neutron.db.ovn_revision_numbers_db [None req-4e186335-8373-4678-ac9f-d44e861dfede ef8215097e6747c88187662967be25e0 79ae88a172294abaac919a9acc6d5895 - - default default] Successfully bumped revision number for resource e48e1f33-4302-4e34-8bc6-7ab7f55db7d7 (type: security_group_rules) to 0
2026-04-28 18:32:06.848 9 INFO neutron.wsgi [None req-4e186335-8373-4678-ac9f-d44e861dfede ef8215097e6747c88187662967be25e0 79ae88a172294abaac919a9acc6d5895 - - default default] 10.0.0.85 "POST /v2.0/security-groups HTTP/1.1" status: 201 len: 1795 time: 0.1694574
2026-04-28 18:32:06.964 9 INFO neutron.db.ovn_revision_numbers_db [None req-8ac7cb4d-ce5b-4f97-8565-fec73225563b ef8215097e6747c88187662967be25e0 79ae88a172294abaac919a9acc6d5895 - - default default] Successfully bumped revision number for resource de0b6114-1e06-4a27-b82d-c3c8fcd527f8 (type: security_group_rules) to 0
2026-04-28 18:32:06.989 9 INFO neutron.wsgi [None req-8ac7cb4d-ce5b-4f97-8565-fec73225563b ef8215097e6747c88187662967be25e0 79ae88a172294abaac919a9acc6d5895 - - default default] 10.0.0.85 "POST /v2.0/security-group-rules HTTP/1.1" status: 201 len: 764 time: 0.1344979
2026-04-28 18:32:07.147 9 INFO neutron.db.ovn_revision_numbers_db [None req-670ee44e-9404-4668-bd2c-5306e3649b68 ef8215097e6747c88187662967be25e0 79ae88a172294abaac919a9acc6d5895 - - default default] Successfully bumped revision number for resource 029546e1-a2fc-4e27-8aca-71d57f780a35 (type: security_group_rules) to 0
2026-04-28 18:32:07.178 9 INFO neutron.db.ovn_revision_numbers_db [None req-fd3a9a10-51e2-4061-a2b4-5f21e83bf5ea 48e081fb0e3148478a0338e7fc589bad 7c9837aa41ee4d8fb6b630692028dc4c - - default default] Successfully bumped revision number for resource 76e515ce-66d5-492e-8d67-b1b91745b16d (type: security_groups) to 1
2026-04-28 18:32:07.184 9 INFO neutron.wsgi [None req-670ee44e-9404-4668-bd2c-5306e3649b68 ef8215097e6747c88187662967be25e0 79ae88a172294abaac919a9acc6d5895 - - default default] 10.0.0.85 "POST /v2.0/security-group-rules HTTP/1.1" status: 201 len: 769 time: 0.1905711
2026-04-28 18:32:07.194 9 INFO neutron.db.ovn_revision_numbers_db [None req-fd3a9a10-51e2-4061-a2b4-5f21e83bf5ea 48e081fb0e3148478a0338e7fc589bad 7c9837aa41ee4d8fb6b630692028dc4c - - default default] Successfully bumped revision number for resource 40d75ae7-deaa-4374-adc1-738003e0f34b (type: security_group_rules) to 0
2026-04-28 18:32:07.210 9 INFO neutron.db.ovn_revision_numbers_db [None req-fd3a9a10-51e2-4061-a2b4-5f21e83bf5ea 48e081fb0e3148478a0338e7fc589bad 7c9837aa41ee4d8fb6b630692028dc4c - - default default] Successfully bumped revision number for resource 942805a4-4227-4484-9e34-8648745ac9ea (type: security_group_rules) to 0
2026-04-28 18:32:07.222 10 INFO neutron.wsgi [None req-3ac2fcd4-c9da-45ee-a56a-62b0636e384a fc99a412abd54783893067f5ff7f7d01 78aba0ddc417491aaa8a855751af10c1 - - default default] 10.0.0.85 "DELETE /v2.0/security-groups/f8a42ee6-79f7-4b1d-ab32-b7f0850b704a HTTP/1.1" status: 204 len: 168 time: 0.1371851
2026-04-28 18:32:07.225 9 INFO neutron.db.ovn_revision_numbers_db [None req-fd3a9a10-51e2-4061-a2b4-5f21e83bf5ea 48e081fb0e3148478a0338e7fc589bad 7c9837aa41ee4d8fb6b630692028dc4c - - default default] Successfully bumped revision number for resource 949db0b5-6229-46cc-810c-017f0f4c9da0 (type: security_group_rules) to 0
2026-04-28 18:32:07.239 9 INFO neutron.api.v2.resource [None req-dc4f1bb7-5d3d-477f-ba5b-db29ee8437c9 fc99a412abd54783893067f5ff7f7d01 78aba0ddc417491aaa8a855751af10c1 - - default default] show failed (client error): The resource could not be found.
2026-04-28 18:32:07.240 9 INFO neutron.wsgi [None req-dc4f1bb7-5d3d-477f-ba5b-db29ee8437c9 fc99a412abd54783893067f5ff7f7d01 78aba0ddc417491aaa8a855751af10c1 - - default default] 10.0.0.85 "GET /v2.0/security-groups/f8a42ee6-79f7-4b1d-ab32-b7f0850b704a HTTP/1.1" status: 404 len: 347 time: 0.0128393
2026-04-28 18:32:07.249 9 INFO neutron.db.ovn_revision_numbers_db [None req-fd3a9a10-51e2-4061-a2b4-5f21e83bf5ea 48e081fb0e3148478a0338e7fc589bad 7c9837aa41ee4d8fb6b630692028dc4c - - default default] Successfully bumped revision number for resource ce838ee1-8537-4770-a4a0-a1c5fbbcdd31 (type: security_group_rules) to 0
2026-04-28 18:32:07.296 9 INFO neutron.wsgi [None req-fd3a9a10-51e2-4061-a2b4-5f21e83bf5ea 48e081fb0e3148478a0338e7fc589bad 7c9837aa41ee4d8fb6b630692028dc4c - - default default] 10.0.0.85 "GET /v2.0/security-groups?tenant_id=a9e3c79e6c7a425ca6e6362b1784aea9&name=default HTTP/1.1" status: 200 len: 2996 time: 0.4248402
2026-04-28 18:32:07.465 10 WARNING neutron.scheduler.dhcp_agent_scheduler [None req-a8eae890-0de2-495b-8dc3-486b7fb1a77a ef8215097e6747c88187662967be25e0 79ae88a172294abaac919a9acc6d5895 - - default default] No more DHCP agents
2026-04-28 18:32:07.468 10 WARNING neutron.api.rpc.agentnotifiers.dhcp_rpc_agent_api [None req-a8eae890-0de2-495b-8dc3-486b7fb1a77a ef8215097e6747c88187662967be25e0 79ae88a172294abaac919a9acc6d5895 - - default default] Unable to schedule network af8490e8-3bb6-439f-be93-97801fca88e6: no agents available; will retry on subsequent port and subnet creation events.
2026-04-28 18:32:07.542 9 INFO neutron.wsgi [None req-a9590a93-8015-433b-a015-564449da1ca4 fc99a412abd54783893067f5ff7f7d01 78aba0ddc417491aaa8a855751af10c1 - - default default] 10.0.0.85 "DELETE /v2.0/floatingips/cb49cfa1-35b5-432d-93a2-104fc6028167 HTTP/1.1" status: 204 len: 168 time: 0.2905109
2026-04-28 18:32:07.572 10 INFO neutron.wsgi [None req-3bb119c8-02c4-45b2-a51b-ff3af82ecb12 48e081fb0e3148478a0338e7fc589bad 7c9837aa41ee4d8fb6b630692028dc4c - - default default] 10.0.0.85 "DELETE /v2.0/security-groups/76e515ce-66d5-492e-8d67-b1b91745b16d HTTP/1.1" status: 204 len: 168 time: 0.2696369
2026-04-28 18:32:07.835 10 INFO neutron.db.ovn_revision_numbers_db [None req-a8eae890-0de2-495b-8dc3-486b7fb1a77a ef8215097e6747c88187662967be25e0 79ae88a172294abaac919a9acc6d5895 - - default default] Successfully bumped revision number for resource 288de4e0-bdf9-44f6-a6ae-f0140902678e (type: floatingips) to 0
2026-04-28 18:32:07.857 10 INFO neutron.wsgi [None req-a8eae890-0de2-495b-8dc3-486b7fb1a77a ef8215097e6747c88187662967be25e0 79ae88a172294abaac919a9acc6d5895 - - default default] 10.0.0.85 "POST /v2.0/floatingips HTTP/1.1" status: 201 len: 751 time: 0.6666565
2026-04-28 18:32:08.365 9 INFO neutron.wsgi [req-27192764-d5d9-4885-a30f-d899395b29dc req-c97aff3f-5b4e-47aa-87fd-dcecc3122851 ef8215097e6747c88187662967be25e0 79ae88a172294abaac919a9acc6d5895 - - default default] 10.0.0.139 "GET /v2.0/security-groups?name=tempest-securitygroup--358388056&fields=id&tenant_id=79ae88a172294abaac919a9acc6d5895 HTTP/1.1" status: 200 len: 267 time: 0.0419209
2026-04-28 18:32:08.438 9 INFO neutron.wsgi [req-27192764-d5d9-4885-a30f-d899395b29dc req-6ad94c12-6fd9-4560-937f-90a2e591bd9c ef8215097e6747c88187662967be25e0 79ae88a172294abaac919a9acc6d5895 - - default default] 10.0.0.139 "GET /v2.0/networks?id=7fbc5d7d-dc89-480e-bcc9-5a281f91651b HTTP/1.1" status: 200 len: 875 time: 0.0666368
2026-04-28 18:32:08.455 9 INFO neutron.wsgi [req-27192764-d5d9-4885-a30f-d899395b29dc req-f2a57eae-2a26-41aa-918d-616fa5238d1a ef8215097e6747c88187662967be25e0 79ae88a172294abaac919a9acc6d5895 - - default default] 10.0.0.139 "GET /v2.0/quotas/79ae88a172294abaac919a9acc6d5895 HTTP/1.1" status: 200 len: 386 time: 0.0093508
2026-04-28 18:32:08.539 9 INFO neutron.wsgi [req-27192764-d5d9-4885-a30f-d899395b29dc req-8b963b5e-9970-4cc9-954f-1f00b345e2bb ef8215097e6747c88187662967be25e0 79ae88a172294abaac919a9acc6d5895 - - default default] 10.0.0.139 "GET /v2.0/ports?tenant_id=79ae88a172294abaac919a9acc6d5895&fields=id HTTP/1.1" status: 200 len: 302 time: 0.0781710
2026-04-28 18:32:08.597 9 INFO neutron.wsgi [req-27192764-d5d9-4885-a30f-d899395b29dc req-4b82649f-19cc-4ccd-a07c-98593edfd1c1 54b88280dc1646d2a79d662e64c0d724 4f8eb4083741407ab21daa902d3eeb03 - - e62532941e864b8ba3623ffc54f3df85 e62532941e864b8ba3623ffc54f3df85] 10.0.0.139 "GET /v2.0/networks/7fbc5d7d-dc89-480e-bcc9-5a281f91651b?fields=segments HTTP/1.1" status: 200 len: 212 time: 0.0461166
2026-04-28 18:32:08.673 9 INFO neutron.wsgi [req-27192764-d5d9-4885-a30f-d899395b29dc req-2af2234a-e655-4d7c-ae5d-3401e3945461 54b88280dc1646d2a79d662e64c0d724 4f8eb4083741407ab21daa902d3eeb03 - - e62532941e864b8ba3623ffc54f3df85 e62532941e864b8ba3623ffc54f3df85] 10.0.0.139 "GET /v2.0/networks/7fbc5d7d-dc89-480e-bcc9-5a281f91651b?fields=provider%3Aphysical_network&fields=provider%3Anetwork_type HTTP/1.1" status: 200 len: 277 time: 0.0654860
2026-04-28 18:32:08.682 10 INFO neutron.wsgi [None req-dd254506-0c81-4574-abbf-8592c623853c 48e081fb0e3148478a0338e7fc589bad 7c9837aa41ee4d8fb6b630692028dc4c - - default default] 10.0.0.85 "PUT /v2.0/routers/ae3fd6ee-6111-4570-8d6b-05d1b993ef95/remove_router_interface HTTP/1.1" status: 200 len: 503 time: 1.1348534 /var/lib/openstack/lib/python3.10/site-packages/pycadf/identifier.py:71: UserWarning: Invalid uuid: neutron. To ensure interoperability, identifiers should be a valid uuid. warnings.warn(('Invalid uuid: %s. To ensure interoperability, '
2026-04-28 18:32:08.845 9 INFO neutron.wsgi [req-fb8b4433-d823-423a-a96c-10e8546bfc45 req-f1a990c8-9eac-4f77-a519-bb9e9b63fa44 ef8215097e6747c88187662967be25e0 79ae88a172294abaac919a9acc6d5895 - - default default] 10.0.0.139 "GET /v2.0/ports?device_id=81499200-cc96-40b5-a738-76ec09a5cf74 HTTP/1.1" status: 200 len: 210 time: 0.0257850
2026-04-28 18:32:09.489 10 INFO neutron.wsgi [None req-0219af32-ed14-4fc4-b868-b1fb9ad1c194 48e081fb0e3148478a0338e7fc589bad 7c9837aa41ee4d8fb6b630692028dc4c - - default default] 10.0.0.85 "DELETE /v2.0/routers/ae3fd6ee-6111-4570-8d6b-05d1b993ef95 HTTP/1.1" status: 204 len: 168 time: 0.8006895
2026-04-28 18:32:09.534 10 INFO neutron.wsgi [req-27192764-d5d9-4885-a30f-d899395b29dc req-0aee0eb2-cc1d-4e77-8373-40295578f8c2 ef8215097e6747c88187662967be25e0 79ae88a172294abaac919a9acc6d5895 - - default default] 199.19.213.209 "GET /v2.0/networks?id=7fbc5d7d-dc89-480e-bcc9-5a281f91651b HTTP/1.1" status: 200 len: 875 time: 0.1022172
2026-04-28 18:32:09.582 10 INFO neutron.wsgi [req-27192764-d5d9-4885-a30f-d899395b29dc req-e27a348d-0322-4915-9e1c-760e4e2fd793 ef8215097e6747c88187662967be25e0 79ae88a172294abaac919a9acc6d5895 - - default default] 199.19.213.209 "GET /v2.0/security-groups?fields=id&fields=name&tenant_id=79ae88a172294abaac919a9acc6d5895 HTTP/1.1" status: 200 len: 379 time: 0.0434835
2026-04-28 18:32:09.648 9 INFO neutron.db.ovn_revision_numbers_db [None req-524dd943-4665-4362-95d8-8456d19ff0f5 68027d439b044ebd8dc31424fc114ed5 bddde6711bed4dd8b2a454341a5ad8b8 - - default default] Successfully bumped revision number for resource 7be6cdc2-7142-499a-aa36-66259b29777c (type: security_groups) to 1
2026-04-28 18:32:09.667 9 INFO neutron.db.ovn_revision_numbers_db [None req-524dd943-4665-4362-95d8-8456d19ff0f5 68027d439b044ebd8dc31424fc114ed5 bddde6711bed4dd8b2a454341a5ad8b8 - - default default] Successfully bumped revision number for resource 0a1cb3a2-ec36-4f71-983a-0ec80962b1eb (type: security_group_rules) to 0
2026-04-28 18:32:09.682 9 INFO neutron.wsgi [None req-c59a7056-4289-4047-8129-588e716bb22e 48e081fb0e3148478a0338e7fc589bad 7c9837aa41ee4d8fb6b630692028dc4c - - default default] 10.0.0.85 "DELETE /v2.0/subnets/6ea3a8df-4386-467c-a1d1-13f4a852224e HTTP/1.1" status: 204 len: 168 time: 0.1813748
2026-04-28 18:32:09.687 9 INFO neutron.db.ovn_revision_numbers_db [None req-524dd943-4665-4362-95d8-8456d19ff0f5 68027d439b044ebd8dc31424fc114ed5 bddde6711bed4dd8b2a454341a5ad8b8 - - default default] Successfully bumped revision number for resource 352b454a-2435-42fb-a2a5-b01409173714 (type: security_group_rules) to 0
2026-04-28 18:32:09.706 9 INFO neutron.db.ovn_revision_numbers_db [None req-524dd943-4665-4362-95d8-8456d19ff0f5 68027d439b044ebd8dc31424fc114ed5 bddde6711bed4dd8b2a454341a5ad8b8 - - default default] Successfully bumped revision number for resource 6014f5fa-87e4-4e8a-ad42-2afb0bb5099c (type: security_group_rules) to 0
2026-04-28 18:32:09.731 9 INFO neutron.db.ovn_revision_numbers_db [None req-524dd943-4665-4362-95d8-8456d19ff0f5 68027d439b044ebd8dc31424fc114ed5 bddde6711bed4dd8b2a454341a5ad8b8 - - default default] Successfully bumped revision number for resource 9303f9c4-1a82-418d-ae74-7a2eebf8e53a (type: security_group_rules) to 0
2026-04-28 18:32:09.792 9 INFO neutron.db.segments_db [None req-524dd943-4665-4362-95d8-8456d19ff0f5 68027d439b044ebd8dc31424fc114ed5 bddde6711bed4dd8b2a454341a5ad8b8 - - default default] Added segment a058aabc-ab69-4124-865c-83de8065bc29 of type geneve for network d7dea140-120b-4e20-a5cf-6fb1c43827ac
2026-04-28 18:32:09.940 9 INFO neutron.wsgi [req-bee136aa-421d-4e39-b980-20c8f36e8fce req-52747f23-ef64-4595-9af3-301af8be474f ef8215097e6747c88187662967be25e0 79ae88a172294abaac919a9acc6d5895 - - default default] 10.0.0.139 "GET /v2.0/ports?device_id=81499200-cc96-40b5-a738-76ec09a5cf74 HTTP/1.1" status: 200 len: 210 time: 0.0338385
2026-04-28 18:32:09.952 10 WARNING neutron.scheduler.dhcp_agent_scheduler [req-27192764-d5d9-4885-a30f-d899395b29dc req-250239f2-9d68-4681-a08e-bfb469b7a18b ef8215097e6747c88187662967be25e0 79ae88a172294abaac919a9acc6d5895 - - default default] No more DHCP agents
2026-04-28 18:32:09.954 10 WARNING neutron.api.rpc.agentnotifiers.dhcp_rpc_agent_api [req-27192764-d5d9-4885-a30f-d899395b29dc req-250239f2-9d68-4681-a08e-bfb469b7a18b ef8215097e6747c88187662967be25e0 79ae88a172294abaac919a9acc6d5895 - - default default] Unable to schedule network 7fbc5d7d-dc89-480e-bcc9-5a281f91651b: no agents available; will retry on subsequent port and subnet creation events.
2026-04-28 18:32:09.986 9 INFO neutron.db.ovn_revision_numbers_db [None req-524dd943-4665-4362-95d8-8456d19ff0f5 68027d439b044ebd8dc31424fc114ed5 bddde6711bed4dd8b2a454341a5ad8b8 - - default default] Successfully bumped revision number for resource d7dea140-120b-4e20-a5cf-6fb1c43827ac (type: networks) to 1
2026-04-28 18:32:10.113 10 INFO neutron.db.ovn_revision_numbers_db [req-27192764-d5d9-4885-a30f-d899395b29dc req-250239f2-9d68-4681-a08e-bfb469b7a18b ef8215097e6747c88187662967be25e0 79ae88a172294abaac919a9acc6d5895 - - default default] Successfully bumped revision number for resource e999a37e-2c43-4dbe-8560-3108bfc91f42 (type: ports) to 1
2026-04-28 18:32:10.144 10 INFO neutron.wsgi [req-27192764-d5d9-4885-a30f-d899395b29dc req-250239f2-9d68-4681-a08e-bfb469b7a18b ef8215097e6747c88187662967be25e0 79ae88a172294abaac919a9acc6d5895 - - default default] 199.19.213.209 "POST /v2.0/ports HTTP/1.1" status: 201 len: 1158 time: 0.5410299 /var/lib/openstack/lib/python3.10/site-packages/pycadf/identifier.py:71: UserWarning: Invalid uuid: neutron. To ensure interoperability, identifiers should be a valid uuid. warnings.warn(('Invalid uuid: %s. To ensure interoperability, '
2026-04-28 18:32:10.203 9 INFO neutron.wsgi [None req-17813ec2-f24c-4dae-99c7-ffe7ea527636 48e081fb0e3148478a0338e7fc589bad 7c9837aa41ee4d8fb6b630692028dc4c - - default default] 10.0.0.85 "DELETE /v2.0/networks/813c4eb3-3d8c-4673-8410-95a525b6f445 HTTP/1.1" status: 204 len: 168 time: 0.5133646
2026-04-28 18:32:10.235 9 WARNING neutron.scheduler.dhcp_agent_scheduler [None req-524dd943-4665-4362-95d8-8456d19ff0f5 68027d439b044ebd8dc31424fc114ed5 bddde6711bed4dd8b2a454341a5ad8b8 - - default default] No more DHCP agents
2026-04-28 18:32:10.236 9 WARNING neutron.api.rpc.agentnotifiers.dhcp_rpc_agent_api [None req-524dd943-4665-4362-95d8-8456d19ff0f5 68027d439b044ebd8dc31424fc114ed5 bddde6711bed4dd8b2a454341a5ad8b8 - - default default] Unable to schedule network d7dea140-120b-4e20-a5cf-6fb1c43827ac: no agents available; will retry on subsequent port and subnet creation events.
2026-04-28 18:32:10.328 9 INFO neutron.db.ovn_revision_numbers_db [None req-524dd943-4665-4362-95d8-8456d19ff0f5 68027d439b044ebd8dc31424fc114ed5 bddde6711bed4dd8b2a454341a5ad8b8 - - default default] Successfully bumped revision number for resource 5ff78e4b-d1f0-4921-9cba-609635a68f15 (type: ports) to 1
2026-04-28 18:32:10.347 9 INFO neutron.wsgi [None req-524dd943-4665-4362-95d8-8456d19ff0f5 68027d439b044ebd8dc31424fc114ed5 bddde6711bed4dd8b2a454341a5ad8b8 - - default default] 10.0.0.85 "POST /v2.0/networks HTTP/1.1" status: 201 len: 833 time: 1.0486362
2026-04-28 18:32:10.452 9 INFO neutron.db.segments_db [None req-05844a51-c8fa-4e57-869a-6447a817193f 68027d439b044ebd8dc31424fc114ed5 bddde6711bed4dd8b2a454341a5ad8b8 - - default default] Added segment e2fc6f70-95e5-4c92-b1ca-f4f882e48215 of type geneve for network e602d660-e4f5-4243-b6d2-97dae6a83479
2026-04-28 18:32:10.513 9 INFO neutron.wsgi [None req-676dd924-f376-4595-9f01-80ff44b9bf84 48e081fb0e3148478a0338e7fc589bad 7c9837aa41ee4d8fb6b630692028dc4c - - default default] 10.0.0.85 "GET /v2.0/security-groups?tenant_id=78aba0ddc417491aaa8a855751af10c1&name=default HTTP/1.1" status: 200 len: 2992 time: 0.0469561
2026-04-28 18:32:10.521 10 WARNING neutron.plugins.ml2.drivers.ovn.mech_driver.ovsdb.ovn_client [None req-61ff434f-011b-47b9-8267-37fb304c1254 - - - - - -] No hosting information found for port 9d92689b-c2b4-428a-b1bf-41b737d5feaa: RuntimeError: No hosting information found for port 9d92689b-c2b4-428a-b1bf-41b737d5feaa
2026-04-28 18:32:10.521 10 INFO neutron.plugins.ml2.drivers.ovn.mech_driver.mech_driver [None req-61ff434f-011b-47b9-8267-37fb304c1254 - - - - - -] OVN reports status down for port: 34ae75ac-b803-43f7-9257-4793d4a5b9b8
2026-04-28 18:32:10.610 10 INFO neutron.db.ovn_revision_numbers_db [req-27192764-d5d9-4885-a30f-d899395b29dc req-9ced44db-fe55-442f-9eb7-bf85133fae40 54b88280dc1646d2a79d662e64c0d724 4f8eb4083741407ab21daa902d3eeb03 - - e62532941e864b8ba3623ffc54f3df85 e62532941e864b8ba3623ffc54f3df85] Successfully bumped revision number for resource e999a37e-2c43-4dbe-8560-3108bfc91f42 (type: ports) to 2
2026-04-28 18:32:10.622 9 INFO neutron.db.ovn_revision_numbers_db [None req-05844a51-c8fa-4e57-869a-6447a817193f 68027d439b044ebd8dc31424fc114ed5 bddde6711bed4dd8b2a454341a5ad8b8 - - default default] Successfully bumped revision number for resource e602d660-e4f5-4243-b6d2-97dae6a83479 (type: networks) to 1
2026-04-28 18:32:10.793 9 INFO neutron.services.segments.plugin [-] Segment 25b3e163-c3c4-421d-9e8e-48ce581d95b7 resource provider aggregate not found
2026-04-28 18:32:10.797 9 INFO neutron.services.segments.plugin [-] Segment 25b3e163-c3c4-421d-9e8e-48ce581d95b7 resource provider aggregate not found
2026-04-28 18:32:10.816 9 INFO neutron.services.segments.plugin [-] Segment 25b3e163-c3c4-421d-9e8e-48ce581d95b7 resource provider not found; error: Placement Client Error (4xx): {"errors": [{"status": 404, "title": "Not Found", "detail": "The resource could not be found.\n\n No resource provider with uuid 25b3e163-c3c4-421d-9e8e-48ce581d95b7 found for delete ", "request_id": "req-7d154193-e83f-4f07-ad4c-d2435bd07462"}]}
2026-04-28 18:32:10.816 10 INFO neutron.db.ovn_revision_numbers_db [req-27192764-d5d9-4885-a30f-d899395b29dc req-9ced44db-fe55-442f-9eb7-bf85133fae40 54b88280dc1646d2a79d662e64c0d724 4f8eb4083741407ab21daa902d3eeb03 - - e62532941e864b8ba3623ffc54f3df85 e62532941e864b8ba3623ffc54f3df85] Successfully bumped revision number for resource e999a37e-2c43-4dbe-8560-3108bfc91f42 (type: ports) to 2
2026-04-28 18:32:10.816 9 INFO neutron.services.segments.plugin [-] Segment 25b3e163-c3c4-421d-9e8e-48ce581d95b7 resource provider not found; error: Placement Client Error (4xx): {"errors": [{"status": 404, "title": "Not Found", "detail": "The resource could not be found.\n\n No resource provider with uuid 25b3e163-c3c4-421d-9e8e-48ce581d95b7 found for delete ", "request_id": "req-484eae81-6214-4509-bc39-7524f28e4059"}]}
2026-04-28 18:32:10.831 10 INFO neutron.wsgi [req-27192764-d5d9-4885-a30f-d899395b29dc req-9ced44db-fe55-442f-9eb7-bf85133fae40 54b88280dc1646d2a79d662e64c0d724 4f8eb4083741407ab21daa902d3eeb03 - - e62532941e864b8ba3623ffc54f3df85 e62532941e864b8ba3623ffc54f3df85] 199.19.213.209 "PUT /v2.0/ports/e999a37e-2c43-4dbe-8560-3108bfc91f42 HTTP/1.1" status: 200 len: 1376 time: 0.6775806
2026-04-28 18:32:10.872 10 INFO neutron.notifiers.nova [-] Nova event matching ['req-0854f062-d21c-49bb-a756-723b8e9807da'] response: {'name': 'network-changed', 'server_uuid': '81499200-cc96-40b5-a738-76ec09a5cf74', 'tag': 'e999a37e-2c43-4dbe-8560-3108bfc91f42', 'status': 'completed', 'code': 200} /var/lib/openstack/lib/python3.10/site-packages/pycadf/identifier.py:71: UserWarning: Invalid uuid: neutron. To ensure interoperability, identifiers should be a valid uuid. warnings.warn(('Invalid uuid: %s. To ensure interoperability, '
2026-04-28 18:32:10.925 10 INFO neutron.wsgi [req-27192764-d5d9-4885-a30f-d899395b29dc req-abd3867b-aef6-4d71-9a83-f5e140c5a402 54b88280dc1646d2a79d662e64c0d724 4f8eb4083741407ab21daa902d3eeb03 - - e62532941e864b8ba3623ffc54f3df85 e62532941e864b8ba3623ffc54f3df85] 199.19.213.209 "GET /v2.0/ports?tenant_id=79ae88a172294abaac919a9acc6d5895&device_id=81499200-cc96-40b5-a738-76ec09a5cf74 HTTP/1.1" status: 200 len: 1407 time: 0.0511839
2026-04-28 18:32:10.942 9 WARNING neutron.scheduler.dhcp_agent_scheduler [None req-05844a51-c8fa-4e57-869a-6447a817193f 68027d439b044ebd8dc31424fc114ed5 bddde6711bed4dd8b2a454341a5ad8b8 - - default default] No more DHCP agents
2026-04-28 18:32:10.947 9 WARNING neutron.api.rpc.agentnotifiers.dhcp_rpc_agent_api [None req-05844a51-c8fa-4e57-869a-6447a817193f 68027d439b044ebd8dc31424fc114ed5 bddde6711bed4dd8b2a454341a5ad8b8 - - default default] Unable to schedule network e602d660-e4f5-4243-b6d2-97dae6a83479: no agents available; will retry on subsequent port and subnet creation events.
2026-04-28 18:32:10.962 10 INFO neutron.wsgi [req-27192764-d5d9-4885-a30f-d899395b29dc req-9082dac8-25f5-44b3-a142-75e7ab88db73 54b88280dc1646d2a79d662e64c0d724 4f8eb4083741407ab21daa902d3eeb03 - - e62532941e864b8ba3623ffc54f3df85 e62532941e864b8ba3623ffc54f3df85] 199.19.213.209 "GET /v2.0/floatingips?fixed_ip_address=10.100.0.6&port_id=e999a37e-2c43-4dbe-8560-3108bfc91f42 HTTP/1.1" status: 200 len: 217 time: 0.0292895
2026-04-28 18:32:10.970 9 INFO neutron.wsgi [None req-a22a0234-7388-466a-a60b-880d253d98e3 48e081fb0e3148478a0338e7fc589bad 7c9837aa41ee4d8fb6b630692028dc4c - - default default] 10.0.0.85 "DELETE /v2.0/security-groups/58330f3f-ec32-4321-9f28-775cab21372c HTTP/1.1" status: 204 len: 168 time: 0.4508016
2026-04-28 18:32:11.018 10 INFO neutron.wsgi [req-27192764-d5d9-4885-a30f-d899395b29dc req-39bde18e-1cc5-441d-abaf-32f23c4a7a7a 54b88280dc1646d2a79d662e64c0d724 4f8eb4083741407ab21daa902d3eeb03 - - e62532941e864b8ba3623ffc54f3df85 e62532941e864b8ba3623ffc54f3df85] 199.19.213.209 "GET /v2.0/subnets?id=b6ee48e4-14e3-4c60-8467-3afd28ce39c0 HTTP/1.1" status: 200 len: 869 time: 0.0486393
