2026-04-28 18:33:18.469 10 INFO neutron.wsgi [req-8344b97d-6ac8-4d82-8a61-6d9954c27dbd req-507d98c5-737a-4b45-ba1a-0c66e8e0bde4 54b88280dc1646d2a79d662e64c0d724 4f8eb4083741407ab21daa902d3eeb03 - - e62532941e864b8ba3623ffc54f3df85 e62532941e864b8ba3623ffc54f3df85] 199.19.213.209 "GET /v2.0/networks/1b2bd72f-5f03-45de-86b1-a6c30089628c?fields=segments HTTP/1.1" status: 200 len: 212 time: 0.0764647
2026-04-28 18:33:18.545 10 INFO neutron.wsgi [req-8344b97d-6ac8-4d82-8a61-6d9954c27dbd req-6d41dbba-98e0-4c75-a209-06257d091d42 54b88280dc1646d2a79d662e64c0d724 4f8eb4083741407ab21daa902d3eeb03 - - e62532941e864b8ba3623ffc54f3df85 e62532941e864b8ba3623ffc54f3df85] 199.19.213.209 "GET /v2.0/networks/1b2bd72f-5f03-45de-86b1-a6c30089628c?fields=provider%3Aphysical_network&fields=provider%3Anetwork_type HTTP/1.1" status: 200 len: 277 time: 0.0648255
2026-04-28 18:33:18.590 10 INFO neutron.db.ovn_revision_numbers_db [None req-22701506-768e-40b0-90a1-99a8a1b1db0a dc6f9a40c3ce42ac82ec9d636e24c5f4 4ffdfa60739a42b8a4718a043dd28e2f - - default default] Successfully bumped revision number for resource 4316d23e-4d6a-48ce-aaee-89209f39ec81 (type: ports) to 1
2026-04-28 18:33:18.615 10 INFO neutron.wsgi [None req-22701506-768e-40b0-90a1-99a8a1b1db0a dc6f9a40c3ce42ac82ec9d636e24c5f4 4ffdfa60739a42b8a4718a043dd28e2f - - default default] 10.0.0.85 "POST /v2.0/ports HTTP/1.1" status: 201 len: 1115 time: 0.5879076
2026-04-28 18:33:18.928 9 INFO neutron.wsgi [None req-1eb0e839-07f3-409e-a3c7-e25e1c1fba3f dc6f9a40c3ce42ac82ec9d636e24c5f4 4ffdfa60739a42b8a4718a043dd28e2f - - default default] 10.0.0.85 "DELETE /v2.0/ports/4316d23e-4d6a-48ce-aaee-89209f39ec81 HTTP/1.1" status: 204 len: 168 time: 0.3082616
2026-04-28 18:33:18.951 9 INFO neutron.pecan_wsgi.hooks.translation [None req-3f7ab2db-cc68-4af9-ae92-dc023d03ef2f dc6f9a40c3ce42ac82ec9d636e24c5f4 4ffdfa60739a42b8a4718a043dd28e2f - - default default] GET failed (client error): The resource could not be found.
2026-04-28 18:33:18.952 9 INFO neutron.wsgi [None req-3f7ab2db-cc68-4af9-ae92-dc023d03ef2f dc6f9a40c3ce42ac82ec9d636e24c5f4 4ffdfa60739a42b8a4718a043dd28e2f - - default default] 10.0.0.85 "GET /v2.0/ports/4316d23e-4d6a-48ce-aaee-89209f39ec81 HTTP/1.1" status: 404 len: 333 time: 0.0202699
2026-04-28 18:33:19.144 9 INFO neutron.wsgi [None req-f7880518-c12c-4732-a2e7-62b44a0e96cb dc6f9a40c3ce42ac82ec9d636e24c5f4 4ffdfa60739a42b8a4718a043dd28e2f - - default default] 10.0.0.85 "DELETE /v2.0/subnets/bde46e62-763a-4e4b-ad3d-ced8045d55f9 HTTP/1.1" status: 204 len: 168 time: 0.1867287
2026-04-28 18:33:19.522 10 INFO neutron.services.segments.plugin [-] Segment b625d7e6-1cdc-46bf-816b-0170efe84fcb resource provider aggregate not found
2026-04-28 18:33:19.533 10 INFO neutron.services.segments.plugin [-] Segment b625d7e6-1cdc-46bf-816b-0170efe84fcb resource provider aggregate not found
2026-04-28 18:33:19.553 10 INFO neutron.services.segments.plugin [-] Segment b625d7e6-1cdc-46bf-816b-0170efe84fcb resource provider not found; error: Placement Client Error (4xx): {"errors": [{"status": 404, "title": "Not Found", "detail": "The resource could not be found.\n\n No resource provider with uuid b625d7e6-1cdc-46bf-816b-0170efe84fcb found for delete ", "request_id": "req-e57cf093-cd50-449a-9780-1067d2900974"}]}
2026-04-28 18:33:19.561 10 INFO neutron.services.segments.plugin [-] Segment b625d7e6-1cdc-46bf-816b-0170efe84fcb resource provider not found; error: Placement Client Error (4xx): {"errors": [{"status": 404, "title": "Not Found", "detail": "The resource could not be found.\n\n No resource provider with uuid b625d7e6-1cdc-46bf-816b-0170efe84fcb found for delete ", "request_id": "req-98692d7a-2c12-4786-8cde-45157dc07b82"}]}
2026-04-28 18:33:19.588 10 INFO neutron.wsgi [None req-412a3997-e135-4e70-9bac-97679d3835fb dc6f9a40c3ce42ac82ec9d636e24c5f4 4ffdfa60739a42b8a4718a043dd28e2f - - default default] 10.0.0.85 "DELETE /v2.0/networks/17eed084-dc7d-49a4-949d-f194d39bbbb4 HTTP/1.1" status: 204 len: 168 time: 0.4374275
2026-04-28 18:33:19.608 9 INFO neutron.wsgi [None req-010bd1fc-9ad6-4101-bf5f-2082dc624421 e34d18e91aa14e098784e8f8119901cb f094053036404033a871e7010c26e38e - - default default] 10.0.0.85 "GET /v2.0/extensions HTTP/1.1" status: 200 len: 16520 time: 0.2475467
2026-04-28 18:33:19.622 9 INFO neutron.wsgi [None req-55318d03-e9e2-4fca-9fe6-84e948afc9b5 e34d18e91aa14e098784e8f8119901cb f094053036404033a871e7010c26e38e - - default default] 10.0.0.85 "GET /v2.0/extensions/address-group HTTP/1.1" status: 200 len: 353 time: 0.0058675
2026-04-28 18:33:19.632 9 INFO neutron.wsgi [None req-08f89c62-e2e4-4f0a-89c1-6418c889ad9a e34d18e91aa14e098784e8f8119901cb f094053036404033a871e7010c26e38e - - default default] 10.0.0.85 "GET /v2.0/extensions/address-scope HTTP/1.1" status: 200 len: 357 time: 0.0050147
2026-04-28 18:33:19.639 9 INFO neutron.wsgi [None req-feee0f2a-9650-4856-af65-4a253ba612f9 e34d18e91aa14e098784e8f8119901cb f094053036404033a871e7010c26e38e - - default default] 10.0.0.85 "GET /v2.0/extensions/agent HTTP/1.1" status: 200 len: 347 time: 0.0032272
2026-04-28 18:33:19.648 9 INFO neutron.wsgi [None req-1531ab91-bf4a-4c07-a257-e287585df41c e34d18e91aa14e098784e8f8119901cb f094053036404033a871e7010c26e38e - - default default] 10.0.0.85 "GET /v2.0/extensions/allowed-address-pairs HTTP/1.1" status: 200 len: 378 time: 0.0049260
2026-04-28 18:33:19.656 9 INFO neutron.wsgi [None req-1694e89f-5b93-4379-bf09-12267f1e45ed e34d18e91aa14e098784e8f8119901cb f094053036404033a871e7010c26e38e - - default default] 10.0.0.85 "GET /v2.0/extensions/auto-allocated-topology HTTP/1.1" status: 200 len: 394 time: 0.0043967
2026-04-28 18:33:19.665 9 INFO neutron.wsgi [None req-5448b950-0612-4c76-8c73-ddc280f1d3f4 e34d18e91aa14e098784e8f8119901cb f094053036404033a871e7010c26e38e - - default default] 10.0.0.85 "GET /v2.0/extensions/availability_zone HTTP/1.1" status: 200 len: 372 time: 0.0041378
2026-04-28 18:33:19.673 9 INFO neutron.wsgi [None req-a528fa29-c374-4af6-bca7-d61c1578b7e5 e34d18e91aa14e098784e8f8119901cb f094053036404033a871e7010c26e38e - - default default] 10.0.0.85 "GET /v2.0/extensions/default-subnetpools HTTP/1.1" status: 200 len: 405 time: 0.0045483
2026-04-28 18:33:19.681 9 INFO neutron.wsgi [None req-dce18f56-8cba-4862-9b69-15484516c395 e34d18e91aa14e098784e8f8119901cb f094053036404033a871e7010c26e38e - - default default] 10.0.0.85 "GET /v2.0/extensions/dhcp_agent_scheduler HTTP/1.1" status: 200 len: 381 time: 0.0035601
2026-04-28 18:33:19.687 9 INFO neutron.wsgi [None req-07e6a3a1-ab1e-4988-8550-98b5fc3afa3e e34d18e91aa14e098784e8f8119901cb f094053036404033a871e7010c26e38e - - default default] 10.0.0.85 "GET /v2.0/extensions/dns-integration HTTP/1.1" status: 200 len: 366 time: 0.0031304
2026-04-28 18:33:19.697 10 INFO neutron.wsgi [None req-81c569c1-7b00-4870-9924-1017a4e7c99d e34d18e91aa14e098784e8f8119901cb f094053036404033a871e7010c26e38e - - default default] 10.0.0.85 "GET /v2.0/extensions/dns-domain-ports HTTP/1.1" status: 200 len: 399 time: 0.0048428
2026-04-28 18:33:19.707 9 INFO neutron.wsgi [None req-64f1dd91-4f2e-4e16-8e5f-cd5c07811014 e34d18e91aa14e098784e8f8119901cb f094053036404033a871e7010c26e38e - - default default] 10.0.0.85 "GET /v2.0/extensions/dns-integration-domain-keywords HTTP/1.1" status: 200 len: 477 time: 0.0068774
2026-04-28 18:33:19.715 9 INFO neutron.wsgi [None req-e77eb394-4ec1-46c7-8f17-828fd3c7719c e34d18e91aa14e098784e8f8119901cb f094053036404033a871e7010c26e38e - - default default] 10.0.0.85 "GET /v2.0/extensions/external-net HTTP/1.1" status: 200 len: 394 time: 0.0033109
2026-04-28 18:33:19.732 9 INFO neutron.wsgi [None req-8d55eef2-9019-492f-b2be-7a3410e80407 e34d18e91aa14e098784e8f8119901cb f094053036404033a871e7010c26e38e - - default default] 10.0.0.85 "GET /v2.0/extensions/extra_dhcp_opt HTTP/1.1" status: 200 len: 498 time: 0.0116472
2026-04-28 18:33:19.747 9 INFO neutron.wsgi [None req-58bfcee5-2a08-4f66-9f78-943e58018534 e34d18e91aa14e098784e8f8119901cb f094053036404033a871e7010c26e38e - - default default] 10.0.0.85 "GET /v2.0/extensions/extraroute HTTP/1.1" status: 200 len: 375 time: 0.0050888
2026-04-28 18:33:19.757 9 INFO neutron.wsgi [None req-804fdac0-cb23-498f-aae8-325fda5bdc67 e34d18e91aa14e098784e8f8119901cb f094053036404033a871e7010c26e38e - - default default] 10.0.0.85 "GET /v2.0/extensions/filter-validation HTTP/1.1" status: 200 len: 392 time: 0.0048685
2026-04-28 18:33:19.765 9 INFO neutron.wsgi [None req-1bdbc4fc-1e12-4f87-a5f0-574791711707 e34d18e91aa14e098784e8f8119901cb f094053036404033a871e7010c26e38e - - default default] 10.0.0.85 "GET /v2.0/extensions/floating-ip-port-forwarding-detail HTTP/1.1" status: 200 len: 465 time: 0.0038457
2026-04-28 18:33:19.773 9 INFO neutron.wsgi [None req-ce40c1eb-ae9c-48e3-b7f2-fb061a3f087c e34d18e91aa14e098784e8f8119901cb f094053036404033a871e7010c26e38e - - default default] 10.0.0.85 "GET /v2.0/extensions/fip-port-details HTTP/1.1" status: 200 len: 406 time: 0.0042143
2026-04-28 18:33:19.780 9 INFO neutron.wsgi [None req-bdac2a63-faf1-48d0-9fe4-75dc7827cdf3 e34d18e91aa14e098784e8f8119901cb f094053036404033a871e7010c26e38e - - default default] 10.0.0.85 "GET /v2.0/extensions/flavors HTTP/1.1" status: 200 len: 387 time: 0.0037622
2026-04-28 18:33:19.789 9 INFO neutron.wsgi [None req-91154e26-6d6f-4204-a4c2-dcd15d83c52b e34d18e91aa14e098784e8f8119901cb f094053036404033a871e7010c26e38e - - default default] 10.0.0.85 "GET /v2.0/extensions/floatingip-pools HTTP/1.1" status: 200 len: 382 time: 0.0038342
2026-04-28 18:33:19.797 9 INFO neutron.wsgi [None req-c6e06945-4eb0-4c86-a4ad-3229a4ab241a e34d18e91aa14e098784e8f8119901cb f094053036404033a871e7010c26e38e - - default default] 10.0.0.85 "GET /v2.0/extensions/ip_allocation HTTP/1.1" status: 200 len: 356 time: 0.0031140
2026-04-28 18:33:19.806 9 INFO neutron.wsgi [None req-d7a3d5b8-53c2-4b3d-8560-86ede7469d69 e34d18e91aa14e098784e8f8119901cb f094053036404033a871e7010c26e38e - - default default] 10.0.0.85 "GET /v2.0/extensions/l2_adjacency HTTP/1.1" status: 200 len: 372 time: 0.0049663
2026-04-28 18:33:19.815 9 INFO neutron.wsgi [None req-22df57d8-aa18-451e-9d75-3d716b4e4483 e34d18e91aa14e098784e8f8119901cb f094053036404033a871e7010c26e38e - - default default] 10.0.0.85 "GET /v2.0/extensions/router HTTP/1.1" status: 200 len: 450 time: 0.0048661
2026-04-28 18:33:19.823 9 INFO neutron.wsgi [None req-c0c556a0-5ed7-463f-bf9e-e6a5206f1b66 e34d18e91aa14e098784e8f8119901cb f094053036404033a871e7010c26e38e - - default default] 10.0.0.85 "GET /v2.0/extensions/ext-gw-mode HTTP/1.1" status: 200 len: 462 time: 0.0043025
2026-04-28 18:33:19.832 9 INFO neutron.wsgi [None req-6aeb9e3f-88e1-45e6-9da4-d5f78895b2f8 e34d18e91aa14e098784e8f8119901cb f094053036404033a871e7010c26e38e - - default default] 10.0.0.85 "GET /v2.0/extensions/logging HTTP/1.1" status: 200 len: 407 time: 0.0053880
2026-04-28 18:33:19.843 10 INFO neutron.wsgi [None req-58bb723d-71b9-40ba-9fd6-1d85f613b30b e34d18e91aa14e098784e8f8119901cb f094053036404033a871e7010c26e38e - - default default] 10.0.0.85 "GET /v2.0/extensions/multi-provider HTTP/1.1" status: 200 len: 406 time: 0.0061653
2026-04-28 18:33:19.856 10 INFO neutron.wsgi [None req-0337c545-ecbb-4815-b307-3e17450a99a9 e34d18e91aa14e098784e8f8119901cb f094053036404033a871e7010c26e38e - - default default] 10.0.0.85 "GET /v2.0/extensions/net-mtu HTTP/1.1" status: 200 len: 370 time: 0.0086546
2026-04-28 18:33:19.870 9 INFO neutron.wsgi [None req-ca657e0c-2a15-4b14-a13d-f5102409fa57 e34d18e91aa14e098784e8f8119901cb f094053036404033a871e7010c26e38e - - default default] 10.0.0.85 "GET /v2.0/extensions/net-mtu-writable HTTP/1.1" status: 200 len: 401 time: 0.0070734
2026-04-28 18:33:19.879 9 INFO neutron.wsgi [None req-3f12e436-704f-4e5d-bc42-cca6fb020336 e34d18e91aa14e098784e8f8119901cb f094053036404033a871e7010c26e38e - - default default] 10.0.0.85 "GET /v2.0/extensions/network_availability_zone HTTP/1.1" status: 200 len: 394 time: 0.0049682
2026-04-28 18:33:19.894 10 WARNING neutron.scheduler.dhcp_agent_scheduler [None req-d497310f-950f-447d-acb7-5c9900d0f019 dc6f9a40c3ce42ac82ec9d636e24c5f4 4ffdfa60739a42b8a4718a043dd28e2f - - default default] No more DHCP agents
2026-04-28 18:33:19.896 10 WARNING neutron.api.rpc.agentnotifiers.dhcp_rpc_agent_api [None req-d497310f-950f-447d-acb7-5c9900d0f019 dc6f9a40c3ce42ac82ec9d636e24c5f4 4ffdfa60739a42b8a4718a043dd28e2f - - default default] Unable to schedule network 4803675f-234d-4a7d-b4b2-b992fd5e4910: no agents available; will retry on subsequent port and subnet creation events.
2026-04-28 18:33:19.899 9 INFO neutron.wsgi [None req-7ccd7683-d6fa-4976-bddb-d2ec0496293c e34d18e91aa14e098784e8f8119901cb f094053036404033a871e7010c26e38e - - default default] 10.0.0.85 "GET /v2.0/extensions/network-ip-availability HTTP/1.1" status: 200 len: 410 time: 0.0044041
2026-04-28 18:33:19.906 9 INFO neutron.wsgi [None req-d861736f-c5db-4da1-b0a0-2a04f18e13c3 e34d18e91aa14e098784e8f8119901cb f094053036404033a871e7010c26e38e - - default default] 10.0.0.85 "GET /v2.0/extensions/pagination HTTP/1.1" status: 200 len: 386 time: 0.0038891
2026-04-28 18:33:19.916 9 INFO neutron.wsgi [None req-57ecd52e-c22b-46ff-9ebe-b9d6d69b79ec e34d18e91aa14e098784e8f8119901cb f094053036404033a871e7010c26e38e - - default default] 10.0.0.85 "GET /v2.0/extensions/port-device-profile HTTP/1.1" status: 200 len: 383 time: 0.0043957
2026-04-28 18:33:19.922 9 INFO neutron.wsgi [None req-c2c30e9e-1496-4c05-9505-7b03be17ba95 e34d18e91aa14e098784e8f8119901cb f094053036404033a871e7010c26e38e - - default default] 10.0.0.85 "GET /v2.0/extensions/port-mac-address-regenerate HTTP/1.1" status: 200 len: 403 time: 0.0033126
2026-04-28 18:33:19.941 9 INFO neutron.wsgi [None req-a03f4f53-83a6-473e-b13f-a0a82ad25f3b e34d18e91aa14e098784e8f8119901cb f094053036404033a871e7010c26e38e - - default default] 10.0.0.85 "GET /v2.0/extensions/port-numa-affinity-policy HTTP/1.1" status: 200 len: 392 time: 0.0045371 /var/lib/openstack/lib/python3.10/site-packages/pycadf/identifier.py:71: UserWarning: Invalid uuid: neutron. To ensure interoperability, identifiers should be a valid uuid. warnings.warn(('Invalid uuid: %s. To ensure interoperability, '
2026-04-28 18:33:19.951 10 INFO neutron.wsgi [None req-4c06cac2-f18f-48b2-8dd0-5cdea47abb17 e34d18e91aa14e098784e8f8119901cb f094053036404033a871e7010c26e38e - - default default] 10.0.0.85 "GET /v2.0/extensions/port-resource-request HTTP/1.1" status: 200 len: 379 time: 0.0052433
2026-04-28 18:33:19.957 10 INFO neutron.wsgi [None req-22c99c76-d7e6-418a-9b21-5aa51ad11636 e34d18e91aa14e098784e8f8119901cb f094053036404033a871e7010c26e38e - - default default] 10.0.0.85 "GET /v2.0/extensions/port-resource-request-groups HTTP/1.1" status: 200 len: 465 time: 0.0034111
2026-04-28 18:33:19.963 10 INFO neutron.wsgi [None req-57de924c-9df7-4c1c-ab49-5514437578a7 e34d18e91aa14e098784e8f8119901cb f094053036404033a871e7010c26e38e - - default default] 10.0.0.85 "GET /v2.0/extensions/binding HTTP/1.1" status: 200 len: 387 time: 0.0031178
2026-04-28 18:33:19.979 9 INFO neutron.wsgi [None req-934016f4-53c6-4db8-b892-44101a9285d4 e34d18e91aa14e098784e8f8119901cb f094053036404033a871e7010c26e38e - - default default] 10.0.0.85 "GET /v2.0/extensions/binding-extended HTTP/1.1" status: 200 len: 406 time: 0.0122402
2026-04-28 18:33:19.988 9 INFO neutron.wsgi [None req-8b020e86-0c03-4620-b17d-3075aaca6922 e34d18e91aa14e098784e8f8119901cb f094053036404033a871e7010c26e38e - - default default] 10.0.0.85 "GET /v2.0/extensions/port-security HTTP/1.1" status: 200 len: 354 time: 0.0043797
2026-04-28 18:33:19.994 9 INFO neutron.wsgi [None req-48ad0bf1-865d-407a-a15f-80e514936fdc e34d18e91aa14e098784e8f8119901cb f094053036404033a871e7010c26e38e - - default default] 10.0.0.85 "GET /v2.0/extensions/project-id HTTP/1.1" status: 200 len: 398 time: 0.0033958
2026-04-28 18:33:20.002 10 INFO neutron.wsgi [None req-f0f2b984-7d2d-4b65-abd9-8effb7ed123e e34d18e91aa14e098784e8f8119901cb f094053036404033a871e7010c26e38e - - default default] 10.0.0.85 "GET /v2.0/extensions/provider HTTP/1.1" status: 200 len: 385 time: 0.0043411
2026-04-28 18:33:20.016 10 INFO neutron.wsgi [None req-ac22d9a7-79a8-4372-abdb-8f4c800d77d5 e34d18e91aa14e098784e8f8119901cb f094053036404033a871e7010c26e38e - - default default] 10.0.0.85 "GET /v2.0/extensions/qos HTTP/1.1" status: 200 len: 360 time: 0.0065551
2026-04-28 18:33:20.023 10 INFO neutron.wsgi [None req-4785e215-1980-4b21-9809-5a0957547353 e34d18e91aa14e098784e8f8119901cb f094053036404033a871e7010c26e38e - - default default] 10.0.0.85 "GET /v2.0/extensions/qos-bw-limit-direction HTTP/1.1" status: 200 len: 452 time: 0.0032928
2026-04-28 18:33:20.024 10 INFO neutron.db.ovn_revision_numbers_db [None req-d497310f-950f-447d-acb7-5c9900d0f019 dc6f9a40c3ce42ac82ec9d636e24c5f4 4ffdfa60739a42b8a4718a043dd28e2f - - default default] Successfully bumped revision number for resource 445cbe2b-b235-4b3b-a59a-e0ffc142dbb0 (type: ports) to 1
2026-04-28 18:33:20.036 9 INFO neutron.wsgi [None req-b9a30a54-abdb-48d7-aafa-82bc84370cc6 e34d18e91aa14e098784e8f8119901cb f094053036404033a871e7010c26e38e - - default default] 10.0.0.85 "GET /v2.0/extensions/qos-bw-minimum-ingress HTTP/1.1" status: 200 len: 445 time: 0.0079122
2026-04-28 18:33:20.045 9 INFO neutron.wsgi [None req-ff24f8ee-b326-4b2f-80bf-e62f2971e831 e34d18e91aa14e098784e8f8119901cb f094053036404033a871e7010c26e38e - - default default] 10.0.0.85 "GET /v2.0/extensions/qos-default HTTP/1.1" status: 200 len: 377 time: 0.0045354
2026-04-28 18:33:20.055 10 INFO neutron.wsgi [None req-4ef21d77-6666-4d77-b66b-03fed2865442 e34d18e91aa14e098784e8f8119901cb f094053036404033a871e7010c26e38e - - default default] 10.0.0.85 "GET /v2.0/extensions/qos-fip HTTP/1.1" status: 200 len: 372 time: 0.0060706
2026-04-28 18:33:20.059 10 INFO neutron.wsgi [None req-d497310f-950f-447d-acb7-5c9900d0f019 dc6f9a40c3ce42ac82ec9d636e24c5f4 4ffdfa60739a42b8a4718a043dd28e2f - - default default] 10.0.0.85 "POST /v2.0/ports HTTP/1.1" status: 201 len: 973 time: 0.4650416
2026-04-28 18:33:20.062 9 INFO neutron.wsgi [None req-55a2c636-8ea6-4787-b339-10805c488e83 e34d18e91aa14e098784e8f8119901cb f094053036404033a871e7010c26e38e - - default default] 10.0.0.85 "GET /v2.0/extensions/qos-gateway-ip HTTP/1.1" status: 200 len: 391 time: 0.0048096
2026-04-28 18:33:20.073 10 INFO neutron.wsgi [None req-e9788bdd-57a3-4457-baee-763808fbe733 e34d18e91aa14e098784e8f8119901cb f094053036404033a871e7010c26e38e - - default default] 10.0.0.85 "GET /v2.0/extensions/qos-port-network-policy HTTP/1.1" status: 200 len: 403 time: 0.0071034
2026-04-28 18:33:20.079 10 INFO neutron.wsgi [None req-95f6a707-3e15-4eb7-906d-750d4af730a2 e34d18e91aa14e098784e8f8119901cb f094053036404033a871e7010c26e38e - - default default] 10.0.0.85 "GET /v2.0/extensions/qos-pps-minimum HTTP/1.1" status: 200 len: 397 time: 0.0029461
2026-04-28 18:33:20.085 10 INFO neutron.wsgi [None req-26bb9f5b-15a8-4e84-b665-4d92def60bbd e34d18e91aa14e098784e8f8119901cb f094053036404033a871e7010c26e38e - - default default] 10.0.0.85 "GET /v2.0/extensions/qos-pps-minimum-rule-alias HTTP/1.1" status: 200 len: 471 time: 0.0030937
2026-04-28 18:33:20.093 10 INFO neutron.wsgi [None req-1df73c23-4315-49aa-bedc-a338da2c959a e34d18e91aa14e098784e8f8119901cb f094053036404033a871e7010c26e38e - - default default] 10.0.0.85 "GET /v2.0/extensions/qos-pps HTTP/1.1" status: 200 len: 389 time: 0.0044158
2026-04-28 18:33:20.099 10 INFO neutron.wsgi [None req-47dea54b-67a3-4726-aefc-47778cc3a5c0 e34d18e91aa14e098784e8f8119901cb f094053036404033a871e7010c26e38e - - default default] 10.0.0.85 "GET /v2.0/extensions/qos-rule-type-details HTTP/1.1" status: 200 len: 423 time: 0.0036864
2026-04-28 18:33:20.106 10 INFO neutron.wsgi [None req-f2fb294a-572f-44f9-ae2c-29c413e02d88 e34d18e91aa14e098784e8f8119901cb f094053036404033a871e7010c26e38e - - default default] 10.0.0.85 "GET /v2.0/extensions/qos-rule-type-filter HTTP/1.1" status: 200 len: 567 time: 0.0037401
2026-04-28 18:33:20.113 10 INFO neutron.wsgi [None req-413741cf-eb7c-48f4-bbde-d531a205fa73 e34d18e91aa14e098784e8f8119901cb f094053036404033a871e7010c26e38e - - default default] 10.0.0.85 "GET /v2.0/extensions/qos-rules-alias HTTP/1.1" status: 200 len: 448 time: 0.0041525
2026-04-28 18:33:20.125 10 INFO neutron.wsgi [None req-69bc64e5-25f3-4ade-9bbf-a37cae95b9b2 e34d18e91aa14e098784e8f8119901cb f094053036404033a871e7010c26e38e - - default default] 10.0.0.85 "GET /v2.0/extensions/quota-check-limit HTTP/1.1" status: 200 len: 420 time: 0.0045190
2026-04-28 18:33:20.137 9 INFO neutron.wsgi [None req-0aa907f8-119c-48f8-a963-bfce71b27e3d e34d18e91aa14e098784e8f8119901cb f094053036404033a871e7010c26e38e - - default default] 10.0.0.85 "GET /v2.0/extensions/quotas HTTP/1.1" status: 200 len: 386 time: 0.0094137
2026-04-28 18:33:20.149 10 INFO neutron.wsgi [None req-f4025a0d-1033-436d-8cd3-e07e11419a07 e34d18e91aa14e098784e8f8119901cb f094053036404033a871e7010c26e38e - - default default] 10.0.0.85 "GET /v2.0/extensions/quota_details HTTP/1.1" status: 200 len: 407 time: 0.0069351
2026-04-28 18:33:20.157 10 INFO neutron.wsgi [None req-db2c22d0-5676-4a91-8a4b-b892612e4eed e34d18e91aa14e098784e8f8119901cb f094053036404033a871e7010c26e38e - - default default] 10.0.0.85 "GET /v2.0/extensions/rbac-policies HTTP/1.1" status: 200 len: 417 time: 0.0037365
2026-04-28 18:33:20.168 10 INFO neutron.wsgi [None req-d05f5ee0-8f51-4320-8c06-22ce5fc890f3 e34d18e91aa14e098784e8f8119901cb f094053036404033a871e7010c26e38e - - default default] 10.0.0.85 "GET /v2.0/extensions/rbac-address-scope HTTP/1.1" status: 200 len: 384 time: 0.0042553
2026-04-28 18:33:20.179 10 INFO neutron.wsgi [None req-ca5a7949-21f2-4a80-a5d7-3c3b948a052a e34d18e91aa14e098784e8f8119901cb f094053036404033a871e7010c26e38e - - default default] 10.0.0.85 "GET /v2.0/extensions/rbac-security-groups HTTP/1.1" status: 200 len: 404 time: 0.0074778
2026-04-28 18:33:20.185 10 INFO neutron.wsgi [None req-036a6c33-c647-4009-8f52-a2c0903d29e5 e34d18e91aa14e098784e8f8119901cb f094053036404033a871e7010c26e38e - - default default] 10.0.0.85 "GET /v2.0/extensions/revision-if-match HTTP/1.1" status: 200 len: 441 time: 0.0029759
2026-04-28 18:33:20.194 10 INFO neutron.wsgi [None req-cbb05264-08c8-4d7c-a9b5-42abccb3fd13 e34d18e91aa14e098784e8f8119901cb f094053036404033a871e7010c26e38e - - default default] 10.0.0.85 "GET /v2.0/extensions/standard-attr-revisions HTTP/1.1" status: 200 len: 423 time: 0.0038669
2026-04-28 18:33:20.201 10 INFO neutron.wsgi [None req-43749de6-d560-4c88-8ee1-cc8a78ea696c e34d18e91aa14e098784e8f8119901cb f094053036404033a871e7010c26e38e - - default default] 10.0.0.85 "GET /v2.0/extensions/router_availability_zone HTTP/1.1" status: 200 len: 391 time: 0.0041120
2026-04-28 18:33:20.214 10 INFO neutron.wsgi [None req-a734402e-c8db-49d4-82b9-19e6f0dcc55b e34d18e91aa14e098784e8f8119901cb f094053036404033a871e7010c26e38e - - default default] 10.0.0.85 "GET /v2.0/extensions/security-groups-normalized-cidr HTTP/1.1" status: 200 len: 445 time: 0.0057712
2026-04-28 18:33:20.236 9 INFO neutron.wsgi [None req-ddaf4812-ca9f-45d0-99eb-dfd67bbb5503 e34d18e91aa14e098784e8f8119901cb f094053036404033a871e7010c26e38e - - default default] 10.0.0.85 "GET /v2.0/extensions/security-groups-remote-address-group HTTP/1.1" status: 200 len: 448 time: 0.0101068
2026-04-28 18:33:20.248 9 INFO neutron.wsgi [None req-0f784932-a67a-4133-96b6-4930717e5df2 e34d18e91aa14e098784e8f8119901cb f094053036404033a871e7010c26e38e - - default default] 10.0.0.85 "GET /v2.0/extensions/security-groups-shared-filtering HTTP/1.1" status: 200 len: 435 time: 0.0071635
2026-04-28 18:33:20.261 9 INFO neutron.wsgi [None req-495b40db-91f1-49f5-8b45-bf91add55403 e34d18e91aa14e098784e8f8119901cb f094053036404033a871e7010c26e38e - - default default] 10.0.0.85 "GET /v2.0/extensions/security-group HTTP/1.1" status: 200 len: 364 time: 0.0054054
2026-04-28 18:33:20.270 10 INFO neutron.wsgi [None req-812b76d2-70ef-4978-93ab-39f08625bcd1 e34d18e91aa14e098784e8f8119901cb f094053036404033a871e7010c26e38e - - default default] 10.0.0.85 "GET /v2.0/extensions/segment HTTP/1.1" status: 200 len: 339 time: 0.0042715
2026-04-28 18:33:20.282 9 INFO neutron.wsgi [None req-207df96b-cf46-494d-bef3-50a8dde0dd86 e34d18e91aa14e098784e8f8119901cb f094053036404033a871e7010c26e38e - - default default] 10.0.0.85 "GET /v2.0/extensions/segments-peer-subnet-host-routes HTTP/1.1" status: 200 len: 427 time: 0.0049620
2026-04-28 18:33:20.290 10 INFO neutron.wsgi [None req-a6d28fb1-3bc4-4390-8838-b1a8809eb140 e34d18e91aa14e098784e8f8119901cb f094053036404033a871e7010c26e38e - - default default] 10.0.0.85 "GET /v2.0/extensions/service-type HTTP/1.1" status: 200 len: 415 time: 0.0039113
2026-04-28 18:33:20.296 10 INFO neutron.wsgi [None req-f54f9ad0-0300-40c8-aaee-d848a7b514e9 e34d18e91aa14e098784e8f8119901cb f094053036404033a871e7010c26e38e - - default default] 10.0.0.85 "GET /v2.0/extensions/sorting HTTP/1.1" status: 200 len: 377 time: 0.0028398
2026-04-28 18:33:20.302 10 INFO neutron.wsgi [None req-a484f5cd-4709-4a16-a1d1-fbbd52bd34f8 e34d18e91aa14e098784e8f8119901cb f094053036404033a871e7010c26e38e - - default default] 10.0.0.85 "GET /v2.0/extensions/standard-attr-segment HTTP/1.1" status: 200 len: 406 time: 0.0030916
2026-04-28 18:33:20.308 10 INFO neutron.wsgi [None req-c7d4e175-242f-4f7e-8ac8-683a75fd22c4 e34d18e91aa14e098784e8f8119901cb f094053036404033a871e7010c26e38e - - default default] 10.0.0.85 "GET /v2.0/extensions/standard-attr-description HTTP/1.1" status: 200 len: 408 time: 0.0026577
2026-04-28 18:33:20.313 10 INFO neutron.wsgi [None req-402a73d1-4dff-4dc1-a663-da5c80bac948 e34d18e91aa14e098784e8f8119901cb f094053036404033a871e7010c26e38e - - default default] 10.0.0.85 "GET /v2.0/extensions/stateful-security-group HTTP/1.1" status: 200 len: 402 time: 0.0026889
2026-04-28 18:33:20.317 10 INFO neutron.wsgi [-] 10.0.0.89 "GET / HTTP/1.1" status: 200 len: 246 time: 0.0011499
2026-04-28 18:33:20.319 10 INFO neutron.wsgi [-] 10.0.0.89 "GET / HTTP/1.1" status: 200 len: 246 time: 0.0010998
2026-04-28 18:33:20.322 10 INFO neutron.wsgi [None req-0eb7d4bb-99c1-47a9-95bd-52df2630ea76 e34d18e91aa14e098784e8f8119901cb f094053036404033a871e7010c26e38e - - default default] 10.0.0.85 "GET /v2.0/extensions/subnet-dns-publish-fixed-ip HTTP/1.1" status: 200 len: 421 time: 0.0030286
2026-04-28 18:33:20.328 10 INFO neutron.wsgi [None req-9da52d09-6eaf-4c87-9936-f6f90661cf6a e34d18e91aa14e098784e8f8119901cb f094053036404033a871e7010c26e38e - - default default] 10.0.0.85 "GET /v2.0/extensions/subnet-segmentid-writable HTTP/1.1" status: 200 len: 421 time: 0.0027599
2026-04-28 18:33:20.334 10 INFO neutron.wsgi [None req-f668a1df-8051-421c-807f-a79bcf96c7c8 e34d18e91aa14e098784e8f8119901cb f094053036404033a871e7010c26e38e - - default default] 10.0.0.85 "GET /v2.0/extensions/subnet-service-types HTTP/1.1" status: 200 len: 400 time: 0.0029819
2026-04-28 18:33:20.339 10 INFO neutron.wsgi [None req-8c35f20f-af01-413c-8c39-a3a356b21ed2 e34d18e91aa14e098784e8f8119901cb f094053036404033a871e7010c26e38e - - default default] 10.0.0.85 "GET /v2.0/extensions/subnet_allocation HTTP/1.1" status: 200 len: 388 time: 0.0028679
2026-04-28 18:33:20.345 10 INFO neutron.wsgi [None req-c1f92371-8e2d-403c-8df5-db2aa7f484f8 e34d18e91aa14e098784e8f8119901cb f094053036404033a871e7010c26e38e - - default default] 10.0.0.85 "GET /v2.0/extensions/subnetpool-prefix-ops HTTP/1.1" status: 200 len: 418 time: 0.0027294
2026-04-28 18:33:20.351 10 INFO neutron.wsgi [None req-cfe70995-61bb-4616-aa6d-b2179070273b e34d18e91aa14e098784e8f8119901cb f094053036404033a871e7010c26e38e - - default default] 10.0.0.85 "GET /v2.0/extensions/standard-attr-tag HTTP/1.1" status: 200 len: 537 time: 0.0029202
2026-04-28 18:33:20.357 10 INFO neutron.wsgi [None req-7fd0c8ea-b5b1-421e-856f-b17fba23f12f e34d18e91aa14e098784e8f8119901cb f094053036404033a871e7010c26e38e - - default default] 10.0.0.85 "GET /v2.0/extensions/standard-attr-timestamp HTTP/1.1" status: 200 len: 449 time: 0.0031781 /var/lib/openstack/lib/python3.10/site-packages/pycadf/identifier.py:71: UserWarning: Invalid uuid: neutron. To ensure interoperability, identifiers should be a valid uuid. warnings.warn(('Invalid uuid: %s. To ensure interoperability, '
2026-04-28 18:33:20.367 9 INFO neutron.wsgi [None req-512e415c-e494-47bb-b902-8d244db784f4 e34d18e91aa14e098784e8f8119901cb f094053036404033a871e7010c26e38e - - default default] 10.0.0.85 "GET /v2.0/extensions/trunk HTTP/1.1" status: 200 len: 358 time: 0.0056639
2026-04-28 18:33:20.385 10 INFO neutron.wsgi [None req-3fe9dc14-30e0-4585-9be3-0ffaae956520 e34d18e91aa14e098784e8f8119901cb f094053036404033a871e7010c26e38e - - default default] 10.0.0.85 "GET /v2.0/extensions/trunk-details HTTP/1.1" status: 200 len: 362 time: 0.0044372
2026-04-28 18:33:20.387 9 INFO neutron.plugins.ml2.drivers.ovn.mech_driver.mech_driver [None req-17db49d6-4795-48b9-8c8b-b3f8607c6544 - - - - - -] OVN reports status down for port: 445cbe2b-b235-4b3b-a59a-e0ffc142dbb0
2026-04-28 18:33:20.421 9 INFO neutron.db.ovn_revision_numbers_db [None req-9c4ab27c-0462-419c-adf2-1a6d29b2cc87 dc6f9a40c3ce42ac82ec9d636e24c5f4 4ffdfa60739a42b8a4718a043dd28e2f - - default default] Successfully bumped revision number for resource 445cbe2b-b235-4b3b-a59a-e0ffc142dbb0 (type: ports) to 2
2026-04-28 18:33:20.430 9 INFO neutron.wsgi [None req-9c4ab27c-0462-419c-adf2-1a6d29b2cc87 dc6f9a40c3ce42ac82ec9d636e24c5f4 4ffdfa60739a42b8a4718a043dd28e2f - - default default] 10.0.0.85 "PUT /v2.0/ports/445cbe2b-b235-4b3b-a59a-e0ffc142dbb0 HTTP/1.1" status: 200 len: 946 time: 0.3555746
2026-04-28 18:33:20.650 10 INFO neutron.wsgi [None req-f7126ccd-e61a-40f3-b484-4883460c304a dc6f9a40c3ce42ac82ec9d636e24c5f4 4ffdfa60739a42b8a4718a043dd28e2f - - default default] 10.0.0.85 "DELETE /v2.0/ports/445cbe2b-b235-4b3b-a59a-e0ffc142dbb0 HTTP/1.1" status: 204 len: 168 time: 0.2147489
2026-04-28 18:33:20.771 10 INFO neutron.wsgi [None req-4d09565d-6c8e-43a4-891c-51ce826917cf dc6f9a40c3ce42ac82ec9d636e24c5f4 4ffdfa60739a42b8a4718a043dd28e2f - - default default] 10.0.0.85 "GET /v2.0/ports HTTP/1.1" status: 200 len: 1729 time: 0.1157117
2026-04-28 18:33:20.803 10 INFO neutron.pecan_wsgi.hooks.translation [None req-e345cd80-130c-41f2-9879-ac294ca5c34b dc6f9a40c3ce42ac82ec9d636e24c5f4 4ffdfa60739a42b8a4718a043dd28e2f - - default default] GET failed (client error): The resource could not be found.
2026-04-28 18:33:20.805 10 INFO neutron.wsgi [None req-e345cd80-130c-41f2-9879-ac294ca5c34b dc6f9a40c3ce42ac82ec9d636e24c5f4 4ffdfa60739a42b8a4718a043dd28e2f - - default default] 10.0.0.85 "GET /v2.0/ports/445cbe2b-b235-4b3b-a59a-e0ffc142dbb0 HTTP/1.1" status: 404 len: 333 time: 0.0244286
2026-04-28 18:33:20.904 9 INFO neutron.wsgi [None req-41903947-04ca-4753-8e8c-e01f1ee2fb00 dc6f9a40c3ce42ac82ec9d636e24c5f4 4ffdfa60739a42b8a4718a043dd28e2f - - default default] 10.0.0.85 "GET /v2.0/ports HTTP/1.1" status: 200 len: 1729 time: 0.0911949
2026-04-28 18:33:20.969 9 INFO neutron.wsgi [None req-438df21a-65ed-496e-8629-74a90719a7ed dc6f9a40c3ce42ac82ec9d636e24c5f4 4ffdfa60739a42b8a4718a043dd28e2f - - default default] 10.0.0.85 "GET /v2.0/ports/89a156f3-9e1c-4e80-af4f-7c7d23857dfe HTTP/1.1" status: 200 len: 969 time: 0.0503597
2026-04-28 18:33:20.993 9 INFO neutron.pecan_wsgi.hooks.translation [None req-6b660ab0-3e47-45b3-9c41-5c7cccf7d4da dc6f9a40c3ce42ac82ec9d636e24c5f4 4ffdfa60739a42b8a4718a043dd28e2f - - default default] DELETE failed (client error): The resource could not be found.
2026-04-28 18:33:20.995 9 INFO neutron.wsgi [None req-6b660ab0-3e47-45b3-9c41-5c7cccf7d4da dc6f9a40c3ce42ac82ec9d636e24c5f4 4ffdfa60739a42b8a4718a043dd28e2f - - default default] 10.0.0.85 "DELETE /v2.0/ports/4316d23e-4d6a-48ce-aaee-89209f39ec81 HTTP/1.1" status: 404 len: 333 time: 0.0204649
2026-04-28 18:33:21.017 10 INFO neutron.pecan_wsgi.hooks.translation [None req-af058486-ff13-4984-9dd4-86900cfc106f dc6f9a40c3ce42ac82ec9d636e24c5f4 4ffdfa60739a42b8a4718a043dd28e2f - - default default] DELETE failed (client error): The resource could not be found.
2026-04-28 18:33:21.019 10 INFO neutron.wsgi [None req-af058486-ff13-4984-9dd4-86900cfc106f dc6f9a40c3ce42ac82ec9d636e24c5f4 4ffdfa60739a42b8a4718a043dd28e2f - - default default] 10.0.0.85 "DELETE /v2.0/subnets/bde46e62-763a-4e4b-ad3d-ced8045d55f9 HTTP/1.1" status: 404 len: 337 time: 0.0195844
2026-04-28 18:33:21.037 10 INFO neutron.pecan_wsgi.hooks.translation [None req-089efe66-31b0-4725-9c25-5d77092c4607 dc6f9a40c3ce42ac82ec9d636e24c5f4 4ffdfa60739a42b8a4718a043dd28e2f - - default default] DELETE failed (client error): The resource could not be found.
2026-04-28 18:33:21.039 10 INFO neutron.wsgi [None req-089efe66-31b0-4725-9c25-5d77092c4607 dc6f9a40c3ce42ac82ec9d636e24c5f4 4ffdfa60739a42b8a4718a043dd28e2f - - default default] 10.0.0.85 "DELETE /v2.0/subnets/4e511307-f7e2-4bd5-afeb-7fa869d3d958 HTTP/1.1" status: 404 len: 337 time: 0.0155907
2026-04-28 18:33:21.295 10 INFO neutron.wsgi [None req-f5dc566d-6ffb-4450-9e49-e8a868c50e3b dc6f9a40c3ce42ac82ec9d636e24c5f4 4ffdfa60739a42b8a4718a043dd28e2f - - default default] 10.0.0.85 "DELETE /v2.0/ports/89a156f3-9e1c-4e80-af4f-7c7d23857dfe HTTP/1.1" status: 204 len: 168 time: 0.2511890
2026-04-28 18:33:21.334 9 INFO neutron.db.ovn_revision_numbers_db [None req-f7bca2f3-1cca-4393-aa0f-54adafd92859 48e081fb0e3148478a0338e7fc589bad 7c9837aa41ee4d8fb6b630692028dc4c - - default default] Successfully bumped revision number for resource 6924f372-e61e-4fe9-b32d-590771537f56 (type: security_groups) to 1
2026-04-28 18:33:21.348 9 INFO neutron.db.ovn_revision_numbers_db [None req-f7bca2f3-1cca-4393-aa0f-54adafd92859 48e081fb0e3148478a0338e7fc589bad 7c9837aa41ee4d8fb6b630692028dc4c - - default default] Successfully bumped revision number for resource 317ef252-2aab-45d4-b8c0-2007d06e7c67 (type: security_group_rules) to 0
2026-04-28 18:33:21.362 9 INFO neutron.db.ovn_revision_numbers_db [None req-f7bca2f3-1cca-4393-aa0f-54adafd92859 48e081fb0e3148478a0338e7fc589bad 7c9837aa41ee4d8fb6b630692028dc4c - - default default] Successfully bumped revision number for resource 6ccf856b-65af-46b7-a40a-10812b58d334 (type: security_group_rules) to 0
2026-04-28 18:33:21.380 9 INFO neutron.db.ovn_revision_numbers_db [None req-f7bca2f3-1cca-4393-aa0f-54adafd92859 48e081fb0e3148478a0338e7fc589bad 7c9837aa41ee4d8fb6b630692028dc4c - - default default] Successfully bumped revision number for resource e32e8188-6f93-4180-895f-f41359455f67 (type: security_group_rules) to 0
2026-04-28 18:33:21.398 9 INFO neutron.db.ovn_revision_numbers_db [None req-f7bca2f3-1cca-4393-aa0f-54adafd92859 48e081fb0e3148478a0338e7fc589bad 7c9837aa41ee4d8fb6b630692028dc4c - - default default] Successfully bumped revision number for resource ecb953fa-fb61-44cd-bb8f-c559f87ae031 (type: security_group_rules) to 0
2026-04-28 18:33:21.426 9 INFO neutron.wsgi [None req-f7bca2f3-1cca-4393-aa0f-54adafd92859 48e081fb0e3148478a0338e7fc589bad 7c9837aa41ee4d8fb6b630692028dc4c - - default default] 10.0.0.85 "GET /v2.0/security-groups?tenant_id=f094053036404033a871e7010c26e38e&name=default HTTP/1.1" status: 200 len: 2996 time: 0.4272461
2026-04-28 18:33:21.613 10 INFO neutron.services.segments.plugin [-] Segment faaa79d9-4b51-485d-bf64-80b2c26b8785 resource provider aggregate not found
2026-04-28 18:33:21.618 10 INFO neutron.services.segments.plugin [-] Segment faaa79d9-4b51-485d-bf64-80b2c26b8785 resource provider aggregate not found
2026-04-28 18:33:21.630 10 INFO neutron.services.segments.plugin [-] Segment faaa79d9-4b51-485d-bf64-80b2c26b8785 resource provider not found; error: Placement Client Error (4xx): {"errors": [{"status": 404, "title": "Not Found", "detail": "The resource could not be found.\n\n No resource provider with uuid faaa79d9-4b51-485d-bf64-80b2c26b8785 found for delete ", "request_id": "req-b2196756-228e-48d3-9ca1-d5737693ba3d"}]}
2026-04-28 18:33:21.631 10 INFO neutron.services.segments.plugin [-] Segment faaa79d9-4b51-485d-bf64-80b2c26b8785 resource provider not found; error: Placement Client Error (4xx): {"errors": [{"status": 404, "title": "Not Found", "detail": "The resource could not be found.\n\n No resource provider with uuid faaa79d9-4b51-485d-bf64-80b2c26b8785 found for delete ", "request_id": "req-b68e9725-9861-4802-814f-797fe730606b"}]}
2026-04-28 18:33:21.638 9 INFO neutron.wsgi [None req-a7241767-4f9a-4ed1-99b5-93731f0558c9 48e081fb0e3148478a0338e7fc589bad 7c9837aa41ee4d8fb6b630692028dc4c - - default default] 10.0.0.85 "DELETE /v2.0/security-groups/6924f372-e61e-4fe9-b32d-590771537f56 HTTP/1.1" status: 204 len: 168 time: 0.2069397
2026-04-28 18:33:21.649 10 INFO neutron.wsgi [None req-7513c723-8823-4a31-a441-6605321ff42d dc6f9a40c3ce42ac82ec9d636e24c5f4 4ffdfa60739a42b8a4718a043dd28e2f - - default default] 10.0.0.85 "DELETE /v2.0/networks/4803675f-234d-4a7d-b4b2-b992fd5e4910 HTTP/1.1" status: 204 len: 168 time: 0.3497462
2026-04-28 18:33:22.528 10 INFO neutron.wsgi [None req-8ab5239a-f515-499a-9b2d-178359191104 48e081fb0e3148478a0338e7fc589bad 7c9837aa41ee4d8fb6b630692028dc4c - - default default] 10.0.0.85 "GET /v2.0/security-groups?tenant_id=4ffdfa60739a42b8a4718a043dd28e2f&name=default HTTP/1.1" status: 200 len: 2996 time: 0.1283331
2026-04-28 18:33:22.611 10 INFO neutron.db.ovn_revision_numbers_db [None req-8e7be34f-e78b-4046-a2d1-e3537509229f 48e081fb0e3148478a0338e7fc589bad 7c9837aa41ee4d8fb6b630692028dc4c - - default default] Successfully bumped revision number for resource eba08e74-0d7d-4633-85e9-b80cdc0bad9e (type: security_groups) to 1
2026-04-28 18:33:22.628 10 INFO neutron.db.ovn_revision_numbers_db [None req-8e7be34f-e78b-4046-a2d1-e3537509229f 48e081fb0e3148478a0338e7fc589bad 7c9837aa41ee4d8fb6b630692028dc4c - - default default] Successfully bumped revision number for resource 1996a91c-ad74-486f-934a-959679414e18 (type: security_group_rules) to 0
2026-04-28 18:33:22.643 10 INFO neutron.db.ovn_revision_numbers_db [None req-8e7be34f-e78b-4046-a2d1-e3537509229f 48e081fb0e3148478a0338e7fc589bad 7c9837aa41ee4d8fb6b630692028dc4c - - default default] Successfully bumped revision number for resource 1a503f0d-e054-41bc-a7a2-8c37b837cea5 (type: security_group_rules) to 0
2026-04-28 18:33:22.655 10 INFO neutron.db.ovn_revision_numbers_db [None req-8e7be34f-e78b-4046-a2d1-e3537509229f 48e081fb0e3148478a0338e7fc589bad 7c9837aa41ee4d8fb6b630692028dc4c - - default default] Successfully bumped revision number for resource d9d546f6-31b5-4035-b229-42ca1544c582 (type: security_group_rules) to 0
2026-04-28 18:33:22.671 10 INFO neutron.db.ovn_revision_numbers_db [None req-8e7be34f-e78b-4046-a2d1-e3537509229f 48e081fb0e3148478a0338e7fc589bad 7c9837aa41ee4d8fb6b630692028dc4c - - default default] Successfully bumped revision number for resource eaed1b38-ff70-4bc5-870a-6ea9f17d74bc (type: security_group_rules) to 0
2026-04-28 18:33:22.693 10 INFO neutron.wsgi [None req-8e7be34f-e78b-4046-a2d1-e3537509229f 48e081fb0e3148478a0338e7fc589bad 7c9837aa41ee4d8fb6b630692028dc4c - - default default] 10.0.0.85 "GET /v2.0/security-groups?tenant_id=e94bf63886b2477c9554fb2e1783ebfd&name=default HTTP/1.1" status: 200 len: 2996 time: 0.3037314
2026-04-28 18:33:22.746 10 INFO neutron.wsgi [None req-06cf29fa-9b3d-4a5d-a56e-eefb8704cb6d 48e081fb0e3148478a0338e7fc589bad 7c9837aa41ee4d8fb6b630692028dc4c - - default default] 10.0.0.85 "DELETE /v2.0/security-groups/9b9d4a5c-fa36-468c-a3d9-3a211c2e4aec HTTP/1.1" status: 204 len: 168 time: 0.2066438
2026-04-28 18:33:22.896 9 INFO neutron.wsgi [None req-0512577f-810e-4eb9-9796-525c8a4b32eb 48e081fb0e3148478a0338e7fc589bad 7c9837aa41ee4d8fb6b630692028dc4c - - default default] 10.0.0.85 "DELETE /v2.0/security-groups/eba08e74-0d7d-4633-85e9-b80cdc0bad9e HTTP/1.1" status: 204 len: 168 time: 0.1947956
2026-04-28 18:33:23.159 10 INFO neutron.db.ovn_revision_numbers_db [None req-97656a26-c1cb-456f-bbe4-f1e5a14e9add 48e081fb0e3148478a0338e7fc589bad 7c9837aa41ee4d8fb6b630692028dc4c - - default default] Successfully bumped revision number for resource 02ab9d61-c0ff-48bf-bcb2-6597dd488acb (type: security_groups) to 1
2026-04-28 18:33:23.173 10 INFO neutron.db.ovn_revision_numbers_db [None req-97656a26-c1cb-456f-bbe4-f1e5a14e9add 48e081fb0e3148478a0338e7fc589bad 7c9837aa41ee4d8fb6b630692028dc4c - - default default] Successfully bumped revision number for resource 03997a7a-45b3-427a-bdc0-1e802c14f30d (type: security_group_rules) to 0
2026-04-28 18:33:23.184 10 INFO neutron.db.ovn_revision_numbers_db [None req-97656a26-c1cb-456f-bbe4-f1e5a14e9add 48e081fb0e3148478a0338e7fc589bad 7c9837aa41ee4d8fb6b630692028dc4c - - default default] Successfully bumped revision number for resource 3c07c9c1-b625-4b7f-a4ea-ca674ebbfbd4 (type: security_group_rules) to 0
2026-04-28 18:33:23.200 10 INFO neutron.db.ovn_revision_numbers_db [None req-97656a26-c1cb-456f-bbe4-f1e5a14e9add 48e081fb0e3148478a0338e7fc589bad 7c9837aa41ee4d8fb6b630692028dc4c - - default default] Successfully bumped revision number for resource 70a91121-0c12-43b0-ae50-0148400c55b5 (type: security_group_rules) to 0
2026-04-28 18:33:23.225 10 INFO neutron.db.ovn_revision_numbers_db [None req-97656a26-c1cb-456f-bbe4-f1e5a14e9add 48e081fb0e3148478a0338e7fc589bad 7c9837aa41ee4d8fb6b630692028dc4c - - default default] Successfully bumped revision number for resource 7b467333-6799-48d9-aff4-619d36b1e435 (type: security_group_rules) to 0
2026-04-28 18:33:23.249 10 INFO neutron.wsgi [None req-97656a26-c1cb-456f-bbe4-f1e5a14e9add 48e081fb0e3148478a0338e7fc589bad 7c9837aa41ee4d8fb6b630692028dc4c - - default default] 10.0.0.85 "GET /v2.0/security-groups?tenant_id=2e0d09755e3249eeb7820c7564c1a888&name=default HTTP/1.1" status: 200 len: 2996 time: 0.2018380
2026-04-28 18:33:23.447 10 INFO neutron.wsgi [None req-5ebe9b43-b1ee-4e48-b3a2-a39551d5d429 48e081fb0e3148478a0338e7fc589bad 7c9837aa41ee4d8fb6b630692028dc4c - - default default] 10.0.0.85 "DELETE /v2.0/security-groups/02ab9d61-c0ff-48bf-bcb2-6597dd488acb HTTP/1.1" status: 204 len: 168 time: 0.1944239
2026-04-28 18:33:23.877 9 INFO neutron.db.ovn_revision_numbers_db [None req-a10c07ee-cb01-462a-a59b-fb182af066ef f2b4c985d1eb4cfeacbed8bb8fcc65a3 c3c2b21a557249998a2f3bb272b9654a - - default default] Successfully bumped revision number for resource 7c769a56-6518-411a-a997-7a33e012d3db (type: security_groups) to 1
2026-04-28 18:33:23.895 9 INFO neutron.db.ovn_revision_numbers_db [None req-a10c07ee-cb01-462a-a59b-fb182af066ef f2b4c985d1eb4cfeacbed8bb8fcc65a3 c3c2b21a557249998a2f3bb272b9654a - - default default] Successfully bumped revision number for resource 13a1ad94-3c72-4299-a788-84926a447867 (type: security_group_rules) to 0
2026-04-28 18:33:23.911 9 INFO neutron.db.ovn_revision_numbers_db [None req-a10c07ee-cb01-462a-a59b-fb182af066ef f2b4c985d1eb4cfeacbed8bb8fcc65a3 c3c2b21a557249998a2f3bb272b9654a - - default default] Successfully bumped revision number for resource 5d722369-ca79-48da-9b5e-e31aaf19c537 (type: security_group_rules) to 0
2026-04-28 18:33:23.929 9 INFO neutron.db.ovn_revision_numbers_db [None req-a10c07ee-cb01-462a-a59b-fb182af066ef f2b4c985d1eb4cfeacbed8bb8fcc65a3 c3c2b21a557249998a2f3bb272b9654a - - default default] Successfully bumped revision number for resource 76365026-326a-4824-a950-0ea2a2352d12 (type: security_group_rules) to 0
2026-04-28 18:33:23.949 9 INFO neutron.db.ovn_revision_numbers_db [None req-a10c07ee-cb01-462a-a59b-fb182af066ef f2b4c985d1eb4cfeacbed8bb8fcc65a3 c3c2b21a557249998a2f3bb272b9654a - - default default] Successfully bumped revision number for resource ab94ade0-7dea-4230-acdf-e22e8ed982d6 (type: security_group_rules) to 0
2026-04-28 18:33:24.009 9 INFO neutron.db.segments_db [None req-a10c07ee-cb01-462a-a59b-fb182af066ef f2b4c985d1eb4cfeacbed8bb8fcc65a3 c3c2b21a557249998a2f3bb272b9654a - - default default] Added segment febb692c-2fce-47b7-9595-1b1fc2a78cb6 of type geneve for network 87d6545b-63f5-4f28-a84e-2752f4f045af
2026-04-28 18:33:24.169 9 INFO neutron.db.ovn_revision_numbers_db [None req-a10c07ee-cb01-462a-a59b-fb182af066ef f2b4c985d1eb4cfeacbed8bb8fcc65a3 c3c2b21a557249998a2f3bb272b9654a - - default default] Successfully bumped revision number for resource 87d6545b-63f5-4f28-a84e-2752f4f045af (type: networks) to 1
2026-04-28 18:33:24.329 9 WARNING neutron.scheduler.dhcp_agent_scheduler [None req-a10c07ee-cb01-462a-a59b-fb182af066ef f2b4c985d1eb4cfeacbed8bb8fcc65a3 c3c2b21a557249998a2f3bb272b9654a - - default default] No more DHCP agents
2026-04-28 18:33:24.332 9 WARNING neutron.api.rpc.agentnotifiers.dhcp_rpc_agent_api [None req-a10c07ee-cb01-462a-a59b-fb182af066ef f2b4c985d1eb4cfeacbed8bb8fcc65a3 c3c2b21a557249998a2f3bb272b9654a - - default default] Unable to schedule network 87d6545b-63f5-4f28-a84e-2752f4f045af: no agents available; will retry on subsequent port and subnet creation events.
2026-04-28 18:33:24.415 9 INFO neutron.db.ovn_revision_numbers_db [None req-a10c07ee-cb01-462a-a59b-fb182af066ef f2b4c985d1eb4cfeacbed8bb8fcc65a3 c3c2b21a557249998a2f3bb272b9654a - - default default] Successfully bumped revision number for resource 1ca8d90f-b158-44f7-ae12-267fb626d763 (type: ports) to 1
2026-04-28 18:33:24.435 9 INFO neutron.wsgi [None req-a10c07ee-cb01-462a-a59b-fb182af066ef f2b4c985d1eb4cfeacbed8bb8fcc65a3 c3c2b21a557249998a2f3bb272b9654a - - default default] 10.0.0.85 "POST /v2.0/networks HTTP/1.1" status: 201 len: 849 time: 0.8574574
2026-04-28 18:33:24.698 9 WARNING neutron.scheduler.dhcp_agent_scheduler [None req-fa92fd22-9c2a-4793-a18d-fc79161ad2ea f2b4c985d1eb4cfeacbed8bb8fcc65a3 c3c2b21a557249998a2f3bb272b9654a - - default default] No more DHCP agents
2026-04-28 18:33:24.706 9 WARNING neutron.api.rpc.agentnotifiers.dhcp_rpc_agent_api [None req-fa92fd22-9c2a-4793-a18d-fc79161ad2ea f2b4c985d1eb4cfeacbed8bb8fcc65a3 c3c2b21a557249998a2f3bb272b9654a - - default default] Unable to schedule network 87d6545b-63f5-4f28-a84e-2752f4f045af: no agents available; will retry on subsequent port and subnet creation events.
2026-04-28 18:33:24.747 9 INFO neutron.db.ovn_revision_numbers_db [None req-fa92fd22-9c2a-4793-a18d-fc79161ad2ea f2b4c985d1eb4cfeacbed8bb8fcc65a3 c3c2b21a557249998a2f3bb272b9654a - - default default] Successfully bumped revision number for resource 130b6ef8-7508-4a65-8d9e-5f8afbe24ce1 (type: subnets) to 0
2026-04-28 18:33:24.766 9 INFO neutron.wsgi [None req-fa92fd22-9c2a-4793-a18d-fc79161ad2ea f2b4c985d1eb4cfeacbed8bb8fcc65a3 c3c2b21a557249998a2f3bb272b9654a - - default default] 10.0.0.85 "POST /v2.0/subnets HTTP/1.1" status: 201 len: 802 time: 0.3266349
2026-04-28 18:33:24.812 9 INFO neutron.db.ovn_revision_numbers_db [None req-422269ca-053f-46ed-9c68-472e48680323 2bc8179a77fc4ec382d9136c9588be93 4f242bf286bc42018e9d6c06103c03a0 - - default default] Successfully bumped revision number for resource 26b4f057-1d3b-4460-850c-f8066ae007df (type: security_groups) to 1
2026-04-28 18:33:24.833 9 INFO neutron.db.ovn_revision_numbers_db [None req-422269ca-053f-46ed-9c68-472e48680323 2bc8179a77fc4ec382d9136c9588be93 4f242bf286bc42018e9d6c06103c03a0 - - default default] Successfully bumped revision number for resource 13679e9a-2de2-400b-bada-909190a8dca6 (type: security_group_rules) to 0
2026-04-28 18:33:24.848 9 INFO neutron.db.ovn_revision_numbers_db [None req-422269ca-053f-46ed-9c68-472e48680323 2bc8179a77fc4ec382d9136c9588be93 4f242bf286bc42018e9d6c06103c03a0 - - default default] Successfully bumped revision number for resource 73b9dcc0-d16e-4fdb-8e38-7f46e54111db (type: security_group_rules) to 0
2026-04-28 18:33:24.860 9 INFO neutron.db.ovn_revision_numbers_db [None req-422269ca-053f-46ed-9c68-472e48680323 2bc8179a77fc4ec382d9136c9588be93 4f242bf286bc42018e9d6c06103c03a0 - - default default] Successfully bumped revision number for resource 8730170c-2504-4ea4-a5a8-fb9db95ed2f5 (type: security_group_rules) to 0
2026-04-28 18:33:24.869 9 INFO neutron.db.ovn_revision_numbers_db [None req-422269ca-053f-46ed-9c68-472e48680323 2bc8179a77fc4ec382d9136c9588be93 4f242bf286bc42018e9d6c06103c03a0 - - default default] Successfully bumped revision number for resource a0b0b8df-4fe8-4bfe-979e-3422c8d62c66 (type: security_group_rules) to 0
2026-04-28 18:33:24.923 9 INFO neutron.db.segments_db [None req-422269ca-053f-46ed-9c68-472e48680323 2bc8179a77fc4ec382d9136c9588be93 4f242bf286bc42018e9d6c06103c03a0 - - default default] Added segment 6dcb08f1-ee8f-42ab-85e0-d747fb4ee98e of type geneve for network cece017c-dc9b-46f2-aa7d-61222c3ed620
2026-04-28 18:33:25.051 9 INFO neutron.db.ovn_revision_numbers_db [None req-422269ca-053f-46ed-9c68-472e48680323 2bc8179a77fc4ec382d9136c9588be93 4f242bf286bc42018e9d6c06103c03a0 - - default default] Successfully bumped revision number for resource cece017c-dc9b-46f2-aa7d-61222c3ed620 (type: networks) to 1
2026-04-28 18:33:25.199 9 WARNING neutron.scheduler.dhcp_agent_scheduler [None req-422269ca-053f-46ed-9c68-472e48680323 2bc8179a77fc4ec382d9136c9588be93 4f242bf286bc42018e9d6c06103c03a0 - - default default] No more DHCP agents
2026-04-28 18:33:25.201 9 WARNING neutron.api.rpc.agentnotifiers.dhcp_rpc_agent_api [None req-422269ca-053f-46ed-9c68-472e48680323 2bc8179a77fc4ec382d9136c9588be93 4f242bf286bc42018e9d6c06103c03a0 - - default default] Unable to schedule network cece017c-dc9b-46f2-aa7d-61222c3ed620: no agents available; will retry on subsequent port and subnet creation events.
2026-04-28 18:33:25.334 10 WARNING neutron.scheduler.dhcp_agent_scheduler [None req-16f0447a-5844-4070-9a64-85de32a95723 f2b4c985d1eb4cfeacbed8bb8fcc65a3 c3c2b21a557249998a2f3bb272b9654a - - default default] No more DHCP agents
2026-04-28 18:33:25.340 10 WARNING neutron.api.rpc.agentnotifiers.dhcp_rpc_agent_api [None req-16f0447a-5844-4070-9a64-85de32a95723 f2b4c985d1eb4cfeacbed8bb8fcc65a3 c3c2b21a557249998a2f3bb272b9654a - - default default] Unable to schedule network af8490e8-3bb6-439f-be93-97801fca88e6: no agents available; will retry on subsequent port and subnet creation events.
