2026-04-28 18:33:34.865 9 INFO neutron.wsgi [req-b6de3825-862a-4c79-9866-9f5cf7986845 req-c89713b9-caf4-4a5f-baf1-0c6befa17a0a 54b88280dc1646d2a79d662e64c0d724 4f8eb4083741407ab21daa902d3eeb03 - - e62532941e864b8ba3623ffc54f3df85 e62532941e864b8ba3623ffc54f3df85] 10.0.0.139 "GET /v2.0/networks/1b2bd72f-5f03-45de-86b1-a6c30089628c?fields=provider%3Aphysical_network&fields=provider%3Anetwork_type HTTP/1.1" status: 200 len: 277 time: 0.0612924
2026-04-28 18:33:34.985 9 INFO neutron.wsgi [req-5bed3ca2-dfcf-4ca7-a572-02bf4c8e6ed9 req-36230d38-6db8-49b1-9d34-6f950d184a45 65c019604b1048f1ac963b0aa253f508 9ac28dc8ca2943d2bde229ae8792526f - - default default] 10.0.0.139 "GET /v2.0/ports?device_id=4f5b9b47-3e92-47e0-ab1b-7c76b17ebc03 HTTP/1.1" status: 200 len: 210 time: 0.0229390
2026-04-28 18:33:35.001 9 INFO neutron.wsgi [None req-c0158ef0-2fef-491e-8e3d-98351d37720a f2b4c985d1eb4cfeacbed8bb8fcc65a3 c3c2b21a557249998a2f3bb272b9654a - - default default] 10.0.0.85 "DELETE /v2.0/ports/7912710f-f0c5-4b4f-b032-a7a13862b517 HTTP/1.1" status: 204 len: 168 time: 0.3778820
2026-04-28 18:33:35.309 9 INFO neutron.wsgi [None req-9ba7afb6-49dd-4cf1-8de1-aeaa1ee02804 f2b4c985d1eb4cfeacbed8bb8fcc65a3 c3c2b21a557249998a2f3bb272b9654a - - default default] 10.0.0.85 "DELETE /v2.0/ports/afd7045a-8f3f-44ad-a920-aa05bda0c43a HTTP/1.1" status: 204 len: 168 time: 0.3018212
2026-04-28 18:33:35.321 9 INFO neutron.wsgi [-] 10.0.0.89 "GET / HTTP/1.1" status: 200 len: 246 time: 0.0010190
2026-04-28 18:33:35.322 9 INFO neutron.wsgi [-] 10.0.0.89 "GET / HTTP/1.1" status: 200 len: 246 time: 0.0008667
2026-04-28 18:33:35.397 9 INFO neutron.wsgi [None req-e7b7835b-f8e7-4334-b5c1-d61a3b54bee0 f2b4c985d1eb4cfeacbed8bb8fcc65a3 c3c2b21a557249998a2f3bb272b9654a - - default default] 10.0.0.85 "GET /v2.0/ports?device_id=45bd4c5d-9ad6-4d43-a8c8-88b6e6dd70df HTTP/1.1" status: 200 len: 1140 time: 0.0838461
2026-04-28 18:33:35.404 10 INFO neutron.wsgi [None req-6db26a98-5b3a-439c-a1dd-5885ebcade8d 2bc8179a77fc4ec382d9136c9588be93 4f242bf286bc42018e9d6c06103c03a0 - - default default] 10.0.0.85 "PUT /v2.0/routers/0ca7ebbf-1427-4b00-b2a6-e265325ec6ec/remove_router_interface HTTP/1.1" status: 200 len: 503 time: 0.9037957 /var/lib/openstack/lib/python3.10/site-packages/pycadf/identifier.py:71: UserWarning: Invalid uuid: neutron. To ensure interoperability, identifiers should be a valid uuid. warnings.warn(('Invalid uuid: %s. To ensure interoperability, '
2026-04-28 18:33:35.507 10 INFO neutron.wsgi [None req-af4f5e39-b989-49ef-be1b-2ff7af73c6ef 2bc8179a77fc4ec382d9136c9588be93 4f242bf286bc42018e9d6c06103c03a0 - - default default] 10.0.0.85 "GET /v2.0/ports/a48bbc77-f8c7-4069-88b0-ffef083769df HTTP/1.1" status: 200 len: 1137 time: 0.0987120
2026-04-28 18:33:35.764 10 INFO neutron.wsgi [req-b6de3825-862a-4c79-9866-9f5cf7986845 req-15f9e7f5-b10c-401a-8615-6b7fe99ffb85 65c019604b1048f1ac963b0aa253f508 9ac28dc8ca2943d2bde229ae8792526f - - default default] 199.19.213.209 "GET /v2.0/networks?id=1b2bd72f-5f03-45de-86b1-a6c30089628c HTTP/1.1" status: 200 len: 860 time: 0.1260040
2026-04-28 18:33:35.835 10 INFO neutron.wsgi [req-b6de3825-862a-4c79-9866-9f5cf7986845 req-50453799-f8d9-4907-ad0b-cc282975ce2f 65c019604b1048f1ac963b0aa253f508 9ac28dc8ca2943d2bde229ae8792526f - - default default] 199.19.213.209 "GET /v2.0/security-groups?fields=id&fields=name&tenant_id=9ac28dc8ca2943d2bde229ae8792526f HTTP/1.1" status: 200 len: 473 time: 0.0661228
2026-04-28 18:33:36.102 9 INFO neutron.wsgi [req-6abaef5c-5322-4c8d-afe9-c1044adeccb0 req-19600d16-98a9-4e2d-a8c6-405f61815301 65c019604b1048f1ac963b0aa253f508 9ac28dc8ca2943d2bde229ae8792526f - - default default] 10.0.0.139 "GET /v2.0/ports?device_id=4f5b9b47-3e92-47e0-ab1b-7c76b17ebc03 HTTP/1.1" status: 200 len: 210 time: 0.0496943
2026-04-28 18:33:36.191 10 INFO neutron.db.ovn_revision_numbers_db [None req-05f5673f-253f-441b-9578-d8682cec14f2 48e081fb0e3148478a0338e7fc589bad 7c9837aa41ee4d8fb6b630692028dc4c - - default default] Successfully bumped revision number for resource 2fe9c2d1-2556-4c07-b61a-ef481470cd3f (type: security_groups) to 1
2026-04-28 18:33:36.237 10 INFO neutron.db.ovn_revision_numbers_db [None req-05f5673f-253f-441b-9578-d8682cec14f2 48e081fb0e3148478a0338e7fc589bad 7c9837aa41ee4d8fb6b630692028dc4c - - default default] Successfully bumped revision number for resource 4071e025-8453-4899-959e-12b7796dc5bc (type: security_group_rules) to 0
2026-04-28 18:33:36.271 10 INFO neutron.db.ovn_revision_numbers_db [None req-05f5673f-253f-441b-9578-d8682cec14f2 48e081fb0e3148478a0338e7fc589bad 7c9837aa41ee4d8fb6b630692028dc4c - - default default] Successfully bumped revision number for resource 7470f650-4425-4f67-bffc-e09b7e6bea3d (type: security_group_rules) to 0
2026-04-28 18:33:36.304 10 WARNING neutron.scheduler.dhcp_agent_scheduler [req-b6de3825-862a-4c79-9866-9f5cf7986845 req-09223662-c900-49e1-9239-5656a5a731be 65c019604b1048f1ac963b0aa253f508 9ac28dc8ca2943d2bde229ae8792526f - - default default] No more DHCP agents
2026-04-28 18:33:36.310 10 WARNING neutron.api.rpc.agentnotifiers.dhcp_rpc_agent_api [req-b6de3825-862a-4c79-9866-9f5cf7986845 req-09223662-c900-49e1-9239-5656a5a731be 65c019604b1048f1ac963b0aa253f508 9ac28dc8ca2943d2bde229ae8792526f - - default default] Unable to schedule network 1b2bd72f-5f03-45de-86b1-a6c30089628c: no agents available; will retry on subsequent port and subnet creation events.
2026-04-28 18:33:36.316 9 INFO neutron.wsgi [None req-f64acabf-92fc-40a8-ac35-c2bda84fb86c f2b4c985d1eb4cfeacbed8bb8fcc65a3 c3c2b21a557249998a2f3bb272b9654a - - default default] 10.0.0.85 "PUT /v2.0/routers/45bd4c5d-9ad6-4d43-a8c8-88b6e6dd70df/remove_router_interface HTTP/1.1" status: 200 len: 503 time: 0.9143856
2026-04-28 18:33:36.325 10 INFO neutron.wsgi [None req-acf3c3ee-2163-4823-b31e-99f3e497c8e3 2bc8179a77fc4ec382d9136c9588be93 4f242bf286bc42018e9d6c06103c03a0 - - default default] 10.0.0.85 "PUT /v2.0/routers/0ca7ebbf-1427-4b00-b2a6-e265325ec6ec/remove_router_interface HTTP/1.1" status: 200 len: 503 time: 0.8122034
2026-04-28 18:33:36.327 10 INFO neutron.db.ovn_revision_numbers_db [None req-05f5673f-253f-441b-9578-d8682cec14f2 48e081fb0e3148478a0338e7fc589bad 7c9837aa41ee4d8fb6b630692028dc4c - - default default] Successfully bumped revision number for resource a9d0e598-452b-415a-aff4-80c64ec24b52 (type: security_group_rules) to 0 /var/lib/openstack/lib/python3.10/site-packages/pycadf/identifier.py:71: UserWarning: Invalid uuid: neutron. To ensure interoperability, identifiers should be a valid uuid. warnings.warn(('Invalid uuid: %s. To ensure interoperability, ' /var/lib/openstack/lib/python3.10/site-packages/pycadf/identifier.py:71: UserWarning: Invalid uuid: neutron. To ensure interoperability, identifiers should be a valid uuid. warnings.warn(('Invalid uuid: %s. To ensure interoperability, '
2026-04-28 18:33:36.362 10 INFO neutron.wsgi [None req-1629b7a9-4a34-4cbb-ab9d-fe7da46f6319 2bc8179a77fc4ec382d9136c9588be93 4f242bf286bc42018e9d6c06103c03a0 - - default default] 10.0.0.85 "GET /v2.0/ports?device_id=0ca7ebbf-1427-4b00-b2a6-e265325ec6ec HTTP/1.1" status: 200 len: 205 time: 0.0282183
2026-04-28 18:33:36.373 10 INFO neutron.db.ovn_revision_numbers_db [None req-05f5673f-253f-441b-9578-d8682cec14f2 48e081fb0e3148478a0338e7fc589bad 7c9837aa41ee4d8fb6b630692028dc4c - - default default] Successfully bumped revision number for resource e5200bf4-161c-4718-a591-fbf656d6581f (type: security_group_rules) to 0
2026-04-28 18:33:36.439 10 INFO neutron.wsgi [None req-05f5673f-253f-441b-9578-d8682cec14f2 48e081fb0e3148478a0338e7fc589bad 7c9837aa41ee4d8fb6b630692028dc4c - - default default] 10.0.0.85 "GET /v2.0/security-groups?tenant_id=5cfb8ef764b94a1bb549dd43147273aa&name=default HTTP/1.1" status: 200 len: 2996 time: 0.5730963
2026-04-28 18:33:36.614 10 INFO neutron.wsgi [None req-8c7ec32c-b8b7-466f-969e-c761ce524058 2bc8179a77fc4ec382d9136c9588be93 4f242bf286bc42018e9d6c06103c03a0 - - default default] 10.0.0.85 "DELETE /v2.0/routers/0ca7ebbf-1427-4b00-b2a6-e265325ec6ec HTTP/1.1" status: 204 len: 168 time: 0.2415457
2026-04-28 18:33:36.617 10 INFO neutron.db.ovn_revision_numbers_db [req-b6de3825-862a-4c79-9866-9f5cf7986845 req-09223662-c900-49e1-9239-5656a5a731be 65c019604b1048f1ac963b0aa253f508 9ac28dc8ca2943d2bde229ae8792526f - - default default] Successfully bumped revision number for resource 30632647-db97-42cb-a991-195db4a7be4d (type: ports) to 1
2026-04-28 18:33:36.655 10 INFO neutron.wsgi [req-b6de3825-862a-4c79-9866-9f5cf7986845 req-09223662-c900-49e1-9239-5656a5a731be 65c019604b1048f1ac963b0aa253f508 9ac28dc8ca2943d2bde229ae8792526f - - default default] 199.19.213.209 "POST /v2.0/ports HTTP/1.1" status: 201 len: 1158 time: 0.8143656
2026-04-28 18:33:36.866 9 WARNING neutron.plugins.ml2.drivers.ovn.mech_driver.ovsdb.ovn_client [None req-17db49d6-4795-48b9-8c8b-b3f8607c6544 - - - - - -] No port found with ID a48bbc77-f8c7-4069-88b0-ffef083769df: RuntimeError: No port found with ID a48bbc77-f8c7-4069-88b0-ffef083769df
2026-04-28 18:33:36.891 10 INFO neutron.wsgi [None req-b4fd4e84-493c-49da-ab04-00d29dd77770 2bc8179a77fc4ec382d9136c9588be93 4f242bf286bc42018e9d6c06103c03a0 - - default default] 10.0.0.85 "DELETE /v2.0/subnets/2413371b-9121-4884-8f3d-8e6e46951751 HTTP/1.1" status: 204 len: 168 time: 0.2708623
2026-04-28 18:33:37.070 9 INFO neutron.wsgi [None req-897d490d-b19f-4c96-bcb8-b91a134ce9bd 48e081fb0e3148478a0338e7fc589bad 7c9837aa41ee4d8fb6b630692028dc4c - - default default] 10.0.0.85 "DELETE /v2.0/security-groups/2fe9c2d1-2556-4c07-b61a-ef481470cd3f HTTP/1.1" status: 204 len: 168 time: 0.6247106 /var/lib/openstack/lib/python3.10/site-packages/pycadf/identifier.py:71: UserWarning: Invalid uuid: neutron. To ensure interoperability, identifiers should be a valid uuid. warnings.warn(('Invalid uuid: %s. To ensure interoperability, '
2026-04-28 18:33:37.211 9 INFO neutron.wsgi [req-fd7f6dd9-9b0a-4371-bc9f-5e5113d8cec0 req-7a5f414a-b2b6-4610-99a1-99565ba36a12 65c019604b1048f1ac963b0aa253f508 9ac28dc8ca2943d2bde229ae8792526f - - default default] 10.0.0.139 "GET /v2.0/ports?device_id=4f5b9b47-3e92-47e0-ab1b-7c76b17ebc03 HTTP/1.1" status: 200 len: 1168 time: 0.0417838
2026-04-28 18:33:37.291 9 INFO neutron.wsgi [req-fd7f6dd9-9b0a-4371-bc9f-5e5113d8cec0 req-4c7c0633-c06a-478f-b477-f73794e767a7 65c019604b1048f1ac963b0aa253f508 9ac28dc8ca2943d2bde229ae8792526f - - default default] 10.0.0.139 "GET /v2.0/security-groups?id=911c2da6-b958-449e-b60c-4c16e53088f9&fields=id&fields=name HTTP/1.1" status: 200 len: 313 time: 0.0711207
2026-04-28 18:33:37.299 9 INFO neutron.wsgi [None req-bd49968c-1ce8-4d74-9e49-619f18ce3cab f2b4c985d1eb4cfeacbed8bb8fcc65a3 c3c2b21a557249998a2f3bb272b9654a - - default default] 10.0.0.85 "DELETE /v2.0/routers/45bd4c5d-9ad6-4d43-a8c8-88b6e6dd70df HTTP/1.1" status: 204 len: 168 time: 0.9698420 /var/lib/openstack/lib/python3.10/site-packages/pycadf/identifier.py:71: UserWarning: Invalid uuid: neutron. To ensure interoperability, identifiers should be a valid uuid. warnings.warn(('Invalid uuid: %s. To ensure interoperability, '
2026-04-28 18:33:37.430 10 INFO neutron.db.ovn_revision_numbers_db [req-b6de3825-862a-4c79-9866-9f5cf7986845 req-851c8bc0-4714-4880-b885-be66945c5377 54b88280dc1646d2a79d662e64c0d724 4f8eb4083741407ab21daa902d3eeb03 - - e62532941e864b8ba3623ffc54f3df85 e62532941e864b8ba3623ffc54f3df85] Successfully bumped revision number for resource 30632647-db97-42cb-a991-195db4a7be4d (type: ports) to 2
2026-04-28 18:33:37.434 10 INFO neutron.wsgi [None req-efd464a2-fd67-48f1-a7eb-c3c20765eac3 2bc8179a77fc4ec382d9136c9588be93 4f242bf286bc42018e9d6c06103c03a0 - - default default] 10.0.0.85 "DELETE /v2.0/subnets/760a90a2-113b-4a80-95d7-3da25190ab99 HTTP/1.1" status: 204 len: 168 time: 0.5347378
2026-04-28 18:33:37.527 10 INFO neutron.wsgi [None req-9d5e3d41-0325-4892-9407-056d43b1be56 f2b4c985d1eb4cfeacbed8bb8fcc65a3 c3c2b21a557249998a2f3bb272b9654a - - default default] 10.0.0.85 "DELETE /v2.0/subnets/130b6ef8-7508-4a65-8d9e-5f8afbe24ce1 HTTP/1.1" status: 204 len: 168 time: 0.2219164
2026-04-28 18:33:37.692 10 INFO neutron.db.ovn_revision_numbers_db [req-b6de3825-862a-4c79-9866-9f5cf7986845 req-851c8bc0-4714-4880-b885-be66945c5377 54b88280dc1646d2a79d662e64c0d724 4f8eb4083741407ab21daa902d3eeb03 - - e62532941e864b8ba3623ffc54f3df85 e62532941e864b8ba3623ffc54f3df85] Successfully bumped revision number for resource 30632647-db97-42cb-a991-195db4a7be4d (type: ports) to 2
2026-04-28 18:33:37.719 10 INFO neutron.wsgi [req-b6de3825-862a-4c79-9866-9f5cf7986845 req-851c8bc0-4714-4880-b885-be66945c5377 54b88280dc1646d2a79d662e64c0d724 4f8eb4083741407ab21daa902d3eeb03 - - e62532941e864b8ba3623ffc54f3df85 e62532941e864b8ba3623ffc54f3df85] 199.19.213.209 "PUT /v2.0/ports/30632647-db97-42cb-a991-195db4a7be4d HTTP/1.1" status: 200 len: 1376 time: 1.0554135
2026-04-28 18:33:37.755 10 INFO neutron.notifiers.nova [-] Nova event matching ['req-aacd9875-3f3b-4add-abe4-54bd8913f2d1'] response: {'name': 'network-changed', 'server_uuid': '4f5b9b47-3e92-47e0-ab1b-7c76b17ebc03', 'tag': '30632647-db97-42cb-a991-195db4a7be4d', 'status': 'completed', 'code': 200}
2026-04-28 18:33:37.760 9 INFO neutron.services.segments.plugin [-] Segment 134f16c5-709e-4379-b989-57444d6b2c62 resource provider aggregate not found
2026-04-28 18:33:37.765 9 INFO neutron.services.segments.plugin [-] Segment 134f16c5-709e-4379-b989-57444d6b2c62 resource provider aggregate not found /var/lib/openstack/lib/python3.10/site-packages/pycadf/identifier.py:71: UserWarning: Invalid uuid: neutron. To ensure interoperability, identifiers should be a valid uuid. warnings.warn(('Invalid uuid: %s. To ensure interoperability, '
2026-04-28 18:33:37.774 9 INFO neutron.services.segments.plugin [-] Segment 134f16c5-709e-4379-b989-57444d6b2c62 resource provider not found; error: Placement Client Error (4xx): {"errors": [{"status": 404, "title": "Not Found", "detail": "The resource could not be found.\n\n No resource provider with uuid 134f16c5-709e-4379-b989-57444d6b2c62 found for delete ", "request_id": "req-b887bd14-d9fb-4102-b78f-55cc82814c4e"}]}
2026-04-28 18:33:37.786 9 INFO neutron.services.segments.plugin [-] Segment 134f16c5-709e-4379-b989-57444d6b2c62 resource provider not found; error: Placement Client Error (4xx): {"errors": [{"status": 404, "title": "Not Found", "detail": "The resource could not be found.\n\n No resource provider with uuid 134f16c5-709e-4379-b989-57444d6b2c62 found for delete ", "request_id": "req-96a85f84-ab32-4367-9716-99832be5c747"}]}
2026-04-28 18:33:37.801 10 INFO neutron.wsgi [req-b6de3825-862a-4c79-9866-9f5cf7986845 req-343a3626-0006-402a-8fb7-b56a5cc47747 54b88280dc1646d2a79d662e64c0d724 4f8eb4083741407ab21daa902d3eeb03 - - e62532941e864b8ba3623ffc54f3df85 e62532941e864b8ba3623ffc54f3df85] 199.19.213.209 "GET /v2.0/ports?tenant_id=9ac28dc8ca2943d2bde229ae8792526f&device_id=4f5b9b47-3e92-47e0-ab1b-7c76b17ebc03 HTTP/1.1" status: 200 len: 1407 time: 0.0374889
2026-04-28 18:33:37.805 9 INFO neutron.wsgi [None req-6b1d9246-b32a-45a7-8672-699a10fe6641 2bc8179a77fc4ec382d9136c9588be93 4f242bf286bc42018e9d6c06103c03a0 - - default default] 10.0.0.85 "DELETE /v2.0/networks/974fe6fa-6cc0-4d75-801a-a444bbb8844f HTTP/1.1" status: 204 len: 168 time: 0.3656478
2026-04-28 18:33:37.830 10 INFO neutron.wsgi [req-b6de3825-862a-4c79-9866-9f5cf7986845 req-f65a0935-7a2f-4739-af21-eeceb2458a85 54b88280dc1646d2a79d662e64c0d724 4f8eb4083741407ab21daa902d3eeb03 - - e62532941e864b8ba3623ffc54f3df85 e62532941e864b8ba3623ffc54f3df85] 199.19.213.209 "GET /v2.0/floatingips?fixed_ip_address=10.100.0.8&port_id=30632647-db97-42cb-a991-195db4a7be4d HTTP/1.1" status: 200 len: 217 time: 0.0211935
2026-04-28 18:33:37.886 10 INFO neutron.wsgi [req-b6de3825-862a-4c79-9866-9f5cf7986845 req-bef51ff9-c598-4881-88ac-0c80636199d6 54b88280dc1646d2a79d662e64c0d724 4f8eb4083741407ab21daa902d3eeb03 - - e62532941e864b8ba3623ffc54f3df85 e62532941e864b8ba3623ffc54f3df85] 199.19.213.209 "GET /v2.0/subnets?id=14b84686-745e-4392-974d-0b840c872909 HTTP/1.1" status: 200 len: 853 time: 0.0483389
2026-04-28 18:33:37.913 10 INFO neutron.wsgi [req-b6de3825-862a-4c79-9866-9f5cf7986845 req-c96fc672-ab6c-4c6f-9ed0-e1cff35c7e46 54b88280dc1646d2a79d662e64c0d724 4f8eb4083741407ab21daa902d3eeb03 - - e62532941e864b8ba3623ffc54f3df85 e62532941e864b8ba3623ffc54f3df85] 199.19.213.209 "GET /v2.0/ports?network_id=1b2bd72f-5f03-45de-86b1-a6c30089628c&device_owner=network%3Adhcp HTTP/1.1" status: 200 len: 210 time: 0.0194211
2026-04-28 18:33:37.982 10 INFO neutron.services.segments.plugin [-] Segment febb692c-2fce-47b7-9595-1b1fc2a78cb6 resource provider aggregate not found
2026-04-28 18:33:37.986 10 INFO neutron.services.segments.plugin [-] Segment febb692c-2fce-47b7-9595-1b1fc2a78cb6 resource provider aggregate not found
2026-04-28 18:33:38.001 10 INFO neutron.services.segments.plugin [-] Segment febb692c-2fce-47b7-9595-1b1fc2a78cb6 resource provider not found; error: Placement Client Error (4xx): {"errors": [{"status": 404, "title": "Not Found", "detail": "The resource could not be found.\n\n No resource provider with uuid febb692c-2fce-47b7-9595-1b1fc2a78cb6 found for delete ", "request_id": "req-91fa0288-f6f2-4442-b9ce-9832118e4ac6"}]}
2026-04-28 18:33:38.018 10 INFO neutron.wsgi [req-b6de3825-862a-4c79-9866-9f5cf7986845 req-b1ffba88-ba4f-4187-ba2f-fcdb0aa84ece 54b88280dc1646d2a79d662e64c0d724 4f8eb4083741407ab21daa902d3eeb03 - - e62532941e864b8ba3623ffc54f3df85 e62532941e864b8ba3623ffc54f3df85] 199.19.213.209 "GET /v2.0/networks/1b2bd72f-5f03-45de-86b1-a6c30089628c?fields=segments HTTP/1.1" status: 200 len: 212 time: 0.0979054
2026-04-28 18:33:38.022 10 INFO neutron.services.segments.plugin [-] Segment febb692c-2fce-47b7-9595-1b1fc2a78cb6 resource provider not found; error: Placement Client Error (4xx): {"errors": [{"status": 404, "title": "Not Found", "detail": "The resource could not be found.\n\n No resource provider with uuid febb692c-2fce-47b7-9595-1b1fc2a78cb6 found for delete ", "request_id": "req-453ae39c-0187-46a6-b036-de508ad4dbe1"}]}
2026-04-28 18:33:38.036 10 INFO neutron.wsgi [None req-25b839cf-e2e9-4b38-9e00-f690dfc50645 f2b4c985d1eb4cfeacbed8bb8fcc65a3 c3c2b21a557249998a2f3bb272b9654a - - default default] 10.0.0.85 "DELETE /v2.0/networks/87d6545b-63f5-4f28-a84e-2752f4f045af HTTP/1.1" status: 204 len: 168 time: 0.5027974
2026-04-28 18:33:38.090 10 INFO neutron.wsgi [req-b6de3825-862a-4c79-9866-9f5cf7986845 req-493e0cf2-7a0e-4373-8c21-647483bbf120 54b88280dc1646d2a79d662e64c0d724 4f8eb4083741407ab21daa902d3eeb03 - - e62532941e864b8ba3623ffc54f3df85 e62532941e864b8ba3623ffc54f3df85] 199.19.213.209 "GET /v2.0/networks/1b2bd72f-5f03-45de-86b1-a6c30089628c?fields=provider%3Aphysical_network&fields=provider%3Anetwork_type HTTP/1.1" status: 200 len: 277 time: 0.0659776
2026-04-28 18:33:38.176 9 INFO neutron.wsgi [None req-f3f09af9-7449-4b07-b2cf-411a0eb90ef5 2bc8179a77fc4ec382d9136c9588be93 4f242bf286bc42018e9d6c06103c03a0 - - default default] 10.0.0.85 "DELETE /v2.0/networks/cece017c-dc9b-46f2-aa7d-61222c3ed620 HTTP/1.1" status: 204 len: 168 time: 0.3653829
2026-04-28 18:33:38.180 10 INFO neutron.wsgi [req-d37add7a-d423-4aef-9678-cacc03bc8b57 req-4ba4120f-98e8-498d-93e1-69d9a8316389 54b88280dc1646d2a79d662e64c0d724 4f8eb4083741407ab21daa902d3eeb03 - - e62532941e864b8ba3623ffc54f3df85 e62532941e864b8ba3623ffc54f3df85] 199.19.213.209 "GET /v2.0/ports?tenant_id=9ac28dc8ca2943d2bde229ae8792526f&device_id=4f5b9b47-3e92-47e0-ab1b-7c76b17ebc03 HTTP/1.1" status: 200 len: 1407 time: 0.0458081
2026-04-28 18:33:38.269 9 INFO neutron.db.segments_db [None req-1c4b6716-cc85-40cb-b8db-d9bc0cd64b52 2bc8179a77fc4ec382d9136c9588be93 4f242bf286bc42018e9d6c06103c03a0 - - default default] Added segment 10211ced-a489-4a38-80a1-d2846eb3dc4c of type geneve for network 8cb2e3ed-d309-47e5-999e-65229568701c
2026-04-28 18:33:38.279 10 INFO neutron.wsgi [req-d37add7a-d423-4aef-9678-cacc03bc8b57 req-0205b7c0-df10-4871-8899-1134261eb8ae 54b88280dc1646d2a79d662e64c0d724 4f8eb4083741407ab21daa902d3eeb03 - - e62532941e864b8ba3623ffc54f3df85 e62532941e864b8ba3623ffc54f3df85] 199.19.213.209 "GET /v2.0/networks?id=1b2bd72f-5f03-45de-86b1-a6c30089628c HTTP/1.1" status: 200 len: 959 time: 0.0928669
2026-04-28 18:33:38.306 10 INFO neutron.wsgi [req-d37add7a-d423-4aef-9678-cacc03bc8b57 req-96c7ce68-787e-4585-b2b1-6e2cf779d32c 54b88280dc1646d2a79d662e64c0d724 4f8eb4083741407ab21daa902d3eeb03 - - e62532941e864b8ba3623ffc54f3df85 e62532941e864b8ba3623ffc54f3df85] 199.19.213.209 "GET /v2.0/floatingips?fixed_ip_address=10.100.0.8&port_id=30632647-db97-42cb-a991-195db4a7be4d HTTP/1.1" status: 200 len: 217 time: 0.0214779
2026-04-28 18:33:38.339 10 INFO neutron.wsgi [req-d37add7a-d423-4aef-9678-cacc03bc8b57 req-4a5bcb85-fff4-420b-b53e-d0df2e7a6cce 54b88280dc1646d2a79d662e64c0d724 4f8eb4083741407ab21daa902d3eeb03 - - e62532941e864b8ba3623ffc54f3df85 e62532941e864b8ba3623ffc54f3df85] 199.19.213.209 "GET /v2.0/subnets?id=14b84686-745e-4392-974d-0b840c872909 HTTP/1.1" status: 200 len: 853 time: 0.0268896
2026-04-28 18:33:38.363 10 INFO neutron.wsgi [req-d37add7a-d423-4aef-9678-cacc03bc8b57 req-9881c166-a40b-4259-bbc6-58ef5e3bb03e 54b88280dc1646d2a79d662e64c0d724 4f8eb4083741407ab21daa902d3eeb03 - - e62532941e864b8ba3623ffc54f3df85 e62532941e864b8ba3623ffc54f3df85] 199.19.213.209 "GET /v2.0/ports?network_id=1b2bd72f-5f03-45de-86b1-a6c30089628c&device_owner=network%3Adhcp HTTP/1.1" status: 200 len: 210 time: 0.0162301
2026-04-28 18:33:38.405 9 INFO neutron.wsgi [req-b9cca10d-3bd8-4821-a0bf-b0b62188f01c req-fe44d203-1191-405a-bd22-55af6e72160f 65c019604b1048f1ac963b0aa253f508 9ac28dc8ca2943d2bde229ae8792526f - - default default] 10.0.0.139 "GET /v2.0/ports?device_id=4f5b9b47-3e92-47e0-ab1b-7c76b17ebc03 HTTP/1.1" status: 200 len: 1168 time: 0.0537193
2026-04-28 18:33:38.421 9 INFO neutron.db.ovn_revision_numbers_db [None req-1c4b6716-cc85-40cb-b8db-d9bc0cd64b52 2bc8179a77fc4ec382d9136c9588be93 4f242bf286bc42018e9d6c06103c03a0 - - default default] Successfully bumped revision number for resource 8cb2e3ed-d309-47e5-999e-65229568701c (type: networks) to 1
2026-04-28 18:33:38.428 10 INFO neutron.wsgi [req-d37add7a-d423-4aef-9678-cacc03bc8b57 req-be16712a-2fe7-46bd-9716-85e7486a6aa5 54b88280dc1646d2a79d662e64c0d724 4f8eb4083741407ab21daa902d3eeb03 - - e62532941e864b8ba3623ffc54f3df85 e62532941e864b8ba3623ffc54f3df85] 199.19.213.209 "GET /v2.0/networks/1b2bd72f-5f03-45de-86b1-a6c30089628c?fields=segments HTTP/1.1" status: 200 len: 212 time: 0.0578332
2026-04-28 18:33:38.456 9 INFO neutron.wsgi [req-b9cca10d-3bd8-4821-a0bf-b0b62188f01c req-c95de98e-7080-4aef-b513-b7d95cfab785 65c019604b1048f1ac963b0aa253f508 9ac28dc8ca2943d2bde229ae8792526f - - default default] 10.0.0.139 "GET /v2.0/security-groups?id=911c2da6-b958-449e-b60c-4c16e53088f9&fields=id&fields=name HTTP/1.1" status: 200 len: 313 time: 0.0464427
2026-04-28 18:33:38.495 10 INFO neutron.wsgi [req-d37add7a-d423-4aef-9678-cacc03bc8b57 req-e53d1417-0c56-4b73-9080-bacdb36c2030 54b88280dc1646d2a79d662e64c0d724 4f8eb4083741407ab21daa902d3eeb03 - - e62532941e864b8ba3623ffc54f3df85 e62532941e864b8ba3623ffc54f3df85] 199.19.213.209 "GET /v2.0/networks/1b2bd72f-5f03-45de-86b1-a6c30089628c?fields=provider%3Aphysical_network&fields=provider%3Anetwork_type HTTP/1.1" status: 200 len: 277 time: 0.0600312
2026-04-28 18:33:38.617 9 WARNING neutron.scheduler.dhcp_agent_scheduler [None req-1c4b6716-cc85-40cb-b8db-d9bc0cd64b52 2bc8179a77fc4ec382d9136c9588be93 4f242bf286bc42018e9d6c06103c03a0 - - default default] No more DHCP agents
2026-04-28 18:33:38.619 9 WARNING neutron.api.rpc.agentnotifiers.dhcp_rpc_agent_api [None req-1c4b6716-cc85-40cb-b8db-d9bc0cd64b52 2bc8179a77fc4ec382d9136c9588be93 4f242bf286bc42018e9d6c06103c03a0 - - default default] Unable to schedule network 8cb2e3ed-d309-47e5-999e-65229568701c: no agents available; will retry on subsequent port and subnet creation events.
2026-04-28 18:33:38.669 10 INFO neutron.wsgi [None req-8061f056-1780-4a6d-a7fd-c72627fb3441 48e081fb0e3148478a0338e7fc589bad 7c9837aa41ee4d8fb6b630692028dc4c - - default default] 10.0.0.85 "GET /v2.0/security-groups?tenant_id=c3c2b21a557249998a2f3bb272b9654a&name=default HTTP/1.1" status: 200 len: 2996 time: 0.1490519
2026-04-28 18:33:38.695 9 INFO neutron.db.ovn_revision_numbers_db [None req-1c4b6716-cc85-40cb-b8db-d9bc0cd64b52 2bc8179a77fc4ec382d9136c9588be93 4f242bf286bc42018e9d6c06103c03a0 - - default default] Successfully bumped revision number for resource a8c3fddd-fd58-484d-b536-58ced3c67c60 (type: ports) to 1
2026-04-28 18:33:38.719 9 INFO neutron.wsgi [None req-1c4b6716-cc85-40cb-b8db-d9bc0cd64b52 2bc8179a77fc4ec382d9136c9588be93 4f242bf286bc42018e9d6c06103c03a0 - - default default] 10.0.0.85 "POST /v2.0/networks HTTP/1.1" status: 201 len: 829 time: 0.5366318
2026-04-28 18:33:38.785 9 INFO neutron.wsgi [None req-345ba046-90fc-4bae-8f6f-f58d2b369501 48e081fb0e3148478a0338e7fc589bad 7c9837aa41ee4d8fb6b630692028dc4c - - default default] 10.0.0.151 "GET /v2.0/floatingips HTTP/1.1" status: 200 len: 730 time: 0.0790887
2026-04-28 18:33:38.884 9 INFO neutron.wsgi [None req-10c6f944-b225-47a3-9d98-5fc19fbf9b87 48e081fb0e3148478a0338e7fc589bad 7c9837aa41ee4d8fb6b630692028dc4c - - default default] 10.0.0.151 "GET /v2.0/security-groups HTTP/1.1" status: 200 len: 35323 time: 0.0971065
2026-04-28 18:33:38.898 10 INFO neutron.wsgi [None req-28fe1c0f-4a36-4652-aa7a-0dac9fcc7084 48e081fb0e3148478a0338e7fc589bad 7c9837aa41ee4d8fb6b630692028dc4c - - default default] 10.0.0.85 "DELETE /v2.0/security-groups/7c769a56-6518-411a-a997-7a33e012d3db HTTP/1.1" status: 204 len: 168 time: 0.2248487
2026-04-28 18:33:38.944 9 INFO neutron.wsgi [None req-c1e4c6f4-6101-4fb3-a1ca-7928b8b66e40 48e081fb0e3148478a0338e7fc589bad 7c9837aa41ee4d8fb6b630692028dc4c - - default default] 10.0.0.151 "GET /v2.0/subnets HTTP/1.1" status: 200 len: 2078 time: 0.0477247
2026-04-28 18:33:39.001 10 WARNING neutron.plugins.ml2.drivers.ovn.mech_driver.ovsdb.ovn_client [None req-61ff434f-011b-47b9-8267-37fb304c1254 - - - - - -] No port found with ID 0d441aea-9a6b-4615-89ed-8192f00b0076: RuntimeError: No port found with ID 0d441aea-9a6b-4615-89ed-8192f00b0076
2026-04-28 18:33:39.022 9 INFO neutron.wsgi [None req-bc531736-906c-4b5b-9cad-a11f912d9022 48e081fb0e3148478a0338e7fc589bad 7c9837aa41ee4d8fb6b630692028dc4c - - default default] 10.0.0.151 "GET /v2.0/routers HTTP/1.1" status: 200 len: 860 time: 0.0746498
2026-04-28 18:33:39.039 9 INFO neutron.wsgi [None req-49568cde-eb82-4a21-9e82-dab744dd2b5e 48e081fb0e3148478a0338e7fc589bad 7c9837aa41ee4d8fb6b630692028dc4c - - default default] 10.0.0.151 "GET /v2.0/agents?binary=ovn-controller HTTP/1.1" status: 200 len: 591 time: 0.0156128
2026-04-28 18:33:39.076 10 INFO neutron.plugins.ml2.drivers.ovn.mech_driver.mech_driver [None req-61ff434f-011b-47b9-8267-37fb304c1254 - - - - - -] OVN reports status up for port: 30632647-db97-42cb-a991-195db4a7be4d
2026-04-28 18:33:39.077 9 WARNING neutron.scheduler.dhcp_agent_scheduler [None req-c99e6c03-64a0-4c64-944b-3788bdc11592 2bc8179a77fc4ec382d9136c9588be93 4f242bf286bc42018e9d6c06103c03a0 - - default default] No more DHCP agents
2026-04-28 18:33:39.080 9 WARNING neutron.api.rpc.agentnotifiers.dhcp_rpc_agent_api [None req-c99e6c03-64a0-4c64-944b-3788bdc11592 2bc8179a77fc4ec382d9136c9588be93 4f242bf286bc42018e9d6c06103c03a0 - - default default] Unable to schedule network 8cb2e3ed-d309-47e5-999e-65229568701c: no agents available; will retry on subsequent port and subnet creation events.
2026-04-28 18:33:39.094 10 INFO neutron.plugins.ml2.plugin [None req-61ff434f-011b-47b9-8267-37fb304c1254 - - - - - -] Attempt 1 to provision port 30632647-db97-42cb-a991-195db4a7be4d
2026-04-28 18:33:39.099 9 INFO neutron.wsgi [None req-10d89241-3e88-480d-945b-efd3b2ac68e8 48e081fb0e3148478a0338e7fc589bad 7c9837aa41ee4d8fb6b630692028dc4c - - default default] 10.0.0.151 "GET /v2.0/subnets HTTP/1.1" status: 200 len: 2688 time: 0.0567689
2026-04-28 18:33:39.120 9 INFO neutron.wsgi [None req-8432114b-59f2-472e-afd9-2dff432e3568 48e081fb0e3148478a0338e7fc589bad 7c9837aa41ee4d8fb6b630692028dc4c - - default default] 10.0.0.151 "GET /v2.0/subnetpools HTTP/1.1" status: 200 len: 193 time: 0.0196562
2026-04-28 18:33:39.164 9 INFO neutron.wsgi [None req-dedacd9b-b997-4d7a-a3ba-3a05079b3654 48e081fb0e3148478a0338e7fc589bad 7c9837aa41ee4d8fb6b630692028dc4c - - default default] 10.0.0.151 "GET /v2.0/ports HTTP/1.1" status: 200 len: 12837 time: 0.0416245
2026-04-28 18:33:39.184 9 INFO neutron.wsgi [None req-18400cd9-68db-42e7-8cbb-a81f6f34e4c6 48e081fb0e3148478a0338e7fc589bad 7c9837aa41ee4d8fb6b630692028dc4c - - default default] 10.0.0.151 "GET /v2.0/agents HTTP/1.1" status: 200 len: 997 time: 0.0115638
2026-04-28 18:33:39.206 9 INFO neutron.wsgi [None req-e7597089-4c31-4d86-9afc-968c1a475bb0 48e081fb0e3148478a0338e7fc589bad 7c9837aa41ee4d8fb6b630692028dc4c - - default default] 10.0.0.151 "GET /v2.0/network-ip-availabilities HTTP/1.1" status: 200 len: 2140 time: 0.0199704
2026-04-28 18:33:39.279 9 INFO neutron.wsgi [None req-27fc63c0-ba76-4a2d-ae96-1f6ec696893a 48e081fb0e3148478a0338e7fc589bad 7c9837aa41ee4d8fb6b630692028dc4c - - default default] 10.0.0.151 "GET /v2.0/networks HTTP/1.1" status: 200 len: 3839 time: 0.0713394
2026-04-28 18:33:39.408 10 INFO neutron.db.ovn_revision_numbers_db [None req-61ff434f-011b-47b9-8267-37fb304c1254 - - - - - -] Successfully bumped revision number for resource 30632647-db97-42cb-a991-195db4a7be4d (type: ports) to 4
2026-04-28 18:33:39.559 9 INFO neutron.wsgi [req-139fdb5f-0804-400d-a09f-a2d7e11d8052 req-9e39ebd5-c17e-4a8e-b2df-95cb4060d76a 65c019604b1048f1ac963b0aa253f508 9ac28dc8ca2943d2bde229ae8792526f - - default default] 10.0.0.139 "GET /v2.0/ports?device_id=4f5b9b47-3e92-47e0-ab1b-7c76b17ebc03 HTTP/1.1" status: 200 len: 1170 time: 0.0330133 /var/lib/openstack/lib/python3.10/site-packages/pycadf/identifier.py:71: UserWarning: Invalid uuid: neutron. To ensure interoperability, identifiers should be a valid uuid. warnings.warn(('Invalid uuid: %s. To ensure interoperability, '
2026-04-28 18:33:39.610 9 INFO neutron.wsgi [req-139fdb5f-0804-400d-a09f-a2d7e11d8052 req-3fd2f836-3062-4b39-9a70-320859a7cf54 65c019604b1048f1ac963b0aa253f508 9ac28dc8ca2943d2bde229ae8792526f - - default default] 10.0.0.139 "GET /v2.0/security-groups?id=911c2da6-b958-449e-b60c-4c16e53088f9&fields=id&fields=name HTTP/1.1" status: 200 len: 313 time: 0.0435719
2026-04-28 18:33:39.636 9 INFO neutron.db.ovn_revision_numbers_db [None req-c99e6c03-64a0-4c64-944b-3788bdc11592 2bc8179a77fc4ec382d9136c9588be93 4f242bf286bc42018e9d6c06103c03a0 - - default default] Successfully bumped revision number for resource a8c3fddd-fd58-484d-b536-58ced3c67c60 (type: ports) to 2
2026-04-28 18:33:39.675 9 INFO neutron.db.ovn_revision_numbers_db [None req-c99e6c03-64a0-4c64-944b-3788bdc11592 2bc8179a77fc4ec382d9136c9588be93 4f242bf286bc42018e9d6c06103c03a0 - - default default] Successfully bumped revision number for resource e8211eaa-75f4-466b-bf7f-3d060f2db6f5 (type: subnets) to 0
2026-04-28 18:33:39.694 10 INFO neutron.db.ovn_revision_numbers_db [None req-e3e28826-ec05-4cf6-8331-99a231c25187 48e081fb0e3148478a0338e7fc589bad 7c9837aa41ee4d8fb6b630692028dc4c - - default default] Successfully bumped revision number for resource 6ad94c00-10e6-4c8c-9011-130a58872d76 (type: security_groups) to 1
2026-04-28 18:33:39.697 9 INFO neutron.wsgi [None req-c99e6c03-64a0-4c64-944b-3788bdc11592 2bc8179a77fc4ec382d9136c9588be93 4f242bf286bc42018e9d6c06103c03a0 - - default default] 10.0.0.85 "POST /v2.0/subnets HTTP/1.1" status: 201 len: 801 time: 0.9714129
2026-04-28 18:33:39.707 10 INFO neutron.db.ovn_revision_numbers_db [None req-e3e28826-ec05-4cf6-8331-99a231c25187 48e081fb0e3148478a0338e7fc589bad 7c9837aa41ee4d8fb6b630692028dc4c - - default default] Successfully bumped revision number for resource 19e3e00c-7254-48cb-af82-64f46a087b52 (type: security_group_rules) to 0
2026-04-28 18:33:39.723 10 INFO neutron.db.ovn_revision_numbers_db [None req-e3e28826-ec05-4cf6-8331-99a231c25187 48e081fb0e3148478a0338e7fc589bad 7c9837aa41ee4d8fb6b630692028dc4c - - default default] Successfully bumped revision number for resource 44190ff9-bf03-4713-bc5d-311d802f7f58 (type: security_group_rules) to 0
2026-04-28 18:33:39.736 10 INFO neutron.db.ovn_revision_numbers_db [None req-e3e28826-ec05-4cf6-8331-99a231c25187 48e081fb0e3148478a0338e7fc589bad 7c9837aa41ee4d8fb6b630692028dc4c - - default default] Successfully bumped revision number for resource cfee2627-b4d2-4408-9568-7ebb408e9109 (type: security_group_rules) to 0
2026-04-28 18:33:39.762 10 INFO neutron.db.ovn_revision_numbers_db [None req-e3e28826-ec05-4cf6-8331-99a231c25187 48e081fb0e3148478a0338e7fc589bad 7c9837aa41ee4d8fb6b630692028dc4c - - default default] Successfully bumped revision number for resource f1d76ed0-d81f-417a-a92e-5e8bc940a45c (type: security_group_rules) to 0
2026-04-28 18:33:39.784 10 INFO neutron.wsgi [None req-e3e28826-ec05-4cf6-8331-99a231c25187 48e081fb0e3148478a0338e7fc589bad 7c9837aa41ee4d8fb6b630692028dc4c - - default default] 10.0.0.85 "GET /v2.0/security-groups?tenant_id=ce6412e22edd4db39332ff52df4ab1cf&name=default HTTP/1.1" status: 200 len: 2996 time: 0.4377794
2026-04-28 18:33:39.799 9 INFO neutron.services.segments.plugin [-] Segment 6dcb08f1-ee8f-42ab-85e0-d747fb4ee98e resource provider aggregate not found
2026-04-28 18:33:39.799 10 INFO neutron.notifiers.nova [-] Nova event matching ['req-e55c05ea-ebef-4cb2-bf99-f02511be32fb'] response: {'server_uuid': '4f5b9b47-3e92-47e0-ab1b-7c76b17ebc03', 'name': 'network-vif-plugged', 'status': 'completed', 'tag': '30632647-db97-42cb-a991-195db4a7be4d', 'code': 200}
2026-04-28 18:33:39.799 10 INFO neutron.notifiers.nova [-] Nova event matching ['req-e55c05ea-ebef-4cb2-bf99-f02511be32fb'] response: {'server_uuid': '4f5b9b47-3e92-47e0-ab1b-7c76b17ebc03', 'name': 'network-vif-plugged', 'status': 'completed', 'tag': '30632647-db97-42cb-a991-195db4a7be4d', 'code': 200}
2026-04-28 18:33:39.829 9 INFO neutron.services.segments.plugin [-] Segment 6dcb08f1-ee8f-42ab-85e0-d747fb4ee98e resource provider aggregate not found
2026-04-28 18:33:39.837 9 INFO neutron.services.segments.plugin [-] Segment 6dcb08f1-ee8f-42ab-85e0-d747fb4ee98e resource provider not found; error: Placement Client Error (4xx): {"errors": [{"status": 404, "title": "Not Found", "detail": "The resource could not be found.\n\n No resource provider with uuid 6dcb08f1-ee8f-42ab-85e0-d747fb4ee98e found for delete ", "request_id": "req-41f0dc90-e592-45f3-ab8d-02cf7b5cae84"}]}
2026-04-28 18:33:39.849 9 INFO neutron.services.segments.plugin [-] Segment 6dcb08f1-ee8f-42ab-85e0-d747fb4ee98e resource provider not found; error: Placement Client Error (4xx): {"errors": [{"status": 404, "title": "Not Found", "detail": "The resource could not be found.\n\n No resource provider with uuid 6dcb08f1-ee8f-42ab-85e0-d747fb4ee98e found for delete ", "request_id": "req-e3b18dd6-bd5a-4560-b303-07d1971a3a36"}]}
2026-04-28 18:33:39.896 9 INFO neutron.db.ovn_revision_numbers_db [None req-4b731729-7781-452f-97d8-6c245447e129 2bc8179a77fc4ec382d9136c9588be93 4f242bf286bc42018e9d6c06103c03a0 - - default default] Successfully bumped revision number for resource bb80c107-db09-43c9-ba45-89273f7b69d1 (type: routers) to 1
2026-04-28 18:33:39.919 9 INFO neutron.wsgi [None req-4b731729-7781-452f-97d8-6c245447e129 2bc8179a77fc4ec382d9136c9588be93 4f242bf286bc42018e9d6c06103c03a0 - - default default] 10.0.0.85 "POST /v2.0/routers HTTP/1.1" status: 201 len: 687 time: 0.2170255
2026-04-28 18:33:40.085 10 INFO neutron.wsgi [None req-720586b4-01b1-43ed-8dcf-605ba2a1c106 48e081fb0e3148478a0338e7fc589bad 7c9837aa41ee4d8fb6b630692028dc4c - - default default] 10.0.0.85 "DELETE /v2.0/security-groups/6ad94c00-10e6-4c8c-9011-130a58872d76 HTTP/1.1" status: 204 len: 168 time: 0.2950671
2026-04-28 18:33:40.316 10 WARNING neutron.scheduler.dhcp_agent_scheduler [None req-c0f3900c-64e0-43f0-bffb-8ec34220b61c 2bc8179a77fc4ec382d9136c9588be93 4f242bf286bc42018e9d6c06103c03a0 - - default default] No more DHCP agents
2026-04-28 18:33:40.319 10 WARNING neutron.api.rpc.agentnotifiers.dhcp_rpc_agent_api [None req-c0f3900c-64e0-43f0-bffb-8ec34220b61c 2bc8179a77fc4ec382d9136c9588be93 4f242bf286bc42018e9d6c06103c03a0 - - default default] Unable to schedule network 8cb2e3ed-d309-47e5-999e-65229568701c: no agents available; will retry on subsequent port and subnet creation events.
2026-04-28 18:33:40.494 10 INFO neutron.db.ovn_revision_numbers_db [None req-c0f3900c-64e0-43f0-bffb-8ec34220b61c 2bc8179a77fc4ec382d9136c9588be93 4f242bf286bc42018e9d6c06103c03a0 - - default default] Successfully bumped revision number for resource f968b753-4231-4467-818b-dad16675e23a (type: ports) to 1
2026-04-28 18:33:40.518 10 INFO neutron.wsgi [None req-c0f3900c-64e0-43f0-bffb-8ec34220b61c 2bc8179a77fc4ec382d9136c9588be93 4f242bf286bc42018e9d6c06103c03a0 - - default default] 10.0.0.85 "POST /v2.0/ports HTTP/1.1" status: 201 len: 1146 time: 0.5858145 /var/lib/openstack/lib/python3.10/site-packages/pycadf/identifier.py:71: UserWarning: Invalid uuid: neutron. To ensure interoperability, identifiers should be a valid uuid. warnings.warn(('Invalid uuid: %s. To ensure interoperability, '
2026-04-28 18:33:40.624 10 INFO neutron.wsgi [req-2d54cf9a-837e-4aef-8816-9045da80318b req-b14f00ec-5cf6-462b-9956-d5e4eb19a862 54b88280dc1646d2a79d662e64c0d724 4f8eb4083741407ab21daa902d3eeb03 - - e62532941e864b8ba3623ffc54f3df85 e62532941e864b8ba3623ffc54f3df85] 199.19.213.209 "GET /v2.0/ports?device_id=61f44607-c126-4919-8f5c-d36f8b7fab6f&fields=binding%3Ahost_id&fields=binding%3Avif_type HTTP/1.1" status: 200 len: 265 time: 0.0472462
2026-04-28 18:33:40.726 10 INFO neutron.wsgi [req-2d54cf9a-837e-4aef-8816-9045da80318b req-ec91ef87-9fe9-4084-9a46-53ed56052e37 54b88280dc1646d2a79d662e64c0d724 4f8eb4083741407ab21daa902d3eeb03 - - e62532941e864b8ba3623ffc54f3df85 e62532941e864b8ba3623ffc54f3df85] 199.19.213.209 "GET /v2.0/ports?tenant_id=9ac28dc8ca2943d2bde229ae8792526f&device_id=61f44607-c126-4919-8f5c-d36f8b7fab6f HTTP/1.1" status: 200 len: 1413 time: 0.0519886
2026-04-28 18:33:40.795 9 INFO neutron.wsgi [req-0096c23d-2984-476c-9b21-ee515803fe67 req-7cd98b73-aefb-4034-9223-3fc0017b12c7 65c019604b1048f1ac963b0aa253f508 9ac28dc8ca2943d2bde229ae8792526f - - default default] 10.0.0.139 "GET /v2.0/ports?device_id=4f5b9b47-3e92-47e0-ab1b-7c76b17ebc03 HTTP/1.1" status: 200 len: 1170 time: 0.1012151
2026-04-28 18:33:40.841 10 INFO neutron.wsgi [req-2d54cf9a-837e-4aef-8816-9045da80318b req-72a99e83-53b7-434b-9411-54aa2e57fb41 54b88280dc1646d2a79d662e64c0d724 4f8eb4083741407ab21daa902d3eeb03 - - e62532941e864b8ba3623ffc54f3df85 e62532941e864b8ba3623ffc54f3df85] 199.19.213.209 "GET /v2.0/networks?id=1b2bd72f-5f03-45de-86b1-a6c30089628c HTTP/1.1" status: 200 len: 959 time: 0.0945930
2026-04-28 18:33:40.841 9 INFO neutron.wsgi [req-0096c23d-2984-476c-9b21-ee515803fe67 req-decd03fb-6307-499f-ba96-4c1f0f7f4955 65c019604b1048f1ac963b0aa253f508 9ac28dc8ca2943d2bde229ae8792526f - - default default] 10.0.0.139 "GET /v2.0/security-groups?id=911c2da6-b958-449e-b60c-4c16e53088f9&fields=id&fields=name HTTP/1.1" status: 200 len: 313 time: 0.0374210
2026-04-28 18:33:40.886 10 INFO neutron.wsgi [req-2d54cf9a-837e-4aef-8816-9045da80318b req-7fccb53b-a5e9-43fa-8a5b-1d99ef6a504d 54b88280dc1646d2a79d662e64c0d724 4f8eb4083741407ab21daa902d3eeb03 - - e62532941e864b8ba3623ffc54f3df85 e62532941e864b8ba3623ffc54f3df85] 199.19.213.209 "GET /v2.0/floatingips?fixed_ip_address=10.100.0.14&port_id=87904054-dea0-43b2-af79-543eadbe38e0 HTTP/1.1" status: 200 len: 217 time: 0.0338073
2026-04-28 18:33:40.936 10 INFO neutron.wsgi [req-2d54cf9a-837e-4aef-8816-9045da80318b req-a1bd4bef-3a0a-4276-ae56-14411546a1ac 54b88280dc1646d2a79d662e64c0d724 4f8eb4083741407ab21daa902d3eeb03 - - e62532941e864b8ba3623ffc54f3df85 e62532941e864b8ba3623ffc54f3df85] 199.19.213.209 "GET /v2.0/subnets?id=14b84686-745e-4392-974d-0b840c872909 HTTP/1.1" status: 200 len: 853 time: 0.0439718
2026-04-28 18:33:40.965 10 INFO neutron.wsgi [req-2d54cf9a-837e-4aef-8816-9045da80318b req-d7ef27d5-e9d1-41c0-b750-a512a3a6bca5 54b88280dc1646d2a79d662e64c0d724 4f8eb4083741407ab21daa902d3eeb03 - - e62532941e864b8ba3623ffc54f3df85 e62532941e864b8ba3623ffc54f3df85] 199.19.213.209 "GET /v2.0/ports?network_id=1b2bd72f-5f03-45de-86b1-a6c30089628c&device_owner=network%3Adhcp HTTP/1.1" status: 200 len: 210 time: 0.0226800
2026-04-28 18:33:40.974 9 INFO neutron.wsgi [req-3bfc57e6-057d-4810-a2d3-1b339bbebac7 req-3f717042-369e-4db7-9619-c6dad598848a 65c019604b1048f1ac963b0aa253f508 9ac28dc8ca2943d2bde229ae8792526f - - default default] 10.0.0.139 "GET /v2.0/ports?device_id=4f5b9b47-3e92-47e0-ab1b-7c76b17ebc03 HTTP/1.1" status: 200 len: 1170 time: 0.0372767
2026-04-28 18:33:41.022 9 INFO neutron.wsgi [req-3bfc57e6-057d-4810-a2d3-1b339bbebac7 req-9bcb5e7d-6fc7-4ff9-9eb6-acbf300164e4 65c019604b1048f1ac963b0aa253f508 9ac28dc8ca2943d2bde229ae8792526f - - default default] 10.0.0.139 "GET /v2.0/security-groups?id=911c2da6-b958-449e-b60c-4c16e53088f9&fields=id&fields=name HTTP/1.1" status: 200 len: 313 time: 0.0404871
2026-04-28 18:33:41.097 10 INFO neutron.wsgi [req-2d54cf9a-837e-4aef-8816-9045da80318b req-0ef280ad-edc7-4298-8615-5c4c1325c3e2 54b88280dc1646d2a79d662e64c0d724 4f8eb4083741407ab21daa902d3eeb03 - - e62532941e864b8ba3623ffc54f3df85 e62532941e864b8ba3623ffc54f3df85] 199.19.213.209 "GET /v2.0/networks/1b2bd72f-5f03-45de-86b1-a6c30089628c?fields=segments HTTP/1.1" status: 200 len: 212 time: 0.1224134
2026-04-28 18:33:41.103 9 INFO neutron.wsgi [None req-d4fce33c-e2af-43a1-a2cf-07b4cbd64a0e 2c44670f68fe413b8a304190b0f3ec4e 562e1680d9bc46859e152eaf4965ab51 - - default default] 10.0.0.85 "GET /v2.0/ports?device_id=4f5b9b47-3e92-47e0-ab1b-7c76b17ebc03 HTTP/1.1" status: 200 len: 1404 time: 0.0522950 /var/lib/openstack/lib/python3.10/site-packages/pycadf/identifier.py:71: UserWarning: Invalid uuid: neutron. To ensure interoperability, identifiers should be a valid uuid. warnings.warn(('Invalid uuid: %s. To ensure interoperability, '
2026-04-28 18:33:41.167 9 INFO neutron.plugins.ml2.drivers.ovn.mech_driver.mech_driver [None req-17db49d6-4795-48b9-8c8b-b3f8607c6544 - - - - - -] OVN reports status up for port: f968b753-4231-4467-818b-dad16675e23a
2026-04-28 18:33:41.184 10 INFO neutron.db.ovn_revision_numbers_db [None req-60dca5f8-1459-471a-81bd-0f2719a74983 7999b757e8e44cae9e505c7df9e63eae f381fd52315f4e18b1fefc876c139585 - - default default] Successfully bumped revision number for resource d7a24c73-4852-4dd8-b473-b13b03eb0023 (type: security_groups) to 1
2026-04-28 18:33:41.189 9 INFO neutron.plugins.ml2.plugin [None req-17db49d6-4795-48b9-8c8b-b3f8607c6544 - - - - - -] Attempt 1 to provision port f968b753-4231-4467-818b-dad16675e23a
2026-04-28 18:33:41.190 10 INFO neutron.db.ovn_revision_numbers_db [None req-1085a686-3408-464f-a3c0-f5ac550399cc 2bc8179a77fc4ec382d9136c9588be93 4f242bf286bc42018e9d6c06103c03a0 - - default default] Successfully bumped revision number for resource f968b753-4231-4467-818b-dad16675e23a (type: router_ports) to 2
2026-04-28 18:33:41.195 10 INFO neutron.wsgi [req-2d54cf9a-837e-4aef-8816-9045da80318b req-9a6b8309-1175-4575-8afa-94f9b96f5988 54b88280dc1646d2a79d662e64c0d724 4f8eb4083741407ab21daa902d3eeb03 - - e62532941e864b8ba3623ffc54f3df85 e62532941e864b8ba3623ffc54f3df85] 199.19.213.209 "GET /v2.0/networks/1b2bd72f-5f03-45de-86b1-a6c30089628c?fields=provider%3Aphysical_network&fields=provider%3Anetwork_type HTTP/1.1" status: 200 len: 277 time: 0.0930834
2026-04-28 18:33:41.206 10 INFO neutron.db.ovn_revision_numbers_db [None req-60dca5f8-1459-471a-81bd-0f2719a74983 7999b757e8e44cae9e505c7df9e63eae f381fd52315f4e18b1fefc876c139585 - - default default] Successfully bumped revision number for resource 1bfdd4dd-431b-41c2-ac18-0d47b2cd3778 (type: security_group_rules) to 0
2026-04-28 18:33:41.225 10 INFO neutron.db.ovn_revision_numbers_db [None req-60dca5f8-1459-471a-81bd-0f2719a74983 7999b757e8e44cae9e505c7df9e63eae f381fd52315f4e18b1fefc876c139585 - - default default] Successfully bumped revision number for resource 700d7054-7d8e-4654-98ed-7bb76b15cea9 (type: security_group_rules) to 0
2026-04-28 18:33:41.244 10 INFO neutron.db.ovn_revision_numbers_db [None req-60dca5f8-1459-471a-81bd-0f2719a74983 7999b757e8e44cae9e505c7df9e63eae f381fd52315f4e18b1fefc876c139585 - - default default] Successfully bumped revision number for resource 838b1aeb-2535-4fb7-96b2-cba057f45585 (type: security_group_rules) to 0
2026-04-28 18:33:41.266 10 INFO neutron.db.ovn_revision_numbers_db [None req-60dca5f8-1459-471a-81bd-0f2719a74983 7999b757e8e44cae9e505c7df9e63eae f381fd52315f4e18b1fefc876c139585 - - default default] Successfully bumped revision number for resource 8711e4c9-f68a-4bcd-8135-a3e907ee95b9 (type: security_group_rules) to 0
2026-04-28 18:33:41.345 10 INFO neutron.db.segments_db [None req-60dca5f8-1459-471a-81bd-0f2719a74983 7999b757e8e44cae9e505c7df9e63eae f381fd52315f4e18b1fefc876c139585 - - default default] Added segment ec8eed44-7d88-4685-83b2-4a3404e5a48e of type geneve for network 3fa80187-7caa-4c14-8d2a-92dd544d7fd5
2026-04-28 18:33:41.397 9 INFO neutron.db.l3_db [None req-8fff50d6-7e26-413f-b0f6-2b38acddaa86 65c019604b1048f1ac963b0aa253f508 9ac28dc8ca2943d2bde229ae8792526f - - default default] Floating IP 3e3efed5-5430-4cc8-9a84-780b0ba796e9 associated. External IP: 10.96.250.202, port: 30632647-db97-42cb-a991-195db4a7be4d.
2026-04-28 18:33:41.653 9 INFO neutron.db.ovn_revision_numbers_db [None req-8fff50d6-7e26-413f-b0f6-2b38acddaa86 65c019604b1048f1ac963b0aa253f508 9ac28dc8ca2943d2bde229ae8792526f - - default default] Successfully bumped revision number for resource 3e3efed5-5430-4cc8-9a84-780b0ba796e9 (type: floatingips) to 4
2026-04-28 18:33:41.695 10 ERROR ovsdbapp.backend.ovs_idl.transaction [None req-1085a686-3408-464f-a3c0-f5ac550399cc 2bc8179a77fc4ec382d9136c9588be93 4f242bf286bc42018e9d6c06103c03a0 - - default default]
Traceback (most recent call last): File "/var/lib/openstack/lib/python3.10/site-packages/ovsdbapp/backend/ovs_idl/connection.py", line 118, in run txn.results.put(txn.do_commit())
File "/var/lib/openstack/lib/python3.10/site-packages/ovsdbapp/backend/ovs_idl/transaction.py", line 92, in do_commit command.run_idl(txn)
File "/var/lib/openstack/lib/python3.10/site-packages/neutron/plugins/ml2/drivers/ovn/mech_driver/ovsdb/commands.py", line 825, in run_idl raise ovn_exc.RevisionConflict( neutron.common.ovn.exceptions.RevisionConflict: OVN revision number for f968b753-4231-4467-818b-dad16675e23a (type: ports) is higher than the given resource. Skipping update 
2026-04-28 18:33:41.695 10 INFO neutron.plugins.ml2.drivers.ovn.mech_driver.ovsdb.impl_idl_ovn [None req-1085a686-3408-464f-a3c0-f5ac550399cc 2bc8179a77fc4ec382d9136c9588be93 4f242bf286bc42018e9d6c06103c03a0 - - default default] Transaction aborted. Reason: OVN revision number for f968b753-4231-4467-818b-dad16675e23a (type: ports) is higher than the given resource. Skipping update
2026-04-28 18:33:41.703 9 INFO neutron.db.ovn_revision_numbers_db [None req-17db49d6-4795-48b9-8c8b-b3f8607c6544 - - - - - -] Successfully bumped revision number for resource f968b753-4231-4467-818b-dad16675e23a (type: ports) to 3
2026-04-28 18:33:41.748 10 INFO neutron.db.segments_db [None req-60dca5f8-1459-471a-81bd-0f2719a74983 7999b757e8e44cae9e505c7df9e63eae f381fd52315f4e18b1fefc876c139585 - - default default] Added segment cb949386-8abf-4ae5-8014-22c9e22becd6 of type geneve for network 604a0624-3414-4510-be09-56a944d6e458
2026-04-28 18:33:41.838 9 INFO neutron.db.ovn_revision_numbers_db [None req-8fff50d6-7e26-413f-b0f6-2b38acddaa86 65c019604b1048f1ac963b0aa253f508 9ac28dc8ca2943d2bde229ae8792526f - - default default] Successfully bumped revision number for resource 3e3efed5-5430-4cc8-9a84-780b0ba796e9 (type: floatingips) to 5
2026-04-28 18:33:41.865 9 INFO neutron.wsgi [None req-8fff50d6-7e26-413f-b0f6-2b38acddaa86 65c019604b1048f1ac963b0aa253f508 9ac28dc8ca2943d2bde229ae8792526f - - default default] 10.0.0.85 "PUT /v2.0/floatingips/3e3efed5-5430-4cc8-9a84-780b0ba796e9 HTTP/1.1" status: 200 len: 1049 time: 0.7571187
2026-04-28 18:33:41.902 9 INFO neutron.db.ovn_revision_numbers_db [None req-17db49d6-4795-48b9-8c8b-b3f8607c6544 - - - - - -] Successfully bumped revision number for resource f968b753-4231-4467-818b-dad16675e23a (type: router_ports) to 3
2026-04-28 18:33:41.918 9 INFO neutron.notifiers.nova [-] Nova event matching ['req-881e0622-16bf-460e-9aad-fd9ac57ff708'] response: {'name': 'network-changed', 'server_uuid': '4f5b9b47-3e92-47e0-ab1b-7c76b17ebc03', 'tag': '30632647-db97-42cb-a991-195db4a7be4d', 'status': 'completed', 'code': 200}
2026-04-28 18:33:41.963 10 INFO neutron.wsgi [None req-1566902f-8304-4445-914f-885f489cd746 65c019604b1048f1ac963b0aa253f508 9ac28dc8ca2943d2bde229ae8792526f - - default default] 10.0.0.85 "GET /v2.0/floatingips/3e3efed5-5430-4cc8-9a84-780b0ba796e9 HTTP/1.1" status: 200 len: 1051 time: 0.0925186
2026-04-28 18:33:41.970 10 INFO neutron.db.ovn_revision_numbers_db [None req-60dca5f8-1459-471a-81bd-0f2719a74983 7999b757e8e44cae9e505c7df9e63eae f381fd52315f4e18b1fefc876c139585 - - default default] Successfully bumped revision number for resource 3fa80187-7caa-4c14-8d2a-92dd544d7fd5 (type: networks) to 1
2026-04-28 18:33:42.002 10 INFO neutron.wsgi [req-b2e325fb-6129-4c3a-8842-e7d5e6f9d25d req-832ab5be-55f7-4e09-9d10-1587b36429d1 54b88280dc1646d2a79d662e64c0d724 4f8eb4083741407ab21daa902d3eeb03 - - e62532941e864b8ba3623ffc54f3df85 e62532941e864b8ba3623ffc54f3df85] 199.19.213.209 "GET /v2.0/ports?tenant_id=9ac28dc8ca2943d2bde229ae8792526f&device_id=4f5b9b47-3e92-47e0-ab1b-7c76b17ebc03 HTTP/1.1" status: 200 len: 1409 time: 0.0556741
