2026-04-28 18:34:50.326 10 INFO neutron.db.ovn_revision_numbers_db [None req-4ee680fd-5439-492d-8855-eab55b48367c 48e081fb0e3148478a0338e7fc589bad 7c9837aa41ee4d8fb6b630692028dc4c - - default default] Successfully bumped revision number for resource 6ec7ce80-abd4-4d70-8ebb-3806e20ac7e1 (type: security_group_rules) to 0
2026-04-28 18:34:50.351 10 INFO neutron.db.ovn_revision_numbers_db [None req-4ee680fd-5439-492d-8855-eab55b48367c 48e081fb0e3148478a0338e7fc589bad 7c9837aa41ee4d8fb6b630692028dc4c - - default default] Successfully bumped revision number for resource 7c12d43b-8956-4862-ab01-0a40c93b461c (type: security_group_rules) to 0
2026-04-28 18:34:50.374 10 INFO neutron.wsgi [None req-1b5e3c49-72e0-4e98-b652-06e54fcc2112 a319e7035e5148248f9e8e866a4d70b3 c20d1568972240e69ba1cbebd11d3b2b - - default default] 10.0.0.85 "GET /v2.0/routers/1d6ddbe4-1195-4307-b504-471acca38497/tags HTTP/1.1" status: 200 len: 218 time: 0.0541427
2026-04-28 18:34:50.376 10 INFO neutron.db.ovn_revision_numbers_db [None req-4ee680fd-5439-492d-8855-eab55b48367c 48e081fb0e3148478a0338e7fc589bad 7c9837aa41ee4d8fb6b630692028dc4c - - default default] Successfully bumped revision number for resource 82668738-2a8d-411b-ad21-aa415015836f (type: security_group_rules) to 0
2026-04-28 18:34:50.414 10 INFO neutron.db.ovn_revision_numbers_db [None req-4ee680fd-5439-492d-8855-eab55b48367c 48e081fb0e3148478a0338e7fc589bad 7c9837aa41ee4d8fb6b630692028dc4c - - default default] Successfully bumped revision number for resource bc541e1d-ce23-4acc-9ed6-197af96ade17 (type: security_group_rules) to 0
2026-04-28 18:34:50.436 10 INFO neutron.wsgi [None req-4ee680fd-5439-492d-8855-eab55b48367c 48e081fb0e3148478a0338e7fc589bad 7c9837aa41ee4d8fb6b630692028dc4c - - default default] 10.0.0.85 "GET /v2.0/security-groups?tenant_id=da7e1a08c98b49cdb6f77aa300fbc3ea&name=default HTTP/1.1" status: 200 len: 2996 time: 0.3574986
2026-04-28 18:34:50.439 10 INFO neutron.wsgi [None req-7a958858-31d1-4eae-b62b-bdebaf53c5a1 a319e7035e5148248f9e8e866a4d70b3 c20d1568972240e69ba1cbebd11d3b2b - - default default] 10.0.0.85 "PUT /v2.0/routers/1d6ddbe4-1195-4307-b504-471acca38497/tags/green HTTP/1.1" status: 201 len: 201 time: 0.0599687
2026-04-28 18:34:50.484 9 INFO neutron.wsgi [None req-d2ee5674-9431-4c3a-a3c3-57ea37af1f79 a319e7035e5148248f9e8e866a4d70b3 c20d1568972240e69ba1cbebd11d3b2b - - default default] 10.0.0.85 "GET /v2.0/routers/1d6ddbe4-1195-4307-b504-471acca38497/tags HTTP/1.1" status: 200 len: 227 time: 0.0399604
2026-04-28 18:34:50.535 10 INFO neutron.wsgi [None req-9b75db3e-b1a7-4bb4-96eb-dd4e6b395b46 a319e7035e5148248f9e8e866a4d70b3 c20d1568972240e69ba1cbebd11d3b2b - - default default] 10.0.0.85 "PUT /v2.0/routers/1d6ddbe4-1195-4307-b504-471acca38497/tags/red HTTP/1.1" status: 201 len: 201 time: 0.0446277
2026-04-28 18:34:50.600 10 INFO neutron.wsgi [None req-d0c8a970-0a92-4ca7-bd13-779e97215b15 a319e7035e5148248f9e8e866a4d70b3 c20d1568972240e69ba1cbebd11d3b2b - - default default] 10.0.0.85 "GET /v2.0/routers/1d6ddbe4-1195-4307-b504-471acca38497/tags HTTP/1.1" status: 200 len: 227 time: 0.0610375
2026-04-28 18:34:50.639 9 INFO neutron.services.segments.plugin [-] Segment 5642c5c4-0b4e-47e9-ad84-f9a8957a0ba1 resource provider aggregate not found
2026-04-28 18:34:50.647 9 INFO neutron.services.segments.plugin [-] Segment 5642c5c4-0b4e-47e9-ad84-f9a8957a0ba1 resource provider aggregate not found
2026-04-28 18:34:50.658 9 INFO neutron.services.segments.plugin [-] Segment 5642c5c4-0b4e-47e9-ad84-f9a8957a0ba1 resource provider not found; error: Placement Client Error (4xx): {"errors": [{"status": 404, "title": "Not Found", "detail": "The resource could not be found.\n\n No resource provider with uuid 5642c5c4-0b4e-47e9-ad84-f9a8957a0ba1 found for delete ", "request_id": "req-cd24e38e-0945-48e6-b614-665e92788ea5"}]}
2026-04-28 18:34:50.662 9 INFO neutron.services.segments.plugin [-] Segment 5642c5c4-0b4e-47e9-ad84-f9a8957a0ba1 resource provider not found; error: Placement Client Error (4xx): {"errors": [{"status": 404, "title": "Not Found", "detail": "The resource could not be found.\n\n No resource provider with uuid 5642c5c4-0b4e-47e9-ad84-f9a8957a0ba1 found for delete ", "request_id": "req-b707223d-1a72-489b-997d-f4fce80ecb73"}]}
2026-04-28 18:34:50.677 9 INFO neutron.wsgi [None req-6943087b-4729-4701-bfa9-6bbc87b74409 48e081fb0e3148478a0338e7fc589bad 7c9837aa41ee4d8fb6b630692028dc4c - - default default] 10.0.0.85 "DELETE /v2.0/networks/f3d912be-f75e-4e5b-a877-56d1629f66ef HTTP/1.1" status: 204 len: 168 time: 0.3939185
2026-04-28 18:34:50.687 10 INFO neutron.wsgi [None req-5824d07a-f71a-4dc3-8795-2c8910634a27 a319e7035e5148248f9e8e866a4d70b3 c20d1568972240e69ba1cbebd11d3b2b - - default default] 10.0.0.85 "PUT /v2.0/routers/1d6ddbe4-1195-4307-b504-471acca38497/tags/black.or.white HTTP/1.1" status: 201 len: 201 time: 0.0808346
2026-04-28 18:34:50.742 9 INFO neutron.wsgi [None req-b0a81f60-33f1-43e7-9d30-13f0d0da5e21 a319e7035e5148248f9e8e866a4d70b3 c20d1568972240e69ba1cbebd11d3b2b - - default default] 10.0.0.85 "GET /v2.0/routers/1d6ddbe4-1195-4307-b504-471acca38497/tags HTTP/1.1" status: 200 len: 245 time: 0.0494761
2026-04-28 18:34:50.826 9 INFO neutron.wsgi [None req-80e8c759-f8a2-4f66-ac9e-48e47ea21839 a319e7035e5148248f9e8e866a4d70b3 c20d1568972240e69ba1cbebd11d3b2b - - default default] 10.0.0.85 "PUT /v2.0/routers/1d6ddbe4-1195-4307-b504-471acca38497/tags HTTP/1.1" status: 200 len: 230 time: 0.0786769
2026-04-28 18:34:50.893 9 INFO neutron.wsgi [None req-8fefdbbb-7c06-4e8b-9235-3a4dc5d47bcf a319e7035e5148248f9e8e866a4d70b3 c20d1568972240e69ba1cbebd11d3b2b - - default default] 10.0.0.85 "GET /v2.0/routers/1d6ddbe4-1195-4307-b504-471acca38497/tags HTTP/1.1" status: 200 len: 230 time: 0.0612638
2026-04-28 18:34:50.941 9 INFO neutron.wsgi [None req-124dfcb7-6a0b-419a-971e-e32d7f5fedcf a319e7035e5148248f9e8e866a4d70b3 c20d1568972240e69ba1cbebd11d3b2b - - default default] 10.0.0.85 "GET /v2.0/routers/1d6ddbe4-1195-4307-b504-471acca38497/tags/red HTTP/1.1" status: 204 len: 168 time: 0.0411253
2026-04-28 18:34:50.959 10 INFO neutron.wsgi [None req-fe8f7938-c00a-4444-838c-2bdcdbc18780 48e081fb0e3148478a0338e7fc589bad 7c9837aa41ee4d8fb6b630692028dc4c - - default default] 10.0.0.85 "DELETE /v2.0/security-groups/24010089-97e5-4123-9798-d6a9349e60f2 HTTP/1.1" status: 204 len: 168 time: 0.5182717
2026-04-28 18:34:50.981 9 INFO neutron.api.v2.resource [None req-a13d52c1-c628-4748-b781-6e29cda0e6d6 a319e7035e5148248f9e8e866a4d70b3 c20d1568972240e69ba1cbebd11d3b2b - - default default] show failed (client error): The resource could not be found.
2026-04-28 18:34:50.983 9 INFO neutron.wsgi [None req-a13d52c1-c628-4748-b781-6e29cda0e6d6 a319e7035e5148248f9e8e866a4d70b3 c20d1568972240e69ba1cbebd11d3b2b - - default default] 10.0.0.85 "GET /v2.0/routers/1d6ddbe4-1195-4307-b504-471acca38497/tags/green HTTP/1.1" status: 404 len: 299 time: 0.0376203
2026-04-28 18:34:51.039 9 INFO neutron.wsgi [None req-0b6d358a-8306-476c-93ff-4dd9b6434ff8 a319e7035e5148248f9e8e866a4d70b3 c20d1568972240e69ba1cbebd11d3b2b - - default default] 10.0.0.85 "DELETE /v2.0/routers/1d6ddbe4-1195-4307-b504-471acca38497/tags/red HTTP/1.1" status: 204 len: 168 time: 0.0522659
2026-04-28 18:34:51.084 10 INFO neutron.wsgi [None req-6b177466-24c9-4756-90a0-b48f79e5378c a319e7035e5148248f9e8e866a4d70b3 c20d1568972240e69ba1cbebd11d3b2b - - default default] 10.0.0.85 "GET /v2.0/routers/1d6ddbe4-1195-4307-b504-471acca38497/tags HTTP/1.1" status: 200 len: 223 time: 0.0417411
2026-04-28 18:34:51.151 9 INFO neutron.api.v2.resource [None req-b7a60516-d0ba-4626-9876-888f67c4d081 a319e7035e5148248f9e8e866a4d70b3 c20d1568972240e69ba1cbebd11d3b2b - - default default] delete failed (client error): The resource could not be found.
2026-04-28 18:34:51.153 9 INFO neutron.wsgi [None req-b7a60516-d0ba-4626-9876-888f67c4d081 a319e7035e5148248f9e8e866a4d70b3 c20d1568972240e69ba1cbebd11d3b2b - - default default] 10.0.0.85 "DELETE /v2.0/routers/1d6ddbe4-1195-4307-b504-471acca38497/tags/green HTTP/1.1" status: 404 len: 299 time: 0.0623078
2026-04-28 18:34:51.212 9 INFO neutron.wsgi [None req-b10de9a7-729f-4148-8e3d-897de9ccba17 a319e7035e5148248f9e8e866a4d70b3 c20d1568972240e69ba1cbebd11d3b2b - - default default] 10.0.0.85 "DELETE /v2.0/routers/1d6ddbe4-1195-4307-b504-471acca38497/tags HTTP/1.1" status: 204 len: 168 time: 0.0493083
2026-04-28 18:34:51.489 9 INFO neutron.wsgi [None req-e95c62a8-5772-4e64-9b73-f073bfa38eb1 a319e7035e5148248f9e8e866a4d70b3 c20d1568972240e69ba1cbebd11d3b2b - - default default] 10.0.0.85 "GET /v2.0/routers/1d6ddbe4-1195-4307-b504-471acca38497/tags HTTP/1.1" status: 200 len: 205 time: 0.2721272
2026-04-28 18:34:51.529 9 INFO neutron.wsgi [None req-564dc41e-f7a0-4a6c-a1b8-a6eda26c9c45 a319e7035e5148248f9e8e866a4d70b3 c20d1568972240e69ba1cbebd11d3b2b - - default default] 10.0.0.85 "GET /v2.0/routers/1d6ddbe4-1195-4307-b504-471acca38497 HTTP/1.1" status: 200 len: 655 time: 0.0344541
2026-04-28 18:34:51.806 10 INFO neutron.wsgi [None req-c92248fe-b745-4a00-8815-eb2756de2e8e 48e081fb0e3148478a0338e7fc589bad 7c9837aa41ee4d8fb6b630692028dc4c - - default default] 10.0.0.85 "PUT /v2.0/routers/a0309f98-001e-46ae-b621-7fe03d8e1cdd/remove_router_interface HTTP/1.1" status: 200 len: 503 time: 1.1250727 /var/lib/openstack/lib/python3.10/site-packages/pycadf/identifier.py:71: UserWarning: Invalid uuid: neutron. To ensure interoperability, identifiers should be a valid uuid. warnings.warn(('Invalid uuid: %s. To ensure interoperability, '
2026-04-28 18:34:51.882 9 INFO neutron.db.ovn_revision_numbers_db [None req-d3725787-77d7-4696-87b5-154f0566126e a319e7035e5148248f9e8e866a4d70b3 c20d1568972240e69ba1cbebd11d3b2b - - default default] Successfully bumped revision number for resource 1d6ddbe4-1195-4307-b504-471acca38497 (type: routers) to 7
2026-04-28 18:34:51.886 9 INFO neutron.wsgi [None req-d3725787-77d7-4696-87b5-154f0566126e a319e7035e5148248f9e8e866a4d70b3 c20d1568972240e69ba1cbebd11d3b2b - - default default] 10.0.0.85 "PUT /v2.0/routers/1d6ddbe4-1195-4307-b504-471acca38497 HTTP/1.1" status: 200 len: 655 time: 0.3522313
2026-04-28 18:34:51.905 10 INFO neutron.db.ovn_revision_numbers_db [None req-20b8b792-a838-4331-978a-864ef9e00c83 f0bd0d8de2544ab89963748df4e87f75 212cb579967649348ca1a06a7cdf7b61 - - default default] Successfully bumped revision number for resource 28925a7b-0196-49d6-9665-7e3172bd9b0d (type: security_groups) to 1
2026-04-28 18:34:51.910 9 INFO neutron.wsgi [None req-2dfd2e36-8d61-45c5-865f-f7d3ab6301bb a319e7035e5148248f9e8e866a4d70b3 c20d1568972240e69ba1cbebd11d3b2b - - default default] 10.0.0.85 "GET /v2.0/ports?device_id=1d6ddbe4-1195-4307-b504-471acca38497 HTTP/1.1" status: 200 len: 205 time: 0.0201759
2026-04-28 18:34:51.931 10 INFO neutron.db.ovn_revision_numbers_db [None req-20b8b792-a838-4331-978a-864ef9e00c83 f0bd0d8de2544ab89963748df4e87f75 212cb579967649348ca1a06a7cdf7b61 - - default default] Successfully bumped revision number for resource 5ad0a2dd-6107-4b5e-9890-229f358fa1d8 (type: security_group_rules) to 0
2026-04-28 18:34:51.945 10 INFO neutron.db.ovn_revision_numbers_db [None req-20b8b792-a838-4331-978a-864ef9e00c83 f0bd0d8de2544ab89963748df4e87f75 212cb579967649348ca1a06a7cdf7b61 - - default default] Successfully bumped revision number for resource 8511dcdb-3e76-4a82-b0bd-b527cb682f5c (type: security_group_rules) to 0
2026-04-28 18:34:51.975 10 INFO neutron.db.ovn_revision_numbers_db [None req-20b8b792-a838-4331-978a-864ef9e00c83 f0bd0d8de2544ab89963748df4e87f75 212cb579967649348ca1a06a7cdf7b61 - - default default] Successfully bumped revision number for resource e50d036e-c047-4e4e-9dfa-f31928aa9528 (type: security_group_rules) to 0
2026-04-28 18:34:51.989 10 INFO neutron.db.ovn_revision_numbers_db [None req-20b8b792-a838-4331-978a-864ef9e00c83 f0bd0d8de2544ab89963748df4e87f75 212cb579967649348ca1a06a7cdf7b61 - - default default] Successfully bumped revision number for resource edf3389f-7c28-460b-a0a0-0b82f097be8f (type: security_group_rules) to 0
2026-04-28 18:34:52.036 10 INFO neutron.db.segments_db [None req-20b8b792-a838-4331-978a-864ef9e00c83 f0bd0d8de2544ab89963748df4e87f75 212cb579967649348ca1a06a7cdf7b61 - - default default] Added segment f27152d5-d4df-4dbe-9f58-d8a2736354a3 of type geneve for network 538401a6-1bde-4db2-80d5-5074505232ef
2026-04-28 18:34:52.105 9 INFO neutron.wsgi [None req-4ea72073-4c24-4c9a-a548-bccc95d870f3 a319e7035e5148248f9e8e866a4d70b3 c20d1568972240e69ba1cbebd11d3b2b - - default default] 10.0.0.85 "DELETE /v2.0/routers/1d6ddbe4-1195-4307-b504-471acca38497 HTTP/1.1" status: 204 len: 168 time: 0.1899946
2026-04-28 18:34:52.225 10 INFO neutron.db.ovn_revision_numbers_db [None req-20b8b792-a838-4331-978a-864ef9e00c83 f0bd0d8de2544ab89963748df4e87f75 212cb579967649348ca1a06a7cdf7b61 - - default default] Successfully bumped revision number for resource 538401a6-1bde-4db2-80d5-5074505232ef (type: networks) to 1
2026-04-28 18:34:52.406 10 WARNING neutron.scheduler.dhcp_agent_scheduler [None req-20b8b792-a838-4331-978a-864ef9e00c83 f0bd0d8de2544ab89963748df4e87f75 212cb579967649348ca1a06a7cdf7b61 - - default default] No more DHCP agents
2026-04-28 18:34:52.410 10 WARNING neutron.api.rpc.agentnotifiers.dhcp_rpc_agent_api [None req-20b8b792-a838-4331-978a-864ef9e00c83 f0bd0d8de2544ab89963748df4e87f75 212cb579967649348ca1a06a7cdf7b61 - - default default] Unable to schedule network 538401a6-1bde-4db2-80d5-5074505232ef: no agents available; will retry on subsequent port and subnet creation events.
2026-04-28 18:34:52.512 10 INFO neutron.wsgi [None req-8a188d51-b1c0-4e6d-9101-9b63d54624e6 48e081fb0e3148478a0338e7fc589bad 7c9837aa41ee4d8fb6b630692028dc4c - - default default] 10.0.0.85 "DELETE /v2.0/routers/a0309f98-001e-46ae-b621-7fe03d8e1cdd HTTP/1.1" status: 204 len: 168 time: 0.7008173
2026-04-28 18:34:52.535 10 INFO neutron.db.ovn_revision_numbers_db [None req-20b8b792-a838-4331-978a-864ef9e00c83 f0bd0d8de2544ab89963748df4e87f75 212cb579967649348ca1a06a7cdf7b61 - - default default] Successfully bumped revision number for resource 866ba984-fe05-4753-ba41-4d8259e66d2f (type: ports) to 1
2026-04-28 18:34:52.567 10 INFO neutron.wsgi [None req-20b8b792-a838-4331-978a-864ef9e00c83 f0bd0d8de2544ab89963748df4e87f75 212cb579967649348ca1a06a7cdf7b61 - - default default] 10.0.0.85 "POST /v2.0/networks HTTP/1.1" status: 201 len: 830 time: 0.9919045
2026-04-28 18:34:52.685 10 INFO neutron.wsgi [None req-9124e8ce-6d2c-42d7-96a0-b07d503b5340 48e081fb0e3148478a0338e7fc589bad 7c9837aa41ee4d8fb6b630692028dc4c - - default default] 10.0.0.85 "DELETE /v2.0/subnets/80b29c60-cb33-43ce-850e-6d3a3e44495a HTTP/1.1" status: 204 len: 168 time: 0.1662884
2026-04-28 18:34:52.811 9 WARNING neutron.scheduler.dhcp_agent_scheduler [None req-79972cb4-46fc-47cb-97d9-0459ed3f2c90 f0bd0d8de2544ab89963748df4e87f75 212cb579967649348ca1a06a7cdf7b61 - - default default] No more DHCP agents
2026-04-28 18:34:52.813 9 WARNING neutron.api.rpc.agentnotifiers.dhcp_rpc_agent_api [None req-79972cb4-46fc-47cb-97d9-0459ed3f2c90 f0bd0d8de2544ab89963748df4e87f75 212cb579967649348ca1a06a7cdf7b61 - - default default] Unable to schedule network 538401a6-1bde-4db2-80d5-5074505232ef: no agents available; will retry on subsequent port and subnet creation events.
2026-04-28 18:34:53.038 10 INFO neutron.services.segments.plugin [-] Segment dd8f1599-e596-43a7-99e8-6980a356b1b3 resource provider aggregate not found
2026-04-28 18:34:53.044 10 INFO neutron.services.segments.plugin [-] Segment dd8f1599-e596-43a7-99e8-6980a356b1b3 resource provider aggregate not found
2026-04-28 18:34:53.060 10 INFO neutron.services.segments.plugin [-] Segment dd8f1599-e596-43a7-99e8-6980a356b1b3 resource provider not found; error: Placement Client Error (4xx): {"errors": [{"status": 404, "title": "Not Found", "detail": "The resource could not be found.\n\n No resource provider with uuid dd8f1599-e596-43a7-99e8-6980a356b1b3 found for delete ", "request_id": "req-03f14c5f-3a72-4454-a15a-732a96a7f48d"}]}
2026-04-28 18:34:53.062 10 INFO neutron.services.segments.plugin [-] Segment dd8f1599-e596-43a7-99e8-6980a356b1b3 resource provider not found; error: Placement Client Error (4xx): {"errors": [{"status": 404, "title": "Not Found", "detail": "The resource could not be found.\n\n No resource provider with uuid dd8f1599-e596-43a7-99e8-6980a356b1b3 found for delete ", "request_id": "req-53afcdc3-74c0-46e0-b090-8de2c04ac319"}]}
2026-04-28 18:34:53.095 10 INFO neutron.wsgi [None req-f4836b35-5825-40de-b608-4ef9cb7278c5 48e081fb0e3148478a0338e7fc589bad 7c9837aa41ee4d8fb6b630692028dc4c - - default default] 10.0.0.85 "DELETE /v2.0/networks/ce15efd5-0f5c-4dfe-99e5-d4a1d6809b10 HTTP/1.1" status: 204 len: 168 time: 0.4042027
2026-04-28 18:34:53.096 10 INFO neutron.db.ovn_revision_numbers_db [None req-8687da00-cfe2-4c9c-845e-db172255e378 48e081fb0e3148478a0338e7fc589bad 7c9837aa41ee4d8fb6b630692028dc4c - - default default] Successfully bumped revision number for resource e6d85ac2-bb99-4fac-b79a-76a30fae61a1 (type: security_groups) to 1
2026-04-28 18:34:53.113 10 INFO neutron.db.ovn_revision_numbers_db [None req-8687da00-cfe2-4c9c-845e-db172255e378 48e081fb0e3148478a0338e7fc589bad 7c9837aa41ee4d8fb6b630692028dc4c - - default default] Successfully bumped revision number for resource 006da21e-5767-45b9-a186-466abfe7cf88 (type: security_group_rules) to 0
2026-04-28 18:34:53.127 10 INFO neutron.db.ovn_revision_numbers_db [None req-8687da00-cfe2-4c9c-845e-db172255e378 48e081fb0e3148478a0338e7fc589bad 7c9837aa41ee4d8fb6b630692028dc4c - - default default] Successfully bumped revision number for resource 63aa0322-f328-4fc6-bfa0-494ce6df915d (type: security_group_rules) to 0
2026-04-28 18:34:53.140 10 INFO neutron.db.ovn_revision_numbers_db [None req-8687da00-cfe2-4c9c-845e-db172255e378 48e081fb0e3148478a0338e7fc589bad 7c9837aa41ee4d8fb6b630692028dc4c - - default default] Successfully bumped revision number for resource a129e2df-8858-4363-8583-bf9d19013b84 (type: security_group_rules) to 0
2026-04-28 18:34:53.154 10 INFO neutron.db.ovn_revision_numbers_db [None req-8687da00-cfe2-4c9c-845e-db172255e378 48e081fb0e3148478a0338e7fc589bad 7c9837aa41ee4d8fb6b630692028dc4c - - default default] Successfully bumped revision number for resource ed54213b-e97c-47e9-9ce2-eaa0a8755e09 (type: security_group_rules) to 0
2026-04-28 18:34:53.177 10 INFO neutron.wsgi [None req-8687da00-cfe2-4c9c-845e-db172255e378 48e081fb0e3148478a0338e7fc589bad 7c9837aa41ee4d8fb6b630692028dc4c - - default default] 10.0.0.85 "GET /v2.0/security-groups?tenant_id=c20d1568972240e69ba1cbebd11d3b2b&name=default HTTP/1.1" status: 200 len: 2996 time: 0.4075763
2026-04-28 18:34:53.289 9 INFO neutron.db.ovn_revision_numbers_db [None req-79972cb4-46fc-47cb-97d9-0459ed3f2c90 f0bd0d8de2544ab89963748df4e87f75 212cb579967649348ca1a06a7cdf7b61 - - default default] Successfully bumped revision number for resource 866ba984-fe05-4753-ba41-4d8259e66d2f (type: ports) to 2
2026-04-28 18:34:53.323 9 INFO neutron.db.ovn_revision_numbers_db [None req-79972cb4-46fc-47cb-97d9-0459ed3f2c90 f0bd0d8de2544ab89963748df4e87f75 212cb579967649348ca1a06a7cdf7b61 - - default default] Successfully bumped revision number for resource 29267cde-7ca1-468c-b990-e421abc4fc7c (type: subnets) to 0
2026-04-28 18:34:53.340 9 INFO neutron.wsgi [None req-79972cb4-46fc-47cb-97d9-0459ed3f2c90 f0bd0d8de2544ab89963748df4e87f75 212cb579967649348ca1a06a7cdf7b61 - - default default] 10.0.0.85 "POST /v2.0/subnets HTTP/1.1" status: 201 len: 801 time: 0.7643542
2026-04-28 18:34:53.379 10 INFO neutron.wsgi [None req-58ac9721-bff0-4679-9fad-cf8683085b9f 48e081fb0e3148478a0338e7fc589bad 7c9837aa41ee4d8fb6b630692028dc4c - - default default] 10.0.0.85 "DELETE /v2.0/security-groups/e6d85ac2-bb99-4fac-b79a-76a30fae61a1 HTTP/1.1" status: 204 len: 168 time: 0.1965964
2026-04-28 18:34:53.389 10 INFO neutron.wsgi [None req-de33845f-1fc0-4af6-8c93-9823cac45841 48e081fb0e3148478a0338e7fc589bad 7c9837aa41ee4d8fb6b630692028dc4c - - default default] 10.0.0.85 "GET /v2.0/security-groups?tenant_id=2c90d3fe3c7345cab9194b2307d1ea0f&name=default HTTP/1.1" status: 200 len: 2996 time: 0.0401878
2026-04-28 18:34:53.434 9 INFO neutron.db.segments_db [None req-def29ce3-b0fa-45e8-b4cc-1e5e05c30c3d f0bd0d8de2544ab89963748df4e87f75 212cb579967649348ca1a06a7cdf7b61 - - default default] Added segment 7dfcf99f-0966-4db3-9dfd-a678d241a9d9 of type geneve for network caa1722f-ceb7-4390-95da-a7a3e1bade67
2026-04-28 18:34:53.602 10 INFO neutron.wsgi [None req-a23c4a67-1562-4f73-bc73-ea1bdd20d0da 48e081fb0e3148478a0338e7fc589bad 7c9837aa41ee4d8fb6b630692028dc4c - - default default] 10.0.0.85 "DELETE /v2.0/security-groups/c261c021-19a8-4d8c-9608-cca9f7bb3f0c HTTP/1.1" status: 204 len: 168 time: 0.2091944
2026-04-28 18:34:53.603 9 INFO neutron.db.ovn_revision_numbers_db [None req-def29ce3-b0fa-45e8-b4cc-1e5e05c30c3d f0bd0d8de2544ab89963748df4e87f75 212cb579967649348ca1a06a7cdf7b61 - - default default] Successfully bumped revision number for resource caa1722f-ceb7-4390-95da-a7a3e1bade67 (type: networks) to 1
2026-04-28 18:34:53.657 10 INFO neutron.db.ovn_revision_numbers_db [None req-363ce279-de3d-44a6-a4b6-1843cddc7ff7 48e081fb0e3148478a0338e7fc589bad 7c9837aa41ee4d8fb6b630692028dc4c - - default default] Successfully bumped revision number for resource 295a7984-1158-4425-baa7-019b288a63e7 (type: security_groups) to 1
2026-04-28 18:34:53.673 10 INFO neutron.db.ovn_revision_numbers_db [None req-363ce279-de3d-44a6-a4b6-1843cddc7ff7 48e081fb0e3148478a0338e7fc589bad 7c9837aa41ee4d8fb6b630692028dc4c - - default default] Successfully bumped revision number for resource 42c3373d-a567-42c2-bf7d-88b6982ddf08 (type: security_group_rules) to 0
2026-04-28 18:34:53.690 10 INFO neutron.db.ovn_revision_numbers_db [None req-363ce279-de3d-44a6-a4b6-1843cddc7ff7 48e081fb0e3148478a0338e7fc589bad 7c9837aa41ee4d8fb6b630692028dc4c - - default default] Successfully bumped revision number for resource 7700c032-dbf6-4009-b278-6390fa04fb00 (type: security_group_rules) to 0
2026-04-28 18:34:53.709 10 INFO neutron.db.ovn_revision_numbers_db [None req-363ce279-de3d-44a6-a4b6-1843cddc7ff7 48e081fb0e3148478a0338e7fc589bad 7c9837aa41ee4d8fb6b630692028dc4c - - default default] Successfully bumped revision number for resource 889a984a-22dc-46e0-ac36-465fce3eec51 (type: security_group_rules) to 0
2026-04-28 18:34:53.723 10 INFO neutron.db.ovn_revision_numbers_db [None req-363ce279-de3d-44a6-a4b6-1843cddc7ff7 48e081fb0e3148478a0338e7fc589bad 7c9837aa41ee4d8fb6b630692028dc4c - - default default] Successfully bumped revision number for resource e08186dd-db3a-475e-a1e4-9f2ccc34ba5c (type: security_group_rules) to 0
2026-04-28 18:34:53.751 10 INFO neutron.wsgi [None req-363ce279-de3d-44a6-a4b6-1843cddc7ff7 48e081fb0e3148478a0338e7fc589bad 7c9837aa41ee4d8fb6b630692028dc4c - - default default] 10.0.0.85 "GET /v2.0/security-groups?tenant_id=7f89aa389a0d4e2eba0ab856238185bb&name=default HTTP/1.1" status: 200 len: 2996 time: 0.2090557
2026-04-28 18:34:53.779 9 WARNING neutron.scheduler.dhcp_agent_scheduler [None req-def29ce3-b0fa-45e8-b4cc-1e5e05c30c3d f0bd0d8de2544ab89963748df4e87f75 212cb579967649348ca1a06a7cdf7b61 - - default default] No more DHCP agents
2026-04-28 18:34:53.784 9 WARNING neutron.api.rpc.agentnotifiers.dhcp_rpc_agent_api [None req-def29ce3-b0fa-45e8-b4cc-1e5e05c30c3d f0bd0d8de2544ab89963748df4e87f75 212cb579967649348ca1a06a7cdf7b61 - - default default] Unable to schedule network caa1722f-ceb7-4390-95da-a7a3e1bade67: no agents available; will retry on subsequent port and subnet creation events.
2026-04-28 18:34:53.814 10 INFO neutron.wsgi [None req-a00cb883-f3e2-4767-9c08-1209ad5cf79c 48e081fb0e3148478a0338e7fc589bad 7c9837aa41ee4d8fb6b630692028dc4c - - default default] 10.0.0.85 "GET /v2.0/security-groups?tenant_id=3b55651bf83b424ea4a859df1487fda4&name=default HTTP/1.1" status: 200 len: 2996 time: 0.0375128
2026-04-28 18:34:53.907 9 INFO neutron.db.ovn_revision_numbers_db [None req-def29ce3-b0fa-45e8-b4cc-1e5e05c30c3d f0bd0d8de2544ab89963748df4e87f75 212cb579967649348ca1a06a7cdf7b61 - - default default] Successfully bumped revision number for resource fb664dff-77a2-4af4-af54-121ccb7afcbf (type: ports) to 1
2026-04-28 18:34:53.928 9 INFO neutron.wsgi [None req-def29ce3-b0fa-45e8-b4cc-1e5e05c30c3d f0bd0d8de2544ab89963748df4e87f75 212cb579967649348ca1a06a7cdf7b61 - - default default] 10.0.0.85 "POST /v2.0/networks HTTP/1.1" status: 201 len: 830 time: 0.5809200
2026-04-28 18:34:54.057 10 INFO neutron.wsgi [None req-4d31e984-3c1e-40f9-b5d0-9b14b66bab29 48e081fb0e3148478a0338e7fc589bad 7c9837aa41ee4d8fb6b630692028dc4c - - default default] 10.0.0.85 "DELETE /v2.0/security-groups/295a7984-1158-4425-baa7-019b288a63e7 HTTP/1.1" status: 204 len: 168 time: 0.3014541
2026-04-28 18:34:54.161 10 INFO neutron.wsgi [None req-1cb632ac-5204-4872-9192-56c89d8b495b 48e081fb0e3148478a0338e7fc589bad 7c9837aa41ee4d8fb6b630692028dc4c - - default default] 10.0.0.85 "DELETE /v2.0/security-groups/9ea621f2-521f-42b5-b307-c763d5573ec2 HTTP/1.1" status: 204 len: 168 time: 0.3389933
2026-04-28 18:34:54.205 10 WARNING neutron.scheduler.dhcp_agent_scheduler [None req-0806921b-62bb-42f0-9df4-092f3ae7c4de f0bd0d8de2544ab89963748df4e87f75 212cb579967649348ca1a06a7cdf7b61 - - default default] No more DHCP agents
2026-04-28 18:34:54.208 10 WARNING neutron.api.rpc.agentnotifiers.dhcp_rpc_agent_api [None req-0806921b-62bb-42f0-9df4-092f3ae7c4de f0bd0d8de2544ab89963748df4e87f75 212cb579967649348ca1a06a7cdf7b61 - - default default] Unable to schedule network caa1722f-ceb7-4390-95da-a7a3e1bade67: no agents available; will retry on subsequent port and subnet creation events.
2026-04-28 18:34:54.444 9 INFO neutron.wsgi [None req-83f3cec0-da35-41b3-8fd0-1a1dfb7745f6 d5367968989d48b0a3ace4a8dbcb9825 ef48eab45ae4434c9e32189c9b5160a5 - - default default] 10.0.0.21 "GET /v2.0/extensions HTTP/1.1" status: 200 len: 16525 time: 0.2479687
2026-04-28 18:34:54.539 9 INFO neutron.wsgi [None req-069e48d4-94cb-435f-a796-961311015839 d5367968989d48b0a3ace4a8dbcb9825 ef48eab45ae4434c9e32189c9b5160a5 - - default default] 10.0.0.21 "GET /v2.0/quotas/ef48eab45ae4434c9e32189c9b5160a5/details HTTP/1.1" status: 200 len: 756 time: 0.0741477
2026-04-28 18:34:54.659 10 INFO neutron.db.ovn_revision_numbers_db [None req-0806921b-62bb-42f0-9df4-092f3ae7c4de f0bd0d8de2544ab89963748df4e87f75 212cb579967649348ca1a06a7cdf7b61 - - default default] Successfully bumped revision number for resource fb664dff-77a2-4af4-af54-121ccb7afcbf (type: ports) to 2
2026-04-28 18:34:54.691 10 INFO neutron.db.ovn_revision_numbers_db [None req-0806921b-62bb-42f0-9df4-092f3ae7c4de f0bd0d8de2544ab89963748df4e87f75 212cb579967649348ca1a06a7cdf7b61 - - default default] Successfully bumped revision number for resource 25447684-21dd-45fa-a907-3ee0ea1ac066 (type: subnets) to 0
2026-04-28 18:34:54.707 10 INFO neutron.wsgi [None req-0806921b-62bb-42f0-9df4-092f3ae7c4de f0bd0d8de2544ab89963748df4e87f75 212cb579967649348ca1a06a7cdf7b61 - - default default] 10.0.0.85 "POST /v2.0/subnets HTTP/1.1" status: 201 len: 804 time: 0.7717857
2026-04-28 18:34:54.800 10 INFO neutron.db.segments_db [None req-5f8e61ac-41e8-4f43-9063-c01b1151fc8d f0bd0d8de2544ab89963748df4e87f75 212cb579967649348ca1a06a7cdf7b61 - - default default] Added segment eb7ea075-2595-48fc-a56e-519945a0ac58 of type geneve for network 7380011f-df3f-4ab7-99d9-158dc3dc63cb
2026-04-28 18:34:54.930 10 INFO neutron.db.ovn_revision_numbers_db [None req-5f8e61ac-41e8-4f43-9063-c01b1151fc8d f0bd0d8de2544ab89963748df4e87f75 212cb579967649348ca1a06a7cdf7b61 - - default default] Successfully bumped revision number for resource 7380011f-df3f-4ab7-99d9-158dc3dc63cb (type: networks) to 1
2026-04-28 18:34:55.123 10 WARNING neutron.scheduler.dhcp_agent_scheduler [None req-5f8e61ac-41e8-4f43-9063-c01b1151fc8d f0bd0d8de2544ab89963748df4e87f75 212cb579967649348ca1a06a7cdf7b61 - - default default] No more DHCP agents
2026-04-28 18:34:55.125 10 WARNING neutron.api.rpc.agentnotifiers.dhcp_rpc_agent_api [None req-5f8e61ac-41e8-4f43-9063-c01b1151fc8d f0bd0d8de2544ab89963748df4e87f75 212cb579967649348ca1a06a7cdf7b61 - - default default] Unable to schedule network 7380011f-df3f-4ab7-99d9-158dc3dc63cb: no agents available; will retry on subsequent port and subnet creation events.
2026-04-28 18:34:55.200 10 INFO neutron.db.ovn_revision_numbers_db [None req-5f8e61ac-41e8-4f43-9063-c01b1151fc8d f0bd0d8de2544ab89963748df4e87f75 212cb579967649348ca1a06a7cdf7b61 - - default default] Successfully bumped revision number for resource ce9dac7d-9b04-4856-b284-47cb1d11c9b0 (type: ports) to 1
2026-04-28 18:34:55.239 10 INFO neutron.wsgi [None req-5f8e61ac-41e8-4f43-9063-c01b1151fc8d f0bd0d8de2544ab89963748df4e87f75 212cb579967649348ca1a06a7cdf7b61 - - default default] 10.0.0.85 "POST /v2.0/networks HTTP/1.1" status: 201 len: 830 time: 0.5256262
2026-04-28 18:34:55.491 10 WARNING neutron.scheduler.dhcp_agent_scheduler [None req-be563436-c353-4c71-b0aa-7deb66398473 f0bd0d8de2544ab89963748df4e87f75 212cb579967649348ca1a06a7cdf7b61 - - default default] No more DHCP agents
2026-04-28 18:34:55.493 10 WARNING neutron.api.rpc.agentnotifiers.dhcp_rpc_agent_api [None req-be563436-c353-4c71-b0aa-7deb66398473 f0bd0d8de2544ab89963748df4e87f75 212cb579967649348ca1a06a7cdf7b61 - - default default] Unable to schedule network 7380011f-df3f-4ab7-99d9-158dc3dc63cb: no agents available; will retry on subsequent port and subnet creation events.
2026-04-28 18:34:56.200 10 INFO neutron.db.ovn_revision_numbers_db [None req-be563436-c353-4c71-b0aa-7deb66398473 f0bd0d8de2544ab89963748df4e87f75 212cb579967649348ca1a06a7cdf7b61 - - default default] Successfully bumped revision number for resource ce9dac7d-9b04-4856-b284-47cb1d11c9b0 (type: ports) to 2
2026-04-28 18:34:56.235 10 INFO neutron.db.ovn_revision_numbers_db [None req-be563436-c353-4c71-b0aa-7deb66398473 f0bd0d8de2544ab89963748df4e87f75 212cb579967649348ca1a06a7cdf7b61 - - default default] Successfully bumped revision number for resource 38d63a68-e05c-43a2-ae6f-a8faddb83e0f (type: subnets) to 0
2026-04-28 18:34:56.249 10 INFO neutron.wsgi [None req-be563436-c353-4c71-b0aa-7deb66398473 f0bd0d8de2544ab89963748df4e87f75 212cb579967649348ca1a06a7cdf7b61 - - default default] 10.0.0.85 "POST /v2.0/subnets HTTP/1.1" status: 201 len: 804 time: 1.0064650
2026-04-28 18:34:56.347 10 INFO neutron.db.segments_db [None req-109f9de7-d883-4814-8653-b7a009763113 f0bd0d8de2544ab89963748df4e87f75 212cb579967649348ca1a06a7cdf7b61 - - default default] Added segment 6ad6fcd2-154b-49e8-bbc6-b6f6df4b28ff of type geneve for network e9a60e97-82af-40c5-aa19-a0a9ed9de2c6
2026-04-28 18:34:56.474 10 INFO neutron.db.ovn_revision_numbers_db [None req-109f9de7-d883-4814-8653-b7a009763113 f0bd0d8de2544ab89963748df4e87f75 212cb579967649348ca1a06a7cdf7b61 - - default default] Successfully bumped revision number for resource e9a60e97-82af-40c5-aa19-a0a9ed9de2c6 (type: networks) to 1
2026-04-28 18:34:56.639 10 WARNING neutron.scheduler.dhcp_agent_scheduler [None req-109f9de7-d883-4814-8653-b7a009763113 f0bd0d8de2544ab89963748df4e87f75 212cb579967649348ca1a06a7cdf7b61 - - default default] No more DHCP agents
2026-04-28 18:34:56.640 10 WARNING neutron.api.rpc.agentnotifiers.dhcp_rpc_agent_api [None req-109f9de7-d883-4814-8653-b7a009763113 f0bd0d8de2544ab89963748df4e87f75 212cb579967649348ca1a06a7cdf7b61 - - default default] Unable to schedule network e9a60e97-82af-40c5-aa19-a0a9ed9de2c6: no agents available; will retry on subsequent port and subnet creation events.
2026-04-28 18:34:56.722 10 INFO neutron.db.ovn_revision_numbers_db [None req-109f9de7-d883-4814-8653-b7a009763113 f0bd0d8de2544ab89963748df4e87f75 212cb579967649348ca1a06a7cdf7b61 - - default default] Successfully bumped revision number for resource 490a2341-ea8c-4781-bca7-4c6ee382f80a (type: ports) to 1
2026-04-28 18:34:56.742 10 INFO neutron.wsgi [None req-109f9de7-d883-4814-8653-b7a009763113 f0bd0d8de2544ab89963748df4e87f75 212cb579967649348ca1a06a7cdf7b61 - - default default] 10.0.0.85 "POST /v2.0/networks HTTP/1.1" status: 201 len: 831 time: 0.4868977
2026-04-28 18:34:57.004 10 INFO neutron.wsgi [None req-12943c2b-c146-4d2b-b2c5-1b0621c948ff d5367968989d48b0a3ace4a8dbcb9825 ef48eab45ae4434c9e32189c9b5160a5 - - default default] 10.0.0.21 "GET /v2.0/extensions HTTP/1.1" status: 200 len: 16525 time: 0.0081186
2026-04-28 18:34:57.038 9 WARNING neutron.scheduler.dhcp_agent_scheduler [None req-2c585e9a-82d4-4173-ab39-f74e0840a5e6 f0bd0d8de2544ab89963748df4e87f75 212cb579967649348ca1a06a7cdf7b61 - - default default] No more DHCP agents
2026-04-28 18:34:57.039 9 WARNING neutron.api.rpc.agentnotifiers.dhcp_rpc_agent_api [None req-2c585e9a-82d4-4173-ab39-f74e0840a5e6 f0bd0d8de2544ab89963748df4e87f75 212cb579967649348ca1a06a7cdf7b61 - - default default] Unable to schedule network e9a60e97-82af-40c5-aa19-a0a9ed9de2c6: no agents available; will retry on subsequent port and subnet creation events.
2026-04-28 18:34:57.123 10 INFO neutron.wsgi [None req-20cf41c9-6f42-45f6-9220-6837d3740f21 d5367968989d48b0a3ace4a8dbcb9825 ef48eab45ae4434c9e32189c9b5160a5 - - default default] 10.0.0.21 "GET /v2.0/quotas/ef48eab45ae4434c9e32189c9b5160a5/details HTTP/1.1" status: 200 len: 756 time: 0.0998561
2026-04-28 18:34:57.454 10 INFO neutron.db.ovn_revision_numbers_db [None req-23da8614-1990-416a-825f-0089931b6bcf 6885091c83e34fa283cac9ba38b08523 95822310662349ffb77d6f538f98dff7 - - default default] Successfully bumped revision number for resource f4a42c9a-693b-47d7-a618-b7a1700a0d28 (type: security_groups) to 1
2026-04-28 18:34:57.470 10 INFO neutron.db.ovn_revision_numbers_db [None req-23da8614-1990-416a-825f-0089931b6bcf 6885091c83e34fa283cac9ba38b08523 95822310662349ffb77d6f538f98dff7 - - default default] Successfully bumped revision number for resource 409bc99b-466d-4d57-a960-1943dda7dc05 (type: security_group_rules) to 0
2026-04-28 18:34:57.491 10 INFO neutron.db.ovn_revision_numbers_db [None req-23da8614-1990-416a-825f-0089931b6bcf 6885091c83e34fa283cac9ba38b08523 95822310662349ffb77d6f538f98dff7 - - default default] Successfully bumped revision number for resource a0ee7128-8c9b-45c4-b8e4-d3f57a890cda (type: security_group_rules) to 0
2026-04-28 18:34:57.505 10 INFO neutron.db.ovn_revision_numbers_db [None req-23da8614-1990-416a-825f-0089931b6bcf 6885091c83e34fa283cac9ba38b08523 95822310662349ffb77d6f538f98dff7 - - default default] Successfully bumped revision number for resource bbc3d1c7-1c39-4638-bf83-ef528d4b17f8 (type: security_group_rules) to 0
2026-04-28 18:34:57.514 9 INFO neutron.db.ovn_revision_numbers_db [None req-2c585e9a-82d4-4173-ab39-f74e0840a5e6 f0bd0d8de2544ab89963748df4e87f75 212cb579967649348ca1a06a7cdf7b61 - - default default] Successfully bumped revision number for resource 490a2341-ea8c-4781-bca7-4c6ee382f80a (type: ports) to 2
2026-04-28 18:34:57.519 10 INFO neutron.db.ovn_revision_numbers_db [None req-23da8614-1990-416a-825f-0089931b6bcf 6885091c83e34fa283cac9ba38b08523 95822310662349ffb77d6f538f98dff7 - - default default] Successfully bumped revision number for resource f95b1f13-6ad0-418b-9b89-7f1b0b48a52c (type: security_group_rules) to 0
2026-04-28 18:34:57.550 9 INFO neutron.db.ovn_revision_numbers_db [None req-2c585e9a-82d4-4173-ab39-f74e0840a5e6 f0bd0d8de2544ab89963748df4e87f75 212cb579967649348ca1a06a7cdf7b61 - - default default] Successfully bumped revision number for resource 486d8087-e17d-4bcc-82d4-71abba770179 (type: subnets) to 0
2026-04-28 18:34:57.570 10 INFO neutron.db.segments_db [None req-23da8614-1990-416a-825f-0089931b6bcf 6885091c83e34fa283cac9ba38b08523 95822310662349ffb77d6f538f98dff7 - - default default] Added segment f546b4bc-f504-4017-bd93-11f5c7b759db of type geneve for network d55c1fcc-45a1-42a2-8d5a-d83203679d00
2026-04-28 18:34:57.570 9 INFO neutron.wsgi [None req-2c585e9a-82d4-4173-ab39-f74e0840a5e6 f0bd0d8de2544ab89963748df4e87f75 212cb579967649348ca1a06a7cdf7b61 - - default default] 10.0.0.85 "POST /v2.0/subnets HTTP/1.1" status: 201 len: 804 time: 0.8216660
2026-04-28 18:34:57.682 10 INFO neutron.db.segments_db [None req-bf8de8c7-42fd-4d01-b0ad-1e1ed86d6d9e f0bd0d8de2544ab89963748df4e87f75 212cb579967649348ca1a06a7cdf7b61 - - default default] Added segment 189eac0e-c427-459d-befd-472224b3d2a2 of type geneve for network 2f666b2a-9976-46e6-ac6a-f9da36babd23
2026-04-28 18:34:57.734 10 INFO neutron.db.ovn_revision_numbers_db [None req-23da8614-1990-416a-825f-0089931b6bcf 6885091c83e34fa283cac9ba38b08523 95822310662349ffb77d6f538f98dff7 - - default default] Successfully bumped revision number for resource d55c1fcc-45a1-42a2-8d5a-d83203679d00 (type: networks) to 1
2026-04-28 18:34:57.906 10 INFO neutron.db.ovn_revision_numbers_db [None req-bf8de8c7-42fd-4d01-b0ad-1e1ed86d6d9e f0bd0d8de2544ab89963748df4e87f75 212cb579967649348ca1a06a7cdf7b61 - - default default] Successfully bumped revision number for resource 2f666b2a-9976-46e6-ac6a-f9da36babd23 (type: networks) to 1
2026-04-28 18:34:57.979 10 WARNING neutron.scheduler.dhcp_agent_scheduler [None req-23da8614-1990-416a-825f-0089931b6bcf 6885091c83e34fa283cac9ba38b08523 95822310662349ffb77d6f538f98dff7 - - default default] No more DHCP agents
2026-04-28 18:34:57.982 10 WARNING neutron.api.rpc.agentnotifiers.dhcp_rpc_agent_api [None req-23da8614-1990-416a-825f-0089931b6bcf 6885091c83e34fa283cac9ba38b08523 95822310662349ffb77d6f538f98dff7 - - default default] Unable to schedule network d55c1fcc-45a1-42a2-8d5a-d83203679d00: no agents available; will retry on subsequent port and subnet creation events.
2026-04-28 18:34:58.081 10 INFO neutron.db.ovn_revision_numbers_db [None req-23da8614-1990-416a-825f-0089931b6bcf 6885091c83e34fa283cac9ba38b08523 95822310662349ffb77d6f538f98dff7 - - default default] Successfully bumped revision number for resource 6d05ec9d-27dd-4d5b-bee7-17b3b31d7540 (type: ports) to 1
2026-04-28 18:34:58.108 10 WARNING neutron.scheduler.dhcp_agent_scheduler [None req-bf8de8c7-42fd-4d01-b0ad-1e1ed86d6d9e f0bd0d8de2544ab89963748df4e87f75 212cb579967649348ca1a06a7cdf7b61 - - default default] No more DHCP agents
2026-04-28 18:34:58.111 10 WARNING neutron.api.rpc.agentnotifiers.dhcp_rpc_agent_api [None req-bf8de8c7-42fd-4d01-b0ad-1e1ed86d6d9e f0bd0d8de2544ab89963748df4e87f75 212cb579967649348ca1a06a7cdf7b61 - - default default] Unable to schedule network 2f666b2a-9976-46e6-ac6a-f9da36babd23: no agents available; will retry on subsequent port and subnet creation events.
2026-04-28 18:34:58.124 10 INFO neutron.wsgi [None req-23da8614-1990-416a-825f-0089931b6bcf 6885091c83e34fa283cac9ba38b08523 95822310662349ffb77d6f538f98dff7 - - default default] 10.0.0.85 "POST /v2.0/networks HTTP/1.1" status: 201 len: 829 time: 0.9043369
2026-04-28 18:34:58.186 10 INFO neutron.db.ovn_revision_numbers_db [None req-bf8de8c7-42fd-4d01-b0ad-1e1ed86d6d9e f0bd0d8de2544ab89963748df4e87f75 212cb579967649348ca1a06a7cdf7b61 - - default default] Successfully bumped revision number for resource 2ef7c9a2-92d6-49f5-b602-75b7bf0d6cc6 (type: ports) to 1
2026-04-28 18:34:58.207 10 INFO neutron.wsgi [None req-bf8de8c7-42fd-4d01-b0ad-1e1ed86d6d9e f0bd0d8de2544ab89963748df4e87f75 212cb579967649348ca1a06a7cdf7b61 - - default default] 10.0.0.85 "POST /v2.0/networks HTTP/1.1" status: 201 len: 830 time: 0.6316957
2026-04-28 18:34:58.375 9 WARNING neutron.scheduler.dhcp_agent_scheduler [None req-99ca67f7-5972-4d24-aa72-2b30383c0672 6885091c83e34fa283cac9ba38b08523 95822310662349ffb77d6f538f98dff7 - - default default] No more DHCP agents
2026-04-28 18:34:58.378 9 WARNING neutron.api.rpc.agentnotifiers.dhcp_rpc_agent_api [None req-99ca67f7-5972-4d24-aa72-2b30383c0672 6885091c83e34fa283cac9ba38b08523 95822310662349ffb77d6f538f98dff7 - - default default] Unable to schedule network d55c1fcc-45a1-42a2-8d5a-d83203679d00: no agents available; will retry on subsequent port and subnet creation events.
2026-04-28 18:34:58.498 9 INFO neutron.db.ovn_revision_numbers_db [None req-99ca67f7-5972-4d24-aa72-2b30383c0672 6885091c83e34fa283cac9ba38b08523 95822310662349ffb77d6f538f98dff7 - - default default] Successfully bumped revision number for resource adc8400f-05d6-4bbe-9f19-b6553bdd57fa (type: ports) to 1
2026-04-28 18:34:58.511 10 WARNING neutron.scheduler.dhcp_agent_scheduler [None req-658a7de6-969f-42c7-9de4-92682395a5fa f0bd0d8de2544ab89963748df4e87f75 212cb579967649348ca1a06a7cdf7b61 - - default default] No more DHCP agents
2026-04-28 18:34:58.516 10 WARNING neutron.api.rpc.agentnotifiers.dhcp_rpc_agent_api [None req-658a7de6-969f-42c7-9de4-92682395a5fa f0bd0d8de2544ab89963748df4e87f75 212cb579967649348ca1a06a7cdf7b61 - - default default] Unable to schedule network 2f666b2a-9976-46e6-ac6a-f9da36babd23: no agents available; will retry on subsequent port and subnet creation events.
2026-04-28 18:34:58.612 9 INFO neutron.wsgi [None req-99ca67f7-5972-4d24-aa72-2b30383c0672 6885091c83e34fa283cac9ba38b08523 95822310662349ffb77d6f538f98dff7 - - default default] 10.0.0.85 "POST /v2.0/ports HTTP/1.1" status: 201 len: 942 time: 0.4824886 /var/lib/openstack/lib/python3.10/site-packages/pycadf/identifier.py:71: UserWarning: Invalid uuid: neutron. To ensure interoperability, identifiers should be a valid uuid. warnings.warn(('Invalid uuid: %s. To ensure interoperability, '
2026-04-28 18:34:58.896 10 INFO neutron.db.ovn_revision_numbers_db [None req-1dd9f0ca-fae8-4881-8998-e3f8810f7610 0f0dcb15db9540bd93d5a19339979594 4c2f6423ee59429b904d6948cb5d3103 - - default default] Successfully bumped revision number for resource dec4a006-2e05-4c12-8a56-e9ab83d5cb1d (type: security_groups) to 1
2026-04-28 18:34:58.922 10 INFO neutron.db.ovn_revision_numbers_db [None req-1dd9f0ca-fae8-4881-8998-e3f8810f7610 0f0dcb15db9540bd93d5a19339979594 4c2f6423ee59429b904d6948cb5d3103 - - default default] Successfully bumped revision number for resource 437e16ab-7fdd-4266-bc3d-380597b82aed (type: security_group_rules) to 0
2026-04-28 18:34:58.949 10 INFO neutron.db.ovn_revision_numbers_db [None req-1dd9f0ca-fae8-4881-8998-e3f8810f7610 0f0dcb15db9540bd93d5a19339979594 4c2f6423ee59429b904d6948cb5d3103 - - default default] Successfully bumped revision number for resource 46419d84-f5f9-49b3-b6fc-47bac1f6b55b (type: security_group_rules) to 0
2026-04-28 18:34:58.971 10 INFO neutron.db.ovn_revision_numbers_db [None req-1dd9f0ca-fae8-4881-8998-e3f8810f7610 0f0dcb15db9540bd93d5a19339979594 4c2f6423ee59429b904d6948cb5d3103 - - default default] Successfully bumped revision number for resource 4dc3f54c-7c55-41fc-a77b-ddad1006f478 (type: security_group_rules) to 0
2026-04-28 18:34:58.992 10 INFO neutron.db.ovn_revision_numbers_db [None req-1dd9f0ca-fae8-4881-8998-e3f8810f7610 0f0dcb15db9540bd93d5a19339979594 4c2f6423ee59429b904d6948cb5d3103 - - default default] Successfully bumped revision number for resource 5f79b951-032c-4546-95c2-24f69018d432 (type: security_group_rules) to 0
2026-04-28 18:34:59.049 10 INFO neutron.db.segments_db [None req-1dd9f0ca-fae8-4881-8998-e3f8810f7610 0f0dcb15db9540bd93d5a19339979594 4c2f6423ee59429b904d6948cb5d3103 - - default default] Added segment 74b050d3-d0a4-495b-a051-75acd966e371 of type geneve for network d426dfff-f227-44a2-b9a0-762aa8df2065
2026-04-28 18:34:59.072 10 INFO neutron.db.ovn_revision_numbers_db [None req-658a7de6-969f-42c7-9de4-92682395a5fa f0bd0d8de2544ab89963748df4e87f75 212cb579967649348ca1a06a7cdf7b61 - - default default] Successfully bumped revision number for resource 2ef7c9a2-92d6-49f5-b602-75b7bf0d6cc6 (type: ports) to 2
2026-04-28 18:34:59.117 9 INFO neutron.wsgi [None req-37f686a0-f277-4093-b119-3b120cb56896 6885091c83e34fa283cac9ba38b08523 95822310662349ffb77d6f538f98dff7 - - default default] 10.0.0.85 "POST /v2.0/trunks HTTP/1.1" status: 201 len: 608 time: 0.4967597
2026-04-28 18:34:59.121 10 INFO neutron.db.ovn_revision_numbers_db [None req-658a7de6-969f-42c7-9de4-92682395a5fa f0bd0d8de2544ab89963748df4e87f75 212cb579967649348ca1a06a7cdf7b61 - - default default] Successfully bumped revision number for resource 6793a663-589f-4931-ab65-12f421d99fb2 (type: subnets) to 0
2026-04-28 18:34:59.148 9 INFO neutron.wsgi [None req-4946534d-a500-4728-8dd9-6dfc3722a5ae 6885091c83e34fa283cac9ba38b08523 95822310662349ffb77d6f538f98dff7 - - default default] 10.0.0.85 "PUT /v2.0/trunks/1da72505-e454-466c-a542-d6d464b6754a/tags HTTP/1.1" status: 200 len: 218 time: 0.0262356
2026-04-28 18:34:59.159 10 INFO neutron.wsgi [None req-658a7de6-969f-42c7-9de4-92682395a5fa f0bd0d8de2544ab89963748df4e87f75 212cb579967649348ca1a06a7cdf7b61 - - default default] 10.0.0.85 "POST /v2.0/subnets HTTP/1.1" status: 201 len: 804 time: 0.9434304
2026-04-28 18:34:59.204 9 INFO neutron.wsgi [None req-39cfd527-15e6-42f9-a75f-b4c915b81c0a 6885091c83e34fa283cac9ba38b08523 95822310662349ffb77d6f538f98dff7 - - default default] 10.0.0.85 "GET /v2.0/trunks/1da72505-e454-466c-a542-d6d464b6754a/tags HTTP/1.1" status: 200 len: 218 time: 0.0451219
2026-04-28 18:34:59.215 10 INFO neutron.db.ovn_revision_numbers_db [None req-1dd9f0ca-fae8-4881-8998-e3f8810f7610 0f0dcb15db9540bd93d5a19339979594 4c2f6423ee59429b904d6948cb5d3103 - - default default] Successfully bumped revision number for resource d426dfff-f227-44a2-b9a0-762aa8df2065 (type: networks) to 1
2026-04-28 18:34:59.223 9 INFO neutron.wsgi [None req-2a81a644-896b-4ce5-a42f-2d912f39af15 f0bd0d8de2544ab89963748df4e87f75 212cb579967649348ca1a06a7cdf7b61 - - default default] 10.0.0.85 "PUT /v2.0/subnets/29267cde-7ca1-468c-b990-e421abc4fc7c/tags HTTP/1.1" status: 200 len: 210 time: 0.0568581
2026-04-28 18:34:59.252 10 INFO neutron.wsgi [None req-e95e478c-39a6-4266-bd2b-e92f3728142d 6885091c83e34fa283cac9ba38b08523 95822310662349ffb77d6f538f98dff7 - - default default] 10.0.0.85 "PUT /v2.0/trunks/1da72505-e454-466c-a542-d6d464b6754a/tags/green HTTP/1.1" status: 201 len: 201 time: 0.0424583
2026-04-28 18:34:59.276 9 INFO neutron.wsgi [None req-a412ae83-1ede-4d3d-aadb-3779c71a937e 6885091c83e34fa283cac9ba38b08523 95822310662349ffb77d6f538f98dff7 - - default default] 10.0.0.85 "GET /v2.0/trunks/1da72505-e454-466c-a542-d6d464b6754a/tags HTTP/1.1" status: 200 len: 227 time: 0.0182550
2026-04-28 18:34:59.282 9 INFO neutron.wsgi [None req-e6b26dd7-184c-4cc1-92c3-3e6a10a9c87b f0bd0d8de2544ab89963748df4e87f75 212cb579967649348ca1a06a7cdf7b61 - - default default] 10.0.0.85 "PUT /v2.0/subnets/25447684-21dd-45fa-a907-3ee0ea1ac066/tags HTTP/1.1" status: 200 len: 218 time: 0.0539918
2026-04-28 18:34:59.299 10 INFO neutron.wsgi [None req-3304b522-6102-4a41-a153-83c3673eca0a 6885091c83e34fa283cac9ba38b08523 95822310662349ffb77d6f538f98dff7 - - default default] 10.0.0.85 "PUT /v2.0/trunks/1da72505-e454-466c-a542-d6d464b6754a/tags/red HTTP/1.1" status: 201 len: 201 time: 0.0188301
2026-04-28 18:34:59.327 10 INFO neutron.wsgi [None req-89b207bc-5166-4119-b5dc-822fa053ee0c 6885091c83e34fa283cac9ba38b08523 95822310662349ffb77d6f538f98dff7 - - default default] 10.0.0.85 "GET /v2.0/trunks/1da72505-e454-466c-a542-d6d464b6754a/tags HTTP/1.1" status: 200 len: 227 time: 0.0231323
2026-04-28 18:34:59.332 9 INFO neutron.wsgi [None req-d67bf6df-dcaa-4320-b034-91d5245eec4e f0bd0d8de2544ab89963748df4e87f75 212cb579967649348ca1a06a7cdf7b61 - - default default] 10.0.0.85 "PUT /v2.0/subnets/38d63a68-e05c-43a2-ae6f-a8faddb83e0f/tags HTTP/1.1" status: 200 len: 227 time: 0.0449984
2026-04-28 18:34:59.365 10 INFO neutron.wsgi [None req-86e470b6-6b45-4c00-a2e7-eb5d486ddbe0 6885091c83e34fa283cac9ba38b08523 95822310662349ffb77d6f538f98dff7 - - default default] 10.0.0.85 "PUT /v2.0/trunks/1da72505-e454-466c-a542-d6d464b6754a/tags/black.or.white HTTP/1.1" status: 201 len: 201 time: 0.0324306
2026-04-28 18:34:59.367 9 INFO neutron.wsgi [None req-829cfc84-7d69-4d55-82c7-32f6e53bf3ba f0bd0d8de2544ab89963748df4e87f75 212cb579967649348ca1a06a7cdf7b61 - - default default] 10.0.0.85 "PUT /v2.0/subnets/486d8087-e17d-4bcc-82d4-71abba770179/tags HTTP/1.1" status: 200 len: 212 time: 0.0314872
2026-04-28 18:34:59.394 10 INFO neutron.wsgi [None req-9abf86b6-879b-476d-abc8-7fa4ee4d26de 6885091c83e34fa283cac9ba38b08523 95822310662349ffb77d6f538f98dff7 - - default default] 10.0.0.85 "GET /v2.0/trunks/1da72505-e454-466c-a542-d6d464b6754a/tags HTTP/1.1" status: 200 len: 245 time: 0.0220191
2026-04-28 18:34:59.406 10 WARNING neutron.scheduler.dhcp_agent_scheduler [None req-1dd9f0ca-fae8-4881-8998-e3f8810f7610 0f0dcb15db9540bd93d5a19339979594 4c2f6423ee59429b904d6948cb5d3103 - - default default] No more DHCP agents
2026-04-28 18:34:59.410 10 WARNING neutron.api.rpc.agentnotifiers.dhcp_rpc_agent_api [None req-1dd9f0ca-fae8-4881-8998-e3f8810f7610 0f0dcb15db9540bd93d5a19339979594 4c2f6423ee59429b904d6948cb5d3103 - - default default] Unable to schedule network d426dfff-f227-44a2-b9a0-762aa8df2065: no agents available; will retry on subsequent port and subnet creation events.
2026-04-28 18:34:59.422 9 INFO neutron.wsgi [None req-fcf198ee-55d1-4c38-a4c1-e0771387c08d f0bd0d8de2544ab89963748df4e87f75 212cb579967649348ca1a06a7cdf7b61 - - default default] 10.0.0.85 "GET /v2.0/subnets?tags=red HTTP/1.1" status: 200 len: 2027 time: 0.0488124
2026-04-28 18:34:59.449 10 INFO neutron.wsgi [None req-ba6ee43a-51c8-4256-8a17-4f681bd1ef90 6885091c83e34fa283cac9ba38b08523 95822310662349ffb77d6f538f98dff7 - - default default] 10.0.0.85 "PUT /v2.0/trunks/1da72505-e454-466c-a542-d6d464b6754a/tags HTTP/1.1" status: 200 len: 230 time: 0.0503669
2026-04-28 18:34:59.468 10 INFO neutron.wsgi [None req-bdd21cfc-417e-4daf-bfca-cade59f0caba 6885091c83e34fa283cac9ba38b08523 95822310662349ffb77d6f538f98dff7 - - default default] 10.0.0.85 "GET /v2.0/trunks/1da72505-e454-466c-a542-d6d464b6754a/tags HTTP/1.1" status: 200 len: 230 time: 0.0145652
2026-04-28 18:34:59.491 9 INFO neutron.wsgi [None req-caeaae83-2e41-4513-96ed-1a56109339f8 f0bd0d8de2544ab89963748df4e87f75 212cb579967649348ca1a06a7cdf7b61 - - default default] 10.0.0.85 "GET /v2.0/subnets?tags=red%2Cblue HTTP/1.1" status: 200 len: 1430 time: 0.0627763
