2026-04-28 18:33:42.139 10 INFO neutron.wsgi [req-b2e325fb-6129-4c3a-8842-e7d5e6f9d25d req-15c76b87-8967-4ea4-9b3d-d1bc70aa5337 54b88280dc1646d2a79d662e64c0d724 4f8eb4083741407ab21daa902d3eeb03 - - e62532941e864b8ba3623ffc54f3df85 e62532941e864b8ba3623ffc54f3df85] 199.19.213.209 "GET /v2.0/networks?id=1b2bd72f-5f03-45de-86b1-a6c30089628c HTTP/1.1" status: 200 len: 959 time: 0.1295273
2026-04-28 18:33:42.272 10 INFO neutron.wsgi [req-b2e325fb-6129-4c3a-8842-e7d5e6f9d25d req-553bdca3-5909-46c2-98f8-cba8e280ff0d 54b88280dc1646d2a79d662e64c0d724 4f8eb4083741407ab21daa902d3eeb03 - - e62532941e864b8ba3623ffc54f3df85 e62532941e864b8ba3623ffc54f3df85] 199.19.213.209 "GET /v2.0/floatingips?fixed_ip_address=10.100.0.8&port_id=30632647-db97-42cb-a991-195db4a7be4d HTTP/1.1" status: 200 len: 1059 time: 0.1261065
2026-04-28 18:33:42.372 10 INFO neutron.wsgi [req-b2e325fb-6129-4c3a-8842-e7d5e6f9d25d req-9ac7de03-8679-433b-a1b5-a5791e4ced6d 54b88280dc1646d2a79d662e64c0d724 4f8eb4083741407ab21daa902d3eeb03 - - e62532941e864b8ba3623ffc54f3df85 e62532941e864b8ba3623ffc54f3df85] 199.19.213.209 "GET /v2.0/subnets?id=14b84686-745e-4392-974d-0b840c872909 HTTP/1.1" status: 200 len: 853 time: 0.0896001
2026-04-28 18:33:42.373 10 WARNING neutron.scheduler.dhcp_agent_scheduler [None req-60dca5f8-1459-471a-81bd-0f2719a74983 7999b757e8e44cae9e505c7df9e63eae f381fd52315f4e18b1fefc876c139585 - - default default] No more DHCP agents
2026-04-28 18:33:42.384 10 WARNING neutron.api.rpc.agentnotifiers.dhcp_rpc_agent_api [None req-60dca5f8-1459-471a-81bd-0f2719a74983 7999b757e8e44cae9e505c7df9e63eae f381fd52315f4e18b1fefc876c139585 - - default default] Unable to schedule network 3fa80187-7caa-4c14-8d2a-92dd544d7fd5: no agents available; will retry on subsequent port and subnet creation events.
2026-04-28 18:33:42.411 10 INFO neutron.wsgi [req-b2e325fb-6129-4c3a-8842-e7d5e6f9d25d req-853763a2-7ed6-440d-b1b9-c2e60325b8b4 54b88280dc1646d2a79d662e64c0d724 4f8eb4083741407ab21daa902d3eeb03 - - e62532941e864b8ba3623ffc54f3df85 e62532941e864b8ba3623ffc54f3df85] 199.19.213.209 "GET /v2.0/ports?network_id=1b2bd72f-5f03-45de-86b1-a6c30089628c&device_owner=network%3Adhcp HTTP/1.1" status: 200 len: 210 time: 0.0321176
2026-04-28 18:33:42.565 10 INFO neutron.db.ovn_revision_numbers_db [None req-60dca5f8-1459-471a-81bd-0f2719a74983 7999b757e8e44cae9e505c7df9e63eae f381fd52315f4e18b1fefc876c139585 - - default default] Successfully bumped revision number for resource ed78f6d6-d0da-4799-b1ab-fa34d5e5503f (type: ports) to 1
2026-04-28 18:33:42.568 10 INFO neutron.db.ovn_revision_numbers_db [None req-8972f9e7-a5a9-46c8-939b-eb1d31a2fa45 59747539a3a643aba46985210a5b5458 30c8a666b62f4cf7988f164ad218d9f7 - - default default] Successfully bumped revision number for resource 08d37902-235c-4820-abc1-b7466fcb94c6 (type: security_groups) to 1
2026-04-28 18:33:42.570 10 INFO neutron.wsgi [req-b2e325fb-6129-4c3a-8842-e7d5e6f9d25d req-353813f8-a411-43b7-ac7e-a994ca7444d7 54b88280dc1646d2a79d662e64c0d724 4f8eb4083741407ab21daa902d3eeb03 - - e62532941e864b8ba3623ffc54f3df85 e62532941e864b8ba3623ffc54f3df85] 199.19.213.209 "GET /v2.0/networks/1b2bd72f-5f03-45de-86b1-a6c30089628c?fields=segments HTTP/1.1" status: 200 len: 212 time: 0.1394644 /var/lib/openstack/lib/python3.10/site-packages/pycadf/identifier.py:71: UserWarning: Invalid uuid: neutron. To ensure interoperability, identifiers should be a valid uuid. warnings.warn(('Invalid uuid: %s. To ensure interoperability, '
2026-04-28 18:33:42.611 10 INFO neutron.db.ovn_revision_numbers_db [None req-8972f9e7-a5a9-46c8-939b-eb1d31a2fa45 59747539a3a643aba46985210a5b5458 30c8a666b62f4cf7988f164ad218d9f7 - - default default] Successfully bumped revision number for resource 12e21c19-ad3d-4670-8cc1-39775dd655e8 (type: security_group_rules) to 0
2026-04-28 18:33:42.666 10 INFO neutron.db.ovn_revision_numbers_db [None req-8972f9e7-a5a9-46c8-939b-eb1d31a2fa45 59747539a3a643aba46985210a5b5458 30c8a666b62f4cf7988f164ad218d9f7 - - default default] Successfully bumped revision number for resource 8c6d6d40-49f0-4e6c-88d3-92387e0d084d (type: security_group_rules) to 0
2026-04-28 18:33:42.722 10 INFO neutron.db.ovn_revision_numbers_db [None req-8972f9e7-a5a9-46c8-939b-eb1d31a2fa45 59747539a3a643aba46985210a5b5458 30c8a666b62f4cf7988f164ad218d9f7 - - default default] Successfully bumped revision number for resource e6dfda08-840e-4d85-8448-6aaa08faa83f (type: security_group_rules) to 0
2026-04-28 18:33:42.732 10 INFO neutron.wsgi [req-b2e325fb-6129-4c3a-8842-e7d5e6f9d25d req-1b815249-4e8f-4f81-9a11-20beeefb7666 54b88280dc1646d2a79d662e64c0d724 4f8eb4083741407ab21daa902d3eeb03 - - e62532941e864b8ba3623ffc54f3df85 e62532941e864b8ba3623ffc54f3df85] 199.19.213.209 "GET /v2.0/networks/1b2bd72f-5f03-45de-86b1-a6c30089628c?fields=provider%3Aphysical_network&fields=provider%3Anetwork_type HTTP/1.1" status: 200 len: 277 time: 0.1572969
2026-04-28 18:33:42.767 10 INFO neutron.db.ovn_revision_numbers_db [None req-8972f9e7-a5a9-46c8-939b-eb1d31a2fa45 59747539a3a643aba46985210a5b5458 30c8a666b62f4cf7988f164ad218d9f7 - - default default] Successfully bumped revision number for resource e96a2e9a-0b25-4acd-9a5d-7c7d78fe5afe (type: security_group_rules) to 0
2026-04-28 18:33:42.782 10 INFO neutron.db.ovn_revision_numbers_db [None req-60dca5f8-1459-471a-81bd-0f2719a74983 7999b757e8e44cae9e505c7df9e63eae f381fd52315f4e18b1fefc876c139585 - - default default] Successfully bumped revision number for resource 604a0624-3414-4510-be09-56a944d6e458 (type: networks) to 1
2026-04-28 18:33:42.838 10 INFO neutron.db.segments_db [None req-8972f9e7-a5a9-46c8-939b-eb1d31a2fa45 59747539a3a643aba46985210a5b5458 30c8a666b62f4cf7988f164ad218d9f7 - - default default] Added segment af0b1e51-035b-4947-82a1-8149ee41c2c9 of type geneve for network 8cb85a6a-a905-467f-b847-5555b306c916
2026-04-28 18:33:42.979 10 INFO neutron.db.ovn_revision_numbers_db [None req-1085a686-3408-464f-a3c0-f5ac550399cc 2bc8179a77fc4ec382d9136c9588be93 4f242bf286bc42018e9d6c06103c03a0 - - default default] Successfully bumped revision number for resource f968b753-4231-4467-818b-dad16675e23a (type: ports) to 3
2026-04-28 18:33:43.111 10 INFO neutron.db.ovn_revision_numbers_db [None req-8972f9e7-a5a9-46c8-939b-eb1d31a2fa45 59747539a3a643aba46985210a5b5458 30c8a666b62f4cf7988f164ad218d9f7 - - default default] Successfully bumped revision number for resource 8cb85a6a-a905-467f-b847-5555b306c916 (type: networks) to 1
2026-04-28 18:33:43.147 10 WARNING neutron.scheduler.dhcp_agent_scheduler [None req-60dca5f8-1459-471a-81bd-0f2719a74983 7999b757e8e44cae9e505c7df9e63eae f381fd52315f4e18b1fefc876c139585 - - default default] No more DHCP agents
2026-04-28 18:33:43.151 10 WARNING neutron.api.rpc.agentnotifiers.dhcp_rpc_agent_api [None req-60dca5f8-1459-471a-81bd-0f2719a74983 7999b757e8e44cae9e505c7df9e63eae f381fd52315f4e18b1fefc876c139585 - - default default] Unable to schedule network 604a0624-3414-4510-be09-56a944d6e458: no agents available; will retry on subsequent port and subnet creation events.
2026-04-28 18:33:43.156 10 WARNING neutron.scheduler.dhcp_agent_scheduler [None req-1085a686-3408-464f-a3c0-f5ac550399cc 2bc8179a77fc4ec382d9136c9588be93 4f242bf286bc42018e9d6c06103c03a0 - - default default] No more DHCP agents
2026-04-28 18:33:43.162 10 WARNING neutron.api.rpc.agentnotifiers.dhcp_rpc_agent_api [None req-1085a686-3408-464f-a3c0-f5ac550399cc 2bc8179a77fc4ec382d9136c9588be93 4f242bf286bc42018e9d6c06103c03a0 - - default default] Unable to schedule network 8cb2e3ed-d309-47e5-999e-65229568701c: no agents available; will retry on subsequent port and subnet creation events.
2026-04-28 18:33:43.337 10 INFO neutron.db.ovn_revision_numbers_db [None req-60dca5f8-1459-471a-81bd-0f2719a74983 7999b757e8e44cae9e505c7df9e63eae f381fd52315f4e18b1fefc876c139585 - - default default] Successfully bumped revision number for resource d8ac76d1-bfb1-4bce-9522-e5ffa17d2454 (type: ports) to 1
2026-04-28 18:33:43.394 10 INFO neutron.wsgi [None req-60dca5f8-1459-471a-81bd-0f2719a74983 7999b757e8e44cae9e505c7df9e63eae f381fd52315f4e18b1fefc876c139585 - - default default] 10.0.0.85 "POST /v2.0/networks HTTP/1.1" status: 201 len: 1445 time: 2.6602156 /var/lib/openstack/lib/python3.10/site-packages/pycadf/identifier.py:71: UserWarning: Invalid uuid: neutron. To ensure interoperability, identifiers should be a valid uuid. warnings.warn(('Invalid uuid: %s. To ensure interoperability, '
2026-04-28 18:33:43.444 10 WARNING neutron.scheduler.dhcp_agent_scheduler [None req-8972f9e7-a5a9-46c8-939b-eb1d31a2fa45 59747539a3a643aba46985210a5b5458 30c8a666b62f4cf7988f164ad218d9f7 - - default default] No more DHCP agents
2026-04-28 18:33:43.449 10 WARNING neutron.api.rpc.agentnotifiers.dhcp_rpc_agent_api [None req-8972f9e7-a5a9-46c8-939b-eb1d31a2fa45 59747539a3a643aba46985210a5b5458 30c8a666b62f4cf7988f164ad218d9f7 - - default default] Unable to schedule network 8cb85a6a-a905-467f-b847-5555b306c916: no agents available; will retry on subsequent port and subnet creation events.
2026-04-28 18:33:43.560 10 INFO neutron.db.ovn_revision_numbers_db [None req-1085a686-3408-464f-a3c0-f5ac550399cc 2bc8179a77fc4ec382d9136c9588be93 4f242bf286bc42018e9d6c06103c03a0 - - default default] Successfully bumped revision number for resource f968b753-4231-4467-818b-dad16675e23a (type: router_ports) to 3
2026-04-28 18:33:43.563 10 INFO neutron.wsgi [None req-1085a686-3408-464f-a3c0-f5ac550399cc 2bc8179a77fc4ec382d9136c9588be93 4f242bf286bc42018e9d6c06103c03a0 - - default default] 10.0.0.85 "PUT /v2.0/routers/bb80c107-db09-43c9-ba45-89273f7b69d1/add_router_interface HTTP/1.1" status: 200 len: 503 time: 3.0399840
2026-04-28 18:33:43.576 10 INFO neutron.db.ovn_revision_numbers_db [None req-8972f9e7-a5a9-46c8-939b-eb1d31a2fa45 59747539a3a643aba46985210a5b5458 30c8a666b62f4cf7988f164ad218d9f7 - - default default] Successfully bumped revision number for resource 16a4813f-681f-44cc-b448-99817a0da2e7 (type: ports) to 1
2026-04-28 18:33:43.631 10 INFO neutron.wsgi [None req-8972f9e7-a5a9-46c8-939b-eb1d31a2fa45 59747539a3a643aba46985210a5b5458 30c8a666b62f4cf7988f164ad218d9f7 - - default default] 10.0.0.85 "POST /v2.0/networks HTTP/1.1" status: 201 len: 847 time: 1.6610105
2026-04-28 18:33:43.665 10 INFO neutron.wsgi [None req-5c14f6d6-4250-446c-8c75-d7c386a96c4d 2bc8179a77fc4ec382d9136c9588be93 4f242bf286bc42018e9d6c06103c03a0 - - default default] 10.0.0.85 "GET /v2.0/ports/f968b753-4231-4467-818b-dad16675e23a HTTP/1.1" status: 200 len: 1204 time: 0.0959063
2026-04-28 18:33:43.726 9 INFO neutron.wsgi [None req-c838cf38-d4c6-44f9-85a0-e93236ec75ae 7999b757e8e44cae9e505c7df9e63eae f381fd52315f4e18b1fefc876c139585 - - default default] 10.0.0.85 "GET /v2.0/networks HTTP/1.1" status: 200 len: 2051 time: 0.3232987
2026-04-28 18:33:44.055 9 INFO neutron.services.segments.plugin [-] Segment ec8eed44-7d88-4685-83b2-4a3404e5a48e resource provider aggregate not found
2026-04-28 18:33:44.061 9 INFO neutron.services.segments.plugin [-] Segment ec8eed44-7d88-4685-83b2-4a3404e5a48e resource provider aggregate not found
2026-04-28 18:33:44.077 9 INFO neutron.services.segments.plugin [-] Segment ec8eed44-7d88-4685-83b2-4a3404e5a48e resource provider not found; error: Placement Client Error (4xx): {"errors": [{"status": 404, "title": "Not Found", "detail": "The resource could not be found.\n\n No resource provider with uuid ec8eed44-7d88-4685-83b2-4a3404e5a48e found for delete ", "request_id": "req-198e0f29-1a79-499b-8d95-d5045366feb7"}]}
2026-04-28 18:33:44.079 9 INFO neutron.services.segments.plugin [-] Segment ec8eed44-7d88-4685-83b2-4a3404e5a48e resource provider not found; error: Placement Client Error (4xx): {"errors": [{"status": 404, "title": "Not Found", "detail": "The resource could not be found.\n\n No resource provider with uuid ec8eed44-7d88-4685-83b2-4a3404e5a48e found for delete ", "request_id": "req-9796e08a-f18e-4ed2-bc4f-5ee320d05222"}]}
2026-04-28 18:33:44.100 9 INFO neutron.wsgi [None req-3a7b75c2-c9f9-498b-88d0-8b575ccbf452 7999b757e8e44cae9e505c7df9e63eae f381fd52315f4e18b1fefc876c139585 - - default default] 10.0.0.85 "DELETE /v2.0/networks/3fa80187-7caa-4c14-8d2a-92dd544d7fd5 HTTP/1.1" status: 204 len: 168 time: 0.3698108
2026-04-28 18:33:44.373 10 WARNING neutron.scheduler.dhcp_agent_scheduler [None req-1ccdb3f7-f48a-427e-b4b6-dabc23a3743d 59747539a3a643aba46985210a5b5458 30c8a666b62f4cf7988f164ad218d9f7 - - default default] No more DHCP agents
2026-04-28 18:33:44.376 10 WARNING neutron.api.rpc.agentnotifiers.dhcp_rpc_agent_api [None req-1ccdb3f7-f48a-427e-b4b6-dabc23a3743d 59747539a3a643aba46985210a5b5458 30c8a666b62f4cf7988f164ad218d9f7 - - default default] Unable to schedule network 8cb85a6a-a905-467f-b847-5555b306c916: no agents available; will retry on subsequent port and subnet creation events.
2026-04-28 18:33:44.481 10 INFO neutron.db.ovn_revision_numbers_db [None req-1ccdb3f7-f48a-427e-b4b6-dabc23a3743d 59747539a3a643aba46985210a5b5458 30c8a666b62f4cf7988f164ad218d9f7 - - default default] Successfully bumped revision number for resource 9297ee63-3588-44d1-9364-0223f916175f (type: ports) to 1
2026-04-28 18:33:44.520 10 INFO neutron.wsgi [None req-1ccdb3f7-f48a-427e-b4b6-dabc23a3743d 59747539a3a643aba46985210a5b5458 30c8a666b62f4cf7988f164ad218d9f7 - - default default] 10.0.0.85 "POST /v2.0/ports HTTP/1.1" status: 201 len: 978 time: 0.8824015 /var/lib/openstack/lib/python3.10/site-packages/pycadf/identifier.py:71: UserWarning: Invalid uuid: neutron. To ensure interoperability, identifiers should be a valid uuid. warnings.warn(('Invalid uuid: %s. To ensure interoperability, '
2026-04-28 18:33:44.537 9 INFO neutron.wsgi [None req-b43307ad-2090-4f3a-b9fc-e192dc65f09f 7999b757e8e44cae9e505c7df9e63eae f381fd52315f4e18b1fefc876c139585 - - default default] 10.0.0.85 "DELETE /v2.0/networks/604a0624-3414-4510-be09-56a944d6e458 HTTP/1.1" status: 204 len: 168 time: 0.4303370
2026-04-28 18:33:44.613 9 INFO neutron.wsgi [None req-b9d68b89-be42-4624-b8ab-6274ce651304 7999b757e8e44cae9e505c7df9e63eae f381fd52315f4e18b1fefc876c139585 - - default default] 10.0.0.85 "GET /v2.0/networks HTTP/1.1" status: 200 len: 845 time: 0.0693567
2026-04-28 18:33:44.640 10 INFO neutron.db.segments_db [None req-74bdcf96-18c1-4df9-aad1-fceb8a4040d7 59747539a3a643aba46985210a5b5458 30c8a666b62f4cf7988f164ad218d9f7 - - default default] Added segment 689f8379-eb5a-474c-8f8b-ddc94d95cb94 of type geneve for network 1d84329b-5e18-4d5a-b1b5-4f442a860689
2026-04-28 18:33:44.708 9 INFO neutron.db.segments_db [None req-c4cee0c5-0adf-43bb-b28b-5cdcce4c9036 7999b757e8e44cae9e505c7df9e63eae f381fd52315f4e18b1fefc876c139585 - - default default] Added segment 58e3a6c8-124f-43db-993c-7bf0e2cae097 of type geneve for network c021a1be-e273-4516-b887-a092ff7207c5
2026-04-28 18:33:44.859 10 INFO neutron.wsgi [None req-8d0079dc-3a21-429f-ab04-6e32bca03c4e 2bc8179a77fc4ec382d9136c9588be93 4f242bf286bc42018e9d6c06103c03a0 - - default default] 10.0.0.85 "PUT /v2.0/routers/bb80c107-db09-43c9-ba45-89273f7b69d1/remove_router_interface HTTP/1.1" status: 200 len: 503 time: 1.1865704 /var/lib/openstack/lib/python3.10/site-packages/pycadf/identifier.py:71: UserWarning: Invalid uuid: neutron. To ensure interoperability, identifiers should be a valid uuid. warnings.warn(('Invalid uuid: %s. To ensure interoperability, '
2026-04-28 18:33:44.871 10 INFO neutron.db.ovn_revision_numbers_db [None req-74bdcf96-18c1-4df9-aad1-fceb8a4040d7 59747539a3a643aba46985210a5b5458 30c8a666b62f4cf7988f164ad218d9f7 - - default default] Successfully bumped revision number for resource 1d84329b-5e18-4d5a-b1b5-4f442a860689 (type: networks) to 1
2026-04-28 18:33:44.875 9 INFO neutron.db.ovn_revision_numbers_db [None req-c4cee0c5-0adf-43bb-b28b-5cdcce4c9036 7999b757e8e44cae9e505c7df9e63eae f381fd52315f4e18b1fefc876c139585 - - default default] Successfully bumped revision number for resource c021a1be-e273-4516-b887-a092ff7207c5 (type: networks) to 1
2026-04-28 18:33:44.931 10 INFO neutron.api.v2.resource [None req-82ea2466-d950-41cd-834b-915af13b70b0 2bc8179a77fc4ec382d9136c9588be93 4f242bf286bc42018e9d6c06103c03a0 - - default default] remove_router_interface failed (client error): The resource could not be found.
2026-04-28 18:33:44.932 10 INFO neutron.wsgi [None req-82ea2466-d950-41cd-834b-915af13b70b0 2bc8179a77fc4ec382d9136c9588be93 4f242bf286bc42018e9d6c06103c03a0 - - default default] 10.0.0.85 "PUT /v2.0/routers/bb80c107-db09-43c9-ba45-89273f7b69d1/remove_router_interface HTTP/1.1" status: 404 len: 398 time: 0.0676661
2026-04-28 18:33:44.960 10 INFO neutron.wsgi [None req-8ae14b68-b7b2-438f-a295-54aab857db9d 2bc8179a77fc4ec382d9136c9588be93 4f242bf286bc42018e9d6c06103c03a0 - - default default] 10.0.0.85 "GET /v2.0/ports?device_id=bb80c107-db09-43c9-ba45-89273f7b69d1 HTTP/1.1" status: 200 len: 205 time: 0.0229704
2026-04-28 18:33:45.043 9 WARNING neutron.scheduler.dhcp_agent_scheduler [None req-c4cee0c5-0adf-43bb-b28b-5cdcce4c9036 7999b757e8e44cae9e505c7df9e63eae f381fd52315f4e18b1fefc876c139585 - - default default] No more DHCP agents
2026-04-28 18:33:45.046 9 WARNING neutron.api.rpc.agentnotifiers.dhcp_rpc_agent_api [None req-c4cee0c5-0adf-43bb-b28b-5cdcce4c9036 7999b757e8e44cae9e505c7df9e63eae f381fd52315f4e18b1fefc876c139585 - - default default] Unable to schedule network c021a1be-e273-4516-b887-a092ff7207c5: no agents available; will retry on subsequent port and subnet creation events.
2026-04-28 18:33:45.121 9 INFO neutron.db.ovn_revision_numbers_db [None req-c4cee0c5-0adf-43bb-b28b-5cdcce4c9036 7999b757e8e44cae9e505c7df9e63eae f381fd52315f4e18b1fefc876c139585 - - default default] Successfully bumped revision number for resource 1ce5ca52-16a0-44cb-8fd0-3deaf06476fc (type: ports) to 1
2026-04-28 18:33:45.150 9 INFO neutron.wsgi [None req-c4cee0c5-0adf-43bb-b28b-5cdcce4c9036 7999b757e8e44cae9e505c7df9e63eae f381fd52315f4e18b1fefc876c139585 - - default default] 10.0.0.85 "POST /v2.0/networks HTTP/1.1" status: 201 len: 848 time: 0.5297167
2026-04-28 18:33:45.180 10 WARNING neutron.scheduler.dhcp_agent_scheduler [None req-74bdcf96-18c1-4df9-aad1-fceb8a4040d7 59747539a3a643aba46985210a5b5458 30c8a666b62f4cf7988f164ad218d9f7 - - default default] No more DHCP agents
2026-04-28 18:33:45.184 10 WARNING neutron.api.rpc.agentnotifiers.dhcp_rpc_agent_api [None req-74bdcf96-18c1-4df9-aad1-fceb8a4040d7 59747539a3a643aba46985210a5b5458 30c8a666b62f4cf7988f164ad218d9f7 - - default default] Unable to schedule network 1d84329b-5e18-4d5a-b1b5-4f442a860689: no agents available; will retry on subsequent port and subnet creation events.
2026-04-28 18:33:45.216 10 INFO neutron.wsgi [None req-48526e23-fb0c-47c5-bb93-81479edac103 2bc8179a77fc4ec382d9136c9588be93 4f242bf286bc42018e9d6c06103c03a0 - - default default] 10.0.0.85 "DELETE /v2.0/routers/bb80c107-db09-43c9-ba45-89273f7b69d1 HTTP/1.1" status: 204 len: 168 time: 0.2486558
2026-04-28 18:33:45.275 10 INFO neutron.db.segments_db [None req-255a8d1a-6790-4b6c-a1a3-974f60890e97 7999b757e8e44cae9e505c7df9e63eae f381fd52315f4e18b1fefc876c139585 - - default default] Added segment 7c515c45-2e9c-42d8-99f9-d0b2ed020725 of type geneve for network 97bc672c-5e39-4d83-86fd-d69434eda38a
2026-04-28 18:33:45.279 10 INFO neutron.db.ovn_revision_numbers_db [None req-74bdcf96-18c1-4df9-aad1-fceb8a4040d7 59747539a3a643aba46985210a5b5458 30c8a666b62f4cf7988f164ad218d9f7 - - default default] Successfully bumped revision number for resource a44084d7-c6de-4987-9b71-c3aebfd01444 (type: ports) to 1
2026-04-28 18:33:45.309 10 INFO neutron.wsgi [None req-74bdcf96-18c1-4df9-aad1-fceb8a4040d7 59747539a3a643aba46985210a5b5458 30c8a666b62f4cf7988f164ad218d9f7 - - default default] 10.0.0.85 "POST /v2.0/networks HTTP/1.1" status: 201 len: 835 time: 0.7834964
2026-04-28 18:33:45.439 10 INFO neutron.db.ovn_revision_numbers_db [None req-255a8d1a-6790-4b6c-a1a3-974f60890e97 7999b757e8e44cae9e505c7df9e63eae f381fd52315f4e18b1fefc876c139585 - - default default] Successfully bumped revision number for resource 97bc672c-5e39-4d83-86fd-d69434eda38a (type: networks) to 1
2026-04-28 18:33:45.444 9 INFO neutron.wsgi [None req-430d6e18-d1e2-40f6-bc14-17c2c6c059db 2bc8179a77fc4ec382d9136c9588be93 4f242bf286bc42018e9d6c06103c03a0 - - default default] 10.0.0.85 "DELETE /v2.0/subnets/e8211eaa-75f4-466b-bf7f-3d060f2db6f5 HTTP/1.1" status: 204 len: 168 time: 0.2231605
2026-04-28 18:33:45.635 10 WARNING neutron.scheduler.dhcp_agent_scheduler [None req-07cf9545-7683-4c4c-a46d-0139306bf245 59747539a3a643aba46985210a5b5458 30c8a666b62f4cf7988f164ad218d9f7 - - default default] No more DHCP agents
2026-04-28 18:33:45.641 10 WARNING neutron.api.rpc.agentnotifiers.dhcp_rpc_agent_api [None req-07cf9545-7683-4c4c-a46d-0139306bf245 59747539a3a643aba46985210a5b5458 30c8a666b62f4cf7988f164ad218d9f7 - - default default] Unable to schedule network 1d84329b-5e18-4d5a-b1b5-4f442a860689: no agents available; will retry on subsequent port and subnet creation events.
2026-04-28 18:33:45.652 10 WARNING neutron.scheduler.dhcp_agent_scheduler [None req-255a8d1a-6790-4b6c-a1a3-974f60890e97 7999b757e8e44cae9e505c7df9e63eae f381fd52315f4e18b1fefc876c139585 - - default default] No more DHCP agents
2026-04-28 18:33:45.659 10 WARNING neutron.api.rpc.agentnotifiers.dhcp_rpc_agent_api [None req-255a8d1a-6790-4b6c-a1a3-974f60890e97 7999b757e8e44cae9e505c7df9e63eae f381fd52315f4e18b1fefc876c139585 - - default default] Unable to schedule network 97bc672c-5e39-4d83-86fd-d69434eda38a: no agents available; will retry on subsequent port and subnet creation events.
2026-04-28 18:33:45.694 10 INFO neutron.db.ovn_revision_numbers_db [None req-07cf9545-7683-4c4c-a46d-0139306bf245 59747539a3a643aba46985210a5b5458 30c8a666b62f4cf7988f164ad218d9f7 - - default default] Successfully bumped revision number for resource daeb4a46-175b-4a64-ad39-a4681dcc7bd5 (type: subnets) to 0
2026-04-28 18:33:45.713 10 INFO neutron.wsgi [None req-07cf9545-7683-4c4c-a46d-0139306bf245 59747539a3a643aba46985210a5b5458 30c8a666b62f4cf7988f164ad218d9f7 - - default default] 10.0.0.85 "POST /v2.0/subnets HTTP/1.1" status: 201 len: 821 time: 0.3966038
2026-04-28 18:33:45.779 10 INFO neutron.db.ovn_revision_numbers_db [None req-255a8d1a-6790-4b6c-a1a3-974f60890e97 7999b757e8e44cae9e505c7df9e63eae f381fd52315f4e18b1fefc876c139585 - - default default] Successfully bumped revision number for resource 2b987062-685a-45a7-b889-f52b41ef4476 (type: ports) to 1
2026-04-28 18:33:45.805 10 INFO neutron.wsgi [None req-255a8d1a-6790-4b6c-a1a3-974f60890e97 7999b757e8e44cae9e505c7df9e63eae f381fd52315f4e18b1fefc876c139585 - - default default] 10.0.0.85 "POST /v2.0/networks HTTP/1.1" status: 201 len: 848 time: 0.6491220
2026-04-28 18:33:45.857 9 INFO neutron.wsgi [None req-77fa518b-79dd-4f57-8ef4-ec28638f9724 2bc8179a77fc4ec382d9136c9588be93 4f242bf286bc42018e9d6c06103c03a0 - - default default] 10.0.0.85 "DELETE /v2.0/networks/8cb2e3ed-d309-47e5-999e-65229568701c HTTP/1.1" status: 204 len: 168 time: 0.4073360
2026-04-28 18:33:45.952 9 INFO neutron.db.segments_db [None req-ebdf3625-bd57-4849-bd5b-2fef855d30e3 2bc8179a77fc4ec382d9136c9588be93 4f242bf286bc42018e9d6c06103c03a0 - - default default] Added segment f1a68774-9556-4f86-b5de-7194c9722a97 of type geneve for network 072028f1-7376-448f-a8b4-2384622036d9
2026-04-28 18:33:46.099 9 INFO neutron.db.ovn_revision_numbers_db [None req-ebdf3625-bd57-4849-bd5b-2fef855d30e3 2bc8179a77fc4ec382d9136c9588be93 4f242bf286bc42018e9d6c06103c03a0 - - default default] Successfully bumped revision number for resource 072028f1-7376-448f-a8b4-2384622036d9 (type: networks) to 1
2026-04-28 18:33:46.104 9 INFO neutron.services.segments.plugin [-] Segment cb949386-8abf-4ae5-8014-22c9e22becd6 resource provider aggregate not found
2026-04-28 18:33:46.110 9 INFO neutron.services.segments.plugin [-] Segment cb949386-8abf-4ae5-8014-22c9e22becd6 resource provider aggregate not found
2026-04-28 18:33:46.134 9 INFO neutron.services.segments.plugin [-] Segment cb949386-8abf-4ae5-8014-22c9e22becd6 resource provider not found; error: Placement Client Error (4xx): {"errors": [{"status": 404, "title": "Not Found", "detail": "The resource could not be found.\n\n No resource provider with uuid cb949386-8abf-4ae5-8014-22c9e22becd6 found for delete ", "request_id": "req-53cb82a2-7d7b-44d9-989c-2aa885f7c68a"}]}
2026-04-28 18:33:46.138 9 INFO neutron.services.segments.plugin [-] Segment cb949386-8abf-4ae5-8014-22c9e22becd6 resource provider not found; error: Placement Client Error (4xx): {"errors": [{"status": 404, "title": "Not Found", "detail": "The resource could not be found.\n\n No resource provider with uuid cb949386-8abf-4ae5-8014-22c9e22becd6 found for delete ", "request_id": "req-4256c335-0e92-493f-805b-3d4b6f0003d3"}]}
2026-04-28 18:33:46.156 9 INFO neutron.services.segments.plugin [-] Segment 10211ced-a489-4a38-80a1-d2846eb3dc4c resource provider aggregate not found
2026-04-28 18:33:46.164 9 INFO neutron.services.segments.plugin [-] Segment 10211ced-a489-4a38-80a1-d2846eb3dc4c resource provider aggregate not found
2026-04-28 18:33:46.172 9 INFO neutron.services.segments.plugin [-] Segment 10211ced-a489-4a38-80a1-d2846eb3dc4c resource provider not found; error: Placement Client Error (4xx): {"errors": [{"status": 404, "title": "Not Found", "detail": "The resource could not be found.\n\n No resource provider with uuid 10211ced-a489-4a38-80a1-d2846eb3dc4c found for delete ", "request_id": "req-ebd47245-5a52-4ed9-9929-aaf7dc394780"}]}
2026-04-28 18:33:46.182 9 INFO neutron.services.segments.plugin [-] Segment 10211ced-a489-4a38-80a1-d2846eb3dc4c resource provider not found; error: Placement Client Error (4xx): {"errors": [{"status": 404, "title": "Not Found", "detail": "The resource could not be found.\n\n No resource provider with uuid 10211ced-a489-4a38-80a1-d2846eb3dc4c found for delete ", "request_id": "req-70e8a592-c0f0-4d21-812b-6aabff4798d4"}]}
2026-04-28 18:33:46.193 10 WARNING neutron.scheduler.dhcp_agent_scheduler [None req-643e157e-daac-4cfd-8870-5311aa7ea952 59747539a3a643aba46985210a5b5458 30c8a666b62f4cf7988f164ad218d9f7 - - default default] No more DHCP agents
2026-04-28 18:33:46.196 10 WARNING neutron.api.rpc.agentnotifiers.dhcp_rpc_agent_api [None req-643e157e-daac-4cfd-8870-5311aa7ea952 59747539a3a643aba46985210a5b5458 30c8a666b62f4cf7988f164ad218d9f7 - - default default] Unable to schedule network 1d84329b-5e18-4d5a-b1b5-4f442a860689: no agents available; will retry on subsequent port and subnet creation events.
2026-04-28 18:33:46.301 9 WARNING neutron.scheduler.dhcp_agent_scheduler [None req-ebdf3625-bd57-4849-bd5b-2fef855d30e3 2bc8179a77fc4ec382d9136c9588be93 4f242bf286bc42018e9d6c06103c03a0 - - default default] No more DHCP agents
2026-04-28 18:33:46.304 9 WARNING neutron.api.rpc.agentnotifiers.dhcp_rpc_agent_api [None req-ebdf3625-bd57-4849-bd5b-2fef855d30e3 2bc8179a77fc4ec382d9136c9588be93 4f242bf286bc42018e9d6c06103c03a0 - - default default] Unable to schedule network 072028f1-7376-448f-a8b4-2384622036d9: no agents available; will retry on subsequent port and subnet creation events.
2026-04-28 18:33:46.320 10 INFO neutron.db.ovn_revision_numbers_db [None req-643e157e-daac-4cfd-8870-5311aa7ea952 59747539a3a643aba46985210a5b5458 30c8a666b62f4cf7988f164ad218d9f7 - - default default] Successfully bumped revision number for resource eb50b009-4338-48d6-af58-35e23447a251 (type: ports) to 1
2026-04-28 18:33:46.347 10 INFO neutron.wsgi [None req-643e157e-daac-4cfd-8870-5311aa7ea952 59747539a3a643aba46985210a5b5458 30c8a666b62f4cf7988f164ad218d9f7 - - default default] 10.0.0.85 "POST /v2.0/ports HTTP/1.1" status: 201 len: 1165 time: 0.6270478 /var/lib/openstack/lib/python3.10/site-packages/pycadf/identifier.py:71: UserWarning: Invalid uuid: neutron. To ensure interoperability, identifiers should be a valid uuid. warnings.warn(('Invalid uuid: %s. To ensure interoperability, '
2026-04-28 18:33:46.377 9 INFO neutron.db.ovn_revision_numbers_db [None req-ebdf3625-bd57-4849-bd5b-2fef855d30e3 2bc8179a77fc4ec382d9136c9588be93 4f242bf286bc42018e9d6c06103c03a0 - - default default] Successfully bumped revision number for resource eed9e20e-b6cd-4eb9-9a82-0b4bc4ac400f (type: ports) to 1
2026-04-28 18:33:46.399 9 INFO neutron.wsgi [None req-ebdf3625-bd57-4849-bd5b-2fef855d30e3 2bc8179a77fc4ec382d9136c9588be93 4f242bf286bc42018e9d6c06103c03a0 - - default default] 10.0.0.85 "POST /v2.0/networks HTTP/1.1" status: 201 len: 827 time: 0.5341003
2026-04-28 18:33:46.409 10 WARNING neutron.scheduler.dhcp_agent_scheduler [None req-e7cb5cb2-84f6-4d85-a365-60652f034bf8 7999b757e8e44cae9e505c7df9e63eae f381fd52315f4e18b1fefc876c139585 - - default default] No more DHCP agents
2026-04-28 18:33:46.415 10 WARNING neutron.api.rpc.agentnotifiers.dhcp_rpc_agent_api [None req-e7cb5cb2-84f6-4d85-a365-60652f034bf8 7999b757e8e44cae9e505c7df9e63eae f381fd52315f4e18b1fefc876c139585 - - default default] Unable to schedule network c021a1be-e273-4516-b887-a092ff7207c5: no agents available; will retry on subsequent port and subnet creation events.
2026-04-28 18:33:46.516 10 INFO neutron.db.ovn_revision_numbers_db [None req-e7cb5cb2-84f6-4d85-a365-60652f034bf8 7999b757e8e44cae9e505c7df9e63eae f381fd52315f4e18b1fefc876c139585 - - default default] Successfully bumped revision number for resource e4b897a2-5140-4e29-b42f-983e418db7f5 (type: ports) to 1
2026-04-28 18:33:46.558 10 WARNING neutron.scheduler.dhcp_agent_scheduler [None req-e7cb5cb2-84f6-4d85-a365-60652f034bf8 7999b757e8e44cae9e505c7df9e63eae f381fd52315f4e18b1fefc876c139585 - - default default] No more DHCP agents
2026-04-28 18:33:46.561 10 WARNING neutron.api.rpc.agentnotifiers.dhcp_rpc_agent_api [None req-e7cb5cb2-84f6-4d85-a365-60652f034bf8 7999b757e8e44cae9e505c7df9e63eae f381fd52315f4e18b1fefc876c139585 - - default default] Unable to schedule network 97bc672c-5e39-4d83-86fd-d69434eda38a: no agents available; will retry on subsequent port and subnet creation events.
2026-04-28 18:33:46.651 9 WARNING neutron.scheduler.dhcp_agent_scheduler [None req-4cc881b0-4b91-4bde-9c50-ac51dd3ab970 2bc8179a77fc4ec382d9136c9588be93 4f242bf286bc42018e9d6c06103c03a0 - - default default] No more DHCP agents
2026-04-28 18:33:46.654 9 WARNING neutron.api.rpc.agentnotifiers.dhcp_rpc_agent_api [None req-4cc881b0-4b91-4bde-9c50-ac51dd3ab970 2bc8179a77fc4ec382d9136c9588be93 4f242bf286bc42018e9d6c06103c03a0 - - default default] Unable to schedule network 072028f1-7376-448f-a8b4-2384622036d9: no agents available; will retry on subsequent port and subnet creation events.
2026-04-28 18:33:46.660 10 INFO neutron.db.ovn_revision_numbers_db [None req-e7cb5cb2-84f6-4d85-a365-60652f034bf8 7999b757e8e44cae9e505c7df9e63eae f381fd52315f4e18b1fefc876c139585 - - default default] Successfully bumped revision number for resource dc73c2cb-7211-4729-b708-6a5905f7706a (type: ports) to 1
2026-04-28 18:33:46.685 10 INFO neutron.wsgi [None req-e7cb5cb2-84f6-4d85-a365-60652f034bf8 7999b757e8e44cae9e505c7df9e63eae f381fd52315f4e18b1fefc876c139585 - - default default] 10.0.0.85 "POST /v2.0/ports HTTP/1.1" status: 201 len: 1706 time: 0.8729603 /var/lib/openstack/lib/python3.10/site-packages/pycadf/identifier.py:71: UserWarning: Invalid uuid: neutron. To ensure interoperability, identifiers should be a valid uuid. warnings.warn(('Invalid uuid: %s. To ensure interoperability, '
2026-04-28 18:33:46.714 10 INFO neutron.wsgi [None req-3862e826-e6c3-49ba-a34a-208166b48923 59747539a3a643aba46985210a5b5458 30c8a666b62f4cf7988f164ad218d9f7 - - default default] 10.0.0.85 "DELETE /v2.0/ports/eb50b009-4338-48d6-af58-35e23447a251 HTTP/1.1" status: 204 len: 168 time: 0.3540952
2026-04-28 18:33:46.737 10 INFO neutron.pecan_wsgi.hooks.translation [None req-8c21f3b2-0c18-4f7c-bb12-830cca26d873 59747539a3a643aba46985210a5b5458 30c8a666b62f4cf7988f164ad218d9f7 - - default default] DELETE failed (client error): The resource could not be found.
2026-04-28 18:33:46.739 10 INFO neutron.wsgi [None req-8c21f3b2-0c18-4f7c-bb12-830cca26d873 59747539a3a643aba46985210a5b5458 30c8a666b62f4cf7988f164ad218d9f7 - - default default] 10.0.0.85 "DELETE /v2.0/ports/eb50b009-4338-48d6-af58-35e23447a251 HTTP/1.1" status: 404 len: 333 time: 0.0193679
2026-04-28 18:33:46.771 10 INFO neutron.pecan_wsgi.hooks.translation [None req-7b2edb8f-16f1-4a2a-81bf-9a5fe1055c85 59747539a3a643aba46985210a5b5458 30c8a666b62f4cf7988f164ad218d9f7 - - default default] GET failed (client error): The resource could not be found.
2026-04-28 18:33:46.773 10 INFO neutron.wsgi [None req-7b2edb8f-16f1-4a2a-81bf-9a5fe1055c85 59747539a3a643aba46985210a5b5458 30c8a666b62f4cf7988f164ad218d9f7 - - default default] 10.0.0.85 "GET /v2.0/ports/eb50b009-4338-48d6-af58-35e23447a251 HTTP/1.1" status: 404 len: 333 time: 0.0292850
2026-04-28 18:33:46.848 10 INFO neutron.wsgi [None req-1de192a3-9f0c-4ddb-9113-8c2502315472 7999b757e8e44cae9e505c7df9e63eae f381fd52315f4e18b1fefc876c139585 - - default default] 10.0.0.85 "GET /v2.0/ports HTTP/1.1" status: 200 len: 3213 time: 0.1536214
2026-04-28 18:33:46.889 9 WARNING neutron.plugins.ml2.drivers.ovn.mech_driver.ovsdb.ovn_client [None req-17db49d6-4795-48b9-8c8b-b3f8607c6544 - - - - - -] No port found with ID f968b753-4231-4467-818b-dad16675e23a: RuntimeError: No port found with ID f968b753-4231-4467-818b-dad16675e23a
2026-04-28 18:33:47.171 9 INFO neutron.db.ovn_revision_numbers_db [None req-4cc881b0-4b91-4bde-9c50-ac51dd3ab970 2bc8179a77fc4ec382d9136c9588be93 4f242bf286bc42018e9d6c06103c03a0 - - default default] Successfully bumped revision number for resource eed9e20e-b6cd-4eb9-9a82-0b4bc4ac400f (type: ports) to 2
2026-04-28 18:33:47.214 9 INFO neutron.db.ovn_revision_numbers_db [None req-4cc881b0-4b91-4bde-9c50-ac51dd3ab970 2bc8179a77fc4ec382d9136c9588be93 4f242bf286bc42018e9d6c06103c03a0 - - default default] Successfully bumped revision number for resource 6df5c133-acc1-45a4-bc47-28bc98539203 (type: subnets) to 0
2026-04-28 18:33:47.231 9 INFO neutron.wsgi [None req-4cc881b0-4b91-4bde-9c50-ac51dd3ab970 2bc8179a77fc4ec382d9136c9588be93 4f242bf286bc42018e9d6c06103c03a0 - - default default] 10.0.0.85 "POST /v2.0/subnets HTTP/1.1" status: 201 len: 801 time: 0.8246634 /var/lib/openstack/lib/python3.10/site-packages/pycadf/identifier.py:71: UserWarning: Invalid uuid: neutron. To ensure interoperability, identifiers should be a valid uuid. warnings.warn(('Invalid uuid: %s. To ensure interoperability, '
2026-04-28 18:33:47.286 10 INFO neutron.wsgi [None req-4aa557f8-5cc8-4e25-8541-a4b2ca3773bb 59747539a3a643aba46985210a5b5458 30c8a666b62f4cf7988f164ad218d9f7 - - default default] 10.0.0.85 "DELETE /v2.0/subnets/daeb4a46-175b-4a64-ad39-a4681dcc7bd5 HTTP/1.1" status: 204 len: 168 time: 0.5058653
2026-04-28 18:33:47.361 10 INFO neutron.wsgi [None req-e2eac89e-7caa-4e6c-ba4c-a5ae6be44c4e 7999b757e8e44cae9e505c7df9e63eae f381fd52315f4e18b1fefc876c139585 - - default default] 10.0.0.85 "DELETE /v2.0/ports/e4b897a2-5140-4e29-b42f-983e418db7f5 HTTP/1.1" status: 204 len: 168 time: 0.5084875
2026-04-28 18:33:47.440 9 INFO neutron.db.ovn_revision_numbers_db [None req-0f729f9b-e028-44f4-97c9-1aaafa42be59 2bc8179a77fc4ec382d9136c9588be93 4f242bf286bc42018e9d6c06103c03a0 - - default default] Successfully bumped revision number for resource 07a6408d-b392-4e17-8a77-e5411dddae5e (type: routers) to 1
2026-04-28 18:33:47.457 9 INFO neutron.wsgi [None req-0f729f9b-e028-44f4-97c9-1aaafa42be59 2bc8179a77fc4ec382d9136c9588be93 4f242bf286bc42018e9d6c06103c03a0 - - default default] 10.0.0.85 "POST /v2.0/routers HTTP/1.1" status: 201 len: 687 time: 0.2203610
2026-04-28 18:33:47.581 10 INFO neutron.wsgi [None req-797088ef-d214-41d3-829a-c929dfca9eac 7999b757e8e44cae9e505c7df9e63eae f381fd52315f4e18b1fefc876c139585 - - default default] 10.0.0.85 "DELETE /v2.0/ports/dc73c2cb-7211-4729-b708-6a5905f7706a HTTP/1.1" status: 204 len: 168 time: 0.2143414
2026-04-28 18:33:47.622 10 INFO neutron.wsgi [None req-4fbdbf20-e83e-4bbe-b6b1-2492fb75e6e8 7999b757e8e44cae9e505c7df9e63eae f381fd52315f4e18b1fefc876c139585 - - default default] 10.0.0.85 "GET /v2.0/ports HTTP/1.1" status: 200 len: 1718 time: 0.0358753
2026-04-28 18:33:47.722 10 INFO neutron.db.segments_db [None req-b3df0f89-c071-459c-a34c-55e094e66996 7999b757e8e44cae9e505c7df9e63eae f381fd52315f4e18b1fefc876c139585 - - default default] Added segment 2498f9a7-dc9d-4b38-a35b-21eb6a54a2fd of type geneve for network 1e190407-4e3d-4813-beee-aa0ee7a7dd06
2026-04-28 18:33:47.854 9 INFO neutron.wsgi [None req-0a305887-1380-41f0-a69e-5c32c1d00163 59747539a3a643aba46985210a5b5458 30c8a666b62f4cf7988f164ad218d9f7 - - default default] 10.0.0.85 "DELETE /v2.0/networks/1d84329b-5e18-4d5a-b1b5-4f442a860689 HTTP/1.1" status: 204 len: 168 time: 0.5636690
2026-04-28 18:33:47.872 10 INFO neutron.db.ovn_revision_numbers_db [None req-b3df0f89-c071-459c-a34c-55e094e66996 7999b757e8e44cae9e505c7df9e63eae f381fd52315f4e18b1fefc876c139585 - - default default] Successfully bumped revision number for resource 1e190407-4e3d-4813-beee-aa0ee7a7dd06 (type: networks) to 1
2026-04-28 18:33:47.923 9 WARNING neutron.scheduler.dhcp_agent_scheduler [None req-094806ac-7a9d-4cc2-833a-52aac9b3812e 2bc8179a77fc4ec382d9136c9588be93 4f242bf286bc42018e9d6c06103c03a0 - - default default] No more DHCP agents
2026-04-28 18:33:47.928 9 WARNING neutron.api.rpc.agentnotifiers.dhcp_rpc_agent_api [None req-094806ac-7a9d-4cc2-833a-52aac9b3812e 2bc8179a77fc4ec382d9136c9588be93 4f242bf286bc42018e9d6c06103c03a0 - - default default] Unable to schedule network 072028f1-7376-448f-a8b4-2384622036d9: no agents available; will retry on subsequent port and subnet creation events.
2026-04-28 18:33:47.981 10 INFO neutron.db.segments_db [None req-b60fef3f-25a3-4c72-90f5-91f9a4b511aa 59747539a3a643aba46985210a5b5458 30c8a666b62f4cf7988f164ad218d9f7 - - default default] Added segment 6b396ea3-8b56-4c87-9df8-b60e1737e11c of type geneve for network 6602d460-1501-4704-905c-19df0050772a
2026-04-28 18:33:48.100 9 INFO neutron.db.ovn_revision_numbers_db [None req-094806ac-7a9d-4cc2-833a-52aac9b3812e 2bc8179a77fc4ec382d9136c9588be93 4f242bf286bc42018e9d6c06103c03a0 - - default default] Successfully bumped revision number for resource 4c32aaa7-2ae4-4c62-b33a-2627307da5ed (type: ports) to 1
2026-04-28 18:33:48.102 10 WARNING neutron.scheduler.dhcp_agent_scheduler [None req-b3df0f89-c071-459c-a34c-55e094e66996 7999b757e8e44cae9e505c7df9e63eae f381fd52315f4e18b1fefc876c139585 - - default default] No more DHCP agents
2026-04-28 18:33:48.114 10 WARNING neutron.api.rpc.agentnotifiers.dhcp_rpc_agent_api [None req-b3df0f89-c071-459c-a34c-55e094e66996 7999b757e8e44cae9e505c7df9e63eae f381fd52315f4e18b1fefc876c139585 - - default default] Unable to schedule network 1e190407-4e3d-4813-beee-aa0ee7a7dd06: no agents available; will retry on subsequent port and subnet creation events.
2026-04-28 18:33:48.167 10 INFO neutron.db.ovn_revision_numbers_db [None req-b60fef3f-25a3-4c72-90f5-91f9a4b511aa 59747539a3a643aba46985210a5b5458 30c8a666b62f4cf7988f164ad218d9f7 - - default default] Successfully bumped revision number for resource 6602d460-1501-4704-905c-19df0050772a (type: networks) to 1
2026-04-28 18:33:48.195 9 INFO neutron.services.segments.plugin [-] Segment 689f8379-eb5a-474c-8f8b-ddc94d95cb94 resource provider aggregate not found
2026-04-28 18:33:48.201 9 INFO neutron.services.segments.plugin [-] Segment 689f8379-eb5a-474c-8f8b-ddc94d95cb94 resource provider aggregate not found
2026-04-28 18:33:48.209 10 INFO neutron.db.ovn_revision_numbers_db [None req-b3df0f89-c071-459c-a34c-55e094e66996 7999b757e8e44cae9e505c7df9e63eae f381fd52315f4e18b1fefc876c139585 - - default default] Successfully bumped revision number for resource 1d9330c1-9107-4f9b-b8ae-4b4da9e76413 (type: ports) to 1
2026-04-28 18:33:48.218 9 INFO neutron.services.segments.plugin [-] Segment 689f8379-eb5a-474c-8f8b-ddc94d95cb94 resource provider not found; error: Placement Client Error (4xx): {"errors": [{"status": 404, "title": "Not Found", "detail": "The resource could not be found.\n\n No resource provider with uuid 689f8379-eb5a-474c-8f8b-ddc94d95cb94 found for delete ", "request_id": "req-628a94fc-289c-44b4-9f6f-8cb14a394446"}]}
2026-04-28 18:33:48.219 9 INFO neutron.services.segments.plugin [-] Segment 689f8379-eb5a-474c-8f8b-ddc94d95cb94 resource provider not found; error: Placement Client Error (4xx): {"errors": [{"status": 404, "title": "Not Found", "detail": "The resource could not be found.\n\n No resource provider with uuid 689f8379-eb5a-474c-8f8b-ddc94d95cb94 found for delete ", "request_id": "req-b9976599-933f-4cd7-b8aa-3d40355dc47d"}]}
2026-04-28 18:33:48.239 10 INFO neutron.wsgi [None req-b3df0f89-c071-459c-a34c-55e094e66996 7999b757e8e44cae9e505c7df9e63eae f381fd52315f4e18b1fefc876c139585 - - default default] 10.0.0.85 "POST /v2.0/networks HTTP/1.1" status: 201 len: 848 time: 0.6104195
2026-04-28 18:33:48.345 10 WARNING neutron.scheduler.dhcp_agent_scheduler [None req-b60fef3f-25a3-4c72-90f5-91f9a4b511aa 59747539a3a643aba46985210a5b5458 30c8a666b62f4cf7988f164ad218d9f7 - - default default] No more DHCP agents
2026-04-28 18:33:48.347 10 WARNING neutron.api.rpc.agentnotifiers.dhcp_rpc_agent_api [None req-b60fef3f-25a3-4c72-90f5-91f9a4b511aa 59747539a3a643aba46985210a5b5458 30c8a666b62f4cf7988f164ad218d9f7 - - default default] Unable to schedule network 6602d460-1501-4704-905c-19df0050772a: no agents available; will retry on subsequent port and subnet creation events.
2026-04-28 18:33:48.363 9 INFO neutron.db.segments_db [None req-ef5aee62-c602-4d05-9a4a-db230674f20d 7999b757e8e44cae9e505c7df9e63eae f381fd52315f4e18b1fefc876c139585 - - default default] Added segment 5f586ba3-0cba-491b-b14f-4170f54bc773 of type geneve for network 7b309d08-fe56-4ce9-b68f-e187af558c40
2026-04-28 18:33:48.418 10 INFO neutron.db.ovn_revision_numbers_db [None req-b60fef3f-25a3-4c72-90f5-91f9a4b511aa 59747539a3a643aba46985210a5b5458 30c8a666b62f4cf7988f164ad218d9f7 - - default default] Successfully bumped revision number for resource e949def6-34a6-4037-8f33-31b88bd6ef02 (type: ports) to 1
2026-04-28 18:33:48.439 10 INFO neutron.wsgi [None req-b60fef3f-25a3-4c72-90f5-91f9a4b511aa 59747539a3a643aba46985210a5b5458 30c8a666b62f4cf7988f164ad218d9f7 - - default default] 10.0.0.85 "POST /v2.0/networks HTTP/1.1" status: 201 len: 835 time: 0.5784500
2026-04-28 18:33:48.551 9 INFO neutron.db.ovn_revision_numbers_db [None req-ef5aee62-c602-4d05-9a4a-db230674f20d 7999b757e8e44cae9e505c7df9e63eae f381fd52315f4e18b1fefc876c139585 - - default default] Successfully bumped revision number for resource 7b309d08-fe56-4ce9-b68f-e187af558c40 (type: networks) to 1
2026-04-28 18:33:48.578 9 INFO neutron.plugins.ml2.drivers.ovn.mech_driver.mech_driver [None req-17db49d6-4795-48b9-8c8b-b3f8607c6544 - - - - - -] OVN reports status up for port: 4c32aaa7-2ae4-4c62-b33a-2627307da5ed
2026-04-28 18:33:48.589 9 INFO neutron.plugins.ml2.plugin [None req-17db49d6-4795-48b9-8c8b-b3f8607c6544 - - - - - -] Attempt 1 to provision port 4c32aaa7-2ae4-4c62-b33a-2627307da5ed
2026-04-28 18:33:48.606 9 INFO neutron.db.ovn_revision_numbers_db [None req-094806ac-7a9d-4cc2-833a-52aac9b3812e 2bc8179a77fc4ec382d9136c9588be93 4f242bf286bc42018e9d6c06103c03a0 - - default default] Successfully bumped revision number for resource 4c32aaa7-2ae4-4c62-b33a-2627307da5ed (type: router_ports) to 1
2026-04-28 18:33:48.681 10 WARNING neutron.scheduler.dhcp_agent_scheduler [None req-0c2d66b7-f39f-4311-918d-08cff4bdfccb 59747539a3a643aba46985210a5b5458 30c8a666b62f4cf7988f164ad218d9f7 - - default default] No more DHCP agents
2026-04-28 18:33:48.683 10 WARNING neutron.api.rpc.agentnotifiers.dhcp_rpc_agent_api [None req-0c2d66b7-f39f-4311-918d-08cff4bdfccb 59747539a3a643aba46985210a5b5458 30c8a666b62f4cf7988f164ad218d9f7 - - default default] Unable to schedule network 6602d460-1501-4704-905c-19df0050772a: no agents available; will retry on subsequent port and subnet creation events.
2026-04-28 18:33:48.716 10 INFO neutron.db.ovn_revision_numbers_db [None req-0c2d66b7-f39f-4311-918d-08cff4bdfccb 59747539a3a643aba46985210a5b5458 30c8a666b62f4cf7988f164ad218d9f7 - - default default] Successfully bumped revision number for resource 065316be-a12b-4d52-9485-539bdc0334f1 (type: subnets) to 0
2026-04-28 18:33:48.730 10 INFO neutron.wsgi [None req-0c2d66b7-f39f-4311-918d-08cff4bdfccb 59747539a3a643aba46985210a5b5458 30c8a666b62f4cf7988f164ad218d9f7 - - default default] 10.0.0.85 "POST /v2.0/subnets HTTP/1.1" status: 201 len: 821 time: 0.2862587
2026-04-28 18:33:48.865 15 INFO neutron.plugins.ml2.drivers.ovn.mech_driver.ovsdb.maintenance [None req-cc658b93-28bc-44cf-8f29-cad5cf60beb2 - - - - - -] Maintenance task: Synchronization finished (took 0.90 seconds)
2026-04-28 18:33:49.074 10 WARNING neutron.scheduler.dhcp_agent_scheduler [None req-ec04fd9c-ab24-4761-b9a2-ecaafeae19ac 59747539a3a643aba46985210a5b5458 30c8a666b62f4cf7988f164ad218d9f7 - - default default] No more DHCP agents
2026-04-28 18:33:49.078 10 WARNING neutron.api.rpc.agentnotifiers.dhcp_rpc_agent_api [None req-ec04fd9c-ab24-4761-b9a2-ecaafeae19ac 59747539a3a643aba46985210a5b5458 30c8a666b62f4cf7988f164ad218d9f7 - - default default] Unable to schedule network 6602d460-1501-4704-905c-19df0050772a: no agents available; will retry on subsequent port and subnet creation events.
2026-04-28 18:33:49.095 9 WARNING neutron.scheduler.dhcp_agent_scheduler [None req-ef5aee62-c602-4d05-9a4a-db230674f20d 7999b757e8e44cae9e505c7df9e63eae f381fd52315f4e18b1fefc876c139585 - - default default] No more DHCP agents
2026-04-28 18:33:49.102 9 WARNING neutron.api.rpc.agentnotifiers.dhcp_rpc_agent_api [None req-ef5aee62-c602-4d05-9a4a-db230674f20d 7999b757e8e44cae9e505c7df9e63eae f381fd52315f4e18b1fefc876c139585 - - default default] Unable to schedule network 7b309d08-fe56-4ce9-b68f-e187af558c40: no agents available; will retry on subsequent port and subnet creation events.
2026-04-28 18:33:49.170 9 INFO neutron.db.ovn_revision_numbers_db [None req-094806ac-7a9d-4cc2-833a-52aac9b3812e 2bc8179a77fc4ec382d9136c9588be93 4f242bf286bc42018e9d6c06103c03a0 - - default default] Successfully bumped revision number for resource 4c32aaa7-2ae4-4c62-b33a-2627307da5ed (type: ports) to 1
2026-04-28 18:33:49.199 10 INFO neutron.db.ovn_revision_numbers_db [None req-ec04fd9c-ab24-4761-b9a2-ecaafeae19ac 59747539a3a643aba46985210a5b5458 30c8a666b62f4cf7988f164ad218d9f7 - - default default] Successfully bumped revision number for resource 66957786-ca38-4744-a174-9b2ebe840b28 (type: ports) to 1
2026-04-28 18:33:49.223 10 INFO neutron.wsgi [None req-ec04fd9c-ab24-4761-b9a2-ecaafeae19ac 59747539a3a643aba46985210a5b5458 30c8a666b62f4cf7988f164ad218d9f7 - - default default] 10.0.0.85 "POST /v2.0/ports HTTP/1.1" status: 201 len: 1126 time: 0.4799073
2026-04-28 18:33:49.244 9 INFO neutron.db.ovn_revision_numbers_db [None req-ef5aee62-c602-4d05-9a4a-db230674f20d 7999b757e8e44cae9e505c7df9e63eae f381fd52315f4e18b1fefc876c139585 - - default default] Successfully bumped revision number for resource 74cc491f-60bf-4e05-b942-107a64245cc2 (type: ports) to 1
2026-04-28 18:33:49.284 9 INFO neutron.wsgi [None req-ef5aee62-c602-4d05-9a4a-db230674f20d 7999b757e8e44cae9e505c7df9e63eae f381fd52315f4e18b1fefc876c139585 - - default default] 10.0.0.85 "POST /v2.0/networks HTTP/1.1" status: 201 len: 848 time: 1.0379107
2026-04-28 18:33:49.293 9 WARNING neutron.scheduler.dhcp_agent_scheduler [None req-094806ac-7a9d-4cc2-833a-52aac9b3812e 2bc8179a77fc4ec382d9136c9588be93 4f242bf286bc42018e9d6c06103c03a0 - - default default] No more DHCP agents
2026-04-28 18:33:49.308 9 WARNING neutron.api.rpc.agentnotifiers.dhcp_rpc_agent_api [None req-094806ac-7a9d-4cc2-833a-52aac9b3812e 2bc8179a77fc4ec382d9136c9588be93 4f242bf286bc42018e9d6c06103c03a0 - - default default] Unable to schedule network 072028f1-7376-448f-a8b4-2384622036d9: no agents available; will retry on subsequent port and subnet creation events.
2026-04-28 18:33:49.336 9 INFO neutron.db.ovn_revision_numbers_db [None req-17db49d6-4795-48b9-8c8b-b3f8607c6544 - - - - - -] Successfully bumped revision number for resource 4c32aaa7-2ae4-4c62-b33a-2627307da5ed (type: ports) to 2
2026-04-28 18:33:49.500 9 INFO neutron.db.ovn_revision_numbers_db [None req-17db49d6-4795-48b9-8c8b-b3f8607c6544 - - - - - -] Successfully bumped revision number for resource 4c32aaa7-2ae4-4c62-b33a-2627307da5ed (type: router_ports) to 2
2026-04-28 18:33:49.511 9 INFO neutron.db.ovn_revision_numbers_db [None req-094806ac-7a9d-4cc2-833a-52aac9b3812e 2bc8179a77fc4ec382d9136c9588be93 4f242bf286bc42018e9d6c06103c03a0 - - default default] Successfully bumped revision number for resource 4c32aaa7-2ae4-4c62-b33a-2627307da5ed (type: router_ports) to 2
2026-04-28 18:33:49.513 9 INFO neutron.wsgi [None req-094806ac-7a9d-4cc2-833a-52aac9b3812e 2bc8179a77fc4ec382d9136c9588be93 4f242bf286bc42018e9d6c06103c03a0 - - default default] 10.0.0.85 "PUT /v2.0/routers/07a6408d-b392-4e17-8a77-e5411dddae5e/add_router_interface HTTP/1.1" status: 200 len: 503 time: 2.0475271
2026-04-28 18:33:49.555 9 INFO neutron.wsgi [None req-940f2664-4e4d-4128-8851-8ab51a2b1974 2bc8179a77fc4ec382d9136c9588be93 4f242bf286bc42018e9d6c06103c03a0 - - default default] 10.0.0.85 "GET /v2.0/ports/4c32aaa7-2ae4-4c62-b33a-2627307da5ed HTTP/1.1" status: 200 len: 1137 time: 0.0357828
2026-04-28 18:33:49.629 10 INFO neutron.wsgi [None req-33a36eae-7948-45f9-bb7e-d7ee6cbc1c02 59747539a3a643aba46985210a5b5458 30c8a666b62f4cf7988f164ad218d9f7 - - default default] 10.0.0.85 "DELETE /v2.0/ports/66957786-ca38-4744-a174-9b2ebe840b28 HTTP/1.1" status: 204 len: 168 time: 0.3994944
2026-04-28 18:33:49.659 9 INFO neutron.pecan_wsgi.hooks.translation [None req-93486f96-08f7-4365-890d-c4bd160aff07 59747539a3a643aba46985210a5b5458 30c8a666b62f4cf7988f164ad218d9f7 - - default default] GET failed (client error): The resource could not be found.
2026-04-28 18:33:49.661 9 INFO neutron.wsgi [None req-93486f96-08f7-4365-890d-c4bd160aff07 59747539a3a643aba46985210a5b5458 30c8a666b62f4cf7988f164ad218d9f7 - - default default] 10.0.0.85 "GET /v2.0/ports/66957786-ca38-4744-a174-9b2ebe840b28 HTTP/1.1" status: 404 len: 333 time: 0.0274060
