2026-04-28 18:32:19.926 9 INFO neutron.wsgi [req-cf79d984-ada9-48af-9798-bfe19fbe0fca req-066e5eff-63c6-4ae7-b103-9acecc890a8e e643f6df2c1147f4a193dcc86ed35878 97054b39d4bd43fd9917b932ff788ac7 - - default default] 10.0.0.139 "GET /v2.0/security-groups?id=50055155-b74c-448b-8cd4-edb4fab01a65&fields=id&fields=name HTTP/1.1" status: 200 len: 313 time: 0.0517709
2026-04-28 18:32:19.955 9 WARNING neutron.scheduler.dhcp_agent_scheduler [None req-e271d8df-53a9-41d1-9dd2-3098fcc986de 445a218fcc14475481f27e15806a9d61 9104c65c6035457f9d891bb7271bf9a8 - - default default] No more DHCP agents
2026-04-28 18:32:19.957 9 WARNING neutron.api.rpc.agentnotifiers.dhcp_rpc_agent_api [None req-e271d8df-53a9-41d1-9dd2-3098fcc986de 445a218fcc14475481f27e15806a9d61 9104c65c6035457f9d891bb7271bf9a8 - - default default] Unable to schedule network af8490e8-3bb6-439f-be93-97801fca88e6: no agents available; will retry on subsequent port and subnet creation events.
2026-04-28 18:32:20.113 10 INFO neutron.wsgi [req-b41dce5e-976e-453a-ba3a-898bf187ebc3 req-d717412b-0fd9-42d3-b1af-ff4360358f7f e643f6df2c1147f4a193dcc86ed35878 97054b39d4bd43fd9917b932ff788ac7 - - default default] 199.19.213.209 "GET /v2.0/ports?device_id=764cd203-0348-43d4-a67d-2439292731fa&device_owner=compute%3Anova&fixed_ips=ip_address%3D10.100.0.11 HTTP/1.1" status: 200 len: 1352 time: 0.0765865
2026-04-28 18:32:20.322 10 INFO neutron.wsgi [-] 10.0.0.89 "GET / HTTP/1.1" status: 200 len: 246 time: 0.0051584
2026-04-28 18:32:20.324 10 INFO neutron.wsgi [-] 10.0.0.89 "GET / HTTP/1.1" status: 200 len: 246 time: 0.0019324
2026-04-28 18:32:20.497 9 INFO neutron.db.ovn_revision_numbers_db [None req-e271d8df-53a9-41d1-9dd2-3098fcc986de 445a218fcc14475481f27e15806a9d61 9104c65c6035457f9d891bb7271bf9a8 - - default default] Successfully bumped revision number for resource b0d1e8a9-c96d-4744-87ed-e51460a0dd33 (type: floatingips) to 0
2026-04-28 18:32:20.526 9 INFO neutron.wsgi [None req-e271d8df-53a9-41d1-9dd2-3098fcc986de 445a218fcc14475481f27e15806a9d61 9104c65c6035457f9d891bb7271bf9a8 - - default default] 10.0.0.85 "POST /v2.0/floatingips HTTP/1.1" status: 201 len: 751 time: 0.8851511
2026-04-28 18:32:20.956 9 INFO neutron.wsgi [req-ab16b02b-5677-44e3-bd21-c505a871799b req-b646977d-918c-4c21-ab73-738c13cba7c5 445a218fcc14475481f27e15806a9d61 9104c65c6035457f9d891bb7271bf9a8 - - default default] 10.0.0.139 "GET /v2.0/security-groups?name=tempest-securitygroup--1307967305&fields=id&tenant_id=9104c65c6035457f9d891bb7271bf9a8 HTTP/1.1" status: 200 len: 267 time: 0.0407054
2026-04-28 18:32:21.028 9 INFO neutron.wsgi [req-ab16b02b-5677-44e3-bd21-c505a871799b req-df44a819-3cab-4fa1-91e3-211e7d1d5ea2 445a218fcc14475481f27e15806a9d61 9104c65c6035457f9d891bb7271bf9a8 - - default default] 10.0.0.139 "GET /v2.0/networks?id=f9d0d75d-f07b-4eba-97b9-c91364602bfb HTTP/1.1" status: 200 len: 875 time: 0.0685692
2026-04-28 18:32:21.032 10 INFO neutron.db.ovn_revision_numbers_db [req-b41dce5e-976e-453a-ba3a-898bf187ebc3 req-7fdad22a-e441-4a72-ae28-4e43f061f522 e643f6df2c1147f4a193dcc86ed35878 97054b39d4bd43fd9917b932ff788ac7 - - default default] Successfully bumped revision number for resource c1e92db3-2477-4023-9c1d-d8def8c695bb (type: ports) to 6
2026-04-28 18:32:21.039 9 INFO neutron.wsgi [req-ab16b02b-5677-44e3-bd21-c505a871799b req-e72799d3-745d-4eeb-a02a-d649ac06f611 445a218fcc14475481f27e15806a9d61 9104c65c6035457f9d891bb7271bf9a8 - - default default] 10.0.0.139 "GET /v2.0/quotas/9104c65c6035457f9d891bb7271bf9a8 HTTP/1.1" status: 200 len: 386 time: 0.0077586
2026-04-28 18:32:21.043 10 INFO neutron.wsgi [req-b41dce5e-976e-453a-ba3a-898bf187ebc3 req-7fdad22a-e441-4a72-ae28-4e43f061f522 e643f6df2c1147f4a193dcc86ed35878 97054b39d4bd43fd9917b932ff788ac7 - - default default] 199.19.213.209 "PUT /v2.0/ports/c1e92db3-2477-4023-9c1d-d8def8c695bb HTTP/1.1" status: 200 len: 1167 time: 0.9268801 /var/lib/openstack/lib/python3.10/site-packages/pycadf/identifier.py:71: UserWarning: Invalid uuid: neutron. To ensure interoperability, identifiers should be a valid uuid. warnings.warn(('Invalid uuid: %s. To ensure interoperability, '
2026-04-28 18:32:21.085 10 INFO neutron.notifiers.nova [-] Nova event matching ['req-a028fdb9-49fa-4c0c-ab4e-875acabc94ba'] response: {'name': 'network-changed', 'server_uuid': '764cd203-0348-43d4-a67d-2439292731fa', 'tag': 'c1e92db3-2477-4023-9c1d-d8def8c695bb', 'status': 'completed', 'code': 200}
2026-04-28 18:32:21.125 10 INFO neutron.wsgi [req-b41dce5e-976e-453a-ba3a-898bf187ebc3 req-09092ae9-851e-4369-9733-b1e9fc8382e8 54b88280dc1646d2a79d662e64c0d724 4f8eb4083741407ab21daa902d3eeb03 - - e62532941e864b8ba3623ffc54f3df85 e62532941e864b8ba3623ffc54f3df85] 199.19.213.209 "GET /v2.0/ports?tenant_id=97054b39d4bd43fd9917b932ff788ac7&device_id=764cd203-0348-43d4-a67d-2439292731fa HTTP/1.1" status: 200 len: 1409 time: 0.0542853
2026-04-28 18:32:21.130 9 INFO neutron.wsgi [req-ab16b02b-5677-44e3-bd21-c505a871799b req-61af841e-6680-4bd6-83ae-e9cc11701630 445a218fcc14475481f27e15806a9d61 9104c65c6035457f9d891bb7271bf9a8 - - default default] 10.0.0.139 "GET /v2.0/ports?tenant_id=9104c65c6035457f9d891bb7271bf9a8&fields=id HTTP/1.1" status: 200 len: 302 time: 0.0880108
2026-04-28 18:32:21.189 10 INFO neutron.wsgi [None req-d648e865-0e7f-453f-b19b-05a85f7bf696 68027d439b044ebd8dc31424fc114ed5 bddde6711bed4dd8b2a454341a5ad8b8 - - default default] 10.0.0.85 "PUT /v2.0/routers/07b87b26-0c20-47a8-b8ad-775c35b823e3/remove_router_interface HTTP/1.1" status: 200 len: 503 time: 1.2814322
2026-04-28 18:32:21.212 9 INFO neutron.wsgi [req-ab16b02b-5677-44e3-bd21-c505a871799b req-c31c0241-e57a-4ce5-ab43-75bf6628d957 54b88280dc1646d2a79d662e64c0d724 4f8eb4083741407ab21daa902d3eeb03 - - e62532941e864b8ba3623ffc54f3df85 e62532941e864b8ba3623ffc54f3df85] 10.0.0.139 "GET /v2.0/networks/f9d0d75d-f07b-4eba-97b9-c91364602bfb?fields=segments HTTP/1.1" status: 200 len: 212 time: 0.0683305
2026-04-28 18:32:21.228 10 INFO neutron.wsgi [req-b41dce5e-976e-453a-ba3a-898bf187ebc3 req-372ff7d4-f6bc-4785-a8f3-e89a7b78ee77 54b88280dc1646d2a79d662e64c0d724 4f8eb4083741407ab21daa902d3eeb03 - - e62532941e864b8ba3623ffc54f3df85 e62532941e864b8ba3623ffc54f3df85] 199.19.213.209 "GET /v2.0/networks?id=bced79d4-9695-4030-9f15-648d5f03bb0f HTTP/1.1" status: 200 len: 982 time: 0.0968530 /var/lib/openstack/lib/python3.10/site-packages/pycadf/identifier.py:71: UserWarning: Invalid uuid: neutron. To ensure interoperability, identifiers should be a valid uuid. warnings.warn(('Invalid uuid: %s. To ensure interoperability, '
2026-04-28 18:32:21.281 10 INFO neutron.wsgi [req-b41dce5e-976e-453a-ba3a-898bf187ebc3 req-a20cca08-ba41-4fa2-8fd2-e11ad79efe30 54b88280dc1646d2a79d662e64c0d724 4f8eb4083741407ab21daa902d3eeb03 - - e62532941e864b8ba3623ffc54f3df85 e62532941e864b8ba3623ffc54f3df85] 199.19.213.209 "GET /v2.0/floatingips?fixed_ip_address=10.100.0.9&port_id=c1e92db3-2477-4023-9c1d-d8def8c695bb HTTP/1.1" status: 200 len: 1059 time: 0.0482218
2026-04-28 18:32:21.306 9 INFO neutron.wsgi [None req-a7da6833-338b-466d-8ea9-14b8b16e06f6 68027d439b044ebd8dc31424fc114ed5 bddde6711bed4dd8b2a454341a5ad8b8 - - default default] 10.0.0.85 "GET /v2.0/ports/314acb2f-8f93-4ac9-b199-2fabd1e965a5 HTTP/1.1" status: 200 len: 1141 time: 0.1133935
2026-04-28 18:32:21.308 9 INFO neutron.wsgi [req-ab16b02b-5677-44e3-bd21-c505a871799b req-dd609784-b585-492c-b6b2-3cd55d16e82a 54b88280dc1646d2a79d662e64c0d724 4f8eb4083741407ab21daa902d3eeb03 - - e62532941e864b8ba3623ffc54f3df85 e62532941e864b8ba3623ffc54f3df85] 10.0.0.139 "GET /v2.0/networks/f9d0d75d-f07b-4eba-97b9-c91364602bfb?fields=provider%3Aphysical_network&fields=provider%3Anetwork_type HTTP/1.1" status: 200 len: 277 time: 0.0862932
2026-04-28 18:32:21.317 10 INFO neutron.wsgi [req-b41dce5e-976e-453a-ba3a-898bf187ebc3 req-81935da4-726d-43c9-8317-be6823bd368d 54b88280dc1646d2a79d662e64c0d724 4f8eb4083741407ab21daa902d3eeb03 - - e62532941e864b8ba3623ffc54f3df85 e62532941e864b8ba3623ffc54f3df85] 199.19.213.209 "GET /v2.0/subnets?id=a608d219-8c9c-479b-b47a-34e7eb96fabd HTTP/1.1" status: 200 len: 877 time: 0.0286353
2026-04-28 18:32:21.342 10 INFO neutron.wsgi [req-b41dce5e-976e-453a-ba3a-898bf187ebc3 req-7133e068-8d21-491a-8ea8-467632220bac 54b88280dc1646d2a79d662e64c0d724 4f8eb4083741407ab21daa902d3eeb03 - - e62532941e864b8ba3623ffc54f3df85 e62532941e864b8ba3623ffc54f3df85] 199.19.213.209 "GET /v2.0/ports?network_id=bced79d4-9695-4030-9f15-648d5f03bb0f&device_owner=network%3Adhcp HTTP/1.1" status: 200 len: 210 time: 0.0181179
2026-04-28 18:32:21.402 10 INFO neutron.wsgi [req-b41dce5e-976e-453a-ba3a-898bf187ebc3 req-2c8564ed-9ac2-4ad3-add5-638b2b829b5b 54b88280dc1646d2a79d662e64c0d724 4f8eb4083741407ab21daa902d3eeb03 - - e62532941e864b8ba3623ffc54f3df85 e62532941e864b8ba3623ffc54f3df85] 199.19.213.209 "GET /v2.0/networks/bced79d4-9695-4030-9f15-648d5f03bb0f?fields=segments HTTP/1.1" status: 200 len: 212 time: 0.0520952
2026-04-28 18:32:21.457 9 INFO neutron.wsgi [req-e35fe6bd-2f9e-40a0-b60a-937756c686f4 req-c0a5dfc7-ee1a-4ad7-8c07-de5d885d9f01 445a218fcc14475481f27e15806a9d61 9104c65c6035457f9d891bb7271bf9a8 - - default default] 10.0.0.139 "GET /v2.0/ports?device_id=37616f82-19a8-44c9-a6cd-9a1c17abbd01 HTTP/1.1" status: 200 len: 210 time: 0.0214281
2026-04-28 18:32:21.473 10 INFO neutron.wsgi [req-b41dce5e-976e-453a-ba3a-898bf187ebc3 req-321c5b5d-7f00-4cdf-abca-25f063fa3f94 54b88280dc1646d2a79d662e64c0d724 4f8eb4083741407ab21daa902d3eeb03 - - e62532941e864b8ba3623ffc54f3df85 e62532941e864b8ba3623ffc54f3df85] 199.19.213.209 "GET /v2.0/networks/bced79d4-9695-4030-9f15-648d5f03bb0f?fields=provider%3Aphysical_network&fields=provider%3Anetwork_type HTTP/1.1" status: 200 len: 277 time: 0.0653989
2026-04-28 18:32:21.545 10 INFO neutron.wsgi [req-d3a40605-9458-4b14-8b5d-749963f53acc req-9ddb4af9-b09d-4419-95e3-403112d70f06 54b88280dc1646d2a79d662e64c0d724 4f8eb4083741407ab21daa902d3eeb03 - - e62532941e864b8ba3623ffc54f3df85 e62532941e864b8ba3623ffc54f3df85] 199.19.213.209 "GET /v2.0/ports?tenant_id=97054b39d4bd43fd9917b932ff788ac7&device_id=764cd203-0348-43d4-a67d-2439292731fa HTTP/1.1" status: 200 len: 1409 time: 0.0350008
2026-04-28 18:32:21.608 10 INFO neutron.wsgi [req-d3a40605-9458-4b14-8b5d-749963f53acc req-949dea1c-3c23-4a1f-95f8-9f371ed54f30 54b88280dc1646d2a79d662e64c0d724 4f8eb4083741407ab21daa902d3eeb03 - - e62532941e864b8ba3623ffc54f3df85 e62532941e864b8ba3623ffc54f3df85] 199.19.213.209 "GET /v2.0/networks?id=bced79d4-9695-4030-9f15-648d5f03bb0f HTTP/1.1" status: 200 len: 982 time: 0.0582592
2026-04-28 18:32:21.656 10 INFO neutron.wsgi [req-d3a40605-9458-4b14-8b5d-749963f53acc req-752c2b07-b856-47b2-90eb-a31ec3e50994 54b88280dc1646d2a79d662e64c0d724 4f8eb4083741407ab21daa902d3eeb03 - - e62532941e864b8ba3623ffc54f3df85 e62532941e864b8ba3623ffc54f3df85] 199.19.213.209 "GET /v2.0/floatingips?fixed_ip_address=10.100.0.9&port_id=c1e92db3-2477-4023-9c1d-d8def8c695bb HTTP/1.1" status: 200 len: 1059 time: 0.0390675
2026-04-28 18:32:21.688 10 INFO neutron.wsgi [req-d3a40605-9458-4b14-8b5d-749963f53acc req-de7c60b2-dc6d-44e7-bc76-38690a230504 54b88280dc1646d2a79d662e64c0d724 4f8eb4083741407ab21daa902d3eeb03 - - e62532941e864b8ba3623ffc54f3df85 e62532941e864b8ba3623ffc54f3df85] 199.19.213.209 "GET /v2.0/subnets?id=a608d219-8c9c-479b-b47a-34e7eb96fabd HTTP/1.1" status: 200 len: 877 time: 0.0269480
2026-04-28 18:32:21.713 10 INFO neutron.wsgi [req-d3a40605-9458-4b14-8b5d-749963f53acc req-98421308-217d-461a-925b-5cf494a41fee 54b88280dc1646d2a79d662e64c0d724 4f8eb4083741407ab21daa902d3eeb03 - - e62532941e864b8ba3623ffc54f3df85 e62532941e864b8ba3623ffc54f3df85] 199.19.213.209 "GET /v2.0/ports?network_id=bced79d4-9695-4030-9f15-648d5f03bb0f&device_owner=network%3Adhcp HTTP/1.1" status: 200 len: 210 time: 0.0184298
2026-04-28 18:32:21.785 10 INFO neutron.wsgi [req-d3a40605-9458-4b14-8b5d-749963f53acc req-0d33a088-2faf-45e7-91b3-3ad6c7d488a6 54b88280dc1646d2a79d662e64c0d724 4f8eb4083741407ab21daa902d3eeb03 - - e62532941e864b8ba3623ffc54f3df85 e62532941e864b8ba3623ffc54f3df85] 199.19.213.209 "GET /v2.0/networks/bced79d4-9695-4030-9f15-648d5f03bb0f?fields=segments HTTP/1.1" status: 200 len: 212 time: 0.0570266
2026-04-28 18:32:21.829 9 INFO neutron.wsgi [None req-11585485-169d-437a-aee5-2f5d0369426c 68027d439b044ebd8dc31424fc114ed5 bddde6711bed4dd8b2a454341a5ad8b8 - - default default] 10.0.0.85 "PUT /v2.0/routers/07b87b26-0c20-47a8-b8ad-775c35b823e3/remove_router_interface HTTP/1.1" status: 200 len: 503 time: 0.5176802 /var/lib/openstack/lib/python3.10/site-packages/pycadf/identifier.py:71: UserWarning: Invalid uuid: neutron. To ensure interoperability, identifiers should be a valid uuid. warnings.warn(('Invalid uuid: %s. To ensure interoperability, '
2026-04-28 18:32:21.845 10 INFO neutron.wsgi [req-d3a40605-9458-4b14-8b5d-749963f53acc req-1c1442b1-bf25-4d32-b9c5-68c57d4d3d87 54b88280dc1646d2a79d662e64c0d724 4f8eb4083741407ab21daa902d3eeb03 - - e62532941e864b8ba3623ffc54f3df85 e62532941e864b8ba3623ffc54f3df85] 199.19.213.209 "GET /v2.0/networks/bced79d4-9695-4030-9f15-648d5f03bb0f?fields=provider%3Aphysical_network&fields=provider%3Anetwork_type HTTP/1.1" status: 200 len: 277 time: 0.0534124
2026-04-28 18:32:21.857 9 INFO neutron.wsgi [None req-d72cbf5c-616f-4ce0-aa57-f88feb6ad9ff 68027d439b044ebd8dc31424fc114ed5 bddde6711bed4dd8b2a454341a5ad8b8 - - default default] 10.0.0.85 "GET /v2.0/ports?device_id=07b87b26-0c20-47a8-b8ad-775c35b823e3 HTTP/1.1" status: 200 len: 205 time: 0.0237634
2026-04-28 18:32:22.058 9 INFO neutron.wsgi [None req-f85a16ef-d701-4257-83d7-32e1ab062bdc 68027d439b044ebd8dc31424fc114ed5 bddde6711bed4dd8b2a454341a5ad8b8 - - default default] 10.0.0.85 "DELETE /v2.0/routers/07b87b26-0c20-47a8-b8ad-775c35b823e3 HTTP/1.1" status: 204 len: 168 time: 0.1969357
2026-04-28 18:32:22.163 10 INFO neutron.wsgi [req-ab16b02b-5677-44e3-bd21-c505a871799b req-efae1d37-f393-4b47-91be-b0c3ee55325c 445a218fcc14475481f27e15806a9d61 9104c65c6035457f9d891bb7271bf9a8 - - default default] 199.19.213.209 "GET /v2.0/networks?id=f9d0d75d-f07b-4eba-97b9-c91364602bfb HTTP/1.1" status: 200 len: 875 time: 0.0751455
2026-04-28 18:32:22.214 10 INFO neutron.wsgi [req-ab16b02b-5677-44e3-bd21-c505a871799b req-66056bb8-50cd-42ce-a16f-0483e084b032 445a218fcc14475481f27e15806a9d61 9104c65c6035457f9d891bb7271bf9a8 - - default default] 199.19.213.209 "GET /v2.0/security-groups?fields=id&fields=name&tenant_id=9104c65c6035457f9d891bb7271bf9a8 HTTP/1.1" status: 200 len: 380 time: 0.0434365
2026-04-28 18:32:22.244 9 INFO neutron.wsgi [None req-c53251cd-7afa-4e20-bfab-1a6263458c96 68027d439b044ebd8dc31424fc114ed5 bddde6711bed4dd8b2a454341a5ad8b8 - - default default] 10.0.0.85 "DELETE /v2.0/subnets/26b0bb56-1740-4b2e-8fb4-b501164d99a0 HTTP/1.1" status: 204 len: 168 time: 0.1814799
2026-04-28 18:32:22.346 9 INFO neutron.wsgi [req-59c24965-97f5-4fe5-8014-58cad35f2746 req-077a9a21-ad91-406f-893f-f46411f0b620 e643f6df2c1147f4a193dcc86ed35878 97054b39d4bd43fd9917b932ff788ac7 - - default default] 10.0.0.139 "GET /v2.0/ports?device_id=764cd203-0348-43d4-a67d-2439292731fa HTTP/1.1" status: 200 len: 1170 time: 0.0413620
2026-04-28 18:32:22.398 9 INFO neutron.wsgi [req-59c24965-97f5-4fe5-8014-58cad35f2746 req-7548728e-57d5-467a-a3af-70b313773e8c e643f6df2c1147f4a193dcc86ed35878 97054b39d4bd43fd9917b932ff788ac7 - - default default] 10.0.0.139 "GET /v2.0/security-groups?id=50055155-b74c-448b-8cd4-edb4fab01a65&fields=id&fields=name HTTP/1.1" status: 200 len: 313 time: 0.0447276
2026-04-28 18:32:22.456 9 INFO neutron.wsgi [None req-d99de304-d0cc-48ac-9611-946aaac9ecc5 68027d439b044ebd8dc31424fc114ed5 bddde6711bed4dd8b2a454341a5ad8b8 - - default default] 10.0.0.85 "DELETE /v2.0/subnets/679b3097-ebff-48c7-a5cd-e4dd2b413c04 HTTP/1.1" status: 204 len: 168 time: 0.2060313
2026-04-28 18:32:22.511 9 WARNING neutron.plugins.ml2.drivers.ovn.mech_driver.ovsdb.ovn_client [None req-17db49d6-4795-48b9-8c8b-b3f8607c6544 - - - - - -] No hosting information found for port 5be91676-5f7e-4852-9bf1-a4446ab10383: RuntimeError: No hosting information found for port 5be91676-5f7e-4852-9bf1-a4446ab10383
2026-04-28 18:32:22.511 9 INFO neutron.plugins.ml2.drivers.ovn.mech_driver.mech_driver [None req-17db49d6-4795-48b9-8c8b-b3f8607c6544 - - - - - -] OVN reports status down for port: c1e92db3-2477-4023-9c1d-d8def8c695bb
2026-04-28 18:32:22.564 9 INFO neutron.wsgi [req-f119c442-b5a7-44f8-8757-916decd4aab4 req-4063bea2-df21-47e2-80bc-c2589a37dbcc 445a218fcc14475481f27e15806a9d61 9104c65c6035457f9d891bb7271bf9a8 - - default default] 10.0.0.139 "GET /v2.0/ports?device_id=37616f82-19a8-44c9-a6cd-9a1c17abbd01 HTTP/1.1" status: 200 len: 210 time: 0.0338693
2026-04-28 18:32:22.674 9 INFO neutron.notifiers.nova [-] Nova event matching ['req-157fe777-6b1d-4971-add2-82e8835029bc'] response: {'server_uuid': '764cd203-0348-43d4-a67d-2439292731fa', 'name': 'network-vif-unplugged', 'status': 'completed', 'tag': 'c1e92db3-2477-4023-9c1d-d8def8c695bb', 'code': 200}
2026-04-28 18:32:22.719 10 WARNING neutron.scheduler.dhcp_agent_scheduler [req-ab16b02b-5677-44e3-bd21-c505a871799b req-fdd842f6-1a44-467e-907b-43a7ecae1f4b 445a218fcc14475481f27e15806a9d61 9104c65c6035457f9d891bb7271bf9a8 - - default default] No more DHCP agents
2026-04-28 18:32:22.722 10 WARNING neutron.api.rpc.agentnotifiers.dhcp_rpc_agent_api [req-ab16b02b-5677-44e3-bd21-c505a871799b req-fdd842f6-1a44-467e-907b-43a7ecae1f4b 445a218fcc14475481f27e15806a9d61 9104c65c6035457f9d891bb7271bf9a8 - - default default] Unable to schedule network f9d0d75d-f07b-4eba-97b9-c91364602bfb: no agents available; will retry on subsequent port and subnet creation events.
2026-04-28 18:32:22.810 9 INFO neutron.wsgi [req-9cf32700-749b-4841-8cf5-3de4e0a039d5 req-28e0002d-aa55-4f03-8659-46ffd62dab80 e643f6df2c1147f4a193dcc86ed35878 97054b39d4bd43fd9917b932ff788ac7 - - default default] 199.19.213.209 "GET /v2.0/ports?device_id=764cd203-0348-43d4-a67d-2439292731fa HTTP/1.1" status: 200 len: 1168 time: 0.1196916
2026-04-28 18:32:22.881 10 INFO neutron.db.ovn_revision_numbers_db [req-ab16b02b-5677-44e3-bd21-c505a871799b req-fdd842f6-1a44-467e-907b-43a7ecae1f4b 445a218fcc14475481f27e15806a9d61 9104c65c6035457f9d891bb7271bf9a8 - - default default] Successfully bumped revision number for resource cb3ccf12-f9e8-4401-a362-612b27324523 (type: ports) to 1
2026-04-28 18:32:22.907 10 INFO neutron.wsgi [req-ab16b02b-5677-44e3-bd21-c505a871799b req-fdd842f6-1a44-467e-907b-43a7ecae1f4b 445a218fcc14475481f27e15806a9d61 9104c65c6035457f9d891bb7271bf9a8 - - default default] 199.19.213.209 "POST /v2.0/ports HTTP/1.1" status: 201 len: 1162 time: 0.5719464 /var/lib/openstack/lib/python3.10/site-packages/pycadf/identifier.py:71: UserWarning: Invalid uuid: neutron. To ensure interoperability, identifiers should be a valid uuid. warnings.warn(('Invalid uuid: %s. To ensure interoperability, '
2026-04-28 18:32:23.163 9 INFO neutron.db.ovn_revision_numbers_db [None req-17db49d6-4795-48b9-8c8b-b3f8607c6544 - - - - - -] Successfully bumped revision number for resource c1e92db3-2477-4023-9c1d-d8def8c695bb (type: ports) to 7
2026-04-28 18:32:23.182 9 INFO neutron.services.segments.plugin [-] Segment e2fc6f70-95e5-4c92-b1ca-f4f882e48215 resource provider aggregate not found
2026-04-28 18:32:23.187 9 INFO neutron.services.segments.plugin [-] Segment e2fc6f70-95e5-4c92-b1ca-f4f882e48215 resource provider aggregate not found
2026-04-28 18:32:23.208 9 INFO neutron.services.segments.plugin [-] Segment e2fc6f70-95e5-4c92-b1ca-f4f882e48215 resource provider not found; error: Placement Client Error (4xx): {"errors": [{"status": 404, "title": "Not Found", "detail": "The resource could not be found.\n\n No resource provider with uuid e2fc6f70-95e5-4c92-b1ca-f4f882e48215 found for delete ", "request_id": "req-c966e229-b15b-4d8d-9b2a-415286f8982b"}]}
2026-04-28 18:32:23.209 9 INFO neutron.services.segments.plugin [-] Segment e2fc6f70-95e5-4c92-b1ca-f4f882e48215 resource provider not found; error: Placement Client Error (4xx): {"errors": [{"status": 404, "title": "Not Found", "detail": "The resource could not be found.\n\n No resource provider with uuid e2fc6f70-95e5-4c92-b1ca-f4f882e48215 found for delete ", "request_id": "req-1ba48a8a-46fc-4a24-8d6b-c14234de3ffc"}]}
2026-04-28 18:32:23.262 9 INFO neutron.wsgi [None req-0910412a-5802-4ab1-86da-bbd249e9c2d6 68027d439b044ebd8dc31424fc114ed5 bddde6711bed4dd8b2a454341a5ad8b8 - - default default] 10.0.0.85 "DELETE /v2.0/networks/e602d660-e4f5-4243-b6d2-97dae6a83479 HTTP/1.1" status: 204 len: 168 time: 0.8026750 /var/lib/openstack/lib/python3.10/site-packages/pycadf/identifier.py:71: UserWarning: Invalid uuid: neutron. To ensure interoperability, identifiers should be a valid uuid. warnings.warn(('Invalid uuid: %s. To ensure interoperability, '
2026-04-28 18:32:23.314 10 INFO neutron.db.ovn_revision_numbers_db [req-ab16b02b-5677-44e3-bd21-c505a871799b req-78382627-1fa6-46c2-a1fa-d97049a42f1c 54b88280dc1646d2a79d662e64c0d724 4f8eb4083741407ab21daa902d3eeb03 - - e62532941e864b8ba3623ffc54f3df85 e62532941e864b8ba3623ffc54f3df85] Successfully bumped revision number for resource cb3ccf12-f9e8-4401-a362-612b27324523 (type: ports) to 2
2026-04-28 18:32:23.439 9 INFO neutron.db.l3_db [req-9cf32700-749b-4841-8cf5-3de4e0a039d5 req-fa07146d-432f-42b1-9fbc-637b11194ace e643f6df2c1147f4a193dcc86ed35878 97054b39d4bd43fd9917b932ff788ac7 - - default default] Floating IP 5a855922-b8d8-4335-bb9f-05f7fff427c3 disassociated. External IP: 10.96.250.201, port: c1e92db3-2477-4023-9c1d-d8def8c695bb. /var/lib/openstack/lib/python3.10/site-packages/pycadf/identifier.py:71: UserWarning: Invalid uuid: neutron. To ensure interoperability, identifiers should be a valid uuid. warnings.warn(('Invalid uuid: %s. To ensure interoperability, '
2026-04-28 18:32:23.529 9 INFO neutron.wsgi [req-d575e3b2-12d0-4a3c-be76-b5ab6a6e56e0 req-30421d74-f531-46d3-bd39-5a6cf2da4dcf e643f6df2c1147f4a193dcc86ed35878 97054b39d4bd43fd9917b932ff788ac7 - - default default] 10.0.0.139 "GET /v2.0/ports?device_id=764cd203-0348-43d4-a67d-2439292731fa HTTP/1.1" status: 200 len: 1168 time: 0.0610626
2026-04-28 18:32:23.572 10 INFO neutron.db.ovn_revision_numbers_db [req-ab16b02b-5677-44e3-bd21-c505a871799b req-78382627-1fa6-46c2-a1fa-d97049a42f1c 54b88280dc1646d2a79d662e64c0d724 4f8eb4083741407ab21daa902d3eeb03 - - e62532941e864b8ba3623ffc54f3df85 e62532941e864b8ba3623ffc54f3df85] Successfully bumped revision number for resource cb3ccf12-f9e8-4401-a362-612b27324523 (type: ports) to 2
2026-04-28 18:32:23.581 9 INFO neutron.wsgi [req-d575e3b2-12d0-4a3c-be76-b5ab6a6e56e0 req-b9a8b431-c579-460e-9148-85cd6fd7703f e643f6df2c1147f4a193dcc86ed35878 97054b39d4bd43fd9917b932ff788ac7 - - default default] 10.0.0.139 "GET /v2.0/security-groups?id=50055155-b74c-448b-8cd4-edb4fab01a65&fields=id&fields=name HTTP/1.1" status: 200 len: 313 time: 0.0388725
2026-04-28 18:32:23.608 10 INFO neutron.wsgi [req-ab16b02b-5677-44e3-bd21-c505a871799b req-78382627-1fa6-46c2-a1fa-d97049a42f1c 54b88280dc1646d2a79d662e64c0d724 4f8eb4083741407ab21daa902d3eeb03 - - e62532941e864b8ba3623ffc54f3df85 e62532941e864b8ba3623ffc54f3df85] 199.19.213.209 "PUT /v2.0/ports/cb3ccf12-f9e8-4401-a362-612b27324523 HTTP/1.1" status: 200 len: 1380 time: 0.6952684
2026-04-28 18:32:23.645 10 INFO neutron.notifiers.nova [-] Nova event matching ['req-6bafae2f-0e0a-402b-ad01-781a0ded7571'] response: {'name': 'network-changed', 'server_uuid': '37616f82-19a8-44c9-a6cd-9a1c17abbd01', 'tag': 'cb3ccf12-f9e8-4401-a362-612b27324523', 'status': 'completed', 'code': 200} /var/lib/openstack/lib/python3.10/site-packages/pycadf/identifier.py:71: UserWarning: Invalid uuid: neutron. To ensure interoperability, identifiers should be a valid uuid. warnings.warn(('Invalid uuid: %s. To ensure interoperability, '
2026-04-28 18:32:23.674 9 INFO neutron.wsgi [req-25b2657f-e179-4e8e-a0ad-854bab35b040 req-85c3b146-72af-4a0e-8441-f592922371bc 445a218fcc14475481f27e15806a9d61 9104c65c6035457f9d891bb7271bf9a8 - - default default] 10.0.0.139 "GET /v2.0/ports?device_id=37616f82-19a8-44c9-a6cd-9a1c17abbd01 HTTP/1.1" status: 200 len: 1172 time: 0.0344577
2026-04-28 18:32:23.677 9 INFO neutron.wsgi [req-9cf32700-749b-4841-8cf5-3de4e0a039d5 req-fa07146d-432f-42b1-9fbc-637b11194ace e643f6df2c1147f4a193dcc86ed35878 97054b39d4bd43fd9917b932ff788ac7 - - default default] 199.19.213.209 "DELETE /v2.0/ports/c1e92db3-2477-4023-9c1d-d8def8c695bb HTTP/1.1" status: 204 len: 173 time: 0.8605523
2026-04-28 18:32:23.682 10 INFO neutron.wsgi [req-ab16b02b-5677-44e3-bd21-c505a871799b req-4879f594-20ea-4a7d-bdf5-3f3637a30a49 54b88280dc1646d2a79d662e64c0d724 4f8eb4083741407ab21daa902d3eeb03 - - e62532941e864b8ba3623ffc54f3df85 e62532941e864b8ba3623ffc54f3df85] 199.19.213.209 "GET /v2.0/ports?tenant_id=9104c65c6035457f9d891bb7271bf9a8&device_id=37616f82-19a8-44c9-a6cd-9a1c17abbd01 HTTP/1.1" status: 200 len: 1411 time: 0.0389614
2026-04-28 18:32:23.710 9 INFO neutron.wsgi [req-25b2657f-e179-4e8e-a0ad-854bab35b040 req-7c4f08fa-46ef-4f45-bff4-8d3cbd053e8d 445a218fcc14475481f27e15806a9d61 9104c65c6035457f9d891bb7271bf9a8 - - default default] 10.0.0.139 "GET /v2.0/security-groups?id=c861afcb-a057-4538-a4bc-bab007fc2af8&fields=id&fields=name HTTP/1.1" status: 200 len: 313 time: 0.0276210
2026-04-28 18:32:23.710 10 INFO neutron.wsgi [req-ab16b02b-5677-44e3-bd21-c505a871799b req-e6b96d52-d8b9-4bd4-922b-d54d72c26e8f 54b88280dc1646d2a79d662e64c0d724 4f8eb4083741407ab21daa902d3eeb03 - - e62532941e864b8ba3623ffc54f3df85 e62532941e864b8ba3623ffc54f3df85] 199.19.213.209 "GET /v2.0/floatingips?fixed_ip_address=10.100.0.14&port_id=cb3ccf12-f9e8-4401-a362-612b27324523 HTTP/1.1" status: 200 len: 217 time: 0.0211060
2026-04-28 18:32:23.763 10 INFO neutron.services.segments.plugin [-] Segment a058aabc-ab69-4124-865c-83de8065bc29 resource provider aggregate not found
2026-04-28 18:32:23.771 10 INFO neutron.services.segments.plugin [-] Segment a058aabc-ab69-4124-865c-83de8065bc29 resource provider aggregate not found
2026-04-28 18:32:23.785 10 INFO neutron.wsgi [req-ab16b02b-5677-44e3-bd21-c505a871799b req-98e435b6-76b9-4224-a85a-4bda0947fb7d 54b88280dc1646d2a79d662e64c0d724 4f8eb4083741407ab21daa902d3eeb03 - - e62532941e864b8ba3623ffc54f3df85 e62532941e864b8ba3623ffc54f3df85] 199.19.213.209 "GET /v2.0/subnets?id=65c588c1-799a-479d-a3b2-ea63f9f65da9 HTTP/1.1" status: 200 len: 869 time: 0.0700464
2026-04-28 18:32:23.786 10 INFO neutron.services.segments.plugin [-] Segment a058aabc-ab69-4124-865c-83de8065bc29 resource provider not found; error: Placement Client Error (4xx): {"errors": [{"status": 404, "title": "Not Found", "detail": "The resource could not be found.\n\n No resource provider with uuid a058aabc-ab69-4124-865c-83de8065bc29 found for delete ", "request_id": "req-0cfe1909-d52b-41d7-ae49-a6801e0a575a"}]}
2026-04-28 18:32:23.787 10 INFO neutron.services.segments.plugin [-] Segment a058aabc-ab69-4124-865c-83de8065bc29 resource provider not found; error: Placement Client Error (4xx): {"errors": [{"status": 404, "title": "Not Found", "detail": "The resource could not be found.\n\n No resource provider with uuid a058aabc-ab69-4124-865c-83de8065bc29 found for delete ", "request_id": "req-22bbc83c-ea8a-4214-97ab-f737aac9e35a"}]}
2026-04-28 18:32:23.820 10 INFO neutron.wsgi [req-ab16b02b-5677-44e3-bd21-c505a871799b req-b3ff711c-1f17-42fd-8dd1-d666ee254e0a 54b88280dc1646d2a79d662e64c0d724 4f8eb4083741407ab21daa902d3eeb03 - - e62532941e864b8ba3623ffc54f3df85 e62532941e864b8ba3623ffc54f3df85] 199.19.213.209 "GET /v2.0/ports?network_id=f9d0d75d-f07b-4eba-97b9-c91364602bfb&device_owner=network%3Adhcp HTTP/1.1" status: 200 len: 210 time: 0.0292127
2026-04-28 18:32:23.836 10 INFO neutron.wsgi [None req-109bace6-8799-4853-9708-732e221c7620 68027d439b044ebd8dc31424fc114ed5 bddde6711bed4dd8b2a454341a5ad8b8 - - default default] 10.0.0.85 "DELETE /v2.0/networks/d7dea140-120b-4e20-a5cf-6fb1c43827ac HTTP/1.1" status: 204 len: 168 time: 0.5632207
2026-04-28 18:32:23.906 10 INFO neutron.wsgi [req-ab16b02b-5677-44e3-bd21-c505a871799b req-68bff04a-a53f-40e3-9cb7-5af85cbf54cd 54b88280dc1646d2a79d662e64c0d724 4f8eb4083741407ab21daa902d3eeb03 - - e62532941e864b8ba3623ffc54f3df85 e62532941e864b8ba3623ffc54f3df85] 199.19.213.209 "GET /v2.0/networks/f9d0d75d-f07b-4eba-97b9-c91364602bfb?fields=segments HTTP/1.1" status: 200 len: 212 time: 0.0633764
2026-04-28 18:32:23.912 9 INFO neutron.db.segments_db [None req-e6ea172d-9932-48a1-8866-cc15bf368b6a 68027d439b044ebd8dc31424fc114ed5 bddde6711bed4dd8b2a454341a5ad8b8 - - default default] Added segment 337de38d-455a-4c9a-8c3c-df9dfa798def of type geneve for network 19d53855-a349-43ce-87a9-5cc9142ea3dc
2026-04-28 18:32:23.985 10 INFO neutron.wsgi [req-ab16b02b-5677-44e3-bd21-c505a871799b req-21194e07-954f-4f0f-a4ba-6ebe8201015c 54b88280dc1646d2a79d662e64c0d724 4f8eb4083741407ab21daa902d3eeb03 - - e62532941e864b8ba3623ffc54f3df85 e62532941e864b8ba3623ffc54f3df85] 199.19.213.209 "GET /v2.0/networks/f9d0d75d-f07b-4eba-97b9-c91364602bfb?fields=provider%3Aphysical_network&fields=provider%3Anetwork_type HTTP/1.1" status: 200 len: 277 time: 0.0679195
2026-04-28 18:32:24.043 9 INFO neutron.db.ovn_revision_numbers_db [None req-e6ea172d-9932-48a1-8866-cc15bf368b6a 68027d439b044ebd8dc31424fc114ed5 bddde6711bed4dd8b2a454341a5ad8b8 - - default default] Successfully bumped revision number for resource 19d53855-a349-43ce-87a9-5cc9142ea3dc (type: networks) to 1
2026-04-28 18:32:24.063 10 INFO neutron.wsgi [req-89568fee-6287-487e-8be9-b6c8f3fdfe5c req-d1dffcc0-75b3-449c-8b9a-5da7f87e2c2b 54b88280dc1646d2a79d662e64c0d724 4f8eb4083741407ab21daa902d3eeb03 - - e62532941e864b8ba3623ffc54f3df85 e62532941e864b8ba3623ffc54f3df85] 199.19.213.209 "GET /v2.0/ports?tenant_id=9104c65c6035457f9d891bb7271bf9a8&device_id=37616f82-19a8-44c9-a6cd-9a1c17abbd01 HTTP/1.1" status: 200 len: 1411 time: 0.0273769
2026-04-28 18:32:24.130 10 INFO neutron.wsgi [req-89568fee-6287-487e-8be9-b6c8f3fdfe5c req-cab9e047-9498-46aa-8cc6-67979802e32d 54b88280dc1646d2a79d662e64c0d724 4f8eb4083741407ab21daa902d3eeb03 - - e62532941e864b8ba3623ffc54f3df85 e62532941e864b8ba3623ffc54f3df85] 199.19.213.209 "GET /v2.0/networks?id=f9d0d75d-f07b-4eba-97b9-c91364602bfb HTTP/1.1" status: 200 len: 974 time: 0.0579641
2026-04-28 18:32:24.165 10 INFO neutron.wsgi [req-89568fee-6287-487e-8be9-b6c8f3fdfe5c req-557da4bc-3f7d-42cd-b598-1b0a20602345 54b88280dc1646d2a79d662e64c0d724 4f8eb4083741407ab21daa902d3eeb03 - - e62532941e864b8ba3623ffc54f3df85 e62532941e864b8ba3623ffc54f3df85] 199.19.213.209 "GET /v2.0/floatingips?fixed_ip_address=10.100.0.14&port_id=cb3ccf12-f9e8-4401-a362-612b27324523 HTTP/1.1" status: 200 len: 217 time: 0.0301235
2026-04-28 18:32:24.197 9 INFO neutron.plugins.ml2.drivers.ovn.mech_driver.mech_driver [None req-17db49d6-4795-48b9-8c8b-b3f8607c6544 - - - - - -] OVN reports status up for port: cb3ccf12-f9e8-4401-a362-612b27324523
2026-04-28 18:32:24.205 10 INFO neutron.wsgi [req-89568fee-6287-487e-8be9-b6c8f3fdfe5c req-bdd8f440-a6e2-44eb-a0a1-d21374430895 54b88280dc1646d2a79d662e64c0d724 4f8eb4083741407ab21daa902d3eeb03 - - e62532941e864b8ba3623ffc54f3df85 e62532941e864b8ba3623ffc54f3df85] 199.19.213.209 "GET /v2.0/subnets?id=65c588c1-799a-479d-a3b2-ea63f9f65da9 HTTP/1.1" status: 200 len: 869 time: 0.0318601
2026-04-28 18:32:24.217 9 INFO neutron.plugins.ml2.plugin [None req-17db49d6-4795-48b9-8c8b-b3f8607c6544 - - - - - -] Attempt 1 to provision port cb3ccf12-f9e8-4401-a362-612b27324523
2026-04-28 18:32:24.232 10 INFO neutron.wsgi [req-89568fee-6287-487e-8be9-b6c8f3fdfe5c req-cf1b3da4-2dcc-4036-b4aa-82ebc074ee07 54b88280dc1646d2a79d662e64c0d724 4f8eb4083741407ab21daa902d3eeb03 - - e62532941e864b8ba3623ffc54f3df85 e62532941e864b8ba3623ffc54f3df85] 199.19.213.209 "GET /v2.0/ports?network_id=f9d0d75d-f07b-4eba-97b9-c91364602bfb&device_owner=network%3Adhcp HTTP/1.1" status: 200 len: 210 time: 0.0219893
2026-04-28 18:32:24.260 9 WARNING neutron.scheduler.dhcp_agent_scheduler [None req-e6ea172d-9932-48a1-8866-cc15bf368b6a 68027d439b044ebd8dc31424fc114ed5 bddde6711bed4dd8b2a454341a5ad8b8 - - default default] No more DHCP agents
2026-04-28 18:32:24.270 9 WARNING neutron.api.rpc.agentnotifiers.dhcp_rpc_agent_api [None req-e6ea172d-9932-48a1-8866-cc15bf368b6a 68027d439b044ebd8dc31424fc114ed5 bddde6711bed4dd8b2a454341a5ad8b8 - - default default] Unable to schedule network 19d53855-a349-43ce-87a9-5cc9142ea3dc: no agents available; will retry on subsequent port and subnet creation events.
2026-04-28 18:32:24.288 10 INFO neutron.wsgi [req-89568fee-6287-487e-8be9-b6c8f3fdfe5c req-54e8f4ce-1fd7-4ffe-9861-4fe2d017c8fe 54b88280dc1646d2a79d662e64c0d724 4f8eb4083741407ab21daa902d3eeb03 - - e62532941e864b8ba3623ffc54f3df85 e62532941e864b8ba3623ffc54f3df85] 199.19.213.209 "GET /v2.0/networks/f9d0d75d-f07b-4eba-97b9-c91364602bfb?fields=segments HTTP/1.1" status: 200 len: 212 time: 0.0490379
2026-04-28 18:32:24.363 10 INFO neutron.wsgi [req-89568fee-6287-487e-8be9-b6c8f3fdfe5c req-7f8bc74a-f7d2-4f07-8094-c2ce1bc3d405 54b88280dc1646d2a79d662e64c0d724 4f8eb4083741407ab21daa902d3eeb03 - - e62532941e864b8ba3623ffc54f3df85 e62532941e864b8ba3623ffc54f3df85] 199.19.213.209 "GET /v2.0/networks/f9d0d75d-f07b-4eba-97b9-c91364602bfb?fields=provider%3Aphysical_network&fields=provider%3Anetwork_type HTTP/1.1" status: 200 len: 277 time: 0.0709035
2026-04-28 18:32:24.386 9 INFO neutron.db.ovn_revision_numbers_db [None req-e6ea172d-9932-48a1-8866-cc15bf368b6a 68027d439b044ebd8dc31424fc114ed5 bddde6711bed4dd8b2a454341a5ad8b8 - - default default] Successfully bumped revision number for resource a169e3b4-5edd-40d4-b404-eb4380cc4926 (type: ports) to 1
2026-04-28 18:32:24.419 9 INFO neutron.wsgi [None req-e6ea172d-9932-48a1-8866-cc15bf368b6a 68027d439b044ebd8dc31424fc114ed5 bddde6711bed4dd8b2a454341a5ad8b8 - - default default] 10.0.0.85 "POST /v2.0/networks HTTP/1.1" status: 201 len: 831 time: 0.5778582
2026-04-28 18:32:24.565 9 INFO neutron.db.ovn_revision_numbers_db [None req-17db49d6-4795-48b9-8c8b-b3f8607c6544 - - - - - -] Successfully bumped revision number for resource cb3ccf12-f9e8-4401-a362-612b27324523 (type: ports) to 4
2026-04-28 18:32:24.663 10 WARNING neutron.scheduler.dhcp_agent_scheduler [None req-a6d177f1-c5d4-44b8-9dc2-e12edaefe54e 68027d439b044ebd8dc31424fc114ed5 bddde6711bed4dd8b2a454341a5ad8b8 - - default default] No more DHCP agents
2026-04-28 18:32:24.665 10 WARNING neutron.api.rpc.agentnotifiers.dhcp_rpc_agent_api [None req-a6d177f1-c5d4-44b8-9dc2-e12edaefe54e 68027d439b044ebd8dc31424fc114ed5 bddde6711bed4dd8b2a454341a5ad8b8 - - default default] Unable to schedule network 19d53855-a349-43ce-87a9-5cc9142ea3dc: no agents available; will retry on subsequent port and subnet creation events.
2026-04-28 18:32:24.706 10 INFO neutron.db.ovn_revision_numbers_db [None req-a6d177f1-c5d4-44b8-9dc2-e12edaefe54e 68027d439b044ebd8dc31424fc114ed5 bddde6711bed4dd8b2a454341a5ad8b8 - - default default] Successfully bumped revision number for resource 03be86ec-2550-4777-a855-fad5921500ed (type: subnets) to 0
2026-04-28 18:32:24.726 10 INFO neutron.wsgi [None req-a6d177f1-c5d4-44b8-9dc2-e12edaefe54e 68027d439b044ebd8dc31424fc114ed5 bddde6711bed4dd8b2a454341a5ad8b8 - - default default] 10.0.0.85 "POST /v2.0/subnets HTTP/1.1" status: 201 len: 821 time: 0.2976303
2026-04-28 18:32:24.729 9 INFO neutron.notifiers.nova [-] Nova event matching ['req-be90ffdb-396c-41be-9765-df585db88914'] response: {'server_uuid': '764cd203-0348-43d4-a67d-2439292731fa', 'name': 'network-vif-plugged', 'status': 'completed', 'tag': 'c1e92db3-2477-4023-9c1d-d8def8c695bb', 'code': 200}
2026-04-28 18:32:24.729 9 INFO neutron.notifiers.nova [-] Nova event matching ['req-be90ffdb-396c-41be-9765-df585db88914'] response: {'server_uuid': '764cd203-0348-43d4-a67d-2439292731fa', 'name': 'network-vif-deleted', 'tag': 'c1e92db3-2477-4023-9c1d-d8def8c695bb', 'status': 'completed', 'code': 200}
2026-04-28 18:32:24.729 9 INFO neutron.notifiers.nova [-] Nova event matching ['req-be90ffdb-396c-41be-9765-df585db88914'] response: {'server_uuid': '37616f82-19a8-44c9-a6cd-9a1c17abbd01', 'name': 'network-vif-plugged', 'status': 'completed', 'tag': 'cb3ccf12-f9e8-4401-a362-612b27324523', 'code': 200}
2026-04-28 18:32:24.729 9 INFO neutron.notifiers.nova [-] Nova event matching ['req-be90ffdb-396c-41be-9765-df585db88914'] response: {'server_uuid': '37616f82-19a8-44c9-a6cd-9a1c17abbd01', 'name': 'network-vif-plugged', 'status': 'completed', 'tag': 'cb3ccf12-f9e8-4401-a362-612b27324523', 'code': 200} /var/lib/openstack/lib/python3.10/site-packages/pycadf/identifier.py:71: UserWarning: Invalid uuid: neutron. To ensure interoperability, identifiers should be a valid uuid. warnings.warn(('Invalid uuid: %s. To ensure interoperability, '
2026-04-28 18:32:24.802 10 INFO neutron.wsgi [None req-4edce2f4-5114-4a15-9298-111747b2721c e643f6df2c1147f4a193dcc86ed35878 97054b39d4bd43fd9917b932ff788ac7 - - default default] 10.0.0.85 "DELETE /v2.0/security-groups/50055155-b74c-448b-8cd4-edb4fab01a65 HTTP/1.1" status: 204 len: 168 time: 0.1199133
2026-04-28 18:32:24.817 10 INFO neutron.api.v2.resource [None req-ee6ef3d7-13ee-4ea7-b019-097f46bc3896 e643f6df2c1147f4a193dcc86ed35878 97054b39d4bd43fd9917b932ff788ac7 - - default default] show failed (client error): The resource could not be found.
2026-04-28 18:32:24.819 10 INFO neutron.wsgi [None req-ee6ef3d7-13ee-4ea7-b019-097f46bc3896 e643f6df2c1147f4a193dcc86ed35878 97054b39d4bd43fd9917b932ff788ac7 - - default default] 10.0.0.85 "GET /v2.0/security-groups/50055155-b74c-448b-8cd4-edb4fab01a65 HTTP/1.1" status: 404 len: 347 time: 0.0115275
2026-04-28 18:32:24.824 9 INFO neutron.wsgi [req-abf56c84-067d-46d3-8b51-ae035244184a req-447d9da7-caab-42b3-b652-3c6a71916b4f 445a218fcc14475481f27e15806a9d61 9104c65c6035457f9d891bb7271bf9a8 - - default default] 10.0.0.139 "GET /v2.0/ports?device_id=37616f82-19a8-44c9-a6cd-9a1c17abbd01 HTTP/1.1" status: 200 len: 1174 time: 0.0417805
2026-04-28 18:32:24.856 10 WARNING neutron.plugins.ml2.drivers.ovn.mech_driver.ovsdb.ovn_client [None req-61ff434f-011b-47b9-8267-37fb304c1254 - - - - - -] No port found with ID 28945f7a-7fd2-4c8d-9f3b-bf2890351961: RuntimeError: No port found with ID 28945f7a-7fd2-4c8d-9f3b-bf2890351961
2026-04-28 18:32:24.856 10 INFO neutron.plugins.ml2.drivers.ovn.mech_driver.mech_driver [None req-61ff434f-011b-47b9-8267-37fb304c1254 - - - - - -] OVN reports status up for port: d8654de7-fe8e-4683-b4a1-90984c28cefc
2026-04-28 18:32:24.878 10 INFO neutron.plugins.ml2.plugin [None req-61ff434f-011b-47b9-8267-37fb304c1254 - - - - - -] Attempt 1 to provision port d8654de7-fe8e-4683-b4a1-90984c28cefc
2026-04-28 18:32:24.908 9 INFO neutron.wsgi [req-abf56c84-067d-46d3-8b51-ae035244184a req-3e1b0f99-7751-4b93-837f-b223de5e1c5d 445a218fcc14475481f27e15806a9d61 9104c65c6035457f9d891bb7271bf9a8 - - default default] 10.0.0.139 "GET /v2.0/security-groups?id=c861afcb-a057-4538-a4bc-bab007fc2af8&fields=id&fields=name HTTP/1.1" status: 200 len: 313 time: 0.0717528
2026-04-28 18:32:24.914 9 INFO neutron.db.ovn_revision_numbers_db [None req-7cf8654d-502d-4798-a399-556759ca9a49 68027d439b044ebd8dc31424fc114ed5 bddde6711bed4dd8b2a454341a5ad8b8 - - default default] Successfully bumped revision number for resource 0b7eccea-ad42-4ada-b851-087450f75555 (type: routers) to 1
2026-04-28 18:32:24.926 9 INFO neutron.wsgi [None req-7cf8654d-502d-4798-a399-556759ca9a49 68027d439b044ebd8dc31424fc114ed5 bddde6711bed4dd8b2a454341a5ad8b8 - - default default] 10.0.0.85 "POST /v2.0/routers HTTP/1.1" status: 201 len: 690 time: 0.1940627
2026-04-28 18:32:25.138 10 INFO neutron.wsgi [None req-566b5316-7277-4659-ae1c-a0dbba208ccf e643f6df2c1147f4a193dcc86ed35878 97054b39d4bd43fd9917b932ff788ac7 - - default default] 10.0.0.85 "DELETE /v2.0/floatingips/5a855922-b8d8-4335-bb9f-05f7fff427c3 HTTP/1.1" status: 204 len: 168 time: 0.3152771
2026-04-28 18:32:25.236 9 INFO neutron.wsgi [req-573c8826-f04e-41a3-a4f6-b6085beae3f3 req-8d47b228-ba13-421a-8430-76f01568d58f 54b88280dc1646d2a79d662e64c0d724 4f8eb4083741407ab21daa902d3eeb03 - - e62532941e864b8ba3623ffc54f3df85 e62532941e864b8ba3623ffc54f3df85] 10.0.0.244 "GET /v2.0/ports?device_id=81499200-cc96-40b5-a738-76ec09a5cf74 HTTP/1.1" status: 200 len: 1409 time: 0.0390007
2026-04-28 18:32:25.241 9 WARNING neutron.scheduler.dhcp_agent_scheduler [None req-987a8d75-a06d-430d-a951-0d3094bef719 68027d439b044ebd8dc31424fc114ed5 bddde6711bed4dd8b2a454341a5ad8b8 - - default default] No more DHCP agents
2026-04-28 18:32:25.242 9 WARNING neutron.api.rpc.agentnotifiers.dhcp_rpc_agent_api [None req-987a8d75-a06d-430d-a951-0d3094bef719 68027d439b044ebd8dc31424fc114ed5 bddde6711bed4dd8b2a454341a5ad8b8 - - default default] Unable to schedule network 19d53855-a349-43ce-87a9-5cc9142ea3dc: no agents available; will retry on subsequent port and subnet creation events. /var/lib/openstack/lib/python3.10/site-packages/pycadf/identifier.py:71: UserWarning: Invalid uuid: neutron. To ensure interoperability, identifiers should be a valid uuid. warnings.warn(('Invalid uuid: %s. To ensure interoperability, '
2026-04-28 18:32:25.302 9 INFO neutron.wsgi [req-573c8826-f04e-41a3-a4f6-b6085beae3f3 req-7cfdb4f3-6c5e-4fc0-822b-5ba7b672f61b 54b88280dc1646d2a79d662e64c0d724 4f8eb4083741407ab21daa902d3eeb03 - - e62532941e864b8ba3623ffc54f3df85 e62532941e864b8ba3623ffc54f3df85] 10.0.0.244 "GET /v2.0/security-groups?id=e6e0216b-487c-4cc3-a01b-1a77ca11cf0b&fields=id&fields=name HTTP/1.1" status: 200 len: 312 time: 0.0514734
2026-04-28 18:32:25.359 9 INFO neutron.db.ovn_revision_numbers_db [None req-987a8d75-a06d-430d-a951-0d3094bef719 68027d439b044ebd8dc31424fc114ed5 bddde6711bed4dd8b2a454341a5ad8b8 - - default default] Successfully bumped revision number for resource f9bba89b-13ad-4e3e-9658-dad8cd164edc (type: ports) to 1
2026-04-28 18:32:25.385 9 INFO neutron.wsgi [None req-987a8d75-a06d-430d-a951-0d3094bef719 68027d439b044ebd8dc31424fc114ed5 bddde6711bed4dd8b2a454341a5ad8b8 - - default default] 10.0.0.85 "POST /v2.0/ports HTTP/1.1" status: 201 len: 1158 time: 0.4533627
2026-04-28 18:32:25.793 10 INFO neutron.plugins.ml2.drivers.ovn.mech_driver.mech_driver [None req-61ff434f-011b-47b9-8267-37fb304c1254 - - - - - -] OVN reports status up for port: f9bba89b-13ad-4e3e-9658-dad8cd164edc
2026-04-28 18:32:25.802 10 INFO neutron.plugins.ml2.plugin [None req-61ff434f-011b-47b9-8267-37fb304c1254 - - - - - -] Attempt 1 to provision port f9bba89b-13ad-4e3e-9658-dad8cd164edc
2026-04-28 18:32:25.815 9 INFO neutron.db.ovn_revision_numbers_db [None req-a54d01ea-0db6-4add-a91f-d0db96e87283 68027d439b044ebd8dc31424fc114ed5 bddde6711bed4dd8b2a454341a5ad8b8 - - default default] Successfully bumped revision number for resource f9bba89b-13ad-4e3e-9658-dad8cd164edc (type: router_ports) to 2 /var/lib/openstack/lib/python3.10/site-packages/pycadf/identifier.py:71: UserWarning: Invalid uuid: neutron. To ensure interoperability, identifiers should be a valid uuid. warnings.warn(('Invalid uuid: %s. To ensure interoperability, '
2026-04-28 18:32:25.989 9 INFO neutron.db.ovn_revision_numbers_db [None req-a54d01ea-0db6-4add-a91f-d0db96e87283 68027d439b044ebd8dc31424fc114ed5 bddde6711bed4dd8b2a454341a5ad8b8 - - default default] Successfully bumped revision number for resource f9bba89b-13ad-4e3e-9658-dad8cd164edc (type: ports) to 2
2026-04-28 18:32:26.126 10 INFO neutron.db.ovn_revision_numbers_db [None req-61ff434f-011b-47b9-8267-37fb304c1254 - - - - - -] Successfully bumped revision number for resource f9bba89b-13ad-4e3e-9658-dad8cd164edc (type: ports) to 3
2026-04-28 18:32:26.265 10 INFO neutron.db.ovn_revision_numbers_db [None req-61ff434f-011b-47b9-8267-37fb304c1254 - - - - - -] Successfully bumped revision number for resource f9bba89b-13ad-4e3e-9658-dad8cd164edc (type: router_ports) to 3
2026-04-28 18:32:26.291 9 INFO neutron.wsgi [req-2b75d56b-49e3-4dce-8077-d309da5a26dc req-4914f0b9-cfee-42be-a469-9f2c89733c55 445a218fcc14475481f27e15806a9d61 9104c65c6035457f9d891bb7271bf9a8 - - default default] 10.0.0.139 "GET /v2.0/ports?device_id=37616f82-19a8-44c9-a6cd-9a1c17abbd01 HTTP/1.1" status: 200 len: 1174 time: 0.3125074
2026-04-28 18:32:26.358 9 INFO neutron.wsgi [req-2b75d56b-49e3-4dce-8077-d309da5a26dc req-6f8eb22d-d76c-4e49-8c4c-2661f452f3c6 445a218fcc14475481f27e15806a9d61 9104c65c6035457f9d891bb7271bf9a8 - - default default] 10.0.0.139 "GET /v2.0/security-groups?id=c861afcb-a057-4538-a4bc-bab007fc2af8&fields=id&fields=name HTTP/1.1" status: 200 len: 313 time: 0.0495503
2026-04-28 18:32:26.462 9 INFO neutron.wsgi [req-81c53abb-1743-4715-8b13-7f7c11964446 req-d76925de-5f3d-406a-a85c-aa825a2d0705 445a218fcc14475481f27e15806a9d61 9104c65c6035457f9d891bb7271bf9a8 - - default default] 10.0.0.139 "GET /v2.0/ports?device_id=37616f82-19a8-44c9-a6cd-9a1c17abbd01 HTTP/1.1" status: 200 len: 1174 time: 0.0451348 /var/lib/openstack/lib/python3.10/site-packages/pycadf/identifier.py:71: UserWarning: Invalid uuid: neutron. To ensure interoperability, identifiers should be a valid uuid. warnings.warn(('Invalid uuid: %s. To ensure interoperability, '
2026-04-28 18:32:26.594 10 INFO neutron.wsgi [None req-0424794d-6825-43df-8451-209298d8a79b 48e081fb0e3148478a0338e7fc589bad 7c9837aa41ee4d8fb6b630692028dc4c - - default default] 10.0.0.85 "PUT /v2.0/routers/f508a221-b057-4d8d-9a60-41acb339c10a/remove_router_interface HTTP/1.1" status: 200 len: 503 time: 1.3763521
2026-04-28 18:32:26.733 10 INFO neutron.db.l3_db [None req-8a1f5e2f-1496-4b62-8e1f-47d861f9a4cd 445a218fcc14475481f27e15806a9d61 9104c65c6035457f9d891bb7271bf9a8 - - default default] Floating IP b0d1e8a9-c96d-4744-87ed-e51460a0dd33 associated. External IP: 10.96.250.208, port: cb3ccf12-f9e8-4401-a362-612b27324523.
2026-04-28 18:32:26.863 9 INFO neutron.db.ovn_revision_numbers_db [None req-a54d01ea-0db6-4add-a91f-d0db96e87283 68027d439b044ebd8dc31424fc114ed5 bddde6711bed4dd8b2a454341a5ad8b8 - - default default] Successfully bumped revision number for resource f9bba89b-13ad-4e3e-9658-dad8cd164edc (type: ports) to 3
2026-04-28 18:32:26.952 10 INFO neutron.db.ovn_revision_numbers_db [None req-8a1f5e2f-1496-4b62-8e1f-47d861f9a4cd 445a218fcc14475481f27e15806a9d61 9104c65c6035457f9d891bb7271bf9a8 - - default default] Successfully bumped revision number for resource b0d1e8a9-c96d-4744-87ed-e51460a0dd33 (type: floatingips) to 1
2026-04-28 18:32:27.002 9 WARNING neutron.scheduler.dhcp_agent_scheduler [None req-a54d01ea-0db6-4add-a91f-d0db96e87283 68027d439b044ebd8dc31424fc114ed5 bddde6711bed4dd8b2a454341a5ad8b8 - - default default] No more DHCP agents
2026-04-28 18:32:27.005 9 WARNING neutron.api.rpc.agentnotifiers.dhcp_rpc_agent_api [None req-a54d01ea-0db6-4add-a91f-d0db96e87283 68027d439b044ebd8dc31424fc114ed5 bddde6711bed4dd8b2a454341a5ad8b8 - - default default] Unable to schedule network 19d53855-a349-43ce-87a9-5cc9142ea3dc: no agents available; will retry on subsequent port and subnet creation events.
2026-04-28 18:32:27.051 10 INFO neutron.db.ovn_revision_numbers_db [None req-8a1f5e2f-1496-4b62-8e1f-47d861f9a4cd 445a218fcc14475481f27e15806a9d61 9104c65c6035457f9d891bb7271bf9a8 - - default default] Successfully bumped revision number for resource b0d1e8a9-c96d-4744-87ed-e51460a0dd33 (type: floatingips) to 2
2026-04-28 18:32:27.073 10 INFO neutron.wsgi [None req-8a1f5e2f-1496-4b62-8e1f-47d861f9a4cd 445a218fcc14475481f27e15806a9d61 9104c65c6035457f9d891bb7271bf9a8 - - default default] 10.0.0.85 "PUT /v2.0/floatingips/b0d1e8a9-c96d-4744-87ed-e51460a0dd33 HTTP/1.1" status: 200 len: 1050 time: 0.6006353
2026-04-28 18:32:27.113 10 INFO neutron.notifiers.nova [-] Nova event matching ['req-e1202099-01ac-4cc1-9eb4-603f906663cb'] response: {'name': 'network-changed', 'server_uuid': '37616f82-19a8-44c9-a6cd-9a1c17abbd01', 'tag': 'cb3ccf12-f9e8-4401-a362-612b27324523', 'status': 'completed', 'code': 200} /var/lib/openstack/lib/python3.10/site-packages/pycadf/identifier.py:71: UserWarning: Invalid uuid: neutron. To ensure interoperability, identifiers should be a valid uuid. warnings.warn(('Invalid uuid: %s. To ensure interoperability, ' /var/lib/openstack/lib/python3.10/site-packages/pycadf/identifier.py:71: UserWarning: Invalid uuid: neutron. To ensure interoperability, identifiers should be a valid uuid. warnings.warn(('Invalid uuid: %s. To ensure interoperability, '
2026-04-28 18:32:27.167 10 INFO neutron.wsgi [req-7fbc641c-c8b7-4e2e-b921-95eb40395f82 req-0e0dd329-813a-4ec4-9714-e93c7d00a0aa 54b88280dc1646d2a79d662e64c0d724 4f8eb4083741407ab21daa902d3eeb03 - - e62532941e864b8ba3623ffc54f3df85 e62532941e864b8ba3623ffc54f3df85] 199.19.213.209 "GET /v2.0/ports?tenant_id=9104c65c6035457f9d891bb7271bf9a8&device_id=37616f82-19a8-44c9-a6cd-9a1c17abbd01 HTTP/1.1" status: 200 len: 1413 time: 0.0321209
2026-04-28 18:32:27.181 9 INFO neutron.wsgi [req-fab9e0da-2412-4b06-8142-a7b8a8053afe req-9c73eb9a-1685-4434-959e-61b256c8574f 445a218fcc14475481f27e15806a9d61 9104c65c6035457f9d891bb7271bf9a8 - - default default] 10.0.0.139 "GET /v2.0/ports?device_id=37616f82-19a8-44c9-a6cd-9a1c17abbd01 HTTP/1.1" status: 200 len: 1174 time: 0.0485876
2026-04-28 18:32:27.219 10 INFO neutron.wsgi [req-7fbc641c-c8b7-4e2e-b921-95eb40395f82 req-f0c7ca3f-3c7b-4e62-a763-ba0f79acd400 54b88280dc1646d2a79d662e64c0d724 4f8eb4083741407ab21daa902d3eeb03 - - e62532941e864b8ba3623ffc54f3df85 e62532941e864b8ba3623ffc54f3df85] 199.19.213.209 "GET /v2.0/networks?id=f9d0d75d-f07b-4eba-97b9-c91364602bfb HTTP/1.1" status: 200 len: 974 time: 0.0489841
2026-04-28 18:32:27.256 9 INFO neutron.wsgi [req-fab9e0da-2412-4b06-8142-a7b8a8053afe req-87652c71-e47f-4273-bac4-8abfded17399 445a218fcc14475481f27e15806a9d61 9104c65c6035457f9d891bb7271bf9a8 - - default default] 10.0.0.139 "GET /v2.0/security-groups?id=c861afcb-a057-4538-a4bc-bab007fc2af8&fields=id&fields=name HTTP/1.1" status: 200 len: 313 time: 0.0620871
