May 20 01:48:41.470914 np0000175173 devstack@neutron-api.service[103493]: DEBUG neutron.manager [None req-e9006bd4-f60f-4480-a684-de7aa7d99e42 None None] Successfully loaded revision_plugin plugin. Description: Adds revision numbers to resources. {{(pid=103493) _create_and_add_service_plugin /opt/stack/neutron/neutron/manager.py:239}}
May 20 01:48:41.470985 np0000175173 devstack@neutron-api.service[103492]: INFO neutron.api.extensions [None req-44afc816-e18c-4da3-9bc8-8c609d22f7f9 None None] Loaded extension: extra_dhcp_opt
May 20 01:48:41.471042 np0000175173 devstack@neutron-api.service[103493]: DEBUG oslo_concurrency.lockutils [None req-e9006bd4-f60f-4480-a684-de7aa7d99e42 None None] Lock "manager" "released" by "neutron.manager.NeutronManager._create_instance" :: held 4.504s {{(pid=103493) inner /opt/stack/data/venv/lib/python3.12/site-packages/oslo_concurrency/lockutils.py:543}}
May 20 01:48:41.471077 np0000175173 devstack@neutron-api.service[103492]: DEBUG neutron.api.extensions [None req-44afc816-e18c-4da3-9bc8-8c609d22f7f9 None None] Loading extension file: extraroute.py {{(pid=103492) _load_all_extensions_from_path /opt/stack/neutron/neutron/api/extensions.py:449}}
May 20 01:48:41.471257 np0000175173 devstack@neutron-api.service[103493]: DEBUG neutron.api.extensions [None req-e9006bd4-f60f-4480-a684-de7aa7d99e42 None None] get_extension_paths = OrderedDict({'/opt/stack/neutron/neutron/extensions': 1}) {{(pid=103493) get_extensions_path /opt/stack/neutron/neutron/api/extensions.py:640}}
May 20 01:48:41.471317 np0000175173 devstack@neutron-api.service[103492]: DEBUG neutron.api.extensions [None req-44afc816-e18c-4da3-9bc8-8c609d22f7f9 None None] Ext name="Neutron Extra Route" alias="extraroute" description="Extra routes configuration for L3 router" updated="2013-02-01T10:00:00-00:00" {{(pid=103492) _check_extension /opt/stack/neutron/neutron/api/extensions.py:415}}
May 20 01:48:41.471351 np0000175173 devstack@neutron-api.service[103493]: INFO neutron.api.extensions [None req-e9006bd4-f60f-4480-a684-de7aa7d99e42 None None] Initializing extension manager.
May 20 01:48:41.471486 np0000175173 devstack@neutron-api.service[103492]: INFO neutron.api.extensions [None req-44afc816-e18c-4da3-9bc8-8c609d22f7f9 None None] Loaded extension: extraroute
May 20 01:48:41.471578 np0000175173 devstack@neutron-api.service[103492]: DEBUG neutron.api.extensions [None req-44afc816-e18c-4da3-9bc8-8c609d22f7f9 None None] Loading extension file: extraroute_atomic.py {{(pid=103492) _load_all_extensions_from_path /opt/stack/neutron/neutron/api/extensions.py:449}}
May 20 01:48:41.471617 np0000175173 devstack@neutron-api.service[103493]: DEBUG neutron.api.extensions [None req-e9006bd4-f60f-4480-a684-de7aa7d99e42 None None] Loading extension file: __init__.py {{(pid=103493) _load_all_extensions_from_path /opt/stack/neutron/neutron/api/extensions.py:449}}
May 20 01:48:41.471682 np0000175173 devstack@neutron-api.service[103493]: DEBUG neutron.api.extensions [None req-e9006bd4-f60f-4480-a684-de7aa7d99e42 None None] Loading extension file: __pycache__ {{(pid=103493) _load_all_extensions_from_path /opt/stack/neutron/neutron/api/extensions.py:449}}
May 20 01:48:41.471774 np0000175173 devstack@neutron-api.service[103493]: DEBUG neutron.api.extensions [None req-e9006bd4-f60f-4480-a684-de7aa7d99e42 None None] Loading extension file: address_group.py {{(pid=103493) _load_all_extensions_from_path /opt/stack/neutron/neutron/api/extensions.py:449}}
May 20 01:48:41.471806 np0000175173 devstack@neutron-api.service[103495]: DEBUG neutron_lib.callbacks.manager [None req-6dd3880a-f3c8-4724-a530-777cf78e5e05 None None] Subscribe: > process before_spawn 55550000, False {{(pid=103495) subscribe /opt/stack/data/venv/lib/python3.12/site-packages/neutron_lib/callbacks/manager.py:52}}
May 20 01:48:41.471871 np0000175173 devstack@neutron-api.service[103492]: DEBUG neutron.api.extensions [None req-44afc816-e18c-4da3-9bc8-8c609d22f7f9 None None] Ext name="Atomically add/remove extra routes" alias="extraroute-atomic" description="Edit extra routes of a router on server side by atomically adding/removing extra routes" updated="2019-07-10T00:00:00+00:00" {{(pid=103492) _check_extension /opt/stack/neutron/neutron/api/extensions.py:415}}
May 20 01:48:41.471935 np0000175173 devstack@neutron-api.service[103495]: DEBUG neutron_lib.callbacks.manager [None req-6dd3880a-f3c8-4724-a530-777cf78e5e05 None None] Subscribe: > process after_init 55550000, True {{(pid=103495) subscribe /opt/stack/data/venv/lib/python3.12/site-packages/neutron_lib/callbacks/manager.py:52}}
May 20 01:48:41.472001 np0000175173 devstack@neutron-api.service[103492]: INFO neutron.api.extensions [None req-44afc816-e18c-4da3-9bc8-8c609d22f7f9 None None] Loaded extension: extraroute-atomic
May 20 01:48:41.472086 np0000175173 devstack@neutron-api.service[103495]: DEBUG neutron_lib.callbacks.manager [None req-6dd3880a-f3c8-4724-a530-777cf78e5e05 None None] Subscribe: > segment after_create 55550000, False {{(pid=103495) subscribe /opt/stack/data/venv/lib/python3.12/site-packages/neutron_lib/callbacks/manager.py:52}}
May 20 01:48:41.472118 np0000175173 devstack@neutron-api.service[103492]: DEBUG neutron.api.extensions [None req-44afc816-e18c-4da3-9bc8-8c609d22f7f9 None None] Loading extension file: filter_validation.py {{(pid=103492) _load_all_extensions_from_path /opt/stack/neutron/neutron/api/extensions.py:449}}
May 20 01:48:41.472161 np0000175173 devstack@neutron-api.service[103493]: DEBUG neutron.api.extensions [None req-e9006bd4-f60f-4480-a684-de7aa7d99e42 None None] Ext name="Address group" alias="address-group" description="Support address group" updated="2020-07-15T10:00:00-00:00" {{(pid=103493) _check_extension /opt/stack/neutron/neutron/api/extensions.py:415}}
May 20 01:48:41.472201 np0000175173 devstack@neutron-api.service[103495]: DEBUG neutron_lib.callbacks.manager [None req-6dd3880a-f3c8-4724-a530-777cf78e5e05 None None] Subscribe: > segment after_create 55550000, False {{(pid=103495) subscribe /opt/stack/data/venv/lib/python3.12/site-packages/neutron_lib/callbacks/manager.py:52}}
May 20 01:48:41.472303 np0000175173 devstack@neutron-api.service[103495]: DEBUG neutron_lib.callbacks.manager [None req-6dd3880a-f3c8-4724-a530-777cf78e5e05 None None] Subscribe: > segment after_delete 55550000, False {{(pid=103495) subscribe /opt/stack/data/venv/lib/python3.12/site-packages/neutron_lib/callbacks/manager.py:52}}
May 20 01:48:41.472337 np0000175173 devstack@neutron-api.service[103493]: INFO neutron.api.extensions [None req-e9006bd4-f60f-4480-a684-de7aa7d99e42 None None] Loaded extension: address-group
May 20 01:48:41.472369 np0000175173 devstack@neutron-api.service[103492]: DEBUG neutron.api.extensions [None req-44afc816-e18c-4da3-9bc8-8c609d22f7f9 None None] Ext name="Filter parameters validation" alias="filter-validation" description="Provides validation on filter parameters." updated="2018-07-04T10:00:00-00:00" {{(pid=103492) _check_extension /opt/stack/neutron/neutron/api/extensions.py:415}}
May 20 01:48:41.472405 np0000175173 devstack@neutron-api.service[103495]: DEBUG neutron_lib.callbacks.manager [None req-6dd3880a-f3c8-4724-a530-777cf78e5e05 None None] Subscribe: > allowed_address_pair before_create 55550000, False {{(pid=103495) subscribe /opt/stack/data/venv/lib/python3.12/site-packages/neutron_lib/callbacks/manager.py:52}}
May 20 01:48:41.472442 np0000175173 devstack@neutron-api.service[103493]: DEBUG neutron.api.extensions [None req-e9006bd4-f60f-4480-a684-de7aa7d99e42 None None] Loading extension file: address_scope.py {{(pid=103493) _load_all_extensions_from_path /opt/stack/neutron/neutron/api/extensions.py:449}}
May 20 01:48:41.472511 np0000175173 devstack@neutron-api.service[103495]: DEBUG neutron_lib.callbacks.manager [None req-6dd3880a-f3c8-4724-a530-777cf78e5e05 None None] Subscribe: > security_group precommit_create 55550000, False {{(pid=103495) subscribe /opt/stack/data/venv/lib/python3.12/site-packages/neutron_lib/callbacks/manager.py:52}}
May 20 01:48:41.472544 np0000175173 devstack@neutron-api.service[103492]: INFO neutron.api.extensions [None req-44afc816-e18c-4da3-9bc8-8c609d22f7f9 None None] Loaded extension: filter-validation
May 20 01:48:41.472632 np0000175173 devstack@neutron-api.service[103495]: DEBUG neutron_lib.callbacks.manager [None req-6dd3880a-f3c8-4724-a530-777cf78e5e05 None None] Subscribe: > security_group after_update 55550000, False {{(pid=103495) subscribe /opt/stack/data/venv/lib/python3.12/site-packages/neutron_lib/callbacks/manager.py:52}}
May 20 01:48:41.472670 np0000175173 devstack@neutron-api.service[103492]: DEBUG neutron.api.extensions [None req-44afc816-e18c-4da3-9bc8-8c609d22f7f9 None None] Loading extension file: fip_pf_description.py {{(pid=103492) _load_all_extensions_from_path /opt/stack/neutron/neutron/api/extensions.py:449}}
May 20 01:48:41.472738 np0000175173 devstack@neutron-api.service[103495]: DEBUG neutron_lib.callbacks.manager [None req-6dd3880a-f3c8-4724-a530-777cf78e5e05 None None] Subscribe: > security_group after_create 55550000, False {{(pid=103495) subscribe /opt/stack/data/venv/lib/python3.12/site-packages/neutron_lib/callbacks/manager.py:52}}
May 20 01:48:41.472771 np0000175173 devstack@neutron-api.service[103493]: DEBUG neutron.api.extensions [None req-e9006bd4-f60f-4480-a684-de7aa7d99e42 None None] Ext name="Address scope" alias="address-scope" description="Address scopes extension." updated="2015-07-26T10:00:00-00:00" {{(pid=103493) _check_extension /opt/stack/neutron/neutron/api/extensions.py:415}}
May 20 01:48:41.472799 np0000175173 devstack@neutron-api.service[103495]: DEBUG neutron_lib.callbacks.manager [None req-6dd3880a-f3c8-4724-a530-777cf78e5e05 None None] Subscribe: > security_group precommit_delete 55550000, False {{(pid=103495) subscribe /opt/stack/data/venv/lib/python3.12/site-packages/neutron_lib/callbacks/manager.py:52}}
May 20 01:48:41.472833 np0000175173 devstack@neutron-api.service[103492]: DEBUG neutron.api.extensions [None req-44afc816-e18c-4da3-9bc8-8c609d22f7f9 None None] Ext name="Floating IP Port Forwarding new attribute description" alias="floating-ip-port-forwarding-description" description="Add a description field to Port Forwarding rules" updated="2019-11-01T10:00:00-00:00" {{(pid=103492) _check_extension /opt/stack/neutron/neutron/api/extensions.py:415}}
May 20 01:48:41.472894 np0000175173 devstack@neutron-api.service[103493]: INFO neutron.api.extensions [None req-e9006bd4-f60f-4480-a684-de7aa7d99e42 None None] Loaded extension: address-scope
May 20 01:48:41.472925 np0000175173 devstack@neutron-api.service[103495]: DEBUG neutron_lib.callbacks.manager [None req-6dd3880a-f3c8-4724-a530-777cf78e5e05 None None] Subscribe: > security_group after_delete 55550000, False {{(pid=103495) subscribe /opt/stack/data/venv/lib/python3.12/site-packages/neutron_lib/callbacks/manager.py:52}}
May 20 01:48:41.472963 np0000175173 devstack@neutron-api.service[103493]: DEBUG neutron.api.extensions [None req-e9006bd4-f60f-4480-a684-de7aa7d99e42 None None] Loading extension file: admin_state_down_before_update.py {{(pid=103493) _load_all_extensions_from_path /opt/stack/neutron/neutron/api/extensions.py:449}}
May 20 01:48:41.472996 np0000175173 devstack@neutron-api.service[103492]: INFO neutron.api.extensions [None req-44afc816-e18c-4da3-9bc8-8c609d22f7f9 None None] Extension floating-ip-port-forwarding-description not supported by any of loaded plugins
May 20 01:48:41.473059 np0000175173 devstack@neutron-api.service[103495]: DEBUG neutron_lib.callbacks.manager [None req-6dd3880a-f3c8-4724-a530-777cf78e5e05 None None] Subscribe: > security_group_rule precommit_create 55550000, False {{(pid=103495) subscribe /opt/stack/data/venv/lib/python3.12/site-packages/neutron_lib/callbacks/manager.py:52}}
May 20 01:48:41.473143 np0000175173 devstack@neutron-api.service[103492]: DEBUG neutron.api.extensions [None req-44afc816-e18c-4da3-9bc8-8c609d22f7f9 None None] Loading extension file: fip_pf_detail.py {{(pid=103492) _load_all_extensions_from_path /opt/stack/neutron/neutron/api/extensions.py:449}}
May 20 01:48:41.473176 np0000175173 devstack@neutron-api.service[103495]: DEBUG neutron_lib.callbacks.manager [None req-6dd3880a-f3c8-4724-a530-777cf78e5e05 None None] Subscribe: > security_group_rule after_create 55550000, False {{(pid=103495) subscribe /opt/stack/data/venv/lib/python3.12/site-packages/neutron_lib/callbacks/manager.py:52}}
May 20 01:48:41.473220 np0000175173 devstack@neutron-api.service[103493]: DEBUG neutron.api.extensions [None req-e9006bd4-f60f-4480-a684-de7aa7d99e42 None None] Ext name="Enforce Router's Admin State Down Before Update Extension" alias="router-admin-state-down-before-update" description="Ensure that the admin state of a router is DOWN (admin_state_up=False) before updating the distributed attribute" updated="2019-07-02T15:56:00" {{(pid=103493) _check_extension /opt/stack/neutron/neutron/api/extensions.py:415}}
May 20 01:48:41.473254 np0000175173 devstack@neutron-api.service[103495]: DEBUG neutron_lib.callbacks.manager [None req-6dd3880a-f3c8-4724-a530-777cf78e5e05 None None] Subscribe: > security_group_rule before_delete 55550000, False {{(pid=103495) subscribe /opt/stack/data/venv/lib/python3.12/site-packages/neutron_lib/callbacks/manager.py:52}}
May 20 01:48:41.473349 np0000175173 devstack@neutron-api.service[103492]: DEBUG neutron.api.extensions [None req-44afc816-e18c-4da3-9bc8-8c609d22f7f9 None None] Ext name="Floating IP port forwarding detail" alias="floating-ip-port-forwarding-detail" description="Allow list floating ip return more port forwarding data, include'id' and 'internal_port_id'" updated="2022-05-06T10:00:00-00:00" {{(pid=103492) _check_extension /opt/stack/neutron/neutron/api/extensions.py:415}}
May 20 01:48:41.473382 np0000175173 devstack@neutron-api.service[103495]: DEBUG neutron_lib.callbacks.manager [None req-6dd3880a-f3c8-4724-a530-777cf78e5e05 None None] Subscribe: > address_group after_create 55550000, False {{(pid=103495) subscribe /opt/stack/data/venv/lib/python3.12/site-packages/neutron_lib/callbacks/manager.py:52}}
May 20 01:48:41.473417 np0000175173 devstack@neutron-api.service[103493]: INFO neutron.api.extensions [None req-e9006bd4-f60f-4480-a684-de7aa7d99e42 None None] Extension router-admin-state-down-before-update not supported by any of loaded plugins
May 20 01:48:41.473485 np0000175173 devstack@neutron-api.service[103495]: DEBUG neutron_lib.callbacks.manager [None req-6dd3880a-f3c8-4724-a530-777cf78e5e05 None None] Subscribe: > address_group after_update 55550000, False {{(pid=103495) subscribe /opt/stack/data/venv/lib/python3.12/site-packages/neutron_lib/callbacks/manager.py:52}}
May 20 01:48:41.473518 np0000175173 devstack@neutron-api.service[103493]: DEBUG neutron.api.extensions [None req-e9006bd4-f60f-4480-a684-de7aa7d99e42 None None] Loading extension file: agent.py {{(pid=103493) _load_all_extensions_from_path /opt/stack/neutron/neutron/api/extensions.py:449}}
May 20 01:48:41.473564 np0000175173 devstack@neutron-api.service[103495]: DEBUG neutron_lib.callbacks.manager [None req-6dd3880a-f3c8-4724-a530-777cf78e5e05 None None] Subscribe: > address_group after_delete 55550000, False {{(pid=103495) subscribe /opt/stack/data/venv/lib/python3.12/site-packages/neutron_lib/callbacks/manager.py:52}}
May 20 01:48:41.473594 np0000175173 devstack@neutron-api.service[103492]: INFO neutron.api.extensions [None req-44afc816-e18c-4da3-9bc8-8c609d22f7f9 None None] Loaded extension: floating-ip-port-forwarding-detail
May 20 01:48:41.473689 np0000175173 devstack@neutron-api.service[103492]: DEBUG neutron.api.extensions [None req-44afc816-e18c-4da3-9bc8-8c609d22f7f9 None None] Loading extension file: fip_pf_port_range.py {{(pid=103492) _load_all_extensions_from_path /opt/stack/neutron/neutron/api/extensions.py:449}}
May 20 01:48:41.473728 np0000175173 devstack@neutron-api.service[103495]: DEBUG neutron_lib.callbacks.manager [None req-6dd3880a-f3c8-4724-a530-777cf78e5e05 None None] Subscribe: > qos_plugin after_init 55550000, False {{(pid=103495) subscribe /opt/stack/data/venv/lib/python3.12/site-packages/neutron_lib/callbacks/manager.py:52}}
May 20 01:48:41.473799 np0000175173 devstack@neutron-api.service[103493]: DEBUG neutron.api.extensions [None req-e9006bd4-f60f-4480-a684-de7aa7d99e42 None None] Ext name="agent" alias="agent" description="The agent management extension." updated="2013-02-03T10:00:00-00:00" {{(pid=103493) _check_extension /opt/stack/neutron/neutron/api/extensions.py:415}}
May 20 01:48:41.473907 np0000175173 devstack@neutron-api.service[103495]: DEBUG neutron_lib.callbacks.manager [None req-6dd3880a-f3c8-4724-a530-777cf78e5e05 None None] Subscribe: > trunk_plugin after_init 55550000, False {{(pid=103495) subscribe /opt/stack/data/venv/lib/python3.12/site-packages/neutron_lib/callbacks/manager.py:52}}
May 20 01:48:41.473946 np0000175173 devstack@neutron-api.service[103492]: DEBUG neutron.api.extensions [None req-44afc816-e18c-4da3-9bc8-8c609d22f7f9 None None] Ext name="Floating IP Port Forwarding support port ranges" alias="floating-ip-port-forwarding-port-ranges" description="Add support to port ranges" updated="2020-07-01T10:00:00-00:00" {{(pid=103492) _check_extension /opt/stack/neutron/neutron/api/extensions.py:415}}
May 20 01:48:41.473981 np0000175173 devstack@neutron-api.service[103493]: INFO neutron.api.extensions [None req-e9006bd4-f60f-4480-a684-de7aa7d99e42 None None] Loaded extension: agent
May 20 01:48:41.474049 np0000175173 devstack@neutron-api.service[103493]: DEBUG neutron.api.extensions [None req-e9006bd4-f60f-4480-a684-de7aa7d99e42 None None] Loading extension file: agent_resources_synced.py {{(pid=103493) _load_all_extensions_from_path /opt/stack/neutron/neutron/api/extensions.py:449}}
May 20 01:48:41.474084 np0000175173 devstack@neutron-api.service[103492]: INFO neutron.api.extensions [None req-44afc816-e18c-4da3-9bc8-8c609d22f7f9 None None] Extension floating-ip-port-forwarding-port-ranges not supported by any of loaded plugins
May 20 01:48:41.474118 np0000175173 devstack@neutron-api.service[103495]: DEBUG neutron_lib.callbacks.manager [None req-6dd3880a-f3c8-4724-a530-777cf78e5e05 None None] Subscribe: > logging-plugin after_init 55550000, False {{(pid=103495) subscribe /opt/stack/data/venv/lib/python3.12/site-packages/neutron_lib/callbacks/manager.py:52}}
May 20 01:48:41.474229 np0000175173 devstack@neutron-api.service[103492]: DEBUG neutron.api.extensions [None req-44afc816-e18c-4da3-9bc8-8c609d22f7f9 None None] Loading extension file: fip_port_details.py {{(pid=103492) _load_all_extensions_from_path /opt/stack/neutron/neutron/api/extensions.py:449}}
May 20 01:48:41.474261 np0000175173 devstack@neutron-api.service[103493]: DEBUG neutron.api.extensions [None req-e9006bd4-f60f-4480-a684-de7aa7d99e42 None None] Ext name="Agent's Resource View Synced to Placement" alias="agent-resources-synced" description="Stores success/failure of last sync to Placement" updated="2018-12-19T00:00:00-00:00" {{(pid=103493) _check_extension /opt/stack/neutron/neutron/api/extensions.py:415}}
May 20 01:48:41.474432 np0000175173 devstack@neutron-api.service[103492]: DEBUG neutron.api.extensions [None req-44afc816-e18c-4da3-9bc8-8c609d22f7f9 None None] Ext name="Floating IP Port Details Extension" alias="fip-port-details" description="Add port_details attribute to Floating IP resource" updated="2018-04-09T10:00:00-00:00" {{(pid=103492) _check_extension /opt/stack/neutron/neutron/api/extensions.py:415}}
May 20 01:48:41.474466 np0000175173 devstack@neutron-api.service[103493]: INFO neutron.api.extensions [None req-e9006bd4-f60f-4480-a684-de7aa7d99e42 None None] Extension agent-resources-synced not supported by any of loaded plugins
May 20 01:48:41.474517 np0000175173 devstack@neutron-api.service[103493]: DEBUG neutron.api.extensions [None req-e9006bd4-f60f-4480-a684-de7aa7d99e42 None None] Loading extension file: agent_sort_key.py {{(pid=103493) _load_all_extensions_from_path /opt/stack/neutron/neutron/api/extensions.py:449}}
May 20 01:48:41.474613 np0000175173 devstack@neutron-api.service[103492]: INFO neutron.api.extensions [None req-44afc816-e18c-4da3-9bc8-8c609d22f7f9 None None] Loaded extension: fip-port-details
May 20 01:48:41.474645 np0000175173 devstack@neutron-api.service[103495]: INFO neutron.services.logapi.drivers.ovn.driver [None req-6dd3880a-f3c8-4724-a530-777cf78e5e05 None None] OVN logging driver registered
May 20 01:48:41.474680 np0000175173 devstack@neutron-api.service[103492]: DEBUG neutron.api.extensions [None req-44afc816-e18c-4da3-9bc8-8c609d22f7f9 None None] Loading extension file: flavors.py {{(pid=103492) _load_all_extensions_from_path /opt/stack/neutron/neutron/api/extensions.py:449}}
May 20 01:48:41.474744 np0000175173 devstack@neutron-api.service[103493]: DEBUG neutron.api.extensions [None req-e9006bd4-f60f-4480-a684-de7aa7d99e42 None None] Ext name="Agents Sort Key" alias="agent_sort_key" description="Enabling the keyword sort_key for sorting in agents." updated="2013-02-03T10:00:00-00:00" {{(pid=103493) _check_extension /opt/stack/neutron/neutron/api/extensions.py:415}}
May 20 01:48:41.474914 np0000175173 devstack@neutron-api.service[103492]: DEBUG neutron.api.extensions [None req-44afc816-e18c-4da3-9bc8-8c609d22f7f9 None None] Ext name="Neutron Service Flavors" alias="flavors" description="Flavor specification for Neutron advanced services." updated="2015-09-17T10:00:00-00:00" {{(pid=103492) _check_extension /opt/stack/neutron/neutron/api/extensions.py:415}}
May 20 01:48:41.474949 np0000175173 devstack@neutron-api.service[103493]: INFO neutron.api.extensions [None req-e9006bd4-f60f-4480-a684-de7aa7d99e42 None None] Extension agent_sort_key not supported by any of loaded plugins
May 20 01:48:41.475017 np0000175173 devstack@neutron-api.service[103493]: DEBUG neutron.api.extensions [None req-e9006bd4-f60f-4480-a684-de7aa7d99e42 None None] Loading extension file: allowedaddresspairs.py {{(pid=103493) _load_all_extensions_from_path /opt/stack/neutron/neutron/api/extensions.py:449}}
May 20 01:48:41.475085 np0000175173 devstack@neutron-api.service[103492]: INFO neutron.api.extensions [None req-44afc816-e18c-4da3-9bc8-8c609d22f7f9 None None] Loaded extension: flavors
May 20 01:48:41.475194 np0000175173 devstack@neutron-api.service[103492]: DEBUG neutron.api.extensions [None req-44afc816-e18c-4da3-9bc8-8c609d22f7f9 None None] Loading extension file: floating_ip_port_forwarding.py {{(pid=103492) _load_all_extensions_from_path /opt/stack/neutron/neutron/api/extensions.py:449}}
May 20 01:48:41.475502 np0000175173 devstack@neutron-api.service[103492]: DEBUG neutron.api.extensions [None req-44afc816-e18c-4da3-9bc8-8c609d22f7f9 None None] Ext name="Floating IP Port Forwarding" alias="floating-ip-port-forwarding" description="Allow port forwarding from floating IP port to an internal port" updated="2018-01-19T10:00:00-00:00" {{(pid=103492) _check_extension /opt/stack/neutron/neutron/api/extensions.py:415}}
May 20 01:48:41.475650 np0000175173 devstack@neutron-api.service[103493]: DEBUG neutron.api.extensions [None req-e9006bd4-f60f-4480-a684-de7aa7d99e42 None None] Ext name="Allowed Address Pairs" alias="allowed-address-pairs" description="Provides allowed address pairs" updated="2013-07-23T10:00:00-00:00" {{(pid=103493) _check_extension /opt/stack/neutron/neutron/api/extensions.py:415}}
May 20 01:48:41.475689 np0000175173 devstack@neutron-api.service[103492]: INFO neutron.api.extensions [None req-44afc816-e18c-4da3-9bc8-8c609d22f7f9 None None] Extension floating-ip-port-forwarding not supported by any of loaded plugins
May 20 01:48:41.475766 np0000175173 devstack@neutron-api.service[103492]: DEBUG neutron.api.extensions [None req-44afc816-e18c-4da3-9bc8-8c609d22f7f9 None None] Loading extension file: floatingip_pools.py {{(pid=103492) _load_all_extensions_from_path /opt/stack/neutron/neutron/api/extensions.py:449}}
May 20 01:48:41.475864 np0000175173 devstack@neutron-api.service[103493]: INFO neutron.api.extensions [None req-e9006bd4-f60f-4480-a684-de7aa7d99e42 None None] Loaded extension: allowed-address-pairs
May 20 01:48:41.475929 np0000175173 devstack@neutron-api.service[103493]: DEBUG neutron.api.extensions [None req-e9006bd4-f60f-4480-a684-de7aa7d99e42 None None] Loading extension file: auto_allocated_topology.py {{(pid=103493) _load_all_extensions_from_path /opt/stack/neutron/neutron/api/extensions.py:449}}
May 20 01:48:41.476028 np0000175173 devstack@neutron-api.service[103492]: DEBUG neutron.api.extensions [None req-44afc816-e18c-4da3-9bc8-8c609d22f7f9 None None] Ext name="Floating IP Pools Extension" alias="floatingip-pools" description="Provides a floating IP pools API." updated="2018-03-21T10:00:00-00:00" {{(pid=103492) _check_extension /opt/stack/neutron/neutron/api/extensions.py:415}}
May 20 01:48:41.476074 np0000175173 devstack@neutron-api.service[103495]: DEBUG neutron.plugins.ml2.plugin [None req-6dd3880a-f3c8-4724-a530-777cf78e5e05 None None] neutron.plugins.ml2.plugin.Ml2Plugin method _start_rpc_notifiers called with arguments () {} {{(pid=103495) wrapper /opt/stack/data/venv/lib/python3.12/site-packages/oslo_log/helpers.py:77}}
May 20 01:48:41.476186 np0000175173 devstack@neutron-api.service[103493]: DEBUG neutron.api.extensions [None req-e9006bd4-f60f-4480-a684-de7aa7d99e42 None None] Ext name="Auto Allocated Topology Services" alias="auto-allocated-topology" description="Auto Allocated Topology Services." updated="2016-01-01T00:00:00-00:00" {{(pid=103493) _check_extension /opt/stack/neutron/neutron/api/extensions.py:415}}
May 20 01:48:41.476218 np0000175173 devstack@neutron-api.service[103492]: INFO neutron.api.extensions [None req-44afc816-e18c-4da3-9bc8-8c609d22f7f9 None None] Loaded extension: floatingip-pools
May 20 01:48:41.476322 np0000175173 devstack@neutron-api.service[103492]: DEBUG neutron.api.extensions [None req-44afc816-e18c-4da3-9bc8-8c609d22f7f9 None None] Loading extension file: ip_allocation.py {{(pid=103492) _load_all_extensions_from_path /opt/stack/neutron/neutron/api/extensions.py:449}}
May 20 01:48:41.476353 np0000175173 devstack@neutron-api.service[103493]: INFO neutron.api.extensions [None req-e9006bd4-f60f-4480-a684-de7aa7d99e42 None None] Loaded extension: auto-allocated-topology
May 20 01:48:41.476427 np0000175173 devstack@neutron-api.service[103495]: DEBUG neutron_lib.callbacks.manager [None req-6dd3880a-f3c8-4724-a530-777cf78e5e05 None None] Subscribe: > port after_create 55550000, False {{(pid=103495) subscribe /opt/stack/data/venv/lib/python3.12/site-packages/neutron_lib/callbacks/manager.py:52}}
May 20 01:48:41.476465 np0000175173 devstack@neutron-api.service[103493]: DEBUG neutron.api.extensions [None req-e9006bd4-f60f-4480-a684-de7aa7d99e42 None None] Loading extension file: availability_zone.py {{(pid=103493) _load_all_extensions_from_path /opt/stack/neutron/neutron/api/extensions.py:449}}
May 20 01:48:41.476497 np0000175173 devstack@neutron-api.service[103495]: DEBUG neutron_lib.callbacks.manager [None req-6dd3880a-f3c8-4724-a530-777cf78e5e05 None None] Subscribe: > port after_update 55550000, False {{(pid=103495) subscribe /opt/stack/data/venv/lib/python3.12/site-packages/neutron_lib/callbacks/manager.py:52}}
May 20 01:48:41.476534 np0000175173 devstack@neutron-api.service[103492]: DEBUG neutron.api.extensions [None req-44afc816-e18c-4da3-9bc8-8c609d22f7f9 None None] Ext name="IP Allocation" alias="ip_allocation" description="IP allocation extension." updated="2016-06-10T23:00:00-00:00" {{(pid=103492) _check_extension /opt/stack/neutron/neutron/api/extensions.py:415}}
May 20 01:48:41.476598 np0000175173 devstack@neutron-api.service[103495]: DEBUG neutron_lib.callbacks.manager [None req-6dd3880a-f3c8-4724-a530-777cf78e5e05 None None] Subscribe: > port after_delete 55550000, False {{(pid=103495) subscribe /opt/stack/data/venv/lib/python3.12/site-packages/neutron_lib/callbacks/manager.py:52}}
May 20 01:48:41.476697 np0000175173 devstack@neutron-api.service[103495]: DEBUG neutron_lib.callbacks.manager [None req-6dd3880a-f3c8-4724-a530-777cf78e5e05 None None] Subscribe: > subnet after_create 55550000, False {{(pid=103495) subscribe /opt/stack/data/venv/lib/python3.12/site-packages/neutron_lib/callbacks/manager.py:52}}
May 20 01:48:41.476735 np0000175173 devstack@neutron-api.service[103492]: INFO neutron.api.extensions [None req-44afc816-e18c-4da3-9bc8-8c609d22f7f9 None None] Extension ip_allocation not supported by any of loaded plugins
May 20 01:48:41.476798 np0000175173 devstack@neutron-api.service[103493]: DEBUG neutron.api.extensions [None req-e9006bd4-f60f-4480-a684-de7aa7d99e42 None None] Ext name="Availability Zone" alias="availability_zone" description="The availability zone extension." updated="2015-01-01T10:00:00-00:00" {{(pid=103493) _check_extension /opt/stack/neutron/neutron/api/extensions.py:415}}
May 20 01:48:41.476829 np0000175173 devstack@neutron-api.service[103492]: DEBUG neutron.api.extensions [None req-44afc816-e18c-4da3-9bc8-8c609d22f7f9 None None] Loading extension file: ip_substring_port_filtering.py {{(pid=103492) _load_all_extensions_from_path /opt/stack/neutron/neutron/api/extensions.py:449}}
May 20 01:48:41.476862 np0000175173 devstack@neutron-api.service[103495]: DEBUG neutron_lib.callbacks.manager [None req-6dd3880a-f3c8-4724-a530-777cf78e5e05 None None] Subscribe: > subnet after_update 55550000, False {{(pid=103495) subscribe /opt/stack/data/venv/lib/python3.12/site-packages/neutron_lib/callbacks/manager.py:52}}
May 20 01:48:41.476894 np0000175173 devstack@neutron-api.service[103493]: INFO neutron.api.extensions [None req-e9006bd4-f60f-4480-a684-de7aa7d99e42 None None] Loaded extension: availability_zone
May 20 01:48:41.476924 np0000175173 devstack@neutron-api.service[103495]: DEBUG neutron_lib.callbacks.manager [None req-6dd3880a-f3c8-4724-a530-777cf78e5e05 None None] Subscribe: > subnet after_delete 55550000, False {{(pid=103495) subscribe /opt/stack/data/venv/lib/python3.12/site-packages/neutron_lib/callbacks/manager.py:52}}
May 20 01:48:41.476960 np0000175173 devstack@neutron-api.service[103493]: DEBUG neutron.api.extensions [None req-e9006bd4-f60f-4480-a684-de7aa7d99e42 None None] Loading extension file: availability_zone_filter.py {{(pid=103493) _load_all_extensions_from_path /opt/stack/neutron/neutron/api/extensions.py:449}}
May 20 01:48:41.476991 np0000175173 devstack@neutron-api.service[103495]: DEBUG neutron_lib.callbacks.manager [None req-6dd3880a-f3c8-4724-a530-777cf78e5e05 None None] Subscribe: > network after_create 55550000, False {{(pid=103495) subscribe /opt/stack/data/venv/lib/python3.12/site-packages/neutron_lib/callbacks/manager.py:52}}
May 20 01:48:41.477028 np0000175173 devstack@neutron-api.service[103492]: DEBUG neutron.api.extensions [None req-44afc816-e18c-4da3-9bc8-8c609d22f7f9 None None] Ext name="IP address substring filtering" alias="ip-substring-filtering" description="Provides IP address substring filtering when listing ports" updated="2017-11-28T09:00:00-00:00" {{(pid=103492) _check_extension /opt/stack/neutron/neutron/api/extensions.py:415}}
May 20 01:48:41.477093 np0000175173 devstack@neutron-api.service[103495]: DEBUG neutron_lib.callbacks.manager [None req-6dd3880a-f3c8-4724-a530-777cf78e5e05 None None] Subscribe: > network after_update 55550000, False {{(pid=103495) subscribe /opt/stack/data/venv/lib/python3.12/site-packages/neutron_lib/callbacks/manager.py:52}}
May 20 01:48:41.477172 np0000175173 devstack@neutron-api.service[103492]: INFO neutron.api.extensions [None req-44afc816-e18c-4da3-9bc8-8c609d22f7f9 None None] Extension ip-substring-filtering not supported by any of loaded plugins
May 20 01:48:41.477251 np0000175173 devstack@neutron-api.service[103495]: DEBUG neutron_lib.callbacks.manager [None req-6dd3880a-f3c8-4724-a530-777cf78e5e05 None None] Subscribe: > network after_delete 55550000, False {{(pid=103495) subscribe /opt/stack/data/venv/lib/python3.12/site-packages/neutron_lib/callbacks/manager.py:52}}
May 20 01:48:41.477326 np0000175173 devstack@neutron-api.service[103493]: DEBUG neutron.api.extensions [None req-e9006bd4-f60f-4480-a684-de7aa7d99e42 None None] Ext name="Availability Zone Filter Extension" alias="availability_zone_filter" description="Add filter parameters to AvailabilityZone resource" updated="2018-06-22T10:00:00-00:00" {{(pid=103493) _check_extension /opt/stack/neutron/neutron/api/extensions.py:415}}
May 20 01:48:41.477363 np0000175173 devstack@neutron-api.service[103492]: DEBUG neutron.api.extensions [None req-44afc816-e18c-4da3-9bc8-8c609d22f7f9 None None] Loading extension file: l2_adjacency.py {{(pid=103492) _load_all_extensions_from_path /opt/stack/neutron/neutron/api/extensions.py:449}}
May 20 01:48:41.477394 np0000175173 devstack@neutron-api.service[103495]: DEBUG neutron_lib.callbacks.manager [None req-6dd3880a-f3c8-4724-a530-777cf78e5e05 None None] Subscribe: > security_group after_create 55550000, False {{(pid=103495) subscribe /opt/stack/data/venv/lib/python3.12/site-packages/neutron_lib/callbacks/manager.py:52}}
May 20 01:48:41.477430 np0000175173 devstack@neutron-api.service[103493]: INFO neutron.api.extensions [None req-e9006bd4-f60f-4480-a684-de7aa7d99e42 None None] Extension availability_zone_filter not supported by any of loaded plugins
May 20 01:48:41.477461 np0000175173 devstack@neutron-api.service[103495]: DEBUG neutron_lib.callbacks.manager [None req-6dd3880a-f3c8-4724-a530-777cf78e5e05 None None] Subscribe: > security_group after_update 55550000, False {{(pid=103495) subscribe /opt/stack/data/venv/lib/python3.12/site-packages/neutron_lib/callbacks/manager.py:52}}
May 20 01:48:41.477532 np0000175173 devstack@neutron-api.service[103493]: DEBUG neutron.api.extensions [None req-e9006bd4-f60f-4480-a684-de7aa7d99e42 None None] Loading extension file: data_plane_status.py {{(pid=103493) _load_all_extensions_from_path /opt/stack/neutron/neutron/api/extensions.py:449}}
May 20 01:48:41.477589 np0000175173 devstack@neutron-api.service[103495]: DEBUG neutron_lib.callbacks.manager [None req-6dd3880a-f3c8-4724-a530-777cf78e5e05 None None] Subscribe: > security_group after_delete 55550000, False {{(pid=103495) subscribe /opt/stack/data/venv/lib/python3.12/site-packages/neutron_lib/callbacks/manager.py:52}}
May 20 01:48:41.477650 np0000175173 devstack@neutron-api.service[103492]: DEBUG neutron.api.extensions [None req-44afc816-e18c-4da3-9bc8-8c609d22f7f9 None None] Ext name="L2 Adjacency" alias="l2_adjacency" description="Display L2 Adjacency for Neutron Networks." updated="2016-04-12T16:00:00-00:00" {{(pid=103492) _check_extension /opt/stack/neutron/neutron/api/extensions.py:415}}
May 20 01:48:41.477728 np0000175173 devstack@neutron-api.service[103495]: DEBUG neutron_lib.callbacks.manager [None req-6dd3880a-f3c8-4724-a530-777cf78e5e05 None None] Subscribe: > security_group_rule after_create 55550000, False {{(pid=103495) subscribe /opt/stack/data/venv/lib/python3.12/site-packages/neutron_lib/callbacks/manager.py:52}}
May 20 01:48:41.477761 np0000175173 devstack@neutron-api.service[103492]: INFO neutron.api.extensions [None req-44afc816-e18c-4da3-9bc8-8c609d22f7f9 None None] Extension l2_adjacency not supported by any of loaded plugins
May 20 01:48:41.477796 np0000175173 devstack@neutron-api.service[103495]: DEBUG neutron_lib.callbacks.manager [None req-6dd3880a-f3c8-4724-a530-777cf78e5e05 None None] Subscribe: > security_group_rule after_update 55550000, False {{(pid=103495) subscribe /opt/stack/data/venv/lib/python3.12/site-packages/neutron_lib/callbacks/manager.py:52}}
May 20 01:48:41.477829 np0000175173 devstack@neutron-api.service[103493]: DEBUG neutron.api.extensions [None req-e9006bd4-f60f-4480-a684-de7aa7d99e42 None None] Ext name="Port data plane status extension" alias="data-plane-status" description="Expose status of underlying data plane" updated="2017-01-24T10:00:00-00:00" {{(pid=103493) _check_extension /opt/stack/neutron/neutron/api/extensions.py:415}}
May 20 01:48:41.477892 np0000175173 devstack@neutron-api.service[103492]: DEBUG neutron.api.extensions [None req-44afc816-e18c-4da3-9bc8-8c609d22f7f9 None None] Loading extension file: l3.py {{(pid=103492) _load_all_extensions_from_path /opt/stack/neutron/neutron/api/extensions.py:449}}
May 20 01:48:41.477924 np0000175173 devstack@neutron-api.service[103495]: DEBUG neutron_lib.callbacks.manager [None req-6dd3880a-f3c8-4724-a530-777cf78e5e05 None None] Subscribe: > security_group_rule after_delete 55550000, False {{(pid=103495) subscribe /opt/stack/data/venv/lib/python3.12/site-packages/neutron_lib/callbacks/manager.py:52}}
May 20 01:48:41.477924 np0000175173 devstack@neutron-api.service[103495]: DEBUG neutron_lib.callbacks.manager [None req-6dd3880a-f3c8-4724-a530-777cf78e5e05 None None] Subscribe: > address_group after_create 55550000, False {{(pid=103495) subscribe /opt/stack/data/venv/lib/python3.12/site-packages/neutron_lib/callbacks/manager.py:52}}
May 20 01:48:41.477986 np0000175173 devstack@neutron-api.service[103493]: INFO neutron.api.extensions [None req-e9006bd4-f60f-4480-a684-de7aa7d99e42 None None] Extension data-plane-status not supported by any of loaded plugins
May 20 01:48:41.477986 np0000175173 devstack@neutron-api.service[103493]: DEBUG neutron.api.extensions [None req-e9006bd4-f60f-4480-a684-de7aa7d99e42 None None] Loading extension file: default_subnetpools.py {{(pid=103493) _load_all_extensions_from_path /opt/stack/neutron/neutron/api/extensions.py:449}}
May 20 01:48:41.478193 np0000175173 devstack@neutron-api.service[103495]: DEBUG neutron_lib.callbacks.manager [None req-6dd3880a-f3c8-4724-a530-777cf78e5e05 None None] Subscribe: > address_group after_update 55550000, False {{(pid=103495) subscribe /opt/stack/data/venv/lib/python3.12/site-packages/neutron_lib/callbacks/manager.py:52}}
May 20 01:48:41.478193 np0000175173 devstack@neutron-api.service[103495]: DEBUG neutron_lib.callbacks.manager [None req-6dd3880a-f3c8-4724-a530-777cf78e5e05 None None] Subscribe: > address_group after_delete 55550000, False {{(pid=103495) subscribe /opt/stack/data/venv/lib/python3.12/site-packages/neutron_lib/callbacks/manager.py:52}}
May 20 01:48:41.478193 np0000175173 devstack@neutron-api.service[103495]: DEBUG neutron.plugins.ml2.ovo_rpc [None req-6dd3880a-f3c8-4724-a530-777cf78e5e05 None None] ML2 OVO RPC backend initialized. {{(pid=103495) __init__ /opt/stack/neutron/neutron/plugins/ml2/ovo_rpc.py:117}}
May 20 01:48:41.478276 np0000175173 devstack@neutron-api.service[103492]: DEBUG neutron.api.extensions [None req-44afc816-e18c-4da3-9bc8-8c609d22f7f9 None None] Ext name="Neutron L3 Router" alias="router" description="Router abstraction for basic L3 forwarding between L2 Neutron networks and access to external networks via a NAT gateway." updated="2012-07-20T10:00:00-00:00" {{(pid=103492) _check_extension /opt/stack/neutron/neutron/api/extensions.py:415}}
May 20 01:48:41.478348 np0000175173 devstack@neutron-api.service[103493]: DEBUG neutron.api.extensions [None req-e9006bd4-f60f-4480-a684-de7aa7d99e42 None None] Ext name="Default Subnetpools" alias="default-subnetpools" description="Provides ability to mark and use a subnetpool as the default." updated="2016-02-18T18:00:00-00:00" {{(pid=103493) _check_extension /opt/stack/neutron/neutron/api/extensions.py:415}}
May 20 01:48:41.478384 np0000175173 devstack@neutron-api.service[103492]: INFO neutron.api.extensions [None req-44afc816-e18c-4da3-9bc8-8c609d22f7f9 None None] Loaded extension: router
May 20 01:48:41.478470 np0000175173 devstack@neutron-api.service[103493]: INFO neutron.api.extensions [None req-e9006bd4-f60f-4480-a684-de7aa7d99e42 None None] Loaded extension: default-subnetpools
May 20 01:48:41.478500 np0000175173 devstack@neutron-api.service[103492]: DEBUG neutron.api.extensions [None req-44afc816-e18c-4da3-9bc8-8c609d22f7f9 None None] Loading extension file: l3_conntrack_helper.py {{(pid=103492) _load_all_extensions_from_path /opt/stack/neutron/neutron/api/extensions.py:449}}
May 20 01:48:41.478531 np0000175173 devstack@neutron-api.service[103493]: DEBUG neutron.api.extensions [None req-e9006bd4-f60f-4480-a684-de7aa7d99e42 None None] Loading extension file: dhcpagentscheduler.py {{(pid=103493) _load_all_extensions_from_path /opt/stack/neutron/neutron/api/extensions.py:449}}
May 20 01:48:41.478818 np0000175173 devstack@neutron-api.service[103493]: DEBUG neutron.api.extensions [None req-e9006bd4-f60f-4480-a684-de7aa7d99e42 None None] Ext name="DHCP Agent Scheduler" alias="dhcp_agent_scheduler" description="Schedule networks among dhcp agents" updated="2013-02-07T10:00:00-00:00" {{(pid=103493) _check_extension /opt/stack/neutron/neutron/api/extensions.py:415}}
May 20 01:48:41.478951 np0000175173 devstack@neutron-api.service[103495]: INFO neutron.quota [None req-6dd3880a-f3c8-4724-a530-777cf78e5e05 None None] Loaded quota_driver: .
May 20 01:48:41.479046 np0000175173 devstack@neutron-api.service[103493]: INFO neutron.api.extensions [None req-e9006bd4-f60f-4480-a684-de7aa7d99e42 None None] Loaded extension: dhcp_agent_scheduler
May 20 01:48:41.479081 np0000175173 devstack@neutron-api.service[103492]: DEBUG neutron.api.extensions [None req-44afc816-e18c-4da3-9bc8-8c609d22f7f9 None None] Ext name="L3 Conntrack helper" alias="l3-conntrack-helper" description="Allow adding CT target rules for conntrack helper" updated="2019-04-04T10:00:00-00:00" {{(pid=103492) _check_extension /opt/stack/neutron/neutron/api/extensions.py:415}}
May 20 01:48:41.479159 np0000175173 devstack@neutron-api.service[103495]: INFO neutron.plugins.ml2.plugin [None req-6dd3880a-f3c8-4724-a530-777cf78e5e05 None None] Modular L2 Plugin initialization complete
May 20 01:48:41.479240 np0000175173 devstack@neutron-api.service[103493]: DEBUG neutron.api.extensions [None req-e9006bd4-f60f-4480-a684-de7aa7d99e42 None None] Loading extension file: dns.py {{(pid=103493) _load_all_extensions_from_path /opt/stack/neutron/neutron/api/extensions.py:449}}
May 20 01:48:41.479277 np0000175173 devstack@neutron-api.service[103492]: INFO neutron.api.extensions [None req-44afc816-e18c-4da3-9bc8-8c609d22f7f9 None None] Extension l3-conntrack-helper not supported by any of loaded plugins
May 20 01:48:41.479308 np0000175173 devstack@neutron-api.service[103495]: DEBUG neutron.manager [None req-6dd3880a-f3c8-4724-a530-777cf78e5e05 None None] Loading services supported by the core plugin {{(pid=103495) _load_services_from_core_plugin /opt/stack/neutron/neutron/manager.py:170}}
May 20 01:48:41.479338 np0000175173 devstack@neutron-api.service[103492]: DEBUG neutron.api.extensions [None req-44afc816-e18c-4da3-9bc8-8c609d22f7f9 None None] Loading extension file: l3_enable_default_route_bfd.py {{(pid=103492) _load_all_extensions_from_path /opt/stack/neutron/neutron/api/extensions.py:449}}
May 20 01:48:41.479370 np0000175173 devstack@neutron-api.service[103493]: DEBUG neutron.api.extensions [None req-e9006bd4-f60f-4480-a684-de7aa7d99e42 None None] Ext name="DNS Integration" alias="dns-integration" description="Provides integration with DNS." updated="2015-08-15T18:00:00-00:00" {{(pid=103493) _check_extension /opt/stack/neutron/neutron/api/extensions.py:415}}
May 20 01:48:41.479438 np0000175173 devstack@neutron-api.service[103495]: INFO neutron.plugins.ml2.managers [None req-6dd3880a-f3c8-4724-a530-777cf78e5e05 None None] Got port-security extension from driver 'port_security'
May 20 01:48:41.479468 np0000175173 devstack@neutron-api.service[103493]: INFO neutron.api.extensions [None req-e9006bd4-f60f-4480-a684-de7aa7d99e42 None None] Loaded extension: dns-integration
May 20 01:48:41.479528 np0000175173 devstack@neutron-api.service[103492]: DEBUG neutron.api.extensions [None req-44afc816-e18c-4da3-9bc8-8c609d22f7f9 None None] Ext name="Enable Default Route BFD" alias="enable-default-route-bfd" description="Enables configurable BFD behavior for default routes" updated="2023-02-27T00:00:00-00:00" {{(pid=103492) _check_extension /opt/stack/neutron/neutron/api/extensions.py:415}}
May 20 01:48:41.479564 np0000175173 devstack@neutron-api.service[103493]: DEBUG neutron.api.extensions [None req-e9006bd4-f60f-4480-a684-de7aa7d99e42 None None] Loading extension file: dns_domain_ports.py {{(pid=103493) _load_all_extensions_from_path /opt/stack/neutron/neutron/api/extensions.py:449}}
May 20 01:48:41.479625 np0000175173 devstack@neutron-api.service[103495]: DEBUG neutron.manager [None req-6dd3880a-f3c8-4724-a530-777cf78e5e05 None None] Loading service plugins: ['ovn-router', 'auto_allocate', 'tag', 'timestamp', 'network_ip_availability', 'flavors', 'revisions'] {{(pid=103495) _load_service_plugins /opt/stack/neutron/neutron/manager.py:195}}
May 20 01:48:41.479713 np0000175173 devstack@neutron-api.service[103492]: INFO neutron.api.extensions [None req-44afc816-e18c-4da3-9bc8-8c609d22f7f9 None None] Loaded extension: enable-default-route-bfd
May 20 01:48:41.479750 np0000175173 devstack@neutron-api.service[103495]: INFO neutron.manager [None req-6dd3880a-f3c8-4724-a530-777cf78e5e05 None None] Loading Plugin: ovn-router
May 20 01:48:41.479819 np0000175173 devstack@neutron-api.service[103493]: DEBUG neutron.api.extensions [None req-e9006bd4-f60f-4480-a684-de7aa7d99e42 None None] Ext name="dns_domain for ports" alias="dns-domain-ports" description="Allows the DNS domain to be specified for a network port." updated="2017-04-24T10:00:00-00:00" {{(pid=103493) _check_extension /opt/stack/neutron/neutron/api/extensions.py:415}}
May 20 01:48:41.479852 np0000175173 devstack@neutron-api.service[103492]: DEBUG neutron.api.extensions [None req-44afc816-e18c-4da3-9bc8-8c609d22f7f9 None None] Loading extension file: l3_enable_default_route_ecmp.py {{(pid=103492) _load_all_extensions_from_path /opt/stack/neutron/neutron/api/extensions.py:449}}
May 20 01:48:41.479955 np0000175173 devstack@neutron-api.service[103493]: INFO neutron.api.extensions [None req-e9006bd4-f60f-4480-a684-de7aa7d99e42 None None] Loaded extension: dns-domain-ports
May 20 01:48:41.480026 np0000175173 devstack@neutron-api.service[103492]: DEBUG neutron.api.extensions [None req-44afc816-e18c-4da3-9bc8-8c609d22f7f9 None None] Ext name="Enable Default Route ECMP" alias="enable-default-route-ecmp" description="Enables configurable ECMP behavior for default routes" updated="2023-02-27T00:00:00-00:00" {{(pid=103492) _check_extension /opt/stack/neutron/neutron/api/extensions.py:415}}
May 20 01:48:41.480062 np0000175173 devstack@neutron-api.service[103493]: DEBUG neutron.api.extensions [None req-e9006bd4-f60f-4480-a684-de7aa7d99e42 None None] Loading extension file: dns_integration_domain_keywords.py {{(pid=103493) _load_all_extensions_from_path /opt/stack/neutron/neutron/api/extensions.py:449}}
May 20 01:48:41.480216 np0000175173 devstack@neutron-api.service[103492]: INFO neutron.api.extensions [None req-44afc816-e18c-4da3-9bc8-8c609d22f7f9 None None] Loaded extension: enable-default-route-ecmp
May 20 01:48:41.480280 np0000175173 devstack@neutron-api.service[103493]: DEBUG neutron.api.extensions [None req-e9006bd4-f60f-4480-a684-de7aa7d99e42 None None] Ext name="DNS domain names with keywords allowed" alias="dns-integration-domain-keywords" description="Allows to use keywords like , , and as DNS domain name" updated="2020-06-15T18:00:00-00:00" {{(pid=103493) _check_extension /opt/stack/neutron/neutron/api/extensions.py:415}}
May 20 01:48:41.480379 np0000175173 devstack@neutron-api.service[103492]: DEBUG neutron.api.extensions [None req-44afc816-e18c-4da3-9bc8-8c609d22f7f9 None None] Loading extension file: l3_ext_gw_mode.py {{(pid=103492) _load_all_extensions_from_path /opt/stack/neutron/neutron/api/extensions.py:449}}
May 20 01:48:41.480456 np0000175173 devstack@neutron-api.service[103493]: INFO neutron.api.extensions [None req-e9006bd4-f60f-4480-a684-de7aa7d99e42 None None] Loaded extension: dns-integration-domain-keywords
May 20 01:48:41.480570 np0000175173 devstack@neutron-api.service[103493]: DEBUG neutron.api.extensions [None req-e9006bd4-f60f-4480-a684-de7aa7d99e42 None None] Loading extension file: dvr.py {{(pid=103493) _load_all_extensions_from_path /opt/stack/neutron/neutron/api/extensions.py:449}}
May 20 01:48:41.480602 np0000175173 devstack@neutron-api.service[103492]: DEBUG neutron.api.extensions [None req-44afc816-e18c-4da3-9bc8-8c609d22f7f9 None None] Ext name="Neutron L3 Configurable external gateway mode" alias="ext-gw-mode" description="Extension of the router abstraction for specifying whether SNAT should occur on the external gateway" updated="2013-03-28T10:00:00-00:00" {{(pid=103492) _check_extension /opt/stack/neutron/neutron/api/extensions.py:415}}
May 20 01:48:41.480693 np0000175173 devstack@neutron-api.service[103492]: INFO neutron.api.extensions [None req-44afc816-e18c-4da3-9bc8-8c609d22f7f9 None None] Loaded extension: ext-gw-mode
May 20 01:48:41.480783 np0000175173 devstack@neutron-api.service[103493]: DEBUG neutron.api.extensions [None req-e9006bd4-f60f-4480-a684-de7aa7d99e42 None None] Ext name="Distributed Virtual Router" alias="dvr" description="Enables configuration of Distributed Virtual Routers." updated="2014-06-1T10:00:00-00:00" {{(pid=103493) _check_extension /opt/stack/neutron/neutron/api/extensions.py:415}}
May 20 01:48:41.480816 np0000175173 devstack@neutron-api.service[103492]: DEBUG neutron.api.extensions [None req-44afc816-e18c-4da3-9bc8-8c609d22f7f9 None None] Loading extension file: l3_ext_ha_mode.py {{(pid=103492) _load_all_extensions_from_path /opt/stack/neutron/neutron/api/extensions.py:449}}
May 20 01:48:41.480967 np0000175173 devstack@neutron-api.service[103493]: INFO neutron.api.extensions [None req-e9006bd4-f60f-4480-a684-de7aa7d99e42 None None] Extension dvr not supported by any of loaded plugins
