2026-04-17 01:23:36.313 6 INFO cinder.api.openstack.wsgi [None req-29ff4968-9635-44cf-80df-749b9548f283 a4085e2afb0f4c71bcbf58470b7c45d8 987832ddcc9a4c568f27a609e29ab376 - - default default] http://cinder-api.openstack.svc.cluster.local:8776/v3/987832ddcc9a4c568f27a609e29ab376/os-quota-sets/0ad5a2620d354cb6bba7d6e23e8e25e5?usage=true returned with HTTP 200 [pid: 6|app: 0|req: 122/244] 10.0.0.222 () {28 vars in 736 bytes} [Fri Apr 17 01:23:36 2026] GET /v3/987832ddcc9a4c568f27a609e29ab376/os-quota-sets/0ad5a2620d354cb6bba7d6e23e8e25e5?usage=true => generated 847 bytes in 27 msecs (HTTP/1.1 200) 7 headers in 285 bytes (1 switches on core 0)
2026-04-17 01:23:36.323 7 INFO cinder.api.openstack.wsgi [None req-665f3bff-7b1c-49da-97d1-a6f4001c4ad7 a4085e2afb0f4c71bcbf58470b7c45d8 987832ddcc9a4c568f27a609e29ab376 - - default default] GET http://cinder-api.openstack.svc.cluster.local:8776/v3/987832ddcc9a4c568f27a609e29ab376/os-quota-sets/987832ddcc9a4c568f27a609e29ab376?usage=true
2026-04-17 01:23:36.343 7 INFO cinder.api.openstack.wsgi [None req-665f3bff-7b1c-49da-97d1-a6f4001c4ad7 a4085e2afb0f4c71bcbf58470b7c45d8 987832ddcc9a4c568f27a609e29ab376 - - default default] http://cinder-api.openstack.svc.cluster.local:8776/v3/987832ddcc9a4c568f27a609e29ab376/os-quota-sets/987832ddcc9a4c568f27a609e29ab376?usage=true returned with HTTP 200 [pid: 7|app: 0|req: 123/245] 10.0.0.222 () {28 vars in 736 bytes} [Fri Apr 17 01:23:36 2026] GET /v3/987832ddcc9a4c568f27a609e29ab376/os-quota-sets/987832ddcc9a4c568f27a609e29ab376?usage=true => generated 845 bytes in 27 msecs (HTTP/1.1 200) 7 headers in 285 bytes (1 switches on core 0)
2026-04-17 01:23:36.356 6 INFO cinder.api.openstack.wsgi [None req-86612bb5-d013-430b-8460-18fbd04e6215 a4085e2afb0f4c71bcbf58470b7c45d8 987832ddcc9a4c568f27a609e29ab376 - - default default] GET http://cinder-api.openstack.svc.cluster.local:8776/v3/987832ddcc9a4c568f27a609e29ab376/os-quota-sets/a3de43090ee5477b84b965c22d071756?usage=true
2026-04-17 01:23:36.379 6 INFO cinder.api.openstack.wsgi [None req-86612bb5-d013-430b-8460-18fbd04e6215 a4085e2afb0f4c71bcbf58470b7c45d8 987832ddcc9a4c568f27a609e29ab376 - - default default] http://cinder-api.openstack.svc.cluster.local:8776/v3/987832ddcc9a4c568f27a609e29ab376/os-quota-sets/a3de43090ee5477b84b965c22d071756?usage=true returned with HTTP 200 [pid: 6|app: 0|req: 123/246] 10.0.0.222 () {28 vars in 736 bytes} [Fri Apr 17 01:23:36 2026] GET /v3/987832ddcc9a4c568f27a609e29ab376/os-quota-sets/a3de43090ee5477b84b965c22d071756?usage=true => generated 845 bytes in 32 msecs (HTTP/1.1 200) 7 headers in 285 bytes (1 switches on core 0)
2026-04-17 01:23:37.225 7 INFO cinder.api.openstack.wsgi [None req-665f3bff-7b1c-49da-97d1-a6f4001c4ad7 a4085e2afb0f4c71bcbf58470b7c45d8 987832ddcc9a4c568f27a609e29ab376 - - default default] GET http://10.0.0.95:8776/
2026-04-17 01:23:37.225 6 INFO cinder.api.openstack.wsgi [None req-86612bb5-d013-430b-8460-18fbd04e6215 a4085e2afb0f4c71bcbf58470b7c45d8 987832ddcc9a4c568f27a609e29ab376 - - default default] GET http://10.0.0.95:8776/
2026-04-17 01:23:37.226 6 INFO cinder.api.openstack.wsgi [None req-86612bb5-d013-430b-8460-18fbd04e6215 a4085e2afb0f4c71bcbf58470b7c45d8 987832ddcc9a4c568f27a609e29ab376 - - default default] http://10.0.0.95:8776/ returned with HTTP 300
2026-04-17 01:23:37.226 7 INFO cinder.api.openstack.wsgi [None req-665f3bff-7b1c-49da-97d1-a6f4001c4ad7 a4085e2afb0f4c71bcbf58470b7c45d8 987832ddcc9a4c568f27a609e29ab376 - - default default] http://10.0.0.95:8776/ returned with HTTP 300
2026-04-17 01:23:47.224 6 INFO cinder.api.openstack.wsgi [None req-86612bb5-d013-430b-8460-18fbd04e6215 a4085e2afb0f4c71bcbf58470b7c45d8 987832ddcc9a4c568f27a609e29ab376 - - default default] GET http://10.0.0.95:8776/
2026-04-17 01:23:47.224 7 INFO cinder.api.openstack.wsgi [None req-665f3bff-7b1c-49da-97d1-a6f4001c4ad7 a4085e2afb0f4c71bcbf58470b7c45d8 987832ddcc9a4c568f27a609e29ab376 - - default default] GET http://10.0.0.95:8776/
2026-04-17 01:23:47.225 7 INFO cinder.api.openstack.wsgi [None req-665f3bff-7b1c-49da-97d1-a6f4001c4ad7 a4085e2afb0f4c71bcbf58470b7c45d8 987832ddcc9a4c568f27a609e29ab376 - - default default] http://10.0.0.95:8776/ returned with HTTP 300
2026-04-17 01:23:47.225 6 INFO cinder.api.openstack.wsgi [None req-86612bb5-d013-430b-8460-18fbd04e6215 a4085e2afb0f4c71bcbf58470b7c45d8 987832ddcc9a4c568f27a609e29ab376 - - default default] http://10.0.0.95:8776/ returned with HTTP 300
2026-04-17 01:23:51.527 7 INFO cinder.api.openstack.wsgi [None req-ccbbc2e9-0812-491c-a168-9750d02c3bdd a4085e2afb0f4c71bcbf58470b7c45d8 987832ddcc9a4c568f27a609e29ab376 - - default default] GET http://cinder-api.openstack.svc.cluster.local:8776/v3/987832ddcc9a4c568f27a609e29ab376/snapshots
2026-04-17 01:23:51.541 7 INFO cinder.volume.api [None req-ccbbc2e9-0812-491c-a168-9750d02c3bdd a4085e2afb0f4c71bcbf58470b7c45d8 987832ddcc9a4c568f27a609e29ab376 - - default default] Get all snapshots completed successfully.
2026-04-17 01:23:51.541 7 INFO cinder.api.openstack.wsgi [None req-ccbbc2e9-0812-491c-a168-9750d02c3bdd a4085e2afb0f4c71bcbf58470b7c45d8 987832ddcc9a4c568f27a609e29ab376 - - default default] http://cinder-api.openstack.svc.cluster.local:8776/v3/987832ddcc9a4c568f27a609e29ab376/snapshots returned with HTTP 200 [pid: 7|app: 0|req: 126/251] 10.0.0.154 () {32 vars in 705 bytes} [Fri Apr 17 01:23:51 2026] GET /v3/987832ddcc9a4c568f27a609e29ab376/snapshots => generated 17 bytes in 19 msecs (HTTP/1.1 200) 7 headers in 284 bytes (1 switches on core 0)
2026-04-17 01:23:51.556 6 INFO cinder.api.openstack.wsgi [None req-01e47ef9-f816-4cdf-bca5-a358a99b6c38 a4085e2afb0f4c71bcbf58470b7c45d8 987832ddcc9a4c568f27a609e29ab376 - - default default] GET http://cinder-api.openstack.svc.cluster.local:8776/v3/987832ddcc9a4c568f27a609e29ab376/volumes
2026-04-17 01:23:51.582 6 INFO cinder.volume.api [None req-01e47ef9-f816-4cdf-bca5-a358a99b6c38 a4085e2afb0f4c71bcbf58470b7c45d8 987832ddcc9a4c568f27a609e29ab376 - - default default] Get all volumes completed successfully.
2026-04-17 01:23:51.582 6 INFO cinder.api.openstack.wsgi [None req-01e47ef9-f816-4cdf-bca5-a358a99b6c38 a4085e2afb0f4c71bcbf58470b7c45d8 987832ddcc9a4c568f27a609e29ab376 - - default default] http://cinder-api.openstack.svc.cluster.local:8776/v3/987832ddcc9a4c568f27a609e29ab376/volumes returned with HTTP 200 [pid: 6|app: 0|req: 126/252] 10.0.0.154 () {32 vars in 701 bytes} [Fri Apr 17 01:23:51 2026] GET /v3/987832ddcc9a4c568f27a609e29ab376/volumes => generated 15 bytes in 33 msecs (HTTP/1.1 200) 7 headers in 284 bytes (1 switches on core 0)
2026-04-17 01:23:57.224 7 INFO cinder.api.openstack.wsgi [None req-ccbbc2e9-0812-491c-a168-9750d02c3bdd a4085e2afb0f4c71bcbf58470b7c45d8 987832ddcc9a4c568f27a609e29ab376 - - default default] GET http://10.0.0.95:8776/
2026-04-17 01:23:57.224 6 INFO cinder.api.openstack.wsgi [None req-01e47ef9-f816-4cdf-bca5-a358a99b6c38 a4085e2afb0f4c71bcbf58470b7c45d8 987832ddcc9a4c568f27a609e29ab376 - - default default] GET http://10.0.0.95:8776/
2026-04-17 01:23:57.225 7 INFO cinder.api.openstack.wsgi [None req-ccbbc2e9-0812-491c-a168-9750d02c3bdd a4085e2afb0f4c71bcbf58470b7c45d8 987832ddcc9a4c568f27a609e29ab376 - - default default] http://10.0.0.95:8776/ returned with HTTP 300
2026-04-17 01:23:57.225 6 INFO cinder.api.openstack.wsgi [None req-01e47ef9-f816-4cdf-bca5-a358a99b6c38 a4085e2afb0f4c71bcbf58470b7c45d8 987832ddcc9a4c568f27a609e29ab376 - - default default] http://10.0.0.95:8776/ returned with HTTP 300
2026-04-17 01:24:07.225 6 INFO cinder.api.openstack.wsgi [None req-01e47ef9-f816-4cdf-bca5-a358a99b6c38 a4085e2afb0f4c71bcbf58470b7c45d8 987832ddcc9a4c568f27a609e29ab376 - - default default] GET http://10.0.0.95:8776/
2026-04-17 01:24:07.225 7 INFO cinder.api.openstack.wsgi [None req-ccbbc2e9-0812-491c-a168-9750d02c3bdd a4085e2afb0f4c71bcbf58470b7c45d8 987832ddcc9a4c568f27a609e29ab376 - - default default] GET http://10.0.0.95:8776/
2026-04-17 01:24:07.226 6 INFO cinder.api.openstack.wsgi [None req-01e47ef9-f816-4cdf-bca5-a358a99b6c38 a4085e2afb0f4c71bcbf58470b7c45d8 987832ddcc9a4c568f27a609e29ab376 - - default default] http://10.0.0.95:8776/ returned with HTTP 300
2026-04-17 01:24:07.226 7 INFO cinder.api.openstack.wsgi [None req-ccbbc2e9-0812-491c-a168-9750d02c3bdd a4085e2afb0f4c71bcbf58470b7c45d8 987832ddcc9a4c568f27a609e29ab376 - - default default] http://10.0.0.95:8776/ returned with HTTP 300
2026-04-17 01:24:09.923 6 INFO cinder.api.openstack.wsgi [None req-b877c89a-1ca7-4a52-8470-bdb1d5b1a7b2 61d36c6f6dbd422db2b42799eac43883 2d56d225533e4e6482cae2a8e8d012d2 - - default default] POST http://cinder-api.openstack.svc.cluster.local:8776/v3/2d56d225533e4e6482cae2a8e8d012d2/volumes
2026-04-17 01:24:10.679 6 INFO cinder.api.v3.volumes [None req-b877c89a-1ca7-4a52-8470-bdb1d5b1a7b2 61d36c6f6dbd422db2b42799eac43883 2d56d225533e4e6482cae2a8e8d012d2 - - default default] Create volume of 1 GB
2026-04-17 01:24:10.690 6 INFO cinder.volume.api [None req-b877c89a-1ca7-4a52-8470-bdb1d5b1a7b2 61d36c6f6dbd422db2b42799eac43883 2d56d225533e4e6482cae2a8e8d012d2 - - default default] Availability Zones retrieved successfully.
2026-04-17 01:24:11.054 6 INFO cinder.volume.api [None req-b877c89a-1ca7-4a52-8470-bdb1d5b1a7b2 61d36c6f6dbd422db2b42799eac43883 2d56d225533e4e6482cae2a8e8d012d2 - - default default] Create volume request issued successfully.
2026-04-17 01:24:11.055 6 INFO cinder.api.openstack.wsgi [None req-b877c89a-1ca7-4a52-8470-bdb1d5b1a7b2 61d36c6f6dbd422db2b42799eac43883 2d56d225533e4e6482cae2a8e8d012d2 - - default default] http://cinder-api.openstack.svc.cluster.local:8776/v3/2d56d225533e4e6482cae2a8e8d012d2/volumes returned with HTTP 202 [pid: 6|app: 0|req: 129/257] 10.0.0.154 () {34 vars in 723 bytes} [Fri Apr 17 01:24:09 2026] POST /v3/2d56d225533e4e6482cae2a8e8d012d2/volumes => generated 864 bytes in 1138 msecs (HTTP/1.1 202) 7 headers in 291 bytes (1 switches on core 0)
2026-04-17 01:24:11.069 7 INFO cinder.api.openstack.wsgi [None req-bc26dfdc-fa3f-49ca-87d2-9e7043bcf781 61d36c6f6dbd422db2b42799eac43883 2d56d225533e4e6482cae2a8e8d012d2 - - default default] GET http://cinder-api.openstack.svc.cluster.local:8776/v3/2d56d225533e4e6482cae2a8e8d012d2/volumes/651170e4-26cc-4017-b4a8-dd61bca0191c /var/lib/openstack/lib/python3.12/site-packages/oslo_context/context.py:101: DeprecationWarning: Policy enforcement is depending on the value of is_admin. This key is deprecated. Please update your policy file to use the standard policy values. warnings.warn(
2026-04-17 01:24:11.109 7 INFO cinder.volume.api [None req-bc26dfdc-fa3f-49ca-87d2-9e7043bcf781 61d36c6f6dbd422db2b42799eac43883 2d56d225533e4e6482cae2a8e8d012d2 - - default default] Volume info retrieved successfully.
2026-04-17 01:24:11.122 7 INFO cinder.api.openstack.wsgi [None req-bc26dfdc-fa3f-49ca-87d2-9e7043bcf781 61d36c6f6dbd422db2b42799eac43883 2d56d225533e4e6482cae2a8e8d012d2 - - default default] http://cinder-api.openstack.svc.cluster.local:8776/v3/2d56d225533e4e6482cae2a8e8d012d2/volumes/651170e4-26cc-4017-b4a8-dd61bca0191c returned with HTTP 200 [pid: 7|app: 0|req: 129/258] 10.0.0.154 () {32 vars in 775 bytes} [Fri Apr 17 01:24:11 2026] GET /v3/2d56d225533e4e6482cae2a8e8d012d2/volumes/651170e4-26cc-4017-b4a8-dd61bca0191c => generated 932 bytes in 59 msecs (HTTP/1.1 200) 7 headers in 285 bytes (1 switches on core 0) /var/lib/openstack/lib/python3.12/site-packages/pycadf/identifier.py:70: UserWarning: Invalid uuid: cinderv3. To ensure interoperability, identifiers should be a valid uuid. warnings.warn(('Invalid uuid: %s. To ensure interoperability, '
2026-04-17 01:24:12.143 6 INFO cinder.api.openstack.wsgi [None req-55ae2e64-8d02-4416-b9c0-35df2038bc97 61d36c6f6dbd422db2b42799eac43883 2d56d225533e4e6482cae2a8e8d012d2 - - default default] GET http://cinder-api.openstack.svc.cluster.local:8776/v3/2d56d225533e4e6482cae2a8e8d012d2/volumes/651170e4-26cc-4017-b4a8-dd61bca0191c /var/lib/openstack/lib/python3.12/site-packages/oslo_context/context.py:101: DeprecationWarning: Policy enforcement is depending on the value of is_admin. This key is deprecated. Please update your policy file to use the standard policy values. warnings.warn(
2026-04-17 01:24:12.160 6 INFO cinder.volume.api [None req-55ae2e64-8d02-4416-b9c0-35df2038bc97 61d36c6f6dbd422db2b42799eac43883 2d56d225533e4e6482cae2a8e8d012d2 - - default default] Volume info retrieved successfully.
2026-04-17 01:24:12.171 6 INFO cinder.api.openstack.wsgi [None req-55ae2e64-8d02-4416-b9c0-35df2038bc97 61d36c6f6dbd422db2b42799eac43883 2d56d225533e4e6482cae2a8e8d012d2 - - default default] http://cinder-api.openstack.svc.cluster.local:8776/v3/2d56d225533e4e6482cae2a8e8d012d2/volumes/651170e4-26cc-4017-b4a8-dd61bca0191c returned with HTTP 200 [pid: 6|app: 0|req: 130/259] 10.0.0.154 () {32 vars in 775 bytes} [Fri Apr 17 01:24:12 2026] GET /v3/2d56d225533e4e6482cae2a8e8d012d2/volumes/651170e4-26cc-4017-b4a8-dd61bca0191c => generated 956 bytes in 35 msecs (HTTP/1.1 200) 7 headers in 285 bytes (1 switches on core 0) /var/lib/openstack/lib/python3.12/site-packages/pycadf/identifier.py:70: UserWarning: Invalid uuid: cinderv3. To ensure interoperability, identifiers should be a valid uuid. warnings.warn(('Invalid uuid: %s. To ensure interoperability, '
2026-04-17 01:24:13.192 7 INFO cinder.api.openstack.wsgi [None req-f041aef6-76e8-4637-9d7c-57c8917a9108 61d36c6f6dbd422db2b42799eac43883 2d56d225533e4e6482cae2a8e8d012d2 - - default default] GET http://cinder-api.openstack.svc.cluster.local:8776/v3/2d56d225533e4e6482cae2a8e8d012d2/volumes/651170e4-26cc-4017-b4a8-dd61bca0191c /var/lib/openstack/lib/python3.12/site-packages/oslo_context/context.py:101: DeprecationWarning: Policy enforcement is depending on the value of is_admin. This key is deprecated. Please update your policy file to use the standard policy values. warnings.warn(
2026-04-17 01:24:13.215 7 INFO cinder.volume.api [None req-f041aef6-76e8-4637-9d7c-57c8917a9108 61d36c6f6dbd422db2b42799eac43883 2d56d225533e4e6482cae2a8e8d012d2 - - default default] Volume info retrieved successfully.
2026-04-17 01:24:13.222 7 INFO cinder.api.openstack.wsgi [None req-f041aef6-76e8-4637-9d7c-57c8917a9108 61d36c6f6dbd422db2b42799eac43883 2d56d225533e4e6482cae2a8e8d012d2 - - default default] http://cinder-api.openstack.svc.cluster.local:8776/v3/2d56d225533e4e6482cae2a8e8d012d2/volumes/651170e4-26cc-4017-b4a8-dd61bca0191c returned with HTTP 200 [pid: 7|app: 0|req: 130/260] 10.0.0.154 () {32 vars in 775 bytes} [Fri Apr 17 01:24:13 2026] GET /v3/2d56d225533e4e6482cae2a8e8d012d2/volumes/651170e4-26cc-4017-b4a8-dd61bca0191c => generated 956 bytes in 40 msecs (HTTP/1.1 200) 7 headers in 285 bytes (1 switches on core 0) /var/lib/openstack/lib/python3.12/site-packages/pycadf/identifier.py:70: UserWarning: Invalid uuid: cinderv3. To ensure interoperability, identifiers should be a valid uuid. warnings.warn(('Invalid uuid: %s. To ensure interoperability, '
2026-04-17 01:24:14.243 6 INFO cinder.api.openstack.wsgi [None req-7a6e90a9-ecdf-4a56-8e83-75436faf6dc6 61d36c6f6dbd422db2b42799eac43883 2d56d225533e4e6482cae2a8e8d012d2 - - default default] GET http://cinder-api.openstack.svc.cluster.local:8776/v3/2d56d225533e4e6482cae2a8e8d012d2/volumes/651170e4-26cc-4017-b4a8-dd61bca0191c /var/lib/openstack/lib/python3.12/site-packages/oslo_context/context.py:101: DeprecationWarning: Policy enforcement is depending on the value of is_admin. This key is deprecated. Please update your policy file to use the standard policy values. warnings.warn(
2026-04-17 01:24:14.257 6 INFO cinder.volume.api [None req-7a6e90a9-ecdf-4a56-8e83-75436faf6dc6 61d36c6f6dbd422db2b42799eac43883 2d56d225533e4e6482cae2a8e8d012d2 - - default default] Volume info retrieved successfully.
2026-04-17 01:24:14.261 6 INFO cinder.api.openstack.wsgi [None req-7a6e90a9-ecdf-4a56-8e83-75436faf6dc6 61d36c6f6dbd422db2b42799eac43883 2d56d225533e4e6482cae2a8e8d012d2 - - default default] http://cinder-api.openstack.svc.cluster.local:8776/v3/2d56d225533e4e6482cae2a8e8d012d2/volumes/651170e4-26cc-4017-b4a8-dd61bca0191c returned with HTTP 200 [pid: 6|app: 0|req: 131/261] 10.0.0.154 () {32 vars in 775 bytes} [Fri Apr 17 01:24:14 2026] GET /v3/2d56d225533e4e6482cae2a8e8d012d2/volumes/651170e4-26cc-4017-b4a8-dd61bca0191c => generated 1341 bytes in 24 msecs (HTTP/1.1 200) 7 headers in 286 bytes (1 switches on core 0) /var/lib/openstack/lib/python3.12/site-packages/pycadf/identifier.py:70: UserWarning: Invalid uuid: cinderv3. To ensure interoperability, identifiers should be a valid uuid. warnings.warn(('Invalid uuid: %s. To ensure interoperability, '
2026-04-17 01:24:14.367 7 INFO cinder.api.openstack.wsgi [req-f12496c1-f066-465d-956e-87a3a8477360 req-af493ef3-34ad-4622-a835-5c13346a1320 61d36c6f6dbd422db2b42799eac43883 2d56d225533e4e6482cae2a8e8d012d2 - - default default] GET http://cinder-api.openstack.svc.cluster.local:8776/v3/2d56d225533e4e6482cae2a8e8d012d2/volumes/651170e4-26cc-4017-b4a8-dd61bca0191c /var/lib/openstack/lib/python3.12/site-packages/oslo_context/context.py:101: DeprecationWarning: Policy enforcement is depending on the value of is_admin. This key is deprecated. Please update your policy file to use the standard policy values. warnings.warn(
2026-04-17 01:24:14.393 7 INFO cinder.volume.api [req-f12496c1-f066-465d-956e-87a3a8477360 req-af493ef3-34ad-4622-a835-5c13346a1320 61d36c6f6dbd422db2b42799eac43883 2d56d225533e4e6482cae2a8e8d012d2 - - default default] Volume info retrieved successfully.
2026-04-17 01:24:14.400 7 INFO cinder.api.openstack.wsgi [req-f12496c1-f066-465d-956e-87a3a8477360 req-af493ef3-34ad-4622-a835-5c13346a1320 61d36c6f6dbd422db2b42799eac43883 2d56d225533e4e6482cae2a8e8d012d2 - - default default] http://cinder-api.openstack.svc.cluster.local:8776/v3/2d56d225533e4e6482cae2a8e8d012d2/volumes/651170e4-26cc-4017-b4a8-dd61bca0191c returned with HTTP 200 [pid: 7|app: 0|req: 131/262] 10.0.0.57 () {34 vars in 1027 bytes} [Fri Apr 17 01:24:14 2026] GET /v3/2d56d225533e4e6482cae2a8e8d012d2/volumes/651170e4-26cc-4017-b4a8-dd61bca0191c => generated 1341 bytes in 38 msecs (HTTP/1.1 200) 7 headers in 286 bytes (1 switches on core 0) /var/lib/openstack/lib/python3.12/site-packages/pycadf/identifier.py:70: UserWarning: Invalid uuid: cinderv3. To ensure interoperability, identifiers should be a valid uuid. warnings.warn(('Invalid uuid: %s. To ensure interoperability, '
2026-04-17 01:24:16.004 6 INFO cinder.api.openstack.wsgi [req-f12496c1-f066-465d-956e-87a3a8477360 req-e178f4a4-4c42-4102-a80b-655ac2c67172 61d36c6f6dbd422db2b42799eac43883 2d56d225533e4e6482cae2a8e8d012d2 - - default default] GET http://cinder-api.openstack.svc.cluster.local:8776/v3/2d56d225533e4e6482cae2a8e8d012d2/volumes/651170e4-26cc-4017-b4a8-dd61bca0191c /var/lib/openstack/lib/python3.12/site-packages/oslo_context/context.py:101: DeprecationWarning: Policy enforcement is depending on the value of is_admin. This key is deprecated. Please update your policy file to use the standard policy values. warnings.warn(
2026-04-17 01:24:16.030 6 INFO cinder.volume.api [req-f12496c1-f066-465d-956e-87a3a8477360 req-e178f4a4-4c42-4102-a80b-655ac2c67172 61d36c6f6dbd422db2b42799eac43883 2d56d225533e4e6482cae2a8e8d012d2 - - default default] Volume info retrieved successfully.
2026-04-17 01:24:16.035 6 INFO cinder.api.openstack.wsgi [req-f12496c1-f066-465d-956e-87a3a8477360 req-e178f4a4-4c42-4102-a80b-655ac2c67172 61d36c6f6dbd422db2b42799eac43883 2d56d225533e4e6482cae2a8e8d012d2 - - default default] http://cinder-api.openstack.svc.cluster.local:8776/v3/2d56d225533e4e6482cae2a8e8d012d2/volumes/651170e4-26cc-4017-b4a8-dd61bca0191c returned with HTTP 200 [pid: 6|app: 0|req: 132/263] 10.0.0.57 () {34 vars in 1027 bytes} [Fri Apr 17 01:24:15 2026] GET /v3/2d56d225533e4e6482cae2a8e8d012d2/volumes/651170e4-26cc-4017-b4a8-dd61bca0191c => generated 1341 bytes in 39 msecs (HTTP/1.1 200) 7 headers in 286 bytes (1 switches on core 0)
2026-04-17 01:24:16.047 7 INFO cinder.api.openstack.wsgi [req-f12496c1-f066-465d-956e-87a3a8477360 req-af493ef3-34ad-4622-a835-5c13346a1320 61d36c6f6dbd422db2b42799eac43883 2d56d225533e4e6482cae2a8e8d012d2 - - default default] GET http://cinder-api.openstack.svc.cluster.local:8776/
2026-04-17 01:24:16.048 7 INFO cinder.api.openstack.wsgi [req-f12496c1-f066-465d-956e-87a3a8477360 req-af493ef3-34ad-4622-a835-5c13346a1320 61d36c6f6dbd422db2b42799eac43883 2d56d225533e4e6482cae2a8e8d012d2 - - default default] http://cinder-api.openstack.svc.cluster.local:8776/ returned with HTTP 300 [pid: 7|app: 0|req: 132/264] 10.0.0.57 () {32 vars in 828 bytes} [Fri Apr 17 01:24:16 2026] GET / => generated 411 bytes in 2 msecs (HTTP/1.1 300) 5 headers in 169 bytes (1 switches on core 0) /var/lib/openstack/lib/python3.12/site-packages/pycadf/identifier.py:70: UserWarning: Invalid uuid: cinderv3. To ensure interoperability, identifiers should be a valid uuid. warnings.warn(('Invalid uuid: %s. To ensure interoperability, '
2026-04-17 01:24:16.063 6 INFO cinder.api.openstack.wsgi [req-f12496c1-f066-465d-956e-87a3a8477360 req-ffe9d35b-af6a-40c4-b61f-24256f3e31d9 61d36c6f6dbd422db2b42799eac43883 2d56d225533e4e6482cae2a8e8d012d2 - - default default] POST http://cinder-api.openstack.svc.cluster.local:8776/v3/2d56d225533e4e6482cae2a8e8d012d2/attachments /var/lib/openstack/lib/python3.12/site-packages/oslo_context/context.py:101: DeprecationWarning: Policy enforcement is depending on the value of is_admin. This key is deprecated. Please update your policy file to use the standard policy values. warnings.warn(
2026-04-17 01:24:16.140 6 INFO cinder.api.openstack.wsgi [req-f12496c1-f066-465d-956e-87a3a8477360 req-ffe9d35b-af6a-40c4-b61f-24256f3e31d9 61d36c6f6dbd422db2b42799eac43883 2d56d225533e4e6482cae2a8e8d012d2 - - default default] http://cinder-api.openstack.svc.cluster.local:8776/v3/2d56d225533e4e6482cae2a8e8d012d2/attachments returned with HTTP 200 [pid: 6|app: 0|req: 133/265] 10.0.0.57 () {40 vars in 1056 bytes} [Fri Apr 17 01:24:16 2026] POST /v3/2d56d225533e4e6482cae2a8e8d012d2/attachments => generated 273 bytes in 88 msecs (HTTP/1.1 200) 7 headers in 286 bytes (1 switches on core 0)
2026-04-17 01:24:17.224 7 INFO cinder.api.openstack.wsgi [req-f12496c1-f066-465d-956e-87a3a8477360 req-af493ef3-34ad-4622-a835-5c13346a1320 61d36c6f6dbd422db2b42799eac43883 2d56d225533e4e6482cae2a8e8d012d2 - - default default] GET http://10.0.0.95:8776/
2026-04-17 01:24:17.224 6 INFO cinder.api.openstack.wsgi [req-f12496c1-f066-465d-956e-87a3a8477360 req-ffe9d35b-af6a-40c4-b61f-24256f3e31d9 61d36c6f6dbd422db2b42799eac43883 2d56d225533e4e6482cae2a8e8d012d2 - - default default] GET http://10.0.0.95:8776/
2026-04-17 01:24:17.225 7 INFO cinder.api.openstack.wsgi [req-f12496c1-f066-465d-956e-87a3a8477360 req-af493ef3-34ad-4622-a835-5c13346a1320 61d36c6f6dbd422db2b42799eac43883 2d56d225533e4e6482cae2a8e8d012d2 - - default default] http://10.0.0.95:8776/ returned with HTTP 300
2026-04-17 01:24:17.225 6 INFO cinder.api.openstack.wsgi [req-f12496c1-f066-465d-956e-87a3a8477360 req-ffe9d35b-af6a-40c4-b61f-24256f3e31d9 61d36c6f6dbd422db2b42799eac43883 2d56d225533e4e6482cae2a8e8d012d2 - - default default] http://10.0.0.95:8776/ returned with HTTP 300
2026-04-17 01:24:23.159 7 INFO cinder.api.openstack.wsgi [req-f12496c1-f066-465d-956e-87a3a8477360 req-af493ef3-34ad-4622-a835-5c13346a1320 61d36c6f6dbd422db2b42799eac43883 2d56d225533e4e6482cae2a8e8d012d2 - - default default] GET http://cinder-api.openstack.svc.cluster.local:8776/
2026-04-17 01:24:23.160 7 INFO cinder.api.openstack.wsgi [req-f12496c1-f066-465d-956e-87a3a8477360 req-af493ef3-34ad-4622-a835-5c13346a1320 61d36c6f6dbd422db2b42799eac43883 2d56d225533e4e6482cae2a8e8d012d2 - - default default] http://cinder-api.openstack.svc.cluster.local:8776/ returned with HTTP 300 [pid: 7|app: 0|req: 134/268] 199.204.45.157 () {32 vars in 840 bytes} [Fri Apr 17 01:24:23 2026] GET / => generated 411 bytes in 2 msecs (HTTP/1.1 300) 5 headers in 169 bytes (1 switches on core 0) /var/lib/openstack/lib/python3.12/site-packages/pycadf/identifier.py:70: UserWarning: Invalid uuid: cinderv3. To ensure interoperability, identifiers should be a valid uuid. warnings.warn(('Invalid uuid: %s. To ensure interoperability, '
2026-04-17 01:24:23.210 6 INFO cinder.api.openstack.wsgi [req-f12496c1-f066-465d-956e-87a3a8477360 req-aed92d50-c093-4379-aec5-cde4bd0c0721 61d36c6f6dbd422db2b42799eac43883 2d56d225533e4e6482cae2a8e8d012d2 - - default default] GET http://cinder-api.openstack.svc.cluster.local:8776/v3/2d56d225533e4e6482cae2a8e8d012d2/volumes/651170e4-26cc-4017-b4a8-dd61bca0191c /var/lib/openstack/lib/python3.12/site-packages/oslo_context/context.py:101: DeprecationWarning: Policy enforcement is depending on the value of is_admin. This key is deprecated. Please update your policy file to use the standard policy values. warnings.warn(
2026-04-17 01:24:23.229 6 INFO cinder.volume.api [req-f12496c1-f066-465d-956e-87a3a8477360 req-aed92d50-c093-4379-aec5-cde4bd0c0721 61d36c6f6dbd422db2b42799eac43883 2d56d225533e4e6482cae2a8e8d012d2 - - default default] Volume info retrieved successfully.
2026-04-17 01:24:23.235 6 INFO cinder.api.openstack.wsgi [req-f12496c1-f066-465d-956e-87a3a8477360 req-aed92d50-c093-4379-aec5-cde4bd0c0721 61d36c6f6dbd422db2b42799eac43883 2d56d225533e4e6482cae2a8e8d012d2 - - default default] http://cinder-api.openstack.svc.cluster.local:8776/v3/2d56d225533e4e6482cae2a8e8d012d2/volumes/651170e4-26cc-4017-b4a8-dd61bca0191c returned with HTTP 200 [pid: 6|app: 0|req: 135/269] 199.204.45.157 () {36 vars in 1073 bytes} [Fri Apr 17 01:24:23 2026] GET /v3/2d56d225533e4e6482cae2a8e8d012d2/volumes/651170e4-26cc-4017-b4a8-dd61bca0191c => generated 1521 bytes in 33 msecs (HTTP/1.1 200) 7 headers in 287 bytes (1 switches on core 0) /var/lib/openstack/lib/python3.12/site-packages/pycadf/identifier.py:70: UserWarning: Invalid uuid: cinderv3. To ensure interoperability, identifiers should be a valid uuid. warnings.warn(('Invalid uuid: %s. To ensure interoperability, '
2026-04-17 01:24:25.266 7 INFO cinder.api.openstack.wsgi [req-f12496c1-f066-465d-956e-87a3a8477360 req-9144d5c4-c70c-4784-8255-0b0fa8991113 61d36c6f6dbd422db2b42799eac43883 2d56d225533e4e6482cae2a8e8d012d2 - - default default] PUT http://cinder-api.openstack.svc.cluster.local:8776/v3/2d56d225533e4e6482cae2a8e8d012d2/attachments/fc47965d-711d-48fb-bcf0-2c1d01ecb280 /var/lib/openstack/lib/python3.12/site-packages/oslo_context/context.py:101: DeprecationWarning: Policy enforcement is depending on the value of is_admin. This key is deprecated. Please update your policy file to use the standard policy values. warnings.warn(
2026-04-17 01:24:26.330 7 INFO cinder.api.openstack.wsgi [req-f12496c1-f066-465d-956e-87a3a8477360 req-9144d5c4-c70c-4784-8255-0b0fa8991113 61d36c6f6dbd422db2b42799eac43883 2d56d225533e4e6482cae2a8e8d012d2 - - default default] http://cinder-api.openstack.svc.cluster.local:8776/v3/2d56d225533e4e6482cae2a8e8d012d2/attachments/fc47965d-711d-48fb-bcf0-2c1d01ecb280 returned with HTTP 200 [pid: 7|app: 0|req: 135/270] 199.204.45.157 () {40 vars in 1135 bytes} [Fri Apr 17 01:24:25 2026] PUT /v3/2d56d225533e4e6482cae2a8e8d012d2/attachments/fc47965d-711d-48fb-bcf0-2c1d01ecb280 => generated 802 bytes in 1073 msecs (HTTP/1.1 200) 7 headers in 286 bytes (1 switches on core 0) /var/lib/openstack/lib/python3.12/site-packages/pycadf/identifier.py:70: UserWarning: Invalid uuid: cinderv3. To ensure interoperability, identifiers should be a valid uuid. warnings.warn(('Invalid uuid: %s. To ensure interoperability, '
2026-04-17 01:24:26.848 6 INFO cinder.api.openstack.wsgi [req-f12496c1-f066-465d-956e-87a3a8477360 req-85903fbb-bb58-41e0-b80c-bcfd759a4fb0 61d36c6f6dbd422db2b42799eac43883 2d56d225533e4e6482cae2a8e8d012d2 - - default default] POST http://cinder-api.openstack.svc.cluster.local:8776/v3/2d56d225533e4e6482cae2a8e8d012d2/attachments/fc47965d-711d-48fb-bcf0-2c1d01ecb280/action /var/lib/openstack/lib/python3.12/site-packages/oslo_context/context.py:101: DeprecationWarning: Policy enforcement is depending on the value of is_admin. This key is deprecated. Please update your policy file to use the standard policy values. warnings.warn(
2026-04-17 01:24:26.878 6 INFO cinder.api.openstack.wsgi [req-f12496c1-f066-465d-956e-87a3a8477360 req-85903fbb-bb58-41e0-b80c-bcfd759a4fb0 61d36c6f6dbd422db2b42799eac43883 2d56d225533e4e6482cae2a8e8d012d2 - - default default] http://cinder-api.openstack.svc.cluster.local:8776/v3/2d56d225533e4e6482cae2a8e8d012d2/attachments/fc47965d-711d-48fb-bcf0-2c1d01ecb280/action returned with HTTP 204 [pid: 6|app: 0|req: 136/271] 199.204.45.157 () {40 vars in 1148 bytes} [Fri Apr 17 01:24:26 2026] POST /v3/2d56d225533e4e6482cae2a8e8d012d2/attachments/fc47965d-711d-48fb-bcf0-2c1d01ecb280/action => generated 0 bytes in 38 msecs (HTTP/1.1 204) 7 headers in 292 bytes (1 switches on core 0)
2026-04-17 01:24:27.225 7 INFO cinder.api.openstack.wsgi [req-f12496c1-f066-465d-956e-87a3a8477360 req-9144d5c4-c70c-4784-8255-0b0fa8991113 61d36c6f6dbd422db2b42799eac43883 2d56d225533e4e6482cae2a8e8d012d2 - - default default] GET http://10.0.0.95:8776/
2026-04-17 01:24:27.225 6 INFO cinder.api.openstack.wsgi [req-f12496c1-f066-465d-956e-87a3a8477360 req-85903fbb-bb58-41e0-b80c-bcfd759a4fb0 61d36c6f6dbd422db2b42799eac43883 2d56d225533e4e6482cae2a8e8d012d2 - - default default] GET http://10.0.0.95:8776/
2026-04-17 01:24:27.226 7 INFO cinder.api.openstack.wsgi [req-f12496c1-f066-465d-956e-87a3a8477360 req-9144d5c4-c70c-4784-8255-0b0fa8991113 61d36c6f6dbd422db2b42799eac43883 2d56d225533e4e6482cae2a8e8d012d2 - - default default] http://10.0.0.95:8776/ returned with HTTP 300
2026-04-17 01:24:27.227 6 INFO cinder.api.openstack.wsgi [req-f12496c1-f066-465d-956e-87a3a8477360 req-85903fbb-bb58-41e0-b80c-bcfd759a4fb0 61d36c6f6dbd422db2b42799eac43883 2d56d225533e4e6482cae2a8e8d012d2 - - default default] http://10.0.0.95:8776/ returned with HTTP 300 /var/lib/openstack/lib/python3.12/site-packages/pycadf/identifier.py:70: UserWarning: Invalid uuid: cinderv3. To ensure interoperability, identifiers should be a valid uuid. warnings.warn(('Invalid uuid: %s. To ensure interoperability, '
2026-04-17 01:24:35.758 7 INFO cinder.api.openstack.wsgi [None req-c6d917f5-a795-4c12-aeee-76670ad91905 a4085e2afb0f4c71bcbf58470b7c45d8 987832ddcc9a4c568f27a609e29ab376 - - default default] GET http://cinder-api.openstack.svc.cluster.local:8776/v3/987832ddcc9a4c568f27a609e29ab376/snapshots?all_tenants=true /var/lib/openstack/lib/python3.12/site-packages/oslo_context/context.py:101: DeprecationWarning: Policy enforcement is depending on the value of is_admin. This key is deprecated. Please update your policy file to use the standard policy values. warnings.warn(
2026-04-17 01:24:35.771 7 INFO cinder.volume.api [None req-c6d917f5-a795-4c12-aeee-76670ad91905 a4085e2afb0f4c71bcbf58470b7c45d8 987832ddcc9a4c568f27a609e29ab376 - - default default] Get all snapshots completed successfully.
2026-04-17 01:24:35.772 7 INFO cinder.api.openstack.wsgi [None req-c6d917f5-a795-4c12-aeee-76670ad91905 a4085e2afb0f4c71bcbf58470b7c45d8 987832ddcc9a4c568f27a609e29ab376 - - default default] http://cinder-api.openstack.svc.cluster.local:8776/v3/987832ddcc9a4c568f27a609e29ab376/snapshots?all_tenants=true returned with HTTP 200 [pid: 7|app: 0|req: 137/274] 10.0.0.222 () {28 vars in 674 bytes} [Fri Apr 17 01:24:35 2026] GET /v3/987832ddcc9a4c568f27a609e29ab376/snapshots?all_tenants=true => generated 17 bytes in 295 msecs (HTTP/1.1 200) 7 headers in 284 bytes (1 switches on core 0) /var/lib/openstack/lib/python3.12/site-packages/pycadf/identifier.py:70: UserWarning: Invalid uuid: cinderv3. To ensure interoperability, identifiers should be a valid uuid. warnings.warn(('Invalid uuid: %s. To ensure interoperability, '
2026-04-17 01:24:35.789 6 INFO cinder.api.openstack.wsgi [None req-82694838-bc9b-4423-805e-09d61585eb49 a4085e2afb0f4c71bcbf58470b7c45d8 987832ddcc9a4c568f27a609e29ab376 - - default default] GET http://cinder-api.openstack.svc.cluster.local:8776/v3/987832ddcc9a4c568f27a609e29ab376/volumes/detail?all_tenants=true
2026-04-17 01:24:35.806 6 INFO cinder.volume.api [None req-82694838-bc9b-4423-805e-09d61585eb49 a4085e2afb0f4c71bcbf58470b7c45d8 987832ddcc9a4c568f27a609e29ab376 - - default default] Get all volumes completed successfully. /var/lib/openstack/lib/python3.12/site-packages/oslo_context/context.py:101: DeprecationWarning: Policy enforcement is depending on the value of is_admin. This key is deprecated. Please update your policy file to use the standard policy values. warnings.warn(
2026-04-17 01:24:35.814 6 INFO cinder.api.openstack.wsgi [None req-82694838-bc9b-4423-805e-09d61585eb49 a4085e2afb0f4c71bcbf58470b7c45d8 987832ddcc9a4c568f27a609e29ab376 - - default default] http://cinder-api.openstack.svc.cluster.local:8776/v3/987832ddcc9a4c568f27a609e29ab376/volumes/detail?all_tenants=true returned with HTTP 200 [pid: 6|app: 0|req: 138/275] 10.0.0.222 () {28 vars in 684 bytes} [Fri Apr 17 01:24:35 2026] GET /v3/987832ddcc9a4c568f27a609e29ab376/volumes/detail?all_tenants=true => generated 1807 bytes in 36 msecs (HTTP/1.1 200) 7 headers in 286 bytes (1 switches on core 0)
2026-04-17 01:24:35.892 7 INFO cinder.api.openstack.wsgi [None req-8bdb506a-8fe2-4daa-a379-e70815d36885 a4085e2afb0f4c71bcbf58470b7c45d8 987832ddcc9a4c568f27a609e29ab376 - - default default] GET http://cinder-api.openstack.svc.cluster.local:8776/v3/987832ddcc9a4c568f27a609e29ab376/os-quota-sets/01e2b769a6394fad9b77af286e0070c0?usage=true
2026-04-17 01:24:35.944 7 INFO cinder.api.openstack.wsgi [None req-8bdb506a-8fe2-4daa-a379-e70815d36885 a4085e2afb0f4c71bcbf58470b7c45d8 987832ddcc9a4c568f27a609e29ab376 - - default default] http://cinder-api.openstack.svc.cluster.local:8776/v3/987832ddcc9a4c568f27a609e29ab376/os-quota-sets/01e2b769a6394fad9b77af286e0070c0?usage=true returned with HTTP 200 [pid: 7|app: 0|req: 138/276] 10.0.0.222 () {28 vars in 736 bytes} [Fri Apr 17 01:24:35 2026] GET /v3/987832ddcc9a4c568f27a609e29ab376/os-quota-sets/01e2b769a6394fad9b77af286e0070c0?usage=true => generated 847 bytes in 63 msecs (HTTP/1.1 200) 7 headers in 285 bytes (1 switches on core 0) /var/lib/openstack/lib/python3.12/site-packages/pycadf/identifier.py:70: UserWarning: Invalid uuid: cinderv3. To ensure interoperability, identifiers should be a valid uuid. warnings.warn(('Invalid uuid: %s. To ensure interoperability, '
2026-04-17 01:24:35.958 6 INFO cinder.api.openstack.wsgi [None req-6e52e199-5b6b-4915-a35f-711069217396 a4085e2afb0f4c71bcbf58470b7c45d8 987832ddcc9a4c568f27a609e29ab376 - - default default] GET http://cinder-api.openstack.svc.cluster.local:8776/v3/987832ddcc9a4c568f27a609e29ab376/os-quota-sets/0ad5a2620d354cb6bba7d6e23e8e25e5?usage=true
2026-04-17 01:24:35.976 6 INFO cinder.api.openstack.wsgi [None req-6e52e199-5b6b-4915-a35f-711069217396 a4085e2afb0f4c71bcbf58470b7c45d8 987832ddcc9a4c568f27a609e29ab376 - - default default] http://cinder-api.openstack.svc.cluster.local:8776/v3/987832ddcc9a4c568f27a609e29ab376/os-quota-sets/0ad5a2620d354cb6bba7d6e23e8e25e5?usage=true returned with HTTP 200 [pid: 6|app: 0|req: 139/277] 10.0.0.222 () {28 vars in 736 bytes} [Fri Apr 17 01:24:35 2026] GET /v3/987832ddcc9a4c568f27a609e29ab376/os-quota-sets/0ad5a2620d354cb6bba7d6e23e8e25e5?usage=true => generated 847 bytes in 24 msecs (HTTP/1.1 200) 7 headers in 285 bytes (1 switches on core 0)
2026-04-17 01:24:35.990 7 INFO cinder.api.openstack.wsgi [None req-e6ada56e-e437-4817-9836-6a4f1f714af8 a4085e2afb0f4c71bcbf58470b7c45d8 987832ddcc9a4c568f27a609e29ab376 - - default default] GET http://cinder-api.openstack.svc.cluster.local:8776/v3/987832ddcc9a4c568f27a609e29ab376/os-quota-sets/2d56d225533e4e6482cae2a8e8d012d2?usage=true
2026-04-17 01:24:36.084 7 INFO cinder.api.openstack.wsgi [None req-e6ada56e-e437-4817-9836-6a4f1f714af8 a4085e2afb0f4c71bcbf58470b7c45d8 987832ddcc9a4c568f27a609e29ab376 - - default default] http://cinder-api.openstack.svc.cluster.local:8776/v3/987832ddcc9a4c568f27a609e29ab376/os-quota-sets/2d56d225533e4e6482cae2a8e8d012d2?usage=true returned with HTTP 200 [pid: 7|app: 0|req: 139/278] 10.0.0.222 () {28 vars in 736 bytes} [Fri Apr 17 01:24:35 2026] GET /v3/987832ddcc9a4c568f27a609e29ab376/os-quota-sets/2d56d225533e4e6482cae2a8e8d012d2?usage=true => generated 847 bytes in 105 msecs (HTTP/1.1 200) 7 headers in 285 bytes (1 switches on core 0)
2026-04-17 01:24:36.118 6 INFO cinder.api.openstack.wsgi [None req-f12260c3-bba9-4614-8082-a813af52723a a4085e2afb0f4c71bcbf58470b7c45d8 987832ddcc9a4c568f27a609e29ab376 - - default default] GET http://cinder-api.openstack.svc.cluster.local:8776/v3/987832ddcc9a4c568f27a609e29ab376/os-quota-sets/987832ddcc9a4c568f27a609e29ab376?usage=true
2026-04-17 01:24:36.169 6 INFO cinder.api.openstack.wsgi [None req-f12260c3-bba9-4614-8082-a813af52723a a4085e2afb0f4c71bcbf58470b7c45d8 987832ddcc9a4c568f27a609e29ab376 - - default default] http://cinder-api.openstack.svc.cluster.local:8776/v3/987832ddcc9a4c568f27a609e29ab376/os-quota-sets/987832ddcc9a4c568f27a609e29ab376?usage=true returned with HTTP 200 [pid: 6|app: 0|req: 140/279] 10.0.0.222 () {28 vars in 736 bytes} [Fri Apr 17 01:24:36 2026] GET /v3/987832ddcc9a4c568f27a609e29ab376/os-quota-sets/987832ddcc9a4c568f27a609e29ab376?usage=true => generated 845 bytes in 79 msecs (HTTP/1.1 200) 7 headers in 285 bytes (1 switches on core 0)
2026-04-17 01:24:36.184 7 INFO cinder.api.openstack.wsgi [None req-cc50278a-b702-4e68-894a-1da20798c8e6 a4085e2afb0f4c71bcbf58470b7c45d8 987832ddcc9a4c568f27a609e29ab376 - - default default] GET http://cinder-api.openstack.svc.cluster.local:8776/v3/987832ddcc9a4c568f27a609e29ab376/os-quota-sets/a3de43090ee5477b84b965c22d071756?usage=true
2026-04-17 01:24:36.216 7 INFO cinder.api.openstack.wsgi [None req-cc50278a-b702-4e68-894a-1da20798c8e6 a4085e2afb0f4c71bcbf58470b7c45d8 987832ddcc9a4c568f27a609e29ab376 - - default default] http://cinder-api.openstack.svc.cluster.local:8776/v3/987832ddcc9a4c568f27a609e29ab376/os-quota-sets/a3de43090ee5477b84b965c22d071756?usage=true returned with HTTP 200 [pid: 7|app: 0|req: 140/280] 10.0.0.222 () {28 vars in 736 bytes} [Fri Apr 17 01:24:36 2026] GET /v3/987832ddcc9a4c568f27a609e29ab376/os-quota-sets/a3de43090ee5477b84b965c22d071756?usage=true => generated 845 bytes in 40 msecs (HTTP/1.1 200) 7 headers in 285 bytes (1 switches on core 0)
2026-04-17 01:24:36.230 6 INFO cinder.api.openstack.wsgi [None req-734c294b-8df1-4c07-be7b-92c49431fad5 a4085e2afb0f4c71bcbf58470b7c45d8 987832ddcc9a4c568f27a609e29ab376 - - default default] GET http://cinder-api.openstack.svc.cluster.local:8776/v3/987832ddcc9a4c568f27a609e29ab376/os-quota-sets/bfbe613c475146d790b8d6d836e3051c?usage=true
2026-04-17 01:24:36.271 6 INFO cinder.api.openstack.wsgi [None req-734c294b-8df1-4c07-be7b-92c49431fad5 a4085e2afb0f4c71bcbf58470b7c45d8 987832ddcc9a4c568f27a609e29ab376 - - default default] http://cinder-api.openstack.svc.cluster.local:8776/v3/987832ddcc9a4c568f27a609e29ab376/os-quota-sets/bfbe613c475146d790b8d6d836e3051c?usage=true returned with HTTP 200 [pid: 6|app: 0|req: 141/281] 10.0.0.222 () {28 vars in 736 bytes} [Fri Apr 17 01:24:36 2026] GET /v3/987832ddcc9a4c568f27a609e29ab376/os-quota-sets/bfbe613c475146d790b8d6d836e3051c?usage=true => generated 847 bytes in 51 msecs (HTTP/1.1 200) 7 headers in 285 bytes (1 switches on core 0)
2026-04-17 01:24:36.285 7 INFO cinder.api.openstack.wsgi [None req-a94e4c29-f286-44a9-84cc-ea6b6d142599 a4085e2afb0f4c71bcbf58470b7c45d8 987832ddcc9a4c568f27a609e29ab376 - - default default] GET http://cinder-api.openstack.svc.cluster.local:8776/v3/987832ddcc9a4c568f27a609e29ab376/os-quota-sets/d9b2f27dd0db4d86a0d7970f4ec7a4dd?usage=true
2026-04-17 01:24:36.317 7 INFO cinder.api.openstack.wsgi [None req-a94e4c29-f286-44a9-84cc-ea6b6d142599 a4085e2afb0f4c71bcbf58470b7c45d8 987832ddcc9a4c568f27a609e29ab376 - - default default] http://cinder-api.openstack.svc.cluster.local:8776/v3/987832ddcc9a4c568f27a609e29ab376/os-quota-sets/d9b2f27dd0db4d86a0d7970f4ec7a4dd?usage=true returned with HTTP 200 [pid: 7|app: 0|req: 141/282] 10.0.0.222 () {28 vars in 736 bytes} [Fri Apr 17 01:24:36 2026] GET /v3/987832ddcc9a4c568f27a609e29ab376/os-quota-sets/d9b2f27dd0db4d86a0d7970f4ec7a4dd?usage=true => generated 847 bytes in 39 msecs (HTTP/1.1 200) 7 headers in 285 bytes (1 switches on core 0)
2026-04-17 01:24:36.331 6 INFO cinder.api.openstack.wsgi [None req-af94c514-d4e0-4b10-8802-2e154c216959 a4085e2afb0f4c71bcbf58470b7c45d8 987832ddcc9a4c568f27a609e29ab376 - - default default] GET http://cinder-api.openstack.svc.cluster.local:8776/v3/987832ddcc9a4c568f27a609e29ab376/os-services
2026-04-17 01:24:36.337 6 INFO cinder.api.openstack.wsgi [None req-af94c514-d4e0-4b10-8802-2e154c216959 a4085e2afb0f4c71bcbf58470b7c45d8 987832ddcc9a4c568f27a609e29ab376 - - default default] http://cinder-api.openstack.svc.cluster.local:8776/v3/987832ddcc9a4c568f27a609e29ab376/os-services returned with HTTP 200 [pid: 6|app: 0|req: 142/283] 10.0.0.222 () {28 vars in 645 bytes} [Fri Apr 17 01:24:36 2026] GET /v3/987832ddcc9a4c568f27a609e29ab376/os-services => generated 646 bytes in 13 msecs (HTTP/1.1 200) 7 headers in 285 bytes (1 switches on core 0)
2026-04-17 01:24:36.350 7 INFO cinder.api.openstack.wsgi [None req-dba21d8a-536e-4d0a-9f87-3c3a55cd1a94 a4085e2afb0f4c71bcbf58470b7c45d8 987832ddcc9a4c568f27a609e29ab376 - - default default] GET http://cinder-api.openstack.svc.cluster.local:8776/v3/987832ddcc9a4c568f27a609e29ab376/scheduler-stats/get_pools?detail=true
2026-04-17 01:24:36.854 7 INFO cinder.api.openstack.wsgi [None req-dba21d8a-536e-4d0a-9f87-3c3a55cd1a94 a4085e2afb0f4c71bcbf58470b7c45d8 987832ddcc9a4c568f27a609e29ab376 - - default default] http://cinder-api.openstack.svc.cluster.local:8776/v3/987832ddcc9a4c568f27a609e29ab376/scheduler-stats/get_pools?detail=true returned with HTTP 200 [pid: 7|app: 0|req: 142/284] 10.0.0.222 () {28 vars in 696 bytes} [Fri Apr 17 01:24:36 2026] GET /v3/987832ddcc9a4c568f27a609e29ab376/scheduler-stats/get_pools?detail=true => generated 670 bytes in 513 msecs (HTTP/1.1 200) 7 headers in 285 bytes (1 switches on core 0)
2026-04-17 01:24:36.874 6 INFO cinder.api.openstack.wsgi [None req-529d8dcf-af82-456c-b867-d10b24af0275 a4085e2afb0f4c71bcbf58470b7c45d8 987832ddcc9a4c568f27a609e29ab376 - - default default] GET http://cinder-api.openstack.svc.cluster.local:8776/v3/987832ddcc9a4c568f27a609e29ab376/volumes/detail?all_tenants=true
2026-04-17 01:24:36.892 6 INFO cinder.volume.api [None req-529d8dcf-af82-456c-b867-d10b24af0275 a4085e2afb0f4c71bcbf58470b7c45d8 987832ddcc9a4c568f27a609e29ab376 - - default default] Get all volumes completed successfully. /var/lib/openstack/lib/python3.12/site-packages/oslo_context/context.py:101: DeprecationWarning: Policy enforcement is depending on the value of is_admin. This key is deprecated. Please update your policy file to use the standard policy values. warnings.warn(
2026-04-17 01:24:36.901 6 INFO cinder.api.openstack.wsgi [None req-529d8dcf-af82-456c-b867-d10b24af0275 a4085e2afb0f4c71bcbf58470b7c45d8 987832ddcc9a4c568f27a609e29ab376 - - default default] http://cinder-api.openstack.svc.cluster.local:8776/v3/987832ddcc9a4c568f27a609e29ab376/volumes/detail?all_tenants=true returned with HTTP 200 [pid: 6|app: 0|req: 143/285] 10.0.0.222 () {28 vars in 684 bytes} [Fri Apr 17 01:24:36 2026] GET /v3/987832ddcc9a4c568f27a609e29ab376/volumes/detail?all_tenants=true => generated 1807 bytes in 31 msecs (HTTP/1.1 200) 7 headers in 286 bytes (1 switches on core 0)
2026-04-17 01:24:37.225 7 INFO cinder.api.openstack.wsgi [None req-dba21d8a-536e-4d0a-9f87-3c3a55cd1a94 a4085e2afb0f4c71bcbf58470b7c45d8 987832ddcc9a4c568f27a609e29ab376 - - default default] GET http://10.0.0.95:8776/
2026-04-17 01:24:37.225 6 INFO cinder.api.openstack.wsgi [None req-529d8dcf-af82-456c-b867-d10b24af0275 a4085e2afb0f4c71bcbf58470b7c45d8 987832ddcc9a4c568f27a609e29ab376 - - default default] GET http://10.0.0.95:8776/
2026-04-17 01:24:37.226 6 INFO cinder.api.openstack.wsgi [None req-529d8dcf-af82-456c-b867-d10b24af0275 a4085e2afb0f4c71bcbf58470b7c45d8 987832ddcc9a4c568f27a609e29ab376 - - default default] http://10.0.0.95:8776/ returned with HTTP 300
2026-04-17 01:24:37.226 7 INFO cinder.api.openstack.wsgi [None req-dba21d8a-536e-4d0a-9f87-3c3a55cd1a94 a4085e2afb0f4c71bcbf58470b7c45d8 987832ddcc9a4c568f27a609e29ab376 - - default default] http://10.0.0.95:8776/ returned with HTTP 300 /var/lib/openstack/lib/python3.12/site-packages/pycadf/identifier.py:70: UserWarning: Invalid uuid: cinderv3. To ensure interoperability, identifiers should be a valid uuid. warnings.warn(('Invalid uuid: %s. To ensure interoperability, '
2026-04-17 01:24:41.578 6 INFO cinder.api.openstack.wsgi [req-5ea31556-604b-4df9-af47-1347a4c40b63 req-9ede2b5e-b269-4f3b-a61e-e4dfb8b0b8d7 61d36c6f6dbd422db2b42799eac43883 2d56d225533e4e6482cae2a8e8d012d2 - - default default] DELETE http://cinder-api.openstack.svc.cluster.local:8776/v3/2d56d225533e4e6482cae2a8e8d012d2/attachments/fc47965d-711d-48fb-bcf0-2c1d01ecb280 /var/lib/openstack/lib/python3.12/site-packages/oslo_context/context.py:101: DeprecationWarning: Policy enforcement is depending on the value of is_admin. This key is deprecated. Please update your policy file to use the standard policy values. warnings.warn(
2026-04-17 01:24:42.167 6 INFO cinder.api.openstack.wsgi [req-5ea31556-604b-4df9-af47-1347a4c40b63 req-9ede2b5e-b269-4f3b-a61e-e4dfb8b0b8d7 61d36c6f6dbd422db2b42799eac43883 2d56d225533e4e6482cae2a8e8d012d2 - - default default] http://cinder-api.openstack.svc.cluster.local:8776/v3/2d56d225533e4e6482cae2a8e8d012d2/attachments/fc47965d-711d-48fb-bcf0-2c1d01ecb280 returned with HTTP 200 [pid: 6|app: 0|req: 145/288] 199.204.45.157 () {38 vars in 1103 bytes} [Fri Apr 17 01:24:41 2026] DELETE /v3/2d56d225533e4e6482cae2a8e8d012d2/attachments/fc47965d-711d-48fb-bcf0-2c1d01ecb280 => generated 19 bytes in 598 msecs (HTTP/1.1 200) 7 headers in 285 bytes (1 switches on core 0)
2026-04-17 01:24:42.188 7 INFO cinder.api.openstack.wsgi [req-5ea31556-604b-4df9-af47-1347a4c40b63 req-ae36221d-45ca-4fc0-8ce0-bb328a40349c 61d36c6f6dbd422db2b42799eac43883 2d56d225533e4e6482cae2a8e8d012d2 - - default default] DELETE http://cinder-api.openstack.svc.cluster.local:8776/v3/2d56d225533e4e6482cae2a8e8d012d2/volumes/651170e4-26cc-4017-b4a8-dd61bca0191c
2026-04-17 01:24:42.188 7 INFO cinder.api.v3.volumes [req-5ea31556-604b-4df9-af47-1347a4c40b63 req-ae36221d-45ca-4fc0-8ce0-bb328a40349c 61d36c6f6dbd422db2b42799eac43883 2d56d225533e4e6482cae2a8e8d012d2 - - default default] Delete volume with id: 651170e4-26cc-4017-b4a8-dd61bca0191c /var/lib/openstack/lib/python3.12/site-packages/oslo_context/context.py:101: DeprecationWarning: Policy enforcement is depending on the value of is_admin. This key is deprecated. Please update your policy file to use the standard policy values. warnings.warn(
2026-04-17 01:24:42.196 7 INFO cinder.volume.api [req-5ea31556-604b-4df9-af47-1347a4c40b63 req-ae36221d-45ca-4fc0-8ce0-bb328a40349c 61d36c6f6dbd422db2b42799eac43883 2d56d225533e4e6482cae2a8e8d012d2 - - default default] Volume info retrieved successfully.
2026-04-17 01:24:42.220 7 INFO cinder.volume.api [req-5ea31556-604b-4df9-af47-1347a4c40b63 req-ae36221d-45ca-4fc0-8ce0-bb328a40349c 61d36c6f6dbd422db2b42799eac43883 2d56d225533e4e6482cae2a8e8d012d2 - - default default] Delete volume request issued successfully.
2026-04-17 01:24:42.221 7 INFO cinder.api.openstack.wsgi [req-5ea31556-604b-4df9-af47-1347a4c40b63 req-ae36221d-45ca-4fc0-8ce0-bb328a40349c 61d36c6f6dbd422db2b42799eac43883 2d56d225533e4e6482cae2a8e8d012d2 - - default default] http://cinder-api.openstack.svc.cluster.local:8776/v3/2d56d225533e4e6482cae2a8e8d012d2/volumes/651170e4-26cc-4017-b4a8-dd61bca0191c returned with HTTP 202 [pid: 7|app: 0|req: 144/289] 199.204.45.157 () {36 vars in 1054 bytes} [Fri Apr 17 01:24:42 2026] DELETE /v3/2d56d225533e4e6482cae2a8e8d012d2/volumes/651170e4-26cc-4017-b4a8-dd61bca0191c => generated 0 bytes in 38 msecs (HTTP/1.1 202) 6 headers in 233 bytes (1 switches on core 0)
2026-04-17 01:24:47.224 6 INFO cinder.api.openstack.wsgi [req-5ea31556-604b-4df9-af47-1347a4c40b63 req-9ede2b5e-b269-4f3b-a61e-e4dfb8b0b8d7 61d36c6f6dbd422db2b42799eac43883 2d56d225533e4e6482cae2a8e8d012d2 - - default default] GET http://10.0.0.95:8776/
2026-04-17 01:24:47.224 7 INFO cinder.api.openstack.wsgi [req-5ea31556-604b-4df9-af47-1347a4c40b63 req-ae36221d-45ca-4fc0-8ce0-bb328a40349c 61d36c6f6dbd422db2b42799eac43883 2d56d225533e4e6482cae2a8e8d012d2 - - default default] GET http://10.0.0.95:8776/
2026-04-17 01:24:47.225 6 INFO cinder.api.openstack.wsgi [req-5ea31556-604b-4df9-af47-1347a4c40b63 req-9ede2b5e-b269-4f3b-a61e-e4dfb8b0b8d7 61d36c6f6dbd422db2b42799eac43883 2d56d225533e4e6482cae2a8e8d012d2 - - default default] http://10.0.0.95:8776/ returned with HTTP 300
2026-04-17 01:24:47.225 7 INFO cinder.api.openstack.wsgi [req-5ea31556-604b-4df9-af47-1347a4c40b63 req-ae36221d-45ca-4fc0-8ce0-bb328a40349c 61d36c6f6dbd422db2b42799eac43883 2d56d225533e4e6482cae2a8e8d012d2 - - default default] http://10.0.0.95:8776/ returned with HTTP 300
2026-04-17 01:24:57.225 6 INFO cinder.api.openstack.wsgi [req-5ea31556-604b-4df9-af47-1347a4c40b63 req-9ede2b5e-b269-4f3b-a61e-e4dfb8b0b8d7 61d36c6f6dbd422db2b42799eac43883 2d56d225533e4e6482cae2a8e8d012d2 - - default default] GET http://10.0.0.95:8776/
2026-04-17 01:24:57.226 6 INFO cinder.api.openstack.wsgi [req-5ea31556-604b-4df9-af47-1347a4c40b63 req-9ede2b5e-b269-4f3b-a61e-e4dfb8b0b8d7 61d36c6f6dbd422db2b42799eac43883 2d56d225533e4e6482cae2a8e8d012d2 - - default default] http://10.0.0.95:8776/ returned with HTTP 300
2026-04-17 01:24:57.227 7 INFO cinder.api.openstack.wsgi [req-5ea31556-604b-4df9-af47-1347a4c40b63 req-ae36221d-45ca-4fc0-8ce0-bb328a40349c 61d36c6f6dbd422db2b42799eac43883 2d56d225533e4e6482cae2a8e8d012d2 - - default default] GET http://10.0.0.95:8776/
