May 20 04:55:37.815009 np0000175268 devstack@neutron-api.service[103018]: DEBUG neutron.services.provider_configuration [None req-bc7bd658-1acd-46ff-9ce3-bb9104c15872 None None] Service providers = [] {{(pid=103018) parse_service_provider_opt /opt/stack/neutron/neutron/services/provider_configuration.py:170}}
May 20 04:55:37.815124 np0000175268 devstack@neutron-api.service[103018]: DEBUG neutron.db.servicetype_db [None req-bc7bd658-1acd-46ff-9ce3-bb9104c15872 None None] Adding provider configuration for service L3_ROUTER_NAT {{(pid=103018) add_provider_configuration /opt/stack/neutron/neutron/db/servicetype_db.py:45}}
May 20 04:55:37.815155 np0000175268 devstack@neutron-api.service[103019]: DEBUG neutron.api.extensions [None req-81353f11-0f53-4992-a102-e15202ada5fb None None] Ext name="Neutron Extra Route" alias="extraroute" description="Extra routes configuration for L3 router" updated="2013-02-01T10:00:00-00:00" {{(pid=103019) _check_extension /opt/stack/neutron/neutron/api/extensions.py:415}}
May 20 04:55:37.815184 np0000175268 devstack@neutron-api.service[103017]: DEBUG neutron.manager [None req-c7e0db7d-1a95-4d13-8036-dc0e58d21e55 None None] Successfully loaded auto-allocated-topology plugin. Description: Auto Allocated Topology - aka get me a network. {{(pid=103017) _create_and_add_service_plugin /opt/stack/neutron/neutron/manager.py:239}}
May 20 04:55:37.815214 np0000175268 devstack@neutron-api.service[103017]: INFO neutron.manager [None req-c7e0db7d-1a95-4d13-8036-dc0e58d21e55 None None] Loading Plugin: tag
May 20 04:55:37.815290 np0000175268 devstack@neutron-api.service[103019]: INFO neutron.api.extensions [None req-81353f11-0f53-4992-a102-e15202ada5fb None None] Loaded extension: extraroute
May 20 04:55:37.815380 np0000175268 devstack@neutron-api.service[103019]: DEBUG neutron.api.extensions [None req-81353f11-0f53-4992-a102-e15202ada5fb None None] Loading extension file: extraroute_atomic.py {{(pid=103019) _load_all_extensions_from_path /opt/stack/neutron/neutron/api/extensions.py:449}}
May 20 04:55:37.815617 np0000175268 devstack@neutron-api.service[103019]: DEBUG neutron.api.extensions [None req-81353f11-0f53-4992-a102-e15202ada5fb None None] Ext name="Atomically add/remove extra routes" alias="extraroute-atomic" description="Edit extra routes of a router on server side by atomically adding/removing extra routes" updated="2019-07-10T00:00:00+00:00" {{(pid=103019) _check_extension /opt/stack/neutron/neutron/api/extensions.py:415}}
May 20 04:55:37.815800 np0000175268 devstack@neutron-api.service[103019]: INFO neutron.api.extensions [None req-81353f11-0f53-4992-a102-e15202ada5fb None None] Loaded extension: extraroute-atomic
May 20 04:55:37.815890 np0000175268 devstack@neutron-api.service[103019]: DEBUG neutron.api.extensions [None req-81353f11-0f53-4992-a102-e15202ada5fb None None] Loading extension file: filter_validation.py {{(pid=103019) _load_all_extensions_from_path /opt/stack/neutron/neutron/api/extensions.py:449}}
May 20 04:55:37.816132 np0000175268 devstack@neutron-api.service[103019]: DEBUG neutron.api.extensions [None req-81353f11-0f53-4992-a102-e15202ada5fb None None] Ext name="Filter parameters validation" alias="filter-validation" description="Provides validation on filter parameters." updated="2018-07-04T10:00:00-00:00" {{(pid=103019) _check_extension /opt/stack/neutron/neutron/api/extensions.py:415}}
May 20 04:55:37.816297 np0000175268 devstack@neutron-api.service[103019]: INFO neutron.api.extensions [None req-81353f11-0f53-4992-a102-e15202ada5fb None None] Loaded extension: filter-validation
May 20 04:55:37.816388 np0000175268 devstack@neutron-api.service[103019]: DEBUG neutron.api.extensions [None req-81353f11-0f53-4992-a102-e15202ada5fb None None] Loading extension file: fip_pf_description.py {{(pid=103019) _load_all_extensions_from_path /opt/stack/neutron/neutron/api/extensions.py:449}}
May 20 04:55:37.816610 np0000175268 devstack@neutron-api.service[103019]: DEBUG neutron.api.extensions [None req-81353f11-0f53-4992-a102-e15202ada5fb None None] Ext name="Floating IP Port Forwarding new attribute description" alias="floating-ip-port-forwarding-description" description="Add a description field to Port Forwarding rules" updated="2019-11-01T10:00:00-00:00" {{(pid=103019) _check_extension /opt/stack/neutron/neutron/api/extensions.py:415}}
May 20 04:55:37.816731 np0000175268 devstack@neutron-api.service[103018]: DEBUG neutron_lib.callbacks.manager [None req-bc7bd658-1acd-46ff-9ce3-bb9104c15872 None None] Subscribe: > router precommit_create 55549900, False {{(pid=103018) subscribe /opt/stack/data/venv/lib/python3.12/site-packages/neutron_lib/callbacks/manager.py:52}}
May 20 04:55:37.816791 np0000175268 devstack@neutron-api.service[103019]: INFO neutron.api.extensions [None req-81353f11-0f53-4992-a102-e15202ada5fb None None] Extension floating-ip-port-forwarding-description not supported by any of loaded plugins
May 20 04:55:37.816854 np0000175268 devstack@neutron-api.service[103018]: DEBUG neutron_lib.callbacks.manager [None req-bc7bd658-1acd-46ff-9ce3-bb9104c15872 None None] Subscribe: > router_interface after_create 55550000, False {{(pid=103018) subscribe /opt/stack/data/venv/lib/python3.12/site-packages/neutron_lib/callbacks/manager.py:52}}
May 20 04:55:37.816899 np0000175268 devstack@neutron-api.service[103019]: DEBUG neutron.api.extensions [None req-81353f11-0f53-4992-a102-e15202ada5fb None None] Loading extension file: fip_pf_detail.py {{(pid=103019) _load_all_extensions_from_path /opt/stack/neutron/neutron/api/extensions.py:449}}
May 20 04:55:37.816968 np0000175268 devstack@neutron-api.service[103018]: DEBUG neutron_lib.callbacks.manager [None req-bc7bd658-1acd-46ff-9ce3-bb9104c15872 None None] Subscribe: > floatingip after_create 55550000, False {{(pid=103018) subscribe /opt/stack/data/venv/lib/python3.12/site-packages/neutron_lib/callbacks/manager.py:52}}
May 20 04:55:37.817077 np0000175268 devstack@neutron-api.service[103018]: DEBUG neutron_lib.callbacks.manager [None req-bc7bd658-1acd-46ff-9ce3-bb9104c15872 None None] Subscribe: > floatingip precommit_create 55550000, False {{(pid=103018) subscribe /opt/stack/data/venv/lib/python3.12/site-packages/neutron_lib/callbacks/manager.py:52}}
May 20 04:55:37.817109 np0000175268 devstack@neutron-api.service[103019]: DEBUG neutron.api.extensions [None req-81353f11-0f53-4992-a102-e15202ada5fb None None] Ext name="Floating IP port forwarding detail" alias="floating-ip-port-forwarding-detail" description="Allow list floating ip return more port forwarding data, include'id' and 'internal_port_id'" updated="2022-05-06T10:00:00-00:00" {{(pid=103019) _check_extension /opt/stack/neutron/neutron/api/extensions.py:415}}
May 20 04:55:37.817191 np0000175268 devstack@neutron-api.service[103018]: DEBUG neutron_lib.callbacks.manager [None req-bc7bd658-1acd-46ff-9ce3-bb9104c15872 None None] Subscribe: > floatingip precommit_update 55550000, False {{(pid=103018) subscribe /opt/stack/data/venv/lib/python3.12/site-packages/neutron_lib/callbacks/manager.py:52}}
May 20 04:55:37.817300 np0000175268 devstack@neutron-api.service[103018]: DEBUG neutron_lib.callbacks.manager [None req-bc7bd658-1acd-46ff-9ce3-bb9104c15872 None None] Subscribe: > floatingip after_delete 55550000, False {{(pid=103018) subscribe /opt/stack/data/venv/lib/python3.12/site-packages/neutron_lib/callbacks/manager.py:52}}
May 20 04:55:37.817365 np0000175268 devstack@neutron-api.service[103019]: INFO neutron.api.extensions [None req-81353f11-0f53-4992-a102-e15202ada5fb None None] Loaded extension: floating-ip-port-forwarding-detail
May 20 04:55:37.817397 np0000175268 devstack@neutron-api.service[103018]: DEBUG neutron_lib.callbacks.manager [None req-bc7bd658-1acd-46ff-9ce3-bb9104c15872 None None] Subscribe: > floatingip after_status_update 55550000, False {{(pid=103018) subscribe /opt/stack/data/venv/lib/python3.12/site-packages/neutron_lib/callbacks/manager.py:52}}
May 20 04:55:37.817517 np0000175268 devstack@neutron-api.service[103018]: DEBUG neutron_lib.callbacks.manager [None req-bc7bd658-1acd-46ff-9ce3-bb9104c15872 None None] Subscribe: > floatingip after_update 55550000, False {{(pid=103018) subscribe /opt/stack/data/venv/lib/python3.12/site-packages/neutron_lib/callbacks/manager.py:52}}
May 20 04:55:37.817550 np0000175268 devstack@neutron-api.service[103019]: DEBUG neutron.api.extensions [None req-81353f11-0f53-4992-a102-e15202ada5fb None None] Loading extension file: fip_pf_port_range.py {{(pid=103019) _load_all_extensions_from_path /opt/stack/neutron/neutron/api/extensions.py:449}}
May 20 04:55:37.817624 np0000175268 devstack@neutron-api.service[103018]: DEBUG neutron_lib.callbacks.manager [None req-bc7bd658-1acd-46ff-9ce3-bb9104c15872 None None] Subscribe: > port_forwarding after_create 55550000, False {{(pid=103018) subscribe /opt/stack/data/venv/lib/python3.12/site-packages/neutron_lib/callbacks/manager.py:52}}
May 20 04:55:37.817808 np0000175268 devstack@neutron-api.service[103019]: DEBUG neutron.api.extensions [None req-81353f11-0f53-4992-a102-e15202ada5fb None None] Ext name="Floating IP Port Forwarding support port ranges" alias="floating-ip-port-forwarding-port-ranges" description="Add support to port ranges" updated="2020-07-01T10:00:00-00:00" {{(pid=103019) _check_extension /opt/stack/neutron/neutron/api/extensions.py:415}}
May 20 04:55:37.817840 np0000175268 devstack@neutron-api.service[103018]: DEBUG neutron_lib.callbacks.manager [None req-bc7bd658-1acd-46ff-9ce3-bb9104c15872 None None] Subscribe: > router_interface after_delete 55550000, False {{(pid=103018) subscribe /opt/stack/data/venv/lib/python3.12/site-packages/neutron_lib/callbacks/manager.py:52}}
May 20 04:55:37.817913 np0000175268 devstack@neutron-api.service[103018]: DEBUG neutron_lib.callbacks.manager [None req-bc7bd658-1acd-46ff-9ce3-bb9104c15872 None None] Subscribe: > router after_create 55550000, False {{(pid=103018) subscribe /opt/stack/data/venv/lib/python3.12/site-packages/neutron_lib/callbacks/manager.py:52}}
May 20 04:55:37.817974 np0000175268 devstack@neutron-api.service[103019]: INFO neutron.api.extensions [None req-81353f11-0f53-4992-a102-e15202ada5fb None None] Extension floating-ip-port-forwarding-port-ranges not supported by any of loaded plugins
May 20 04:55:37.818020 np0000175268 devstack@neutron-api.service[103018]: DEBUG neutron_lib.callbacks.manager [None req-bc7bd658-1acd-46ff-9ce3-bb9104c15872 None None] Subscribe: > router precommit_create 55550000, False {{(pid=103018) subscribe /opt/stack/data/venv/lib/python3.12/site-packages/neutron_lib/callbacks/manager.py:52}}
May 20 04:55:37.818049 np0000175268 devstack@neutron-api.service[103017]: DEBUG neutron.manager [None req-c7e0db7d-1a95-4d13-8036-dc0e58d21e55 None None] Successfully loaded TAG plugin. Description: Tag support {{(pid=103017) _create_and_add_service_plugin /opt/stack/neutron/neutron/manager.py:239}}
May 20 04:55:37.818075 np0000175268 devstack@neutron-api.service[103019]: DEBUG neutron.api.extensions [None req-81353f11-0f53-4992-a102-e15202ada5fb None None] Loading extension file: fip_port_details.py {{(pid=103019) _load_all_extensions_from_path /opt/stack/neutron/neutron/api/extensions.py:449}}
May 20 04:55:37.818124 np0000175268 devstack@neutron-api.service[103017]: INFO neutron.manager [None req-c7e0db7d-1a95-4d13-8036-dc0e58d21e55 None None] Loading Plugin: timestamp
May 20 04:55:37.818151 np0000175268 devstack@neutron-api.service[103018]: DEBUG neutron_lib.callbacks.manager [None req-bc7bd658-1acd-46ff-9ce3-bb9104c15872 None None] Subscribe: > router after_delete 55550000, False {{(pid=103018) subscribe /opt/stack/data/venv/lib/python3.12/site-packages/neutron_lib/callbacks/manager.py:52}}
May 20 04:55:37.818361 np0000175268 devstack@neutron-api.service[103018]: DEBUG neutron_lib.callbacks.manager [None req-bc7bd658-1acd-46ff-9ce3-bb9104c15872 None None] Subscribe: > router after_update 55550000, False {{(pid=103018) subscribe /opt/stack/data/venv/lib/python3.12/site-packages/neutron_lib/callbacks/manager.py:52}}
May 20 04:55:37.818405 np0000175268 devstack@neutron-api.service[103019]: DEBUG neutron.api.extensions [None req-81353f11-0f53-4992-a102-e15202ada5fb None None] Ext name="Floating IP Port Details Extension" alias="fip-port-details" description="Add port_details attribute to Floating IP resource" updated="2018-04-09T10:00:00-00:00" {{(pid=103019) _check_extension /opt/stack/neutron/neutron/api/extensions.py:415}}
May 20 04:55:37.818451 np0000175268 devstack@neutron-api.service[103018]: DEBUG neutron.services.service_base [None req-bc7bd658-1acd-46ff-9ce3-bb9104c15872 None None] Loaded 'neutron.services.ovn_l3.service_providers.ovn.OvnDriver' provider for service L3_ROUTER_NAT {{(pid=103018) load_drivers /opt/stack/neutron/neutron/services/service_base.py:49}}
May 20 04:55:37.818481 np0000175268 devstack@neutron-api.service[103019]: INFO neutron.api.extensions [None req-81353f11-0f53-4992-a102-e15202ada5fb None None] Loaded extension: fip-port-details
May 20 04:55:37.818504 np0000175268 devstack@neutron-api.service[103018]: DEBUG neutron_lib.callbacks.manager [None req-bc7bd658-1acd-46ff-9ce3-bb9104c15872 None None] Subscribe: > process after_init 55550001, True {{(pid=103018) subscribe /opt/stack/data/venv/lib/python3.12/site-packages/neutron_lib/callbacks/manager.py:52}}
May 20 04:55:37.818533 np0000175268 devstack@neutron-api.service[103019]: DEBUG neutron.api.extensions [None req-81353f11-0f53-4992-a102-e15202ada5fb None None] Loading extension file: flavors.py {{(pid=103019) _load_all_extensions_from_path /opt/stack/neutron/neutron/api/extensions.py:449}}
May 20 04:55:37.818642 np0000175268 devstack@neutron-api.service[103018]: DEBUG neutron.manager [None req-bc7bd658-1acd-46ff-9ce3-bb9104c15872 None None] Successfully loaded L3_ROUTER_NAT plugin. Description: L3 Router Service Plugin for basic L3 forwarding using OVN {{(pid=103018) _create_and_add_service_plugin /opt/stack/neutron/neutron/manager.py:239}}
May 20 04:55:37.818749 np0000175268 devstack@neutron-api.service[103018]: INFO neutron.manager [None req-bc7bd658-1acd-46ff-9ce3-bb9104c15872 None None] Loading Plugin: auto_allocate
May 20 04:55:37.818797 np0000175268 devstack@neutron-api.service[103019]: DEBUG neutron.api.extensions [None req-81353f11-0f53-4992-a102-e15202ada5fb None None] Ext name="Neutron Service Flavors" alias="flavors" description="Flavor specification for Neutron advanced services." updated="2015-09-17T10:00:00-00:00" {{(pid=103019) _check_extension /opt/stack/neutron/neutron/api/extensions.py:415}}
May 20 04:55:37.818965 np0000175268 devstack@neutron-api.service[103019]: INFO neutron.api.extensions [None req-81353f11-0f53-4992-a102-e15202ada5fb None None] Loaded extension: flavors
May 20 04:55:37.819055 np0000175268 devstack@neutron-api.service[103019]: DEBUG neutron.api.extensions [None req-81353f11-0f53-4992-a102-e15202ada5fb None None] Loading extension file: floating_ip_port_forwarding.py {{(pid=103019) _load_all_extensions_from_path /opt/stack/neutron/neutron/api/extensions.py:449}}
May 20 04:55:37.819343 np0000175268 devstack@neutron-api.service[103017]: DEBUG neutron.manager [None req-c7e0db7d-1a95-4d13-8036-dc0e58d21e55 None None] Successfully loaded timestamp plugin. Description: Adds timestamps to Neutron resources with standard attributes {{(pid=103017) _create_and_add_service_plugin /opt/stack/neutron/neutron/manager.py:239}}
May 20 04:55:37.819400 np0000175268 devstack@neutron-api.service[103019]: DEBUG neutron.api.extensions [None req-81353f11-0f53-4992-a102-e15202ada5fb None None] Ext name="Floating IP Port Forwarding" alias="floating-ip-port-forwarding" description="Allow port forwarding from floating IP port to an internal port" updated="2018-01-19T10:00:00-00:00" {{(pid=103019) _check_extension /opt/stack/neutron/neutron/api/extensions.py:415}}
May 20 04:55:37.819456 np0000175268 devstack@neutron-api.service[103017]: INFO neutron.manager [None req-c7e0db7d-1a95-4d13-8036-dc0e58d21e55 None None] Loading Plugin: network_ip_availability
May 20 04:55:37.819533 np0000175268 devstack@neutron-api.service[103019]: INFO neutron.api.extensions [None req-81353f11-0f53-4992-a102-e15202ada5fb None None] Extension floating-ip-port-forwarding not supported by any of loaded plugins
May 20 04:55:37.819626 np0000175268 devstack@neutron-api.service[103019]: DEBUG neutron.api.extensions [None req-81353f11-0f53-4992-a102-e15202ada5fb None None] Loading extension file: floatingip_pools.py {{(pid=103019) _load_all_extensions_from_path /opt/stack/neutron/neutron/api/extensions.py:449}}
May 20 04:55:37.819678 np0000175268 devstack@neutron-api.service[103018]: DEBUG neutron_lib.callbacks.manager [None req-bc7bd658-1acd-46ff-9ce3-bb9104c15872 None None] Subscribe: network precommit_update 55550000, False {{(pid=103018) subscribe /opt/stack/data/venv/lib/python3.12/site-packages/neutron_lib/callbacks/manager.py:52}}
May 20 04:55:37.819804 np0000175268 devstack@neutron-api.service[103018]: DEBUG neutron_lib.callbacks.manager [None req-bc7bd658-1acd-46ff-9ce3-bb9104c15872 None None] Subscribe: network precommit_create 55550000, False {{(pid=103018) subscribe /opt/stack/data/venv/lib/python3.12/site-packages/neutron_lib/callbacks/manager.py:52}}
May 20 04:55:37.819909 np0000175268 devstack@neutron-api.service[103019]: DEBUG neutron.api.extensions [None req-81353f11-0f53-4992-a102-e15202ada5fb None None] Ext name="Floating IP Pools Extension" alias="floatingip-pools" description="Provides a floating IP pools API." updated="2018-03-21T10:00:00-00:00" {{(pid=103019) _check_extension /opt/stack/neutron/neutron/api/extensions.py:415}}
May 20 04:55:37.820077 np0000175268 devstack@neutron-api.service[103018]: DEBUG neutron.manager [None req-bc7bd658-1acd-46ff-9ce3-bb9104c15872 None None] Successfully loaded auto-allocated-topology plugin. Description: Auto Allocated Topology - aka get me a network. {{(pid=103018) _create_and_add_service_plugin /opt/stack/neutron/neutron/manager.py:239}}
May 20 04:55:37.820121 np0000175268 devstack@neutron-api.service[103019]: INFO neutron.api.extensions [None req-81353f11-0f53-4992-a102-e15202ada5fb None None] Loaded extension: floatingip-pools
May 20 04:55:37.820165 np0000175268 devstack@neutron-api.service[103019]: DEBUG neutron.api.extensions [None req-81353f11-0f53-4992-a102-e15202ada5fb None None] Loading extension file: ip_allocation.py {{(pid=103019) _load_all_extensions_from_path /opt/stack/neutron/neutron/api/extensions.py:449}}
May 20 04:55:37.820199 np0000175268 devstack@neutron-api.service[103018]: INFO neutron.manager [None req-bc7bd658-1acd-46ff-9ce3-bb9104c15872 None None] Loading Plugin: tag
May 20 04:55:37.820474 np0000175268 devstack@neutron-api.service[103019]: DEBUG neutron.api.extensions [None req-81353f11-0f53-4992-a102-e15202ada5fb None None] Ext name="IP Allocation" alias="ip_allocation" description="IP allocation extension." updated="2016-06-10T23:00:00-00:00" {{(pid=103019) _check_extension /opt/stack/neutron/neutron/api/extensions.py:415}}
May 20 04:55:37.820702 np0000175268 devstack@neutron-api.service[103019]: INFO neutron.api.extensions [None req-81353f11-0f53-4992-a102-e15202ada5fb None None] Extension ip_allocation not supported by any of loaded plugins
May 20 04:55:37.820816 np0000175268 devstack@neutron-api.service[103019]: DEBUG neutron.api.extensions [None req-81353f11-0f53-4992-a102-e15202ada5fb None None] Loading extension file: ip_substring_port_filtering.py {{(pid=103019) _load_all_extensions_from_path /opt/stack/neutron/neutron/api/extensions.py:449}}
May 20 04:55:37.821219 np0000175268 devstack@neutron-api.service[103017]: DEBUG neutron.manager [None req-c7e0db7d-1a95-4d13-8036-dc0e58d21e55 None None] Successfully loaded network-ip-availability plugin. Description: Provides IP availability data for each network and subnet. {{(pid=103017) _create_and_add_service_plugin /opt/stack/neutron/neutron/manager.py:239}}
May 20 04:55:37.821219 np0000175268 devstack@neutron-api.service[103017]: INFO neutron.manager [None req-c7e0db7d-1a95-4d13-8036-dc0e58d21e55 None None] Loading Plugin: flavors
May 20 04:55:37.821308 np0000175268 devstack@neutron-api.service[103019]: DEBUG neutron.api.extensions [None req-81353f11-0f53-4992-a102-e15202ada5fb None None] Ext name="IP address substring filtering" alias="ip-substring-filtering" description="Provides IP address substring filtering when listing ports" updated="2017-11-28T09:00:00-00:00" {{(pid=103019) _check_extension /opt/stack/neutron/neutron/api/extensions.py:415}}
May 20 04:55:37.821308 np0000175268 devstack@neutron-api.service[103019]: INFO neutron.api.extensions [None req-81353f11-0f53-4992-a102-e15202ada5fb None None] Extension ip-substring-filtering not supported by any of loaded plugins
May 20 04:55:37.821308 np0000175268 devstack@neutron-api.service[103019]: DEBUG neutron.api.extensions [None req-81353f11-0f53-4992-a102-e15202ada5fb None None] Loading extension file: l2_adjacency.py {{(pid=103019) _load_all_extensions_from_path /opt/stack/neutron/neutron/api/extensions.py:449}}
May 20 04:55:37.821533 np0000175268 devstack@neutron-api.service[103019]: DEBUG neutron.api.extensions [None req-81353f11-0f53-4992-a102-e15202ada5fb None None] Ext name="L2 Adjacency" alias="l2_adjacency" description="Display L2 Adjacency for Neutron Networks." updated="2016-04-12T16:00:00-00:00" {{(pid=103019) _check_extension /opt/stack/neutron/neutron/api/extensions.py:415}}
May 20 04:55:37.821788 np0000175268 devstack@neutron-api.service[103019]: INFO neutron.api.extensions [None req-81353f11-0f53-4992-a102-e15202ada5fb None None] Extension l2_adjacency not supported by any of loaded plugins
May 20 04:55:37.821879 np0000175268 devstack@neutron-api.service[103019]: DEBUG neutron.api.extensions [None req-81353f11-0f53-4992-a102-e15202ada5fb None None] Loading extension file: l3.py {{(pid=103019) _load_all_extensions_from_path /opt/stack/neutron/neutron/api/extensions.py:449}}
May 20 04:55:37.821980 np0000175268 devstack@neutron-api.service[103016]: DEBUG ovsdbapp.backend.ovs_idl [None req-8d5755d4-d224-4afe-9ef5-451f387602dd None None] Created lookup_table index Logical_Switch.name {{(pid=103016) autocreate_indices /opt/stack/data/venv/lib/python3.12/site-packages/ovsdbapp/backend/ovs_idl/__init__.py:87}}
May 20 04:55:37.822058 np0000175268 devstack@neutron-api.service[103017]: DEBUG neutron.manager [None req-c7e0db7d-1a95-4d13-8036-dc0e58d21e55 None None] Successfully loaded FLAVORS plugin. Description: Neutron Flavors and Service Profiles manager plugin {{(pid=103017) _create_and_add_service_plugin /opt/stack/neutron/neutron/manager.py:239}}
May 20 04:55:37.822090 np0000175268 devstack@neutron-api.service[103017]: INFO neutron.manager [None req-c7e0db7d-1a95-4d13-8036-dc0e58d21e55 None None] Loading Plugin: revisions
May 20 04:55:37.822172 np0000175268 devstack@neutron-api.service[103016]: DEBUG ovsdbapp.backend.ovs_idl [None req-8d5755d4-d224-4afe-9ef5-451f387602dd None None] Created lookup_table index Logical_Router.name {{(pid=103016) autocreate_indices /opt/stack/data/venv/lib/python3.12/site-packages/ovsdbapp/backend/ovs_idl/__init__.py:87}}
May 20 04:55:37.822220 np0000175268 devstack@neutron-api.service[103016]: DEBUG ovsdbapp.backend.ovs_idl [None req-8d5755d4-d224-4afe-9ef5-451f387602dd None None] Created lookup_table index Load_Balancer.name {{(pid=103016) autocreate_indices /opt/stack/data/venv/lib/python3.12/site-packages/ovsdbapp/backend/ovs_idl/__init__.py:87}}
May 20 04:55:37.822301 np0000175268 devstack@neutron-api.service[103016]: DEBUG ovsdbapp.backend.ovs_idl [None req-8d5755d4-d224-4afe-9ef5-451f387602dd None None] Created schema index Copp.name {{(pid=103016) autocreate_indices /opt/stack/data/venv/lib/python3.12/site-packages/ovsdbapp/backend/ovs_idl/__init__.py:106}}
May 20 04:55:37.822362 np0000175268 devstack@neutron-api.service[103019]: DEBUG neutron.api.extensions [None req-81353f11-0f53-4992-a102-e15202ada5fb None None] Ext name="Neutron L3 Router" alias="router" description="Router abstraction for basic L3 forwarding between L2 Neutron networks and access to external networks via a NAT gateway." updated="2012-07-20T10:00:00-00:00" {{(pid=103019) _check_extension /opt/stack/neutron/neutron/api/extensions.py:415}}
May 20 04:55:37.822394 np0000175268 devstack@neutron-api.service[103016]: DEBUG ovsdbapp.backend.ovs_idl [None req-8d5755d4-d224-4afe-9ef5-451f387602dd None None] Created schema index Meter.name {{(pid=103016) autocreate_indices /opt/stack/data/venv/lib/python3.12/site-packages/ovsdbapp/backend/ovs_idl/__init__.py:106}}
May 20 04:55:37.822480 np0000175268 devstack@neutron-api.service[103019]: INFO neutron.api.extensions [None req-81353f11-0f53-4992-a102-e15202ada5fb None None] Loaded extension: router
May 20 04:55:37.822514 np0000175268 devstack@neutron-api.service[103016]: DEBUG ovsdbapp.backend.ovs_idl [None req-8d5755d4-d224-4afe-9ef5-451f387602dd None None] Created schema index Load_Balancer_Group.name {{(pid=103016) autocreate_indices /opt/stack/data/venv/lib/python3.12/site-packages/ovsdbapp/backend/ovs_idl/__init__.py:106}}
May 20 04:55:37.822569 np0000175268 devstack@neutron-api.service[103016]: DEBUG ovsdbapp.backend.ovs_idl [None req-8d5755d4-d224-4afe-9ef5-451f387602dd None None] Created schema index HA_Chassis_Group.name {{(pid=103016) autocreate_indices /opt/stack/data/venv/lib/python3.12/site-packages/ovsdbapp/backend/ovs_idl/__init__.py:106}}
May 20 04:55:37.822599 np0000175268 devstack@neutron-api.service[103019]: DEBUG neutron.api.extensions [None req-81353f11-0f53-4992-a102-e15202ada5fb None None] Loading extension file: l3_conntrack_helper.py {{(pid=103019) _load_all_extensions_from_path /opt/stack/neutron/neutron/api/extensions.py:449}}
May 20 04:55:37.822679 np0000175268 devstack@neutron-api.service[103016]: DEBUG ovsdbapp.backend.ovs_idl [None req-8d5755d4-d224-4afe-9ef5-451f387602dd None None] Created schema index Address_Set.name {{(pid=103016) autocreate_indices /opt/stack/data/venv/lib/python3.12/site-packages/ovsdbapp/backend/ovs_idl/__init__.py:106}}
May 20 04:55:37.822775 np0000175268 devstack@neutron-api.service[103016]: DEBUG ovsdbapp.backend.ovs_idl [None req-8d5755d4-d224-4afe-9ef5-451f387602dd None None] Created schema index Connection.target {{(pid=103016) autocreate_indices /opt/stack/data/venv/lib/python3.12/site-packages/ovsdbapp/backend/ovs_idl/__init__.py:106}}
May 20 04:55:37.822864 np0000175268 devstack@neutron-api.service[103016]: DEBUG ovsdbapp.backend.ovs_idl [None req-8d5755d4-d224-4afe-9ef5-451f387602dd None None] Created schema index Gateway_Chassis.name {{(pid=103016) autocreate_indices /opt/stack/data/venv/lib/python3.12/site-packages/ovsdbapp/backend/ovs_idl/__init__.py:106}}
May 20 04:55:37.822952 np0000175268 devstack@neutron-api.service[103016]: DEBUG ovsdbapp.backend.ovs_idl [None req-8d5755d4-d224-4afe-9ef5-451f387602dd None None] Created schema index Mirror.name {{(pid=103016) autocreate_indices /opt/stack/data/venv/lib/python3.12/site-packages/ovsdbapp/backend/ovs_idl/__init__.py:106}}
May 20 04:55:37.823044 np0000175268 devstack@neutron-api.service[103016]: DEBUG ovsdbapp.backend.ovs_idl [None req-8d5755d4-d224-4afe-9ef5-451f387602dd None None] Created schema index Chassis_Template_Var.chassis {{(pid=103016) autocreate_indices /opt/stack/data/venv/lib/python3.12/site-packages/ovsdbapp/backend/ovs_idl/__init__.py:106}}
May 20 04:55:37.823091 np0000175268 devstack@neutron-api.service[103017]: DEBUG neutron.manager [None req-c7e0db7d-1a95-4d13-8036-dc0e58d21e55 None None] Successfully loaded revision_plugin plugin. Description: Adds revision numbers to resources. {{(pid=103017) _create_and_add_service_plugin /opt/stack/neutron/neutron/manager.py:239}}
May 20 04:55:37.823121 np0000175268 devstack@neutron-api.service[103016]: DEBUG ovsdbapp.backend.ovs_idl [None req-8d5755d4-d224-4afe-9ef5-451f387602dd None None] Created schema index Logical_Router_Port.name {{(pid=103016) autocreate_indices /opt/stack/data/venv/lib/python3.12/site-packages/ovsdbapp/backend/ovs_idl/__init__.py:106}}
May 20 04:55:37.823205 np0000175268 devstack@neutron-api.service[103019]: DEBUG neutron.api.extensions [None req-81353f11-0f53-4992-a102-e15202ada5fb None None] Ext name="L3 Conntrack helper" alias="l3-conntrack-helper" description="Allow adding CT target rules for conntrack helper" updated="2019-04-04T10:00:00-00:00" {{(pid=103019) _check_extension /opt/stack/neutron/neutron/api/extensions.py:415}}
May 20 04:55:37.823236 np0000175268 devstack@neutron-api.service[103016]: DEBUG ovsdbapp.backend.ovs_idl [None req-8d5755d4-d224-4afe-9ef5-451f387602dd None None] Created schema index Port_Group.name {{(pid=103016) autocreate_indices /opt/stack/data/venv/lib/python3.12/site-packages/ovsdbapp/backend/ovs_idl/__init__.py:106}}
May 20 04:55:37.823275 np0000175268 devstack@neutron-api.service[103017]: DEBUG oslo_concurrency.lockutils [None req-c7e0db7d-1a95-4d13-8036-dc0e58d21e55 None None] Lock "manager" "released" by "neutron.manager.NeutronManager._create_instance" :: held 4.722s {{(pid=103017) inner /opt/stack/data/venv/lib/python3.12/site-packages/oslo_concurrency/lockutils.py:543}}
May 20 04:55:37.823302 np0000175268 devstack@neutron-api.service[103016]: DEBUG ovsdbapp.backend.ovs_idl [None req-8d5755d4-d224-4afe-9ef5-451f387602dd None None] Created schema index Logical_Switch_Port.name {{(pid=103016) autocreate_indices /opt/stack/data/venv/lib/python3.12/site-packages/ovsdbapp/backend/ovs_idl/__init__.py:106}}
May 20 04:55:37.823384 np0000175268 devstack@neutron-api.service[103019]: INFO neutron.api.extensions [None req-81353f11-0f53-4992-a102-e15202ada5fb None None] Extension l3-conntrack-helper not supported by any of loaded plugins
May 20 04:55:37.823437 np0000175268 devstack@neutron-api.service[103017]: DEBUG neutron.api.extensions [None req-c7e0db7d-1a95-4d13-8036-dc0e58d21e55 None None] get_extension_paths = OrderedDict({'/opt/stack/neutron/neutron/extensions': 1}) {{(pid=103017) get_extensions_path /opt/stack/neutron/neutron/api/extensions.py:640}}
May 20 04:55:37.823469 np0000175268 devstack@neutron-api.service[103019]: DEBUG neutron.api.extensions [None req-81353f11-0f53-4992-a102-e15202ada5fb None None] Loading extension file: l3_enable_default_route_bfd.py {{(pid=103019) _load_all_extensions_from_path /opt/stack/neutron/neutron/api/extensions.py:449}}
May 20 04:55:37.823544 np0000175268 devstack@neutron-api.service[103017]: INFO neutron.api.extensions [None req-c7e0db7d-1a95-4d13-8036-dc0e58d21e55 None None] Initializing extension manager.
May 20 04:55:37.823746 np0000175268 devstack@neutron-api.service[103019]: DEBUG neutron.api.extensions [None req-81353f11-0f53-4992-a102-e15202ada5fb None None] Ext name="Enable Default Route BFD" alias="enable-default-route-bfd" description="Enables configurable BFD behavior for default routes" updated="2023-02-27T00:00:00-00:00" {{(pid=103019) _check_extension /opt/stack/neutron/neutron/api/extensions.py:415}}
May 20 04:55:37.823857 np0000175268 devstack@neutron-api.service[103017]: DEBUG neutron.api.extensions [None req-c7e0db7d-1a95-4d13-8036-dc0e58d21e55 None None] Loading extension file: __init__.py {{(pid=103017) _load_all_extensions_from_path /opt/stack/neutron/neutron/api/extensions.py:449}}
May 20 04:55:37.823957 np0000175268 devstack@neutron-api.service[103019]: INFO neutron.api.extensions [None req-81353f11-0f53-4992-a102-e15202ada5fb None None] Loaded extension: enable-default-route-bfd
May 20 04:55:37.823995 np0000175268 devstack@neutron-api.service[103017]: DEBUG neutron.api.extensions [None req-c7e0db7d-1a95-4d13-8036-dc0e58d21e55 None None] Loading extension file: __pycache__ {{(pid=103017) _load_all_extensions_from_path /opt/stack/neutron/neutron/api/extensions.py:449}}
May 20 04:55:37.824025 np0000175268 devstack@neutron-api.service[103019]: DEBUG neutron.api.extensions [None req-81353f11-0f53-4992-a102-e15202ada5fb None None] Loading extension file: l3_enable_default_route_ecmp.py {{(pid=103019) _load_all_extensions_from_path /opt/stack/neutron/neutron/api/extensions.py:449}}
May 20 04:55:37.824054 np0000175268 devstack@neutron-api.service[103018]: DEBUG neutron.manager [None req-bc7bd658-1acd-46ff-9ce3-bb9104c15872 None None] Successfully loaded TAG plugin. Description: Tag support {{(pid=103018) _create_and_add_service_plugin /opt/stack/neutron/neutron/manager.py:239}}
May 20 04:55:37.824088 np0000175268 devstack@neutron-api.service[103017]: DEBUG neutron.api.extensions [None req-c7e0db7d-1a95-4d13-8036-dc0e58d21e55 None None] Loading extension file: address_group.py {{(pid=103017) _load_all_extensions_from_path /opt/stack/neutron/neutron/api/extensions.py:449}}
May 20 04:55:37.824145 np0000175268 devstack@neutron-api.service[103018]: INFO neutron.manager [None req-bc7bd658-1acd-46ff-9ce3-bb9104c15872 None None] Loading Plugin: timestamp
May 20 04:55:37.824251 np0000175268 devstack@neutron-api.service[103019]: DEBUG neutron.api.extensions [None req-81353f11-0f53-4992-a102-e15202ada5fb None None] Ext name="Enable Default Route ECMP" alias="enable-default-route-ecmp" description="Enables configurable ECMP behavior for default routes" updated="2023-02-27T00:00:00-00:00" {{(pid=103019) _check_extension /opt/stack/neutron/neutron/api/extensions.py:415}}
May 20 04:55:37.824385 np0000175268 devstack@neutron-api.service[103017]: DEBUG neutron.api.extensions [None req-c7e0db7d-1a95-4d13-8036-dc0e58d21e55 None None] Ext name="Address group" alias="address-group" description="Support address group" updated="2020-07-15T10:00:00-00:00" {{(pid=103017) _check_extension /opt/stack/neutron/neutron/api/extensions.py:415}}
May 20 04:55:37.824422 np0000175268 devstack@neutron-api.service[103019]: INFO neutron.api.extensions [None req-81353f11-0f53-4992-a102-e15202ada5fb None None] Loaded extension: enable-default-route-ecmp
May 20 04:55:37.824511 np0000175268 devstack@neutron-api.service[103019]: DEBUG neutron.api.extensions [None req-81353f11-0f53-4992-a102-e15202ada5fb None None] Loading extension file: l3_ext_gw_mode.py {{(pid=103019) _load_all_extensions_from_path /opt/stack/neutron/neutron/api/extensions.py:449}}
May 20 04:55:37.824663 np0000175268 devstack@neutron-api.service[103017]: INFO neutron.api.extensions [None req-c7e0db7d-1a95-4d13-8036-dc0e58d21e55 None None] Loaded extension: address-group
May 20 04:55:37.824770 np0000175268 devstack@neutron-api.service[103017]: DEBUG neutron.api.extensions [None req-c7e0db7d-1a95-4d13-8036-dc0e58d21e55 None None] Loading extension file: address_scope.py {{(pid=103017) _load_all_extensions_from_path /opt/stack/neutron/neutron/api/extensions.py:449}}
May 20 04:55:37.824801 np0000175268 devstack@neutron-api.service[103019]: DEBUG neutron.api.extensions [None req-81353f11-0f53-4992-a102-e15202ada5fb None None] Ext name="Neutron L3 Configurable external gateway mode" alias="ext-gw-mode" description="Extension of the router abstraction for specifying whether SNAT should occur on the external gateway" updated="2013-03-28T10:00:00-00:00" {{(pid=103019) _check_extension /opt/stack/neutron/neutron/api/extensions.py:415}}
May 20 04:55:37.824943 np0000175268 devstack@neutron-api.service[103019]: INFO neutron.api.extensions [None req-81353f11-0f53-4992-a102-e15202ada5fb None None] Loaded extension: ext-gw-mode
May 20 04:55:37.825035 np0000175268 devstack@neutron-api.service[103019]: DEBUG neutron.api.extensions [None req-81353f11-0f53-4992-a102-e15202ada5fb None None] Loading extension file: l3_ext_ha_mode.py {{(pid=103019) _load_all_extensions_from_path /opt/stack/neutron/neutron/api/extensions.py:449}}
May 20 04:55:37.825070 np0000175268 devstack@neutron-api.service[103017]: DEBUG neutron.api.extensions [None req-c7e0db7d-1a95-4d13-8036-dc0e58d21e55 None None] Ext name="Address scope" alias="address-scope" description="Address scopes extension." updated="2015-07-26T10:00:00-00:00" {{(pid=103017) _check_extension /opt/stack/neutron/neutron/api/extensions.py:415}}
May 20 04:55:37.825261 np0000175268 devstack@neutron-api.service[103017]: INFO neutron.api.extensions [None req-c7e0db7d-1a95-4d13-8036-dc0e58d21e55 None None] Loaded extension: address-scope
May 20 04:55:37.825295 np0000175268 devstack@neutron-api.service[103019]: DEBUG neutron.api.extensions [None req-81353f11-0f53-4992-a102-e15202ada5fb None None] Ext name="HA Router extension" alias="l3-ha" description="Adds HA capability to routers." updated="2014-04-26T00:00:00-00:00" {{(pid=103019) _check_extension /opt/stack/neutron/neutron/api/extensions.py:415}}
May 20 04:55:37.825356 np0000175268 devstack@neutron-api.service[103017]: DEBUG neutron.api.extensions [None req-c7e0db7d-1a95-4d13-8036-dc0e58d21e55 None None] Loading extension file: admin_state_down_before_update.py {{(pid=103017) _load_all_extensions_from_path /opt/stack/neutron/neutron/api/extensions.py:449}}
May 20 04:55:37.825491 np0000175268 devstack@neutron-api.service[103019]: INFO neutron.api.extensions [None req-81353f11-0f53-4992-a102-e15202ada5fb None None] Loaded extension: l3-ha
May 20 04:55:37.825546 np0000175268 devstack@neutron-api.service[103018]: DEBUG neutron.manager [None req-bc7bd658-1acd-46ff-9ce3-bb9104c15872 None None] Successfully loaded timestamp plugin. Description: Adds timestamps to Neutron resources with standard attributes {{(pid=103018) _create_and_add_service_plugin /opt/stack/neutron/neutron/manager.py:239}}
May 20 04:55:37.825595 np0000175268 devstack@neutron-api.service[103019]: DEBUG neutron.api.extensions [None req-81353f11-0f53-4992-a102-e15202ada5fb None None] Loading extension file: l3_ext_ndp_proxy.py {{(pid=103019) _load_all_extensions_from_path /opt/stack/neutron/neutron/api/extensions.py:449}}
May 20 04:55:37.825622 np0000175268 devstack@neutron-api.service[103017]: DEBUG neutron.api.extensions [None req-c7e0db7d-1a95-4d13-8036-dc0e58d21e55 None None] Ext name="Enforce Router's Admin State Down Before Update Extension" alias="router-admin-state-down-before-update" description="Ensure that the admin state of a router is DOWN (admin_state_up=False) before updating the distributed attribute" updated="2019-07-02T15:56:00" {{(pid=103017) _check_extension /opt/stack/neutron/neutron/api/extensions.py:415}}
May 20 04:55:37.825662 np0000175268 devstack@neutron-api.service[103018]: INFO neutron.manager [None req-bc7bd658-1acd-46ff-9ce3-bb9104c15872 None None] Loading Plugin: network_ip_availability
May 20 04:55:37.825859 np0000175268 devstack@neutron-api.service[103017]: INFO neutron.api.extensions [None req-c7e0db7d-1a95-4d13-8036-dc0e58d21e55 None None] Extension router-admin-state-down-before-update not supported by any of loaded plugins
May 20 04:55:37.825899 np0000175268 devstack@neutron-api.service[103019]: DEBUG neutron.api.extensions [None req-81353f11-0f53-4992-a102-e15202ada5fb None None] Ext name="Router support to enable NDP proxy" alias="l3-ext-ndp-proxy" description="Router extension to enable ndp proxy" updated="2020-08-25T00:00:00-00:00" {{(pid=103019) _check_extension /opt/stack/neutron/neutron/api/extensions.py:415}}
May 20 04:55:37.825947 np0000175268 devstack@neutron-api.service[103017]: DEBUG neutron.api.extensions [None req-c7e0db7d-1a95-4d13-8036-dc0e58d21e55 None None] Loading extension file: agent.py {{(pid=103017) _load_all_extensions_from_path /opt/stack/neutron/neutron/api/extensions.py:449}}
May 20 04:55:37.826061 np0000175268 devstack@neutron-api.service[103019]: INFO neutron.api.extensions [None req-81353f11-0f53-4992-a102-e15202ada5fb None None] Extension l3-ext-ndp-proxy not supported by any of loaded plugins
May 20 04:55:37.826156 np0000175268 devstack@neutron-api.service[103019]: DEBUG neutron.api.extensions [None req-81353f11-0f53-4992-a102-e15202ada5fb None None] Loading extension file: l3_extra_gws.py {{(pid=103019) _load_all_extensions_from_path /opt/stack/neutron/neutron/api/extensions.py:449}}
May 20 04:55:37.826245 np0000175268 devstack@neutron-api.service[103017]: DEBUG neutron.api.extensions [None req-c7e0db7d-1a95-4d13-8036-dc0e58d21e55 None None] Ext name="agent" alias="agent" description="The agent management extension." updated="2013-02-03T10:00:00-00:00" {{(pid=103017) _check_extension /opt/stack/neutron/neutron/api/extensions.py:415}}
May 20 04:55:37.826417 np0000175268 devstack@neutron-api.service[103019]: DEBUG neutron.api.extensions [None req-81353f11-0f53-4992-a102-e15202ada5fb None None] Ext name="Neutron L3 External Gateway Multihoming" alias="external-gateway-multihoming" description="Allow multiple external gateway ports per router" updated="2023-01-18T00:00:00-00:00" {{(pid=103019) _check_extension /opt/stack/neutron/neutron/api/extensions.py:415}}
May 20 04:55:37.826460 np0000175268 devstack@neutron-api.service[103016]: INFO ovsdbapp.backend.ovs_idl.vlog [None req-8d5755d4-d224-4afe-9ef5-451f387602dd None None] ssl:199.204.45.210:6641: connecting...
May 20 04:55:37.826495 np0000175268 devstack@neutron-api.service[103017]: INFO neutron.api.extensions [None req-c7e0db7d-1a95-4d13-8036-dc0e58d21e55 None None] Loaded extension: agent
May 20 04:55:37.826527 np0000175268 devstack@neutron-api.service[103017]: DEBUG neutron.api.extensions [None req-c7e0db7d-1a95-4d13-8036-dc0e58d21e55 None None] Loading extension file: agent_resources_synced.py {{(pid=103017) _load_all_extensions_from_path /opt/stack/neutron/neutron/api/extensions.py:449}}
May 20 04:55:37.826558 np0000175268 devstack@neutron-api.service[103019]: INFO neutron.api.extensions [None req-81353f11-0f53-4992-a102-e15202ada5fb None None] Loaded extension: external-gateway-multihoming
May 20 04:55:37.826720 np0000175268 devstack@neutron-api.service[103019]: DEBUG neutron.api.extensions [None req-81353f11-0f53-4992-a102-e15202ada5fb None None] Loading extension file: l3_flavors.py {{(pid=103019) _load_all_extensions_from_path /opt/stack/neutron/neutron/api/extensions.py:449}}
May 20 04:55:37.826798 np0000175268 devstack@neutron-api.service[103017]: DEBUG neutron.api.extensions [None req-c7e0db7d-1a95-4d13-8036-dc0e58d21e55 None None] Ext name="Agent's Resource View Synced to Placement" alias="agent-resources-synced" description="Stores success/failure of last sync to Placement" updated="2018-12-19T00:00:00-00:00" {{(pid=103017) _check_extension /opt/stack/neutron/neutron/api/extensions.py:415}}
May 20 04:55:37.826904 np0000175268 devstack@neutron-api.service[103019]: DEBUG neutron.api.extensions [None req-81353f11-0f53-4992-a102-e15202ada5fb None None] Ext name="Router Flavor Extension" alias="l3-flavors" description="Flavor support for routers." updated="2016-05-17T00:00:00-00:00" {{(pid=103019) _check_extension /opt/stack/neutron/neutron/api/extensions.py:415}}
May 20 04:55:37.826937 np0000175268 devstack@neutron-api.service[103017]: INFO neutron.api.extensions [None req-c7e0db7d-1a95-4d13-8036-dc0e58d21e55 None None] Extension agent-resources-synced not supported by any of loaded plugins
May 20 04:55:37.827046 np0000175268 devstack@neutron-api.service[103017]: DEBUG neutron.api.extensions [None req-c7e0db7d-1a95-4d13-8036-dc0e58d21e55 None None] Loading extension file: agent_sort_key.py {{(pid=103017) _load_all_extensions_from_path /opt/stack/neutron/neutron/api/extensions.py:449}}
May 20 04:55:37.827076 np0000175268 devstack@neutron-api.service[103019]: INFO neutron.api.extensions [None req-81353f11-0f53-4992-a102-e15202ada5fb None None] Loaded extension: l3-flavors
May 20 04:55:37.827141 np0000175268 devstack@neutron-api.service[103019]: DEBUG neutron.api.extensions [None req-81353f11-0f53-4992-a102-e15202ada5fb None None] Loading extension file: l3_ndp_proxy.py {{(pid=103019) _load_all_extensions_from_path /opt/stack/neutron/neutron/api/extensions.py:449}}
May 20 04:55:37.827237 np0000175268 devstack@neutron-api.service[103018]: DEBUG neutron.manager [None req-bc7bd658-1acd-46ff-9ce3-bb9104c15872 None None] Successfully loaded network-ip-availability plugin. Description: Provides IP availability data for each network and subnet. {{(pid=103018) _create_and_add_service_plugin /opt/stack/neutron/neutron/manager.py:239}}
May 20 04:55:37.827269 np0000175268 devstack@neutron-api.service[103017]: DEBUG neutron.api.extensions [None req-c7e0db7d-1a95-4d13-8036-dc0e58d21e55 None None] Ext name="Agents Sort Key" alias="agent_sort_key" description="Enabling the keyword sort_key for sorting in agents." updated="2013-02-03T10:00:00-00:00" {{(pid=103017) _check_extension /opt/stack/neutron/neutron/api/extensions.py:415}}
May 20 04:55:37.827335 np0000175268 devstack@neutron-api.service[103018]: INFO neutron.manager [None req-bc7bd658-1acd-46ff-9ce3-bb9104c15872 None None] Loading Plugin: flavors
May 20 04:55:37.827434 np0000175268 devstack@neutron-api.service[103019]: DEBUG neutron.api.extensions [None req-81353f11-0f53-4992-a102-e15202ada5fb None None] Ext name="name" alias="l3-ndp-proxy" description="description" updated="2021-06-29T10:00:00-00:00" {{(pid=103019) _check_extension /opt/stack/neutron/neutron/api/extensions.py:415}}
May 20 04:55:37.827471 np0000175268 devstack@neutron-api.service[103017]: INFO neutron.api.extensions [None req-c7e0db7d-1a95-4d13-8036-dc0e58d21e55 None None] Extension agent_sort_key not supported by any of loaded plugins
May 20 04:55:37.827580 np0000175268 devstack@neutron-api.service[103017]: DEBUG neutron.api.extensions [None req-c7e0db7d-1a95-4d13-8036-dc0e58d21e55 None None] Loading extension file: allowedaddresspairs.py {{(pid=103017) _load_all_extensions_from_path /opt/stack/neutron/neutron/api/extensions.py:449}}
May 20 04:55:37.827666 np0000175268 devstack@neutron-api.service[103019]: INFO neutron.api.extensions [None req-81353f11-0f53-4992-a102-e15202ada5fb None None] Extension l3-ndp-proxy not supported by any of loaded plugins
May 20 04:55:37.827778 np0000175268 devstack@neutron-api.service[103019]: DEBUG neutron.api.extensions [None req-81353f11-0f53-4992-a102-e15202ada5fb None None] Loading extension file: l3_port_ip_change_not_allowed.py {{(pid=103019) _load_all_extensions_from_path /opt/stack/neutron/neutron/api/extensions.py:449}}
May 20 04:55:37.827984 np0000175268 devstack@neutron-api.service[103019]: DEBUG neutron.api.extensions [None req-81353f11-0f53-4992-a102-e15202ada5fb None None] Ext name="Prevent L3 router ports IP address change extension" alias="l3-port-ip-change-not-allowed" description="Prevent change of IP address for some L3 router ports" updated="2018-10-09T10:00:00-00:00" {{(pid=103019) _check_extension /opt/stack/neutron/neutron/api/extensions.py:415}}
May 20 04:55:37.828157 np0000175268 devstack@neutron-api.service[103019]: INFO neutron.api.extensions [None req-81353f11-0f53-4992-a102-e15202ada5fb None None] Extension l3-port-ip-change-not-allowed not supported by any of loaded plugins
May 20 04:55:37.828223 np0000175268 devstack@neutron-api.service[103019]: DEBUG neutron.api.extensions [None req-81353f11-0f53-4992-a102-e15202ada5fb None None] Loading extension file: l3agentscheduler.py {{(pid=103019) _load_all_extensions_from_path /opt/stack/neutron/neutron/api/extensions.py:449}}
May 20 04:55:37.828253 np0000175268 devstack@neutron-api.service[103017]: DEBUG neutron.api.extensions [None req-c7e0db7d-1a95-4d13-8036-dc0e58d21e55 None None] Ext name="Allowed Address Pairs" alias="allowed-address-pairs" description="Provides allowed address pairs" updated="2013-07-23T10:00:00-00:00" {{(pid=103017) _check_extension /opt/stack/neutron/neutron/api/extensions.py:415}}
May 20 04:55:37.828282 np0000175268 devstack@neutron-api.service[103018]: DEBUG neutron.manager [None req-bc7bd658-1acd-46ff-9ce3-bb9104c15872 None None] Successfully loaded FLAVORS plugin. Description: Neutron Flavors and Service Profiles manager plugin {{(pid=103018) _create_and_add_service_plugin /opt/stack/neutron/neutron/manager.py:239}}
May 20 04:55:37.828374 np0000175268 devstack@neutron-api.service[103018]: INFO neutron.manager [None req-bc7bd658-1acd-46ff-9ce3-bb9104c15872 None None] Loading Plugin: revisions
May 20 04:55:37.828408 np0000175268 devstack@neutron-api.service[103017]: INFO neutron.api.extensions [None req-c7e0db7d-1a95-4d13-8036-dc0e58d21e55 None None] Loaded extension: allowed-address-pairs
May 20 04:55:37.828499 np0000175268 devstack@neutron-api.service[103017]: DEBUG neutron.api.extensions [None req-c7e0db7d-1a95-4d13-8036-dc0e58d21e55 None None] Loading extension file: auto_allocated_topology.py {{(pid=103017) _load_all_extensions_from_path /opt/stack/neutron/neutron/api/extensions.py:449}}
May 20 04:55:37.828776 np0000175268 devstack@neutron-api.service[103017]: DEBUG neutron.api.extensions [None req-c7e0db7d-1a95-4d13-8036-dc0e58d21e55 None None] Ext name="Auto Allocated Topology Services" alias="auto-allocated-topology" description="Auto Allocated Topology Services." updated="2016-01-01T00:00:00-00:00" {{(pid=103017) _check_extension /opt/stack/neutron/neutron/api/extensions.py:415}}
May 20 04:55:37.828810 np0000175268 devstack@neutron-api.service[103019]: DEBUG neutron.api.extensions [None req-81353f11-0f53-4992-a102-e15202ada5fb None None] Ext name="L3 Agent Scheduler" alias="l3_agent_scheduler" description="Schedule routers among l3 agents" updated="2013-02-07T10:00:00-00:00" {{(pid=103019) _check_extension /opt/stack/neutron/neutron/api/extensions.py:415}}
May 20 04:55:37.828953 np0000175268 devstack@neutron-api.service[103017]: INFO neutron.api.extensions [None req-c7e0db7d-1a95-4d13-8036-dc0e58d21e55 None None] Loaded extension: auto-allocated-topology
May 20 04:55:37.828991 np0000175268 devstack@neutron-api.service[103019]: INFO neutron.api.extensions [None req-81353f11-0f53-4992-a102-e15202ada5fb None None] Extension l3_agent_scheduler not supported by any of loaded plugins
May 20 04:55:37.829045 np0000175268 devstack@neutron-api.service[103017]: DEBUG neutron.api.extensions [None req-c7e0db7d-1a95-4d13-8036-dc0e58d21e55 None None] Loading extension file: availability_zone.py {{(pid=103017) _load_all_extensions_from_path /opt/stack/neutron/neutron/api/extensions.py:449}}
