May 21 23:20:33.520668 np0000176078 systemd[1]: Starting devstack@n-api-meta.service - Devstack devstack@n-api-meta.service...
May 21 23:20:33.530769 np0000176078 devstack@n-api-meta.service[108266]: [uWSGI] getting INI configuration from /etc/nova/nova-metadata-uwsgi.ini
May 21 23:20:33.534608 np0000176078 devstack@n-api-meta.service[108266]: *** Starting uWSGI 2.0.24-debian (64bit) on [Thu May 21 23:20:33 2026] ***
May 21 23:20:33.534608 np0000176078 devstack@n-api-meta.service[108266]: compiled with version: 13.2.0 on 17 April 2024 16:23:48
May 21 23:20:33.534608 np0000176078 devstack@n-api-meta.service[108266]: os: Linux-6.8.0-117-generic #117-Ubuntu SMP PREEMPT_DYNAMIC Tue May 5 19:26:24 UTC 2026
May 21 23:20:33.534608 np0000176078 devstack@n-api-meta.service[108266]: nodename: np0000176078
May 21 23:20:33.534608 np0000176078 devstack@n-api-meta.service[108266]: machine: x86_64
May 21 23:20:33.534608 np0000176078 devstack@n-api-meta.service[108266]: clock source: unix
May 21 23:20:33.534608 np0000176078 devstack@n-api-meta.service[108266]: pcre jit disabled
May 21 23:20:33.534608 np0000176078 devstack@n-api-meta.service[108266]: detected number of CPU cores: 16
May 21 23:20:33.534608 np0000176078 devstack@n-api-meta.service[108266]: current working directory: /
May 21 23:20:33.534608 np0000176078 devstack@n-api-meta.service[108266]: detected binary path: /usr/bin/uwsgi-core
May 21 23:20:33.534608 np0000176078 devstack@n-api-meta.service[108266]: your processes number limit is 256917
May 21 23:20:33.534608 np0000176078 devstack@n-api-meta.service[108266]: your memory page size is 4096 bytes
May 21 23:20:33.534608 np0000176078 devstack@n-api-meta.service[108266]: detected max file descriptor number: 2048
May 21 23:20:33.534608 np0000176078 devstack@n-api-meta.service[108266]: lock engine: pthread robust mutexes
May 21 23:20:33.535535 np0000176078 devstack@n-api-meta.service[108266]: thunder lock: enabled
May 21 23:20:33.535535 np0000176078 devstack@n-api-meta.service[108266]: uWSGI http bound on 0.0.0.0:8775 fd 5
May 21 23:20:33.535535 np0000176078 devstack@n-api-meta.service[108266]: uwsgi socket 0 bound to TCP address 127.0.0.1:43269 (port auto-assigned) fd 4
May 21 23:20:33.535535 np0000176078 devstack@n-api-meta.service[108266]: Python version: 3.12.3 (main, Mar 23 2026, 19:04:32) [GCC 13.3.0]
May 21 23:20:33.535535 np0000176078 devstack@n-api-meta.service[108266]: PEP 405 virtualenv detected: /opt/stack/data/venv
May 21 23:20:33.535535 np0000176078 devstack@n-api-meta.service[108266]: Set PythonHome to /opt/stack/data/venv
May 21 23:20:33.572147 np0000176078 devstack@n-api-meta.service[108266]: Python main interpreter initialized at 0x7de184ca3668
May 21 23:20:33.572223 np0000176078 devstack@n-api-meta.service[108266]: python threads support enabled
May 21 23:20:33.572223 np0000176078 devstack@n-api-meta.service[108266]: your server socket listen backlog is limited to 100 connections
May 21 23:20:33.572223 np0000176078 devstack@n-api-meta.service[108266]: your mercy for graceful operations on workers is 80 seconds
May 21 23:20:33.572773 np0000176078 devstack@n-api-meta.service[108266]: mapped 671795 bytes (656 KB) for 4 cores
May 21 23:20:33.572937 np0000176078 devstack@n-api-meta.service[108266]: *** Operational MODE: preforking ***
May 21 23:20:33.573151 np0000176078 devstack@n-api-meta.service[108266]: *** uWSGI is running in multiple interpreter mode ***
May 21 23:20:33.573196 np0000176078 devstack@n-api-meta.service[108266]: spawned uWSGI master process (pid: 108266)
May 21 23:20:33.573369 np0000176078 systemd[1]: Started devstack@n-api-meta.service - Devstack devstack@n-api-meta.service.
May 21 23:20:33.574159 np0000176078 devstack@n-api-meta.service[108266]: spawned uWSGI worker 1 (pid: 108267, cores: 1)
May 21 23:20:33.574761 np0000176078 devstack@n-api-meta.service[108266]: spawned uWSGI worker 2 (pid: 108268, cores: 1)
May 21 23:20:33.575337 np0000176078 devstack@n-api-meta.service[108266]: spawned uWSGI worker 3 (pid: 108269, cores: 1)
May 21 23:20:33.575888 np0000176078 devstack@n-api-meta.service[108266]: spawned uWSGI worker 4 (pid: 108270, cores: 1)
May 21 23:20:33.576474 np0000176078 devstack@n-api-meta.service[108266]: spawned uWSGI http 1 (pid: 108271)
May 21 23:20:33.576474 np0000176078 devstack@n-api-meta.service[108266]: running "unix_signal:15 gracefully_kill_them_all" (master-start)...
May 21 23:20:35.334262 np0000176078 devstack@n-api-meta.service[108269]: INFO dbcounter [None req-d9ae1c59-7d72-4d94-9aed-9b8fbd3bb18d None None] Registered counter for database nova_api
May 21 23:20:35.353260 np0000176078 devstack@n-api-meta.service[108269]: DEBUG oslo_db.sqlalchemy.engines [None req-d9ae1c59-7d72-4d94-9aed-9b8fbd3bb18d None None] MySQL server mode set to STRICT_TRANS_TABLES,STRICT_ALL_TABLES,NO_ZERO_IN_DATE,NO_ZERO_DATE,ERROR_FOR_DIVISION_BY_ZERO,TRADITIONAL,NO_ENGINE_SUBSTITUTION {{(pid=108269) _check_effective_sql_mode /opt/stack/data/venv/lib/python3.12/site-packages/oslo_db/sqlalchemy/engines.py:325}}
May 21 23:20:35.376090 np0000176078 devstack@n-api-meta.service[108270]: INFO dbcounter [None req-08735b15-a1e4-408c-acae-1449a7c64054 None None] Registered counter for database nova_api
May 21 23:20:35.392587 np0000176078 devstack@n-api-meta.service[108269]: DEBUG dbcounter [-] [108269] Writer thread running {{(pid=108269) stat_writer /opt/stack/data/venv/lib/python3.12/site-packages/dbcounter.py:102}}
May 21 23:20:35.394773 np0000176078 devstack@n-api-meta.service[108270]: DEBUG oslo_db.sqlalchemy.engines [None req-08735b15-a1e4-408c-acae-1449a7c64054 None None] MySQL server mode set to STRICT_TRANS_TABLES,STRICT_ALL_TABLES,NO_ZERO_IN_DATE,NO_ZERO_DATE,ERROR_FOR_DIVISION_BY_ZERO,TRADITIONAL,NO_ENGINE_SUBSTITUTION {{(pid=108270) _check_effective_sql_mode /opt/stack/data/venv/lib/python3.12/site-packages/oslo_db/sqlalchemy/engines.py:325}}
May 21 23:20:35.395632 np0000176078 devstack@n-api-meta.service[108269]: DEBUG nova.context [None req-d9ae1c59-7d72-4d94-9aed-9b8fbd3bb18d None None] Found 2 cells: 00000000-0000-0000-0000-000000000000(cell0),937e82c8-bed3-4f38-804a-67263a0aec19(cell1) {{(pid=108269) load_cells /opt/stack/nova/nova/context.py:509}}
May 21 23:20:35.395859 np0000176078 devstack@n-api-meta.service[108269]: INFO nova.utils [None req-d9ae1c59-7d72-4d94-9aed-9b8fbd3bb18d None None] The cell worker thread pool MainProcess.cell_worker is initialized
May 21 23:20:35.397679 np0000176078 devstack@n-api-meta.service[108269]: DEBUG oslo_concurrency.lockutils [None req-d9ae1c59-7d72-4d94-9aed-9b8fbd3bb18d None None] Acquiring lock "00000000-0000-0000-0000-000000000000" by "nova.context.set_target_cell..get_or_set_cached_cell_and_set_connections" {{(pid=108269) inner /opt/stack/data/venv/lib/python3.12/site-packages/oslo_concurrency/lockutils.py:511}}
May 21 23:20:35.397846 np0000176078 devstack@n-api-meta.service[108269]: DEBUG oslo_concurrency.lockutils [None req-d9ae1c59-7d72-4d94-9aed-9b8fbd3bb18d None None] Lock "00000000-0000-0000-0000-000000000000" acquired by "nova.context.set_target_cell..get_or_set_cached_cell_and_set_connections" :: waited 0.000s {{(pid=108269) inner /opt/stack/data/venv/lib/python3.12/site-packages/oslo_concurrency/lockutils.py:524}}
May 21 23:20:35.398210 np0000176078 devstack@n-api-meta.service[108269]: DEBUG oslo_concurrency.lockutils [None req-d9ae1c59-7d72-4d94-9aed-9b8fbd3bb18d None None] Lock "00000000-0000-0000-0000-000000000000" "released" by "nova.context.set_target_cell..get_or_set_cached_cell_and_set_connections" :: held 0.000s {{(pid=108269) inner /opt/stack/data/venv/lib/python3.12/site-packages/oslo_concurrency/lockutils.py:543}}
May 21 23:20:35.398982 np0000176078 devstack@n-api-meta.service[108269]: DEBUG oslo_concurrency.lockutils [None req-d9ae1c59-7d72-4d94-9aed-9b8fbd3bb18d None None] Acquiring lock "937e82c8-bed3-4f38-804a-67263a0aec19" by "nova.context.set_target_cell..get_or_set_cached_cell_and_set_connections" {{(pid=108269) inner /opt/stack/data/venv/lib/python3.12/site-packages/oslo_concurrency/lockutils.py:511}}
May 21 23:20:35.399130 np0000176078 devstack@n-api-meta.service[108269]: DEBUG oslo_concurrency.lockutils [None req-d9ae1c59-7d72-4d94-9aed-9b8fbd3bb18d None None] Lock "937e82c8-bed3-4f38-804a-67263a0aec19" acquired by "nova.context.set_target_cell..get_or_set_cached_cell_and_set_connections" :: waited 0.000s {{(pid=108269) inner /opt/stack/data/venv/lib/python3.12/site-packages/oslo_concurrency/lockutils.py:524}}
May 21 23:20:35.400277 np0000176078 devstack@n-api-meta.service[108269]: DEBUG oslo_concurrency.lockutils [None req-d9ae1c59-7d72-4d94-9aed-9b8fbd3bb18d None None] Lock "937e82c8-bed3-4f38-804a-67263a0aec19" "released" by "nova.context.set_target_cell..get_or_set_cached_cell_and_set_connections" :: held 0.001s {{(pid=108269) inner /opt/stack/data/venv/lib/python3.12/site-packages/oslo_concurrency/lockutils.py:543}}
May 21 23:20:35.403453 np0000176078 devstack@n-api-meta.service[108269]: INFO dbcounter [None req-d9ae1c59-7d72-4d94-9aed-9b8fbd3bb18d None None] Registered counter for database nova_cell0
May 21 23:20:35.408890 np0000176078 devstack@n-api-meta.service[108269]: INFO dbcounter [None req-d9ae1c59-7d72-4d94-9aed-9b8fbd3bb18d None None] Registered counter for database nova_cell1
May 21 23:20:35.420370 np0000176078 devstack@n-api-meta.service[108269]: DEBUG oslo_db.sqlalchemy.engines [None req-d9ae1c59-7d72-4d94-9aed-9b8fbd3bb18d None None] MySQL server mode set to STRICT_TRANS_TABLES,STRICT_ALL_TABLES,NO_ZERO_IN_DATE,NO_ZERO_DATE,ERROR_FOR_DIVISION_BY_ZERO,TRADITIONAL,NO_ENGINE_SUBSTITUTION {{(pid=108269) _check_effective_sql_mode /opt/stack/data/venv/lib/python3.12/site-packages/oslo_db/sqlalchemy/engines.py:325}}
May 21 23:20:35.426685 np0000176078 devstack@n-api-meta.service[108269]: DEBUG oslo_db.sqlalchemy.engines [None req-d9ae1c59-7d72-4d94-9aed-9b8fbd3bb18d None None] MySQL server mode set to STRICT_TRANS_TABLES,STRICT_ALL_TABLES,NO_ZERO_IN_DATE,NO_ZERO_DATE,ERROR_FOR_DIVISION_BY_ZERO,TRADITIONAL,NO_ENGINE_SUBSTITUTION {{(pid=108269) _check_effective_sql_mode /opt/stack/data/venv/lib/python3.12/site-packages/oslo_db/sqlalchemy/engines.py:325}}
May 21 23:20:35.429420 np0000176078 devstack@n-api-meta.service[108270]: DEBUG dbcounter [-] [108270] Writer thread running {{(pid=108270) stat_writer /opt/stack/data/venv/lib/python3.12/site-packages/dbcounter.py:102}}
May 21 23:20:35.431643 np0000176078 devstack@n-api-meta.service[108270]: DEBUG nova.context [None req-08735b15-a1e4-408c-acae-1449a7c64054 None None] Found 2 cells: 00000000-0000-0000-0000-000000000000(cell0),937e82c8-bed3-4f38-804a-67263a0aec19(cell1) {{(pid=108270) load_cells /opt/stack/nova/nova/context.py:509}}
May 21 23:20:35.431866 np0000176078 devstack@n-api-meta.service[108270]: INFO nova.utils [None req-08735b15-a1e4-408c-acae-1449a7c64054 None None] The cell worker thread pool MainProcess.cell_worker is initialized
May 21 23:20:35.433637 np0000176078 devstack@n-api-meta.service[108270]: DEBUG oslo_concurrency.lockutils [None req-08735b15-a1e4-408c-acae-1449a7c64054 None None] Acquiring lock "00000000-0000-0000-0000-000000000000" by "nova.context.set_target_cell..get_or_set_cached_cell_and_set_connections" {{(pid=108270) inner /opt/stack/data/venv/lib/python3.12/site-packages/oslo_concurrency/lockutils.py:511}}
May 21 23:20:35.433799 np0000176078 devstack@n-api-meta.service[108270]: DEBUG oslo_concurrency.lockutils [None req-08735b15-a1e4-408c-acae-1449a7c64054 None None] Lock "00000000-0000-0000-0000-000000000000" acquired by "nova.context.set_target_cell..get_or_set_cached_cell_and_set_connections" :: waited 0.000s {{(pid=108270) inner /opt/stack/data/venv/lib/python3.12/site-packages/oslo_concurrency/lockutils.py:524}}
May 21 23:20:35.434172 np0000176078 devstack@n-api-meta.service[108270]: DEBUG oslo_concurrency.lockutils [None req-08735b15-a1e4-408c-acae-1449a7c64054 None None] Lock "00000000-0000-0000-0000-000000000000" "released" by "nova.context.set_target_cell..get_or_set_cached_cell_and_set_connections" :: held 0.000s {{(pid=108270) inner /opt/stack/data/venv/lib/python3.12/site-packages/oslo_concurrency/lockutils.py:543}}
May 21 23:20:35.434913 np0000176078 devstack@n-api-meta.service[108270]: DEBUG oslo_concurrency.lockutils [None req-08735b15-a1e4-408c-acae-1449a7c64054 None None] Acquiring lock "937e82c8-bed3-4f38-804a-67263a0aec19" by "nova.context.set_target_cell..get_or_set_cached_cell_and_set_connections" {{(pid=108270) inner /opt/stack/data/venv/lib/python3.12/site-packages/oslo_concurrency/lockutils.py:511}}
May 21 23:20:35.435039 np0000176078 devstack@n-api-meta.service[108270]: DEBUG oslo_concurrency.lockutils [None req-08735b15-a1e4-408c-acae-1449a7c64054 None None] Lock "937e82c8-bed3-4f38-804a-67263a0aec19" acquired by "nova.context.set_target_cell..get_or_set_cached_cell_and_set_connections" :: waited 0.000s {{(pid=108270) inner /opt/stack/data/venv/lib/python3.12/site-packages/oslo_concurrency/lockutils.py:524}}
May 21 23:20:35.435882 np0000176078 devstack@n-api-meta.service[108270]: DEBUG oslo_concurrency.lockutils [None req-08735b15-a1e4-408c-acae-1449a7c64054 None None] Lock "937e82c8-bed3-4f38-804a-67263a0aec19" "released" by "nova.context.set_target_cell..get_or_set_cached_cell_and_set_connections" :: held 0.001s {{(pid=108270) inner /opt/stack/data/venv/lib/python3.12/site-packages/oslo_concurrency/lockutils.py:543}}
May 21 23:20:35.438961 np0000176078 devstack@n-api-meta.service[108270]: INFO dbcounter [None req-08735b15-a1e4-408c-acae-1449a7c64054 None None] Registered counter for database nova_cell0
May 21 23:20:35.448788 np0000176078 devstack@n-api-meta.service[108270]: INFO dbcounter [None req-08735b15-a1e4-408c-acae-1449a7c64054 None None] Registered counter for database nova_cell1
May 21 23:20:35.460462 np0000176078 devstack@n-api-meta.service[108270]: DEBUG oslo_db.sqlalchemy.engines [None req-08735b15-a1e4-408c-acae-1449a7c64054 None None] MySQL server mode set to STRICT_TRANS_TABLES,STRICT_ALL_TABLES,NO_ZERO_IN_DATE,NO_ZERO_DATE,ERROR_FOR_DIVISION_BY_ZERO,TRADITIONAL,NO_ENGINE_SUBSTITUTION {{(pid=108270) _check_effective_sql_mode /opt/stack/data/venv/lib/python3.12/site-packages/oslo_db/sqlalchemy/engines.py:325}}
May 21 23:20:35.467918 np0000176078 devstack@n-api-meta.service[108267]: INFO dbcounter [None req-bafc92b9-32a5-438e-876f-f0b9b77d0180 None None] Registered counter for database nova_api
May 21 23:20:35.468523 np0000176078 devstack@n-api-meta.service[108270]: DEBUG oslo_db.sqlalchemy.engines [None req-08735b15-a1e4-408c-acae-1449a7c64054 None None] MySQL server mode set to STRICT_TRANS_TABLES,STRICT_ALL_TABLES,NO_ZERO_IN_DATE,NO_ZERO_DATE,ERROR_FOR_DIVISION_BY_ZERO,TRADITIONAL,NO_ENGINE_SUBSTITUTION {{(pid=108270) _check_effective_sql_mode /opt/stack/data/venv/lib/python3.12/site-packages/oslo_db/sqlalchemy/engines.py:325}}
May 21 23:20:35.483181 np0000176078 devstack@n-api-meta.service[108267]: DEBUG oslo_db.sqlalchemy.engines [None req-bafc92b9-32a5-438e-876f-f0b9b77d0180 None None] MySQL server mode set to STRICT_TRANS_TABLES,STRICT_ALL_TABLES,NO_ZERO_IN_DATE,NO_ZERO_DATE,ERROR_FOR_DIVISION_BY_ZERO,TRADITIONAL,NO_ENGINE_SUBSTITUTION {{(pid=108267) _check_effective_sql_mode /opt/stack/data/venv/lib/python3.12/site-packages/oslo_db/sqlalchemy/engines.py:325}}
May 21 23:20:35.509445 np0000176078 devstack@n-api-meta.service[108268]: INFO dbcounter [None req-c950179f-ce7d-4d62-b59b-b9373223a163 None None] Registered counter for database nova_api
May 21 23:20:35.513868 np0000176078 devstack@n-api-meta.service[108269]: DEBUG dbcounter [-] [108269] Writer thread running {{(pid=108269) stat_writer /opt/stack/data/venv/lib/python3.12/site-packages/dbcounter.py:102}}
May 21 23:20:35.515770 np0000176078 devstack@n-api-meta.service[108267]: DEBUG dbcounter [-] [108267] Writer thread running {{(pid=108267) stat_writer /opt/stack/data/venv/lib/python3.12/site-packages/dbcounter.py:102}}
May 21 23:20:35.518191 np0000176078 devstack@n-api-meta.service[108267]: DEBUG nova.context [None req-bafc92b9-32a5-438e-876f-f0b9b77d0180 None None] Found 2 cells: 00000000-0000-0000-0000-000000000000(cell0),937e82c8-bed3-4f38-804a-67263a0aec19(cell1) {{(pid=108267) load_cells /opt/stack/nova/nova/context.py:509}}
May 21 23:20:35.518418 np0000176078 devstack@n-api-meta.service[108267]: INFO nova.utils [None req-bafc92b9-32a5-438e-876f-f0b9b77d0180 None None] The cell worker thread pool MainProcess.cell_worker is initialized
May 21 23:20:35.520158 np0000176078 devstack@n-api-meta.service[108267]: DEBUG oslo_concurrency.lockutils [None req-bafc92b9-32a5-438e-876f-f0b9b77d0180 None None] Acquiring lock "00000000-0000-0000-0000-000000000000" by "nova.context.set_target_cell..get_or_set_cached_cell_and_set_connections" {{(pid=108267) inner /opt/stack/data/venv/lib/python3.12/site-packages/oslo_concurrency/lockutils.py:511}}
May 21 23:20:35.520325 np0000176078 devstack@n-api-meta.service[108267]: DEBUG oslo_concurrency.lockutils [None req-bafc92b9-32a5-438e-876f-f0b9b77d0180 None None] Lock "00000000-0000-0000-0000-000000000000" acquired by "nova.context.set_target_cell..get_or_set_cached_cell_and_set_connections" :: waited 0.000s {{(pid=108267) inner /opt/stack/data/venv/lib/python3.12/site-packages/oslo_concurrency/lockutils.py:524}}
May 21 23:20:35.520658 np0000176078 devstack@n-api-meta.service[108269]: DEBUG dbcounter [-] [108269] Writer thread running {{(pid=108269) stat_writer /opt/stack/data/venv/lib/python3.12/site-packages/dbcounter.py:102}}
May 21 23:20:35.520709 np0000176078 devstack@n-api-meta.service[108267]: DEBUG oslo_concurrency.lockutils [None req-bafc92b9-32a5-438e-876f-f0b9b77d0180 None None] Lock "00000000-0000-0000-0000-000000000000" "released" by "nova.context.set_target_cell..get_or_set_cached_cell_and_set_connections" :: held 0.000s {{(pid=108267) inner /opt/stack/data/venv/lib/python3.12/site-packages/oslo_concurrency/lockutils.py:543}}
May 21 23:20:35.521529 np0000176078 devstack@n-api-meta.service[108267]: DEBUG oslo_concurrency.lockutils [None req-bafc92b9-32a5-438e-876f-f0b9b77d0180 None None] Acquiring lock "937e82c8-bed3-4f38-804a-67263a0aec19" by "nova.context.set_target_cell..get_or_set_cached_cell_and_set_connections" {{(pid=108267) inner /opt/stack/data/venv/lib/python3.12/site-packages/oslo_concurrency/lockutils.py:511}}
May 21 23:20:35.521669 np0000176078 devstack@n-api-meta.service[108267]: DEBUG oslo_concurrency.lockutils [None req-bafc92b9-32a5-438e-876f-f0b9b77d0180 None None] Lock "937e82c8-bed3-4f38-804a-67263a0aec19" acquired by "nova.context.set_target_cell..get_or_set_cached_cell_and_set_connections" :: waited 0.000s {{(pid=108267) inner /opt/stack/data/venv/lib/python3.12/site-packages/oslo_concurrency/lockutils.py:524}}
May 21 23:20:35.522503 np0000176078 devstack@n-api-meta.service[108267]: DEBUG oslo_concurrency.lockutils [None req-bafc92b9-32a5-438e-876f-f0b9b77d0180 None None] Lock "937e82c8-bed3-4f38-804a-67263a0aec19" "released" by "nova.context.set_target_cell..get_or_set_cached_cell_and_set_connections" :: held 0.001s {{(pid=108267) inner /opt/stack/data/venv/lib/python3.12/site-packages/oslo_concurrency/lockutils.py:543}}
May 21 23:20:35.524802 np0000176078 devstack@n-api-meta.service[108268]: DEBUG oslo_db.sqlalchemy.engines [None req-c950179f-ce7d-4d62-b59b-b9373223a163 None None] MySQL server mode set to STRICT_TRANS_TABLES,STRICT_ALL_TABLES,NO_ZERO_IN_DATE,NO_ZERO_DATE,ERROR_FOR_DIVISION_BY_ZERO,TRADITIONAL,NO_ENGINE_SUBSTITUTION {{(pid=108268) _check_effective_sql_mode /opt/stack/data/venv/lib/python3.12/site-packages/oslo_db/sqlalchemy/engines.py:325}}
May 21 23:20:35.525532 np0000176078 devstack@n-api-meta.service[108267]: INFO dbcounter [None req-bafc92b9-32a5-438e-876f-f0b9b77d0180 None None] Registered counter for database nova_cell0
May 21 23:20:35.525831 np0000176078 devstack@n-api-meta.service[108269]: INFO dbcounter [None req-d9ae1c59-7d72-4d94-9aed-9b8fbd3bb18d None None] Registered counter for database nova_cell0
May 21 23:20:35.530462 np0000176078 devstack@n-api-meta.service[108267]: INFO dbcounter [None req-bafc92b9-32a5-438e-876f-f0b9b77d0180 None None] Registered counter for database nova_cell1
May 21 23:20:35.534564 np0000176078 devstack@n-api-meta.service[108269]: DEBUG oslo_db.sqlalchemy.engines [None req-d9ae1c59-7d72-4d94-9aed-9b8fbd3bb18d None None] MySQL server mode set to STRICT_TRANS_TABLES,STRICT_ALL_TABLES,NO_ZERO_IN_DATE,NO_ZERO_DATE,ERROR_FOR_DIVISION_BY_ZERO,TRADITIONAL,NO_ENGINE_SUBSTITUTION {{(pid=108269) _check_effective_sql_mode /opt/stack/data/venv/lib/python3.12/site-packages/oslo_db/sqlalchemy/engines.py:325}}
May 21 23:20:35.540904 np0000176078 devstack@n-api-meta.service[108267]: DEBUG oslo_db.sqlalchemy.engines [None req-bafc92b9-32a5-438e-876f-f0b9b77d0180 None None] MySQL server mode set to STRICT_TRANS_TABLES,STRICT_ALL_TABLES,NO_ZERO_IN_DATE,NO_ZERO_DATE,ERROR_FOR_DIVISION_BY_ZERO,TRADITIONAL,NO_ENGINE_SUBSTITUTION {{(pid=108267) _check_effective_sql_mode /opt/stack/data/venv/lib/python3.12/site-packages/oslo_db/sqlalchemy/engines.py:325}}
May 21 23:20:35.541226 np0000176078 devstack@n-api-meta.service[108269]: DEBUG dbcounter [-] [108269] Writer thread running {{(pid=108269) stat_writer /opt/stack/data/venv/lib/python3.12/site-packages/dbcounter.py:102}}
May 21 23:20:35.553713 np0000176078 devstack@n-api-meta.service[108267]: DEBUG oslo_db.sqlalchemy.engines [None req-bafc92b9-32a5-438e-876f-f0b9b77d0180 None None] MySQL server mode set to STRICT_TRANS_TABLES,STRICT_ALL_TABLES,NO_ZERO_IN_DATE,NO_ZERO_DATE,ERROR_FOR_DIVISION_BY_ZERO,TRADITIONAL,NO_ENGINE_SUBSTITUTION {{(pid=108267) _check_effective_sql_mode /opt/stack/data/venv/lib/python3.12/site-packages/oslo_db/sqlalchemy/engines.py:325}}
May 21 23:20:35.559994 np0000176078 devstack@n-api-meta.service[108268]: DEBUG dbcounter [-] [108268] Writer thread running {{(pid=108268) stat_writer /opt/stack/data/venv/lib/python3.12/site-packages/dbcounter.py:102}}
May 21 23:20:35.562469 np0000176078 devstack@n-api-meta.service[108268]: DEBUG nova.context [None req-c950179f-ce7d-4d62-b59b-b9373223a163 None None] Found 2 cells: 00000000-0000-0000-0000-000000000000(cell0),937e82c8-bed3-4f38-804a-67263a0aec19(cell1) {{(pid=108268) load_cells /opt/stack/nova/nova/context.py:509}}
May 21 23:20:35.562688 np0000176078 devstack@n-api-meta.service[108268]: INFO nova.utils [None req-c950179f-ce7d-4d62-b59b-b9373223a163 None None] The cell worker thread pool MainProcess.cell_worker is initialized
May 21 23:20:35.562947 np0000176078 devstack@n-api-meta.service[108270]: DEBUG dbcounter [-] [108270] Writer thread running {{(pid=108270) stat_writer /opt/stack/data/venv/lib/python3.12/site-packages/dbcounter.py:102}}
May 21 23:20:35.563837 np0000176078 devstack@n-api-meta.service[108270]: DEBUG dbcounter [-] [108270] Writer thread running {{(pid=108270) stat_writer /opt/stack/data/venv/lib/python3.12/site-packages/dbcounter.py:102}}
May 21 23:20:35.564570 np0000176078 devstack@n-api-meta.service[108268]: DEBUG oslo_concurrency.lockutils [None req-c950179f-ce7d-4d62-b59b-b9373223a163 None None] Acquiring lock "00000000-0000-0000-0000-000000000000" by "nova.context.set_target_cell..get_or_set_cached_cell_and_set_connections" {{(pid=108268) inner /opt/stack/data/venv/lib/python3.12/site-packages/oslo_concurrency/lockutils.py:511}}
May 21 23:20:35.564784 np0000176078 devstack@n-api-meta.service[108268]: DEBUG oslo_concurrency.lockutils [None req-c950179f-ce7d-4d62-b59b-b9373223a163 None None] Lock "00000000-0000-0000-0000-000000000000" acquired by "nova.context.set_target_cell..get_or_set_cached_cell_and_set_connections" :: waited 0.000s {{(pid=108268) inner /opt/stack/data/venv/lib/python3.12/site-packages/oslo_concurrency/lockutils.py:524}}
May 21 23:20:35.565148 np0000176078 devstack@n-api-meta.service[108268]: DEBUG oslo_concurrency.lockutils [None req-c950179f-ce7d-4d62-b59b-b9373223a163 None None] Lock "00000000-0000-0000-0000-000000000000" "released" by "nova.context.set_target_cell..get_or_set_cached_cell_and_set_connections" :: held 0.000s {{(pid=108268) inner /opt/stack/data/venv/lib/python3.12/site-packages/oslo_concurrency/lockutils.py:543}}
May 21 23:20:35.565786 np0000176078 devstack@n-api-meta.service[108268]: DEBUG oslo_concurrency.lockutils [None req-c950179f-ce7d-4d62-b59b-b9373223a163 None None] Acquiring lock "937e82c8-bed3-4f38-804a-67263a0aec19" by "nova.context.set_target_cell..get_or_set_cached_cell_and_set_connections" {{(pid=108268) inner /opt/stack/data/venv/lib/python3.12/site-packages/oslo_concurrency/lockutils.py:511}}
May 21 23:20:35.565919 np0000176078 devstack@n-api-meta.service[108268]: DEBUG oslo_concurrency.lockutils [None req-c950179f-ce7d-4d62-b59b-b9373223a163 None None] Lock "937e82c8-bed3-4f38-804a-67263a0aec19" acquired by "nova.context.set_target_cell..get_or_set_cached_cell_and_set_connections" :: waited 0.000s {{(pid=108268) inner /opt/stack/data/venv/lib/python3.12/site-packages/oslo_concurrency/lockutils.py:524}}
May 21 23:20:35.566799 np0000176078 devstack@n-api-meta.service[108268]: DEBUG oslo_concurrency.lockutils [None req-c950179f-ce7d-4d62-b59b-b9373223a163 None None] Lock "937e82c8-bed3-4f38-804a-67263a0aec19" "released" by "nova.context.set_target_cell..get_or_set_cached_cell_and_set_connections" :: held 0.001s {{(pid=108268) inner /opt/stack/data/venv/lib/python3.12/site-packages/oslo_concurrency/lockutils.py:543}}
May 21 23:20:35.569695 np0000176078 devstack@n-api-meta.service[108268]: INFO dbcounter [None req-c950179f-ce7d-4d62-b59b-b9373223a163 None None] Registered counter for database nova_cell0
May 21 23:20:35.571288 np0000176078 devstack@n-api-meta.service[108270]: INFO dbcounter [None req-08735b15-a1e4-408c-acae-1449a7c64054 None None] Registered counter for database nova_cell0
May 21 23:20:35.576182 np0000176078 devstack@n-api-meta.service[108268]: INFO dbcounter [None req-c950179f-ce7d-4d62-b59b-b9373223a163 None None] Registered counter for database nova_cell1
May 21 23:20:35.584283 np0000176078 devstack@n-api-meta.service[108270]: DEBUG oslo_db.sqlalchemy.engines [None req-08735b15-a1e4-408c-acae-1449a7c64054 None None] MySQL server mode set to STRICT_TRANS_TABLES,STRICT_ALL_TABLES,NO_ZERO_IN_DATE,NO_ZERO_DATE,ERROR_FOR_DIVISION_BY_ZERO,TRADITIONAL,NO_ENGINE_SUBSTITUTION {{(pid=108270) _check_effective_sql_mode /opt/stack/data/venv/lib/python3.12/site-packages/oslo_db/sqlalchemy/engines.py:325}}
May 21 23:20:35.588617 np0000176078 devstack@n-api-meta.service[108268]: DEBUG oslo_db.sqlalchemy.engines [None req-c950179f-ce7d-4d62-b59b-b9373223a163 None None] MySQL server mode set to STRICT_TRANS_TABLES,STRICT_ALL_TABLES,NO_ZERO_IN_DATE,NO_ZERO_DATE,ERROR_FOR_DIVISION_BY_ZERO,TRADITIONAL,NO_ENGINE_SUBSTITUTION {{(pid=108268) _check_effective_sql_mode /opt/stack/data/venv/lib/python3.12/site-packages/oslo_db/sqlalchemy/engines.py:325}}
May 21 23:20:35.589520 np0000176078 devstack@n-api-meta.service[108269]: WARNING nova.api.metadata.handler [None req-d9ae1c59-7d72-4d94-9aed-9b8fbd3bb18d None None] metadata_proxy_shared_secret is not configured, the metadata information returned by the proxy cannot be trusted
May 21 23:20:35.591480 np0000176078 devstack@n-api-meta.service[108270]: DEBUG dbcounter [-] [108270] Writer thread running {{(pid=108270) stat_writer /opt/stack/data/venv/lib/python3.12/site-packages/dbcounter.py:102}}
May 21 23:20:35.592090 np0000176078 devstack@n-api-meta.service[108269]: DEBUG nova.api.openstack.wsgi_app [None req-d9ae1c59-7d72-4d94-9aed-9b8fbd3bb18d None None] ******************************************************************************** {{(pid=108269) log_opt_values /opt/stack/data/venv/lib/python3.12/site-packages/oslo_config/cfg.py:3229}}
May 21 23:20:35.592251 np0000176078 devstack@n-api-meta.service[108269]: DEBUG nova.api.openstack.wsgi_app [None req-d9ae1c59-7d72-4d94-9aed-9b8fbd3bb18d None None] Configuration options gathered from: {{(pid=108269) log_opt_values /opt/stack/data/venv/lib/python3.12/site-packages/oslo_config/cfg.py:3230}}
May 21 23:20:35.592328 np0000176078 devstack@n-api-meta.service[108269]: DEBUG nova.api.openstack.wsgi_app [None req-d9ae1c59-7d72-4d94-9aed-9b8fbd3bb18d None None] command line args: [] {{(pid=108269) log_opt_values /opt/stack/data/venv/lib/python3.12/site-packages/oslo_config/cfg.py:3231}}
May 21 23:20:35.592525 np0000176078 devstack@n-api-meta.service[108269]: DEBUG nova.api.openstack.wsgi_app [None req-d9ae1c59-7d72-4d94-9aed-9b8fbd3bb18d None None] config files: ['/etc/nova/api-paste.ini', '/etc/nova/nova.conf'] {{(pid=108269) log_opt_values /opt/stack/data/venv/lib/python3.12/site-packages/oslo_config/cfg.py:3232}}
May 21 23:20:35.592637 np0000176078 devstack@n-api-meta.service[108269]: DEBUG nova.api.openstack.wsgi_app [None req-d9ae1c59-7d72-4d94-9aed-9b8fbd3bb18d None None] ================================================================================ {{(pid=108269) log_opt_values /opt/stack/data/venv/lib/python3.12/site-packages/oslo_config/cfg.py:3237}}
May 21 23:20:35.592835 np0000176078 devstack@n-api-meta.service[108269]: DEBUG nova.api.openstack.wsgi_app [None req-d9ae1c59-7d72-4d94-9aed-9b8fbd3bb18d None None] allow_resize_to_same_host = True {{(pid=108269) log_opt_values /opt/stack/data/venv/lib/python3.12/site-packages/oslo_config/cfg.py:3245}}
May 21 23:20:35.592957 np0000176078 devstack@n-api-meta.service[108269]: DEBUG nova.api.openstack.wsgi_app [None req-d9ae1c59-7d72-4d94-9aed-9b8fbd3bb18d None None] arq_binding_timeout = 300 {{(pid=108269) log_opt_values /opt/stack/data/venv/lib/python3.12/site-packages/oslo_config/cfg.py:3245}}
May 21 23:20:35.593100 np0000176078 devstack@n-api-meta.service[108269]: DEBUG nova.api.openstack.wsgi_app [None req-d9ae1c59-7d72-4d94-9aed-9b8fbd3bb18d None None] block_device_allocate_retries = 60 {{(pid=108269) log_opt_values /opt/stack/data/venv/lib/python3.12/site-packages/oslo_config/cfg.py:3245}}
May 21 23:20:35.593220 np0000176078 devstack@n-api-meta.service[108269]: DEBUG nova.api.openstack.wsgi_app [None req-d9ae1c59-7d72-4d94-9aed-9b8fbd3bb18d None None] block_device_allocate_retries_interval = 3 {{(pid=108269) log_opt_values /opt/stack/data/venv/lib/python3.12/site-packages/oslo_config/cfg.py:3245}}
May 21 23:20:35.593353 np0000176078 devstack@n-api-meta.service[108269]: DEBUG nova.api.openstack.wsgi_app [None req-d9ae1c59-7d72-4d94-9aed-9b8fbd3bb18d None None] cell_worker_thread_pool_size = 5 {{(pid=108269) log_opt_values /opt/stack/data/venv/lib/python3.12/site-packages/oslo_config/cfg.py:3245}}
May 21 23:20:35.593501 np0000176078 devstack@n-api-meta.service[108269]: DEBUG nova.api.openstack.wsgi_app [None req-d9ae1c59-7d72-4d94-9aed-9b8fbd3bb18d None None] cert = self.pem {{(pid=108269) log_opt_values /opt/stack/data/venv/lib/python3.12/site-packages/oslo_config/cfg.py:3245}}
May 21 23:20:35.593632 np0000176078 devstack@n-api-meta.service[108269]: DEBUG nova.api.openstack.wsgi_app [None req-d9ae1c59-7d72-4d94-9aed-9b8fbd3bb18d None None] compute_driver = libvirt.LibvirtDriver {{(pid=108269) log_opt_values /opt/stack/data/venv/lib/python3.12/site-packages/oslo_config/cfg.py:3245}}
May 21 23:20:35.593765 np0000176078 devstack@n-api-meta.service[108269]: DEBUG nova.api.openstack.wsgi_app [None req-d9ae1c59-7d72-4d94-9aed-9b8fbd3bb18d None None] compute_monitors = [] {{(pid=108269) log_opt_values /opt/stack/data/venv/lib/python3.12/site-packages/oslo_config/cfg.py:3245}}
May 21 23:20:35.594065 np0000176078 devstack@n-api-meta.service[108269]: DEBUG nova.api.openstack.wsgi_app [None req-d9ae1c59-7d72-4d94-9aed-9b8fbd3bb18d None None] config_dir = [] {{(pid=108269) log_opt_values /opt/stack/data/venv/lib/python3.12/site-packages/oslo_config/cfg.py:3245}}
May 21 23:20:35.594065 np0000176078 devstack@n-api-meta.service[108269]: DEBUG nova.api.openstack.wsgi_app [None req-d9ae1c59-7d72-4d94-9aed-9b8fbd3bb18d None None] config_drive_format = iso9660 {{(pid=108269) log_opt_values /opt/stack/data/venv/lib/python3.12/site-packages/oslo_config/cfg.py:3245}}
May 21 23:20:35.594356 np0000176078 devstack@n-api-meta.service[108269]: DEBUG nova.api.openstack.wsgi_app [None req-d9ae1c59-7d72-4d94-9aed-9b8fbd3bb18d None None] config_file = ['/etc/nova/api-paste.ini', '/etc/nova/nova.conf'] {{(pid=108269) log_opt_values /opt/stack/data/venv/lib/python3.12/site-packages/oslo_config/cfg.py:3245}}
May 21 23:20:35.594356 np0000176078 devstack@n-api-meta.service[108269]: DEBUG nova.api.openstack.wsgi_app [None req-d9ae1c59-7d72-4d94-9aed-9b8fbd3bb18d None None] config_source = [] {{(pid=108269) log_opt_values /opt/stack/data/venv/lib/python3.12/site-packages/oslo_config/cfg.py:3245}}
May 21 23:20:35.594471 np0000176078 devstack@n-api-meta.service[108269]: DEBUG nova.api.openstack.wsgi_app [None req-d9ae1c59-7d72-4d94-9aed-9b8fbd3bb18d None None] console_host = np0000176078 {{(pid=108269) log_opt_values /opt/stack/data/venv/lib/python3.12/site-packages/oslo_config/cfg.py:3245}}
May 21 23:20:35.594556 np0000176078 devstack@n-api-meta.service[108269]: DEBUG nova.api.openstack.wsgi_app [None req-d9ae1c59-7d72-4d94-9aed-9b8fbd3bb18d None None] control_exchange = nova {{(pid=108269) log_opt_values /opt/stack/data/venv/lib/python3.12/site-packages/oslo_config/cfg.py:3245}}
May 21 23:20:35.594688 np0000176078 devstack@n-api-meta.service[108269]: DEBUG nova.api.openstack.wsgi_app [None req-d9ae1c59-7d72-4d94-9aed-9b8fbd3bb18d None None] cpu_allocation_ratio = None {{(pid=108269) log_opt_values /opt/stack/data/venv/lib/python3.12/site-packages/oslo_config/cfg.py:3245}}
May 21 23:20:35.594803 np0000176078 devstack@n-api-meta.service[108269]: DEBUG nova.api.openstack.wsgi_app [None req-d9ae1c59-7d72-4d94-9aed-9b8fbd3bb18d None None] daemon = False {{(pid=108269) log_opt_values /opt/stack/data/venv/lib/python3.12/site-packages/oslo_config/cfg.py:3245}}
May 21 23:20:35.594957 np0000176078 devstack@n-api-meta.service[108269]: DEBUG nova.api.openstack.wsgi_app [None req-d9ae1c59-7d72-4d94-9aed-9b8fbd3bb18d None None] debug = True {{(pid=108269) log_opt_values /opt/stack/data/venv/lib/python3.12/site-packages/oslo_config/cfg.py:3245}}
May 21 23:20:35.595071 np0000176078 devstack@n-api-meta.service[108269]: DEBUG nova.api.openstack.wsgi_app [None req-d9ae1c59-7d72-4d94-9aed-9b8fbd3bb18d None None] default_access_ip_network_name = None {{(pid=108269) log_opt_values /opt/stack/data/venv/lib/python3.12/site-packages/oslo_config/cfg.py:3245}}
May 21 23:20:35.595226 np0000176078 devstack@n-api-meta.service[108269]: DEBUG nova.api.openstack.wsgi_app [None req-d9ae1c59-7d72-4d94-9aed-9b8fbd3bb18d None None] default_availability_zone = nova {{(pid=108269) log_opt_values /opt/stack/data/venv/lib/python3.12/site-packages/oslo_config/cfg.py:3245}}
May 21 23:20:35.595359 np0000176078 devstack@n-api-meta.service[108269]: DEBUG nova.api.openstack.wsgi_app [None req-d9ae1c59-7d72-4d94-9aed-9b8fbd3bb18d None None] default_ephemeral_format = ext4 {{(pid=108269) log_opt_values /opt/stack/data/venv/lib/python3.12/site-packages/oslo_config/cfg.py:3245}}
May 21 23:20:35.595471 np0000176078 devstack@n-api-meta.service[108269]: DEBUG nova.api.openstack.wsgi_app [None req-d9ae1c59-7d72-4d94-9aed-9b8fbd3bb18d None None] default_green_pool_size = 1000 {{(pid=108269) log_opt_values /opt/stack/data/venv/lib/python3.12/site-packages/oslo_config/cfg.py:3245}}
May 21 23:20:35.595703 np0000176078 devstack@n-api-meta.service[108269]: DEBUG nova.api.openstack.wsgi_app [None req-d9ae1c59-7d72-4d94-9aed-9b8fbd3bb18d None None] default_log_levels = ['amqp=WARN', 'boto=WARN', 'sqlalchemy=WARN', 'suds=INFO', 'oslo.messaging=INFO', 'oslo_messaging=INFO', 'iso8601=WARN', 'requests.packages.urllib3.connectionpool=WARN', 'urllib3.connectionpool=WARN', 'websocket=WARN', 'requests.packages.urllib3.util.retry=WARN', 'urllib3.util.retry=WARN', 'keystonemiddleware=WARN', 'routes.middleware=WARN', 'stevedore=WARN', 'taskflow=WARN', 'keystoneauth=WARN', 'oslo.cache=INFO', 'oslo_policy=INFO', 'dogpile.core.dogpile=INFO', 'glanceclient=WARN', 'oslo.privsep.daemon=INFO'] {{(pid=108269) log_opt_values /opt/stack/data/venv/lib/python3.12/site-packages/oslo_config/cfg.py:3245}}
May 21 23:20:35.595839 np0000176078 devstack@n-api-meta.service[108269]: DEBUG nova.api.openstack.wsgi_app [None req-d9ae1c59-7d72-4d94-9aed-9b8fbd3bb18d None None] default_schedule_zone = None {{(pid=108269) log_opt_values /opt/stack/data/venv/lib/python3.12/site-packages/oslo_config/cfg.py:3245}}
May 21 23:20:35.595941 np0000176078 devstack@n-api-meta.service[108269]: DEBUG nova.api.openstack.wsgi_app [None req-d9ae1c59-7d72-4d94-9aed-9b8fbd3bb18d None None] default_thread_pool_size = 10 {{(pid=108269) log_opt_values /opt/stack/data/venv/lib/python3.12/site-packages/oslo_config/cfg.py:3245}}
May 21 23:20:35.596066 np0000176078 devstack@n-api-meta.service[108269]: DEBUG nova.api.openstack.wsgi_app [None req-d9ae1c59-7d72-4d94-9aed-9b8fbd3bb18d None None] disk_allocation_ratio = None {{(pid=108269) log_opt_values /opt/stack/data/venv/lib/python3.12/site-packages/oslo_config/cfg.py:3245}}
May 21 23:20:35.596209 np0000176078 devstack@n-api-meta.service[108269]: DEBUG nova.api.openstack.wsgi_app [None req-d9ae1c59-7d72-4d94-9aed-9b8fbd3bb18d None None] enable_new_services = True {{(pid=108269) log_opt_values /opt/stack/data/venv/lib/python3.12/site-packages/oslo_config/cfg.py:3245}}
May 21 23:20:35.596335 np0000176078 devstack@n-api-meta.service[108269]: DEBUG nova.api.openstack.wsgi_app [None req-d9ae1c59-7d72-4d94-9aed-9b8fbd3bb18d None None] flat_injected = False {{(pid=108269) log_opt_values /opt/stack/data/venv/lib/python3.12/site-packages/oslo_config/cfg.py:3245}}
May 21 23:20:35.596463 np0000176078 devstack@n-api-meta.service[108269]: DEBUG nova.api.openstack.wsgi_app [None req-d9ae1c59-7d72-4d94-9aed-9b8fbd3bb18d None None] force_config_drive = False {{(pid=108269) log_opt_values /opt/stack/data/venv/lib/python3.12/site-packages/oslo_config/cfg.py:3245}}
May 21 23:20:35.596616 np0000176078 devstack@n-api-meta.service[108269]: DEBUG nova.api.openstack.wsgi_app [None req-d9ae1c59-7d72-4d94-9aed-9b8fbd3bb18d None None] force_raw_images = True {{(pid=108269) log_opt_values /opt/stack/data/venv/lib/python3.12/site-packages/oslo_config/cfg.py:3245}}
May 21 23:20:35.596759 np0000176078 devstack@n-api-meta.service[108269]: DEBUG nova.api.openstack.wsgi_app [None req-d9ae1c59-7d72-4d94-9aed-9b8fbd3bb18d None None] graceful_shutdown_timeout = 5 {{(pid=108269) log_opt_values /opt/stack/data/venv/lib/python3.12/site-packages/oslo_config/cfg.py:3245}}
May 21 23:20:35.596890 np0000176078 devstack@n-api-meta.service[108269]: DEBUG nova.api.openstack.wsgi_app [None req-d9ae1c59-7d72-4d94-9aed-9b8fbd3bb18d None None] heal_instance_info_cache_interval = -1 {{(pid=108269) log_opt_values /opt/stack/data/venv/lib/python3.12/site-packages/oslo_config/cfg.py:3245}}
May 21 23:20:35.597065 np0000176078 devstack@n-api-meta.service[108269]: DEBUG nova.api.openstack.wsgi_app [None req-d9ae1c59-7d72-4d94-9aed-9b8fbd3bb18d None None] host = np0000176078 {{(pid=108269) log_opt_values /opt/stack/data/venv/lib/python3.12/site-packages/oslo_config/cfg.py:3245}}
May 21 23:20:35.597227 np0000176078 devstack@n-api-meta.service[108269]: DEBUG nova.api.openstack.wsgi_app [None req-d9ae1c59-7d72-4d94-9aed-9b8fbd3bb18d None None] initial_cpu_allocation_ratio = 4.0 {{(pid=108269) log_opt_values /opt/stack/data/venv/lib/python3.12/site-packages/oslo_config/cfg.py:3245}}
May 21 23:20:35.597355 np0000176078 devstack@n-api-meta.service[108269]: DEBUG nova.api.openstack.wsgi_app [None req-d9ae1c59-7d72-4d94-9aed-9b8fbd3bb18d None None] initial_disk_allocation_ratio = 1.0 {{(pid=108269) log_opt_values /opt/stack/data/venv/lib/python3.12/site-packages/oslo_config/cfg.py:3245}}
May 21 23:20:35.597484 np0000176078 devstack@n-api-meta.service[108269]: DEBUG nova.api.openstack.wsgi_app [None req-d9ae1c59-7d72-4d94-9aed-9b8fbd3bb18d None None] initial_ram_allocation_ratio = 1.0 {{(pid=108269) log_opt_values /opt/stack/data/venv/lib/python3.12/site-packages/oslo_config/cfg.py:3245}}
May 21 23:20:35.597656 np0000176078 devstack@n-api-meta.service[108269]: DEBUG nova.api.openstack.wsgi_app [None req-d9ae1c59-7d72-4d94-9aed-9b8fbd3bb18d None None] injected_network_template = /opt/stack/nova/nova/virt/interfaces.template {{(pid=108269) log_opt_values /opt/stack/data/venv/lib/python3.12/site-packages/oslo_config/cfg.py:3245}}
May 21 23:20:35.597787 np0000176078 devstack@n-api-meta.service[108269]: DEBUG nova.api.openstack.wsgi_app [None req-d9ae1c59-7d72-4d94-9aed-9b8fbd3bb18d None None] instance_build_timeout = 0 {{(pid=108269) log_opt_values /opt/stack/data/venv/lib/python3.12/site-packages/oslo_config/cfg.py:3245}}
May 21 23:20:35.597915 np0000176078 devstack@n-api-meta.service[108269]: DEBUG nova.api.openstack.wsgi_app [None req-d9ae1c59-7d72-4d94-9aed-9b8fbd3bb18d None None] instance_delete_interval = 300 {{(pid=108269) log_opt_values /opt/stack/data/venv/lib/python3.12/site-packages/oslo_config/cfg.py:3245}}
May 21 23:20:35.598050 np0000176078 devstack@n-api-meta.service[108269]: DEBUG nova.api.openstack.wsgi_app [None req-d9ae1c59-7d72-4d94-9aed-9b8fbd3bb18d None None] instance_format = [instance: %(uuid)s] {{(pid=108269) log_opt_values /opt/stack/data/venv/lib/python3.12/site-packages/oslo_config/cfg.py:3245}}
May 21 23:20:35.598201 np0000176078 devstack@n-api-meta.service[108269]: DEBUG nova.api.openstack.wsgi_app [None req-d9ae1c59-7d72-4d94-9aed-9b8fbd3bb18d None None] instance_name_template = instance-%08x {{(pid=108269) log_opt_values /opt/stack/data/venv/lib/python3.12/site-packages/oslo_config/cfg.py:3245}}
May 21 23:20:35.598329 np0000176078 devstack@n-api-meta.service[108269]: DEBUG nova.api.openstack.wsgi_app [None req-d9ae1c59-7d72-4d94-9aed-9b8fbd3bb18d None None] instance_usage_audit = False {{(pid=108269) log_opt_values /opt/stack/data/venv/lib/python3.12/site-packages/oslo_config/cfg.py:3245}}
May 21 23:20:35.598467 np0000176078 devstack@n-api-meta.service[108269]: DEBUG nova.api.openstack.wsgi_app [None req-d9ae1c59-7d72-4d94-9aed-9b8fbd3bb18d None None] instance_usage_audit_period = month {{(pid=108269) log_opt_values /opt/stack/data/venv/lib/python3.12/site-packages/oslo_config/cfg.py:3245}}
May 21 23:20:35.598600 np0000176078 devstack@n-api-meta.service[108269]: DEBUG nova.api.openstack.wsgi_app [None req-d9ae1c59-7d72-4d94-9aed-9b8fbd3bb18d None None] instance_uuid_format = [instance: %(uuid)s] {{(pid=108269) log_opt_values /opt/stack/data/venv/lib/python3.12/site-packages/oslo_config/cfg.py:3245}}
May 21 23:20:35.598731 np0000176078 devstack@n-api-meta.service[108269]: DEBUG nova.api.openstack.wsgi_app [None req-d9ae1c59-7d72-4d94-9aed-9b8fbd3bb18d None None] instances_path = /opt/stack/data/nova/instances {{(pid=108269) log_opt_values /opt/stack/data/venv/lib/python3.12/site-packages/oslo_config/cfg.py:3245}}
May 21 23:20:35.598863 np0000176078 devstack@n-api-meta.service[108269]: DEBUG nova.api.openstack.wsgi_app [None req-d9ae1c59-7d72-4d94-9aed-9b8fbd3bb18d None None] internal_service_availability_zone = internal {{(pid=108269) log_opt_values /opt/stack/data/venv/lib/python3.12/site-packages/oslo_config/cfg.py:3245}}
May 21 23:20:35.598986 np0000176078 devstack@n-api-meta.service[108269]: DEBUG nova.api.openstack.wsgi_app [None req-d9ae1c59-7d72-4d94-9aed-9b8fbd3bb18d None None] key = None {{(pid=108269) log_opt_values /opt/stack/data/venv/lib/python3.12/site-packages/oslo_config/cfg.py:3245}}
May 21 23:20:35.599111 np0000176078 devstack@n-api-meta.service[108269]: DEBUG nova.api.openstack.wsgi_app [None req-d9ae1c59-7d72-4d94-9aed-9b8fbd3bb18d None None] live_migration_retry_count = 30 {{(pid=108269) log_opt_values /opt/stack/data/venv/lib/python3.12/site-packages/oslo_config/cfg.py:3245}}
May 21 23:20:35.599260 np0000176078 devstack@n-api-meta.service[108269]: DEBUG nova.api.openstack.wsgi_app [None req-d9ae1c59-7d72-4d94-9aed-9b8fbd3bb18d None None] log_color = False {{(pid=108269) log_opt_values /opt/stack/data/venv/lib/python3.12/site-packages/oslo_config/cfg.py:3245}}
May 21 23:20:35.599392 np0000176078 devstack@n-api-meta.service[108269]: DEBUG nova.api.openstack.wsgi_app [None req-d9ae1c59-7d72-4d94-9aed-9b8fbd3bb18d None None] log_config_append = None {{(pid=108269) log_opt_values /opt/stack/data/venv/lib/python3.12/site-packages/oslo_config/cfg.py:3245}}
May 21 23:20:35.599526 np0000176078 devstack@n-api-meta.service[108269]: DEBUG nova.api.openstack.wsgi_app [None req-d9ae1c59-7d72-4d94-9aed-9b8fbd3bb18d None None] log_date_format = %Y-%m-%d %H:%M:%S {{(pid=108269) log_opt_values /opt/stack/data/venv/lib/python3.12/site-packages/oslo_config/cfg.py:3245}}
May 21 23:20:35.599655 np0000176078 devstack@n-api-meta.service[108269]: DEBUG nova.api.openstack.wsgi_app [None req-d9ae1c59-7d72-4d94-9aed-9b8fbd3bb18d None None] log_dir = None {{(pid=108269) log_opt_values /opt/stack/data/venv/lib/python3.12/site-packages/oslo_config/cfg.py:3245}}
May 21 23:20:35.599781 np0000176078 devstack@n-api-meta.service[108269]: DEBUG nova.api.openstack.wsgi_app [None req-d9ae1c59-7d72-4d94-9aed-9b8fbd3bb18d None None] log_file = None {{(pid=108269) log_opt_values /opt/stack/data/venv/lib/python3.12/site-packages/oslo_config/cfg.py:3245}}
May 21 23:20:35.599869 np0000176078 devstack@n-api-meta.service[108269]: DEBUG nova.api.openstack.wsgi_app [None req-d9ae1c59-7d72-4d94-9aed-9b8fbd3bb18d None None] log_options = True {{(pid=108269) log_opt_values /opt/stack/data/venv/lib/python3.12/site-packages/oslo_config/cfg.py:3245}}
May 21 23:20:35.600006 np0000176078 devstack@n-api-meta.service[108269]: DEBUG nova.api.openstack.wsgi_app [None req-d9ae1c59-7d72-4d94-9aed-9b8fbd3bb18d None None] log_rotate_interval = 1 {{(pid=108269) log_opt_values /opt/stack/data/venv/lib/python3.12/site-packages/oslo_config/cfg.py:3245}}
May 21 23:20:35.600151 np0000176078 devstack@n-api-meta.service[108269]: DEBUG nova.api.openstack.wsgi_app [None req-d9ae1c59-7d72-4d94-9aed-9b8fbd3bb18d None None] log_rotate_interval_type = days {{(pid=108269) log_opt_values /opt/stack/data/venv/lib/python3.12/site-packages/oslo_config/cfg.py:3245}}
May 21 23:20:35.600303 np0000176078 devstack@n-api-meta.service[108269]: DEBUG nova.api.openstack.wsgi_app [None req-d9ae1c59-7d72-4d94-9aed-9b8fbd3bb18d None None] log_rotation_type = none {{(pid=108269) log_opt_values /opt/stack/data/venv/lib/python3.12/site-packages/oslo_config/cfg.py:3245}}
May 21 23:20:35.600401 np0000176078 devstack@n-api-meta.service[108269]: DEBUG nova.api.openstack.wsgi_app [None req-d9ae1c59-7d72-4d94-9aed-9b8fbd3bb18d None None] logging_context_format_string = %(color)s%(levelname)s %(name)s [%(global_request_id)s %(request_id)s %(project_name)s %(user_name)s%(color)s] %(instance)s%(color)s%(message)s {{(pid=108269) log_opt_values /opt/stack/data/venv/lib/python3.12/site-packages/oslo_config/cfg.py:3245}}
May 21 23:20:35.600501 np0000176078 devstack@n-api-meta.service[108269]: DEBUG nova.api.openstack.wsgi_app [None req-d9ae1c59-7d72-4d94-9aed-9b8fbd3bb18d None None] logging_debug_format_suffix = {{(pid=%(process)d) %(funcName)s %(pathname)s:%(lineno)d}} {{(pid=108269) log_opt_values /opt/stack/data/venv/lib/python3.12/site-packages/oslo_config/cfg.py:3245}}
May 21 23:20:35.600712 np0000176078 devstack@n-api-meta.service[108269]: DEBUG nova.api.openstack.wsgi_app [None req-d9ae1c59-7d72-4d94-9aed-9b8fbd3bb18d None None] logging_default_format_string = %(color)s%(levelname)s %(name)s [-%(color)s] %(instance)s%(color)s%(message)s {{(pid=108269) log_opt_values /opt/stack/data/venv/lib/python3.12/site-packages/oslo_config/cfg.py:3245}}
May 21 23:20:35.600850 np0000176078 devstack@n-api-meta.service[108269]: DEBUG nova.api.openstack.wsgi_app [None req-d9ae1c59-7d72-4d94-9aed-9b8fbd3bb18d None None] logging_exception_prefix = ERROR %(name)s %(instance)s {{(pid=108269) log_opt_values /opt/stack/data/venv/lib/python3.12/site-packages/oslo_config/cfg.py:3245}}
May 21 23:20:35.600919 np0000176078 devstack@n-api-meta.service[108269]: DEBUG nova.api.openstack.wsgi_app [None req-d9ae1c59-7d72-4d94-9aed-9b8fbd3bb18d None None] logging_user_identity_format = %(user)s %(project)s %(domain)s %(system_scope)s %(user_domain)s %(project_domain)s {{(pid=108269) log_opt_values /opt/stack/data/venv/lib/python3.12/site-packages/oslo_config/cfg.py:3245}}
May 21 23:20:35.601036 np0000176078 devstack@n-api-meta.service[108269]: DEBUG nova.api.openstack.wsgi_app [None req-d9ae1c59-7d72-4d94-9aed-9b8fbd3bb18d None None] long_rpc_timeout = 1800 {{(pid=108269) log_opt_values /opt/stack/data/venv/lib/python3.12/site-packages/oslo_config/cfg.py:3245}}
May 21 23:20:35.601174 np0000176078 devstack@n-api-meta.service[108269]: DEBUG nova.api.openstack.wsgi_app [None req-d9ae1c59-7d72-4d94-9aed-9b8fbd3bb18d None None] manager_shutdown_timeout = 160 {{(pid=108269) log_opt_values /opt/stack/data/venv/lib/python3.12/site-packages/oslo_config/cfg.py:3245}}
May 21 23:20:35.601302 np0000176078 devstack@n-api-meta.service[108269]: DEBUG nova.api.openstack.wsgi_app [None req-d9ae1c59-7d72-4d94-9aed-9b8fbd3bb18d None None] max_concurrent_builds = 10 {{(pid=108269) log_opt_values /opt/stack/data/venv/lib/python3.12/site-packages/oslo_config/cfg.py:3245}}
May 21 23:20:35.601428 np0000176078 devstack@n-api-meta.service[108269]: DEBUG nova.api.openstack.wsgi_app [None req-d9ae1c59-7d72-4d94-9aed-9b8fbd3bb18d None None] max_concurrent_live_migrations = 1 {{(pid=108269) log_opt_values /opt/stack/data/venv/lib/python3.12/site-packages/oslo_config/cfg.py:3245}}
May 21 23:20:35.601553 np0000176078 devstack@n-api-meta.service[108269]: DEBUG nova.api.openstack.wsgi_app [None req-d9ae1c59-7d72-4d94-9aed-9b8fbd3bb18d None None] max_concurrent_snapshots = 5 {{(pid=108269) log_opt_values /opt/stack/data/venv/lib/python3.12/site-packages/oslo_config/cfg.py:3245}}
