2026-05-10 05:14:44.461 8 WARNING neutron.scheduler.dhcp_agent_scheduler [None req-233dcd9a-56ab-463c-804b-6d921f09b83c ac8570e2e4394e40b389ddaffc1a0295 dc0be4622ce04ab08289595ad5466cb3 - - default default] No more DHCP agents
2026-05-10 05:14:44.463 8 WARNING neutron.api.rpc.agentnotifiers.dhcp_rpc_agent_api [None req-233dcd9a-56ab-463c-804b-6d921f09b83c ac8570e2e4394e40b389ddaffc1a0295 dc0be4622ce04ab08289595ad5466cb3 - - default default] Unable to schedule network 4a1940cd-d845-4f41-a8eb-4985c7401711: no agents available; will retry on subsequent port and subnet creation events.
2026-05-10 05:14:44.496 7 INFO neutron_taas.services.taas.taas_plugin [None req-1659679c-8e45-4779-8fb5-704e6fdb795a 4080314a5af246779266729117156f07 0db1df51bcc6460ba163c80f552ac78f - - default default] TaaS: Handle Delete Port: 424930d7-c7c8-4fe7-9a1d-fe7db15355da
2026-05-10 05:14:44.499 7 INFO neutron_taas.services.taas.tap_mirror_plugin [None req-1659679c-8e45-4779-8fb5-704e6fdb795a 4080314a5af246779266729117156f07 0db1df51bcc6460ba163c80f552ac78f - - default default] Tap Mirror: Handle Delete Port: 424930d7-c7c8-4fe7-9a1d-fe7db15355da
2026-05-10 05:14:44.598 8 INFO neutron.db.ovn_revision_numbers_db [None req-233dcd9a-56ab-463c-804b-6d921f09b83c ac8570e2e4394e40b389ddaffc1a0295 dc0be4622ce04ab08289595ad5466cb3 - - default default] Successfully bumped revision number for resource 214dd4ab-5353-44a7-aded-d9ce599a58b2 (type: ports) to 1
2026-05-10 05:14:44.599 7 INFO neutron.plugins.ml2.drivers.ovn.mech_driver.mech_driver [None req-a6b476b3-5f6e-46d4-9058-e6a48ea4c608 - - - - - -] OVN reports status down for port: 214dd4ab-5353-44a7-aded-d9ce599a58b2
2026-05-10 05:14:44.761 7 INFO neutron.services.segments.plugin [-] Segment 8f9383cf-3271-4066-9cb0-ebf26803bd4c resource provider aggregate not found
2026-05-10 05:14:44.768 7 INFO neutron.services.segments.plugin [-] Segment 8f9383cf-3271-4066-9cb0-ebf26803bd4c resource provider aggregate not found
2026-05-10 05:14:44.795 7 INFO neutron.services.segments.plugin [-] Segment 8f9383cf-3271-4066-9cb0-ebf26803bd4c resource provider not found; error: Placement Client Error (4xx): {"errors": [{"status": 404, "title": "Not Found", "detail": "The resource could not be found.\n\n No resource provider with uuid 8f9383cf-3271-4066-9cb0-ebf26803bd4c found for delete ", "request_id": "req-198abe8e-65ee-4d79-8e0f-bf01718057ee"}]}
2026-05-10 05:14:44.812 7 INFO neutron.services.segments.plugin [-] Segment 8f9383cf-3271-4066-9cb0-ebf26803bd4c resource provider not found; error: Placement Client Error (4xx): {"errors": [{"status": 404, "title": "Not Found", "detail": "The resource could not be found.\n\n No resource provider with uuid 8f9383cf-3271-4066-9cb0-ebf26803bd4c found for delete ", "request_id": "req-df420395-d2e4-44b5-9b5e-79a1f9008dc4"}]} [pid: 7|app: 0|req: 550/1153] 10.0.0.201 () {32 vars in 726 bytes} [Sun May 10 05:14:44 2026] DELETE /v2.0/networks/b703ef13-8213-441e-b1c5-031ba7b5cf45 => generated 0 bytes in 438 msecs (HTTP/1.1 204) 3 headers in 131 bytes (1 switches on core 0) [pid: 7|app: 0|req: 551/1154] 10.0.0.162 () {34 vars in 990 bytes} [Sun May 10 05:14:44 2026] GET /v2.0/ports?device_id=e6fbe5ee-75a3-4812-9f10-9f9f5f0f6254 => generated 971 bytes in 80 msecs (HTTP/1.1 200) 4 headers in 157 bytes (1 switches on core 0) [pid: 7|app: 0|req: 552/1155] 10.0.0.162 () {34 vars in 1040 bytes} [Sun May 10 05:14:44 2026] GET /v2.0/security-groups?id=1810cbe8-dc0c-408d-8aac-d1a35f18da1e&fields=id&fields=name => generated 88 bytes in 27 msecs (HTTP/1.1 200) 4 headers in 156 bytes (1 switches on core 0)
2026-05-10 05:14:45.194 8 INFO neutron.services.segments.plugin [-] Segment 05558d57-f4b0-4b76-a296-de85ae9992a6 resource provider aggregate not found
2026-05-10 05:14:45.197 8 INFO neutron.services.segments.plugin [-] Segment 05558d57-f4b0-4b76-a296-de85ae9992a6 resource provider aggregate not found
2026-05-10 05:14:45.205 8 INFO neutron.services.segments.plugin [-] Segment 05558d57-f4b0-4b76-a296-de85ae9992a6 resource provider not found; error: Placement Client Error (4xx): {"errors": [{"status": 404, "title": "Not Found", "detail": "The resource could not be found.\n\n No resource provider with uuid 05558d57-f4b0-4b76-a296-de85ae9992a6 found for delete ", "request_id": "req-c9ca8484-3d27-40e8-91cb-93318c8ed874"}]}
2026-05-10 05:14:45.214 8 INFO neutron.services.segments.plugin [-] Segment 05558d57-f4b0-4b76-a296-de85ae9992a6 resource provider not found; error: Placement Client Error (4xx): {"errors": [{"status": 404, "title": "Not Found", "detail": "The resource could not be found.\n\n No resource provider with uuid 05558d57-f4b0-4b76-a296-de85ae9992a6 found for delete ", "request_id": "req-62d56642-3e76-43f5-aa25-36d0cf22e1b3"}]}
2026-05-10 05:14:45.235 7 INFO neutron.plugins.ml2.drivers.ovn.mech_driver.mech_driver [None req-a6b476b3-5f6e-46d4-9058-e6a48ea4c608 - - - - - -] OVN reports status up for port: 214dd4ab-5353-44a7-aded-d9ce599a58b2
2026-05-10 05:14:45.238 8 INFO neutron.db.ovn_revision_numbers_db [None req-233dcd9a-56ab-463c-804b-6d921f09b83c ac8570e2e4394e40b389ddaffc1a0295 dc0be4622ce04ab08289595ad5466cb3 - - default default] Successfully bumped revision number for resource 214dd4ab-5353-44a7-aded-d9ce599a58b2 (type: router_ports) to 1
2026-05-10 05:14:45.249 7 INFO neutron.plugins.ml2.plugin [None req-a6b476b3-5f6e-46d4-9058-e6a48ea4c608 - - - - - -] Attempt 1 to provision port 214dd4ab-5353-44a7-aded-d9ce599a58b2
2026-05-10 05:14:45.311 8 INFO neutron.db.ovn_revision_numbers_db [None req-233dcd9a-56ab-463c-804b-6d921f09b83c ac8570e2e4394e40b389ddaffc1a0295 dc0be4622ce04ab08289595ad5466cb3 - - default default] Successfully bumped revision number for resource 797137cd-b697-45cd-bc75-3de2ef1ac2f6 (type: routers) to 2 [pid: 8|app: 0|req: 604/1158] 10.0.0.201 () {34 vars in 669 bytes} [Sun May 10 05:14:43 2026] POST /v2.0/routers => generated 975 bytes in 1339 msecs (HTTP/1.1 201) 4 headers in 162 bytes (1 switches on core 0) [pid: 8|app: 0|req: 605/1159] 10.0.0.162 () {34 vars in 990 bytes} [Sun May 10 05:14:45 2026] GET /v2.0/ports?device_id=e6fbe5ee-75a3-4812-9f10-9f9f5f0f6254 => generated 971 bytes in 34 msecs (HTTP/1.1 200) 4 headers in 157 bytes (1 switches on core 0)
2026-05-10 05:14:45.403 7 WARNING neutron.db.securitygroups_db [None req-6b604e10-6c9e-4a6d-afcc-19e21a56e0ab ae7d1fc9cb964133b932410f7b605dac b22c3a43ac3048f4812c26ea5b3a8f9e - - default default] project_id key not found in filters, using tenant_id instead. This support has been deprecated and will be removed in a future release. [pid: 7|app: 0|req: 555/1160] 10.0.0.201 () {32 vars in 774 bytes} [Sun May 10 05:14:45 2026] GET /v2.0/security-groups?tenant_id=0db1df51bcc6460ba163c80f552ac78f&name=default => generated 2925 bytes in 177 msecs (HTTP/1.1 200) 4 headers in 158 bytes (1 switches on core 0) [pid: 7|app: 0|req: 556/1161] 10.0.0.162 () {34 vars in 1040 bytes} [Sun May 10 05:14:45 2026] GET /v2.0/security-groups?id=1810cbe8-dc0c-408d-8aac-d1a35f18da1e&fields=id&fields=name => generated 88 bytes in 26 msecs (HTTP/1.1 200) 4 headers in 156 bytes (1 switches on core 0) [pid: 7|app: 0|req: 557/1162] 10.0.0.201 () {32 vars in 740 bytes} [Sun May 10 05:14:45 2026] DELETE /v2.0/security-groups/a3cedc71-aa32-4bbb-8cf2-a7875a0b346a => generated 0 bytes in 213 msecs (HTTP/1.1 204) 2 headers in 112 bytes (1 switches on core 0)
2026-05-10 05:14:45.866 8 WARNING neutron.scheduler.dhcp_agent_scheduler [None req-26df01ab-f736-47b7-9855-3aacdbac605c ac8570e2e4394e40b389ddaffc1a0295 dc0be4622ce04ab08289595ad5466cb3 - - default default] No more DHCP agents
2026-05-10 05:14:45.867 8 WARNING neutron.api.rpc.agentnotifiers.dhcp_rpc_agent_api [None req-26df01ab-f736-47b7-9855-3aacdbac605c ac8570e2e4394e40b389ddaffc1a0295 dc0be4622ce04ab08289595ad5466cb3 - - default default] Unable to schedule network ee674a6f-8c03-482c-8e46-77c647a99217: no agents available; will retry on subsequent port and subnet creation events.
2026-05-10 05:14:46.336 8 INFO neutron.plugins.ml2.drivers.ovn.mech_driver.mech_driver [None req-5f3992f5-aee3-4478-9de9-4dfdd9b997a1 - - - - - -] OVN reports status down for port: 2344e4da-4be9-4857-a996-ea044724f728
2026-05-10 05:14:46.439 7 INFO neutron.db.ovn_revision_numbers_db [None req-03869392-8f44-420d-8a2c-0d2c0d27aca5 ae7d1fc9cb964133b932410f7b605dac b22c3a43ac3048f4812c26ea5b3a8f9e - - default default] Successfully bumped revision number for resource 963a1f7c-f875-4fbe-afab-8a7523c14aec (type: security_groups) to 1
2026-05-10 05:14:46.453 7 INFO neutron.db.ovn_revision_numbers_db [None req-03869392-8f44-420d-8a2c-0d2c0d27aca5 ae7d1fc9cb964133b932410f7b605dac b22c3a43ac3048f4812c26ea5b3a8f9e - - default default] Successfully bumped revision number for resource 1b921b62-ba09-4c67-9dfe-5c07e2fb969a (type: security_group_rules) to 0
2026-05-10 05:14:46.457 8 INFO neutron.db.ovn_revision_numbers_db [None req-26df01ab-f736-47b7-9855-3aacdbac605c ac8570e2e4394e40b389ddaffc1a0295 dc0be4622ce04ab08289595ad5466cb3 - - default default] Successfully bumped revision number for resource b309584e-07c4-4227-b2e4-fa7b3ac1e681 (type: ports) to 1
2026-05-10 05:14:46.468 7 INFO neutron.db.ovn_revision_numbers_db [None req-03869392-8f44-420d-8a2c-0d2c0d27aca5 ae7d1fc9cb964133b932410f7b605dac b22c3a43ac3048f4812c26ea5b3a8f9e - - default default] Successfully bumped revision number for resource 9109b020-fc6e-4255-94ee-1041d821979d (type: security_group_rules) to 0
2026-05-10 05:14:46.479 7 INFO neutron.db.ovn_revision_numbers_db [None req-03869392-8f44-420d-8a2c-0d2c0d27aca5 ae7d1fc9cb964133b932410f7b605dac b22c3a43ac3048f4812c26ea5b3a8f9e - - default default] Successfully bumped revision number for resource a7ed6012-25f4-4d16-8897-cbe7656c2bca (type: security_group_rules) to 0
2026-05-10 05:14:46.489 7 INFO neutron.db.ovn_revision_numbers_db [None req-03869392-8f44-420d-8a2c-0d2c0d27aca5 ae7d1fc9cb964133b932410f7b605dac b22c3a43ac3048f4812c26ea5b3a8f9e - - default default] Successfully bumped revision number for resource def3120b-f833-45cc-b6fa-725b2fb0bff5 (type: security_group_rules) to 0
2026-05-10 05:14:46.551 8 INFO neutron.notifiers.nova [-] Nova event matching ['req-9eb31064-440c-4901-98fc-6cbdb6735761'] response: {'server_uuid': 'e6fbe5ee-75a3-4812-9f10-9f9f5f0f6254', 'name': 'network-vif-unplugged', 'status': 'completed', 'tag': '2344e4da-4be9-4857-a996-ea044724f728', 'code': 200}
2026-05-10 05:14:46.561 7 INFO neutron.db.segments_db [None req-03869392-8f44-420d-8a2c-0d2c0d27aca5 ae7d1fc9cb964133b932410f7b605dac b22c3a43ac3048f4812c26ea5b3a8f9e - - default default] Added segment e3608826-2944-4fc3-95a8-8b2ed493a599 of type geneve for network 2df0b12e-da6d-4cc2-9816-0461a180bca4
2026-05-10 05:14:46.683 7 INFO neutron.db.ovn_revision_numbers_db [None req-03869392-8f44-420d-8a2c-0d2c0d27aca5 ae7d1fc9cb964133b932410f7b605dac b22c3a43ac3048f4812c26ea5b3a8f9e - - default default] Successfully bumped revision number for resource 2df0b12e-da6d-4cc2-9816-0461a180bca4 (type: networks) to 1
2026-05-10 05:14:46.789 8 INFO neutron.db.ovn_revision_numbers_db [None req-5f3992f5-aee3-4478-9de9-4dfdd9b997a1 - - - - - -] Successfully bumped revision number for resource 2344e4da-4be9-4857-a996-ea044724f728 (type: ports) to 6
2026-05-10 05:14:46.851 7 WARNING neutron.scheduler.dhcp_agent_scheduler [None req-03869392-8f44-420d-8a2c-0d2c0d27aca5 ae7d1fc9cb964133b932410f7b605dac b22c3a43ac3048f4812c26ea5b3a8f9e - - default default] No more DHCP agents
2026-05-10 05:14:46.852 7 WARNING neutron.api.rpc.agentnotifiers.dhcp_rpc_agent_api [None req-03869392-8f44-420d-8a2c-0d2c0d27aca5 ae7d1fc9cb964133b932410f7b605dac b22c3a43ac3048f4812c26ea5b3a8f9e - - default default] Unable to schedule network 2df0b12e-da6d-4cc2-9816-0461a180bca4: no agents available; will retry on subsequent port and subnet creation events.
2026-05-10 05:14:46.958 7 INFO neutron.db.ovn_revision_numbers_db [None req-03869392-8f44-420d-8a2c-0d2c0d27aca5 ae7d1fc9cb964133b932410f7b605dac b22c3a43ac3048f4812c26ea5b3a8f9e - - default default] Successfully bumped revision number for resource 6a27d772-5417-4e34-8167-2269eddc528b (type: ports) to 1 [pid: 7|app: 0|req: 558/1163] 10.0.0.201 () {34 vars in 671 bytes} [Sun May 10 05:14:46 2026] POST /v2.0/networks => generated 785 bytes in 908 msecs (HTTP/1.1 201) 4 headers in 162 bytes (1 switches on core 0) [pid: 7|app: 0|req: 559/1164] 10.0.0.162 () {34 vars in 990 bytes} [Sun May 10 05:14:46 2026] GET /v2.0/ports?device_id=e6fbe5ee-75a3-4812-9f10-9f9f5f0f6254 => generated 969 bytes in 35 msecs (HTTP/1.1 200) 4 headers in 157 bytes (1 switches on core 0)
2026-05-10 05:14:47.163 7 WARNING neutron.scheduler.dhcp_agent_scheduler [None req-9b13de4c-b97b-4532-9ed6-694a6a50730f ae7d1fc9cb964133b932410f7b605dac b22c3a43ac3048f4812c26ea5b3a8f9e - - default default] No more DHCP agents
2026-05-10 05:14:47.164 7 WARNING neutron.api.rpc.agentnotifiers.dhcp_rpc_agent_api [None req-9b13de4c-b97b-4532-9ed6-694a6a50730f ae7d1fc9cb964133b932410f7b605dac b22c3a43ac3048f4812c26ea5b3a8f9e - - default default] Unable to schedule network 2df0b12e-da6d-4cc2-9816-0461a180bca4: no agents available; will retry on subsequent port and subnet creation events.
2026-05-10 05:14:47.322 8 WARNING neutron.scheduler.dhcp_agent_scheduler [None req-26df01ab-f736-47b7-9855-3aacdbac605c ac8570e2e4394e40b389ddaffc1a0295 dc0be4622ce04ab08289595ad5466cb3 - - default default] No more DHCP agents
2026-05-10 05:14:47.324 8 WARNING neutron.api.rpc.agentnotifiers.dhcp_rpc_agent_api [None req-26df01ab-f736-47b7-9855-3aacdbac605c ac8570e2e4394e40b389ddaffc1a0295 dc0be4622ce04ab08289595ad5466cb3 - - default default] Unable to schedule network ee674a6f-8c03-482c-8e46-77c647a99217: no agents available; will retry on subsequent port and subnet creation events.
2026-05-10 05:14:47.670 8 INFO neutron.db.ovn_revision_numbers_db [None req-26df01ab-f736-47b7-9855-3aacdbac605c ac8570e2e4394e40b389ddaffc1a0295 dc0be4622ce04ab08289595ad5466cb3 - - default default] Successfully bumped revision number for resource b309584e-07c4-4227-b2e4-fa7b3ac1e681 (type: router_ports) to 1 [pid: 8|app: 0|req: 606/1165] 10.0.0.201 () {34 vars in 783 bytes} [Sun May 10 05:14:45 2026] PUT /v2.0/routers/797137cd-b697-45cd-bc75-3de2ef1ac2f6/add_router_interface => generated 310 bytes in 2312 msecs (HTTP/1.1 200) 4 headers in 157 bytes (1 switches on core 0) /var/lib/openstack/lib/python3.12/site-packages/pycadf/identifier.py:70: UserWarning: Invalid uuid: neutron. To ensure interoperability, identifiers should be a valid uuid. warnings.warn(('Invalid uuid: %s. To ensure interoperability, '
2026-05-10 05:14:47.678 7 INFO neutron.db.ovn_revision_numbers_db [None req-9b13de4c-b97b-4532-9ed6-694a6a50730f ae7d1fc9cb964133b932410f7b605dac b22c3a43ac3048f4812c26ea5b3a8f9e - - default default] Successfully bumped revision number for resource 6a27d772-5417-4e34-8167-2269eddc528b (type: ports) to 2 [pid: 8|app: 0|req: 607/1166] 10.0.0.162 () {34 vars in 1040 bytes} [Sun May 10 05:14:47 2026] GET /v2.0/security-groups?id=1810cbe8-dc0c-408d-8aac-d1a35f18da1e&fields=id&fields=name => generated 88 bytes in 21 msecs (HTTP/1.1 200) 4 headers in 156 bytes (1 switches on core 0)
2026-05-10 05:14:47.735 7 INFO neutron.db.ovn_revision_numbers_db [None req-9b13de4c-b97b-4532-9ed6-694a6a50730f ae7d1fc9cb964133b932410f7b605dac b22c3a43ac3048f4812c26ea5b3a8f9e - - default default] Successfully bumped revision number for resource 13355018-84f8-42f1-9e2c-9c67c5505351 (type: subnets) to 0 [pid: 7|app: 0|req: 560/1167] 10.0.0.201 () {34 vars in 669 bytes} [Sun May 10 05:14:47 2026] POST /v2.0/subnets => generated 691 bytes in 738 msecs (HTTP/1.1 201) 4 headers in 162 bytes (1 switches on core 0) [pid: 7|app: 0|req: 561/1168] 199.204.45.23 () {34 vars in 993 bytes} [Sun May 10 05:14:47 2026] GET /v2.0/ports?device_id=e6fbe5ee-75a3-4812-9f10-9f9f5f0f6254 => generated 969 bytes in 37 msecs (HTTP/1.1 200) 4 headers in 157 bytes (1 switches on core 0)
2026-05-10 05:14:47.947 8 INFO neutron.db.ovn_revision_numbers_db [None req-d1866adf-d462-46ad-b985-91d6357de43f ec294c9d54054b408c93454125415f6d 23a399188da3482baabddd7c258dd13c - - default default] Successfully bumped revision number for resource 65842003-cb21-4bf3-a5eb-8b97849a8fb5 (type: security_groups) to 1
2026-05-10 05:14:47.959 8 INFO neutron.db.ovn_revision_numbers_db [None req-d1866adf-d462-46ad-b985-91d6357de43f ec294c9d54054b408c93454125415f6d 23a399188da3482baabddd7c258dd13c - - default default] Successfully bumped revision number for resource 0612a0df-e659-4678-96c7-2aae30ed796f (type: security_group_rules) to 0
2026-05-10 05:14:47.970 8 INFO neutron.db.ovn_revision_numbers_db [None req-d1866adf-d462-46ad-b985-91d6357de43f ec294c9d54054b408c93454125415f6d 23a399188da3482baabddd7c258dd13c - - default default] Successfully bumped revision number for resource 14fce5df-f753-43c1-95e8-90843d1fb5f6 (type: security_group_rules) to 0
2026-05-10 05:14:47.981 8 INFO neutron.db.ovn_revision_numbers_db [None req-d1866adf-d462-46ad-b985-91d6357de43f ec294c9d54054b408c93454125415f6d 23a399188da3482baabddd7c258dd13c - - default default] Successfully bumped revision number for resource 1f194dfd-b9bd-4fc8-8c68-5a4424add188 (type: security_group_rules) to 0
2026-05-10 05:14:47.991 8 INFO neutron.db.ovn_revision_numbers_db [None req-d1866adf-d462-46ad-b985-91d6357de43f ec294c9d54054b408c93454125415f6d 23a399188da3482baabddd7c258dd13c - - default default] Successfully bumped revision number for resource 9948b4e4-a78b-40b1-a187-49baa865f676 (type: security_group_rules) to 0
2026-05-10 05:14:48.067 7 WARNING neutron.scheduler.dhcp_agent_scheduler [None req-ced6f924-a46d-4f9c-a95a-38e1b804a822 ac8570e2e4394e40b389ddaffc1a0295 dc0be4622ce04ab08289595ad5466cb3 - - default default] No more DHCP agents
2026-05-10 05:14:48.068 7 WARNING neutron.api.rpc.agentnotifiers.dhcp_rpc_agent_api [None req-ced6f924-a46d-4f9c-a95a-38e1b804a822 ac8570e2e4394e40b389ddaffc1a0295 dc0be4622ce04ab08289595ad5466cb3 - - default default] Unable to schedule network ee674a6f-8c03-482c-8e46-77c647a99217: no agents available; will retry on subsequent port and subnet creation events.
2026-05-10 05:14:48.095 8 INFO neutron.db.ovn_revision_numbers_db [None req-d1866adf-d462-46ad-b985-91d6357de43f ec294c9d54054b408c93454125415f6d 23a399188da3482baabddd7c258dd13c - - default default] Successfully bumped revision number for resource 1a14e7a8-010a-4672-96d1-d54521311c27 (type: security_groups) to 1
2026-05-10 05:14:48.106 8 INFO neutron.db.ovn_revision_numbers_db [None req-d1866adf-d462-46ad-b985-91d6357de43f ec294c9d54054b408c93454125415f6d 23a399188da3482baabddd7c258dd13c - - default default] Successfully bumped revision number for resource 2fb2becb-c284-44f1-8ea2-2edfbcaf5ad3 (type: security_group_rules) to 0
2026-05-10 05:14:48.116 8 INFO neutron.db.ovn_revision_numbers_db [None req-d1866adf-d462-46ad-b985-91d6357de43f ec294c9d54054b408c93454125415f6d 23a399188da3482baabddd7c258dd13c - - default default] Successfully bumped revision number for resource 84453a5f-5e3a-42ed-8af3-6d04abf394aa (type: security_group_rules) to 0 [pid: 8|app: 0|req: 608/1169] 10.0.0.201 () {34 vars in 684 bytes} [Sun May 10 05:14:47 2026] POST /v2.0/security-groups => generated 1625 bytes in 451 msecs (HTTP/1.1 201) 4 headers in 163 bytes (1 switches on core 0)
2026-05-10 05:14:48.234 7 INFO neutron.db.ovn_revision_numbers_db [None req-ced6f924-a46d-4f9c-a95a-38e1b804a822 ac8570e2e4394e40b389ddaffc1a0295 dc0be4622ce04ab08289595ad5466cb3 - - default default] Successfully bumped revision number for resource eb6934e5-45f5-45dc-865b-a9caec616988 (type: ports) to 1 [pid: 7|app: 0|req: 562/1170] 10.0.0.201 () {34 vars in 665 bytes} [Sun May 10 05:14:47 2026] POST /v2.0/ports => generated 957 bytes in 458 msecs (HTTP/1.1 201) 4 headers in 162 bytes (1 switches on core 0) /var/lib/openstack/lib/python3.12/site-packages/pycadf/identifier.py:70: UserWarning: Invalid uuid: neutron. To ensure interoperability, identifiers should be a valid uuid. warnings.warn(('Invalid uuid: %s. To ensure interoperability, '
2026-05-10 05:14:48.390 7 INFO neutron_taas.services.taas.taas_plugin [req-a0656a16-3c3d-407a-b1f9-bad9854d4d0c req-2655923f-c9ac-48f6-b656-2820510a9599 9f0bf9a70031433ab1d8ad8b43d05234 f196821e9b914981a3f5db0d5927e072 - - default default] TaaS: Handle Delete Port: 2344e4da-4be9-4857-a996-ea044724f728
2026-05-10 05:14:48.394 7 INFO neutron_taas.services.taas.tap_mirror_plugin [req-a0656a16-3c3d-407a-b1f9-bad9854d4d0c req-2655923f-c9ac-48f6-b656-2820510a9599 9f0bf9a70031433ab1d8ad8b43d05234 f196821e9b914981a3f5db0d5927e072 - - default default] Tap Mirror: Handle Delete Port: 2344e4da-4be9-4857-a996-ea044724f728 [pid: 7|app: 0|req: 563/1171] 199.204.45.23 () {36 vars in 996 bytes} [Sun May 10 05:14:48 2026] DELETE /v2.0/ports/2344e4da-4be9-4857-a996-ea044724f728 => generated 0 bytes in 277 msecs (HTTP/1.1 204) 3 headers in 131 bytes (1 switches on core 0)
2026-05-10 05:14:48.544 8 WARNING neutron.scheduler.dhcp_agent_scheduler [None req-b546b274-f11c-453f-84e9-d2202a9d82e6 ae7d1fc9cb964133b932410f7b605dac b22c3a43ac3048f4812c26ea5b3a8f9e - - default default] No more DHCP agents
2026-05-10 05:14:48.547 8 WARNING neutron.api.rpc.agentnotifiers.dhcp_rpc_agent_api [None req-b546b274-f11c-453f-84e9-d2202a9d82e6 ae7d1fc9cb964133b932410f7b605dac b22c3a43ac3048f4812c26ea5b3a8f9e - - default default] Unable to schedule network 4a1940cd-d845-4f41-a8eb-4985c7401711: no agents available; will retry on subsequent port and subnet creation events.
2026-05-10 05:14:48.578 7 INFO neutron.notifiers.nova [-] Nova event matching ['req-a04a49df-d250-4998-a6e1-b2b8e2ffa90f'] response: {'server_uuid': 'e6fbe5ee-75a3-4812-9f10-9f9f5f0f6254', 'name': 'network-vif-deleted', 'tag': '2344e4da-4be9-4857-a996-ea044724f728', 'status': 'completed', 'code': 200} [pid: 7|app: 0|req: 564/1172] 10.0.0.201 () {32 vars in 663 bytes} [Sun May 10 05:14:48 2026] GET /v2.0/security-groups => generated 4530 bytes in 54 msecs (HTTP/1.1 200) 4 headers in 158 bytes (1 switches on core 0)
2026-05-10 05:14:48.592 8 INFO neutron.notifiers.nova [-] Nova event matching ['req-bdf53fca-f3fd-4878-9d25-cbc65c92be62'] response: {'server_uuid': 'e6fbe5ee-75a3-4812-9f10-9f9f5f0f6254', 'name': 'network-vif-unplugged', 'status': 'completed', 'tag': '2344e4da-4be9-4857-a996-ea044724f728', 'code': 200}
2026-05-10 05:14:48.689 8 INFO neutron.db.ovn_revision_numbers_db [None req-b546b274-f11c-453f-84e9-d2202a9d82e6 ae7d1fc9cb964133b932410f7b605dac b22c3a43ac3048f4812c26ea5b3a8f9e - - default default] Successfully bumped revision number for resource eff972d4-51b2-4a03-a571-8e29c362aa90 (type: ports) to 1
2026-05-10 05:14:48.849 7 WARNING neutron.scheduler.dhcp_agent_scheduler [None req-390b2d71-88b1-49fe-85dc-824ed221e08e ac8570e2e4394e40b389ddaffc1a0295 dc0be4622ce04ab08289595ad5466cb3 - - default default] No more DHCP agents
2026-05-10 05:14:48.850 7 WARNING neutron.api.rpc.agentnotifiers.dhcp_rpc_agent_api [None req-390b2d71-88b1-49fe-85dc-824ed221e08e ac8570e2e4394e40b389ddaffc1a0295 dc0be4622ce04ab08289595ad5466cb3 - - default default] Unable to schedule network ee674a6f-8c03-482c-8e46-77c647a99217: no agents available; will retry on subsequent port and subnet creation events.
2026-05-10 05:14:48.991 7 INFO neutron.db.ovn_revision_numbers_db [None req-390b2d71-88b1-49fe-85dc-824ed221e08e ac8570e2e4394e40b389ddaffc1a0295 dc0be4622ce04ab08289595ad5466cb3 - - default default] Successfully bumped revision number for resource 88ab5ec0-24ac-4b53-8b3a-b8427e763820 (type: ports) to 1 [pid: 7|app: 0|req: 565/1173] 10.0.0.201 () {34 vars in 665 bytes} [Sun May 10 05:14:48 2026] POST /v2.0/ports => generated 955 bytes in 458 msecs (HTTP/1.1 201) 4 headers in 162 bytes (1 switches on core 0) /var/lib/openstack/lib/python3.12/site-packages/pycadf/identifier.py:70: UserWarning: Invalid uuid: neutron. To ensure interoperability, identifiers should be a valid uuid. warnings.warn(('Invalid uuid: %s. To ensure interoperability, '
2026-05-10 05:14:49.115 7 INFO neutron.db.ovn_revision_numbers_db [None req-6955d800-d924-45e8-a019-2b6aa429dcfd ec294c9d54054b408c93454125415f6d 23a399188da3482baabddd7c258dd13c - - default default] Successfully bumped revision number for resource 1a14e7a8-010a-4672-96d1-d54521311c27 (type: security_groups) to 2 [pid: 7|app: 0|req: 566/1174] 10.0.0.201 () {34 vars in 758 bytes} [Sun May 10 05:14:49 2026] PUT /v2.0/security-groups/1a14e7a8-010a-4672-96d1-d54521311c27 => generated 1664 bytes in 86 msecs (HTTP/1.1 200) 4 headers in 158 bytes (1 switches on core 0) [pid: 7|app: 0|req: 567/1175] 10.0.0.162 () {34 vars in 990 bytes} [Sun May 10 05:14:49 2026] GET /v2.0/ports?device_id=e6fbe5ee-75a3-4812-9f10-9f9f5f0f6254 => generated 12 bytes in 19 msecs (HTTP/1.1 200) 4 headers in 156 bytes (1 switches on core 0)
2026-05-10 05:14:49.267 8 INFO neutron.db.ovn_revision_numbers_db [None req-b546b274-f11c-453f-84e9-d2202a9d82e6 ae7d1fc9cb964133b932410f7b605dac b22c3a43ac3048f4812c26ea5b3a8f9e - - default default] Successfully bumped revision number for resource eff972d4-51b2-4a03-a571-8e29c362aa90 (type: router_ports) to 1
2026-05-10 05:14:49.323 7 INFO neutron.plugins.ml2.drivers.ovn.mech_driver.ovsdb.ovsdb_monitor [None req-dfc61c29-0a4b-4dd9-a2b6-c51050aa69f5 - - - - - -] Router 42823648-3cd0-43f9-a157-f414232449da is bound to host instance
2026-05-10 05:14:49.325 8 INFO neutron.db.ovn_revision_numbers_db [None req-b546b274-f11c-453f-84e9-d2202a9d82e6 ae7d1fc9cb964133b932410f7b605dac b22c3a43ac3048f4812c26ea5b3a8f9e - - default default] Successfully bumped revision number for resource 42823648-3cd0-43f9-a157-f414232449da (type: routers) to 2 [pid: 8|app: 0|req: 609/1176] 10.0.0.201 () {34 vars in 669 bytes} [Sun May 10 05:14:48 2026] POST /v2.0/routers => generated 990 bytes in 1199 msecs (HTTP/1.1 201) 4 headers in 162 bytes (1 switches on core 0) [pid: 8|app: 0|req: 610/1177] 10.0.0.201 () {32 vars in 737 bytes} [Sun May 10 05:14:49 2026] GET /v2.0/security-groups/1a14e7a8-010a-4672-96d1-d54521311c27 => generated 1664 bytes in 17 msecs (HTTP/1.1 200) 4 headers in 158 bytes (1 switches on core 0)
2026-05-10 05:14:49.532 7 WARNING neutron.scheduler.dhcp_agent_scheduler [None req-300fca0d-f3b6-449b-9ec0-e047bc72fddb ac8570e2e4394e40b389ddaffc1a0295 dc0be4622ce04ab08289595ad5466cb3 - - default default] No more DHCP agents
2026-05-10 05:14:49.537 7 WARNING neutron.api.rpc.agentnotifiers.dhcp_rpc_agent_api [None req-300fca0d-f3b6-449b-9ec0-e047bc72fddb ac8570e2e4394e40b389ddaffc1a0295 dc0be4622ce04ab08289595ad5466cb3 - - default default] Unable to schedule network 4a1940cd-d845-4f41-a8eb-4985c7401711: no agents available; will retry on subsequent port and subnet creation events.
2026-05-10 05:14:49.749 8 WARNING neutron.scheduler.dhcp_agent_scheduler [None req-54b3df3e-6835-4c39-9e77-f3d53d1530be ae7d1fc9cb964133b932410f7b605dac b22c3a43ac3048f4812c26ea5b3a8f9e - - default default] No more DHCP agents
2026-05-10 05:14:49.751 8 WARNING neutron.api.rpc.agentnotifiers.dhcp_rpc_agent_api [None req-54b3df3e-6835-4c39-9e77-f3d53d1530be ae7d1fc9cb964133b932410f7b605dac b22c3a43ac3048f4812c26ea5b3a8f9e - - default default] Unable to schedule network 2df0b12e-da6d-4cc2-9816-0461a180bca4: no agents available; will retry on subsequent port and subnet creation events.
2026-05-10 05:14:49.844 7 WARNING neutron.plugins.ml2.drivers.ovn.mech_driver.ovsdb.ovn_client [None req-a6b476b3-5f6e-46d4-9058-e6a48ea4c608 - - - - - -] No hosting information found for port 214dd4ab-5353-44a7-aded-d9ce599a58b2: RuntimeError: No hosting information found for port 214dd4ab-5353-44a7-aded-d9ce599a58b2
2026-05-10 05:14:49.844 7 INFO neutron.plugins.ml2.drivers.ovn.mech_driver.mech_driver [None req-a6b476b3-5f6e-46d4-9058-e6a48ea4c608 - - - - - -] OVN reports status down for port: b309584e-07c4-4227-b2e4-fa7b3ac1e681
2026-05-10 05:14:49.967 8 INFO neutron.db.ovn_revision_numbers_db [None req-54b3df3e-6835-4c39-9e77-f3d53d1530be ae7d1fc9cb964133b932410f7b605dac b22c3a43ac3048f4812c26ea5b3a8f9e - - default default] Successfully bumped revision number for resource 37450bb0-b32f-46e6-ba4d-aaec720af2f6 (type: ports) to 1
2026-05-10 05:14:50.111 7 WARNING neutron.plugins.ml2.drivers.ovn.mech_driver.ovsdb.ovn_client [None req-a6b476b3-5f6e-46d4-9058-e6a48ea4c608 - - - - - -] Logical_Switch_Port b309584e-07c4-4227-b2e4-fa7b3ac1e681 host information not removed, the port state is up
2026-05-10 05:14:50.112 7 INFO neutron.plugins.ml2.drivers.ovn.mech_driver.mech_driver [None req-a6b476b3-5f6e-46d4-9058-e6a48ea4c608 - - - - - -] OVN reports status down for port: 6a27d772-5417-4e34-8167-2269eddc528b
2026-05-10 05:14:50.293 7 INFO neutron.plugins.ml2.drivers.ovn.mech_driver.mech_driver [None req-a6b476b3-5f6e-46d4-9058-e6a48ea4c608 - - - - - -] OVN reports status up for port: b309584e-07c4-4227-b2e4-fa7b3ac1e681
2026-05-10 05:14:50.323 7 INFO neutron.plugins.ml2.plugin [None req-a6b476b3-5f6e-46d4-9058-e6a48ea4c608 - - - - - -] Attempt 1 to provision port b309584e-07c4-4227-b2e4-fa7b3ac1e681
2026-05-10 05:14:50.596 8 WARNING neutron.scheduler.dhcp_agent_scheduler [None req-54b3df3e-6835-4c39-9e77-f3d53d1530be ae7d1fc9cb964133b932410f7b605dac b22c3a43ac3048f4812c26ea5b3a8f9e - - default default] No more DHCP agents
2026-05-10 05:14:50.597 8 WARNING neutron.api.rpc.agentnotifiers.dhcp_rpc_agent_api [None req-54b3df3e-6835-4c39-9e77-f3d53d1530be ae7d1fc9cb964133b932410f7b605dac b22c3a43ac3048f4812c26ea5b3a8f9e - - default default] Unable to schedule network 2df0b12e-da6d-4cc2-9816-0461a180bca4: no agents available; will retry on subsequent port and subnet creation events.
2026-05-10 05:14:50.990 8 INFO neutron.db.ovn_revision_numbers_db [None req-54b3df3e-6835-4c39-9e77-f3d53d1530be ae7d1fc9cb964133b932410f7b605dac b22c3a43ac3048f4812c26ea5b3a8f9e - - default default] Successfully bumped revision number for resource 37450bb0-b32f-46e6-ba4d-aaec720af2f6 (type: router_ports) to 1 [pid: 8|app: 0|req: 611/1178] 10.0.0.201 () {34 vars in 783 bytes} [Sun May 10 05:14:49 2026] PUT /v2.0/routers/42823648-3cd0-43f9-a157-f414232449da/add_router_interface => generated 310 bytes in 1630 msecs (HTTP/1.1 200) 4 headers in 157 bytes (1 switches on core 0) [pid: 8|app: 0|req: 612/1179] 10.0.0.201 () {32 vars in 740 bytes} [Sun May 10 05:14:50 2026] DELETE /v2.0/security-groups/1a14e7a8-010a-4672-96d1-d54521311c27 => generated 0 bytes in 107 msecs (HTTP/1.1 204) 2 headers in 112 bytes (1 switches on core 0) [pid: 8|app: 0|req: 613/1180] 10.0.0.162 () {34 vars in 990 bytes} [Sun May 10 05:14:51 2026] GET /v2.0/ports?device_id=e6fbe5ee-75a3-4812-9f10-9f9f5f0f6254 => generated 12 bytes in 17 msecs (HTTP/1.1 200) 4 headers in 156 bytes (1 switches on core 0) [pid: 8|app: 0|req: 614/1181] 10.0.0.201 () {32 vars in 663 bytes} [Sun May 10 05:14:51 2026] GET /v2.0/security-groups => generated 2925 bytes in 33 msecs (HTTP/1.1 200) 4 headers in 158 bytes (1 switches on core 0)
2026-05-10 05:14:51.170 8 INFO neutron.api.v2.resource [None req-a5a894cc-e321-4a37-a706-a12592368cc2 ec294c9d54054b408c93454125415f6d 23a399188da3482baabddd7c258dd13c - - default default] delete failed (client error): The resource could not be found. [pid: 8|app: 0|req: 615/1182] 10.0.0.201 () {32 vars in 740 bytes} [Sun May 10 05:14:51 2026] DELETE /v2.0/security-groups/1a14e7a8-010a-4672-96d1-d54521311c27 => generated 146 bytes in 14 msecs (HTTP/1.1 404) 4 headers in 164 bytes (1 switches on core 0)
2026-05-10 05:14:51.301 8 INFO neutron.db.ovn_revision_numbers_db [None req-3e317ecc-ecf1-46a1-84a1-1610708a47a1 ec294c9d54054b408c93454125415f6d 23a399188da3482baabddd7c258dd13c - - default default] Successfully bumped revision number for resource c6ef7b62-126c-4e60-9a8b-a4c5f6cebcb6 (type: security_groups) to 1
2026-05-10 05:14:51.312 8 INFO neutron.db.ovn_revision_numbers_db [None req-3e317ecc-ecf1-46a1-84a1-1610708a47a1 ec294c9d54054b408c93454125415f6d 23a399188da3482baabddd7c258dd13c - - default default] Successfully bumped revision number for resource 3e72c328-87dd-4ce3-9853-6a666bd0a126 (type: security_group_rules) to 0
2026-05-10 05:14:51.324 8 INFO neutron.db.ovn_revision_numbers_db [None req-3e317ecc-ecf1-46a1-84a1-1610708a47a1 ec294c9d54054b408c93454125415f6d 23a399188da3482baabddd7c258dd13c - - default default] Successfully bumped revision number for resource 57ddcf94-c410-455c-992f-581265576ba7 (type: security_group_rules) to 0 [pid: 8|app: 0|req: 616/1183] 10.0.0.201 () {34 vars in 684 bytes} [Sun May 10 05:14:51 2026] POST /v2.0/security-groups => generated 1624 bytes in 183 msecs (HTTP/1.1 201) 4 headers in 163 bytes (1 switches on core 0)
2026-05-10 05:14:51.478 8 INFO neutron.db.ovn_revision_numbers_db [None req-3e4c63b8-6ca8-49ac-9556-cebdd52e0971 ec294c9d54054b408c93454125415f6d 23a399188da3482baabddd7c258dd13c - - default default] Successfully bumped revision number for resource 66a14f9c-8179-466c-8fb1-129a9dbcee7d (type: security_group_rules) to 0 [pid: 8|app: 0|req: 617/1184] 10.0.0.201 () {34 vars in 695 bytes} [Sun May 10 05:14:51 2026] POST /v2.0/security-group-rules => generated 601 bytes in 150 msecs (HTTP/1.1 201) 4 headers in 162 bytes (1 switches on core 0)
2026-05-10 05:14:51.631 8 INFO neutron.db.ovn_revision_numbers_db [None req-d9dd720a-ba50-471d-b0a9-49611ff6a4f3 45d318f3c8254270986835f3f2f83eca 7eba1fe270cb4c3bacdc74e142a16e8d - - default default] Successfully bumped revision number for resource f8981a5b-1649-4f7a-9594-ac7dcaa34ed2 (type: security_groups) to 1
2026-05-10 05:14:51.640 8 INFO neutron.db.ovn_revision_numbers_db [None req-d9dd720a-ba50-471d-b0a9-49611ff6a4f3 45d318f3c8254270986835f3f2f83eca 7eba1fe270cb4c3bacdc74e142a16e8d - - default default] Successfully bumped revision number for resource 98266abb-6505-4625-857d-73601b375fa1 (type: security_group_rules) to 0
2026-05-10 05:14:51.650 8 INFO neutron.db.ovn_revision_numbers_db [None req-d9dd720a-ba50-471d-b0a9-49611ff6a4f3 45d318f3c8254270986835f3f2f83eca 7eba1fe270cb4c3bacdc74e142a16e8d - - default default] Successfully bumped revision number for resource b3b3cbfb-4c96-41f1-90c4-acf3c82b36e7 (type: security_group_rules) to 0 [pid: 8|app: 0|req: 618/1185] 10.0.0.201 () {34 vars in 685 bytes} [Sun May 10 05:14:51 2026] POST /v2.0/security-groups => generated 1660 bytes in 175 msecs (HTTP/1.1 201) 4 headers in 163 bytes (1 switches on core 0) [pid: 8|app: 0|req: 619/1186] 10.0.0.201 () {32 vars in 747 bytes} [Sun May 10 05:14:51 2026] GET /v2.0/security-group-rules/66a14f9c-8179-466c-8fb1-129a9dbcee7d => generated 601 bytes in 19 msecs (HTTP/1.1 200) 4 headers in 157 bytes (1 switches on core 0)
2026-05-10 05:14:51.799 7 INFO neutron.db.ovn_revision_numbers_db [None req-a6b476b3-5f6e-46d4-9058-e6a48ea4c608 - - - - - -] Successfully bumped revision number for resource b309584e-07c4-4227-b2e4-fa7b3ac1e681 (type: ports) to 2
2026-05-10 05:14:51.807 7 INFO neutron.db.ovn_revision_numbers_db [None req-2e76f7d3-a850-4bbc-80f9-5aecdf2a5f7e - - - - - -] Successfully bumped revision number for resource eff972d4-51b2-4a03-a571-8e29c362aa90 (type: ports) to 4
2026-05-10 05:14:51.813 8 INFO neutron.db.ovn_revision_numbers_db [None req-25bcfb04-ee60-4bf6-8a06-2acb20a8fc16 45d318f3c8254270986835f3f2f83eca 7eba1fe270cb4c3bacdc74e142a16e8d - - default default] Successfully bumped revision number for resource f573da68-bb95-440b-936a-818573f23282 (type: security_group_rules) to 0 [pid: 8|app: 0|req: 620/1187] 10.0.0.201 () {34 vars in 695 bytes} [Sun May 10 05:14:51 2026] POST /v2.0/security-group-rules => generated 597 bytes in 143 msecs (HTTP/1.1 201) 4 headers in 162 bytes (1 switches on core 0) [pid: 8|app: 0|req: 621/1188] 10.0.0.201 () {32 vars in 673 bytes} [Sun May 10 05:14:51 2026] GET /v2.0/security-group-rules => generated 4138 bytes in 79 msecs (HTTP/1.1 200) 4 headers in 158 bytes (1 switches on core 0)
2026-05-10 05:14:51.994 7 INFO neutron.db.ovn_revision_numbers_db [None req-300fca0d-f3b6-449b-9ec0-e047bc72fddb ac8570e2e4394e40b389ddaffc1a0295 dc0be4622ce04ab08289595ad5466cb3 - - default default] Successfully bumped revision number for resource 6b7cb158-2b1a-4c6d-b64d-e918ef9a1589 (type: floatingips) to 1
2026-05-10 05:14:51.994 7 INFO neutron.db.l3_db [None req-300fca0d-f3b6-449b-9ec0-e047bc72fddb ac8570e2e4394e40b389ddaffc1a0295 dc0be4622ce04ab08289595ad5466cb3 - - default default] Floating IP 6b7cb158-2b1a-4c6d-b64d-e918ef9a1589 associated. External IP: 10.96.250.213, port: 88ab5ec0-24ac-4b53-8b3a-b8427e763820.
2026-05-10 05:14:52.030 8 INFO neutron.db.ovn_revision_numbers_db [None req-630e1255-a571-492f-836b-5cf23e4b52a2 45d318f3c8254270986835f3f2f83eca 7eba1fe270cb4c3bacdc74e142a16e8d - - default default] Successfully bumped revision number for resource 8f638a69-e90e-4852-9a8a-c82addf44f5a (type: security_group_rules) to 0 [pid: 8|app: 0|req: 622/1189] 10.0.0.201 () {34 vars in 695 bytes} [Sun May 10 05:14:51 2026] POST /v2.0/security-group-rules => generated 602 bytes in 138 msecs (HTTP/1.1 201) 4 headers in 162 bytes (1 switches on core 0) [pid: 7|app: 0|req: 568/1190] 10.0.0.201 () {34 vars in 677 bytes} [Sun May 10 05:14:49 2026] POST /v2.0/floatingips => generated 842 bytes in 2942 msecs (HTTP/1.1 201) 4 headers in 162 bytes (1 switches on core 0) [pid: 8|app: 0|req: 623/1191] 10.0.0.201 () {32 vars in 750 bytes} [Sun May 10 05:14:52 2026] DELETE /v2.0/security-group-rules/66a14f9c-8179-466c-8fb1-129a9dbcee7d => generated 0 bytes in 103 msecs (HTTP/1.1 204) 2 headers in 112 bytes (1 switches on core 0) [pid: 8|app: 0|req: 624/1192] 10.0.0.1 () {28 vars in 579 bytes} [Sun May 10 05:14:52 2026] GET /v2.0/agents => generated 1214 bytes in 65 msecs (HTTP/1.1 200) 4 headers in 158 bytes (1 switches on core 0)
2026-05-10 05:14:52.367 8 INFO neutron.db.ovn_revision_numbers_db [None req-9f3247ce-74d1-4890-919d-92e36b222dd0 ac8570e2e4394e40b389ddaffc1a0295 dc0be4622ce04ab08289595ad5466cb3 - - default default] Successfully bumped revision number for resource 6b7cb158-2b1a-4c6d-b64d-e918ef9a1589 (type: floatingips) to 2
2026-05-10 05:14:52.408 8 INFO neutron.db.l3_db [None req-9f3247ce-74d1-4890-919d-92e36b222dd0 ac8570e2e4394e40b389ddaffc1a0295 dc0be4622ce04ab08289595ad5466cb3 - - default default] Floating IP 6b7cb158-2b1a-4c6d-b64d-e918ef9a1589 disassociated. External IP: 10.96.250.213, port: 88ab5ec0-24ac-4b53-8b3a-b8427e763820. [pid: 8|app: 0|req: 625/1193] 10.0.0.201 () {34 vars in 749 bytes} [Sun May 10 05:14:52 2026] PUT /v2.0/floatingips/6b7cb158-2b1a-4c6d-b64d-e918ef9a1589 => generated 554 bytes in 189 msecs (HTTP/1.1 200) 4 headers in 157 bytes (1 switches on core 0)
2026-05-10 05:14:52.574 7 WARNING neutron.scheduler.dhcp_agent_scheduler [None req-84a50bd3-1dcb-495e-ba04-91a65fc6734d 45d318f3c8254270986835f3f2f83eca 7eba1fe270cb4c3bacdc74e142a16e8d - - default default] No more DHCP agents
2026-05-10 05:14:52.576 7 WARNING neutron.api.rpc.agentnotifiers.dhcp_rpc_agent_api [None req-84a50bd3-1dcb-495e-ba04-91a65fc6734d 45d318f3c8254270986835f3f2f83eca 7eba1fe270cb4c3bacdc74e142a16e8d - - default default] Unable to schedule network 4a1940cd-d845-4f41-a8eb-4985c7401711: no agents available; will retry on subsequent port and subnet creation events.
2026-05-10 05:14:52.606 7 INFO neutron.db.ovn_revision_numbers_db [None req-2e76f7d3-a850-4bbc-80f9-5aecdf2a5f7e - - - - - -] Successfully bumped revision number for resource eff972d4-51b2-4a03-a571-8e29c362aa90 (type: ports) to 5
2026-05-10 05:14:52.676 8 INFO neutron_taas.services.taas.taas_plugin [None req-a781f854-a9d2-4288-8e8c-fd992638a3a3 ae7d1fc9cb964133b932410f7b605dac b22c3a43ac3048f4812c26ea5b3a8f9e - - default default] TaaS: Handle Delete Port: 5a210b48-ef9f-493b-a190-462b4bf90038
2026-05-10 05:14:52.680 8 INFO neutron_taas.services.taas.tap_mirror_plugin [None req-a781f854-a9d2-4288-8e8c-fd992638a3a3 ae7d1fc9cb964133b932410f7b605dac b22c3a43ac3048f4812c26ea5b3a8f9e - - default default] Tap Mirror: Handle Delete Port: 5a210b48-ef9f-493b-a190-462b4bf90038 [pid: 7|app: 0|req: 569/1194] 10.0.0.201 () {34 vars in 676 bytes} [Sun May 10 05:14:52 2026] POST /v2.0/floatingips => generated 552 bytes in 814 msecs (HTTP/1.1 201) 4 headers in 162 bytes (1 switches on core 0) [pid: 7|app: 0|req: 570/1195] 10.0.0.201 () {32 vars in 673 bytes} [Sun May 10 05:14:52 2026] GET /v2.0/security-group-rules => generated 3560 bytes in 77 msecs (HTTP/1.1 200) 4 headers in 158 bytes (1 switches on core 0) [pid: 7|app: 0|req: 571/1196] 10.0.0.1 () {28 vars in 581 bytes} [Sun May 10 05:14:52 2026] GET /v2.0/subnets => generated 3306 bytes in 36 msecs (HTTP/1.1 200) 4 headers in 158 bytes (1 switches on core 0)
2026-05-10 05:14:53.158 7 INFO neutron_taas.services.taas.taas_plugin [None req-75a0ae74-f4af-47d3-a4e6-f83de6e3fab0 ac8570e2e4394e40b389ddaffc1a0295 dc0be4622ce04ab08289595ad5466cb3 - - default default] TaaS: Handle Delete Port: 7a0b63b0-619a-4937-9936-92d5ae44db84
2026-05-10 05:14:53.161 7 INFO neutron_taas.services.taas.tap_mirror_plugin [None req-75a0ae74-f4af-47d3-a4e6-f83de6e3fab0 ac8570e2e4394e40b389ddaffc1a0295 dc0be4622ce04ab08289595ad5466cb3 - - default default] Tap Mirror: Handle Delete Port: 7a0b63b0-619a-4937-9936-92d5ae44db84 [pid: 8|app: 0|req: 626/1197] 10.0.0.201 () {34 vars in 789 bytes} [Sun May 10 05:14:52 2026] PUT /v2.0/routers/f907b0ff-7b58-4e0b-af64-daecb1eba53a/remove_router_interface => generated 310 bytes in 860 msecs (HTTP/1.1 200) 4 headers in 157 bytes (1 switches on core 0) /var/lib/openstack/lib/python3.12/site-packages/pycadf/identifier.py:70: UserWarning: Invalid uuid: neutron. To ensure interoperability, identifiers should be a valid uuid. warnings.warn(('Invalid uuid: %s. To ensure interoperability, ' [pid: 7|app: 0|req: 572/1198] 10.0.0.201 () {32 vars in 732 bytes} [Sun May 10 05:14:53 2026] DELETE /v2.0/floatingips/6b7cb158-2b1a-4c6d-b64d-e918ef9a1589 => generated 0 bytes in 310 msecs (HTTP/1.1 204) 2 headers in 112 bytes (1 switches on core 0)
2026-05-10 05:14:53.389 8 INFO neutron.db.ovn_revision_numbers_db [None req-7ff0aa90-aa9c-46d8-ab28-aa50b969ce9b ec294c9d54054b408c93454125415f6d 23a399188da3482baabddd7c258dd13c - - default default] Successfully bumped revision number for resource 824ff4ef-8f34-4921-af9c-8fd6289bcade (type: security_group_rules) to 0 [pid: 8|app: 0|req: 627/1199] 10.0.0.201 () {34 vars in 695 bytes} [Sun May 10 05:14:53 2026] POST /v2.0/security-group-rules => generated 601 bytes in 125 msecs (HTTP/1.1 201) 4 headers in 162 bytes (1 switches on core 0)
2026-05-10 05:14:53.422 8 WARNING neutron.db.securitygroups_db [req-5038e033-df12-4627-ab14-01d3afa71c32 req-66cd399b-6de1-4d11-99c1-bc483d196136 45d318f3c8254270986835f3f2f83eca 7eba1fe270cb4c3bacdc74e142a16e8d - - default default] project_id key not found in filters, using tenant_id instead. This support has been deprecated and will be removed in a future release. [pid: 7|app: 0|req: 573/1200] 10.0.0.1 () {28 vars in 581 bytes} [Sun May 10 05:14:53 2026] GET /v2.0/routers => generated 2969 bytes in 88 msecs (HTTP/1.1 200) 4 headers in 158 bytes (1 switches on core 0) [pid: 8|app: 0|req: 628/1201] 10.0.0.162 () {34 vars in 1098 bytes} [Sun May 10 05:14:53 2026] GET /v2.0/security-groups?name=tempest-securitygroup--367506886&fields=id&tenant_id=7eba1fe270cb4c3bacdc74e142a16e8d => generated 69 bytes in 22 msecs (HTTP/1.1 200) 4 headers in 156 bytes (1 switches on core 0)
2026-05-10 05:14:53.612 8 WARNING neutron.scheduler.dhcp_agent_scheduler [None req-bfc0798d-6591-4c29-8ba1-8ddd8042fd07 ac8570e2e4394e40b389ddaffc1a0295 dc0be4622ce04ab08289595ad5466cb3 - - default default] No more DHCP agents
2026-05-10 05:14:53.614 8 WARNING neutron.api.rpc.agentnotifiers.dhcp_rpc_agent_api [None req-bfc0798d-6591-4c29-8ba1-8ddd8042fd07 ac8570e2e4394e40b389ddaffc1a0295 dc0be4622ce04ab08289595ad5466cb3 - - default default] Unable to schedule network 4a1940cd-d845-4f41-a8eb-4985c7401711: no agents available; will retry on subsequent port and subnet creation events.
2026-05-10 05:14:53.718 7 INFO neutron_taas.services.taas.taas_plugin [None req-b9f499c2-89b7-40d6-9fcf-b1c65af512a4 ae7d1fc9cb964133b932410f7b605dac b22c3a43ac3048f4812c26ea5b3a8f9e - - default default] TaaS: Handle Delete Port: 9fa852f8-9fe9-4e4a-8493-aae0ab3d4e87
2026-05-10 05:14:53.721 7 INFO neutron_taas.services.taas.tap_mirror_plugin [None req-b9f499c2-89b7-40d6-9fcf-b1c65af512a4 ae7d1fc9cb964133b932410f7b605dac b22c3a43ac3048f4812c26ea5b3a8f9e - - default default] Tap Mirror: Handle Delete Port: 9fa852f8-9fe9-4e4a-8493-aae0ab3d4e87 [pid: 7|app: 0|req: 574/1202] 10.0.0.201 () {32 vars in 724 bytes} [Sun May 10 05:14:53 2026] DELETE /v2.0/routers/f907b0ff-7b58-4e0b-af64-daecb1eba53a => generated 0 bytes in 604 msecs (HTTP/1.1 204) 2 headers in 112 bytes (1 switches on core 0) [pid: 7|app: 0|req: 575/1203] 10.0.0.201 () {32 vars in 747 bytes} [Sun May 10 05:14:54 2026] GET /v2.0/security-group-rules/824ff4ef-8f34-4921-af9c-8fd6289bcade => generated 601 bytes in 13 msecs (HTTP/1.1 200) 4 headers in 157 bytes (1 switches on core 0) [pid: 7|app: 0|req: 576/1204] 10.0.0.1 () {28 vars in 622 bytes} [Sun May 10 05:14:54 2026] GET /v2.0/agents?binary=ovn-controller => generated 416 bytes in 9 msecs (HTTP/1.1 200) 4 headers in 157 bytes (1 switches on core 0) [pid: 7|app: 0|req: 577/1205] 10.0.0.162 () {34 vars in 982 bytes} [Sun May 10 05:14:54 2026] GET /v2.0/networks?id=2df0b12e-da6d-4cc2-9816-0461a180bca4 => generated 714 bytes in 38 msecs (HTTP/1.1 200) 4 headers in 157 bytes (1 switches on core 0) [pid: 7|app: 0|req: 578/1206] 10.0.0.201 () {32 vars in 724 bytes} [Sun May 10 05:14:54 2026] DELETE /v2.0/subnets/1adf89da-6520-43b5-b09a-ab78e5f08610 => generated 0 bytes in 175 msecs (HTTP/1.1 204) 3 headers in 131 bytes (1 switches on core 0)
2026-05-10 05:14:54.340 8 INFO neutron.db.ovn_revision_numbers_db [None req-bfc0798d-6591-4c29-8ba1-8ddd8042fd07 ac8570e2e4394e40b389ddaffc1a0295 dc0be4622ce04ab08289595ad5466cb3 - - default default] Successfully bumped revision number for resource 0be22652-d942-4d54-bcbd-52d974479fb6 (type: floatingips) to 1
2026-05-10 05:14:54.340 8 INFO neutron.db.l3_db [None req-bfc0798d-6591-4c29-8ba1-8ddd8042fd07 ac8570e2e4394e40b389ddaffc1a0295 dc0be4622ce04ab08289595ad5466cb3 - - default default] Floating IP 0be22652-d942-4d54-bcbd-52d974479fb6 associated. External IP: 10.96.250.220, port: eb6934e5-45f5-45dc-865b-a9caec616988. [pid: 7|app: 0|req: 579/1207] 10.0.0.201 () {32 vars in 673 bytes} [Sun May 10 05:14:54 2026] GET /v2.0/security-group-rules => generated 4138 bytes in 81 msecs (HTTP/1.1 200) 4 headers in 158 bytes (1 switches on core 0) [pid: 7|app: 0|req: 580/1208] 10.0.0.1 () {28 vars in 617 bytes} [Sun May 10 05:14:54 2026] GET /v2.0/network-ip-availabilities => generated 3815 bytes in 17 msecs (HTTP/1.1 200) 4 headers in 158 bytes (1 switches on core 0) [pid: 7|app: 0|req: 581/1209] 10.0.0.162 () {34 vars in 965 bytes} [Sun May 10 05:14:54 2026] GET /v2.0/quotas/7eba1fe270cb4c3bacdc74e142a16e8d => generated 292 bytes in 7 msecs (HTTP/1.1 200) 4 headers in 157 bytes (1 switches on core 0) [pid: 8|app: 0|req: 629/1210] 10.0.0.201 () {34 vars in 677 bytes} [Sun May 10 05:14:53 2026] POST /v2.0/floatingips => generated 841 bytes in 963 msecs (HTTP/1.1 201) 4 headers in 162 bytes (1 switches on core 0) /var/lib/openstack/lib/python3.12/site-packages/pycadf/identifier.py:70: UserWarning: Invalid uuid: neutron. To ensure interoperability, identifiers should be a valid uuid. warnings.warn(('Invalid uuid: %s. To ensure interoperability, '
2026-05-10 05:14:54.495 7 INFO neutron_taas.services.taas.taas_plugin [None req-bfe91cd8-d04c-4e95-bb81-11d306890207 ae7d1fc9cb964133b932410f7b605dac b22c3a43ac3048f4812c26ea5b3a8f9e - - default default] TaaS: Handle Delete Port: a73aec6e-bb6c-4c40-adb6-0e2bd8febc81
2026-05-10 05:14:54.498 7 INFO neutron_taas.services.taas.tap_mirror_plugin [None req-bfe91cd8-d04c-4e95-bb81-11d306890207 ae7d1fc9cb964133b932410f7b605dac b22c3a43ac3048f4812c26ea5b3a8f9e - - default default] Tap Mirror: Handle Delete Port: a73aec6e-bb6c-4c40-adb6-0e2bd8febc81 [pid: 8|app: 0|req: 630/1211] 10.0.0.201 () {32 vars in 750 bytes} [Sun May 10 05:14:54 2026] DELETE /v2.0/security-group-rules/824ff4ef-8f34-4921-af9c-8fd6289bcade => generated 0 bytes in 99 msecs (HTTP/1.1 204) 2 headers in 112 bytes (1 switches on core 0) [pid: 8|app: 0|req: 631/1212] 10.0.0.1 () {28 vars in 583 bytes} [Sun May 10 05:14:54 2026] GET /v2.0/networks => generated 4648 bytes in 62 msecs (HTTP/1.1 200) 4 headers in 158 bytes (1 switches on core 0) [pid: 8|app: 0|req: 632/1213] 10.0.0.162 () {34 vars in 1002 bytes} [Sun May 10 05:14:54 2026] GET /v2.0/ports?tenant_id=7eba1fe270cb4c3bacdc74e142a16e8d&fields=id => generated 103 bytes in 71 msecs (HTTP/1.1 200) 4 headers in 157 bytes (1 switches on core 0)
2026-05-10 05:14:54.658 7 INFO neutron.services.segments.plugin [-] Segment 588548e7-71a6-434d-9ff9-8d12a5739ff8 resource provider aggregate not found
2026-05-10 05:14:54.667 7 INFO neutron.services.segments.plugin [-] Segment 588548e7-71a6-434d-9ff9-8d12a5739ff8 resource provider aggregate not found [pid: 8|app: 0|req: 633/1214] 10.0.0.201 () {32 vars in 729 bytes} [Sun May 10 05:14:54 2026] GET /v2.0/floatingips/0be22652-d942-4d54-bcbd-52d974479fb6 => generated 843 bytes in 38 msecs (HTTP/1.1 200) 4 headers in 157 bytes (1 switches on core 0)
2026-05-10 05:14:54.678 7 INFO neutron.services.segments.plugin [-] Segment 588548e7-71a6-434d-9ff9-8d12a5739ff8 resource provider not found; error: Placement Client Error (4xx): {"errors": [{"status": 404, "title": "Not Found", "detail": "The resource could not be found.\n\n No resource provider with uuid 588548e7-71a6-434d-9ff9-8d12a5739ff8 found for delete ", "request_id": "req-3da0fe37-ed73-4271-8be4-691121aabb65"}]}
