2026-05-10 05:15:36.082 7 INFO neutron.db.ovn_revision_numbers_db [None req-d125a0a8-a384-4695-8f34-930b6f0b7337 6e084d39d1bd431abc4362ad2c452e43 89fdb23624a34dfbb977028da00055f2 - - default default] Successfully bumped revision number for resource 17dcee54-193e-4ae6-bed5-2c4b5ccb8497 (type: ports) to 1 [pid: 8|app: 0|req: 777/1564] 10.0.0.201 () {34 vars in 664 bytes} [Sun May 10 05:15:35 2026] POST /v2.0/ports => generated 743 bytes in 455 msecs (HTTP/1.1 201) 4 headers in 162 bytes (1 switches on core 0) /var/lib/openstack/lib/python3.12/site-packages/pycadf/identifier.py:70: UserWarning: Invalid uuid: neutron. To ensure interoperability, identifiers should be a valid uuid. warnings.warn(('Invalid uuid: %s. To ensure interoperability, ' [pid: 8|app: 0|req: 778/1565] 10.0.0.162 () {34 vars in 1040 bytes} [Sun May 10 05:15:36 2026] GET /v2.0/security-groups?id=f8981a5b-1649-4f7a-9594-ac7dcaa34ed2&fields=id&fields=name => generated 113 bytes in 43 msecs (HTTP/1.1 200) 4 headers in 157 bytes (1 switches on core 0) [pid: 7|app: 0|req: 788/1566] 10.0.0.201 () {34 vars in 665 bytes} [Sun May 10 05:15:35 2026] POST /v2.0/ports => generated 954 bytes in 542 msecs (HTTP/1.1 201) 4 headers in 162 bytes (1 switches on core 0) /var/lib/openstack/lib/python3.12/site-packages/pycadf/identifier.py:70: UserWarning: Invalid uuid: neutron. To ensure interoperability, identifiers should be a valid uuid. warnings.warn(('Invalid uuid: %s. To ensure interoperability, '
2026-05-10 05:15:36.238 7 INFO neutron.db.segments_db [None req-e4acbec1-d2dd-407a-b5ef-3199def8d489 94e12afa08d74ce6ab4c8048c5b64565 e77a3ebf7ec14a2693fb95c405a9890c - - default default] Added segment df71d0c4-045d-49f7-a4c0-34662d94b6df of type geneve for network 44058d89-1059-491a-948f-9872d166b446
2026-05-10 05:15:36.345 7 INFO neutron.db.ovn_revision_numbers_db [None req-e4acbec1-d2dd-407a-b5ef-3199def8d489 94e12afa08d74ce6ab4c8048c5b64565 e77a3ebf7ec14a2693fb95c405a9890c - - default default] Successfully bumped revision number for resource 44058d89-1059-491a-948f-9872d166b446 (type: networks) to 1
2026-05-10 05:15:36.381 8 WARNING neutron.scheduler.dhcp_agent_scheduler [None req-4fe67e10-a492-4bb2-a3a7-2d753299525c 84b82ef00e974af58fe5af41c9eef1d7 6822307f62224fe7b914320059e5aabc - - default default] No more DHCP agents
2026-05-10 05:15:36.383 8 WARNING neutron.api.rpc.agentnotifiers.dhcp_rpc_agent_api [None req-4fe67e10-a492-4bb2-a3a7-2d753299525c 84b82ef00e974af58fe5af41c9eef1d7 6822307f62224fe7b914320059e5aabc - - default default] Unable to schedule network 4d664090-7e93-4566-aa66-abf91a1b2080: no agents available; will retry on subsequent port and subnet creation events.
2026-05-10 05:15:36.457 7 INFO neutron.plugins.ml2.drivers.ovn.mech_driver.mech_driver [None req-de594d84-ba7d-4e17-84fc-3c30c2ed4648 - - - - - -] OVN reports status down for port: b7679013-39db-47ee-9fcf-67ad0ef6944b
2026-05-10 05:15:36.477 8 INFO neutron.db.ovn_revision_numbers_db [None req-4fe67e10-a492-4bb2-a3a7-2d753299525c 84b82ef00e974af58fe5af41c9eef1d7 6822307f62224fe7b914320059e5aabc - - default default] Successfully bumped revision number for resource b7679013-39db-47ee-9fcf-67ad0ef6944b (type: ports) to 1 [pid: 8|app: 0|req: 779/1567] 10.0.0.201 () {34 vars in 665 bytes} [Sun May 10 05:15:36 2026] POST /v2.0/ports => generated 779 bytes in 406 msecs (HTTP/1.1 201) 4 headers in 162 bytes (1 switches on core 0) /var/lib/openstack/lib/python3.12/site-packages/pycadf/identifier.py:70: UserWarning: Invalid uuid: neutron. To ensure interoperability, identifiers should be a valid uuid. warnings.warn(('Invalid uuid: %s. To ensure interoperability, '
2026-05-10 05:15:36.608 7 WARNING neutron.scheduler.dhcp_agent_scheduler [None req-e4acbec1-d2dd-407a-b5ef-3199def8d489 94e12afa08d74ce6ab4c8048c5b64565 e77a3ebf7ec14a2693fb95c405a9890c - - default default] No more DHCP agents
2026-05-10 05:15:36.610 7 WARNING neutron.api.rpc.agentnotifiers.dhcp_rpc_agent_api [None req-e4acbec1-d2dd-407a-b5ef-3199def8d489 94e12afa08d74ce6ab4c8048c5b64565 e77a3ebf7ec14a2693fb95c405a9890c - - default default] Unable to schedule network 44058d89-1059-491a-948f-9872d166b446: no agents available; will retry on subsequent port and subnet creation events.
2026-05-10 05:15:36.665 7 INFO neutron.plugins.ml2.drivers.ovn.mech_driver.mech_driver [None req-de594d84-ba7d-4e17-84fc-3c30c2ed4648 - - - - - -] OVN reports status down for port: e05d79bc-664c-4fec-b0a4-7a42e8587cc0
2026-05-10 05:15:36.700 8 INFO neutron_taas.services.taas.taas_plugin [None req-c269dcf3-80a0-4807-9216-7eee4dfee8f1 6e084d39d1bd431abc4362ad2c452e43 89fdb23624a34dfbb977028da00055f2 - - default default] TaaS: Handle Delete Port: 17dcee54-193e-4ae6-bed5-2c4b5ccb8497
2026-05-10 05:15:36.704 8 INFO neutron_taas.services.taas.tap_mirror_plugin [None req-c269dcf3-80a0-4807-9216-7eee4dfee8f1 6e084d39d1bd431abc4362ad2c452e43 89fdb23624a34dfbb977028da00055f2 - - default default] Tap Mirror: Handle Delete Port: 17dcee54-193e-4ae6-bed5-2c4b5ccb8497
2026-05-10 05:15:36.717 7 INFO neutron.db.ovn_revision_numbers_db [None req-e4acbec1-d2dd-407a-b5ef-3199def8d489 94e12afa08d74ce6ab4c8048c5b64565 e77a3ebf7ec14a2693fb95c405a9890c - - default default] Successfully bumped revision number for resource e05d79bc-664c-4fec-b0a4-7a42e8587cc0 (type: ports) to 1 [pid: 7|app: 0|req: 789/1568] 10.0.0.201 () {34 vars in 670 bytes} [Sun May 10 05:15:36 2026] POST /v2.0/networks => generated 669 bytes in 595 msecs (HTTP/1.1 201) 4 headers in 162 bytes (1 switches on core 0) [pid: 8|app: 0|req: 780/1569] 10.0.0.201 () {32 vars in 720 bytes} [Sun May 10 05:15:36 2026] DELETE /v2.0/ports/17dcee54-193e-4ae6-bed5-2c4b5ccb8497 => generated 0 bytes in 338 msecs (HTTP/1.1 204) 3 headers in 131 bytes (1 switches on core 0)
2026-05-10 05:15:36.992 7 INFO neutron.plugins.ml2.drivers.ovn.mech_driver.mech_driver [None req-de594d84-ba7d-4e17-84fc-3c30c2ed4648 - - - - - -] OVN reports status down for port: b7679013-39db-47ee-9fcf-67ad0ef6944b
2026-05-10 05:15:37.044 7 INFO neutron.db.ovn_revision_numbers_db [None req-8b59733c-f704-4f9e-8359-06d913d60128 84b82ef00e974af58fe5af41c9eef1d7 6822307f62224fe7b914320059e5aabc - - default default] Successfully bumped revision number for resource b7679013-39db-47ee-9fcf-67ad0ef6944b (type: ports) to 2
2026-05-10 05:15:37.069 8 WARNING neutron.scheduler.dhcp_agent_scheduler [None req-a956774e-c6ff-4749-b74d-5745d6ca4dea 94e12afa08d74ce6ab4c8048c5b64565 e77a3ebf7ec14a2693fb95c405a9890c - - default default] No more DHCP agents
2026-05-10 05:15:37.070 8 WARNING neutron.api.rpc.agentnotifiers.dhcp_rpc_agent_api [None req-a956774e-c6ff-4749-b74d-5745d6ca4dea 94e12afa08d74ce6ab4c8048c5b64565 e77a3ebf7ec14a2693fb95c405a9890c - - default default] Unable to schedule network 44058d89-1059-491a-948f-9872d166b446: no agents available; will retry on subsequent port and subnet creation events. [pid: 7|app: 0|req: 790/1570] 10.0.0.201 () {34 vars in 737 bytes} [Sun May 10 05:15:36 2026] PUT /v2.0/ports/b7679013-39db-47ee-9fcf-67ad0ef6944b => generated 752 bytes in 368 msecs (HTTP/1.1 200) 4 headers in 157 bytes (1 switches on core 0) /var/lib/openstack/lib/python3.12/site-packages/pycadf/identifier.py:70: UserWarning: Invalid uuid: neutron. To ensure interoperability, identifiers should be a valid uuid. warnings.warn(('Invalid uuid: %s. To ensure interoperability, '
2026-05-10 05:15:37.137 7 INFO neutron.plugins.ml2.drivers.ovn.mech_driver.mech_driver [None req-de594d84-ba7d-4e17-84fc-3c30c2ed4648 - - - - - -] OVN reports status down for port: da7a38cd-5f73-499f-bb55-bc4a6e8ad552
2026-05-10 05:15:37.145 8 INFO neutron.db.ovn_revision_numbers_db [None req-a956774e-c6ff-4749-b74d-5745d6ca4dea 94e12afa08d74ce6ab4c8048c5b64565 e77a3ebf7ec14a2693fb95c405a9890c - - default default] Successfully bumped revision number for resource da7a38cd-5f73-499f-bb55-bc4a6e8ad552 (type: ports) to 1
2026-05-10 05:15:37.153 7 INFO neutron.pecan_wsgi.hooks.translation [None req-0f344ff3-0bd1-4e82-9d5f-e40fb55f704b 6e084d39d1bd431abc4362ad2c452e43 89fdb23624a34dfbb977028da00055f2 - - default default] DELETE failed (client error): The resource could not be found. [pid: 7|app: 0|req: 791/1571] 10.0.0.201 () {32 vars in 720 bytes} [Sun May 10 05:15:37 2026] DELETE /v2.0/ports/17dcee54-193e-4ae6-bed5-2c4b5ccb8497 => generated 132 bytes in 37 msecs (HTTP/1.1 404) 4 headers in 164 bytes (1 switches on core 0) [pid: 8|app: 0|req: 781/1572] 10.0.0.201 () {34 vars in 664 bytes} [Sun May 10 05:15:36 2026] POST /v2.0/ports => generated 743 bytes in 315 msecs (HTTP/1.1 201) 4 headers in 162 bytes (1 switches on core 0) /var/lib/openstack/lib/python3.12/site-packages/pycadf/identifier.py:70: UserWarning: Invalid uuid: neutron. To ensure interoperability, identifiers should be a valid uuid. warnings.warn(('Invalid uuid: %s. To ensure interoperability, '
2026-05-10 05:15:37.209 8 INFO neutron.pecan_wsgi.hooks.translation [None req-c4cf9c72-8654-4f59-9a19-78e8764057ec 6e084d39d1bd431abc4362ad2c452e43 89fdb23624a34dfbb977028da00055f2 - - default default] GET failed (client error): The resource could not be found. [pid: 8|app: 0|req: 782/1573] 10.0.0.201 () {32 vars in 717 bytes} [Sun May 10 05:15:37 2026] GET /v2.0/ports/17dcee54-193e-4ae6-bed5-2c4b5ccb8497 => generated 132 bytes in 19 msecs (HTTP/1.1 404) 4 headers in 164 bytes (1 switches on core 0)
2026-05-10 05:15:37.314 8 INFO neutron.db.segments_db [None req-19603b78-5463-4d1a-a407-88ce498ec5c4 94e12afa08d74ce6ab4c8048c5b64565 e77a3ebf7ec14a2693fb95c405a9890c - - default default] Added segment 7216f4d1-35c7-4a59-a4d9-9ae22a11dc9d of type geneve for network 75e00294-c47d-4879-a9b2-11e38b0c0705
2026-05-10 05:15:37.348 7 INFO neutron_taas.services.taas.taas_plugin [None req-bf2b44f7-adf0-40b3-a5e4-3fa97c95dcba 84b82ef00e974af58fe5af41c9eef1d7 6822307f62224fe7b914320059e5aabc - - default default] TaaS: Handle Delete Port: b7679013-39db-47ee-9fcf-67ad0ef6944b
2026-05-10 05:15:37.350 7 INFO neutron_taas.services.taas.tap_mirror_plugin [None req-bf2b44f7-adf0-40b3-a5e4-3fa97c95dcba 84b82ef00e974af58fe5af41c9eef1d7 6822307f62224fe7b914320059e5aabc - - default default] Tap Mirror: Handle Delete Port: b7679013-39db-47ee-9fcf-67ad0ef6944b
2026-05-10 05:15:37.458 8 INFO neutron.db.ovn_revision_numbers_db [None req-19603b78-5463-4d1a-a407-88ce498ec5c4 94e12afa08d74ce6ab4c8048c5b64565 e77a3ebf7ec14a2693fb95c405a9890c - - default default] Successfully bumped revision number for resource 75e00294-c47d-4879-a9b2-11e38b0c0705 (type: networks) to 1 [pid: 7|app: 0|req: 792/1574] 10.0.0.201 () {32 vars in 720 bytes} [Sun May 10 05:15:37 2026] DELETE /v2.0/ports/b7679013-39db-47ee-9fcf-67ad0ef6944b => generated 0 bytes in 311 msecs (HTTP/1.1 204) 3 headers in 131 bytes (1 switches on core 0) [pid: 7|app: 0|req: 793/1575] 10.0.0.162 () {34 vars in 990 bytes} [Sun May 10 05:15:37 2026] GET /v2.0/ports?device_id=92e274db-8e82-427a-9627-260ee4c5622d => generated 971 bytes in 56 msecs (HTTP/1.1 200) 4 headers in 157 bytes (1 switches on core 0)
2026-05-10 05:15:37.627 8 WARNING neutron.scheduler.dhcp_agent_scheduler [None req-19603b78-5463-4d1a-a407-88ce498ec5c4 94e12afa08d74ce6ab4c8048c5b64565 e77a3ebf7ec14a2693fb95c405a9890c - - default default] No more DHCP agents
2026-05-10 05:15:37.629 8 WARNING neutron.api.rpc.agentnotifiers.dhcp_rpc_agent_api [None req-19603b78-5463-4d1a-a407-88ce498ec5c4 94e12afa08d74ce6ab4c8048c5b64565 e77a3ebf7ec14a2693fb95c405a9890c - - default default] Unable to schedule network 75e00294-c47d-4879-a9b2-11e38b0c0705: no agents available; will retry on subsequent port and subnet creation events.
2026-05-10 05:15:37.694 8 INFO neutron.plugins.ml2.drivers.ovn.mech_driver.mech_driver [None req-15588866-46db-47c0-929e-420420ef9ac9 - - - - - -] OVN reports status down for port: 9e3e6a92-225b-4277-a5b8-e8357f96138e [pid: 7|app: 0|req: 794/1576] 10.0.0.201 () {32 vars in 724 bytes} [Sun May 10 05:15:37 2026] DELETE /v2.0/subnets/17423142-58e3-40de-8d66-a2dcfc26ab86 => generated 0 bytes in 173 msecs (HTTP/1.1 204) 3 headers in 131 bytes (1 switches on core 0) [pid: 7|app: 0|req: 795/1577] 10.0.0.201 () {32 vars in 643 bytes} [Sun May 10 05:15:37 2026] GET /v2.0/ports => generated 1538 bytes in 41 msecs (HTTP/1.1 200) 4 headers in 158 bytes (1 switches on core 0)
2026-05-10 05:15:37.763 8 INFO neutron.db.ovn_revision_numbers_db [None req-19603b78-5463-4d1a-a407-88ce498ec5c4 94e12afa08d74ce6ab4c8048c5b64565 e77a3ebf7ec14a2693fb95c405a9890c - - default default] Successfully bumped revision number for resource 9e3e6a92-225b-4277-a5b8-e8357f96138e (type: ports) to 1 [pid: 7|app: 0|req: 796/1578] 10.0.0.162 () {34 vars in 1040 bytes} [Sun May 10 05:15:37 2026] GET /v2.0/security-groups?id=f8981a5b-1649-4f7a-9594-ac7dcaa34ed2&fields=id&fields=name => generated 113 bytes in 36 msecs (HTTP/1.1 200) 4 headers in 157 bytes (1 switches on core 0) [pid: 8|app: 0|req: 783/1579] 10.0.0.201 () {34 vars in 670 bytes} [Sun May 10 05:15:37 2026] POST /v2.0/networks => generated 670 bytes in 592 msecs (HTTP/1.1 201) 4 headers in 162 bytes (1 switches on core 0)
2026-05-10 05:15:37.906 7 INFO neutron_taas.services.taas.taas_plugin [None req-6ac8ab93-7d5e-4c4d-83c7-ca54aea7b74c 6e084d39d1bd431abc4362ad2c452e43 89fdb23624a34dfbb977028da00055f2 - - default default] TaaS: Handle Delete Port: aff6e21e-9a80-421b-8d4c-36f9f145fbca
2026-05-10 05:15:37.909 7 INFO neutron_taas.services.taas.tap_mirror_plugin [None req-6ac8ab93-7d5e-4c4d-83c7-ca54aea7b74c 6e084d39d1bd431abc4362ad2c452e43 89fdb23624a34dfbb977028da00055f2 - - default default] Tap Mirror: Handle Delete Port: aff6e21e-9a80-421b-8d4c-36f9f145fbca
2026-05-10 05:15:38.092 7 INFO neutron.services.segments.plugin [-] Segment 13e1bf26-6596-4889-a6aa-659843a83126 resource provider aggregate not found
2026-05-10 05:15:38.102 7 INFO neutron.services.segments.plugin [-] Segment 13e1bf26-6596-4889-a6aa-659843a83126 resource provider aggregate not found
2026-05-10 05:15:38.112 7 INFO neutron.services.segments.plugin [-] Segment 13e1bf26-6596-4889-a6aa-659843a83126 resource provider not found; error: Placement Client Error (4xx): {"errors": [{"status": 404, "title": "Not Found", "detail": "The resource could not be found.\n\n No resource provider with uuid 13e1bf26-6596-4889-a6aa-659843a83126 found for delete ", "request_id": "req-38fcd9ad-4681-4505-9704-772023b6c103"}]}
2026-05-10 05:15:38.124 7 INFO neutron.services.segments.plugin [-] Segment 13e1bf26-6596-4889-a6aa-659843a83126 resource provider not found; error: Placement Client Error (4xx): {"errors": [{"status": 404, "title": "Not Found", "detail": "The resource could not be found.\n\n No resource provider with uuid 13e1bf26-6596-4889-a6aa-659843a83126 found for delete ", "request_id": "req-6fcadebf-f815-491e-b306-547b28bdd61b"}]} [pid: 7|app: 0|req: 797/1580] 10.0.0.201 () {32 vars in 726 bytes} [Sun May 10 05:15:37 2026] DELETE /v2.0/networks/4f3d3772-2b8e-4705-87e6-4733917eac1d => generated 0 bytes in 369 msecs (HTTP/1.1 204) 3 headers in 131 bytes (1 switches on core 0)
2026-05-10 05:15:38.315 8 INFO neutron.pecan_wsgi.hooks.translation [None req-8a7dbaff-0890-49cd-94be-3e313de49bb5 84b82ef00e974af58fe5af41c9eef1d7 6822307f62224fe7b914320059e5aabc - - default default] GET failed (client error): The resource could not be found. [pid: 8|app: 0|req: 784/1581] 10.0.0.201 () {32 vars in 717 bytes} [Sun May 10 05:15:37 2026] GET /v2.0/ports/b7679013-39db-47ee-9fcf-67ad0ef6944b => generated 132 bytes in 514 msecs (HTTP/1.1 404) 4 headers in 164 bytes (1 switches on core 0)
2026-05-10 05:15:38.368 7 WARNING neutron.scheduler.dhcp_agent_scheduler [None req-b7ddeb97-bccc-49e6-9214-a716da441b65 94e12afa08d74ce6ab4c8048c5b64565 e77a3ebf7ec14a2693fb95c405a9890c - - default default] No more DHCP agents
2026-05-10 05:15:38.369 7 WARNING neutron.api.rpc.agentnotifiers.dhcp_rpc_agent_api [None req-b7ddeb97-bccc-49e6-9214-a716da441b65 94e12afa08d74ce6ab4c8048c5b64565 e77a3ebf7ec14a2693fb95c405a9890c - - default default] Unable to schedule network 75e00294-c47d-4879-a9b2-11e38b0c0705: no agents available; will retry on subsequent port and subnet creation events.
2026-05-10 05:15:38.399 8 INFO neutron.db.segments_db [None req-1eb39718-0c51-4338-9655-79a1e6efc5c7 6e084d39d1bd431abc4362ad2c452e43 89fdb23624a34dfbb977028da00055f2 - - default default] Added segment 0f3e9914-4c6b-4550-a83e-48024cb8ea1f of type geneve for network f836439b-8b17-4f80-b0cd-fae45ded7545
2026-05-10 05:15:38.429 8 INFO neutron.plugins.ml2.drivers.ovn.mech_driver.mech_driver [None req-15588866-46db-47c0-929e-420420ef9ac9 - - - - - -] OVN reports status down for port: fe009969-5501-40d7-a744-1a371abdf37d
2026-05-10 05:15:38.456 7 INFO neutron.db.ovn_revision_numbers_db [None req-b7ddeb97-bccc-49e6-9214-a716da441b65 94e12afa08d74ce6ab4c8048c5b64565 e77a3ebf7ec14a2693fb95c405a9890c - - default default] Successfully bumped revision number for resource fe009969-5501-40d7-a744-1a371abdf37d (type: ports) to 1 [pid: 7|app: 0|req: 798/1582] 10.0.0.201 () {34 vars in 664 bytes} [Sun May 10 05:15:38 2026] POST /v2.0/ports => generated 743 bytes in 354 msecs (HTTP/1.1 201) 4 headers in 162 bytes (1 switches on core 0) /var/lib/openstack/lib/python3.12/site-packages/pycadf/identifier.py:70: UserWarning: Invalid uuid: neutron. To ensure interoperability, identifiers should be a valid uuid. warnings.warn(('Invalid uuid: %s. To ensure interoperability, ' [pid: 7|app: 0|req: 799/1583] 10.0.0.201 () {32 vars in 643 bytes} [Sun May 10 05:15:38 2026] GET /v2.0/ports => generated 1538 bytes in 51 msecs (HTTP/1.1 200) 4 headers in 158 bytes (1 switches on core 0)
2026-05-10 05:15:38.561 8 INFO neutron.db.ovn_revision_numbers_db [None req-1eb39718-0c51-4338-9655-79a1e6efc5c7 6e084d39d1bd431abc4362ad2c452e43 89fdb23624a34dfbb977028da00055f2 - - default default] Successfully bumped revision number for resource f836439b-8b17-4f80-b0cd-fae45ded7545 (type: networks) to 1 [pid: 7|app: 0|req: 800/1584] 10.0.0.201 () {34 vars in 747 bytes} [Sun May 10 05:15:38 2026] PUT /v2.0/ports/7ac16550-ac82-4e2f-b327-4701380e311c/tags => generated 17 bytes in 63 msecs (HTTP/1.1 200) 4 headers in 156 bytes (1 switches on core 0) /var/lib/openstack/lib/python3.12/site-packages/pycadf/identifier.py:70: UserWarning: Invalid uuid: neutron. To ensure interoperability, identifiers should be a valid uuid. warnings.warn(('Invalid uuid: %s. To ensure interoperability, ' [pid: 7|app: 0|req: 801/1585] 10.0.0.201 () {32 vars in 717 bytes} [Sun May 10 05:15:38 2026] GET /v2.0/ports/00ebcf3b-9870-4a54-8a9e-3a6eaf201a34 => generated 779 bytes in 47 msecs (HTTP/1.1 200) 4 headers in 157 bytes (1 switches on core 0) [pid: 7|app: 0|req: 802/1586] 10.0.0.201 () {34 vars in 747 bytes} [Sun May 10 05:15:38 2026] PUT /v2.0/ports/87361920-fc6f-4032-995a-4bdf52e6540c/tags => generated 25 bytes in 64 msecs (HTTP/1.1 200) 4 headers in 156 bytes (1 switches on core 0)
2026-05-10 05:15:38.732 8 WARNING neutron.scheduler.dhcp_agent_scheduler [None req-1eb39718-0c51-4338-9655-79a1e6efc5c7 6e084d39d1bd431abc4362ad2c452e43 89fdb23624a34dfbb977028da00055f2 - - default default] No more DHCP agents
2026-05-10 05:15:38.733 8 WARNING neutron.api.rpc.agentnotifiers.dhcp_rpc_agent_api [None req-1eb39718-0c51-4338-9655-79a1e6efc5c7 6e084d39d1bd431abc4362ad2c452e43 89fdb23624a34dfbb977028da00055f2 - - default default] Unable to schedule network f836439b-8b17-4f80-b0cd-fae45ded7545: no agents available; will retry on subsequent port and subnet creation events. /var/lib/openstack/lib/python3.12/site-packages/pycadf/identifier.py:70: UserWarning: Invalid uuid: neutron. To ensure interoperability, identifiers should be a valid uuid. warnings.warn(('Invalid uuid: %s. To ensure interoperability, '
2026-05-10 05:15:38.746 7 INFO neutron.pecan_wsgi.hooks.translation [None req-18cc56d3-7b71-45fc-a92d-1e35d76e88a2 84b82ef00e974af58fe5af41c9eef1d7 6822307f62224fe7b914320059e5aabc - - default default] DELETE failed (client error): The resource could not be found. [pid: 7|app: 0|req: 803/1587] 10.0.0.201 () {32 vars in 720 bytes} [Sun May 10 05:15:38 2026] DELETE /v2.0/ports/8fc02d26-c639-454c-9b57-ec6670cb945f => generated 132 bytes in 16 msecs (HTTP/1.1 404) 4 headers in 164 bytes (1 switches on core 0)
2026-05-10 05:15:38.810 7 INFO neutron.plugins.ml2.drivers.ovn.mech_driver.mech_driver [None req-de594d84-ba7d-4e17-84fc-3c30c2ed4648 - - - - - -] OVN reports status down for port: 7d352ea2-9ce6-4cc3-903b-f00532b2271d
2026-05-10 05:15:38.813 8 INFO neutron.db.ovn_revision_numbers_db [None req-1eb39718-0c51-4338-9655-79a1e6efc5c7 6e084d39d1bd431abc4362ad2c452e43 89fdb23624a34dfbb977028da00055f2 - - default default] Successfully bumped revision number for resource 7d352ea2-9ce6-4cc3-903b-f00532b2271d (type: ports) to 1 [pid: 8|app: 0|req: 785/1588] 10.0.0.201 () {34 vars in 670 bytes} [Sun May 10 05:15:38 2026] POST /v2.0/networks => generated 670 bytes in 519 msecs (HTTP/1.1 201) 4 headers in 162 bytes (1 switches on core 0)
2026-05-10 05:15:38.849 8 INFO neutron.pecan_wsgi.hooks.translation [None req-dfd69c18-b9ae-4a1f-aa1d-175bcdbbeb4c 84b82ef00e974af58fe5af41c9eef1d7 6822307f62224fe7b914320059e5aabc - - default default] DELETE failed (client error): The resource could not be found. [pid: 8|app: 0|req: 786/1589] 10.0.0.201 () {32 vars in 724 bytes} [Sun May 10 05:15:38 2026] DELETE /v2.0/subnets/753b9387-6adb-4f45-a533-bac4957aafb6 => generated 136 bytes in 15 msecs (HTTP/1.1 404) 4 headers in 164 bytes (1 switches on core 0) [pid: 7|app: 0|req: 804/1590] 10.0.0.201 () {34 vars in 747 bytes} [Sun May 10 05:15:38 2026] PUT /v2.0/ports/1e9e8492-9ba2-4baa-be80-1041fa145c8b/tags => generated 34 bytes in 120 msecs (HTTP/1.1 200) 4 headers in 156 bytes (1 switches on core 0) /var/lib/openstack/lib/python3.12/site-packages/pycadf/identifier.py:70: UserWarning: Invalid uuid: neutron. To ensure interoperability, identifiers should be a valid uuid. warnings.warn(('Invalid uuid: %s. To ensure interoperability, '
2026-05-10 05:15:38.890 7 INFO neutron.pecan_wsgi.hooks.translation [None req-a098e6c5-1c91-4a58-8798-cdbc2b93af75 84b82ef00e974af58fe5af41c9eef1d7 6822307f62224fe7b914320059e5aabc - - default default] DELETE failed (client error): The resource could not be found. [pid: 7|app: 0|req: 805/1591] 10.0.0.201 () {32 vars in 724 bytes} [Sun May 10 05:15:38 2026] DELETE /v2.0/subnets/1bb4dc6c-61e0-4c03-b724-cba70342d81a => generated 136 bytes in 25 msecs (HTTP/1.1 404) 4 headers in 164 bytes (1 switches on core 0) [pid: 7|app: 0|req: 806/1592] 10.0.0.201 () {34 vars in 747 bytes} [Sun May 10 05:15:38 2026] PUT /v2.0/ports/da7a38cd-5f73-499f-bb55-bc4a6e8ad552/tags => generated 19 bytes in 83 msecs (HTTP/1.1 200) 4 headers in 156 bytes (1 switches on core 0) /var/lib/openstack/lib/python3.12/site-packages/pycadf/identifier.py:70: UserWarning: Invalid uuid: neutron. To ensure interoperability, identifiers should be a valid uuid. warnings.warn(('Invalid uuid: %s. To ensure interoperability, '
2026-05-10 05:15:39.015 8 WARNING neutron.scheduler.dhcp_agent_scheduler [None req-4aa5ddab-a07b-4122-bc8b-8da3f4d0d347 6e084d39d1bd431abc4362ad2c452e43 89fdb23624a34dfbb977028da00055f2 - - default default] No more DHCP agents
2026-05-10 05:15:39.017 8 WARNING neutron.api.rpc.agentnotifiers.dhcp_rpc_agent_api [None req-4aa5ddab-a07b-4122-bc8b-8da3f4d0d347 6e084d39d1bd431abc4362ad2c452e43 89fdb23624a34dfbb977028da00055f2 - - default default] Unable to schedule network f836439b-8b17-4f80-b0cd-fae45ded7545: no agents available; will retry on subsequent port and subnet creation events.
2026-05-10 05:15:39.095 7 INFO neutron_taas.services.taas.taas_plugin [None req-a4bd3155-dd7d-48d3-8ee8-840093a96397 84b82ef00e974af58fe5af41c9eef1d7 6822307f62224fe7b914320059e5aabc - - default default] TaaS: Handle Delete Port: 00ebcf3b-9870-4a54-8a9e-3a6eaf201a34
2026-05-10 05:15:39.098 7 INFO neutron_taas.services.taas.tap_mirror_plugin [None req-a4bd3155-dd7d-48d3-8ee8-840093a96397 84b82ef00e974af58fe5af41c9eef1d7 6822307f62224fe7b914320059e5aabc - - default default] Tap Mirror: Handle Delete Port: 00ebcf3b-9870-4a54-8a9e-3a6eaf201a34 [pid: 7|app: 0|req: 807/1593] 10.0.0.201 () {32 vars in 720 bytes} [Sun May 10 05:15:38 2026] DELETE /v2.0/ports/00ebcf3b-9870-4a54-8a9e-3a6eaf201a34 => generated 0 bytes in 221 msecs (HTTP/1.1 204) 3 headers in 131 bytes (1 switches on core 0) [pid: 7|app: 0|req: 808/1594] 10.0.0.201 () {32 vars in 660 bytes} [Sun May 10 05:15:39 2026] GET /v2.0/ports?tags=red => generated 2253 bytes in 114 msecs (HTTP/1.1 200) 4 headers in 158 bytes (1 switches on core 0)
2026-05-10 05:15:39.424 7 INFO neutron_taas.services.taas.taas_plugin [None req-d4c5577b-1024-4634-b80a-24a404cb8679 84b82ef00e974af58fe5af41c9eef1d7 6822307f62224fe7b914320059e5aabc - - default default] TaaS: Handle Delete Port: 4f548f05-2258-4471-bef3-2b290413ceeb
2026-05-10 05:15:39.426 7 INFO neutron_taas.services.taas.tap_mirror_plugin [None req-d4c5577b-1024-4634-b80a-24a404cb8679 84b82ef00e974af58fe5af41c9eef1d7 6822307f62224fe7b914320059e5aabc - - default default] Tap Mirror: Handle Delete Port: 4f548f05-2258-4471-bef3-2b290413ceeb
2026-05-10 05:15:39.466 8 INFO neutron.db.ovn_revision_numbers_db [None req-4aa5ddab-a07b-4122-bc8b-8da3f4d0d347 6e084d39d1bd431abc4362ad2c452e43 89fdb23624a34dfbb977028da00055f2 - - default default] Successfully bumped revision number for resource 7d352ea2-9ce6-4cc3-903b-f00532b2271d (type: ports) to 2
2026-05-10 05:15:39.493 8 INFO neutron.db.ovn_revision_numbers_db [None req-4aa5ddab-a07b-4122-bc8b-8da3f4d0d347 6e084d39d1bd431abc4362ad2c452e43 89fdb23624a34dfbb977028da00055f2 - - default default] Successfully bumped revision number for resource 4b92e8f6-3b47-4c0c-95b6-de8e692b49c5 (type: subnets) to 0 [pid: 8|app: 0|req: 787/1595] 10.0.0.201 () {34 vars in 669 bytes} [Sun May 10 05:15:38 2026] POST /v2.0/subnets => generated 626 bytes in 660 msecs (HTTP/1.1 201) 4 headers in 162 bytes (1 switches on core 0) [pid: 8|app: 0|req: 788/1596] 10.0.0.201 () {32 vars in 674 bytes} [Sun May 10 05:15:39 2026] GET /v2.0/ports?tags=red%2Cblue => generated 1513 bytes in 124 msecs (HTTP/1.1 200) 4 headers in 158 bytes (1 switches on core 0) [pid: 7|app: 0|req: 809/1597] 10.0.0.201 () {32 vars in 726 bytes} [Sun May 10 05:15:39 2026] DELETE /v2.0/networks/4d664090-7e93-4566-aa66-abf91a1b2080 => generated 0 bytes in 353 msecs (HTTP/1.1 204) 3 headers in 131 bytes (1 switches on core 0) [pid: 7|app: 0|req: 810/1598] 10.0.0.201 () {32 vars in 670 bytes} [Sun May 10 05:15:39 2026] GET /v2.0/ports?tags-any=blue => generated 1513 bytes in 64 msecs (HTTP/1.1 200) 4 headers in 158 bytes (1 switches on core 0) [pid: 7|app: 0|req: 811/1599] 10.0.0.201 () {32 vars in 682 bytes} [Sun May 10 05:15:39 2026] GET /v2.0/ports?tags-any=red%2Cblue => generated 2253 bytes in 41 msecs (HTTP/1.1 200) 4 headers in 158 bytes (1 switches on core 0) [pid: 7|app: 0|req: 812/1600] 10.0.0.201 () {32 vars in 668 bytes} [Sun May 10 05:15:39 2026] GET /v2.0/ports?not-tags=red => generated 5268 bytes in 135 msecs (HTTP/1.1 200) 4 headers in 158 bytes (1 switches on core 0)
2026-05-10 05:15:39.929 8 WARNING neutron.scheduler.dhcp_agent_scheduler [None req-1d572652-5e62-41af-87b8-f3d430845fab 6e084d39d1bd431abc4362ad2c452e43 89fdb23624a34dfbb977028da00055f2 - - default default] No more DHCP agents
2026-05-10 05:15:39.930 8 WARNING neutron.api.rpc.agentnotifiers.dhcp_rpc_agent_api [None req-1d572652-5e62-41af-87b8-f3d430845fab 6e084d39d1bd431abc4362ad2c452e43 89fdb23624a34dfbb977028da00055f2 - - default default] Unable to schedule network f836439b-8b17-4f80-b0cd-fae45ded7545: no agents available; will retry on subsequent port and subnet creation events. [pid: 7|app: 0|req: 813/1601] 10.0.0.201 () {32 vars in 682 bytes} [Sun May 10 05:15:39 2026] GET /v2.0/ports?not-tags=red%2Cblue => generated 6008 bytes in 90 msecs (HTTP/1.1 200) 4 headers in 158 bytes (1 switches on core 0)
2026-05-10 05:15:40.059 8 INFO neutron.db.ovn_revision_numbers_db [None req-1d572652-5e62-41af-87b8-f3d430845fab 6e084d39d1bd431abc4362ad2c452e43 89fdb23624a34dfbb977028da00055f2 - - default default] Successfully bumped revision number for resource 4f03b89f-7c99-4edd-974c-114cdab283e2 (type: ports) to 1 [pid: 8|app: 0|req: 789/1602] 10.0.0.201 () {34 vars in 665 bytes} [Sun May 10 05:15:39 2026] POST /v2.0/ports => generated 912 bytes in 441 msecs (HTTP/1.1 201) 4 headers in 162 bytes (1 switches on core 0)
2026-05-10 05:15:40.097 7 INFO neutron.plugins.ml2.drivers.ovn.mech_driver.mech_driver [None req-de594d84-ba7d-4e17-84fc-3c30c2ed4648 - - - - - -] OVN reports status down for port: 4f03b89f-7c99-4edd-974c-114cdab283e2
2026-05-10 05:15:40.139 7 INFO neutron.services.segments.plugin [-] Segment 6cb6463f-e6a1-4c5b-9a14-4edb89a8f6a8 resource provider aggregate not found
2026-05-10 05:15:40.144 7 INFO neutron.services.segments.plugin [-] Segment 6cb6463f-e6a1-4c5b-9a14-4edb89a8f6a8 resource provider aggregate not found
2026-05-10 05:15:40.161 7 INFO neutron.services.segments.plugin [-] Segment 6cb6463f-e6a1-4c5b-9a14-4edb89a8f6a8 resource provider not found; error: Placement Client Error (4xx): {"errors": [{"status": 404, "title": "Not Found", "detail": "The resource could not be found.\n\n No resource provider with uuid 6cb6463f-e6a1-4c5b-9a14-4edb89a8f6a8 found for delete ", "request_id": "req-5317c39c-d2df-4c8f-a415-147f82c37cca"}]}
2026-05-10 05:15:40.170 7 INFO neutron.services.segments.plugin [-] Segment 6cb6463f-e6a1-4c5b-9a14-4edb89a8f6a8 resource provider not found; error: Placement Client Error (4xx): {"errors": [{"status": 404, "title": "Not Found", "detail": "The resource could not be found.\n\n No resource provider with uuid 6cb6463f-e6a1-4c5b-9a14-4edb89a8f6a8 found for delete ", "request_id": "req-078c813a-3580-4b96-ae45-2703809fd3f4"}]} [pid: 7|app: 0|req: 814/1603] 10.0.0.201 () {32 vars in 678 bytes} [Sun May 10 05:15:40 2026] GET /v2.0/ports?not-tags-any=blue => generated 6008 bytes in 194 msecs (HTTP/1.1 200) 4 headers in 158 bytes (1 switches on core 0)
2026-05-10 05:15:40.211 8 INFO neutron_taas.services.taas.taas_plugin [None req-9426ad64-d5b8-4427-aad8-d8303ad81a10 6e084d39d1bd431abc4362ad2c452e43 89fdb23624a34dfbb977028da00055f2 - - default default] TaaS: Handle Delete Port: 4f03b89f-7c99-4edd-974c-114cdab283e2
2026-05-10 05:15:40.215 8 INFO neutron_taas.services.taas.tap_mirror_plugin [None req-9426ad64-d5b8-4427-aad8-d8303ad81a10 6e084d39d1bd431abc4362ad2c452e43 89fdb23624a34dfbb977028da00055f2 - - default default] Tap Mirror: Handle Delete Port: 4f03b89f-7c99-4edd-974c-114cdab283e2
2026-05-10 05:15:40.295 7 WARNING neutron.db.securitygroups_db [None req-aca55c8b-f7cc-4470-bbe7-24ac93abedfa ae7d1fc9cb964133b932410f7b605dac b22c3a43ac3048f4812c26ea5b3a8f9e - - default default] project_id key not found in filters, using tenant_id instead. This support has been deprecated and will be removed in a future release. [pid: 7|app: 0|req: 815/1604] 10.0.0.201 () {32 vars in 774 bytes} [Sun May 10 05:15:40 2026] GET /v2.0/security-groups?tenant_id=6822307f62224fe7b914320059e5aabc&name=default => generated 2925 bytes in 109 msecs (HTTP/1.1 200) 4 headers in 158 bytes (1 switches on core 0) [pid: 8|app: 0|req: 790/1605] 10.0.0.201 () {32 vars in 720 bytes} [Sun May 10 05:15:40 2026] DELETE /v2.0/ports/4f03b89f-7c99-4edd-974c-114cdab283e2 => generated 0 bytes in 277 msecs (HTTP/1.1 204) 3 headers in 131 bytes (1 switches on core 0) [pid: 7|app: 0|req: 816/1606] 10.0.0.201 () {32 vars in 690 bytes} [Sun May 10 05:15:40 2026] GET /v2.0/ports?not-tags-any=red%2Cblue => generated 5268 bytes in 87 msecs (HTTP/1.1 200) 4 headers in 158 bytes (1 switches on core 0)
2026-05-10 05:15:40.417 7 INFO neutron.pecan_wsgi.hooks.translation [None req-d1c14484-e6fc-4f3a-be65-fb465bc2eaeb 6e084d39d1bd431abc4362ad2c452e43 89fdb23624a34dfbb977028da00055f2 - - default default] GET failed (client error): The resource could not be found. [pid: 7|app: 0|req: 817/1607] 10.0.0.201 () {32 vars in 717 bytes} [Sun May 10 05:15:40 2026] GET /v2.0/ports/4f03b89f-7c99-4edd-974c-114cdab283e2 => generated 132 bytes in 13 msecs (HTTP/1.1 404) 4 headers in 164 bytes (1 switches on core 0)
2026-05-10 05:15:40.521 7 INFO neutron_taas.services.taas.taas_plugin [None req-ccf3145e-0113-480a-864b-218d7a1ff8b1 94e12afa08d74ce6ab4c8048c5b64565 e77a3ebf7ec14a2693fb95c405a9890c - - default default] TaaS: Handle Delete Port: 7ac16550-ac82-4e2f-b327-4701380e311c
2026-05-10 05:15:40.524 7 INFO neutron_taas.services.taas.tap_mirror_plugin [None req-ccf3145e-0113-480a-864b-218d7a1ff8b1 94e12afa08d74ce6ab4c8048c5b64565 e77a3ebf7ec14a2693fb95c405a9890c - - default default] Tap Mirror: Handle Delete Port: 7ac16550-ac82-4e2f-b327-4701380e311c [pid: 8|app: 0|req: 791/1608] 10.0.0.201 () {32 vars in 740 bytes} [Sun May 10 05:15:40 2026] DELETE /v2.0/security-groups/38dfa1f7-2ab3-46a6-8f6d-3d2d6d8f8b76 => generated 0 bytes in 171 msecs (HTTP/1.1 204) 2 headers in 112 bytes (1 switches on core 0) [pid: 7|app: 0|req: 818/1609] 10.0.0.201 () {32 vars in 720 bytes} [Sun May 10 05:15:40 2026] DELETE /v2.0/ports/7ac16550-ac82-4e2f-b327-4701380e311c => generated 0 bytes in 212 msecs (HTTP/1.1 204) 3 headers in 131 bytes (1 switches on core 0) [pid: 8|app: 0|req: 792/1610] 10.0.0.201 () {32 vars in 724 bytes} [Sun May 10 05:15:40 2026] DELETE /v2.0/subnets/4b92e8f6-3b47-4c0c-95b6-de8e692b49c5 => generated 0 bytes in 167 msecs (HTTP/1.1 204) 3 headers in 131 bytes (1 switches on core 0)
2026-05-10 05:15:40.759 7 INFO neutron_taas.services.taas.taas_plugin [None req-641796dd-5626-4d88-a57c-008738c9615d 94e12afa08d74ce6ab4c8048c5b64565 e77a3ebf7ec14a2693fb95c405a9890c - - default default] TaaS: Handle Delete Port: 87361920-fc6f-4032-995a-4bdf52e6540c
2026-05-10 05:15:40.764 7 INFO neutron_taas.services.taas.tap_mirror_plugin [None req-641796dd-5626-4d88-a57c-008738c9615d 94e12afa08d74ce6ab4c8048c5b64565 e77a3ebf7ec14a2693fb95c405a9890c - - default default] Tap Mirror: Handle Delete Port: 87361920-fc6f-4032-995a-4bdf52e6540c
2026-05-10 05:15:40.819 8 INFO neutron_taas.services.taas.taas_plugin [None req-c5b9189c-bc26-4c23-bb31-d3a3e97002b8 6e084d39d1bd431abc4362ad2c452e43 89fdb23624a34dfbb977028da00055f2 - - default default] TaaS: Handle Delete Port: 7d352ea2-9ce6-4cc3-903b-f00532b2271d
2026-05-10 05:15:40.822 8 INFO neutron_taas.services.taas.tap_mirror_plugin [None req-c5b9189c-bc26-4c23-bb31-d3a3e97002b8 6e084d39d1bd431abc4362ad2c452e43 89fdb23624a34dfbb977028da00055f2 - - default default] Tap Mirror: Handle Delete Port: 7d352ea2-9ce6-4cc3-903b-f00532b2271d [pid: 7|app: 0|req: 819/1611] 10.0.0.201 () {32 vars in 720 bytes} [Sun May 10 05:15:40 2026] DELETE /v2.0/ports/87361920-fc6f-4032-995a-4bdf52e6540c => generated 0 bytes in 263 msecs (HTTP/1.1 204) 3 headers in 131 bytes (1 switches on core 0)
2026-05-10 05:15:41.017 8 INFO neutron.services.segments.plugin [-] Segment 0f3e9914-4c6b-4550-a83e-48024cb8ea1f resource provider aggregate not found
2026-05-10 05:15:41.020 8 INFO neutron.services.segments.plugin [-] Segment 0f3e9914-4c6b-4550-a83e-48024cb8ea1f resource provider aggregate not found
2026-05-10 05:15:41.025 7 INFO neutron_taas.services.taas.taas_plugin [None req-303c95fb-f834-4b6d-8a54-f8d4fdcc3205 94e12afa08d74ce6ab4c8048c5b64565 e77a3ebf7ec14a2693fb95c405a9890c - - default default] TaaS: Handle Delete Port: 1e9e8492-9ba2-4baa-be80-1041fa145c8b
2026-05-10 05:15:41.028 7 INFO neutron_taas.services.taas.tap_mirror_plugin [None req-303c95fb-f834-4b6d-8a54-f8d4fdcc3205 94e12afa08d74ce6ab4c8048c5b64565 e77a3ebf7ec14a2693fb95c405a9890c - - default default] Tap Mirror: Handle Delete Port: 1e9e8492-9ba2-4baa-be80-1041fa145c8b
2026-05-10 05:15:41.037 8 INFO neutron.services.segments.plugin [-] Segment 0f3e9914-4c6b-4550-a83e-48024cb8ea1f resource provider not found; error: Placement Client Error (4xx): {"errors": [{"status": 404, "title": "Not Found", "detail": "The resource could not be found.\n\n No resource provider with uuid 0f3e9914-4c6b-4550-a83e-48024cb8ea1f found for delete ", "request_id": "req-3be02f5d-fe7b-4c86-bfa9-a76576f1584a"}]}
2026-05-10 05:15:41.040 8 INFO neutron.services.segments.plugin [-] Segment 0f3e9914-4c6b-4550-a83e-48024cb8ea1f resource provider not found; error: Placement Client Error (4xx): {"errors": [{"status": 404, "title": "Not Found", "detail": "The resource could not be found.\n\n No resource provider with uuid 0f3e9914-4c6b-4550-a83e-48024cb8ea1f found for delete ", "request_id": "req-600a98f9-dd74-4702-9703-bcaebb65d843"}]} [pid: 8|app: 0|req: 793/1612] 10.0.0.201 () {32 vars in 726 bytes} [Sun May 10 05:15:40 2026] DELETE /v2.0/networks/f836439b-8b17-4f80-b0cd-fae45ded7545 => generated 0 bytes in 357 msecs (HTTP/1.1 204) 3 headers in 131 bytes (1 switches on core 0) [pid: 7|app: 0|req: 820/1613] 10.0.0.201 () {32 vars in 720 bytes} [Sun May 10 05:15:40 2026] DELETE /v2.0/ports/1e9e8492-9ba2-4baa-be80-1041fa145c8b => generated 0 bytes in 261 msecs (HTTP/1.1 204) 3 headers in 131 bytes (1 switches on core 0)
2026-05-10 05:15:41.277 7 INFO neutron_taas.services.taas.taas_plugin [None req-2a4f12fc-dc3d-44c4-bd46-1ff062da223b 94e12afa08d74ce6ab4c8048c5b64565 e77a3ebf7ec14a2693fb95c405a9890c - - default default] TaaS: Handle Delete Port: da7a38cd-5f73-499f-bb55-bc4a6e8ad552
2026-05-10 05:15:41.280 7 INFO neutron_taas.services.taas.tap_mirror_plugin [None req-2a4f12fc-dc3d-44c4-bd46-1ff062da223b 94e12afa08d74ce6ab4c8048c5b64565 e77a3ebf7ec14a2693fb95c405a9890c - - default default] Tap Mirror: Handle Delete Port: da7a38cd-5f73-499f-bb55-bc4a6e8ad552
2026-05-10 05:15:41.297 8 WARNING neutron.scheduler.dhcp_agent_scheduler [None req-a14c59c1-25a1-4ea4-8bed-c830632168f2 6e084d39d1bd431abc4362ad2c452e43 89fdb23624a34dfbb977028da00055f2 - - default default] No more DHCP agents
2026-05-10 05:15:41.298 8 WARNING neutron.api.rpc.agentnotifiers.dhcp_rpc_agent_api [None req-a14c59c1-25a1-4ea4-8bed-c830632168f2 6e084d39d1bd431abc4362ad2c452e43 89fdb23624a34dfbb977028da00055f2 - - default default] Unable to schedule network 72adf4ec-f7ff-4086-924e-d655b0690017: no agents available; will retry on subsequent port and subnet creation events.
2026-05-10 05:15:41.374 7 INFO neutron.plugins.ml2.drivers.ovn.mech_driver.mech_driver [None req-de594d84-ba7d-4e17-84fc-3c30c2ed4648 - - - - - -] OVN reports status down for port: b4c07414-c957-4887-b966-05e78f450130
2026-05-10 05:15:41.379 8 INFO neutron.db.ovn_revision_numbers_db [None req-a14c59c1-25a1-4ea4-8bed-c830632168f2 6e084d39d1bd431abc4362ad2c452e43 89fdb23624a34dfbb977028da00055f2 - - default default] Successfully bumped revision number for resource b4c07414-c957-4887-b966-05e78f450130 (type: ports) to 1 [pid: 8|app: 0|req: 794/1614] 10.0.0.201 () {34 vars in 665 bytes} [Sun May 10 05:15:41 2026] POST /v2.0/ports => generated 775 bytes in 371 msecs (HTTP/1.1 201) 4 headers in 162 bytes (1 switches on core 0) /var/lib/openstack/lib/python3.12/site-packages/pycadf/identifier.py:70: UserWarning: Invalid uuid: neutron. To ensure interoperability, identifiers should be a valid uuid. warnings.warn(('Invalid uuid: %s. To ensure interoperability, ' [pid: 7|app: 0|req: 821/1615] 10.0.0.201 () {32 vars in 720 bytes} [Sun May 10 05:15:41 2026] DELETE /v2.0/ports/da7a38cd-5f73-499f-bb55-bc4a6e8ad552 => generated 0 bytes in 284 msecs (HTTP/1.1 204) 3 headers in 131 bytes (1 switches on core 0)
2026-05-10 05:15:41.565 7 INFO neutron_taas.services.taas.taas_plugin [None req-05f0916c-8fe2-4bc8-aae7-825c1ae16940 94e12afa08d74ce6ab4c8048c5b64565 e77a3ebf7ec14a2693fb95c405a9890c - - default default] TaaS: Handle Delete Port: fe009969-5501-40d7-a744-1a371abdf37d
2026-05-10 05:15:41.567 7 INFO neutron_taas.services.taas.tap_mirror_plugin [None req-05f0916c-8fe2-4bc8-aae7-825c1ae16940 94e12afa08d74ce6ab4c8048c5b64565 e77a3ebf7ec14a2693fb95c405a9890c - - default default] Tap Mirror: Handle Delete Port: fe009969-5501-40d7-a744-1a371abdf37d
2026-05-10 05:15:41.653 7 INFO neutron.plugins.ml2.drivers.ovn.mech_driver.mech_driver [None req-de594d84-ba7d-4e17-84fc-3c30c2ed4648 - - - - - -] OVN reports status down for port: b4c07414-c957-4887-b966-05e78f450130
2026-05-10 05:15:41.663 8 INFO neutron.db.ovn_revision_numbers_db [None req-c6e0c333-7708-40e8-a200-266107091169 6e084d39d1bd431abc4362ad2c452e43 89fdb23624a34dfbb977028da00055f2 - - default default] Successfully bumped revision number for resource b4c07414-c957-4887-b966-05e78f450130 (type: ports) to 2 [pid: 8|app: 0|req: 795/1616] 10.0.0.201 () {34 vars in 737 bytes} [Sun May 10 05:15:41 2026] PUT /v2.0/ports/b4c07414-c957-4887-b966-05e78f450130 => generated 752 bytes in 248 msecs (HTTP/1.1 200) 4 headers in 157 bytes (1 switches on core 0) /var/lib/openstack/lib/python3.12/site-packages/pycadf/identifier.py:70: UserWarning: Invalid uuid: neutron. To ensure interoperability, identifiers should be a valid uuid. warnings.warn(('Invalid uuid: %s. To ensure interoperability, ' [pid: 7|app: 0|req: 822/1617] 10.0.0.201 () {32 vars in 720 bytes} [Sun May 10 05:15:41 2026] DELETE /v2.0/ports/fe009969-5501-40d7-a744-1a371abdf37d => generated 0 bytes in 279 msecs (HTTP/1.1 204) 3 headers in 131 bytes (1 switches on core 0)
2026-05-10 05:15:41.808 8 INFO neutron_taas.services.taas.taas_plugin [None req-702f6da0-040c-4e2a-bcc3-b3edf90e7562 6e084d39d1bd431abc4362ad2c452e43 89fdb23624a34dfbb977028da00055f2 - - default default] TaaS: Handle Delete Port: b4c07414-c957-4887-b966-05e78f450130
2026-05-10 05:15:41.812 8 INFO neutron_taas.services.taas.tap_mirror_plugin [None req-702f6da0-040c-4e2a-bcc3-b3edf90e7562 6e084d39d1bd431abc4362ad2c452e43 89fdb23624a34dfbb977028da00055f2 - - default default] Tap Mirror: Handle Delete Port: b4c07414-c957-4887-b966-05e78f450130
2026-05-10 05:15:41.838 7 INFO neutron_taas.services.taas.taas_plugin [None req-19e6b812-bdef-446c-bd5e-f4f87d0c222e 94e12afa08d74ce6ab4c8048c5b64565 e77a3ebf7ec14a2693fb95c405a9890c - - default default] TaaS: Handle Delete Port: da6cba84-c58d-462f-8eda-59c76deb4421
2026-05-10 05:15:41.841 7 INFO neutron_taas.services.taas.tap_mirror_plugin [None req-19e6b812-bdef-446c-bd5e-f4f87d0c222e 94e12afa08d74ce6ab4c8048c5b64565 e77a3ebf7ec14a2693fb95c405a9890c - - default default] Tap Mirror: Handle Delete Port: da6cba84-c58d-462f-8eda-59c76deb4421 [pid: 8|app: 0|req: 796/1618] 10.0.0.201 () {32 vars in 720 bytes} [Sun May 10 05:15:41 2026] DELETE /v2.0/ports/b4c07414-c957-4887-b966-05e78f450130 => generated 0 bytes in 234 msecs (HTTP/1.1 204) 3 headers in 131 bytes (1 switches on core 0) [pid: 8|app: 0|req: 797/1619] 10.0.0.201 () {32 vars in 643 bytes} [Sun May 10 05:15:41 2026] GET /v2.0/ports => generated 1534 bytes in 53 msecs (HTTP/1.1 200) 4 headers in 158 bytes (1 switches on core 0)
2026-05-10 05:15:42.010 8 INFO neutron.pecan_wsgi.hooks.translation [None req-d18da885-d395-42c6-8fd0-57e86b5fb2cf 6e084d39d1bd431abc4362ad2c452e43 89fdb23624a34dfbb977028da00055f2 - - default default] GET failed (client error): The resource could not be found. [pid: 8|app: 0|req: 798/1620] 10.0.0.201 () {32 vars in 717 bytes} [Sun May 10 05:15:41 2026] GET /v2.0/ports/b4c07414-c957-4887-b966-05e78f450130 => generated 132 bytes in 16 msecs (HTTP/1.1 404) 4 headers in 164 bytes (1 switches on core 0) [pid: 7|app: 0|req: 823/1621] 10.0.0.201 () {32 vars in 726 bytes} [Sun May 10 05:15:41 2026] DELETE /v2.0/networks/78a711ed-a214-4eb1-9104-6e71f0bf5655 => generated 0 bytes in 313 msecs (HTTP/1.1 204) 3 headers in 131 bytes (1 switches on core 0) [pid: 8|app: 0|req: 799/1622] 10.0.0.201 () {32 vars in 643 bytes} [Sun May 10 05:15:42 2026] GET /v2.0/ports => generated 1534 bytes in 57 msecs (HTTP/1.1 200) 4 headers in 158 bytes (1 switches on core 0) [pid: 8|app: 0|req: 800/1623] 10.0.0.201 () {32 vars in 717 bytes} [Sun May 10 05:15:42 2026] GET /v2.0/ports/e7a4ad77-5a30-442c-8849-9593df07d046 => generated 775 bytes in 37 msecs (HTTP/1.1 200) 4 headers in 157 bytes (1 switches on core 0)
2026-05-10 05:15:42.140 8 INFO neutron.pecan_wsgi.hooks.translation [None req-722c9772-e27b-4dcc-8536-ee159eb3da77 6e084d39d1bd431abc4362ad2c452e43 89fdb23624a34dfbb977028da00055f2 - - default default] DELETE failed (client error): The resource could not be found. [pid: 8|app: 0|req: 801/1624] 10.0.0.201 () {32 vars in 720 bytes} [Sun May 10 05:15:42 2026] DELETE /v2.0/ports/4f03b89f-7c99-4edd-974c-114cdab283e2 => generated 132 bytes in 18 msecs (HTTP/1.1 404) 4 headers in 164 bytes (1 switches on core 0)
2026-05-10 05:15:42.158 8 INFO neutron.pecan_wsgi.hooks.translation [None req-4c72512a-56be-4f4e-b961-38182669516a 6e084d39d1bd431abc4362ad2c452e43 89fdb23624a34dfbb977028da00055f2 - - default default] DELETE failed (client error): The resource could not be found. [pid: 8|app: 0|req: 802/1625] 10.0.0.201 () {32 vars in 724 bytes} [Sun May 10 05:15:42 2026] DELETE /v2.0/subnets/4b92e8f6-3b47-4c0c-95b6-de8e692b49c5 => generated 136 bytes in 14 msecs (HTTP/1.1 404) 4 headers in 164 bytes (1 switches on core 0)
2026-05-10 05:15:42.180 8 INFO neutron.pecan_wsgi.hooks.translation [None req-3167208f-830e-40fe-a4fd-893624ad9938 6e084d39d1bd431abc4362ad2c452e43 89fdb23624a34dfbb977028da00055f2 - - default default] DELETE failed (client error): The resource could not be found.
2026-05-10 05:15:42.181 7 INFO neutron.services.segments.plugin [-] Segment de9ebf19-f125-469e-9698-5a4ce450c6f5 resource provider aggregate not found [pid: 8|app: 0|req: 803/1626] 10.0.0.201 () {32 vars in 724 bytes} [Sun May 10 05:15:42 2026] DELETE /v2.0/subnets/17423142-58e3-40de-8d66-a2dcfc26ab86 => generated 136 bytes in 19 msecs (HTTP/1.1 404) 4 headers in 164 bytes (1 switches on core 0)
2026-05-10 05:15:42.186 7 INFO neutron_taas.services.taas.taas_plugin [None req-97086332-8c87-4d52-ae6b-f48719bcf4af 94e12afa08d74ce6ab4c8048c5b64565 e77a3ebf7ec14a2693fb95c405a9890c - - default default] TaaS: Handle Delete Port: d9731437-fa98-43cc-80d0-df507b3d622b
2026-05-10 05:15:42.192 7 INFO neutron_taas.services.taas.tap_mirror_plugin [None req-97086332-8c87-4d52-ae6b-f48719bcf4af 94e12afa08d74ce6ab4c8048c5b64565 e77a3ebf7ec14a2693fb95c405a9890c - - default default] Tap Mirror: Handle Delete Port: d9731437-fa98-43cc-80d0-df507b3d622b
2026-05-10 05:15:42.202 7 INFO neutron.services.segments.plugin [-] Segment de9ebf19-f125-469e-9698-5a4ce450c6f5 resource provider aggregate not found
2026-05-10 05:15:42.208 7 INFO neutron.services.segments.plugin [-] Segment de9ebf19-f125-469e-9698-5a4ce450c6f5 resource provider not found; error: Placement Client Error (4xx): {"errors": [{"status": 404, "title": "Not Found", "detail": "The resource could not be found.\n\n No resource provider with uuid de9ebf19-f125-469e-9698-5a4ce450c6f5 found for delete ", "request_id": "req-8a8ca587-bbb2-413a-9010-47953ef7b27b"}]}
2026-05-10 05:15:42.218 7 INFO neutron.services.segments.plugin [-] Segment de9ebf19-f125-469e-9698-5a4ce450c6f5 resource provider not found; error: Placement Client Error (4xx): {"errors": [{"status": 404, "title": "Not Found", "detail": "The resource could not be found.\n\n No resource provider with uuid de9ebf19-f125-469e-9698-5a4ce450c6f5 found for delete ", "request_id": "req-4a6e2fed-8c4b-44f5-a33e-a4672f789608"}]}
2026-05-10 05:15:42.317 8 INFO neutron_taas.services.taas.taas_plugin [None req-10b2d1fa-7ba9-4505-a8d2-99008c5485c6 6e084d39d1bd431abc4362ad2c452e43 89fdb23624a34dfbb977028da00055f2 - - default default] TaaS: Handle Delete Port: e7a4ad77-5a30-442c-8849-9593df07d046
2026-05-10 05:15:42.320 8 INFO neutron_taas.services.taas.tap_mirror_plugin [None req-10b2d1fa-7ba9-4505-a8d2-99008c5485c6 6e084d39d1bd431abc4362ad2c452e43 89fdb23624a34dfbb977028da00055f2 - - default default] Tap Mirror: Handle Delete Port: e7a4ad77-5a30-442c-8849-9593df07d046 [pid: 7|app: 0|req: 824/1627] 10.0.0.201 () {32 vars in 726 bytes} [Sun May 10 05:15:42 2026] DELETE /v2.0/networks/5c3347a8-aabf-4b5c-81d7-5c36638dc430 => generated 0 bytes in 374 msecs (HTTP/1.1 204) 3 headers in 131 bytes (1 switches on core 0) [pid: 8|app: 0|req: 804/1628] 10.0.0.201 () {32 vars in 720 bytes} [Sun May 10 05:15:42 2026] DELETE /v2.0/ports/e7a4ad77-5a30-442c-8849-9593df07d046 => generated 0 bytes in 248 msecs (HTTP/1.1 204) 3 headers in 131 bytes (1 switches on core 0)
2026-05-10 05:15:42.542 7 INFO neutron_taas.services.taas.taas_plugin [None req-751611ca-d3de-4675-bfdf-b07e9be72bc0 94e12afa08d74ce6ab4c8048c5b64565 e77a3ebf7ec14a2693fb95c405a9890c - - default default] TaaS: Handle Delete Port: ab2452e9-b7a5-4927-8170-abdeebef32a6
2026-05-10 05:15:42.545 7 INFO neutron_taas.services.taas.tap_mirror_plugin [None req-751611ca-d3de-4675-bfdf-b07e9be72bc0 94e12afa08d74ce6ab4c8048c5b64565 e77a3ebf7ec14a2693fb95c405a9890c - - default default] Tap Mirror: Handle Delete Port: ab2452e9-b7a5-4927-8170-abdeebef32a6
2026-05-10 05:15:42.550 8 INFO neutron_taas.services.taas.taas_plugin [None req-7af83306-c719-4f52-a031-d85b13689fe0 6e084d39d1bd431abc4362ad2c452e43 89fdb23624a34dfbb977028da00055f2 - - default default] TaaS: Handle Delete Port: 5a2a286b-bf05-4eb2-a9a4-a5894048a586
2026-05-10 05:15:42.554 8 INFO neutron_taas.services.taas.tap_mirror_plugin [None req-7af83306-c719-4f52-a031-d85b13689fe0 6e084d39d1bd431abc4362ad2c452e43 89fdb23624a34dfbb977028da00055f2 - - default default] Tap Mirror: Handle Delete Port: 5a2a286b-bf05-4eb2-a9a4-a5894048a586 [pid: 7|app: 0|req: 825/1629] 10.0.0.201 () {32 vars in 726 bytes} [Sun May 10 05:15:42 2026] DELETE /v2.0/networks/0c2f97f5-5405-483f-a999-ad339cb5c24e => generated 0 bytes in 353 msecs (HTTP/1.1 204) 3 headers in 131 bytes (1 switches on core 0) [pid: 8|app: 0|req: 805/1630] 10.0.0.201 () {32 vars in 726 bytes} [Sun May 10 05:15:42 2026] DELETE /v2.0/networks/72adf4ec-f7ff-4086-924e-d655b0690017 => generated 0 bytes in 358 msecs (HTTP/1.1 204) 3 headers in 131 bytes (1 switches on core 0)
2026-05-10 05:15:42.947 7 INFO neutron_taas.services.taas.taas_plugin [None req-bfb03355-1575-472f-ba75-b0dbe429268e 94e12afa08d74ce6ab4c8048c5b64565 e77a3ebf7ec14a2693fb95c405a9890c - - default default] TaaS: Handle Delete Port: e05d79bc-664c-4fec-b0a4-7a42e8587cc0
