Sep 10 10:44:37.656073 np0000192475 devstack@neutron-api.service[101872]: DEBUG dbcounter [-] [101872] Writing DB stats neutron:UPDATE=1,neutron:SELECT=1 {{(pid=101872) stat_writer /opt/stack/data/venv/lib/python3.12/site-packages/dbcounter.py:115}}
Sep 10 10:44:38.007635 np0000192475 devstack@neutron-api.service[101874]: DEBUG dbcounter [-] [101874] Writing DB stats neutron:UPDATE=1,neutron:SELECT=5,neutron:INSERT=1 {{(pid=101874) stat_writer /opt/stack/data/venv/lib/python3.12/site-packages/dbcounter.py:115}}
Sep 10 10:44:38.490386 np0000192475 devstack@neutron-api.service[101871]: DEBUG dbcounter [-] [101871] Writing DB stats neutron:UPDATE=1,neutron:SELECT=5,neutron:INSERT=1 {{(pid=101871) stat_writer /opt/stack/data/venv/lib/python3.12/site-packages/dbcounter.py:115}}
Sep 10 10:44:41.799459 np0000192475 devstack@neutron-api.service[101873]: DEBUG futurist.periodics [-] Submitting periodic callback 'neutron.plugins.ml2.drivers.ovn.mech_driver.ovsdb.maintenance.HashRingHealthCheckPeriodics.touch_hash_ring_node' {{(pid=101873) _process_scheduled /opt/stack/data/venv/lib/python3.12/site-packages/futurist/periodics.py:784}}
Sep 10 10:44:41.799902 np0000192475 devstack@neutron-api.service[101873]: DEBUG neutron.plugins.ml2.drivers.ovn.mech_driver.ovsdb.maintenance [-] Touching Hash Ring node "23b081d144ea58fcbf1a809e6d262b71" from periodic health check thread {{(pid=101873) touch_hash_ring_node /opt/stack/neutron/neutron/plugins/ml2/drivers/ovn/mech_driver/ovsdb/maintenance.py:1587}}
Sep 10 10:44:42.635058 np0000192475 devstack@neutron-api.service[101872]: DEBUG futurist.periodics [-] Submitting periodic callback 'neutron.plugins.ml2.drivers.ovn.mech_driver.ovsdb.maintenance.HashRingHealthCheckPeriodics.touch_hash_ring_node' {{(pid=101872) _process_scheduled /opt/stack/data/venv/lib/python3.12/site-packages/futurist/periodics.py:784}}
Sep 10 10:44:42.635621 np0000192475 devstack@neutron-api.service[101872]: DEBUG neutron.plugins.ml2.drivers.ovn.mech_driver.ovsdb.maintenance [-] Touching Hash Ring node "197f48ff513e517d8f0d37c75b64bea4" from periodic health check thread {{(pid=101872) touch_hash_ring_node /opt/stack/neutron/neutron/plugins/ml2/drivers/ovn/mech_driver/ovsdb/maintenance.py:1587}}
Sep 10 10:44:42.710905 np0000192475 devstack@neutron-api.service[101874]: DEBUG futurist.periodics [-] Submitting periodic callback 'neutron.plugins.ml2.drivers.ovn.mech_driver.ovsdb.maintenance.HashRingHealthCheckPeriodics.touch_hash_ring_node' {{(pid=101874) _process_scheduled /opt/stack/data/venv/lib/python3.12/site-packages/futurist/periodics.py:784}}
Sep 10 10:44:42.711456 np0000192475 devstack@neutron-api.service[101874]: DEBUG neutron.plugins.ml2.drivers.ovn.mech_driver.ovsdb.maintenance [-] Touching Hash Ring node "0b18a3f5b0e150f78813dc84d58ea81a" from periodic health check thread {{(pid=101874) touch_hash_ring_node /opt/stack/neutron/neutron/plugins/ml2/drivers/ovn/mech_driver/ovsdb/maintenance.py:1587}}
Sep 10 10:44:42.744990 np0000192475 devstack@neutron-api.service[101871]: DEBUG futurist.periodics [-] Submitting periodic callback 'neutron.plugins.ml2.drivers.ovn.mech_driver.ovsdb.maintenance.HashRingHealthCheckPeriodics.touch_hash_ring_node' {{(pid=101871) _process_scheduled /opt/stack/data/venv/lib/python3.12/site-packages/futurist/periodics.py:784}}
Sep 10 10:44:42.745548 np0000192475 devstack@neutron-api.service[101871]: DEBUG neutron.plugins.ml2.drivers.ovn.mech_driver.ovsdb.maintenance [-] Touching Hash Ring node "0d491f54555d564dbbf8896ba6e458f2" from periodic health check thread {{(pid=101871) touch_hash_ring_node /opt/stack/neutron/neutron/plugins/ml2/drivers/ovn/mech_driver/ovsdb/maintenance.py:1587}}
Sep 10 10:44:44.491450 np0000192475 devstack@neutron-api.service[101871]: DEBUG neutron.common.ovn.hash_ring_manager [None req-92a7b617-c765-4c79-9178-85a08fb07c6b None None] Hash Ring loaded. 4 active nodes. 0 offline nodes {{(pid=101871) _load_hash_ring /opt/stack/neutron/neutron/common/ovn/hash_ring_manager.py:110}}
Sep 10 10:44:44.492011 np0000192475 devstack@neutron-api.service[101871]: DEBUG neutron.plugins.ml2.drivers.ovn.mech_driver.ovsdb.ovsdb_monitor [None req-92a7b617-c765-4c79-9178-85a08fb07c6b None None] Hash Ring: Node 0d491f54555d564dbbf8896ba6e458f2 (host: np0000192475) handling event "update" for row 3030b5b0-6174-4444-898a-9766153f5c73 (table: Connection) {{(pid=101871) notify /opt/stack/neutron/neutron/plugins/ml2/drivers/ovn/mech_driver/ovsdb/ovsdb_monitor.py:1099}}
Sep 10 10:44:44.496076 np0000192475 devstack@neutron-api.service[101872]: DEBUG neutron.common.ovn.hash_ring_manager [None req-bc573d5a-5b70-4079-94c0-b7a79cdc7157 None None] Hash Ring loaded. 4 active nodes. 0 offline nodes {{(pid=101872) _load_hash_ring /opt/stack/neutron/neutron/common/ovn/hash_ring_manager.py:110}}
Sep 10 10:44:44.497163 np0000192475 devstack@neutron-api.service[101873]: DEBUG neutron.common.ovn.hash_ring_manager [None req-5f818a21-30e6-4596-af7c-cca9cf76b76e None None] Hash Ring loaded. 4 active nodes. 0 offline nodes {{(pid=101873) _load_hash_ring /opt/stack/neutron/neutron/common/ovn/hash_ring_manager.py:110}}
Sep 10 10:44:44.499021 np0000192475 devstack@neutron-api.service[101874]: DEBUG neutron.common.ovn.hash_ring_manager [None req-27918703-278a-4dcc-9652-d61ba72e8a23 None None] Hash Ring loaded. 4 active nodes. 0 offline nodes {{(pid=101874) _load_hash_ring /opt/stack/neutron/neutron/common/ovn/hash_ring_manager.py:110}}
Sep 10 10:44:44.748114 np0000192475 devstack@neutron-api.service[101873]: DEBUG neutron.pecan_wsgi.hooks.policy_enforcement [None req-ad5f8838-1a2d-41aa-890f-daab36c1eb20 admin admin] Attributes excluded by policy engine: ['standard_attr_id'] {{(pid=101873) _exclude_attributes_by_policy /opt/stack/neutron/neutron/pecan_wsgi/hooks/policy_enforcement.py:259}}
Sep 10 10:44:44.751204 np0000192475 devstack@neutron-api.service[101873]: [pid: 101873|app: 0|req: 24/90] 162.253.55.17 () {64 vars in 1371 bytes} [Thu Sep 10 10:44:44 2026] GET /networking/v2.0/ports?device_owner=network%3Adistributed => generated 1650 bytes in 163 msecs (HTTP/1.1 200) 4 headers in 158 bytes (1 switches on core 0)
Sep 10 10:44:47.012943 np0000192475 devstack@neutron-api.service[101871]: DEBUG neutron.plugins.ml2.drivers.ovn.mech_driver.ovsdb.ovsdb_monitor [None req-92a7b617-c765-4c79-9178-85a08fb07c6b None None] Hash Ring: Node 0d491f54555d564dbbf8896ba6e458f2 (host: np0000192475) handling event "update" for row 3030b5b0-6174-4444-898a-9766153f5c73 (table: Connection) {{(pid=101871) notify /opt/stack/neutron/neutron/plugins/ml2/drivers/ovn/mech_driver/ovsdb/ovsdb_monitor.py:1099}}
Sep 10 10:44:54.490994 np0000192475 devstack@neutron-api.service[101871]: DEBUG dbcounter [-] [101871] Writing DB stats neutron:UPDATE=1,neutron:SELECT=3 {{(pid=101871) stat_writer /opt/stack/data/venv/lib/python3.12/site-packages/dbcounter.py:115}}
Sep 10 10:44:54.494980 np0000192475 devstack@neutron-api.service[101872]: DEBUG dbcounter [-] [101872] Writing DB stats neutron:UPDATE=1,neutron:SELECT=3 {{(pid=101872) stat_writer /opt/stack/data/venv/lib/python3.12/site-packages/dbcounter.py:115}}
Sep 10 10:44:54.497326 np0000192475 devstack@neutron-api.service[101874]: DEBUG dbcounter [-] [101874] Writing DB stats neutron:UPDATE=1,neutron:SELECT=3 {{(pid=101874) stat_writer /opt/stack/data/venv/lib/python3.12/site-packages/dbcounter.py:115}}
Sep 10 10:44:54.740718 np0000192475 devstack@neutron-api.service[101873]: DEBUG dbcounter [-] [101873] Writing DB stats neutron:UPDATE=1,neutron:SELECT=12 {{(pid=101873) stat_writer /opt/stack/data/venv/lib/python3.12/site-packages/dbcounter.py:115}}
Sep 10 10:44:56.800190 np0000192475 devstack@neutron-api.service[101873]: DEBUG futurist.periodics [-] Submitting periodic callback 'neutron.plugins.ml2.drivers.ovn.mech_driver.ovsdb.maintenance.HashRingHealthCheckPeriodics.touch_hash_ring_node' {{(pid=101873) _process_scheduled /opt/stack/data/venv/lib/python3.12/site-packages/futurist/periodics.py:784}}
Sep 10 10:44:56.801199 np0000192475 devstack@neutron-api.service[101873]: DEBUG neutron.plugins.ml2.drivers.ovn.mech_driver.ovsdb.maintenance [-] Touching Hash Ring node "23b081d144ea58fcbf1a809e6d262b71" from periodic health check thread {{(pid=101873) touch_hash_ring_node /opt/stack/neutron/neutron/plugins/ml2/drivers/ovn/mech_driver/ovsdb/maintenance.py:1587}}
Sep 10 10:44:57.542583 np0000192475 devstack@neutron-api.service[101872]: INFO neutron.pecan_wsgi.hooks.translation [None req-06ce50d8-18d9-4545-9b1c-bfb004774d95 admin admin] GET failed (client error): The resource could not be found.
Sep 10 10:44:57.544045 np0000192475 devstack@neutron-api.service[101872]: [pid: 101872|app: 0|req: 23/91] 162.253.55.17 () {64 vars in 1327 bytes} [Thu Sep 10 10:44:57 2026] GET /networking/v2.0/networks/admin_net => generated 111 bytes in 16 msecs (HTTP/1.1 404) 4 headers in 164 bytes (1 switches on core 0)
Sep 10 10:44:57.587667 np0000192475 devstack@neutron-api.service[101874]: [pid: 101874|app: 0|req: 23/92] 162.253.55.17 () {64 vars in 1339 bytes} [Thu Sep 10 10:44:57 2026] GET /networking/v2.0/networks?name=admin_net => generated 15 bytes in 31 msecs (HTTP/1.1 200) 4 headers in 156 bytes (1 switches on core 0)
Sep 10 10:44:57.635841 np0000192475 devstack@neutron-api.service[101872]: DEBUG futurist.periodics [-] Submitting periodic callback 'neutron.plugins.ml2.drivers.ovn.mech_driver.ovsdb.maintenance.HashRingHealthCheckPeriodics.touch_hash_ring_node' {{(pid=101872) _process_scheduled /opt/stack/data/venv/lib/python3.12/site-packages/futurist/periodics.py:784}}
Sep 10 10:44:57.636687 np0000192475 devstack@neutron-api.service[101872]: DEBUG neutron.plugins.ml2.drivers.ovn.mech_driver.ovsdb.maintenance [-] Touching Hash Ring node "197f48ff513e517d8f0d37c75b64bea4" from periodic health check thread {{(pid=101872) touch_hash_ring_node /opt/stack/neutron/neutron/plugins/ml2/drivers/ovn/mech_driver/ovsdb/maintenance.py:1587}}
Sep 10 10:44:57.711992 np0000192475 devstack@neutron-api.service[101874]: DEBUG futurist.periodics [-] Submitting periodic callback 'neutron.plugins.ml2.drivers.ovn.mech_driver.ovsdb.maintenance.HashRingHealthCheckPeriodics.touch_hash_ring_node' {{(pid=101874) _process_scheduled /opt/stack/data/venv/lib/python3.12/site-packages/futurist/periodics.py:784}}
Sep 10 10:44:57.712529 np0000192475 devstack@neutron-api.service[101874]: DEBUG neutron.plugins.ml2.drivers.ovn.mech_driver.ovsdb.maintenance [-] Touching Hash Ring node "0b18a3f5b0e150f78813dc84d58ea81a" from periodic health check thread {{(pid=101874) touch_hash_ring_node /opt/stack/neutron/neutron/plugins/ml2/drivers/ovn/mech_driver/ovsdb/maintenance.py:1587}}
Sep 10 10:44:57.745690 np0000192475 devstack@neutron-api.service[101871]: DEBUG futurist.periodics [-] Submitting periodic callback 'neutron.plugins.ml2.drivers.ovn.mech_driver.ovsdb.maintenance.HashRingHealthCheckPeriodics.touch_hash_ring_node' {{(pid=101871) _process_scheduled /opt/stack/data/venv/lib/python3.12/site-packages/futurist/periodics.py:784}}
Sep 10 10:44:57.746314 np0000192475 devstack@neutron-api.service[101871]: DEBUG neutron.plugins.ml2.drivers.ovn.mech_driver.ovsdb.maintenance [-] Touching Hash Ring node "0d491f54555d564dbbf8896ba6e458f2" from periodic health check thread {{(pid=101871) touch_hash_ring_node /opt/stack/neutron/neutron/plugins/ml2/drivers/ovn/mech_driver/ovsdb/maintenance.py:1587}}
Sep 10 10:44:57.925377 np0000192475 devstack@neutron-api.service[101871]: DEBUG neutron.api.v2.base [None req-e3b6269d-dcc8-41bf-aa7e-6cbb16ae45fe admin admin] Request body: {'network': {'admin_state_up': True, 'name': 'admin_net', 'project_id': 'd11484a275824b0eba92961f7d278670'}} {{(pid=101871) prepare_request_body /opt/stack/neutron/neutron/api/v2/base.py:727}}
Sep 10 10:44:57.948380 np0000192475 devstack@neutron-api.service[101871]: DEBUG neutron.pecan_wsgi.hooks.quota_enforcement [None req-e3b6269d-dcc8-41bf-aa7e-6cbb16ae45fe admin admin] Made reservation on behalf of d11484a275824b0eba92961f7d278670 for: {'network': 1} {{(pid=101871) before /opt/stack/neutron/neutron/pecan_wsgi/hooks/quota_enforcement.py:66}}
Sep 10 10:44:57.953395 np0000192475 devstack@neutron-api.service[101871]: DEBUG neutron_lib.callbacks.manager [None req-e3b6269d-dcc8-41bf-aa7e-6cbb16ae45fe admin admin] Publish callbacks ['neutron.plugins.ml2.plugin.SecurityGroupDbMixin._ensure_default_security_group_handler-894799'] for network (None), before_create {{(pid=101871) _notify_loop /opt/stack/data/venv/lib/python3.12/site-packages/neutron_lib/callbacks/manager.py:184}}
Sep 10 10:44:57.961797 np0000192475 devstack@neutron-api.service[101871]: DEBUG neutron_lib.callbacks.manager [None req-e3b6269d-dcc8-41bf-aa7e-6cbb16ae45fe admin admin] Publish callbacks [] for security_group (None), before_create {{(pid=101871) _notify_loop /opt/stack/data/venv/lib/python3.12/site-packages/neutron_lib/callbacks/manager.py:184}}
Sep 10 10:44:58.048301 np0000192475 devstack@neutron-api.service[101871]: DEBUG neutron_lib.callbacks.manager [None req-e3b6269d-dcc8-41bf-aa7e-6cbb16ae45fe admin admin] Publish callbacks ['neutron.plugins.ml2.drivers.ovn.mech_driver.mech_driver.OVNMechanismDriver._create_security_group_precommit-332849'] for security_group (ea32bfa1-6274-4f58-8fb9-2fbe9c201108), precommit_create {{(pid=101871) _notify_loop /opt/stack/data/venv/lib/python3.12/site-packages/neutron_lib/callbacks/manager.py:184}}
Sep 10 10:44:58.048301 np0000192475 devstack@neutron-api.service[101871]: DEBUG neutron.db.ovn_revision_numbers_db [None req-e3b6269d-dcc8-41bf-aa7e-6cbb16ae45fe admin admin] create_initial_revision uuid=ea32bfa1-6274-4f58-8fb9-2fbe9c201108, type=security_groups, rev=-1 {{(pid=101871) create_initial_revision /opt/stack/neutron/neutron/db/ovn_revision_numbers_db.py:98}}
Sep 10 10:44:58.049899 np0000192475 devstack@neutron-api.service[101871]: DEBUG neutron.db.ovn_revision_numbers_db [None req-e3b6269d-dcc8-41bf-aa7e-6cbb16ae45fe admin admin] create_initial_revision uuid=16aa6c11-da05-48fb-9531-81458dc55727, type=security_group_rules, rev=-1 {{(pid=101871) create_initial_revision /opt/stack/neutron/neutron/db/ovn_revision_numbers_db.py:98}}
Sep 10 10:44:58.051301 np0000192475 devstack@neutron-api.service[101871]: DEBUG neutron.db.ovn_revision_numbers_db [None req-e3b6269d-dcc8-41bf-aa7e-6cbb16ae45fe admin admin] create_initial_revision uuid=6fc93913-f2c0-4648-97eb-2c572e27e758, type=security_group_rules, rev=-1 {{(pid=101871) create_initial_revision /opt/stack/neutron/neutron/db/ovn_revision_numbers_db.py:98}}
Sep 10 10:44:58.052630 np0000192475 devstack@neutron-api.service[101871]: DEBUG neutron.db.ovn_revision_numbers_db [None req-e3b6269d-dcc8-41bf-aa7e-6cbb16ae45fe admin admin] create_initial_revision uuid=a6555874-9958-42ff-b09f-6146764437c7, type=security_group_rules, rev=-1 {{(pid=101871) create_initial_revision /opt/stack/neutron/neutron/db/ovn_revision_numbers_db.py:98}}
Sep 10 10:44:58.053944 np0000192475 devstack@neutron-api.service[101871]: DEBUG neutron.db.ovn_revision_numbers_db [None req-e3b6269d-dcc8-41bf-aa7e-6cbb16ae45fe admin admin] create_initial_revision uuid=fdc19906-a0d0-44dd-993d-a861dae5077f, type=security_group_rules, rev=-1 {{(pid=101871) create_initial_revision /opt/stack/neutron/neutron/db/ovn_revision_numbers_db.py:98}}
Sep 10 10:44:58.064411 np0000192475 devstack@neutron-api.service[101871]: DEBUG neutron_lib.callbacks.manager [None req-e3b6269d-dcc8-41bf-aa7e-6cbb16ae45fe admin admin] Publish callbacks ['neutron.plugins.ml2.drivers.ovn.mech_driver.mech_driver.OVNMechanismDriver._create_security_group-332859', 'neutron.plugins.ml2.ovo_rpc._ObjectChangeHandler.handle_event-3088776'] for security_group (ea32bfa1-6274-4f58-8fb9-2fbe9c201108), after_create {{(pid=101871) _notify_loop /opt/stack/data/venv/lib/python3.12/site-packages/neutron_lib/callbacks/manager.py:184}}
Sep 10 10:44:58.065536 np0000192475 devstack@neutron-api.service[101871]: DEBUG ovsdbapp.backend.ovs_idl.transaction [None req-92a7b617-c765-4c79-9178-85a08fb07c6b None None] Running txn a90d20d7 n=1 command(idx=0): PgAddCommand(_result=None, name=pg_ea32bfa1_6274_4f58_8fb9_2fbe9c201108, may_exist=False, columns={'acls': [], 'external_ids': {'neutron:security_group_id': 'ea32bfa1-6274-4f58-8fb9-2fbe9c201108'}}) {{(pid=101871) do_commit /opt/stack/data/venv/lib/python3.12/site-packages/ovsdbapp/backend/ovs_idl/transaction.py:91}}
Sep 10 10:44:58.066079 np0000192475 devstack@neutron-api.service[101871]: DEBUG ovsdbapp.backend.ovs_idl.transaction [None req-92a7b617-c765-4c79-9178-85a08fb07c6b None None] Running txn a90d20d7 n=1 command(idx=1): PgAclAddCommand(_result=None, entity=pg_ea32bfa1_6274_4f58_8fb9_2fbe9c201108, direction=to-lport, priority=1002, match=outport == @pg_ea32bfa1_6274_4f58_8fb9_2fbe9c201108 && ip6 && ip6.src == $pg_ea32bfa1_6274_4f58_8fb9_2fbe9c201108_ip6, action=allow-related, log=False, may_exist=True, severity=[], name=[], meter=[], external_ids={'neutron:security_group_rule_id': '16aa6c11-da05-48fb-9531-81458dc55727'}) {{(pid=101871) do_commit /opt/stack/data/venv/lib/python3.12/site-packages/ovsdbapp/backend/ovs_idl/transaction.py:91}}
Sep 10 10:44:58.066712 np0000192475 devstack@neutron-api.service[101871]: DEBUG ovsdbapp.backend.ovs_idl.transaction [None req-92a7b617-c765-4c79-9178-85a08fb07c6b None None] Running txn a90d20d7 n=1 command(idx=2): PgAclAddCommand(_result=None, entity=pg_ea32bfa1_6274_4f58_8fb9_2fbe9c201108, direction=from-lport, priority=1002, match=inport == @pg_ea32bfa1_6274_4f58_8fb9_2fbe9c201108 && ip4, action=allow-related, log=False, may_exist=True, severity=[], name=[], meter=[], external_ids={'neutron:security_group_rule_id': '6fc93913-f2c0-4648-97eb-2c572e27e758'}) {{(pid=101871) do_commit /opt/stack/data/venv/lib/python3.12/site-packages/ovsdbapp/backend/ovs_idl/transaction.py:91}}
Sep 10 10:44:58.067230 np0000192475 devstack@neutron-api.service[101871]: DEBUG ovsdbapp.backend.ovs_idl.transaction [None req-92a7b617-c765-4c79-9178-85a08fb07c6b None None] Running txn a90d20d7 n=1 command(idx=3): PgAclAddCommand(_result=None, entity=pg_ea32bfa1_6274_4f58_8fb9_2fbe9c201108, direction=to-lport, priority=1002, match=outport == @pg_ea32bfa1_6274_4f58_8fb9_2fbe9c201108 && ip4 && ip4.src == $pg_ea32bfa1_6274_4f58_8fb9_2fbe9c201108_ip4, action=allow-related, log=False, may_exist=True, severity=[], name=[], meter=[], external_ids={'neutron:security_group_rule_id': 'a6555874-9958-42ff-b09f-6146764437c7'}) {{(pid=101871) do_commit /opt/stack/data/venv/lib/python3.12/site-packages/ovsdbapp/backend/ovs_idl/transaction.py:91}}
Sep 10 10:44:58.067709 np0000192475 devstack@neutron-api.service[101871]: DEBUG ovsdbapp.backend.ovs_idl.transaction [None req-92a7b617-c765-4c79-9178-85a08fb07c6b None None] Running txn a90d20d7 n=1 command(idx=4): PgAclAddCommand(_result=None, entity=pg_ea32bfa1_6274_4f58_8fb9_2fbe9c201108, direction=from-lport, priority=1002, match=inport == @pg_ea32bfa1_6274_4f58_8fb9_2fbe9c201108 && ip6, action=allow-related, log=False, may_exist=True, severity=[], name=[], meter=[], external_ids={'neutron:security_group_rule_id': 'fdc19906-a0d0-44dd-993d-a861dae5077f'}) {{(pid=101871) do_commit /opt/stack/data/venv/lib/python3.12/site-packages/ovsdbapp/backend/ovs_idl/transaction.py:91}}
Sep 10 10:44:58.097166 np0000192475 devstack@neutron-api.service[101872]: DEBUG neutron.plugins.ml2.drivers.ovn.mech_driver.ovsdb.ovsdb_monitor [None req-bc573d5a-5b70-4079-94c0-b7a79cdc7157 None None] Touching Hash Ring node "197f48ff513e517d8f0d37c75b64bea4" from IDL notify handler {{(pid=101872) notify /opt/stack/neutron/neutron/plugins/ml2/drivers/ovn/mech_driver/ovsdb/ovsdb_monitor.py:1091}}
Sep 10 10:44:58.097922 np0000192475 devstack@neutron-api.service[101874]: DEBUG neutron.plugins.ml2.drivers.ovn.mech_driver.ovsdb.ovsdb_monitor [None req-27918703-278a-4dcc-9652-d61ba72e8a23 None None] Touching Hash Ring node "0b18a3f5b0e150f78813dc84d58ea81a" from IDL notify handler {{(pid=101874) notify /opt/stack/neutron/neutron/plugins/ml2/drivers/ovn/mech_driver/ovsdb/ovsdb_monitor.py:1091}}
Sep 10 10:44:58.098492 np0000192475 devstack@neutron-api.service[101873]: DEBUG neutron.plugins.ml2.drivers.ovn.mech_driver.ovsdb.ovsdb_monitor [None req-5f818a21-30e6-4596-af7c-cca9cf76b76e None None] Touching Hash Ring node "23b081d144ea58fcbf1a809e6d262b71" from IDL notify handler {{(pid=101873) notify /opt/stack/neutron/neutron/plugins/ml2/drivers/ovn/mech_driver/ovsdb/ovsdb_monitor.py:1091}}
Sep 10 10:44:58.100241 np0000192475 devstack@neutron-api.service[101871]: DEBUG ovsdbapp.backend.ovs_idl.transaction [None req-92a7b617-c765-4c79-9178-85a08fb07c6b None None] txn a90d20d7 succeeded {{(pid=101871) do_commit /opt/stack/data/venv/lib/python3.12/site-packages/ovsdbapp/backend/ovs_idl/transaction.py:137}}
Sep 10 10:44:58.102072 np0000192475 devstack@neutron-api.service[101872]: DEBUG neutron.plugins.ml2.drivers.ovn.mech_driver.ovsdb.ovsdb_monitor [None req-bc573d5a-5b70-4079-94c0-b7a79cdc7157 None None] Hash Ring: Node 197f48ff513e517d8f0d37c75b64bea4 (host: np0000192475) handling event "create" for row 9ad5e254-59ab-47bc-8c33-07b80989f057 (table: ACL) {{(pid=101872) notify /opt/stack/neutron/neutron/plugins/ml2/drivers/ovn/mech_driver/ovsdb/ovsdb_monitor.py:1099}}
Sep 10 10:44:58.102613 np0000192475 devstack@neutron-api.service[101874]: DEBUG neutron.plugins.ml2.drivers.ovn.mech_driver.ovsdb.ovsdb_monitor [None req-27918703-278a-4dcc-9652-d61ba72e8a23 None None] Hash Ring: Node 0b18a3f5b0e150f78813dc84d58ea81a (host: np0000192475) handling event "create" for row c0862e31-7f3c-4602-b869-dba36bd9746d (table: ACL) {{(pid=101874) notify /opt/stack/neutron/neutron/plugins/ml2/drivers/ovn/mech_driver/ovsdb/ovsdb_monitor.py:1099}}
Sep 10 10:44:58.104046 np0000192475 devstack@neutron-api.service[101874]: DEBUG neutron.plugins.ml2.drivers.ovn.mech_driver.ovsdb.ovsdb_monitor [None req-27918703-278a-4dcc-9652-d61ba72e8a23 None None] Touching Hash Ring node "0b18a3f5b0e150f78813dc84d58ea81a" from IDL notify handler {{(pid=101874) notify /opt/stack/neutron/neutron/plugins/ml2/drivers/ovn/mech_driver/ovsdb/ovsdb_monitor.py:1091}}
Sep 10 10:44:58.107627 np0000192475 devstack@neutron-api.service[101874]: DEBUG neutron.plugins.ml2.drivers.ovn.mech_driver.ovsdb.ovsdb_monitor [None req-27918703-278a-4dcc-9652-d61ba72e8a23 None None] Hash Ring: Node 0b18a3f5b0e150f78813dc84d58ea81a (host: np0000192475) handling event "create" for row 0bcfde94-6d86-4780-bd73-93470d2d9584 (table: Port_Group) {{(pid=101874) notify /opt/stack/neutron/neutron/plugins/ml2/drivers/ovn/mech_driver/ovsdb/ovsdb_monitor.py:1099}}
Sep 10 10:44:58.109747 np0000192475 devstack@neutron-api.service[101873]: DEBUG neutron.plugins.ml2.drivers.ovn.mech_driver.ovsdb.ovsdb_monitor [None req-5f818a21-30e6-4596-af7c-cca9cf76b76e None None] Hash Ring: Node 23b081d144ea58fcbf1a809e6d262b71 (host: np0000192475) handling event "create" for row 3ba9483c-fd68-4416-87a3-b1f368e143da (table: ACL) {{(pid=101873) notify /opt/stack/neutron/neutron/plugins/ml2/drivers/ovn/mech_driver/ovsdb/ovsdb_monitor.py:1099}}
Sep 10 10:44:58.111642 np0000192475 devstack@neutron-api.service[101873]: DEBUG neutron.plugins.ml2.drivers.ovn.mech_driver.ovsdb.ovsdb_monitor [None req-5f818a21-30e6-4596-af7c-cca9cf76b76e None None] Touching Hash Ring node "23b081d144ea58fcbf1a809e6d262b71" from IDL notify handler {{(pid=101873) notify /opt/stack/neutron/neutron/plugins/ml2/drivers/ovn/mech_driver/ovsdb/ovsdb_monitor.py:1091}}
Sep 10 10:44:58.115874 np0000192475 devstack@neutron-api.service[101873]: DEBUG neutron.plugins.ml2.drivers.ovn.mech_driver.ovsdb.ovsdb_monitor [None req-5f818a21-30e6-4596-af7c-cca9cf76b76e None None] Hash Ring: Node 23b081d144ea58fcbf1a809e6d262b71 (host: np0000192475) handling event "create" for row d878cf0f-507e-41ea-bf94-528fd0013091 (table: ACL) {{(pid=101873) notify /opt/stack/neutron/neutron/plugins/ml2/drivers/ovn/mech_driver/ovsdb/ovsdb_monitor.py:1099}}
Sep 10 10:44:58.119136 np0000192475 devstack@neutron-api.service[101871]: INFO neutron.db.ovn_revision_numbers_db [None req-e3b6269d-dcc8-41bf-aa7e-6cbb16ae45fe admin admin] Successfully bumped revision number for resource ea32bfa1-6274-4f58-8fb9-2fbe9c201108 (type: security_groups) to 1
Sep 10 10:44:58.132850 np0000192475 devstack@neutron-api.service[101871]: INFO neutron.db.ovn_revision_numbers_db [None req-e3b6269d-dcc8-41bf-aa7e-6cbb16ae45fe admin admin] Successfully bumped revision number for resource 16aa6c11-da05-48fb-9531-81458dc55727 (type: security_group_rules) to 0
Sep 10 10:44:58.145675 np0000192475 devstack@neutron-api.service[101871]: INFO neutron.db.ovn_revision_numbers_db [None req-e3b6269d-dcc8-41bf-aa7e-6cbb16ae45fe admin admin] Successfully bumped revision number for resource 6fc93913-f2c0-4648-97eb-2c572e27e758 (type: security_group_rules) to 0
Sep 10 10:44:58.158167 np0000192475 devstack@neutron-api.service[101871]: INFO neutron.db.ovn_revision_numbers_db [None req-e3b6269d-dcc8-41bf-aa7e-6cbb16ae45fe admin admin] Successfully bumped revision number for resource a6555874-9958-42ff-b09f-6146764437c7 (type: security_group_rules) to 0
Sep 10 10:44:58.171697 np0000192475 devstack@neutron-api.service[101871]: INFO neutron.db.ovn_revision_numbers_db [None req-e3b6269d-dcc8-41bf-aa7e-6cbb16ae45fe admin admin] Successfully bumped revision number for resource fdc19906-a0d0-44dd-993d-a861dae5077f (type: security_group_rules) to 0
Sep 10 10:44:58.197672 np0000192475 devstack@neutron-api.service[101871]: DEBUG neutron.api.rpc.handlers.resources_rpc [None req-e3b6269d-dcc8-41bf-aa7e-6cbb16ae45fe admin admin] Pushing event updated for resources: {'SecurityGroup': ['ID=ea32bfa1-6274-4f58-8fb9-2fbe9c201108,revision_number=1']} {{(pid=101871) push /opt/stack/neutron/neutron/api/rpc/handlers/resources_rpc.py:237}}
Sep 10 10:44:58.202802 np0000192475 devstack@neutron-api.service[101871]: DEBUG ovsdbapp.backend.ovs_idl.transaction [None req-92a7b617-c765-4c79-9178-85a08fb07c6b None None] Running txn 9ecedab5 n=1 command(idx=0): CheckLivenessCommand(_result=None) {{(pid=101871) do_commit /opt/stack/data/venv/lib/python3.12/site-packages/ovsdbapp/backend/ovs_idl/transaction.py:91}}
Sep 10 10:44:58.206068 np0000192475 devstack@neutron-api.service[101871]: DEBUG ovsdbapp.backend.ovs_idl.transaction [None req-92a7b617-c765-4c79-9178-85a08fb07c6b None None] txn 9ecedab5 succeeded {{(pid=101871) do_commit /opt/stack/data/venv/lib/python3.12/site-packages/ovsdbapp/backend/ovs_idl/transaction.py:137}}
Sep 10 10:44:58.209338 np0000192475 devstack@neutron-api.service[101871]: DEBUG neutron.api.rpc.callbacks.version_manager [None req-e3b6269d-dcc8-41bf-aa7e-6cbb16ae45fe admin admin] Tracked resource versions report:
Sep 10 10:44:58.209338 np0000192475 devstack@neutron-api.service[101871]: pushed versions:
Sep 10 10:44:58.209338 np0000192475 devstack@neutron-api.service[101871]: { 'AddressGroup': {'1.2'},
Sep 10 10:44:58.209338 np0000192475 devstack@neutron-api.service[101871]: 'Agent': {'1.1'},
Sep 10 10:44:58.209338 np0000192475 devstack@neutron-api.service[101871]: 'ConntrackHelper': {'1.0'},
Sep 10 10:44:58.209338 np0000192475 devstack@neutron-api.service[101871]: 'LocalIPAssociation': {'1.0'},
Sep 10 10:44:58.209338 np0000192475 devstack@neutron-api.service[101871]: 'Log': {'1.0'},
Sep 10 10:44:58.209338 np0000192475 devstack@neutron-api.service[101871]: 'NDPProxy': {'1.0'},
Sep 10 10:44:58.209338 np0000192475 devstack@neutron-api.service[101871]: 'Network': {'1.3'},
Sep 10 10:44:58.209338 np0000192475 devstack@neutron-api.service[101871]: 'Port': {'1.11'},
Sep 10 10:44:58.209338 np0000192475 devstack@neutron-api.service[101871]: 'PortForwarding': {'1.3'},
Sep 10 10:44:58.209338 np0000192475 devstack@neutron-api.service[101871]: 'QosPolicy': {'1.10'},
Sep 10 10:44:58.209338 np0000192475 devstack@neutron-api.service[101871]: 'SecurityGroup': {'1.6'},
Sep 10 10:44:58.209338 np0000192475 devstack@neutron-api.service[101871]: 'SecurityGroupRule': {'1.3'},
Sep 10 10:44:58.209338 np0000192475 devstack@neutron-api.service[101871]: 'SubPort': {'1.0'},
Sep 10 10:44:58.209338 np0000192475 devstack@neutron-api.service[101871]: 'Subnet': {'1.2'},
Sep 10 10:44:58.209338 np0000192475 devstack@neutron-api.service[101871]: 'Trunk': {'1.1'}}
Sep 10 10:44:58.209338 np0000192475 devstack@neutron-api.service[101871]: consumer versions:
Sep 10 10:44:58.209338 np0000192475 devstack@neutron-api.service[101871]: { OVN Neutron agent@np0000192475: {},
Sep 10 10:44:58.209338 np0000192475 devstack@neutron-api.service[101871]: OVN Controller Gateway agent@np0000192475: {}}
Sep 10 10:44:58.209338 np0000192475 devstack@neutron-api.service[101871]: {{(pid=101871) report /opt/stack/neutron/neutron/api/rpc/callbacks/version_manager.py:183}}
Sep 10 10:44:58.211641 np0000192475 devstack@neutron-api.service[101874]: DEBUG neutron.plugins.ml2.drivers.ovn.mech_driver.ovsdb.ovsdb_monitor [None req-27918703-278a-4dcc-9652-d61ba72e8a23 None None] Touching Hash Ring node "0b18a3f5b0e150f78813dc84d58ea81a" from IDL notify handler {{(pid=101874) notify /opt/stack/neutron/neutron/plugins/ml2/drivers/ovn/mech_driver/ovsdb/ovsdb_monitor.py:1091}}
Sep 10 10:44:58.211863 np0000192475 devstack@neutron-api.service[101873]: DEBUG ovsdbapp.backend.ovs_idl.event [None req-72436cf9-cbfd-4af4-bbea-9abc3fbb8c1d None None] Matched UPDATE: ChassisAgentWriteEvent(events=('create', 'update'), table='Chassis_Private', conditions=None, old_conditions=None), priority=20 to row=Chassis_Private(uuid=c5c16151-b828-4b22-8ff3-c8ee1981c630, chassis=fc81b495-4cd9-4d58-bdb2-f3d5c455fe29, external_ids={'neutron:ovn-bridge': 'br-int', 'neutron:ovn-neutron-agent-id': '6f9821fb-bf4a-5658-8f68-81a7efc2de03', 'neutron:ovn-neutron-agent-sb-cfg': '2'}, name='1ba3223f-29f5-4575-9cb3-da2daed10d1e', nb_cfg=3, nb_cfg_timestamp=1789037098206) old=Chassis_Private(uuid=c5c16151-b828-4b22-8ff3-c8ee1981c630, nb_cfg=2, nb_cfg_timestamp=1789036999992) {{(pid=101873) matches /opt/stack/data/venv/lib/python3.12/site-packages/ovsdbapp/backend/ovs_idl/event.py:55}}
Sep 10 10:44:58.216610 np0000192475 devstack@neutron-api.service[101871]: DEBUG ovsdbapp.backend.ovs_idl.event [None req-8d1ec02e-af7f-439e-989a-835e39616539 None None] Matched UPDATE: ChassisAgentWriteEvent(events=('create', 'update'), table='Chassis_Private', conditions=None, old_conditions=None), priority=20 to row=Chassis_Private(uuid=c5c16151-b828-4b22-8ff3-c8ee1981c630, chassis=fc81b495-4cd9-4d58-bdb2-f3d5c455fe29, external_ids={'neutron:ovn-bridge': 'br-int', 'neutron:ovn-neutron-agent-id': '6f9821fb-bf4a-5658-8f68-81a7efc2de03', 'neutron:ovn-neutron-agent-sb-cfg': '2'}, name='1ba3223f-29f5-4575-9cb3-da2daed10d1e', nb_cfg=3, nb_cfg_timestamp=1789037098206) old=Chassis_Private(uuid=c5c16151-b828-4b22-8ff3-c8ee1981c630, nb_cfg=2, nb_cfg_timestamp=1789036999992) {{(pid=101871) matches /opt/stack/data/venv/lib/python3.12/site-packages/ovsdbapp/backend/ovs_idl/event.py:55}}
Sep 10 10:44:58.217056 np0000192475 devstack@neutron-api.service[101874]: DEBUG ovsdbapp.backend.ovs_idl.event [None req-92822ce3-97b0-42de-9fc4-12bb6baaea63 None None] Matched UPDATE: ChassisAgentWriteEvent(events=('create', 'update'), table='Chassis_Private', conditions=None, old_conditions=None), priority=20 to row=Chassis_Private(uuid=c5c16151-b828-4b22-8ff3-c8ee1981c630, chassis=fc81b495-4cd9-4d58-bdb2-f3d5c455fe29, external_ids={'neutron:ovn-bridge': 'br-int', 'neutron:ovn-neutron-agent-id': '6f9821fb-bf4a-5658-8f68-81a7efc2de03', 'neutron:ovn-neutron-agent-sb-cfg': '2'}, name='1ba3223f-29f5-4575-9cb3-da2daed10d1e', nb_cfg=3, nb_cfg_timestamp=1789037098206) old=Chassis_Private(uuid=c5c16151-b828-4b22-8ff3-c8ee1981c630, nb_cfg=2, nb_cfg_timestamp=1789036999992) {{(pid=101874) matches /opt/stack/data/venv/lib/python3.12/site-packages/ovsdbapp/backend/ovs_idl/event.py:55}}
Sep 10 10:44:58.217716 np0000192475 devstack@neutron-api.service[101872]: DEBUG ovsdbapp.backend.ovs_idl.event [None req-960fb476-e754-48e0-a834-959e5686533e None None] Matched UPDATE: ChassisAgentWriteEvent(events=('create', 'update'), table='Chassis_Private', conditions=None, old_conditions=None), priority=20 to row=Chassis_Private(uuid=c5c16151-b828-4b22-8ff3-c8ee1981c630, chassis=fc81b495-4cd9-4d58-bdb2-f3d5c455fe29, external_ids={'neutron:ovn-bridge': 'br-int', 'neutron:ovn-neutron-agent-id': '6f9821fb-bf4a-5658-8f68-81a7efc2de03', 'neutron:ovn-neutron-agent-sb-cfg': '2'}, name='1ba3223f-29f5-4575-9cb3-da2daed10d1e', nb_cfg=3, nb_cfg_timestamp=1789037098206) old=Chassis_Private(uuid=c5c16151-b828-4b22-8ff3-c8ee1981c630, nb_cfg=2, nb_cfg_timestamp=1789036999992) {{(pid=101872) matches /opt/stack/data/venv/lib/python3.12/site-packages/ovsdbapp/backend/ovs_idl/event.py:55}}
Sep 10 10:44:58.225212 np0000192475 devstack@neutron-api.service[101874]: DEBUG neutron.plugins.ml2.drivers.ovn.mech_driver.ovsdb.ovsdb_monitor [None req-27918703-278a-4dcc-9652-d61ba72e8a23 None None] Hash Ring: Node 0b18a3f5b0e150f78813dc84d58ea81a (host: np0000192475) handling event "update" for row 31e4d376-01b0-4ce2-9f03-0b2528883106 (table: NB_Global) {{(pid=101874) notify /opt/stack/neutron/neutron/plugins/ml2/drivers/ovn/mech_driver/ovsdb/ovsdb_monitor.py:1099}}
Sep 10 10:44:58.226895 np0000192475 devstack@neutron-api.service[101873]: DEBUG neutron.common.ovn.hash_ring_manager [None req-72436cf9-cbfd-4af4-bbea-9abc3fbb8c1d None None] Hash Ring loaded. 4 active nodes. 0 offline nodes {{(pid=101873) _load_hash_ring /opt/stack/neutron/neutron/common/ovn/hash_ring_manager.py:110}}
Sep 10 10:44:58.226895 np0000192475 devstack@neutron-api.service[101873]: DEBUG neutron.plugins.ml2.drivers.ovn.mech_driver.ovsdb.ovsdb_monitor [None req-72436cf9-cbfd-4af4-bbea-9abc3fbb8c1d None None] Hash Ring: Node 23b081d144ea58fcbf1a809e6d262b71 (host: np0000192475) handling event "update" for row c5c16151-b828-4b22-8ff3-c8ee1981c630 (table: Chassis_Private) {{(pid=101873) notify /opt/stack/neutron/neutron/plugins/ml2/drivers/ovn/mech_driver/ovsdb/ovsdb_monitor.py:1099}}
Sep 10 10:44:58.228604 np0000192475 devstack@neutron-api.service[101874]: DEBUG neutron.plugins.ml2.drivers.ovn.mech_driver.ovsdb.ovsdb_monitor [None req-27918703-278a-4dcc-9652-d61ba72e8a23 None None] Touching Hash Ring node "0b18a3f5b0e150f78813dc84d58ea81a" from IDL notify handler {{(pid=101874) notify /opt/stack/neutron/neutron/plugins/ml2/drivers/ovn/mech_driver/ovsdb/ovsdb_monitor.py:1091}}
Sep 10 10:44:58.232721 np0000192475 devstack@neutron-api.service[101872]: DEBUG neutron.common.ovn.hash_ring_manager [None req-960fb476-e754-48e0-a834-959e5686533e None None] Hash Ring loaded. 4 active nodes. 0 offline nodes {{(pid=101872) _load_hash_ring /opt/stack/neutron/neutron/common/ovn/hash_ring_manager.py:110}}
Sep 10 10:44:58.233472 np0000192475 devstack@neutron-api.service[101871]: DEBUG neutron.common.ovn.hash_ring_manager [None req-8d1ec02e-af7f-439e-989a-835e39616539 None None] Hash Ring loaded. 4 active nodes. 0 offline nodes {{(pid=101871) _load_hash_ring /opt/stack/neutron/neutron/common/ovn/hash_ring_manager.py:110}}
Sep 10 10:44:58.235741 np0000192475 devstack@neutron-api.service[101874]: DEBUG neutron.plugins.ml2.drivers.ovn.mech_driver.ovsdb.ovsdb_monitor [None req-27918703-278a-4dcc-9652-d61ba72e8a23 None None] Hash Ring: Node 0b18a3f5b0e150f78813dc84d58ea81a (host: np0000192475) handling event "update" for row 31e4d376-01b0-4ce2-9f03-0b2528883106 (table: NB_Global) {{(pid=101874) notify /opt/stack/neutron/neutron/plugins/ml2/drivers/ovn/mech_driver/ovsdb/ovsdb_monitor.py:1099}}
Sep 10 10:44:58.237120 np0000192475 devstack@neutron-api.service[101874]: DEBUG neutron.common.ovn.hash_ring_manager [None req-92822ce3-97b0-42de-9fc4-12bb6baaea63 None None] Hash Ring loaded. 4 active nodes. 0 offline nodes {{(pid=101874) _load_hash_ring /opt/stack/neutron/neutron/common/ovn/hash_ring_manager.py:110}}
Sep 10 10:44:58.239566 np0000192475 devstack@neutron-api.service[101874]: DEBUG neutron.plugins.ml2.drivers.ovn.mech_driver.ovsdb.ovsdb_monitor [None req-27918703-278a-4dcc-9652-d61ba72e8a23 None None] Touching Hash Ring node "0b18a3f5b0e150f78813dc84d58ea81a" from IDL notify handler {{(pid=101874) notify /opt/stack/neutron/neutron/plugins/ml2/drivers/ovn/mech_driver/ovsdb/ovsdb_monitor.py:1091}}
Sep 10 10:44:58.244307 np0000192475 devstack@neutron-api.service[101874]: DEBUG neutron.plugins.ml2.drivers.ovn.mech_driver.ovsdb.ovsdb_monitor [None req-27918703-278a-4dcc-9652-d61ba72e8a23 None None] Hash Ring: Node 0b18a3f5b0e150f78813dc84d58ea81a (host: np0000192475) handling event "update" for row 31e4d376-01b0-4ce2-9f03-0b2528883106 (table: NB_Global) {{(pid=101874) notify /opt/stack/neutron/neutron/plugins/ml2/drivers/ovn/mech_driver/ovsdb/ovsdb_monitor.py:1099}}
Sep 10 10:44:58.246323 np0000192475 devstack@neutron-api.service[101874]: DEBUG neutron.plugins.ml2.drivers.ovn.mech_driver.ovsdb.ovsdb_monitor [None req-27918703-278a-4dcc-9652-d61ba72e8a23 None None] Touching Hash Ring node "0b18a3f5b0e150f78813dc84d58ea81a" from IDL notify handler {{(pid=101874) notify /opt/stack/neutron/neutron/plugins/ml2/drivers/ovn/mech_driver/ovsdb/ovsdb_monitor.py:1091}}
Sep 10 10:44:58.249632 np0000192475 devstack@neutron-api.service[101874]: DEBUG neutron.plugins.ml2.drivers.ovn.mech_driver.ovsdb.ovsdb_monitor [None req-27918703-278a-4dcc-9652-d61ba72e8a23 None None] Hash Ring: Node 0b18a3f5b0e150f78813dc84d58ea81a (host: np0000192475) handling event "update" for row 31e4d376-01b0-4ce2-9f03-0b2528883106 (table: NB_Global) {{(pid=101874) notify /opt/stack/neutron/neutron/plugins/ml2/drivers/ovn/mech_driver/ovsdb/ovsdb_monitor.py:1099}}
Sep 10 10:44:58.276136 np0000192475 devstack@neutron-api.service[101871]: DEBUG neutron.plugins.ml2.drivers.helpers [None req-e3b6269d-dcc8-41bf-aa7e-6cbb16ae45fe admin admin] geneve segment allocate from pool success with {'geneve_vni': 716} {{(pid=101871) allocate_partially_specified_segment /opt/stack/neutron/neutron/plugins/ml2/drivers/helpers.py:142}}
Sep 10 10:44:58.287470 np0000192475 devstack@neutron-api.service[101871]: DEBUG neutron_lib.callbacks.manager [None req-e3b6269d-dcc8-41bf-aa7e-6cbb16ae45fe admin admin] Publish callbacks ['neutron.services.segments.db._add_segment_host_mapping_for_segment-8712692923362', 'neutron.plugins.ml2.plugin.Ml2Plugin._handle_segment_change-101261', 'neutron.plugins.ml2.drivers.ovn.mech_driver.mech_driver.OVNMechanismDriver._create_segment_revision_precommit-333235'] for segment (3544b897-e305-4ec4-88a9-da718b398d2b), precommit_create {{(pid=101871) _notify_loop /opt/stack/data/venv/lib/python3.12/site-packages/neutron_lib/callbacks/manager.py:184}}
Sep 10 10:44:58.287752 np0000192475 devstack@neutron-api.service[101871]: INFO neutron.db.segments_db [None req-e3b6269d-dcc8-41bf-aa7e-6cbb16ae45fe admin admin] Added segment 3544b897-e305-4ec4-88a9-da718b398d2b of type geneve for network ec7ec84b-7a34-420b-ad76-2276521fc543
Sep 10 10:44:58.310289 np0000192475 devstack@neutron-api.service[101871]: DEBUG neutron_lib.callbacks.manager [None req-e3b6269d-dcc8-41bf-aa7e-6cbb16ae45fe admin admin] Publish callbacks ['neutron.services.auto_allocate.db._ensure_external_network_default_value_callback-8712690927586'] for network (ec7ec84b-7a34-420b-ad76-2276521fc543), precommit_create {{(pid=101871) _notify_loop /opt/stack/data/venv/lib/python3.12/site-packages/neutron_lib/callbacks/manager.py:184}}
Sep 10 10:44:58.328571 np0000192475 devstack@neutron-api.service[101871]: DEBUG neutron.plugins.ml2.drivers.ovn.mech_driver.mech_driver [None req-e3b6269d-dcc8-41bf-aa7e-6cbb16ae45fe admin admin] Validating network segment with type geneve, segmentation ID 716, physical network None {{(pid=101871) _validate_network_segments /opt/stack/neutron/neutron/plugins/ml2/drivers/ovn/mech_driver/mech_driver.py:628}}
Sep 10 10:44:58.328800 np0000192475 devstack@neutron-api.service[101871]: DEBUG neutron.db.ovn_revision_numbers_db [None req-e3b6269d-dcc8-41bf-aa7e-6cbb16ae45fe admin admin] create_initial_revision uuid=ec7ec84b-7a34-420b-ad76-2276521fc543, type=networks, rev=-1 {{(pid=101871) create_initial_revision /opt/stack/neutron/neutron/db/ovn_revision_numbers_db.py:98}}
Sep 10 10:44:58.341604 np0000192475 devstack@neutron-api.service[101871]: DEBUG neutron_lib.callbacks.manager [None req-e3b6269d-dcc8-41bf-aa7e-6cbb16ae45fe admin admin] Publish callbacks ['neutron.plugins.ml2.ovo_rpc._ObjectChangeHandler.handle_event-3088781'] for network (ec7ec84b-7a34-420b-ad76-2276521fc543), after_create {{(pid=101871) _notify_loop /opt/stack/data/venv/lib/python3.12/site-packages/neutron_lib/callbacks/manager.py:184}}
Sep 10 10:44:58.358481 np0000192475 devstack@neutron-api.service[101871]: DEBUG neutron.api.rpc.handlers.resources_rpc [None req-e3b6269d-dcc8-41bf-aa7e-6cbb16ae45fe admin admin] Pushing event updated for resources: {'Network': ['ID=ec7ec84b-7a34-420b-ad76-2276521fc543,revision_number=1']} {{(pid=101871) push /opt/stack/neutron/neutron/api/rpc/handlers/resources_rpc.py:237}}
Sep 10 10:44:58.366859 np0000192475 devstack@neutron-api.service[101871]: DEBUG ovsdbapp.backend.ovs_idl.transaction [None req-92a7b617-c765-4c79-9178-85a08fb07c6b None None] Running txn 31c71774 n=1 command(idx=0): AddNetworkCommand(_result=None, network_uuid=ec7ec84b-7a34-420b-ad76-2276521fc543, may_exist=True, columns={'external_ids': {'neutron:network_name': 'admin_net', 'neutron:mtu': '1372', 'neutron:revision_number': '1', 'neutron:availability_zone_hints': '', 'neutron:provnet-network-type': 'geneve'}, 'other_config': {'mcast_snoop': 'false', 'mcast_flood_unregistered': 'false', 'vlan-passthru': 'false'}}) {{(pid=101871) do_commit /opt/stack/data/venv/lib/python3.12/site-packages/ovsdbapp/backend/ovs_idl/transaction.py:91}}
Sep 10 10:44:58.372732 np0000192475 devstack@neutron-api.service[101871]: DEBUG neutron.plugins.ml2.drivers.ovn.mech_driver.ovsdb.ovsdb_monitor [None req-92a7b617-c765-4c79-9178-85a08fb07c6b None None] Touching Hash Ring node "0d491f54555d564dbbf8896ba6e458f2" from IDL notify handler {{(pid=101871) notify /opt/stack/neutron/neutron/plugins/ml2/drivers/ovn/mech_driver/ovsdb/ovsdb_monitor.py:1091}}
Sep 10 10:44:58.378614 np0000192475 devstack@neutron-api.service[101873]: DEBUG neutron.plugins.ml2.drivers.ovn.mech_driver.ovsdb.ovsdb_monitor [None req-72436cf9-cbfd-4af4-bbea-9abc3fbb8c1d None None] Hash Ring: Node 23b081d144ea58fcbf1a809e6d262b71 (host: np0000192475) handling event "create" for row 99e17271-8bbc-4fd6-984a-266b61643a58 (table: Datapath_Binding) {{(pid=101873) notify /opt/stack/neutron/neutron/plugins/ml2/drivers/ovn/mech_driver/ovsdb/ovsdb_monitor.py:1099}}
Sep 10 10:44:58.379404 np0000192475 devstack@neutron-api.service[101871]: DEBUG neutron.plugins.ml2.drivers.ovn.mech_driver.ovsdb.ovsdb_monitor [None req-92a7b617-c765-4c79-9178-85a08fb07c6b None None] Hash Ring: Node 0d491f54555d564dbbf8896ba6e458f2 (host: np0000192475) handling event "create" for row ec7ec84b-7a34-420b-ad76-2276521fc543 (table: Logical_Switch) {{(pid=101871) notify /opt/stack/neutron/neutron/plugins/ml2/drivers/ovn/mech_driver/ovsdb/ovsdb_monitor.py:1099}}
Sep 10 10:44:58.380529 np0000192475 devstack@neutron-api.service[101871]: DEBUG ovsdbapp.backend.ovs_idl.transaction [None req-92a7b617-c765-4c79-9178-85a08fb07c6b None None] txn 31c71774 succeeded {{(pid=101871) do_commit /opt/stack/data/venv/lib/python3.12/site-packages/ovsdbapp/backend/ovs_idl/transaction.py:137}}
Sep 10 10:44:58.411269 np0000192475 devstack@neutron-api.service[101871]: INFO neutron.db.ovn_revision_numbers_db [None req-e3b6269d-dcc8-41bf-aa7e-6cbb16ae45fe admin admin] Successfully bumped revision number for resource ec7ec84b-7a34-420b-ad76-2276521fc543 (type: networks) to 1
Sep 10 10:44:58.441253 np0000192475 devstack@neutron-api.service[101871]: DEBUG neutron_lib.callbacks.manager [None req-e3b6269d-dcc8-41bf-aa7e-6cbb16ae45fe admin admin] Publish callbacks ['neutron.plugins.ml2.plugin.SecurityGroupDbMixin._ensure_default_security_group_handler-894799'] for port (None), before_create {{(pid=101871) _notify_loop /opt/stack/data/venv/lib/python3.12/site-packages/neutron_lib/callbacks/manager.py:184}}
Sep 10 10:44:58.498140 np0000192475 devstack@neutron-api.service[101871]: DEBUG neutron_lib.callbacks.manager [None req-e3b6269d-dcc8-41bf-aa7e-6cbb16ae45fe admin admin] Publish callbacks ['neutron.plugins.ml2.drivers.ovn.mech_driver.mech_driver.OVNMechanismDriver._validate_allowed_address_pairs-333193'] for allowed_address_pair (27bae08c-328d-437a-9a4a-8c9ce2e97e8d), before_create {{(pid=101871) _notify_loop /opt/stack/data/venv/lib/python3.12/site-packages/neutron_lib/callbacks/manager.py:184}}
Sep 10 10:44:58.498640 np0000192475 devstack@neutron-api.service[101871]: DEBUG neutron_lib.callbacks.manager [None req-e3b6269d-dcc8-41bf-aa7e-6cbb16ae45fe admin admin] Publish callbacks [] for port (27bae08c-328d-437a-9a4a-8c9ce2e97e8d), precommit_create {{(pid=101871) _notify_loop /opt/stack/data/venv/lib/python3.12/site-packages/neutron_lib/callbacks/manager.py:184}}
Sep 10 10:44:58.498795 np0000192475 devstack@neutron-api.service[101871]: DEBUG neutron.plugins.ml2.drivers.ovn.mech_driver.mech_driver [None req-e3b6269d-dcc8-41bf-aa7e-6cbb16ae45fe admin admin] No provisioning block for port 27bae08c-328d-437a-9a4a-8c9ce2e97e8d since it does not have a host {{(pid=101871) _is_port_provisioning_required /opt/stack/neutron/neutron/plugins/ml2/drivers/ovn/mech_driver/mech_driver.py:917}}
Sep 10 10:44:58.498922 np0000192475 devstack@neutron-api.service[101871]: DEBUG neutron.db.ovn_revision_numbers_db [None req-e3b6269d-dcc8-41bf-aa7e-6cbb16ae45fe admin admin] create_initial_revision uuid=27bae08c-328d-437a-9a4a-8c9ce2e97e8d, type=ports, rev=-1 {{(pid=101871) create_initial_revision /opt/stack/neutron/neutron/db/ovn_revision_numbers_db.py:98}}
Sep 10 10:44:58.526070 np0000192475 devstack@neutron-api.service[101871]: DEBUG neutron_lib.callbacks.manager [None req-e3b6269d-dcc8-41bf-aa7e-6cbb16ae45fe admin admin] Publish callbacks ['neutron.plugins.ml2.ovo_rpc._ObjectChangeHandler.handle_event-3088508'] for port (27bae08c-328d-437a-9a4a-8c9ce2e97e8d), after_create {{(pid=101871) _notify_loop /opt/stack/data/venv/lib/python3.12/site-packages/neutron_lib/callbacks/manager.py:184}}
Sep 10 10:44:58.551374 np0000192475 devstack@neutron-api.service[101871]: DEBUG neutron.api.rpc.handlers.resources_rpc [None req-e3b6269d-dcc8-41bf-aa7e-6cbb16ae45fe admin admin] Pushing event updated for resources: {'Port': ['ID=27bae08c-328d-437a-9a4a-8c9ce2e97e8d,revision_number=1']} {{(pid=101871) push /opt/stack/neutron/neutron/api/rpc/handlers/resources_rpc.py:237}}
Sep 10 10:44:58.556651 np0000192475 devstack@neutron-api.service[101871]: DEBUG neutron.plugins.ml2.drivers.ovn.mech_driver.ovsdb.commands [None req-e3b6269d-dcc8-41bf-aa7e-6cbb16ae45fe admin admin] Converting tag [] to a tag_request {{(pid=101871) _tag_column_to_tag_request /opt/stack/neutron/neutron/plugins/ml2/drivers/ovn/mech_driver/ovsdb/commands.py:227}}
Sep 10 10:44:58.557860 np0000192475 devstack@neutron-api.service[101871]: DEBUG ovsdbapp.backend.ovs_idl.transaction [None req-92a7b617-c765-4c79-9178-85a08fb07c6b None None] Running txn 3789d2f1 n=1 command(idx=0): AddLSwitchPortCommand(_result=None, lport=27bae08c-328d-437a-9a4a-8c9ce2e97e8d, lswitch=neutron-ec7ec84b-7a34-420b-ad76-2276521fc543, may_exist=True, network_uuid=ec7ec84b-7a34-420b-ad76-2276521fc543, columns={'addresses': ['fa:16:3e:e1:4a:ff'], 'external_ids': {'neutron:port_name': '', 'neutron:device_id': 'ovnmeta-ec7ec84b-7a34-420b-ad76-2276521fc543', 'neutron:project_id': 'd11484a275824b0eba92961f7d278670', 'neutron:cidrs': '', 'neutron:device_owner': 'network:distributed', 'neutron:subnet_pool_addr_scope4': '', 'neutron:subnet_pool_addr_scope6': '', 'neutron:network_name': 'neutron-ec7ec84b-7a34-420b-ad76-2276521fc543', 'neutron:security_group_ids': '', 'neutron:revision_number': '1', 'neutron:vnic_type': 'normal', 'neutron:port_capabilities': '', 'neutron:mtu': '1372'}, 'parent_name': [], 'enabled': True, 'options': {}, 'type': 'localport', 'port_security': [], 'dhcpv4_options': [], 'dhcpv6_options': [], 'tag_request': []}) {{(pid=101871) do_commit /opt/stack/data/venv/lib/python3.12/site-packages/ovsdbapp/backend/ovs_idl/transaction.py:91}}
Sep 10 10:44:58.558779 np0000192475 devstack@neutron-api.service[101871]: DEBUG ovsdbapp.backend.ovs_idl.transaction [None req-92a7b617-c765-4c79-9178-85a08fb07c6b None None] Running txn 3789d2f1 n=1 command(idx=1): QoSDelCommand(_result=None, switch=neutron-ec7ec84b-7a34-420b-ad76-2276521fc543, conditions=[('direction', '=', 'to-lport'), ('priority', '=', 2002), ('match', '=', 'outport == "27bae08c-328d-437a-9a4a-8c9ce2e97e8d"')], if_exists=True) {{(pid=101871) do_commit /opt/stack/data/venv/lib/python3.12/site-packages/ovsdbapp/backend/ovs_idl/transaction.py:91}}
Sep 10 10:44:58.559110 np0000192475 devstack@neutron-api.service[101871]: DEBUG ovsdbapp.backend.ovs_idl.transaction [None req-92a7b617-c765-4c79-9178-85a08fb07c6b None None] Running txn 3789d2f1 n=1 command(idx=2): QoSDelCommand(_result=None, switch=neutron-ec7ec84b-7a34-420b-ad76-2276521fc543, conditions=[('direction', '=', 'from-lport'), ('priority', '=', 2002), ('match', '=', 'inport == "27bae08c-328d-437a-9a4a-8c9ce2e97e8d"')], if_exists=True) {{(pid=101871) do_commit /opt/stack/data/venv/lib/python3.12/site-packages/ovsdbapp/backend/ovs_idl/transaction.py:91}}
Sep 10 10:44:58.566450 np0000192475 devstack@neutron-api.service[101871]: DEBUG neutron.plugins.ml2.drivers.ovn.mech_driver.ovsdb.ovsdb_monitor [None req-92a7b617-c765-4c79-9178-85a08fb07c6b None None] Touching Hash Ring node "0d491f54555d564dbbf8896ba6e458f2" from IDL notify handler {{(pid=101871) notify /opt/stack/neutron/neutron/plugins/ml2/drivers/ovn/mech_driver/ovsdb/ovsdb_monitor.py:1091}}
