Apr 10 18:11:07.029538 np0000164870 systemd[1]: Starting devstack@n-api.service - Devstack devstack@n-api.service...
Apr 10 18:11:07.037677 np0000164870 devstack@n-api.service[99576]: [uWSGI] getting INI configuration from /etc/nova/nova-api-uwsgi.ini
Apr 10 18:11:07.038384 np0000164870 devstack@n-api.service[99576]: open("./http_plugin.so"): No such file or directory [core/utils.c line 3709]
Apr 10 18:11:07.038384 np0000164870 devstack@n-api.service[99576]: !!! UNABLE to load uWSGI plugin: ./http_plugin.so: cannot open shared object file: No such file or directory !!!
Apr 10 18:11:07.038384 np0000164870 devstack@n-api.service[99576]: open("./python3_plugin.so"): No such file or directory [core/utils.c line 3709]
Apr 10 18:11:07.038384 np0000164870 devstack@n-api.service[99576]: !!! UNABLE to load uWSGI plugin: ./python3_plugin.so: cannot open shared object file: No such file or directory !!!
Apr 10 18:11:07.038384 np0000164870 devstack@n-api.service[99576]: *** Starting uWSGI 2.0.31 (64bit) on [Fri Apr 10 18:11:07 2026] ***
Apr 10 18:11:07.038384 np0000164870 devstack@n-api.service[99576]: compiled with version: 13.3.0 on 10 April 2026 18:00:48
Apr 10 18:11:07.038384 np0000164870 devstack@n-api.service[99576]: os: Linux-6.8.0-107-generic #107-Ubuntu SMP PREEMPT_DYNAMIC Fri Mar 13 19:51:50 UTC 2026
Apr 10 18:11:07.038384 np0000164870 devstack@n-api.service[99576]: nodename: np0000164870
Apr 10 18:11:07.038384 np0000164870 devstack@n-api.service[99576]: machine: x86_64
Apr 10 18:11:07.038384 np0000164870 devstack@n-api.service[99576]: clock source: unix
Apr 10 18:11:07.038384 np0000164870 devstack@n-api.service[99576]: pcre jit disabled
Apr 10 18:11:07.038384 np0000164870 devstack@n-api.service[99576]: detected number of CPU cores: 16
Apr 10 18:11:07.038384 np0000164870 devstack@n-api.service[99576]: current working directory: /
Apr 10 18:11:07.038384 np0000164870 devstack@n-api.service[99576]: detected binary path: /opt/stack/data/venv/bin/uwsgi
Apr 10 18:11:07.038384 np0000164870 devstack@n-api.service[99576]: your processes number limit is 256917
Apr 10 18:11:07.038384 np0000164870 devstack@n-api.service[99576]: your memory page size is 4096 bytes
Apr 10 18:11:07.038384 np0000164870 devstack@n-api.service[99576]: detected max file descriptor number: 2048
Apr 10 18:11:07.038384 np0000164870 devstack@n-api.service[99576]: lock engine: pthread robust mutexes
Apr 10 18:11:07.038384 np0000164870 devstack@n-api.service[99576]: thunder lock: enabled
Apr 10 18:11:07.038384 np0000164870 devstack@n-api.service[99576]: uwsgi socket 0 bound to UNIX address /var/run/uwsgi/nova-api.socket fd 4
Apr 10 18:11:07.039382 np0000164870 devstack@n-api.service[99576]: Python version: 3.12.3 (main, Mar 3 2026, 12:15:18) [GCC 13.3.0]
Apr 10 18:11:07.039382 np0000164870 devstack@n-api.service[99576]: PEP 405 virtualenv detected: /opt/stack/data/venv
Apr 10 18:11:07.039382 np0000164870 devstack@n-api.service[99576]: Set PythonHome to /opt/stack/data/venv
Apr 10 18:11:07.082913 np0000164870 devstack@n-api.service[99576]: Python main interpreter initialized at 0x752c78aa3668
Apr 10 18:11:07.082913 np0000164870 devstack@n-api.service[99576]: python threads support enabled
Apr 10 18:11:07.082913 np0000164870 devstack@n-api.service[99576]: your server socket listen backlog is limited to 100 connections
Apr 10 18:11:07.082913 np0000164870 devstack@n-api.service[99576]: your mercy for graceful operations on workers is 80 seconds
Apr 10 18:11:07.083563 np0000164870 devstack@n-api.service[99576]: mapped 671795 bytes (656 KB) for 4 cores
Apr 10 18:11:07.083715 np0000164870 devstack@n-api.service[99576]: *** Operational MODE: preforking ***
Apr 10 18:11:07.083978 np0000164870 devstack@n-api.service[99576]: *** uWSGI is running in multiple interpreter mode ***
Apr 10 18:11:07.083978 np0000164870 devstack@n-api.service[99576]: spawned uWSGI master process (pid: 99576)
Apr 10 18:11:07.084170 np0000164870 systemd[1]: Started devstack@n-api.service - Devstack devstack@n-api.service.
Apr 10 18:11:07.084896 np0000164870 devstack@n-api.service[99576]: spawned uWSGI worker 1 (pid: 99577, cores: 1)
Apr 10 18:11:07.085602 np0000164870 devstack@n-api.service[99576]: spawned uWSGI worker 2 (pid: 99578, cores: 1)
Apr 10 18:11:07.086256 np0000164870 devstack@n-api.service[99576]: spawned uWSGI worker 3 (pid: 99579, cores: 1)
Apr 10 18:11:07.086800 np0000164870 devstack@n-api.service[99576]: spawned uWSGI worker 4 (pid: 99580, cores: 1)
Apr 10 18:11:07.086878 np0000164870 devstack@n-api.service[99576]: running "unix_signal:15 gracefully_kill_them_all" (master-start)...
Apr 10 18:11:07.410450 np0000164870 devstack@n-api.service[99580]: /opt/stack/data/venv/lib/python3.12/site-packages/oslo_concurrency/lockutils.py:41: EventletDeprecationWarning:
Apr 10 18:11:07.410450 np0000164870 devstack@n-api.service[99580]: Eventlet is deprecated. It is currently being maintained in bugfix mode, and
Apr 10 18:11:07.410450 np0000164870 devstack@n-api.service[99580]: we strongly recommend against using it for new projects.
Apr 10 18:11:07.410450 np0000164870 devstack@n-api.service[99580]: If you are already using Eventlet, we recommend migrating to a different
Apr 10 18:11:07.410450 np0000164870 devstack@n-api.service[99580]: framework. For more detail see
Apr 10 18:11:07.410450 np0000164870 devstack@n-api.service[99580]: https://eventlet.readthedocs.io/en/latest/asyncio/migration.html
Apr 10 18:11:07.410450 np0000164870 devstack@n-api.service[99580]: import eventlet
Apr 10 18:11:07.449268 np0000164870 devstack@n-api.service[99579]: /opt/stack/data/venv/lib/python3.12/site-packages/oslo_concurrency/lockutils.py:41: EventletDeprecationWarning:
Apr 10 18:11:07.449268 np0000164870 devstack@n-api.service[99579]: Eventlet is deprecated. It is currently being maintained in bugfix mode, and
Apr 10 18:11:07.449268 np0000164870 devstack@n-api.service[99579]: we strongly recommend against using it for new projects.
Apr 10 18:11:07.449268 np0000164870 devstack@n-api.service[99579]: If you are already using Eventlet, we recommend migrating to a different
Apr 10 18:11:07.449268 np0000164870 devstack@n-api.service[99579]: framework. For more detail see
Apr 10 18:11:07.449268 np0000164870 devstack@n-api.service[99579]: https://eventlet.readthedocs.io/en/latest/asyncio/migration.html
Apr 10 18:11:07.449268 np0000164870 devstack@n-api.service[99579]: import eventlet
Apr 10 18:11:07.455557 np0000164870 devstack@n-api.service[99578]: /opt/stack/data/venv/lib/python3.12/site-packages/oslo_concurrency/lockutils.py:41: EventletDeprecationWarning:
Apr 10 18:11:07.455557 np0000164870 devstack@n-api.service[99578]: Eventlet is deprecated. It is currently being maintained in bugfix mode, and
Apr 10 18:11:07.455557 np0000164870 devstack@n-api.service[99578]: we strongly recommend against using it for new projects.
Apr 10 18:11:07.455557 np0000164870 devstack@n-api.service[99578]: If you are already using Eventlet, we recommend migrating to a different
Apr 10 18:11:07.455557 np0000164870 devstack@n-api.service[99578]: framework. For more detail see
Apr 10 18:11:07.455557 np0000164870 devstack@n-api.service[99578]: https://eventlet.readthedocs.io/en/latest/asyncio/migration.html
Apr 10 18:11:07.455557 np0000164870 devstack@n-api.service[99578]: import eventlet
Apr 10 18:11:07.457550 np0000164870 devstack@n-api.service[99580]: Service is starting with native threading. This is currently experimental. Do not use it in production without first testing it in pre-production.
Apr 10 18:11:07.468820 np0000164870 devstack@n-api.service[99577]: /opt/stack/data/venv/lib/python3.12/site-packages/oslo_concurrency/lockutils.py:41: EventletDeprecationWarning:
Apr 10 18:11:07.468820 np0000164870 devstack@n-api.service[99577]: Eventlet is deprecated. It is currently being maintained in bugfix mode, and
Apr 10 18:11:07.468820 np0000164870 devstack@n-api.service[99577]: we strongly recommend against using it for new projects.
Apr 10 18:11:07.468820 np0000164870 devstack@n-api.service[99577]: If you are already using Eventlet, we recommend migrating to a different
Apr 10 18:11:07.468820 np0000164870 devstack@n-api.service[99577]: framework. For more detail see
Apr 10 18:11:07.468820 np0000164870 devstack@n-api.service[99577]: https://eventlet.readthedocs.io/en/latest/asyncio/migration.html
Apr 10 18:11:07.468820 np0000164870 devstack@n-api.service[99577]: import eventlet
Apr 10 18:11:07.501444 np0000164870 devstack@n-api.service[99579]: Service is starting with native threading. This is currently experimental. Do not use it in production without first testing it in pre-production.
Apr 10 18:11:07.502434 np0000164870 devstack@n-api.service[99578]: Service is starting with native threading. This is currently experimental. Do not use it in production without first testing it in pre-production.
Apr 10 18:11:07.516733 np0000164870 devstack@n-api.service[99577]: Service is starting with native threading. This is currently experimental. Do not use it in production without first testing it in pre-production.
Apr 10 18:11:09.515375 np0000164870 devstack@n-api.service[99580]: INFO dbcounter [None req-16df3a5f-fa00-4a4c-b685-21380f3d7372 None None] Registered counter for database nova_api
Apr 10 18:11:09.533529 np0000164870 devstack@n-api.service[99580]: DEBUG oslo_db.sqlalchemy.engines [None req-16df3a5f-fa00-4a4c-b685-21380f3d7372 None None] MySQL server mode set to STRICT_TRANS_TABLES,STRICT_ALL_TABLES,NO_ZERO_IN_DATE,NO_ZERO_DATE,ERROR_FOR_DIVISION_BY_ZERO,TRADITIONAL,NO_ENGINE_SUBSTITUTION {{(pid=99580) _check_effective_sql_mode /opt/stack/data/venv/lib/python3.12/site-packages/oslo_db/sqlalchemy/engines.py:325}}
Apr 10 18:11:09.542033 np0000164870 devstack@n-api.service[99578]: INFO dbcounter [None req-0a5a4f30-f752-4e7d-990d-aecd91ebe6b6 None None] Registered counter for database nova_api
Apr 10 18:11:09.554369 np0000164870 devstack@n-api.service[99578]: DEBUG oslo_db.sqlalchemy.engines [None req-0a5a4f30-f752-4e7d-990d-aecd91ebe6b6 None None] MySQL server mode set to STRICT_TRANS_TABLES,STRICT_ALL_TABLES,NO_ZERO_IN_DATE,NO_ZERO_DATE,ERROR_FOR_DIVISION_BY_ZERO,TRADITIONAL,NO_ENGINE_SUBSTITUTION {{(pid=99578) _check_effective_sql_mode /opt/stack/data/venv/lib/python3.12/site-packages/oslo_db/sqlalchemy/engines.py:325}}
Apr 10 18:11:09.555415 np0000164870 devstack@n-api.service[99579]: INFO dbcounter [None req-e46cd713-15ac-4836-b801-2d061582729a None None] Registered counter for database nova_api
Apr 10 18:11:09.567051 np0000164870 devstack@n-api.service[99579]: DEBUG oslo_db.sqlalchemy.engines [None req-e46cd713-15ac-4836-b801-2d061582729a None None] MySQL server mode set to STRICT_TRANS_TABLES,STRICT_ALL_TABLES,NO_ZERO_IN_DATE,NO_ZERO_DATE,ERROR_FOR_DIVISION_BY_ZERO,TRADITIONAL,NO_ENGINE_SUBSTITUTION {{(pid=99579) _check_effective_sql_mode /opt/stack/data/venv/lib/python3.12/site-packages/oslo_db/sqlalchemy/engines.py:325}}
Apr 10 18:11:09.570310 np0000164870 devstack@n-api.service[99580]: DEBUG dbcounter [-] [99580] Writer thread running {{(pid=99580) stat_writer /opt/stack/data/venv/lib/python3.12/site-packages/dbcounter.py:102}}
Apr 10 18:11:09.573061 np0000164870 devstack@n-api.service[99580]: DEBUG nova.context [None req-16df3a5f-fa00-4a4c-b685-21380f3d7372 None None] Found 2 cells: 00000000-0000-0000-0000-000000000000(cell0),ec688f35-c0b3-4b10-804f-74294dada477(cell1) {{(pid=99580) load_cells /opt/stack/nova/nova/context.py:509}}
Apr 10 18:11:09.573302 np0000164870 devstack@n-api.service[99580]: INFO nova.utils [None req-16df3a5f-fa00-4a4c-b685-21380f3d7372 None None] The cell worker thread pool MainProcess.cell_worker is initialized
Apr 10 18:11:09.575704 np0000164870 devstack@n-api.service[99580]: DEBUG oslo_concurrency.lockutils [None req-16df3a5f-fa00-4a4c-b685-21380f3d7372 None None] Acquiring lock "00000000-0000-0000-0000-000000000000" by "nova.context.set_target_cell..get_or_set_cached_cell_and_set_connections" {{(pid=99580) inner /opt/stack/data/venv/lib/python3.12/site-packages/oslo_concurrency/lockutils.py:506}}
Apr 10 18:11:09.575934 np0000164870 devstack@n-api.service[99580]: DEBUG oslo_concurrency.lockutils [None req-16df3a5f-fa00-4a4c-b685-21380f3d7372 None None] Lock "00000000-0000-0000-0000-000000000000" acquired by "nova.context.set_target_cell..get_or_set_cached_cell_and_set_connections" :: waited 0.000s {{(pid=99580) inner /opt/stack/data/venv/lib/python3.12/site-packages/oslo_concurrency/lockutils.py:519}}
Apr 10 18:11:09.576477 np0000164870 devstack@n-api.service[99577]: INFO dbcounter [None req-edddd5c7-41ec-4d24-b8ed-7a06e282a86f None None] Registered counter for database nova_api
Apr 10 18:11:09.576880 np0000164870 devstack@n-api.service[99580]: DEBUG oslo_concurrency.lockutils [None req-16df3a5f-fa00-4a4c-b685-21380f3d7372 None None] Lock "00000000-0000-0000-0000-000000000000" "released" by "nova.context.set_target_cell..get_or_set_cached_cell_and_set_connections" :: held 0.001s {{(pid=99580) inner /opt/stack/data/venv/lib/python3.12/site-packages/oslo_concurrency/lockutils.py:538}}
Apr 10 18:11:09.577481 np0000164870 devstack@n-api.service[99580]: DEBUG oslo_concurrency.lockutils [None req-16df3a5f-fa00-4a4c-b685-21380f3d7372 None None] Acquiring lock "ec688f35-c0b3-4b10-804f-74294dada477" by "nova.context.set_target_cell..get_or_set_cached_cell_and_set_connections" {{(pid=99580) inner /opt/stack/data/venv/lib/python3.12/site-packages/oslo_concurrency/lockutils.py:506}}
Apr 10 18:11:09.577670 np0000164870 devstack@n-api.service[99580]: DEBUG oslo_concurrency.lockutils [None req-16df3a5f-fa00-4a4c-b685-21380f3d7372 None None] Lock "ec688f35-c0b3-4b10-804f-74294dada477" acquired by "nova.context.set_target_cell..get_or_set_cached_cell_and_set_connections" :: waited 0.000s {{(pid=99580) inner /opt/stack/data/venv/lib/python3.12/site-packages/oslo_concurrency/lockutils.py:519}}
Apr 10 18:11:09.578855 np0000164870 devstack@n-api.service[99580]: DEBUG oslo_concurrency.lockutils [None req-16df3a5f-fa00-4a4c-b685-21380f3d7372 None None] Lock "ec688f35-c0b3-4b10-804f-74294dada477" "released" by "nova.context.set_target_cell..get_or_set_cached_cell_and_set_connections" :: held 0.001s {{(pid=99580) inner /opt/stack/data/venv/lib/python3.12/site-packages/oslo_concurrency/lockutils.py:538}}
Apr 10 18:11:09.582245 np0000164870 devstack@n-api.service[99580]: INFO dbcounter [None req-16df3a5f-fa00-4a4c-b685-21380f3d7372 None None] Registered counter for database nova_cell0
Apr 10 18:11:09.586502 np0000164870 devstack@n-api.service[99578]: DEBUG dbcounter [-] [99578] Writer thread running {{(pid=99578) stat_writer /opt/stack/data/venv/lib/python3.12/site-packages/dbcounter.py:102}}
Apr 10 18:11:09.589123 np0000164870 devstack@n-api.service[99578]: DEBUG nova.context [None req-0a5a4f30-f752-4e7d-990d-aecd91ebe6b6 None None] Found 2 cells: 00000000-0000-0000-0000-000000000000(cell0),ec688f35-c0b3-4b10-804f-74294dada477(cell1) {{(pid=99578) load_cells /opt/stack/nova/nova/context.py:509}}
Apr 10 18:11:09.589386 np0000164870 devstack@n-api.service[99578]: INFO nova.utils [None req-0a5a4f30-f752-4e7d-990d-aecd91ebe6b6 None None] The cell worker thread pool MainProcess.cell_worker is initialized
Apr 10 18:11:09.591828 np0000164870 devstack@n-api.service[99578]: DEBUG oslo_concurrency.lockutils [None req-0a5a4f30-f752-4e7d-990d-aecd91ebe6b6 None None] Acquiring lock "00000000-0000-0000-0000-000000000000" by "nova.context.set_target_cell..get_or_set_cached_cell_and_set_connections" {{(pid=99578) inner /opt/stack/data/venv/lib/python3.12/site-packages/oslo_concurrency/lockutils.py:506}}
Apr 10 18:11:09.591974 np0000164870 devstack@n-api.service[99580]: INFO dbcounter [None req-16df3a5f-fa00-4a4c-b685-21380f3d7372 None None] Registered counter for database nova_cell1
Apr 10 18:11:09.592117 np0000164870 devstack@n-api.service[99578]: DEBUG oslo_concurrency.lockutils [None req-0a5a4f30-f752-4e7d-990d-aecd91ebe6b6 None None] Lock "00000000-0000-0000-0000-000000000000" acquired by "nova.context.set_target_cell..get_or_set_cached_cell_and_set_connections" :: waited 0.000s {{(pid=99578) inner /opt/stack/data/venv/lib/python3.12/site-packages/oslo_concurrency/lockutils.py:519}}
Apr 10 18:11:09.592557 np0000164870 devstack@n-api.service[99578]: DEBUG oslo_concurrency.lockutils [None req-0a5a4f30-f752-4e7d-990d-aecd91ebe6b6 None None] Lock "00000000-0000-0000-0000-000000000000" "released" by "nova.context.set_target_cell..get_or_set_cached_cell_and_set_connections" :: held 0.000s {{(pid=99578) inner /opt/stack/data/venv/lib/python3.12/site-packages/oslo_concurrency/lockutils.py:538}}
Apr 10 18:11:09.593469 np0000164870 devstack@n-api.service[99578]: DEBUG oslo_concurrency.lockutils [None req-0a5a4f30-f752-4e7d-990d-aecd91ebe6b6 None None] Acquiring lock "ec688f35-c0b3-4b10-804f-74294dada477" by "nova.context.set_target_cell..get_or_set_cached_cell_and_set_connections" {{(pid=99578) inner /opt/stack/data/venv/lib/python3.12/site-packages/oslo_concurrency/lockutils.py:506}}
Apr 10 18:11:09.593672 np0000164870 devstack@n-api.service[99578]: DEBUG oslo_concurrency.lockutils [None req-0a5a4f30-f752-4e7d-990d-aecd91ebe6b6 None None] Lock "ec688f35-c0b3-4b10-804f-74294dada477" acquired by "nova.context.set_target_cell..get_or_set_cached_cell_and_set_connections" :: waited 0.000s {{(pid=99578) inner /opt/stack/data/venv/lib/python3.12/site-packages/oslo_concurrency/lockutils.py:519}}
Apr 10 18:11:09.594883 np0000164870 devstack@n-api.service[99578]: DEBUG oslo_concurrency.lockutils [None req-0a5a4f30-f752-4e7d-990d-aecd91ebe6b6 None None] Lock "ec688f35-c0b3-4b10-804f-74294dada477" "released" by "nova.context.set_target_cell..get_or_set_cached_cell_and_set_connections" :: held 0.001s {{(pid=99578) inner /opt/stack/data/venv/lib/python3.12/site-packages/oslo_concurrency/lockutils.py:538}}
Apr 10 18:11:09.595500 np0000164870 devstack@n-api.service[99577]: DEBUG oslo_db.sqlalchemy.engines [None req-edddd5c7-41ec-4d24-b8ed-7a06e282a86f None None] MySQL server mode set to STRICT_TRANS_TABLES,STRICT_ALL_TABLES,NO_ZERO_IN_DATE,NO_ZERO_DATE,ERROR_FOR_DIVISION_BY_ZERO,TRADITIONAL,NO_ENGINE_SUBSTITUTION {{(pid=99577) _check_effective_sql_mode /opt/stack/data/venv/lib/python3.12/site-packages/oslo_db/sqlalchemy/engines.py:325}}
Apr 10 18:11:09.597840 np0000164870 devstack@n-api.service[99578]: INFO dbcounter [None req-0a5a4f30-f752-4e7d-990d-aecd91ebe6b6 None None] Registered counter for database nova_cell0
Apr 10 18:11:09.599147 np0000164870 devstack@n-api.service[99579]: DEBUG dbcounter [-] [99579] Writer thread running {{(pid=99579) stat_writer /opt/stack/data/venv/lib/python3.12/site-packages/dbcounter.py:102}}
Apr 10 18:11:09.602087 np0000164870 devstack@n-api.service[99580]: DEBUG oslo_db.sqlalchemy.engines [None req-16df3a5f-fa00-4a4c-b685-21380f3d7372 None None] MySQL server mode set to STRICT_TRANS_TABLES,STRICT_ALL_TABLES,NO_ZERO_IN_DATE,NO_ZERO_DATE,ERROR_FOR_DIVISION_BY_ZERO,TRADITIONAL,NO_ENGINE_SUBSTITUTION {{(pid=99580) _check_effective_sql_mode /opt/stack/data/venv/lib/python3.12/site-packages/oslo_db/sqlalchemy/engines.py:325}}
Apr 10 18:11:09.602176 np0000164870 devstack@n-api.service[99579]: DEBUG nova.context [None req-e46cd713-15ac-4836-b801-2d061582729a None None] Found 2 cells: 00000000-0000-0000-0000-000000000000(cell0),ec688f35-c0b3-4b10-804f-74294dada477(cell1) {{(pid=99579) load_cells /opt/stack/nova/nova/context.py:509}}
Apr 10 18:11:09.602265 np0000164870 devstack@n-api.service[99579]: INFO nova.utils [None req-e46cd713-15ac-4836-b801-2d061582729a None None] The cell worker thread pool MainProcess.cell_worker is initialized
Apr 10 18:11:09.604451 np0000164870 devstack@n-api.service[99579]: DEBUG oslo_concurrency.lockutils [None req-e46cd713-15ac-4836-b801-2d061582729a None None] Acquiring lock "00000000-0000-0000-0000-000000000000" by "nova.context.set_target_cell..get_or_set_cached_cell_and_set_connections" {{(pid=99579) inner /opt/stack/data/venv/lib/python3.12/site-packages/oslo_concurrency/lockutils.py:506}}
Apr 10 18:11:09.604675 np0000164870 devstack@n-api.service[99579]: DEBUG oslo_concurrency.lockutils [None req-e46cd713-15ac-4836-b801-2d061582729a None None] Lock "00000000-0000-0000-0000-000000000000" acquired by "nova.context.set_target_cell..get_or_set_cached_cell_and_set_connections" :: waited 0.000s {{(pid=99579) inner /opt/stack/data/venv/lib/python3.12/site-packages/oslo_concurrency/lockutils.py:519}}
Apr 10 18:11:09.604843 np0000164870 devstack@n-api.service[99578]: INFO dbcounter [None req-0a5a4f30-f752-4e7d-990d-aecd91ebe6b6 None None] Registered counter for database nova_cell1
Apr 10 18:11:09.605162 np0000164870 devstack@n-api.service[99579]: DEBUG oslo_concurrency.lockutils [None req-e46cd713-15ac-4836-b801-2d061582729a None None] Lock "00000000-0000-0000-0000-000000000000" "released" by "nova.context.set_target_cell..get_or_set_cached_cell_and_set_connections" :: held 0.000s {{(pid=99579) inner /opt/stack/data/venv/lib/python3.12/site-packages/oslo_concurrency/lockutils.py:538}}
Apr 10 18:11:09.606053 np0000164870 devstack@n-api.service[99579]: DEBUG oslo_concurrency.lockutils [None req-e46cd713-15ac-4836-b801-2d061582729a None None] Acquiring lock "ec688f35-c0b3-4b10-804f-74294dada477" by "nova.context.set_target_cell..get_or_set_cached_cell_and_set_connections" {{(pid=99579) inner /opt/stack/data/venv/lib/python3.12/site-packages/oslo_concurrency/lockutils.py:506}}
Apr 10 18:11:09.606251 np0000164870 devstack@n-api.service[99579]: DEBUG oslo_concurrency.lockutils [None req-e46cd713-15ac-4836-b801-2d061582729a None None] Lock "ec688f35-c0b3-4b10-804f-74294dada477" acquired by "nova.context.set_target_cell..get_or_set_cached_cell_and_set_connections" :: waited 0.000s {{(pid=99579) inner /opt/stack/data/venv/lib/python3.12/site-packages/oslo_concurrency/lockutils.py:519}}
Apr 10 18:11:09.607356 np0000164870 devstack@n-api.service[99579]: DEBUG oslo_concurrency.lockutils [None req-e46cd713-15ac-4836-b801-2d061582729a None None] Lock "ec688f35-c0b3-4b10-804f-74294dada477" "released" by "nova.context.set_target_cell..get_or_set_cached_cell_and_set_connections" :: held 0.001s {{(pid=99579) inner /opt/stack/data/venv/lib/python3.12/site-packages/oslo_concurrency/lockutils.py:538}}
Apr 10 18:11:09.610980 np0000164870 devstack@n-api.service[99579]: INFO dbcounter [None req-e46cd713-15ac-4836-b801-2d061582729a None None] Registered counter for database nova_cell0
Apr 10 18:11:09.614465 np0000164870 devstack@n-api.service[99578]: DEBUG oslo_db.sqlalchemy.engines [None req-0a5a4f30-f752-4e7d-990d-aecd91ebe6b6 None None] MySQL server mode set to STRICT_TRANS_TABLES,STRICT_ALL_TABLES,NO_ZERO_IN_DATE,NO_ZERO_DATE,ERROR_FOR_DIVISION_BY_ZERO,TRADITIONAL,NO_ENGINE_SUBSTITUTION {{(pid=99578) _check_effective_sql_mode /opt/stack/data/venv/lib/python3.12/site-packages/oslo_db/sqlalchemy/engines.py:325}}
Apr 10 18:11:09.615582 np0000164870 devstack@n-api.service[99580]: DEBUG oslo_db.sqlalchemy.engines [None req-16df3a5f-fa00-4a4c-b685-21380f3d7372 None None] MySQL server mode set to STRICT_TRANS_TABLES,STRICT_ALL_TABLES,NO_ZERO_IN_DATE,NO_ZERO_DATE,ERROR_FOR_DIVISION_BY_ZERO,TRADITIONAL,NO_ENGINE_SUBSTITUTION {{(pid=99580) _check_effective_sql_mode /opt/stack/data/venv/lib/python3.12/site-packages/oslo_db/sqlalchemy/engines.py:325}}
Apr 10 18:11:09.620130 np0000164870 devstack@n-api.service[99579]: INFO dbcounter [None req-e46cd713-15ac-4836-b801-2d061582729a None None] Registered counter for database nova_cell1
Apr 10 18:11:09.629970 np0000164870 devstack@n-api.service[99578]: DEBUG oslo_db.sqlalchemy.engines [None req-0a5a4f30-f752-4e7d-990d-aecd91ebe6b6 None None] MySQL server mode set to STRICT_TRANS_TABLES,STRICT_ALL_TABLES,NO_ZERO_IN_DATE,NO_ZERO_DATE,ERROR_FOR_DIVISION_BY_ZERO,TRADITIONAL,NO_ENGINE_SUBSTITUTION {{(pid=99578) _check_effective_sql_mode /opt/stack/data/venv/lib/python3.12/site-packages/oslo_db/sqlalchemy/engines.py:325}}
Apr 10 18:11:09.631375 np0000164870 devstack@n-api.service[99579]: DEBUG oslo_db.sqlalchemy.engines [None req-e46cd713-15ac-4836-b801-2d061582729a None None] MySQL server mode set to STRICT_TRANS_TABLES,STRICT_ALL_TABLES,NO_ZERO_IN_DATE,NO_ZERO_DATE,ERROR_FOR_DIVISION_BY_ZERO,TRADITIONAL,NO_ENGINE_SUBSTITUTION {{(pid=99579) _check_effective_sql_mode /opt/stack/data/venv/lib/python3.12/site-packages/oslo_db/sqlalchemy/engines.py:325}}
Apr 10 18:11:09.634541 np0000164870 devstack@n-api.service[99577]: DEBUG dbcounter [-] [99577] Writer thread running {{(pid=99577) stat_writer /opt/stack/data/venv/lib/python3.12/site-packages/dbcounter.py:102}}
Apr 10 18:11:09.637133 np0000164870 devstack@n-api.service[99577]: DEBUG nova.context [None req-edddd5c7-41ec-4d24-b8ed-7a06e282a86f None None] Found 2 cells: 00000000-0000-0000-0000-000000000000(cell0),ec688f35-c0b3-4b10-804f-74294dada477(cell1) {{(pid=99577) load_cells /opt/stack/nova/nova/context.py:509}}
Apr 10 18:11:09.637393 np0000164870 devstack@n-api.service[99577]: INFO nova.utils [None req-edddd5c7-41ec-4d24-b8ed-7a06e282a86f None None] The cell worker thread pool MainProcess.cell_worker is initialized
Apr 10 18:11:09.639338 np0000164870 devstack@n-api.service[99579]: DEBUG oslo_db.sqlalchemy.engines [None req-e46cd713-15ac-4836-b801-2d061582729a None None] MySQL server mode set to STRICT_TRANS_TABLES,STRICT_ALL_TABLES,NO_ZERO_IN_DATE,NO_ZERO_DATE,ERROR_FOR_DIVISION_BY_ZERO,TRADITIONAL,NO_ENGINE_SUBSTITUTION {{(pid=99579) _check_effective_sql_mode /opt/stack/data/venv/lib/python3.12/site-packages/oslo_db/sqlalchemy/engines.py:325}}
Apr 10 18:11:09.639563 np0000164870 devstack@n-api.service[99577]: DEBUG oslo_concurrency.lockutils [None req-edddd5c7-41ec-4d24-b8ed-7a06e282a86f None None] Acquiring lock "00000000-0000-0000-0000-000000000000" by "nova.context.set_target_cell..get_or_set_cached_cell_and_set_connections" {{(pid=99577) inner /opt/stack/data/venv/lib/python3.12/site-packages/oslo_concurrency/lockutils.py:506}}
Apr 10 18:11:09.639755 np0000164870 devstack@n-api.service[99577]: DEBUG oslo_concurrency.lockutils [None req-edddd5c7-41ec-4d24-b8ed-7a06e282a86f None None] Lock "00000000-0000-0000-0000-000000000000" acquired by "nova.context.set_target_cell..get_or_set_cached_cell_and_set_connections" :: waited 0.000s {{(pid=99577) inner /opt/stack/data/venv/lib/python3.12/site-packages/oslo_concurrency/lockutils.py:519}}
Apr 10 18:11:09.640259 np0000164870 devstack@n-api.service[99577]: DEBUG oslo_concurrency.lockutils [None req-edddd5c7-41ec-4d24-b8ed-7a06e282a86f None None] Lock "00000000-0000-0000-0000-000000000000" "released" by "nova.context.set_target_cell..get_or_set_cached_cell_and_set_connections" :: held 0.000s {{(pid=99577) inner /opt/stack/data/venv/lib/python3.12/site-packages/oslo_concurrency/lockutils.py:538}}
Apr 10 18:11:09.641113 np0000164870 devstack@n-api.service[99577]: DEBUG oslo_concurrency.lockutils [None req-edddd5c7-41ec-4d24-b8ed-7a06e282a86f None None] Acquiring lock "ec688f35-c0b3-4b10-804f-74294dada477" by "nova.context.set_target_cell..get_or_set_cached_cell_and_set_connections" {{(pid=99577) inner /opt/stack/data/venv/lib/python3.12/site-packages/oslo_concurrency/lockutils.py:506}}
Apr 10 18:11:09.641449 np0000164870 devstack@n-api.service[99577]: DEBUG oslo_concurrency.lockutils [None req-edddd5c7-41ec-4d24-b8ed-7a06e282a86f None None] Lock "ec688f35-c0b3-4b10-804f-74294dada477" acquired by "nova.context.set_target_cell..get_or_set_cached_cell_and_set_connections" :: waited 0.000s {{(pid=99577) inner /opt/stack/data/venv/lib/python3.12/site-packages/oslo_concurrency/lockutils.py:519}}
Apr 10 18:11:09.642580 np0000164870 devstack@n-api.service[99577]: DEBUG oslo_concurrency.lockutils [None req-edddd5c7-41ec-4d24-b8ed-7a06e282a86f None None] Lock "ec688f35-c0b3-4b10-804f-74294dada477" "released" by "nova.context.set_target_cell..get_or_set_cached_cell_and_set_connections" :: held 0.001s {{(pid=99577) inner /opt/stack/data/venv/lib/python3.12/site-packages/oslo_concurrency/lockutils.py:538}}
Apr 10 18:11:09.646240 np0000164870 devstack@n-api.service[99577]: INFO dbcounter [None req-edddd5c7-41ec-4d24-b8ed-7a06e282a86f None None] Registered counter for database nova_cell0
Apr 10 18:11:09.655680 np0000164870 devstack@n-api.service[99577]: INFO dbcounter [None req-edddd5c7-41ec-4d24-b8ed-7a06e282a86f None None] Registered counter for database nova_cell1
Apr 10 18:11:09.668015 np0000164870 devstack@n-api.service[99577]: DEBUG oslo_db.sqlalchemy.engines [None req-edddd5c7-41ec-4d24-b8ed-7a06e282a86f None None] MySQL server mode set to STRICT_TRANS_TABLES,STRICT_ALL_TABLES,NO_ZERO_IN_DATE,NO_ZERO_DATE,ERROR_FOR_DIVISION_BY_ZERO,TRADITIONAL,NO_ENGINE_SUBSTITUTION {{(pid=99577) _check_effective_sql_mode /opt/stack/data/venv/lib/python3.12/site-packages/oslo_db/sqlalchemy/engines.py:325}}
Apr 10 18:11:09.676391 np0000164870 devstack@n-api.service[99577]: DEBUG oslo_db.sqlalchemy.engines [None req-edddd5c7-41ec-4d24-b8ed-7a06e282a86f None None] MySQL server mode set to STRICT_TRANS_TABLES,STRICT_ALL_TABLES,NO_ZERO_IN_DATE,NO_ZERO_DATE,ERROR_FOR_DIVISION_BY_ZERO,TRADITIONAL,NO_ENGINE_SUBSTITUTION {{(pid=99577) _check_effective_sql_mode /opt/stack/data/venv/lib/python3.12/site-packages/oslo_db/sqlalchemy/engines.py:325}}
Apr 10 18:11:09.694979 np0000164870 devstack@n-api.service[99580]: DEBUG dbcounter [-] [99580] Writer thread running {{(pid=99580) stat_writer /opt/stack/data/venv/lib/python3.12/site-packages/dbcounter.py:102}}
Apr 10 18:11:09.699978 np0000164870 devstack@n-api.service[99580]: DEBUG dbcounter [-] [99580] Writer thread running {{(pid=99580) stat_writer /opt/stack/data/venv/lib/python3.12/site-packages/dbcounter.py:102}}
Apr 10 18:11:09.705269 np0000164870 devstack@n-api.service[99578]: DEBUG dbcounter [-] [99578] Writer thread running {{(pid=99578) stat_writer /opt/stack/data/venv/lib/python3.12/site-packages/dbcounter.py:102}}
Apr 10 18:11:09.705342 np0000164870 devstack@n-api.service[99580]: INFO dbcounter [None req-16df3a5f-fa00-4a4c-b685-21380f3d7372 None None] Registered counter for database nova_cell0
Apr 10 18:11:09.709336 np0000164870 devstack@n-api.service[99578]: DEBUG dbcounter [-] [99578] Writer thread running {{(pid=99578) stat_writer /opt/stack/data/venv/lib/python3.12/site-packages/dbcounter.py:102}}
Apr 10 18:11:09.717531 np0000164870 devstack@n-api.service[99578]: INFO dbcounter [None req-0a5a4f30-f752-4e7d-990d-aecd91ebe6b6 None None] Registered counter for database nova_cell0
Apr 10 18:11:09.718295 np0000164870 devstack@n-api.service[99580]: DEBUG oslo_db.sqlalchemy.engines [None req-16df3a5f-fa00-4a4c-b685-21380f3d7372 None None] MySQL server mode set to STRICT_TRANS_TABLES,STRICT_ALL_TABLES,NO_ZERO_IN_DATE,NO_ZERO_DATE,ERROR_FOR_DIVISION_BY_ZERO,TRADITIONAL,NO_ENGINE_SUBSTITUTION {{(pid=99580) _check_effective_sql_mode /opt/stack/data/venv/lib/python3.12/site-packages/oslo_db/sqlalchemy/engines.py:325}}
Apr 10 18:11:09.728845 np0000164870 devstack@n-api.service[99578]: DEBUG oslo_db.sqlalchemy.engines [None req-0a5a4f30-f752-4e7d-990d-aecd91ebe6b6 None None] MySQL server mode set to STRICT_TRANS_TABLES,STRICT_ALL_TABLES,NO_ZERO_IN_DATE,NO_ZERO_DATE,ERROR_FOR_DIVISION_BY_ZERO,TRADITIONAL,NO_ENGINE_SUBSTITUTION {{(pid=99578) _check_effective_sql_mode /opt/stack/data/venv/lib/python3.12/site-packages/oslo_db/sqlalchemy/engines.py:325}}
Apr 10 18:11:09.729509 np0000164870 devstack@n-api.service[99580]: DEBUG dbcounter [-] [99580] Writer thread running {{(pid=99580) stat_writer /opt/stack/data/venv/lib/python3.12/site-packages/dbcounter.py:102}}
Apr 10 18:11:09.739723 np0000164870 devstack@n-api.service[99578]: DEBUG dbcounter [-] [99578] Writer thread running {{(pid=99578) stat_writer /opt/stack/data/venv/lib/python3.12/site-packages/dbcounter.py:102}}
Apr 10 18:11:09.745380 np0000164870 devstack@n-api.service[99579]: DEBUG dbcounter [-] [99579] Writer thread running {{(pid=99579) stat_writer /opt/stack/data/venv/lib/python3.12/site-packages/dbcounter.py:102}}
Apr 10 18:11:09.750059 np0000164870 devstack@n-api.service[99579]: DEBUG dbcounter [-] [99579] Writer thread running {{(pid=99579) stat_writer /opt/stack/data/venv/lib/python3.12/site-packages/dbcounter.py:102}}
Apr 10 18:11:09.768648 np0000164870 devstack@n-api.service[99577]: DEBUG dbcounter [-] [99577] Writer thread running {{(pid=99577) stat_writer /opt/stack/data/venv/lib/python3.12/site-packages/dbcounter.py:102}}
Apr 10 18:11:09.772488 np0000164870 devstack@n-api.service[99577]: DEBUG dbcounter [-] [99577] Writer thread running {{(pid=99577) stat_writer /opt/stack/data/venv/lib/python3.12/site-packages/dbcounter.py:102}}
Apr 10 18:11:09.784811 np0000164870 devstack@n-api.service[99579]: INFO dbcounter [None req-e46cd713-15ac-4836-b801-2d061582729a None None] Registered counter for database nova_cell0
Apr 10 18:11:09.785596 np0000164870 devstack@n-api.service[99577]: INFO dbcounter [None req-edddd5c7-41ec-4d24-b8ed-7a06e282a86f None None] Registered counter for database nova_cell0
Apr 10 18:11:09.793692 np0000164870 devstack@n-api.service[99579]: DEBUG oslo_db.sqlalchemy.engines [None req-e46cd713-15ac-4836-b801-2d061582729a None None] MySQL server mode set to STRICT_TRANS_TABLES,STRICT_ALL_TABLES,NO_ZERO_IN_DATE,NO_ZERO_DATE,ERROR_FOR_DIVISION_BY_ZERO,TRADITIONAL,NO_ENGINE_SUBSTITUTION {{(pid=99579) _check_effective_sql_mode /opt/stack/data/venv/lib/python3.12/site-packages/oslo_db/sqlalchemy/engines.py:325}}
Apr 10 18:11:09.799336 np0000164870 devstack@n-api.service[99577]: DEBUG oslo_db.sqlalchemy.engines [None req-edddd5c7-41ec-4d24-b8ed-7a06e282a86f None None] MySQL server mode set to STRICT_TRANS_TABLES,STRICT_ALL_TABLES,NO_ZERO_IN_DATE,NO_ZERO_DATE,ERROR_FOR_DIVISION_BY_ZERO,TRADITIONAL,NO_ENGINE_SUBSTITUTION {{(pid=99577) _check_effective_sql_mode /opt/stack/data/venv/lib/python3.12/site-packages/oslo_db/sqlalchemy/engines.py:325}}
Apr 10 18:11:09.801066 np0000164870 devstack@n-api.service[99579]: DEBUG dbcounter [-] [99579] Writer thread running {{(pid=99579) stat_writer /opt/stack/data/venv/lib/python3.12/site-packages/dbcounter.py:102}}
Apr 10 18:11:09.809556 np0000164870 devstack@n-api.service[99577]: DEBUG dbcounter [-] [99577] Writer thread running {{(pid=99577) stat_writer /opt/stack/data/venv/lib/python3.12/site-packages/dbcounter.py:102}}
Apr 10 18:11:10.275263 np0000164870 devstack@n-api.service[99580]: DEBUG oslo_concurrency.processutils [None req-16df3a5f-fa00-4a4c-b685-21380f3d7372 None None] Running cmd (subprocess): grep -F node.session.scan /sbin/iscsiadm {{(pid=99580) execute /opt/stack/data/venv/lib/python3.12/site-packages/oslo_concurrency/processutils.py:440}}
Apr 10 18:11:10.284046 np0000164870 devstack@n-api.service[99579]: DEBUG oslo_concurrency.processutils [None req-e46cd713-15ac-4836-b801-2d061582729a None None] Running cmd (subprocess): grep -F node.session.scan /sbin/iscsiadm {{(pid=99579) execute /opt/stack/data/venv/lib/python3.12/site-packages/oslo_concurrency/processutils.py:440}}
Apr 10 18:11:10.290623 np0000164870 devstack@n-api.service[99578]: DEBUG oslo_concurrency.processutils [None req-0a5a4f30-f752-4e7d-990d-aecd91ebe6b6 None None] Running cmd (subprocess): grep -F node.session.scan /sbin/iscsiadm {{(pid=99578) execute /opt/stack/data/venv/lib/python3.12/site-packages/oslo_concurrency/processutils.py:440}}
Apr 10 18:11:10.296445 np0000164870 devstack@n-api.service[99580]: DEBUG oslo_concurrency.processutils [None req-16df3a5f-fa00-4a4c-b685-21380f3d7372 None None] CMD "grep -F node.session.scan /sbin/iscsiadm" returned: 0 in 0.021s {{(pid=99580) execute /opt/stack/data/venv/lib/python3.12/site-packages/oslo_concurrency/processutils.py:468}}
Apr 10 18:11:10.304454 np0000164870 devstack@n-api.service[99579]: DEBUG oslo_concurrency.processutils [None req-e46cd713-15ac-4836-b801-2d061582729a None None] CMD "grep -F node.session.scan /sbin/iscsiadm" returned: 0 in 0.020s {{(pid=99579) execute /opt/stack/data/venv/lib/python3.12/site-packages/oslo_concurrency/processutils.py:468}}
Apr 10 18:11:10.305049 np0000164870 devstack@n-api.service[99577]: DEBUG oslo_concurrency.processutils [None req-edddd5c7-41ec-4d24-b8ed-7a06e282a86f None None] Running cmd (subprocess): grep -F node.session.scan /sbin/iscsiadm {{(pid=99577) execute /opt/stack/data/venv/lib/python3.12/site-packages/oslo_concurrency/processutils.py:440}}
Apr 10 18:11:10.308478 np0000164870 devstack@n-api.service[99578]: DEBUG oslo_concurrency.processutils [None req-0a5a4f30-f752-4e7d-990d-aecd91ebe6b6 None None] CMD "grep -F node.session.scan /sbin/iscsiadm" returned: 0 in 0.018s {{(pid=99578) execute /opt/stack/data/venv/lib/python3.12/site-packages/oslo_concurrency/processutils.py:468}}
Apr 10 18:11:10.323773 np0000164870 devstack@n-api.service[99577]: DEBUG oslo_concurrency.processutils [None req-edddd5c7-41ec-4d24-b8ed-7a06e282a86f None None] CMD "grep -F node.session.scan /sbin/iscsiadm" returned: 0 in 0.019s {{(pid=99577) execute /opt/stack/data/venv/lib/python3.12/site-packages/oslo_concurrency/processutils.py:468}}
Apr 10 18:11:10.716069 np0000164870 devstack@n-api.service[99579]: WARNING keystonemiddleware.auth_token [None req-e46cd713-15ac-4836-b801-2d061582729a None None] AuthToken middleware is set with keystone_authtoken.service_token_roles_required set to False. This is backwards compatible but deprecated behaviour. Please set this to True.
Apr 10 18:11:10.717122 np0000164870 devstack@n-api.service[99578]: WARNING keystonemiddleware.auth_token [None req-0a5a4f30-f752-4e7d-990d-aecd91ebe6b6 None None] AuthToken middleware is set with keystone_authtoken.service_token_roles_required set to False. This is backwards compatible but deprecated behaviour. Please set this to True.
Apr 10 18:11:10.717669 np0000164870 devstack@n-api.service[99580]: WARNING keystonemiddleware.auth_token [None req-16df3a5f-fa00-4a4c-b685-21380f3d7372 None None] AuthToken middleware is set with keystone_authtoken.service_token_roles_required set to False. This is backwards compatible but deprecated behaviour. Please set this to True.
Apr 10 18:11:10.718480 np0000164870 devstack@n-api.service[99577]: WARNING keystonemiddleware.auth_token [None req-edddd5c7-41ec-4d24-b8ed-7a06e282a86f None None] AuthToken middleware is set with keystone_authtoken.service_token_roles_required set to False. This is backwards compatible but deprecated behaviour. Please set this to True.
Apr 10 18:11:10.928026 np0000164870 devstack@n-api.service[99580]: WARNING keystonemiddleware.auth_token [None req-16df3a5f-fa00-4a4c-b685-21380f3d7372 None None] AuthToken middleware is set with keystone_authtoken.service_token_roles_required set to False. This is backwards compatible but deprecated behaviour. Please set this to True.
Apr 10 18:11:10.933166 np0000164870 devstack@n-api.service[99580]: DEBUG nova.api.openstack.wsgi_app [None req-16df3a5f-fa00-4a4c-b685-21380f3d7372 None None] ******************************************************************************** {{(pid=99580) log_opt_values /opt/stack/data/venv/lib/python3.12/site-packages/oslo_config/cfg.py:2979}}
Apr 10 18:11:10.933657 np0000164870 devstack@n-api.service[99580]: DEBUG nova.api.openstack.wsgi_app [None req-16df3a5f-fa00-4a4c-b685-21380f3d7372 None None] Configuration options gathered from: {{(pid=99580) log_opt_values /opt/stack/data/venv/lib/python3.12/site-packages/oslo_config/cfg.py:2980}}
Apr 10 18:11:10.933657 np0000164870 devstack@n-api.service[99580]: DEBUG nova.api.openstack.wsgi_app [None req-16df3a5f-fa00-4a4c-b685-21380f3d7372 None None] command line args: [] {{(pid=99580) log_opt_values /opt/stack/data/venv/lib/python3.12/site-packages/oslo_config/cfg.py:2981}}
Apr 10 18:11:10.934067 np0000164870 devstack@n-api.service[99580]: DEBUG nova.api.openstack.wsgi_app [None req-16df3a5f-fa00-4a4c-b685-21380f3d7372 None None] config files: ['/etc/nova/api-paste.ini', '/etc/nova/nova.conf'] {{(pid=99580) log_opt_values /opt/stack/data/venv/lib/python3.12/site-packages/oslo_config/cfg.py:2982}}
Apr 10 18:11:10.934067 np0000164870 devstack@n-api.service[99580]: DEBUG nova.api.openstack.wsgi_app [None req-16df3a5f-fa00-4a4c-b685-21380f3d7372 None None] ================================================================================ {{(pid=99580) log_opt_values /opt/stack/data/venv/lib/python3.12/site-packages/oslo_config/cfg.py:2987}}
Apr 10 18:11:10.934067 np0000164870 devstack@n-api.service[99580]: DEBUG nova.api.openstack.wsgi_app [None req-16df3a5f-fa00-4a4c-b685-21380f3d7372 None None] allow_resize_to_same_host = True {{(pid=99580) log_opt_values /opt/stack/data/venv/lib/python3.12/site-packages/oslo_config/cfg.py:2995}}
Apr 10 18:11:10.934794 np0000164870 devstack@n-api.service[99580]: DEBUG nova.api.openstack.wsgi_app [None req-16df3a5f-fa00-4a4c-b685-21380f3d7372 None None] arq_binding_timeout = 300 {{(pid=99580) log_opt_values /opt/stack/data/venv/lib/python3.12/site-packages/oslo_config/cfg.py:2995}}
Apr 10 18:11:10.934794 np0000164870 devstack@n-api.service[99580]: DEBUG nova.api.openstack.wsgi_app [None req-16df3a5f-fa00-4a4c-b685-21380f3d7372 None None] block_device_allocate_retries = 60 {{(pid=99580) log_opt_values /opt/stack/data/venv/lib/python3.12/site-packages/oslo_config/cfg.py:2995}}
Apr 10 18:11:10.934794 np0000164870 devstack@n-api.service[99580]: DEBUG nova.api.openstack.wsgi_app [None req-16df3a5f-fa00-4a4c-b685-21380f3d7372 None None] block_device_allocate_retries_interval = 3 {{(pid=99580) log_opt_values /opt/stack/data/venv/lib/python3.12/site-packages/oslo_config/cfg.py:2995}}
Apr 10 18:11:10.934794 np0000164870 devstack@n-api.service[99580]: DEBUG nova.api.openstack.wsgi_app [None req-16df3a5f-fa00-4a4c-b685-21380f3d7372 None None] cell_worker_thread_pool_size = 5 {{(pid=99580) log_opt_values /opt/stack/data/venv/lib/python3.12/site-packages/oslo_config/cfg.py:2995}}
Apr 10 18:11:10.934794 np0000164870 devstack@n-api.service[99580]: DEBUG nova.api.openstack.wsgi_app [None req-16df3a5f-fa00-4a4c-b685-21380f3d7372 None None] cert = self.pem {{(pid=99580) log_opt_values /opt/stack/data/venv/lib/python3.12/site-packages/oslo_config/cfg.py:2995}}
Apr 10 18:11:10.935530 np0000164870 devstack@n-api.service[99580]: DEBUG nova.api.openstack.wsgi_app [None req-16df3a5f-fa00-4a4c-b685-21380f3d7372 None None] compute_driver = libvirt.LibvirtDriver {{(pid=99580) log_opt_values /opt/stack/data/venv/lib/python3.12/site-packages/oslo_config/cfg.py:2995}}
Apr 10 18:11:10.935530 np0000164870 devstack@n-api.service[99580]: DEBUG nova.api.openstack.wsgi_app [None req-16df3a5f-fa00-4a4c-b685-21380f3d7372 None None] compute_monitors = [] {{(pid=99580) log_opt_values /opt/stack/data/venv/lib/python3.12/site-packages/oslo_config/cfg.py:2995}}
Apr 10 18:11:10.935530 np0000164870 devstack@n-api.service[99580]: DEBUG nova.api.openstack.wsgi_app [None req-16df3a5f-fa00-4a4c-b685-21380f3d7372 None None] config_dir = [] {{(pid=99580) log_opt_values /opt/stack/data/venv/lib/python3.12/site-packages/oslo_config/cfg.py:2995}}
Apr 10 18:11:10.935530 np0000164870 devstack@n-api.service[99580]: DEBUG nova.api.openstack.wsgi_app [None req-16df3a5f-fa00-4a4c-b685-21380f3d7372 None None] config_drive_format = iso9660 {{(pid=99580) log_opt_values /opt/stack/data/venv/lib/python3.12/site-packages/oslo_config/cfg.py:2995}}
Apr 10 18:11:10.935530 np0000164870 devstack@n-api.service[99580]: DEBUG nova.api.openstack.wsgi_app [None req-16df3a5f-fa00-4a4c-b685-21380f3d7372 None None] config_file = ['/etc/nova/api-paste.ini', '/etc/nova/nova.conf'] {{(pid=99580) log_opt_values /opt/stack/data/venv/lib/python3.12/site-packages/oslo_config/cfg.py:2995}}
Apr 10 18:11:10.935530 np0000164870 devstack@n-api.service[99580]: DEBUG nova.api.openstack.wsgi_app [None req-16df3a5f-fa00-4a4c-b685-21380f3d7372 None None] config_source = [] {{(pid=99580) log_opt_values /opt/stack/data/venv/lib/python3.12/site-packages/oslo_config/cfg.py:2995}}
Apr 10 18:11:10.936357 np0000164870 devstack@n-api.service[99580]: DEBUG nova.api.openstack.wsgi_app [None req-16df3a5f-fa00-4a4c-b685-21380f3d7372 None None] console_host = np0000164870 {{(pid=99580) log_opt_values /opt/stack/data/venv/lib/python3.12/site-packages/oslo_config/cfg.py:2995}}
Apr 10 18:11:10.936357 np0000164870 devstack@n-api.service[99580]: DEBUG nova.api.openstack.wsgi_app [None req-16df3a5f-fa00-4a4c-b685-21380f3d7372 None None] control_exchange = nova {{(pid=99580) log_opt_values /opt/stack/data/venv/lib/python3.12/site-packages/oslo_config/cfg.py:2995}}
Apr 10 18:11:10.936357 np0000164870 devstack@n-api.service[99580]: DEBUG nova.api.openstack.wsgi_app [None req-16df3a5f-fa00-4a4c-b685-21380f3d7372 None None] cpu_allocation_ratio = None {{(pid=99580) log_opt_values /opt/stack/data/venv/lib/python3.12/site-packages/oslo_config/cfg.py:2995}}
Apr 10 18:11:10.936357 np0000164870 devstack@n-api.service[99580]: DEBUG nova.api.openstack.wsgi_app [None req-16df3a5f-fa00-4a4c-b685-21380f3d7372 None None] daemon = False {{(pid=99580) log_opt_values /opt/stack/data/venv/lib/python3.12/site-packages/oslo_config/cfg.py:2995}}
Apr 10 18:11:10.936357 np0000164870 devstack@n-api.service[99580]: DEBUG nova.api.openstack.wsgi_app [None req-16df3a5f-fa00-4a4c-b685-21380f3d7372 None None] debug = True {{(pid=99580) log_opt_values /opt/stack/data/venv/lib/python3.12/site-packages/oslo_config/cfg.py:2995}}
Apr 10 18:11:10.936357 np0000164870 devstack@n-api.service[99580]: DEBUG nova.api.openstack.wsgi_app [None req-16df3a5f-fa00-4a4c-b685-21380f3d7372 None None] default_access_ip_network_name = None {{(pid=99580) log_opt_values /opt/stack/data/venv/lib/python3.12/site-packages/oslo_config/cfg.py:2995}}
Apr 10 18:11:10.936991 np0000164870 devstack@n-api.service[99580]: DEBUG nova.api.openstack.wsgi_app [None req-16df3a5f-fa00-4a4c-b685-21380f3d7372 None None] default_availability_zone = nova {{(pid=99580) log_opt_values /opt/stack/data/venv/lib/python3.12/site-packages/oslo_config/cfg.py:2995}}
Apr 10 18:11:10.936991 np0000164870 devstack@n-api.service[99580]: DEBUG nova.api.openstack.wsgi_app [None req-16df3a5f-fa00-4a4c-b685-21380f3d7372 None None] default_ephemeral_format = ext4 {{(pid=99580) log_opt_values /opt/stack/data/venv/lib/python3.12/site-packages/oslo_config/cfg.py:2995}}
Apr 10 18:11:10.936991 np0000164870 devstack@n-api.service[99580]: DEBUG nova.api.openstack.wsgi_app [None req-16df3a5f-fa00-4a4c-b685-21380f3d7372 None None] default_green_pool_size = 1000 {{(pid=99580) log_opt_values /opt/stack/data/venv/lib/python3.12/site-packages/oslo_config/cfg.py:2995}}
Apr 10 18:11:10.936991 np0000164870 devstack@n-api.service[99580]: DEBUG nova.api.openstack.wsgi_app [None req-16df3a5f-fa00-4a4c-b685-21380f3d7372 None None] default_log_levels = ['amqp=WARN', 'boto=WARN', 'sqlalchemy=WARN', 'suds=INFO', 'oslo.messaging=INFO', 'oslo_messaging=INFO', 'iso8601=WARN', 'requests.packages.urllib3.connectionpool=WARN', 'urllib3.connectionpool=WARN', 'websocket=WARN', 'requests.packages.urllib3.util.retry=WARN', 'urllib3.util.retry=WARN', 'keystonemiddleware=WARN', 'routes.middleware=WARN', 'stevedore=WARN', 'taskflow=WARN', 'keystoneauth=WARN', 'oslo.cache=INFO', 'oslo_policy=INFO', 'dogpile.core.dogpile=INFO', 'glanceclient=WARN', 'oslo.privsep.daemon=INFO'] {{(pid=99580) log_opt_values /opt/stack/data/venv/lib/python3.12/site-packages/oslo_config/cfg.py:2995}}
Apr 10 18:11:10.936991 np0000164870 devstack@n-api.service[99580]: DEBUG nova.api.openstack.wsgi_app [None req-16df3a5f-fa00-4a4c-b685-21380f3d7372 None None] default_schedule_zone = None {{(pid=99580) log_opt_values /opt/stack/data/venv/lib/python3.12/site-packages/oslo_config/cfg.py:2995}}
Apr 10 18:11:10.937369 np0000164870 devstack@n-api.service[99580]: DEBUG nova.api.openstack.wsgi_app [None req-16df3a5f-fa00-4a4c-b685-21380f3d7372 None None] default_thread_pool_size = 10 {{(pid=99580) log_opt_values /opt/stack/data/venv/lib/python3.12/site-packages/oslo_config/cfg.py:2995}}
Apr 10 18:11:10.937369 np0000164870 devstack@n-api.service[99580]: DEBUG nova.api.openstack.wsgi_app [None req-16df3a5f-fa00-4a4c-b685-21380f3d7372 None None] disk_allocation_ratio = None {{(pid=99580) log_opt_values /opt/stack/data/venv/lib/python3.12/site-packages/oslo_config/cfg.py:2995}}
Apr 10 18:11:10.937369 np0000164870 devstack@n-api.service[99580]: DEBUG nova.api.openstack.wsgi_app [None req-16df3a5f-fa00-4a4c-b685-21380f3d7372 None None] enable_new_services = True {{(pid=99580) log_opt_values /opt/stack/data/venv/lib/python3.12/site-packages/oslo_config/cfg.py:2995}}
Apr 10 18:11:10.937531 np0000164870 devstack@n-api.service[99580]: DEBUG nova.api.openstack.wsgi_app [None req-16df3a5f-fa00-4a4c-b685-21380f3d7372 None None] flat_injected = False {{(pid=99580) log_opt_values /opt/stack/data/venv/lib/python3.12/site-packages/oslo_config/cfg.py:2995}}
Apr 10 18:11:10.937597 np0000164870 devstack@n-api.service[99580]: DEBUG nova.api.openstack.wsgi_app [None req-16df3a5f-fa00-4a4c-b685-21380f3d7372 None None] force_config_drive = False {{(pid=99580) log_opt_values /opt/stack/data/venv/lib/python3.12/site-packages/oslo_config/cfg.py:2995}}
Apr 10 18:11:10.937921 np0000164870 devstack@n-api.service[99580]: DEBUG nova.api.openstack.wsgi_app [None req-16df3a5f-fa00-4a4c-b685-21380f3d7372 None None] force_raw_images = True {{(pid=99580) log_opt_values /opt/stack/data/venv/lib/python3.12/site-packages/oslo_config/cfg.py:2995}}
Apr 10 18:11:10.937921 np0000164870 devstack@n-api.service[99580]: DEBUG nova.api.openstack.wsgi_app [None req-16df3a5f-fa00-4a4c-b685-21380f3d7372 None None] graceful_shutdown_timeout = 5 {{(pid=99580) log_opt_values /opt/stack/data/venv/lib/python3.12/site-packages/oslo_config/cfg.py:2995}}
Apr 10 18:11:10.938214 np0000164870 devstack@n-api.service[99580]: DEBUG nova.api.openstack.wsgi_app [None req-16df3a5f-fa00-4a4c-b685-21380f3d7372 None None] heal_instance_info_cache_interval = -1 {{(pid=99580) log_opt_values /opt/stack/data/venv/lib/python3.12/site-packages/oslo_config/cfg.py:2995}}
