Feb 25 03:14:17.573387 np0000156876 devstack@neutron-api.service[103230]: INFO neutron.api.extensions [None req-b7a2ceec-a483-475c-b44b-68338db4fda6 None None] Loaded extension: router-enable-snat
Feb 25 03:14:17.573412 np0000156876 devstack@neutron-api.service[103232]: DEBUG neutron.api.extensions [None req-5973d9b4-bfac-4a93-b16d-e4db3705475f None None] Loading extension file: metering_source_and_destination_fields.py {{(pid=103232) _load_all_extensions_from_path /opt/stack/neutron/neutron/api/extensions.py:449}}
Feb 25 03:14:17.573442 np0000156876 devstack@neutron-api.service[103230]: DEBUG neutron.api.extensions [None req-b7a2ceec-a483-475c-b44b-68338db4fda6 None None] Loading extension file: routerservicetype.py {{(pid=103230) _load_all_extensions_from_path /opt/stack/neutron/neutron/api/extensions.py:449}}
Feb 25 03:14:17.573473 np0000156876 devstack@neutron-api.service[103232]: DEBUG neutron.api.extensions [None req-5973d9b4-bfac-4a93-b16d-e4db3705475f None None] Ext name="Neutron Metering with source and destination filtering" alias="metering_source_and_destination_fields" description="Neutron Metering extension that enables the use of source and destination IP prefixes to create metering label rules." updated="2020-08-21T08:12:00-00:00" {{(pid=103232) _check_extension /opt/stack/neutron/neutron/api/extensions.py:415}}
Feb 25 03:14:17.573499 np0000156876 devstack@neutron-api.service[103230]: DEBUG neutron.api.extensions [None req-b7a2ceec-a483-475c-b44b-68338db4fda6 None None] Ext name="Router Service Type" alias="router-service-type" description="Provides router service type" updated="2013-01-29T00:00:00-00:00" {{(pid=103230) _check_extension /opt/stack/neutron/neutron/api/extensions.py:415}}
Feb 25 03:14:17.573524 np0000156876 devstack@neutron-api.service[103232]: INFO neutron.api.extensions [None req-5973d9b4-bfac-4a93-b16d-e4db3705475f None None] Extension metering_source_and_destination_fields not supported by any of loaded plugins
Feb 25 03:14:17.573549 np0000156876 devstack@neutron-api.service[103230]: INFO neutron.api.extensions [None req-b7a2ceec-a483-475c-b44b-68338db4fda6 None None] Extension router-service-type not supported by any of loaded plugins
Feb 25 03:14:17.573574 np0000156876 devstack@neutron-api.service[103232]: DEBUG neutron.api.extensions [None req-5973d9b4-bfac-4a93-b16d-e4db3705475f None None] Loading extension file: multiprovidernet.py {{(pid=103232) _load_all_extensions_from_path /opt/stack/neutron/neutron/api/extensions.py:449}}
Feb 25 03:14:17.573607 np0000156876 devstack@neutron-api.service[103230]: DEBUG neutron.api.extensions [None req-b7a2ceec-a483-475c-b44b-68338db4fda6 None None] Loading extension file: security_groups_default_rules.py {{(pid=103230) _load_all_extensions_from_path /opt/stack/neutron/neutron/api/extensions.py:449}}
Feb 25 03:14:17.573634 np0000156876 devstack@neutron-api.service[103232]: DEBUG neutron.api.extensions [None req-5973d9b4-bfac-4a93-b16d-e4db3705475f None None] Ext name="Multi Provider Network" alias="multi-provider" description="Expose mapping of virtual networks to multiple physical networks" updated="2013-06-27T10:00:00-00:00" {{(pid=103232) _check_extension /opt/stack/neutron/neutron/api/extensions.py:415}}
Feb 25 03:14:17.573634 np0000156876 devstack@neutron-api.service[103232]: INFO neutron.api.extensions [None req-5973d9b4-bfac-4a93-b16d-e4db3705475f None None] Loaded extension: multi-provider
Feb 25 03:14:17.573693 np0000156876 devstack@neutron-api.service[103230]: DEBUG neutron.api.extensions [None req-b7a2ceec-a483-475c-b44b-68338db4fda6 None None] Ext name="Default rules for security groups" alias="security-groups-default-rules" description="Configure set of security group rules used as default rules for every new security group" updated="2022-12-19T10:00:00-00:00" {{(pid=103230) _check_extension /opt/stack/neutron/neutron/api/extensions.py:415}}
Feb 25 03:14:17.573720 np0000156876 devstack@neutron-api.service[103232]: DEBUG neutron.api.extensions [None req-5973d9b4-bfac-4a93-b16d-e4db3705475f None None] Loading extension file: netmtu.py {{(pid=103232) _load_all_extensions_from_path /opt/stack/neutron/neutron/api/extensions.py:449}}
Feb 25 03:14:17.573761 np0000156876 devstack@neutron-api.service[103231]: INFO neutron.quota [None req-735f327f-7398-4509-8018-4e195a16cb23 None None] Loaded quota_driver: .
Feb 25 03:14:17.573794 np0000156876 devstack@neutron-api.service[103230]: INFO neutron.api.extensions [None req-b7a2ceec-a483-475c-b44b-68338db4fda6 None None] Loaded extension: security-groups-default-rules
Feb 25 03:14:17.573823 np0000156876 devstack@neutron-api.service[103231]: INFO neutron.plugins.ml2.plugin [None req-735f327f-7398-4509-8018-4e195a16cb23 None None] Modular L2 Plugin initialization complete
Feb 25 03:14:17.573851 np0000156876 devstack@neutron-api.service[103230]: DEBUG neutron.api.extensions [None req-b7a2ceec-a483-475c-b44b-68338db4fda6 None None] Loading extension file: security_groups_normalized_cidr.py {{(pid=103230) _load_all_extensions_from_path /opt/stack/neutron/neutron/api/extensions.py:449}}
Feb 25 03:14:17.573885 np0000156876 devstack@neutron-api.service[103232]: DEBUG neutron.api.extensions [None req-5973d9b4-bfac-4a93-b16d-e4db3705475f None None] Ext name="Network MTU" alias="net-mtu" description="Provides MTU attribute for a network resource." updated="2015-03-25T10:00:00-00:00" {{(pid=103232) _check_extension /opt/stack/neutron/neutron/api/extensions.py:415}}
Feb 25 03:14:17.573913 np0000156876 devstack@neutron-api.service[103231]: DEBUG neutron.manager [None req-735f327f-7398-4509-8018-4e195a16cb23 None None] Loading services supported by the core plugin {{(pid=103231) _load_services_from_core_plugin /opt/stack/neutron/neutron/manager.py:169}}
Feb 25 03:14:17.573937 np0000156876 devstack@neutron-api.service[103232]: INFO neutron.api.extensions [None req-5973d9b4-bfac-4a93-b16d-e4db3705475f None None] Loaded extension: net-mtu
Feb 25 03:14:17.573962 np0000156876 devstack@neutron-api.service[103230]: DEBUG neutron.api.extensions [None req-b7a2ceec-a483-475c-b44b-68338db4fda6 None None] Ext name="Normalized CIDR field for security group rules" alias="security-groups-normalized-cidr" description="Add new field with normalized remote_ip_prefix cidr in SG rule" updated="2020-07-28T10:00:00-00:00" {{(pid=103230) _check_extension /opt/stack/neutron/neutron/api/extensions.py:415}}
Feb 25 03:14:17.573994 np0000156876 devstack@neutron-api.service[103232]: DEBUG neutron.api.extensions [None req-5973d9b4-bfac-4a93-b16d-e4db3705475f None None] Loading extension file: netmtu_writable.py {{(pid=103232) _load_all_extensions_from_path /opt/stack/neutron/neutron/api/extensions.py:449}}
Feb 25 03:14:17.574019 np0000156876 devstack@neutron-api.service[103231]: INFO neutron.plugins.ml2.managers [None req-735f327f-7398-4509-8018-4e195a16cb23 None None] Got port-security extension from driver 'port_security'
Feb 25 03:14:17.574042 np0000156876 devstack@neutron-api.service[103230]: INFO neutron.api.extensions [None req-b7a2ceec-a483-475c-b44b-68338db4fda6 None None] Loaded extension: security-groups-normalized-cidr
Feb 25 03:14:17.574084 np0000156876 devstack@neutron-api.service[103230]: DEBUG neutron.api.extensions [None req-b7a2ceec-a483-475c-b44b-68338db4fda6 None None] Loading extension file: security_groups_port_filtering.py {{(pid=103230) _load_all_extensions_from_path /opt/stack/neutron/neutron/api/extensions.py:449}}
Feb 25 03:14:17.574111 np0000156876 devstack@neutron-api.service[103232]: DEBUG neutron.api.extensions [None req-5973d9b4-bfac-4a93-b16d-e4db3705475f None None] Ext name="Network MTU (writable)" alias="net-mtu-writable" description="Provides a writable MTU attribute for a network resource." updated="2017-07-12T00:00:00-00:00" {{(pid=103232) _check_extension /opt/stack/neutron/neutron/api/extensions.py:415}}
Feb 25 03:14:17.575651 np0000156876 devstack@neutron-api.service[103231]: DEBUG neutron.manager [None req-735f327f-7398-4509-8018-4e195a16cb23 None None] Loading service plugins: ['ovn-router', 'auto_allocate', 'tag', 'timestamp', 'network_ip_availability', 'flavors', 'revisions'] {{(pid=103231) _load_service_plugins /opt/stack/neutron/neutron/manager.py:194}}
Feb 25 03:14:17.575651 np0000156876 devstack@neutron-api.service[103231]: INFO neutron.manager [None req-735f327f-7398-4509-8018-4e195a16cb23 None None] Loading Plugin: ovn-router
Feb 25 03:14:17.575760 np0000156876 devstack@neutron-api.service[103232]: INFO neutron.api.extensions [None req-5973d9b4-bfac-4a93-b16d-e4db3705475f None None] Loaded extension: net-mtu-writable
Feb 25 03:14:17.575832 np0000156876 devstack@neutron-api.service[103230]: DEBUG neutron.api.extensions [None req-b7a2ceec-a483-475c-b44b-68338db4fda6 None None] Ext name="Port filtering on security groups" alias="port-security-groups-filtering" description="Provides security groups filtering when listing ports" updated="2018-01-09T09:00:00-00:00" {{(pid=103230) _check_extension /opt/stack/neutron/neutron/api/extensions.py:415}}
Feb 25 03:14:17.575879 np0000156876 devstack@neutron-api.service[103232]: DEBUG neutron.api.extensions [None req-5973d9b4-bfac-4a93-b16d-e4db3705475f None None] Loading extension file: network_availability_zone.py {{(pid=103232) _load_all_extensions_from_path /opt/stack/neutron/neutron/api/extensions.py:449}}
Feb 25 03:14:17.575942 np0000156876 devstack@neutron-api.service[103230]: INFO neutron.api.extensions [None req-b7a2ceec-a483-475c-b44b-68338db4fda6 None None] Extension port-security-groups-filtering not supported by any of loaded plugins
Feb 25 03:14:17.575942 np0000156876 devstack@neutron-api.service[103230]: DEBUG neutron.api.extensions [None req-b7a2ceec-a483-475c-b44b-68338db4fda6 None None] Loading extension file: security_groups_remote_address_group.py {{(pid=103230) _load_all_extensions_from_path /opt/stack/neutron/neutron/api/extensions.py:449}}
Feb 25 03:14:17.575999 np0000156876 devstack@neutron-api.service[103232]: DEBUG neutron.api.extensions [None req-5973d9b4-bfac-4a93-b16d-e4db3705475f None None] Ext name="Network Availability Zone" alias="network_availability_zone" description="Availability zone support for network." updated="2015-01-01T10:00:00-00:00" {{(pid=103232) _check_extension /opt/stack/neutron/neutron/api/extensions.py:415}}
Feb 25 03:14:17.576027 np0000156876 devstack@neutron-api.service[103230]: DEBUG neutron.api.extensions [None req-b7a2ceec-a483-475c-b44b-68338db4fda6 None None] Ext name="Remote address group id field for security group rules" alias="security-groups-remote-address-group" description="Add new field of remote address group id in SG rules" updated="2020-08-25T10:00:00-00:00" {{(pid=103230) _check_extension /opt/stack/neutron/neutron/api/extensions.py:415}}
Feb 25 03:14:17.576055 np0000156876 devstack@neutron-api.service[103232]: INFO neutron.api.extensions [None req-5973d9b4-bfac-4a93-b16d-e4db3705475f None None] Loaded extension: network_availability_zone
Feb 25 03:14:17.576055 np0000156876 devstack@neutron-api.service[103232]: DEBUG neutron.api.extensions [None req-5973d9b4-bfac-4a93-b16d-e4db3705475f None None] Loading extension file: network_ha.py {{(pid=103232) _load_all_extensions_from_path /opt/stack/neutron/neutron/api/extensions.py:449}}
Feb 25 03:14:17.576117 np0000156876 devstack@neutron-api.service[103230]: INFO neutron.api.extensions [None req-b7a2ceec-a483-475c-b44b-68338db4fda6 None None] Loaded extension: security-groups-remote-address-group
Feb 25 03:14:17.576117 np0000156876 devstack@neutron-api.service[103230]: DEBUG neutron.api.extensions [None req-b7a2ceec-a483-475c-b44b-68338db4fda6 None None] Loading extension file: security_groups_rules_belongs_to_default_sg.py {{(pid=103230) _load_all_extensions_from_path /opt/stack/neutron/neutron/api/extensions.py:449}}
Feb 25 03:14:17.576179 np0000156876 devstack@neutron-api.service[103232]: DEBUG neutron.api.extensions [None req-5973d9b4-bfac-4a93-b16d-e4db3705475f None None] Ext name="Network HA creation flag" alias="network_ha" description="Network high availability creation flag." updated="2023-04-27T10:00:00-00:00" {{(pid=103232) _check_extension /opt/stack/neutron/neutron/api/extensions.py:415}}
Feb 25 03:14:17.576211 np0000156876 devstack@neutron-api.service[103230]: DEBUG neutron.api.extensions [None req-b7a2ceec-a483-475c-b44b-68338db4fda6 None None] Ext name="Security group rule belongs to the project's default security group" alias="security-groups-rules-belongs-to-default-sg" description="Flag to determine if the security group rule belongs to the project's default security group" updated="2023-05-23T10:00:00-00:00" {{(pid=103230) _check_extension /opt/stack/neutron/neutron/api/extensions.py:415}}
Feb 25 03:14:17.576243 np0000156876 devstack@neutron-api.service[103232]: INFO neutron.api.extensions [None req-5973d9b4-bfac-4a93-b16d-e4db3705475f None None] Extension network_ha not supported by any of loaded plugins
Feb 25 03:14:17.576243 np0000156876 devstack@neutron-api.service[103232]: DEBUG neutron.api.extensions [None req-5973d9b4-bfac-4a93-b16d-e4db3705475f None None] Loading extension file: network_ip_availability.py {{(pid=103232) _load_all_extensions_from_path /opt/stack/neutron/neutron/api/extensions.py:449}}
Feb 25 03:14:17.576329 np0000156876 devstack@neutron-api.service[103230]: INFO neutron.api.extensions [None req-b7a2ceec-a483-475c-b44b-68338db4fda6 None None] Loaded extension: security-groups-rules-belongs-to-default-sg
Feb 25 03:14:17.576329 np0000156876 devstack@neutron-api.service[103230]: DEBUG neutron.api.extensions [None req-b7a2ceec-a483-475c-b44b-68338db4fda6 None None] Loading extension file: security_groups_shared_filtering.py {{(pid=103230) _load_all_extensions_from_path /opt/stack/neutron/neutron/api/extensions.py:449}}
Feb 25 03:14:17.576392 np0000156876 devstack@neutron-api.service[103232]: DEBUG neutron.api.extensions [None req-5973d9b4-bfac-4a93-b16d-e4db3705475f None None] Ext name="Network IP Availability" alias="network-ip-availability" description="Provides IP availability data for each network and subnet." updated="2015-09-24T00:00:00-00:00" {{(pid=103232) _check_extension /opt/stack/neutron/neutron/api/extensions.py:415}}
Feb 25 03:14:17.576426 np0000156876 devstack@neutron-api.service[103230]: DEBUG neutron.api.extensions [None req-b7a2ceec-a483-475c-b44b-68338db4fda6 None None] Ext name="Security group filtering on the shared field" alias="security-groups-shared-filtering" description="Support filtering security groups on the shared field" updated="2021-10-05T09:00:00-00:00" {{(pid=103230) _check_extension /opt/stack/neutron/neutron/api/extensions.py:415}}
Feb 25 03:14:17.576458 np0000156876 devstack@neutron-api.service[103232]: INFO neutron.api.extensions [None req-5973d9b4-bfac-4a93-b16d-e4db3705475f None None] Loaded extension: network-ip-availability
Feb 25 03:14:17.576458 np0000156876 devstack@neutron-api.service[103232]: DEBUG neutron.api.extensions [None req-5973d9b4-bfac-4a93-b16d-e4db3705475f None None] Loading extension file: network_ip_availability_details.py {{(pid=103232) _load_all_extensions_from_path /opt/stack/neutron/neutron/api/extensions.py:449}}
Feb 25 03:14:17.576516 np0000156876 devstack@neutron-api.service[103230]: INFO neutron.api.extensions [None req-b7a2ceec-a483-475c-b44b-68338db4fda6 None None] Loaded extension: security-groups-shared-filtering
Feb 25 03:14:17.576516 np0000156876 devstack@neutron-api.service[103230]: DEBUG neutron.api.extensions [None req-b7a2ceec-a483-475c-b44b-68338db4fda6 None None] Loading extension file: securitygroup.py {{(pid=103230) _load_all_extensions_from_path /opt/stack/neutron/neutron/api/extensions.py:449}}
Feb 25 03:14:17.576603 np0000156876 devstack@neutron-api.service[103232]: DEBUG neutron.api.extensions [None req-5973d9b4-bfac-4a93-b16d-e4db3705475f None None] Ext name="Network IP Availability Details Extension" alias="network-ip-availability-details" description="Add ip_availability_details attribute to network-ip-availabilities resource." updated="2025-10-31T00:00:00-00:00" {{(pid=103232) _check_extension /opt/stack/neutron/neutron/api/extensions.py:415}}
Feb 25 03:14:17.576603 np0000156876 devstack@neutron-api.service[103232]: INFO neutron.api.extensions [None req-5973d9b4-bfac-4a93-b16d-e4db3705475f None None] Loaded extension: network-ip-availability-details
Feb 25 03:14:17.576603 np0000156876 devstack@neutron-api.service[103232]: DEBUG neutron.api.extensions [None req-5973d9b4-bfac-4a93-b16d-e4db3705475f None None] Loading extension file: network_segment_range.py {{(pid=103232) _load_all_extensions_from_path /opt/stack/neutron/neutron/api/extensions.py:449}}
Feb 25 03:14:17.576843 np0000156876 devstack@neutron-api.service[103232]: DEBUG neutron.api.extensions [None req-5973d9b4-bfac-4a93-b16d-e4db3705475f None None] Ext name="Neutron Network Segment Range" alias="network-segment-range" description="Provides support for the network segment range management" updated="2018-11-29T00:00:00-00:00" {{(pid=103232) _check_extension /opt/stack/neutron/neutron/api/extensions.py:415}}
Feb 25 03:14:17.576946 np0000156876 devstack@neutron-api.service[103232]: INFO neutron.api.extensions [None req-5973d9b4-bfac-4a93-b16d-e4db3705475f None None] Extension network-segment-range not supported by any of loaded plugins
Feb 25 03:14:17.577033 np0000156876 devstack@neutron-api.service[103232]: DEBUG neutron.api.extensions [None req-5973d9b4-bfac-4a93-b16d-e4db3705475f None None] Loading extension file: pagination.py {{(pid=103232) _load_all_extensions_from_path /opt/stack/neutron/neutron/api/extensions.py:449}}
Feb 25 03:14:17.577301 np0000156876 devstack@neutron-api.service[103232]: DEBUG neutron.api.extensions [None req-5973d9b4-bfac-4a93-b16d-e4db3705475f None None] Ext name="Pagination support" alias="pagination" description="Extension that indicates that pagination is enabled." updated="2016-06-12T00:00:00-00:00" {{(pid=103232) _check_extension /opt/stack/neutron/neutron/api/extensions.py:415}}
Feb 25 03:14:17.577393 np0000156876 devstack@neutron-api.service[103232]: INFO neutron.api.extensions [None req-5973d9b4-bfac-4a93-b16d-e4db3705475f None None] Loaded extension: pagination
Feb 25 03:14:17.577483 np0000156876 devstack@neutron-api.service[103232]: DEBUG neutron.api.extensions [None req-5973d9b4-bfac-4a93-b16d-e4db3705475f None None] Loading extension file: port_device_profile.py {{(pid=103232) _load_all_extensions_from_path /opt/stack/neutron/neutron/api/extensions.py:449}}
Feb 25 03:14:17.577734 np0000156876 devstack@neutron-api.service[103232]: DEBUG neutron.api.extensions [None req-5973d9b4-bfac-4a93-b16d-e4db3705475f None None] Ext name="Port device profile" alias="port-device-profile" description="Expose the port device profile (Cyborg)" updated="2020-12-17T10:00:00-00:00" {{(pid=103232) _check_extension /opt/stack/neutron/neutron/api/extensions.py:415}}
Feb 25 03:14:17.577762 np0000156876 devstack@neutron-api.service[103230]: DEBUG neutron.api.extensions [None req-b7a2ceec-a483-475c-b44b-68338db4fda6 None None] Ext name="security-group" alias="security-group" description="The security groups extension." updated="2012-10-05T10:00:00-00:00" {{(pid=103230) _check_extension /opt/stack/neutron/neutron/api/extensions.py:415}}
Feb 25 03:14:17.577930 np0000156876 devstack@neutron-api.service[103232]: INFO neutron.api.extensions [None req-5973d9b4-bfac-4a93-b16d-e4db3705475f None None] Loaded extension: port-device-profile
Feb 25 03:14:17.577966 np0000156876 devstack@neutron-api.service[103230]: INFO neutron.api.extensions [None req-b7a2ceec-a483-475c-b44b-68338db4fda6 None None] Loaded extension: security-group
Feb 25 03:14:17.577994 np0000156876 devstack@neutron-api.service[103232]: DEBUG neutron.api.extensions [None req-5973d9b4-bfac-4a93-b16d-e4db3705475f None None] Loading extension file: port_hardware_offload_type.py {{(pid=103232) _load_all_extensions_from_path /opt/stack/neutron/neutron/api/extensions.py:449}}
Feb 25 03:14:17.578021 np0000156876 devstack@neutron-api.service[103230]: DEBUG neutron.api.extensions [None req-b7a2ceec-a483-475c-b44b-68338db4fda6 None None] Loading extension file: segment.py {{(pid=103230) _load_all_extensions_from_path /opt/stack/neutron/neutron/api/extensions.py:449}}
Feb 25 03:14:17.578240 np0000156876 devstack@neutron-api.service[103232]: DEBUG neutron.api.extensions [None req-5973d9b4-bfac-4a93-b16d-e4db3705475f None None] Ext name="Port hardware offload" alias="port-hardware-offload-type" description="Expose port hardware offload extension" updated="2023-05-09T10:00:00-00:00" {{(pid=103232) _check_extension /opt/stack/neutron/neutron/api/extensions.py:415}}
Feb 25 03:14:17.578327 np0000156876 devstack@neutron-api.service[103230]: DEBUG neutron.api.extensions [None req-b7a2ceec-a483-475c-b44b-68338db4fda6 None None] Ext name="Segment" alias="segment" description="Segments extension." updated="2016-02-24T17:00:00-00:00" {{(pid=103230) _check_extension /opt/stack/neutron/neutron/api/extensions.py:415}}
Feb 25 03:14:17.578390 np0000156876 devstack@neutron-api.service[103232]: INFO neutron.api.extensions [None req-5973d9b4-bfac-4a93-b16d-e4db3705475f None None] Extension port-hardware-offload-type not supported by any of loaded plugins
Feb 25 03:14:17.578469 np0000156876 devstack@neutron-api.service[103230]: INFO neutron.api.extensions [None req-b7a2ceec-a483-475c-b44b-68338db4fda6 None None] Extension segment not supported by any of loaded plugins
Feb 25 03:14:17.578505 np0000156876 devstack@neutron-api.service[103232]: DEBUG neutron.api.extensions [None req-5973d9b4-bfac-4a93-b16d-e4db3705475f None None] Loading extension file: port_hint_ovs_tx_steering.py {{(pid=103232) _load_all_extensions_from_path /opt/stack/neutron/neutron/api/extensions.py:449}}
Feb 25 03:14:17.578549 np0000156876 devstack@neutron-api.service[103230]: DEBUG neutron.api.extensions [None req-b7a2ceec-a483-475c-b44b-68338db4fda6 None None] Loading extension file: segments_peer_subnet_host_routes.py {{(pid=103230) _load_all_extensions_from_path /opt/stack/neutron/neutron/api/extensions.py:449}}
Feb 25 03:14:17.578732 np0000156876 devstack@neutron-api.service[103232]: DEBUG neutron.api.extensions [None req-5973d9b4-bfac-4a93-b16d-e4db3705475f None None] Ext name="Port hint: Open vSwitch Tx steering" alias="port-hint-ovs-tx-steering" description="Enable Port hint: Open vSwitch Tx steering" updated="2023-01-01T00:00:00-00:00" {{(pid=103232) _check_extension /opt/stack/neutron/neutron/api/extensions.py:415}}
Feb 25 03:14:17.578802 np0000156876 devstack@neutron-api.service[103230]: DEBUG neutron.api.extensions [None req-b7a2ceec-a483-475c-b44b-68338db4fda6 None None] Ext name="Segments peer-subnet host routes" alias="segments-peer-subnet-host-routes" description="Add host routes to subnets on a routed network (segments)" updated="2018-06-12T10:00:00-00:00" {{(pid=103230) _check_extension /opt/stack/neutron/neutron/api/extensions.py:415}}
Feb 25 03:14:17.578928 np0000156876 devstack@neutron-api.service[103232]: INFO neutron.api.extensions [None req-5973d9b4-bfac-4a93-b16d-e4db3705475f None None] Extension port-hint-ovs-tx-steering not supported by any of loaded plugins
Feb 25 03:14:17.579012 np0000156876 devstack@neutron-api.service[103230]: INFO neutron.api.extensions [None req-b7a2ceec-a483-475c-b44b-68338db4fda6 None None] Extension segments-peer-subnet-host-routes not supported by any of loaded plugins
Feb 25 03:14:17.579080 np0000156876 devstack@neutron-api.service[103232]: DEBUG neutron.api.extensions [None req-5973d9b4-bfac-4a93-b16d-e4db3705475f None None] Loading extension file: port_hints.py {{(pid=103232) _load_all_extensions_from_path /opt/stack/neutron/neutron/api/extensions.py:449}}
Feb 25 03:14:17.579504 np0000156876 devstack@neutron-api.service[103230]: DEBUG neutron.api.extensions [None req-b7a2ceec-a483-475c-b44b-68338db4fda6 None None] Loading extension file: servicetype.py {{(pid=103230) _load_all_extensions_from_path /opt/stack/neutron/neutron/api/extensions.py:449}}
Feb 25 03:14:17.579567 np0000156876 devstack@neutron-api.service[103232]: DEBUG neutron.api.extensions [None req-5973d9b4-bfac-4a93-b16d-e4db3705475f None None] Ext name="Port hints" alias="port-hints" description="Backend specific port hints to allow backend specific tuning" updated="2023-01-01T00:00:00-00:00" {{(pid=103232) _check_extension /opt/stack/neutron/neutron/api/extensions.py:415}}
Feb 25 03:14:17.579688 np0000156876 devstack@neutron-api.service[103230]: DEBUG neutron.api.extensions [None req-b7a2ceec-a483-475c-b44b-68338db4fda6 None None] Ext name="Neutron Service Type Management" alias="service-type" description="API for retrieving service providers for Neutron advanced services" updated="2013-01-20T00:00:00-00:00" {{(pid=103230) _check_extension /opt/stack/neutron/neutron/api/extensions.py:415}}
Feb 25 03:14:17.579756 np0000156876 devstack@neutron-api.service[103232]: INFO neutron.api.extensions [None req-5973d9b4-bfac-4a93-b16d-e4db3705475f None None] Extension port-hints not supported by any of loaded plugins
Feb 25 03:14:17.579831 np0000156876 devstack@neutron-api.service[103230]: INFO neutron.api.extensions [None req-b7a2ceec-a483-475c-b44b-68338db4fda6 None None] Loaded extension: service-type
Feb 25 03:14:17.579887 np0000156876 devstack@neutron-api.service[103232]: DEBUG neutron.api.extensions [None req-5973d9b4-bfac-4a93-b16d-e4db3705475f None None] Loading extension file: port_mac_address_override.py {{(pid=103232) _load_all_extensions_from_path /opt/stack/neutron/neutron/api/extensions.py:449}}
Feb 25 03:14:17.579967 np0000156876 devstack@neutron-api.service[103230]: DEBUG neutron.api.extensions [None req-b7a2ceec-a483-475c-b44b-68338db4fda6 None None] Loading extension file: sorting.py {{(pid=103230) _load_all_extensions_from_path /opt/stack/neutron/neutron/api/extensions.py:449}}
Feb 25 03:14:17.580024 np0000156876 devstack@neutron-api.service[103232]: DEBUG neutron.api.extensions [None req-5973d9b4-bfac-4a93-b16d-e4db3705475f None None] Ext name="Neutron Port MAC address override" alias="port-mac-override" description="Allow overriding the MAC address of a direct-physical Port via the active binding profile" updated="2022-03-18T10:00:00-00:00" {{(pid=103232) _check_extension /opt/stack/neutron/neutron/api/extensions.py:415}}
Feb 25 03:14:17.580078 np0000156876 devstack@neutron-api.service[103230]: DEBUG neutron.api.extensions [None req-b7a2ceec-a483-475c-b44b-68338db4fda6 None None] Ext name="Sorting support" alias="sorting" description="Extension that indicates that sorting is enabled." updated="2016-06-12T00:00:00-00:00" {{(pid=103230) _check_extension /opt/stack/neutron/neutron/api/extensions.py:415}}
Feb 25 03:14:17.580078 np0000156876 devstack@neutron-api.service[103230]: INFO neutron.api.extensions [None req-b7a2ceec-a483-475c-b44b-68338db4fda6 None None] Loaded extension: sorting
Feb 25 03:14:17.580160 np0000156876 devstack@neutron-api.service[103232]: INFO neutron.api.extensions [None req-5973d9b4-bfac-4a93-b16d-e4db3705475f None None] Extension port-mac-override not supported by any of loaded plugins
Feb 25 03:14:17.580213 np0000156876 devstack@neutron-api.service[103230]: DEBUG neutron.api.extensions [None req-b7a2ceec-a483-475c-b44b-68338db4fda6 None None] Loading extension file: standard_attr_segment.py {{(pid=103230) _load_all_extensions_from_path /opt/stack/neutron/neutron/api/extensions.py:449}}
Feb 25 03:14:17.580267 np0000156876 devstack@neutron-api.service[103232]: DEBUG neutron.api.extensions [None req-5973d9b4-bfac-4a93-b16d-e4db3705475f None None] Loading extension file: port_mac_address_regenerate.py {{(pid=103232) _load_all_extensions_from_path /opt/stack/neutron/neutron/api/extensions.py:449}}
Feb 25 03:14:17.580327 np0000156876 devstack@neutron-api.service[103230]: DEBUG neutron.api.extensions [None req-b7a2ceec-a483-475c-b44b-68338db4fda6 None None] Ext name="Standard Attribute Segment Extension" alias="standard-attr-segment" description="Add standard attributes to Segment resource" updated="2018-04-09T10:00:00-00:00" {{(pid=103230) _check_extension /opt/stack/neutron/neutron/api/extensions.py:415}}
Feb 25 03:14:17.580494 np0000156876 devstack@neutron-api.service[103232]: DEBUG neutron.api.extensions [None req-5973d9b4-bfac-4a93-b16d-e4db3705475f None None] Ext name="Neutron Port MAC address regenerate" alias="port-mac-address-regenerate" description="Network port MAC address regenerate" updated="2018-05-03T10:00:00-00:00" {{(pid=103232) _check_extension /opt/stack/neutron/neutron/api/extensions.py:415}}
Feb 25 03:14:17.580554 np0000156876 devstack@neutron-api.service[103230]: INFO neutron.api.extensions [None req-b7a2ceec-a483-475c-b44b-68338db4fda6 None None] Extension standard-attr-segment not supported by any of loaded plugins
Feb 25 03:14:17.580614 np0000156876 devstack@neutron-api.service[103232]: INFO neutron.api.extensions [None req-5973d9b4-bfac-4a93-b16d-e4db3705475f None None] Loaded extension: port-mac-address-regenerate
Feb 25 03:14:17.580710 np0000156876 devstack@neutron-api.service[103230]: DEBUG neutron.api.extensions [None req-b7a2ceec-a483-475c-b44b-68338db4fda6 None None] Loading extension file: standardattrdescription.py {{(pid=103230) _load_all_extensions_from_path /opt/stack/neutron/neutron/api/extensions.py:449}}
Feb 25 03:14:17.580793 np0000156876 devstack@neutron-api.service[103232]: DEBUG neutron.api.extensions [None req-5973d9b4-bfac-4a93-b16d-e4db3705475f None None] Loading extension file: port_numa_affinity_policy.py {{(pid=103232) _load_all_extensions_from_path /opt/stack/neutron/neutron/api/extensions.py:449}}
Feb 25 03:14:17.580864 np0000156876 devstack@neutron-api.service[103230]: DEBUG neutron.api.extensions [None req-b7a2ceec-a483-475c-b44b-68338db4fda6 None None] Ext name="standard-attr-description" alias="standard-attr-description" description="Extension to add descriptions to standard attributes" updated="2016-02-10T10:00:00-00:00" {{(pid=103230) _check_extension /opt/stack/neutron/neutron/api/extensions.py:415}}
Feb 25 03:14:17.580918 np0000156876 devstack@neutron-api.service[103232]: DEBUG neutron.api.extensions [None req-5973d9b4-bfac-4a93-b16d-e4db3705475f None None] Ext name="Port NUMA affinity policy" alias="port-numa-affinity-policy" description="Expose the port NUMA affinity policy" updated="2020-07-08T10:00:00-00:00" {{(pid=103232) _check_extension /opt/stack/neutron/neutron/api/extensions.py:415}}
Feb 25 03:14:17.581027 np0000156876 devstack@neutron-api.service[103230]: INFO neutron.api.extensions [None req-b7a2ceec-a483-475c-b44b-68338db4fda6 None None] Loaded extension: standard-attr-description
Feb 25 03:14:17.581092 np0000156876 devstack@neutron-api.service[103232]: INFO neutron.api.extensions [None req-5973d9b4-bfac-4a93-b16d-e4db3705475f None None] Loaded extension: port-numa-affinity-policy
Feb 25 03:14:17.581151 np0000156876 devstack@neutron-api.service[103230]: DEBUG neutron.api.extensions [None req-b7a2ceec-a483-475c-b44b-68338db4fda6 None None] Loading extension file: stateful_security_group.py {{(pid=103230) _load_all_extensions_from_path /opt/stack/neutron/neutron/api/extensions.py:449}}
Feb 25 03:14:17.581297 np0000156876 devstack@neutron-api.service[103232]: DEBUG neutron.api.extensions [None req-5973d9b4-bfac-4a93-b16d-e4db3705475f None None] Loading extension file: port_numa_affinity_policy_socket.py {{(pid=103232) _load_all_extensions_from_path /opt/stack/neutron/neutron/api/extensions.py:449}}
Feb 25 03:14:17.581367 np0000156876 devstack@neutron-api.service[103230]: DEBUG neutron.api.extensions [None req-b7a2ceec-a483-475c-b44b-68338db4fda6 None None] Ext name="Stateful security group" alias="stateful-security-group" description="Indicates if the security group is stateful or not" updated="2019-11-26T09:00:00-00:00" {{(pid=103230) _check_extension /opt/stack/neutron/neutron/api/extensions.py:415}}
Feb 25 03:14:17.581433 np0000156876 devstack@neutron-api.service[103232]: DEBUG neutron.api.extensions [None req-5973d9b4-bfac-4a93-b16d-e4db3705475f None None] Ext name="Port NUMA affinity policy "socket"" alias="port-numa-affinity-policy-socket" description="Adds "socket" to the supported port NUMA affinity policies" updated="2024-02-09T10:00:00-00:00" {{(pid=103232) _check_extension /opt/stack/neutron/neutron/api/extensions.py:415}}
Feb 25 03:14:17.581515 np0000156876 devstack@neutron-api.service[103230]: INFO neutron.api.extensions [None req-b7a2ceec-a483-475c-b44b-68338db4fda6 None None] Loaded extension: stateful-security-group
Feb 25 03:14:17.581515 np0000156876 devstack@neutron-api.service[103230]: DEBUG neutron.api.extensions [None req-b7a2ceec-a483-475c-b44b-68338db4fda6 None None] Loading extension file: stdattrs_common.py {{(pid=103230) _load_all_extensions_from_path /opt/stack/neutron/neutron/api/extensions.py:449}}
Feb 25 03:14:17.581615 np0000156876 devstack@neutron-api.service[103232]: INFO neutron.api.extensions [None req-5973d9b4-bfac-4a93-b16d-e4db3705475f None None] Loaded extension: port-numa-affinity-policy-socket
Feb 25 03:14:17.581615 np0000156876 devstack@neutron-api.service[103232]: DEBUG neutron.api.extensions [None req-5973d9b4-bfac-4a93-b16d-e4db3705475f None None] Loading extension file: port_resource_request.py {{(pid=103232) _load_all_extensions_from_path /opt/stack/neutron/neutron/api/extensions.py:449}}
Feb 25 03:14:17.581713 np0000156876 devstack@neutron-api.service[103230]: WARNING neutron.api.extensions [None req-b7a2ceec-a483-475c-b44b-68338db4fda6 None None] Did not find expected name "Stdattrs_common" in /opt/stack/neutron/neutron/extensions/stdattrs_common.py
Feb 25 03:14:17.581713 np0000156876 devstack@neutron-api.service[103230]: DEBUG neutron.api.extensions [None req-b7a2ceec-a483-475c-b44b-68338db4fda6 None None] Loading extension file: subnet_dns_publish_fixed_ip.py {{(pid=103230) _load_all_extensions_from_path /opt/stack/neutron/neutron/api/extensions.py:449}}
Feb 25 03:14:17.581824 np0000156876 devstack@neutron-api.service[103232]: DEBUG neutron.api.extensions [None req-5973d9b4-bfac-4a93-b16d-e4db3705475f None None] Ext name="Port Resource Request" alias="port-resource-request" description="Expose resource request to Port" updated="2018-05-08T10:00:00-00:00" {{(pid=103232) _check_extension /opt/stack/neutron/neutron/api/extensions.py:415}}
Feb 25 03:14:17.581954 np0000156876 devstack@neutron-api.service[103230]: DEBUG neutron.api.extensions [None req-b7a2ceec-a483-475c-b44b-68338db4fda6 None None] Ext name="Subnet DNS publish fixed IP" alias="subnet-dns-publish-fixed-ip" description="Support choosing to publish DNS records for IPs from a subnet" updated="2019-05-24T10:00:00-00:00" {{(pid=103230) _check_extension /opt/stack/neutron/neutron/api/extensions.py:415}}
Feb 25 03:14:17.582018 np0000156876 devstack@neutron-api.service[103232]: INFO neutron.api.extensions [None req-5973d9b4-bfac-4a93-b16d-e4db3705475f None None] Extension port-resource-request not supported by any of loaded plugins
Feb 25 03:14:17.582087 np0000156876 devstack@neutron-api.service[103232]: DEBUG neutron.api.extensions [None req-5973d9b4-bfac-4a93-b16d-e4db3705475f None None] Loading extension file: port_resource_request_groups.py {{(pid=103232) _load_all_extensions_from_path /opt/stack/neutron/neutron/api/extensions.py:449}}
Feb 25 03:14:17.582158 np0000156876 devstack@neutron-api.service[103230]: INFO neutron.api.extensions [None req-b7a2ceec-a483-475c-b44b-68338db4fda6 None None] Loaded extension: subnet-dns-publish-fixed-ip
Feb 25 03:14:17.582158 np0000156876 devstack@neutron-api.service[103230]: DEBUG neutron.api.extensions [None req-b7a2ceec-a483-475c-b44b-68338db4fda6 None None] Loading extension file: subnet_external_network.py {{(pid=103230) _load_all_extensions_from_path /opt/stack/neutron/neutron/api/extensions.py:449}}
Feb 25 03:14:17.582560 np0000156876 devstack@neutron-api.service[103232]: DEBUG neutron.api.extensions [None req-5973d9b4-bfac-4a93-b16d-e4db3705475f None None] Ext name="Port Resource Request Groups" alias="port-resource-request-groups" description="Support requesting multiple groups of resources and traits from the same RP subtree in resource_request" updated="2021-08-02T10:00:00-00:00" {{(pid=103232) _check_extension /opt/stack/neutron/neutron/api/extensions.py:415}}
Feb 25 03:14:17.582959 np0000156876 devstack@neutron-api.service[103230]: DEBUG neutron.api.extensions [None req-b7a2ceec-a483-475c-b44b-68338db4fda6 None None] Ext name="Subnet belongs to an external network" alias="subnet-external-network" description="Informs if the subnet belongs to an external network" updated="2024-02-05T18:00:00-00:00" {{(pid=103230) _check_extension /opt/stack/neutron/neutron/api/extensions.py:415}}
Feb 25 03:14:17.583050 np0000156876 devstack@neutron-api.service[103232]: INFO neutron.api.extensions [None req-5973d9b4-bfac-4a93-b16d-e4db3705475f None None] Extension port-resource-request-groups not supported by any of loaded plugins
Feb 25 03:14:17.583141 np0000156876 devstack@neutron-api.service[103230]: INFO neutron.api.extensions [None req-b7a2ceec-a483-475c-b44b-68338db4fda6 None None] Loaded extension: subnet-external-network
Feb 25 03:14:17.583216 np0000156876 devstack@neutron-api.service[103232]: DEBUG neutron.api.extensions [None req-5973d9b4-bfac-4a93-b16d-e4db3705475f None None] Loading extension file: port_trusted_vif.py {{(pid=103232) _load_all_extensions_from_path /opt/stack/neutron/neutron/api/extensions.py:449}}
Feb 25 03:14:17.583344 np0000156876 devstack@neutron-api.service[103230]: DEBUG neutron.api.extensions [None req-b7a2ceec-a483-475c-b44b-68338db4fda6 None None] Loading extension file: subnet_onboard.py {{(pid=103230) _load_all_extensions_from_path /opt/stack/neutron/neutron/api/extensions.py:449}}
Feb 25 03:14:17.583451 np0000156876 devstack@neutron-api.service[103232]: DEBUG neutron.api.extensions [None req-5973d9b4-bfac-4a93-b16d-e4db3705475f None None] Ext name="Port trusted vif" alias="port-trusted-vif" description="Expose port 'trusted' attribute in the API" updated="2024-07-10T10:00:00-00:00" {{(pid=103232) _check_extension /opt/stack/neutron/neutron/api/extensions.py:415}}
Feb 25 03:14:17.583551 np0000156876 devstack@neutron-api.service[103230]: DEBUG neutron.api.extensions [None req-b7a2ceec-a483-475c-b44b-68338db4fda6 None None] Ext name="Subnet Onboard" alias="subnet_onboard" description="Provides support for onboarding subnets into subnet pools" updated="2018-12-18T09:00:00-00:00" {{(pid=103230) _check_extension /opt/stack/neutron/neutron/api/extensions.py:415}}
Feb 25 03:14:17.583624 np0000156876 devstack@neutron-api.service[103232]: INFO neutron.api.extensions [None req-5973d9b4-bfac-4a93-b16d-e4db3705475f None None] Extension port-trusted-vif not supported by any of loaded plugins
Feb 25 03:14:17.583624 np0000156876 devstack@neutron-api.service[103232]: DEBUG neutron.api.extensions [None req-5973d9b4-bfac-4a93-b16d-e4db3705475f None None] Loading extension file: portbindings.py {{(pid=103232) _load_all_extensions_from_path /opt/stack/neutron/neutron/api/extensions.py:449}}
Feb 25 03:14:17.583748 np0000156876 devstack@neutron-api.service[103230]: INFO neutron.api.extensions [None req-b7a2ceec-a483-475c-b44b-68338db4fda6 None None] Extension subnet_onboard not supported by any of loaded plugins
Feb 25 03:14:17.583748 np0000156876 devstack@neutron-api.service[103230]: DEBUG neutron.api.extensions [None req-b7a2ceec-a483-475c-b44b-68338db4fda6 None None] Loading extension file: subnet_segmentid_writable.py {{(pid=103230) _load_all_extensions_from_path /opt/stack/neutron/neutron/api/extensions.py:449}}
Feb 25 03:14:17.583842 np0000156876 devstack@neutron-api.service[103232]: DEBUG neutron.api.extensions [None req-5973d9b4-bfac-4a93-b16d-e4db3705475f None None] Ext name="Port Binding" alias="binding" description="Expose port bindings of a virtual port to external application" updated="2014-02-03T10:00:00-00:00" {{(pid=103232) _check_extension /opt/stack/neutron/neutron/api/extensions.py:415}}
Feb 25 03:14:17.583914 np0000156876 devstack@neutron-api.service[103230]: DEBUG neutron.api.extensions [None req-b7a2ceec-a483-475c-b44b-68338db4fda6 None None] Ext name="Subnet SegmentID (writable)" alias="subnet-segmentid-writable" description="Provides a writable segment_id attribute for a subnet resource." updated="2018-03-12T00:00:00-00:00" {{(pid=103230) _check_extension /opt/stack/neutron/neutron/api/extensions.py:415}}
Feb 25 03:14:17.583982 np0000156876 devstack@neutron-api.service[103232]: INFO neutron.api.extensions [None req-5973d9b4-bfac-4a93-b16d-e4db3705475f None None] Loaded extension: binding
Feb 25 03:14:17.583982 np0000156876 devstack@neutron-api.service[103232]: DEBUG neutron.api.extensions [None req-5973d9b4-bfac-4a93-b16d-e4db3705475f None None] Loading extension file: portbindings_extended.py {{(pid=103232) _load_all_extensions_from_path /opt/stack/neutron/neutron/api/extensions.py:449}}
Feb 25 03:14:17.584099 np0000156876 devstack@neutron-api.service[103230]: INFO neutron.api.extensions [None req-b7a2ceec-a483-475c-b44b-68338db4fda6 None None] Extension subnet-segmentid-writable not supported by any of loaded plugins
Feb 25 03:14:17.584099 np0000156876 devstack@neutron-api.service[103230]: DEBUG neutron.api.extensions [None req-b7a2ceec-a483-475c-b44b-68338db4fda6 None None] Loading extension file: subnet_service_types.py {{(pid=103230) _load_all_extensions_from_path /opt/stack/neutron/neutron/api/extensions.py:449}}
Feb 25 03:14:17.584228 np0000156876 devstack@neutron-api.service[103231]: DEBUG neutron_lib.callbacks.manager [None req-735f327f-7398-4509-8018-4e195a16cb23 None None] Subscribe: > router before_delete 55550000, False {{(pid=103231) subscribe /opt/stack/data/venv/lib/python3.12/site-packages/neutron_lib/callbacks/manager.py:52}}
Feb 25 03:14:17.584291 np0000156876 devstack@neutron-api.service[103232]: DEBUG neutron.api.extensions [None req-5973d9b4-bfac-4a93-b16d-e4db3705475f None None] Ext name="Port Bindings Extended" alias="binding-extended" description="Expose port bindings of a virtual port to external application" updated="2017-07-17T10:00:00-00:00" {{(pid=103232) _check_extension /opt/stack/neutron/neutron/api/extensions.py:415}}
Feb 25 03:14:17.584367 np0000156876 devstack@neutron-api.service[103230]: DEBUG neutron.api.extensions [None req-b7a2ceec-a483-475c-b44b-68338db4fda6 None None] Ext name="Subnet service types" alias="subnet-service-types" description="Provides ability to set the subnet service_types field" updated="2016-03-15T18:00:00-00:00" {{(pid=103230) _check_extension /opt/stack/neutron/neutron/api/extensions.py:415}}
Feb 25 03:14:17.584443 np0000156876 devstack@neutron-api.service[103231]: DEBUG neutron_lib.callbacks.manager [None req-735f327f-7398-4509-8018-4e195a16cb23 None None] Subscribe: port after_update 55550000, False {{(pid=103231) subscribe /opt/stack/data/venv/lib/python3.12/site-packages/neutron_lib/callbacks/manager.py:52}}
Feb 25 03:14:17.584507 np0000156876 devstack@neutron-api.service[103232]: INFO neutron.api.extensions [None req-5973d9b4-bfac-4a93-b16d-e4db3705475f None None] Loaded extension: binding-extended
Feb 25 03:14:17.584569 np0000156876 devstack@neutron-api.service[103231]: DEBUG neutron_lib.callbacks.manager [None req-735f327f-7398-4509-8018-4e195a16cb23 None None] Subscribe: port after_delete 55550000, False {{(pid=103231) subscribe /opt/stack/data/venv/lib/python3.12/site-packages/neutron_lib/callbacks/manager.py:52}}
Feb 25 03:14:17.584643 np0000156876 devstack@neutron-api.service[103232]: DEBUG neutron.api.extensions [None req-5973d9b4-bfac-4a93-b16d-e4db3705475f None None] Loading extension file: portsecurity.py {{(pid=103232) _load_all_extensions_from_path /opt/stack/neutron/neutron/api/extensions.py:449}}
Feb 25 03:14:17.584724 np0000156876 devstack@neutron-api.service[103230]: INFO neutron.api.extensions [None req-b7a2ceec-a483-475c-b44b-68338db4fda6 None None] Loaded extension: subnet-service-types
Feb 25 03:14:17.584789 np0000156876 devstack@neutron-api.service[103231]: DEBUG neutron_lib.callbacks.manager [None req-735f327f-7398-4509-8018-4e195a16cb23 None None] Subscribe: subnet after_update 55550000, False {{(pid=103231) subscribe /opt/stack/data/venv/lib/python3.12/site-packages/neutron_lib/callbacks/manager.py:52}}
Feb 25 03:14:17.584856 np0000156876 devstack@neutron-api.service[103230]: DEBUG neutron.api.extensions [None req-b7a2ceec-a483-475c-b44b-68338db4fda6 None None] Loading extension file: subnetallocation.py {{(pid=103230) _load_all_extensions_from_path /opt/stack/neutron/neutron/api/extensions.py:449}}
Feb 25 03:14:17.584930 np0000156876 devstack@neutron-api.service[103231]: DEBUG neutron_lib.callbacks.manager [None req-735f327f-7398-4509-8018-4e195a16cb23 None None] Subscribe: subnetpool_address_scope after_update 55550000, False {{(pid=103231) subscribe /opt/stack/data/venv/lib/python3.12/site-packages/neutron_lib/callbacks/manager.py:52}}
Feb 25 03:14:17.585001 np0000156876 devstack@neutron-api.service[103232]: DEBUG neutron.api.extensions [None req-5973d9b4-bfac-4a93-b16d-e4db3705475f None None] Ext name="Port Security" alias="port-security" description="Provides port security" updated="2012-07-23T10:00:00-00:00" {{(pid=103232) _check_extension /opt/stack/neutron/neutron/api/extensions.py:415}}
Feb 25 03:14:17.585069 np0000156876 devstack@neutron-api.service[103231]: DEBUG neutron_lib.callbacks.manager [None req-735f327f-7398-4509-8018-4e195a16cb23 None None] Subscribe: port before_update 55550000, False {{(pid=103231) subscribe /opt/stack/data/venv/lib/python3.12/site-packages/neutron_lib/callbacks/manager.py:52}}
Feb 25 03:14:17.585164 np0000156876 devstack@neutron-api.service[103230]: DEBUG neutron.api.extensions [None req-b7a2ceec-a483-475c-b44b-68338db4fda6 None None] Ext name="Subnet Allocation" alias="subnet_allocation" description="Enables allocation of subnets from a subnet pool" updated="2015-03-30T10:00:00-00:00" {{(pid=103230) _check_extension /opt/stack/neutron/neutron/api/extensions.py:415}}
Feb 25 03:14:17.585267 np0000156876 devstack@neutron-api.service[103231]: DEBUG neutron_lib.callbacks.manager [None req-735f327f-7398-4509-8018-4e195a16cb23 None None] Subscribe: port after_update 55550000, False {{(pid=103231) subscribe /opt/stack/data/venv/lib/python3.12/site-packages/neutron_lib/callbacks/manager.py:52}}
Feb 25 03:14:17.585337 np0000156876 devstack@neutron-api.service[103232]: INFO neutron.api.extensions [None req-5973d9b4-bfac-4a93-b16d-e4db3705475f None None] Loaded extension: port-security
Feb 25 03:14:17.585397 np0000156876 devstack@neutron-api.service[103231]: DEBUG neutron_lib.callbacks.manager [None req-735f327f-7398-4509-8018-4e195a16cb23 None None] Subscribe: > port precommit_delete 55550000, False {{(pid=103231) subscribe /opt/stack/data/venv/lib/python3.12/site-packages/neutron_lib/callbacks/manager.py:52}}
Feb 25 03:14:17.585464 np0000156876 devstack@neutron-api.service[103230]: INFO neutron.api.extensions [None req-b7a2ceec-a483-475c-b44b-68338db4fda6 None None] Loaded extension: subnet_allocation
Feb 25 03:14:17.585527 np0000156876 devstack@neutron-api.service[103232]: DEBUG neutron.api.extensions [None req-5973d9b4-bfac-4a93-b16d-e4db3705475f None None] Loading extension file: project_id.py {{(pid=103232) _load_all_extensions_from_path /opt/stack/neutron/neutron/api/extensions.py:449}}
Feb 25 03:14:17.585592 np0000156876 devstack@neutron-api.service[103231]: DEBUG neutron_lib.callbacks.manager [None req-735f327f-7398-4509-8018-4e195a16cb23 None None] Subscribe: port before_update 55550000, False {{(pid=103231) subscribe /opt/stack/data/venv/lib/python3.12/site-packages/neutron_lib/callbacks/manager.py:52}}
Feb 25 03:14:17.585676 np0000156876 devstack@neutron-api.service[103230]: DEBUG neutron.api.extensions [None req-b7a2ceec-a483-475c-b44b-68338db4fda6 None None] Loading extension file: subnetpool_prefix_ops.py {{(pid=103230) _load_all_extensions_from_path /opt/stack/neutron/neutron/api/extensions.py:449}}
Feb 25 03:14:17.585747 np0000156876 devstack@neutron-api.service[103231]: DEBUG neutron_lib.callbacks.manager [None req-735f327f-7398-4509-8018-4e195a16cb23 None None] Subscribe: port before_delete 55550000, False {{(pid=103231) subscribe /opt/stack/data/venv/lib/python3.12/site-packages/neutron_lib/callbacks/manager.py:52}}
Feb 25 03:14:17.585819 np0000156876 devstack@neutron-api.service[103232]: DEBUG neutron.api.extensions [None req-5973d9b4-bfac-4a93-b16d-e4db3705475f None None] Ext name="project_id field enabled" alias="project-id" description="Extension that indicates that project_id field is enabled." updated="2016-09-09T09:09:09-09:09" {{(pid=103232) _check_extension /opt/stack/neutron/neutron/api/extensions.py:415}}
Feb 25 03:14:17.585893 np0000156876 devstack@neutron-api.service[103231]: DEBUG neutron_lib.callbacks.manager [None req-735f327f-7398-4509-8018-4e195a16cb23 None None] Subscribe: > router precommit_create 55550000, False {{(pid=103231) subscribe /opt/stack/data/venv/lib/python3.12/site-packages/neutron_lib/callbacks/manager.py:52}}
Feb 25 03:14:17.585965 np0000156876 devstack@neutron-api.service[103230]: DEBUG neutron.api.extensions [None req-b7a2ceec-a483-475c-b44b-68338db4fda6 None None] Ext name="Subnet Pool Prefix Operations" alias="subnetpool-prefix-ops" description="Provides support for adjusting the prefix list of subnet pools" updated="2019-02-08T10:00:00-00:00" {{(pid=103230) _check_extension /opt/stack/neutron/neutron/api/extensions.py:415}}
Feb 25 03:14:17.586038 np0000156876 devstack@neutron-api.service[103232]: INFO neutron.api.extensions [None req-5973d9b4-bfac-4a93-b16d-e4db3705475f None None] Loaded extension: project-id
