Aug 12 00:57:23.548813 np0000188800 systemd[1]: Starting devstack@n-api-meta.service - Devstack devstack@n-api-meta.service...
Aug 12 00:57:23.555869 np0000188800 devstack@n-api-meta.service[107306]: [uWSGI] getting INI configuration from /etc/nova/nova-metadata-uwsgi.ini
Aug 12 00:57:23.559428 np0000188800 devstack@n-api-meta.service[107306]: *** Starting uWSGI 2.0.24-debian (64bit) on [Wed Aug 12 00:57:23 2026] ***
Aug 12 00:57:23.559428 np0000188800 devstack@n-api-meta.service[107306]: compiled with version: 13.2.0 on 17 April 2024 16:23:48
Aug 12 00:57:23.559428 np0000188800 devstack@n-api-meta.service[107306]: os: Linux-6.8.0-137-generic #137-Ubuntu SMP PREEMPT_DYNAMIC Fri Jul 17 20:28:23 UTC 2026
Aug 12 00:57:23.559428 np0000188800 devstack@n-api-meta.service[107306]: nodename: np0000188800
Aug 12 00:57:23.559428 np0000188800 devstack@n-api-meta.service[107306]: machine: x86_64
Aug 12 00:57:23.559428 np0000188800 devstack@n-api-meta.service[107306]: clock source: unix
Aug 12 00:57:23.559428 np0000188800 devstack@n-api-meta.service[107306]: pcre jit disabled
Aug 12 00:57:23.559428 np0000188800 devstack@n-api-meta.service[107306]: detected number of CPU cores: 16
Aug 12 00:57:23.559428 np0000188800 devstack@n-api-meta.service[107306]: current working directory: /
Aug 12 00:57:23.559428 np0000188800 devstack@n-api-meta.service[107306]: detected binary path: /usr/bin/uwsgi-core
Aug 12 00:57:23.559428 np0000188800 devstack@n-api-meta.service[107306]: your processes number limit is 256916
Aug 12 00:57:23.559428 np0000188800 devstack@n-api-meta.service[107306]: your memory page size is 4096 bytes
Aug 12 00:57:23.559428 np0000188800 devstack@n-api-meta.service[107306]: detected max file descriptor number: 2048
Aug 12 00:57:23.559428 np0000188800 devstack@n-api-meta.service[107306]: lock engine: pthread robust mutexes
Aug 12 00:57:23.560164 np0000188800 devstack@n-api-meta.service[107306]: thunder lock: enabled
Aug 12 00:57:23.560164 np0000188800 devstack@n-api-meta.service[107306]: uWSGI http bound on 0.0.0.0:8775 fd 5
Aug 12 00:57:23.560164 np0000188800 devstack@n-api-meta.service[107306]: uwsgi socket 0 bound to TCP address 127.0.0.1:38059 (port auto-assigned) fd 4
Aug 12 00:57:23.560164 np0000188800 devstack@n-api-meta.service[107306]: Python version: 3.12.3 (main, Jun 19 2026, 12:46:00) [GCC 13.3.0]
Aug 12 00:57:23.560164 np0000188800 devstack@n-api-meta.service[107306]: PEP 405 virtualenv detected: /opt/stack/data/venv
Aug 12 00:57:23.560164 np0000188800 devstack@n-api-meta.service[107306]: Set PythonHome to /opt/stack/data/venv
Aug 12 00:57:23.606391 np0000188800 devstack@n-api-meta.service[107306]: Python main interpreter initialized at 0x768467aa4668
Aug 12 00:57:23.606391 np0000188800 devstack@n-api-meta.service[107306]: python threads support enabled
Aug 12 00:57:23.606391 np0000188800 devstack@n-api-meta.service[107306]: your server socket listen backlog is limited to 100 connections
Aug 12 00:57:23.606391 np0000188800 devstack@n-api-meta.service[107306]: your mercy for graceful operations on workers is 80 seconds
Aug 12 00:57:23.607019 np0000188800 devstack@n-api-meta.service[107306]: mapped 671795 bytes (656 KB) for 4 cores
Aug 12 00:57:23.607225 np0000188800 devstack@n-api-meta.service[107306]: *** Operational MODE: preforking ***
Aug 12 00:57:23.607430 np0000188800 devstack@n-api-meta.service[107306]: *** uWSGI is running in multiple interpreter mode ***
Aug 12 00:57:23.607430 np0000188800 devstack@n-api-meta.service[107306]: spawned uWSGI master process (pid: 107306)
Aug 12 00:57:23.607544 np0000188800 systemd[1]: Started devstack@n-api-meta.service - Devstack devstack@n-api-meta.service.
Aug 12 00:57:23.608321 np0000188800 devstack@n-api-meta.service[107306]: spawned uWSGI worker 1 (pid: 107307, cores: 1)
Aug 12 00:57:23.609247 np0000188800 devstack@n-api-meta.service[107306]: spawned uWSGI worker 2 (pid: 107308, cores: 1)
Aug 12 00:57:23.609836 np0000188800 devstack@n-api-meta.service[107306]: spawned uWSGI worker 3 (pid: 107309, cores: 1)
Aug 12 00:57:23.610435 np0000188800 devstack@n-api-meta.service[107306]: spawned uWSGI worker 4 (pid: 107310, cores: 1)
Aug 12 00:57:23.611077 np0000188800 devstack@n-api-meta.service[107306]: spawned uWSGI http 1 (pid: 107311)
Aug 12 00:57:23.611077 np0000188800 devstack@n-api-meta.service[107306]: running "unix_signal:15 gracefully_kill_them_all" (master-start)...
Aug 12 00:57:25.297076 np0000188800 devstack@n-api-meta.service[107309]: INFO dbcounter [None req-2575d470-0eec-4e21-9c97-458fc45a01b8 None None] Registered counter for database nova_api
Aug 12 00:57:25.331596 np0000188800 devstack@n-api-meta.service[107307]: INFO dbcounter [None req-af6c7397-b1c4-4889-bfa2-2aef32d28275 None None] Registered counter for database nova_api
Aug 12 00:57:25.346523 np0000188800 devstack@n-api-meta.service[107310]: INFO dbcounter [None req-5eccc934-85f1-496c-abe7-5d7d1c089f60 None None] Registered counter for database nova_api
Aug 12 00:57:25.347727 np0000188800 devstack@n-api-meta.service[107309]: DEBUG oslo_db.sqlalchemy.engines [None req-2575d470-0eec-4e21-9c97-458fc45a01b8 None None] MySQL server mode set to STRICT_TRANS_TABLES,STRICT_ALL_TABLES,NO_ZERO_IN_DATE,NO_ZERO_DATE,ERROR_FOR_DIVISION_BY_ZERO,TRADITIONAL,NO_ENGINE_SUBSTITUTION {{(pid=107309) _check_effective_sql_mode /opt/stack/data/venv/lib/python3.12/site-packages/oslo_db/sqlalchemy/engines.py:325}}
Aug 12 00:57:25.353920 np0000188800 devstack@n-api-meta.service[107308]: INFO dbcounter [None req-538a884f-7c17-45c1-8aa4-bc039031ae5c None None] Registered counter for database nova_api
Aug 12 00:57:25.398767 np0000188800 devstack@n-api-meta.service[107307]: DEBUG oslo_db.sqlalchemy.engines [None req-af6c7397-b1c4-4889-bfa2-2aef32d28275 None None] MySQL server mode set to STRICT_TRANS_TABLES,STRICT_ALL_TABLES,NO_ZERO_IN_DATE,NO_ZERO_DATE,ERROR_FOR_DIVISION_BY_ZERO,TRADITIONAL,NO_ENGINE_SUBSTITUTION {{(pid=107307) _check_effective_sql_mode /opt/stack/data/venv/lib/python3.12/site-packages/oslo_db/sqlalchemy/engines.py:325}}
Aug 12 00:57:25.398983 np0000188800 devstack@n-api-meta.service[107309]: DEBUG dbcounter [-] [107309] Writer thread running {{(pid=107309) stat_writer /opt/stack/data/venv/lib/python3.12/site-packages/dbcounter.py:102}}
Aug 12 00:57:25.398983 np0000188800 devstack@n-api-meta.service[107309]: DEBUG nova.context [None req-2575d470-0eec-4e21-9c97-458fc45a01b8 None None] Found 2 cells: 00000000-0000-0000-0000-000000000000(cell0),358a5337-6076-4ad8-b9a2-356c3d14b58c(cell1) {{(pid=107309) load_cells /opt/stack/nova/nova/context.py:509}}
Aug 12 00:57:25.398983 np0000188800 devstack@n-api-meta.service[107309]: INFO nova.utils [None req-2575d470-0eec-4e21-9c97-458fc45a01b8 None None] The cell worker thread pool MainProcess.cell_worker is initialized
Aug 12 00:57:25.398983 np0000188800 devstack@n-api-meta.service[107309]: DEBUG oslo_concurrency.lockutils [None req-2575d470-0eec-4e21-9c97-458fc45a01b8 None None] Acquiring lock "00000000-0000-0000-0000-000000000000" by "nova.context.set_target_cell..get_or_set_cached_cell_and_set_connections" {{(pid=107309) inner /opt/stack/data/venv/lib/python3.12/site-packages/oslo_concurrency/lockutils.py:512}}
Aug 12 00:57:25.398983 np0000188800 devstack@n-api-meta.service[107309]: DEBUG oslo_concurrency.lockutils [None req-2575d470-0eec-4e21-9c97-458fc45a01b8 None None] Lock "00000000-0000-0000-0000-000000000000" acquired by "nova.context.set_target_cell..get_or_set_cached_cell_and_set_connections" :: waited 0.000s {{(pid=107309) inner /opt/stack/data/venv/lib/python3.12/site-packages/oslo_concurrency/lockutils.py:525}}
Aug 12 00:57:25.398983 np0000188800 devstack@n-api-meta.service[107309]: DEBUG oslo_concurrency.lockutils [None req-2575d470-0eec-4e21-9c97-458fc45a01b8 None None] Lock "00000000-0000-0000-0000-000000000000" "released" by "nova.context.set_target_cell..get_or_set_cached_cell_and_set_connections" :: held 0.000s {{(pid=107309) inner /opt/stack/data/venv/lib/python3.12/site-packages/oslo_concurrency/lockutils.py:544}}
Aug 12 00:57:25.399347 np0000188800 devstack@n-api-meta.service[107309]: DEBUG oslo_concurrency.lockutils [None req-2575d470-0eec-4e21-9c97-458fc45a01b8 None None] Acquiring lock "358a5337-6076-4ad8-b9a2-356c3d14b58c" by "nova.context.set_target_cell..get_or_set_cached_cell_and_set_connections" {{(pid=107309) inner /opt/stack/data/venv/lib/python3.12/site-packages/oslo_concurrency/lockutils.py:512}}
Aug 12 00:57:25.399347 np0000188800 devstack@n-api-meta.service[107309]: DEBUG oslo_concurrency.lockutils [None req-2575d470-0eec-4e21-9c97-458fc45a01b8 None None] Lock "358a5337-6076-4ad8-b9a2-356c3d14b58c" acquired by "nova.context.set_target_cell..get_or_set_cached_cell_and_set_connections" :: waited 0.000s {{(pid=107309) inner /opt/stack/data/venv/lib/python3.12/site-packages/oslo_concurrency/lockutils.py:525}}
Aug 12 00:57:25.399347 np0000188800 devstack@n-api-meta.service[107309]: DEBUG oslo_concurrency.lockutils [None req-2575d470-0eec-4e21-9c97-458fc45a01b8 None None] Lock "358a5337-6076-4ad8-b9a2-356c3d14b58c" "released" by "nova.context.set_target_cell..get_or_set_cached_cell_and_set_connections" :: held 0.001s {{(pid=107309) inner /opt/stack/data/venv/lib/python3.12/site-packages/oslo_concurrency/lockutils.py:544}}
Aug 12 00:57:25.399347 np0000188800 devstack@n-api-meta.service[107309]: INFO dbcounter [None req-2575d470-0eec-4e21-9c97-458fc45a01b8 None None] Registered counter for database nova_cell0
Aug 12 00:57:25.399717 np0000188800 devstack@n-api-meta.service[107310]: DEBUG oslo_db.sqlalchemy.engines [None req-5eccc934-85f1-496c-abe7-5d7d1c089f60 None None] MySQL server mode set to STRICT_TRANS_TABLES,STRICT_ALL_TABLES,NO_ZERO_IN_DATE,NO_ZERO_DATE,ERROR_FOR_DIVISION_BY_ZERO,TRADITIONAL,NO_ENGINE_SUBSTITUTION {{(pid=107310) _check_effective_sql_mode /opt/stack/data/venv/lib/python3.12/site-packages/oslo_db/sqlalchemy/engines.py:325}}
Aug 12 00:57:25.399781 np0000188800 devstack@n-api-meta.service[107309]: INFO dbcounter [None req-2575d470-0eec-4e21-9c97-458fc45a01b8 None None] Registered counter for database nova_cell1
Aug 12 00:57:25.402967 np0000188800 devstack@n-api-meta.service[107308]: DEBUG oslo_db.sqlalchemy.engines [None req-538a884f-7c17-45c1-8aa4-bc039031ae5c None None] MySQL server mode set to STRICT_TRANS_TABLES,STRICT_ALL_TABLES,NO_ZERO_IN_DATE,NO_ZERO_DATE,ERROR_FOR_DIVISION_BY_ZERO,TRADITIONAL,NO_ENGINE_SUBSTITUTION {{(pid=107308) _check_effective_sql_mode /opt/stack/data/venv/lib/python3.12/site-packages/oslo_db/sqlalchemy/engines.py:325}}
Aug 12 00:57:25.416652 np0000188800 devstack@n-api-meta.service[107307]: DEBUG dbcounter [-] [107307] Writer thread running {{(pid=107307) stat_writer /opt/stack/data/venv/lib/python3.12/site-packages/dbcounter.py:102}}
Aug 12 00:57:25.419049 np0000188800 devstack@n-api-meta.service[107307]: DEBUG nova.context [None req-af6c7397-b1c4-4889-bfa2-2aef32d28275 None None] Found 2 cells: 00000000-0000-0000-0000-000000000000(cell0),358a5337-6076-4ad8-b9a2-356c3d14b58c(cell1) {{(pid=107307) load_cells /opt/stack/nova/nova/context.py:509}}
Aug 12 00:57:25.419284 np0000188800 devstack@n-api-meta.service[107307]: INFO nova.utils [None req-af6c7397-b1c4-4889-bfa2-2aef32d28275 None None] The cell worker thread pool MainProcess.cell_worker is initialized
Aug 12 00:57:25.421026 np0000188800 devstack@n-api-meta.service[107307]: DEBUG oslo_concurrency.lockutils [None req-af6c7397-b1c4-4889-bfa2-2aef32d28275 None None] Acquiring lock "00000000-0000-0000-0000-000000000000" by "nova.context.set_target_cell..get_or_set_cached_cell_and_set_connections" {{(pid=107307) inner /opt/stack/data/venv/lib/python3.12/site-packages/oslo_concurrency/lockutils.py:512}}
Aug 12 00:57:25.421266 np0000188800 devstack@n-api-meta.service[107307]: DEBUG oslo_concurrency.lockutils [None req-af6c7397-b1c4-4889-bfa2-2aef32d28275 None None] Lock "00000000-0000-0000-0000-000000000000" acquired by "nova.context.set_target_cell..get_or_set_cached_cell_and_set_connections" :: waited 0.000s {{(pid=107307) inner /opt/stack/data/venv/lib/python3.12/site-packages/oslo_concurrency/lockutils.py:525}}
Aug 12 00:57:25.421644 np0000188800 devstack@n-api-meta.service[107307]: DEBUG oslo_concurrency.lockutils [None req-af6c7397-b1c4-4889-bfa2-2aef32d28275 None None] Lock "00000000-0000-0000-0000-000000000000" "released" by "nova.context.set_target_cell..get_or_set_cached_cell_and_set_connections" :: held 0.000s {{(pid=107307) inner /opt/stack/data/venv/lib/python3.12/site-packages/oslo_concurrency/lockutils.py:544}}
Aug 12 00:57:25.425199 np0000188800 devstack@n-api-meta.service[107307]: DEBUG oslo_concurrency.lockutils [None req-af6c7397-b1c4-4889-bfa2-2aef32d28275 None None] Acquiring lock "358a5337-6076-4ad8-b9a2-356c3d14b58c" by "nova.context.set_target_cell..get_or_set_cached_cell_and_set_connections" {{(pid=107307) inner /opt/stack/data/venv/lib/python3.12/site-packages/oslo_concurrency/lockutils.py:512}}
Aug 12 00:57:25.425199 np0000188800 devstack@n-api-meta.service[107307]: DEBUG oslo_concurrency.lockutils [None req-af6c7397-b1c4-4889-bfa2-2aef32d28275 None None] Lock "358a5337-6076-4ad8-b9a2-356c3d14b58c" acquired by "nova.context.set_target_cell..get_or_set_cached_cell_and_set_connections" :: waited 0.000s {{(pid=107307) inner /opt/stack/data/venv/lib/python3.12/site-packages/oslo_concurrency/lockutils.py:525}}
Aug 12 00:57:25.425199 np0000188800 devstack@n-api-meta.service[107307]: DEBUG oslo_concurrency.lockutils [None req-af6c7397-b1c4-4889-bfa2-2aef32d28275 None None] Lock "358a5337-6076-4ad8-b9a2-356c3d14b58c" "released" by "nova.context.set_target_cell..get_or_set_cached_cell_and_set_connections" :: held 0.001s {{(pid=107307) inner /opt/stack/data/venv/lib/python3.12/site-packages/oslo_concurrency/lockutils.py:544}}
Aug 12 00:57:25.425688 np0000188800 devstack@n-api-meta.service[107307]: INFO dbcounter [None req-af6c7397-b1c4-4889-bfa2-2aef32d28275 None None] Registered counter for database nova_cell0
Aug 12 00:57:25.428359 np0000188800 devstack@n-api-meta.service[107310]: DEBUG dbcounter [-] [107310] Writer thread running {{(pid=107310) stat_writer /opt/stack/data/venv/lib/python3.12/site-packages/dbcounter.py:102}}
Aug 12 00:57:25.430150 np0000188800 devstack@n-api-meta.service[107307]: INFO dbcounter [None req-af6c7397-b1c4-4889-bfa2-2aef32d28275 None None] Registered counter for database nova_cell1
Aug 12 00:57:25.431330 np0000188800 devstack@n-api-meta.service[107310]: DEBUG nova.context [None req-5eccc934-85f1-496c-abe7-5d7d1c089f60 None None] Found 2 cells: 00000000-0000-0000-0000-000000000000(cell0),358a5337-6076-4ad8-b9a2-356c3d14b58c(cell1) {{(pid=107310) load_cells /opt/stack/nova/nova/context.py:509}}
Aug 12 00:57:25.431559 np0000188800 devstack@n-api-meta.service[107310]: INFO nova.utils [None req-5eccc934-85f1-496c-abe7-5d7d1c089f60 None None] The cell worker thread pool MainProcess.cell_worker is initialized
Aug 12 00:57:25.433714 np0000188800 devstack@n-api-meta.service[107310]: DEBUG oslo_concurrency.lockutils [None req-5eccc934-85f1-496c-abe7-5d7d1c089f60 None None] Acquiring lock "00000000-0000-0000-0000-000000000000" by "nova.context.set_target_cell..get_or_set_cached_cell_and_set_connections" {{(pid=107310) inner /opt/stack/data/venv/lib/python3.12/site-packages/oslo_concurrency/lockutils.py:512}}
Aug 12 00:57:25.433943 np0000188800 devstack@n-api-meta.service[107310]: DEBUG oslo_concurrency.lockutils [None req-5eccc934-85f1-496c-abe7-5d7d1c089f60 None None] Lock "00000000-0000-0000-0000-000000000000" acquired by "nova.context.set_target_cell..get_or_set_cached_cell_and_set_connections" :: waited 0.000s {{(pid=107310) inner /opt/stack/data/venv/lib/python3.12/site-packages/oslo_concurrency/lockutils.py:525}}
Aug 12 00:57:25.434560 np0000188800 devstack@n-api-meta.service[107310]: DEBUG oslo_concurrency.lockutils [None req-5eccc934-85f1-496c-abe7-5d7d1c089f60 None None] Lock "00000000-0000-0000-0000-000000000000" "released" by "nova.context.set_target_cell..get_or_set_cached_cell_and_set_connections" :: held 0.001s {{(pid=107310) inner /opt/stack/data/venv/lib/python3.12/site-packages/oslo_concurrency/lockutils.py:544}}
Aug 12 00:57:25.435579 np0000188800 devstack@n-api-meta.service[107310]: DEBUG oslo_concurrency.lockutils [None req-5eccc934-85f1-496c-abe7-5d7d1c089f60 None None] Acquiring lock "358a5337-6076-4ad8-b9a2-356c3d14b58c" by "nova.context.set_target_cell..get_or_set_cached_cell_and_set_connections" {{(pid=107310) inner /opt/stack/data/venv/lib/python3.12/site-packages/oslo_concurrency/lockutils.py:512}}
Aug 12 00:57:25.435850 np0000188800 devstack@n-api-meta.service[107310]: DEBUG oslo_concurrency.lockutils [None req-5eccc934-85f1-496c-abe7-5d7d1c089f60 None None] Lock "358a5337-6076-4ad8-b9a2-356c3d14b58c" acquired by "nova.context.set_target_cell..get_or_set_cached_cell_and_set_connections" :: waited 0.000s {{(pid=107310) inner /opt/stack/data/venv/lib/python3.12/site-packages/oslo_concurrency/lockutils.py:525}}
Aug 12 00:57:25.437739 np0000188800 devstack@n-api-meta.service[107310]: DEBUG oslo_concurrency.lockutils [None req-5eccc934-85f1-496c-abe7-5d7d1c089f60 None None] Lock "358a5337-6076-4ad8-b9a2-356c3d14b58c" "released" by "nova.context.set_target_cell..get_or_set_cached_cell_and_set_connections" :: held 0.001s {{(pid=107310) inner /opt/stack/data/venv/lib/python3.12/site-packages/oslo_concurrency/lockutils.py:544}}
Aug 12 00:57:25.441207 np0000188800 devstack@n-api-meta.service[107308]: DEBUG dbcounter [-] [107308] Writer thread running {{(pid=107308) stat_writer /opt/stack/data/venv/lib/python3.12/site-packages/dbcounter.py:102}}
Aug 12 00:57:25.441976 np0000188800 devstack@n-api-meta.service[107310]: INFO dbcounter [None req-5eccc934-85f1-496c-abe7-5d7d1c089f60 None None] Registered counter for database nova_cell0
Aug 12 00:57:25.444026 np0000188800 devstack@n-api-meta.service[107308]: DEBUG nova.context [None req-538a884f-7c17-45c1-8aa4-bc039031ae5c None None] Found 2 cells: 00000000-0000-0000-0000-000000000000(cell0),358a5337-6076-4ad8-b9a2-356c3d14b58c(cell1) {{(pid=107308) load_cells /opt/stack/nova/nova/context.py:509}}
Aug 12 00:57:25.444316 np0000188800 devstack@n-api-meta.service[107308]: INFO nova.utils [None req-538a884f-7c17-45c1-8aa4-bc039031ae5c None None] The cell worker thread pool MainProcess.cell_worker is initialized
Aug 12 00:57:25.446073 np0000188800 devstack@n-api-meta.service[107310]: INFO dbcounter [None req-5eccc934-85f1-496c-abe7-5d7d1c089f60 None None] Registered counter for database nova_cell1
Aug 12 00:57:25.446283 np0000188800 devstack@n-api-meta.service[107308]: DEBUG oslo_concurrency.lockutils [None req-538a884f-7c17-45c1-8aa4-bc039031ae5c None None] Acquiring lock "00000000-0000-0000-0000-000000000000" by "nova.context.set_target_cell..get_or_set_cached_cell_and_set_connections" {{(pid=107308) inner /opt/stack/data/venv/lib/python3.12/site-packages/oslo_concurrency/lockutils.py:512}}
Aug 12 00:57:25.446368 np0000188800 devstack@n-api-meta.service[107308]: DEBUG oslo_concurrency.lockutils [None req-538a884f-7c17-45c1-8aa4-bc039031ae5c None None] Lock "00000000-0000-0000-0000-000000000000" acquired by "nova.context.set_target_cell..get_or_set_cached_cell_and_set_connections" :: waited 0.000s {{(pid=107308) inner /opt/stack/data/venv/lib/python3.12/site-packages/oslo_concurrency/lockutils.py:525}}
Aug 12 00:57:25.446754 np0000188800 devstack@n-api-meta.service[107308]: DEBUG oslo_concurrency.lockutils [None req-538a884f-7c17-45c1-8aa4-bc039031ae5c None None] Lock "00000000-0000-0000-0000-000000000000" "released" by "nova.context.set_target_cell..get_or_set_cached_cell_and_set_connections" :: held 0.000s {{(pid=107308) inner /opt/stack/data/venv/lib/python3.12/site-packages/oslo_concurrency/lockutils.py:544}}
Aug 12 00:57:25.447429 np0000188800 devstack@n-api-meta.service[107308]: DEBUG oslo_concurrency.lockutils [None req-538a884f-7c17-45c1-8aa4-bc039031ae5c None None] Acquiring lock "358a5337-6076-4ad8-b9a2-356c3d14b58c" by "nova.context.set_target_cell..get_or_set_cached_cell_and_set_connections" {{(pid=107308) inner /opt/stack/data/venv/lib/python3.12/site-packages/oslo_concurrency/lockutils.py:512}}
Aug 12 00:57:25.447618 np0000188800 devstack@n-api-meta.service[107308]: DEBUG oslo_concurrency.lockutils [None req-538a884f-7c17-45c1-8aa4-bc039031ae5c None None] Lock "358a5337-6076-4ad8-b9a2-356c3d14b58c" acquired by "nova.context.set_target_cell..get_or_set_cached_cell_and_set_connections" :: waited 0.000s {{(pid=107308) inner /opt/stack/data/venv/lib/python3.12/site-packages/oslo_concurrency/lockutils.py:525}}
Aug 12 00:57:25.448547 np0000188800 devstack@n-api-meta.service[107308]: DEBUG oslo_concurrency.lockutils [None req-538a884f-7c17-45c1-8aa4-bc039031ae5c None None] Lock "358a5337-6076-4ad8-b9a2-356c3d14b58c" "released" by "nova.context.set_target_cell..get_or_set_cached_cell_and_set_connections" :: held 0.001s {{(pid=107308) inner /opt/stack/data/venv/lib/python3.12/site-packages/oslo_concurrency/lockutils.py:544}}
Aug 12 00:57:25.450354 np0000188800 devstack@n-api-meta.service[107309]: DEBUG oslo_db.sqlalchemy.engines [None req-2575d470-0eec-4e21-9c97-458fc45a01b8 None None] MySQL server mode set to STRICT_TRANS_TABLES,STRICT_ALL_TABLES,NO_ZERO_IN_DATE,NO_ZERO_DATE,ERROR_FOR_DIVISION_BY_ZERO,TRADITIONAL,NO_ENGINE_SUBSTITUTION {{(pid=107309) _check_effective_sql_mode /opt/stack/data/venv/lib/python3.12/site-packages/oslo_db/sqlalchemy/engines.py:325}}
Aug 12 00:57:25.450891 np0000188800 devstack@n-api-meta.service[107308]: INFO dbcounter [None req-538a884f-7c17-45c1-8aa4-bc039031ae5c None None] Registered counter for database nova_cell0
Aug 12 00:57:25.454737 np0000188800 devstack@n-api-meta.service[107308]: INFO dbcounter [None req-538a884f-7c17-45c1-8aa4-bc039031ae5c None None] Registered counter for database nova_cell1
Aug 12 00:57:25.465560 np0000188800 devstack@n-api-meta.service[107309]: DEBUG oslo_db.sqlalchemy.engines [None req-2575d470-0eec-4e21-9c97-458fc45a01b8 None None] MySQL server mode set to STRICT_TRANS_TABLES,STRICT_ALL_TABLES,NO_ZERO_IN_DATE,NO_ZERO_DATE,ERROR_FOR_DIVISION_BY_ZERO,TRADITIONAL,NO_ENGINE_SUBSTITUTION {{(pid=107309) _check_effective_sql_mode /opt/stack/data/venv/lib/python3.12/site-packages/oslo_db/sqlalchemy/engines.py:325}}
Aug 12 00:57:25.494829 np0000188800 devstack@n-api-meta.service[107307]: DEBUG oslo_db.sqlalchemy.engines [None req-af6c7397-b1c4-4889-bfa2-2aef32d28275 None None] MySQL server mode set to STRICT_TRANS_TABLES,STRICT_ALL_TABLES,NO_ZERO_IN_DATE,NO_ZERO_DATE,ERROR_FOR_DIVISION_BY_ZERO,TRADITIONAL,NO_ENGINE_SUBSTITUTION {{(pid=107307) _check_effective_sql_mode /opt/stack/data/venv/lib/python3.12/site-packages/oslo_db/sqlalchemy/engines.py:325}}
Aug 12 00:57:25.500013 np0000188800 devstack@n-api-meta.service[107307]: DEBUG oslo_db.sqlalchemy.engines [None req-af6c7397-b1c4-4889-bfa2-2aef32d28275 None None] MySQL server mode set to STRICT_TRANS_TABLES,STRICT_ALL_TABLES,NO_ZERO_IN_DATE,NO_ZERO_DATE,ERROR_FOR_DIVISION_BY_ZERO,TRADITIONAL,NO_ENGINE_SUBSTITUTION {{(pid=107307) _check_effective_sql_mode /opt/stack/data/venv/lib/python3.12/site-packages/oslo_db/sqlalchemy/engines.py:325}}
Aug 12 00:57:25.503149 np0000188800 devstack@n-api-meta.service[107310]: DEBUG oslo_db.sqlalchemy.engines [None req-5eccc934-85f1-496c-abe7-5d7d1c089f60 None None] MySQL server mode set to STRICT_TRANS_TABLES,STRICT_ALL_TABLES,NO_ZERO_IN_DATE,NO_ZERO_DATE,ERROR_FOR_DIVISION_BY_ZERO,TRADITIONAL,NO_ENGINE_SUBSTITUTION {{(pid=107310) _check_effective_sql_mode /opt/stack/data/venv/lib/python3.12/site-packages/oslo_db/sqlalchemy/engines.py:325}}
Aug 12 00:57:25.513767 np0000188800 devstack@n-api-meta.service[107308]: DEBUG oslo_db.sqlalchemy.engines [None req-538a884f-7c17-45c1-8aa4-bc039031ae5c None None] MySQL server mode set to STRICT_TRANS_TABLES,STRICT_ALL_TABLES,NO_ZERO_IN_DATE,NO_ZERO_DATE,ERROR_FOR_DIVISION_BY_ZERO,TRADITIONAL,NO_ENGINE_SUBSTITUTION {{(pid=107308) _check_effective_sql_mode /opt/stack/data/venv/lib/python3.12/site-packages/oslo_db/sqlalchemy/engines.py:325}}
Aug 12 00:57:25.516763 np0000188800 devstack@n-api-meta.service[107310]: DEBUG oslo_db.sqlalchemy.engines [None req-5eccc934-85f1-496c-abe7-5d7d1c089f60 None None] MySQL server mode set to STRICT_TRANS_TABLES,STRICT_ALL_TABLES,NO_ZERO_IN_DATE,NO_ZERO_DATE,ERROR_FOR_DIVISION_BY_ZERO,TRADITIONAL,NO_ENGINE_SUBSTITUTION {{(pid=107310) _check_effective_sql_mode /opt/stack/data/venv/lib/python3.12/site-packages/oslo_db/sqlalchemy/engines.py:325}}
Aug 12 00:57:25.518114 np0000188800 devstack@n-api-meta.service[107308]: DEBUG oslo_db.sqlalchemy.engines [None req-538a884f-7c17-45c1-8aa4-bc039031ae5c None None] MySQL server mode set to STRICT_TRANS_TABLES,STRICT_ALL_TABLES,NO_ZERO_IN_DATE,NO_ZERO_DATE,ERROR_FOR_DIVISION_BY_ZERO,TRADITIONAL,NO_ENGINE_SUBSTITUTION {{(pid=107308) _check_effective_sql_mode /opt/stack/data/venv/lib/python3.12/site-packages/oslo_db/sqlalchemy/engines.py:325}}
Aug 12 00:57:25.547218 np0000188800 devstack@n-api-meta.service[107309]: DEBUG dbcounter [-] [107309] Writer thread running {{(pid=107309) stat_writer /opt/stack/data/venv/lib/python3.12/site-packages/dbcounter.py:102}}
Aug 12 00:57:25.553519 np0000188800 devstack@n-api-meta.service[107309]: DEBUG dbcounter [-] [107309] Writer thread running {{(pid=107309) stat_writer /opt/stack/data/venv/lib/python3.12/site-packages/dbcounter.py:102}}
Aug 12 00:57:25.558887 np0000188800 devstack@n-api-meta.service[107309]: INFO dbcounter [None req-2575d470-0eec-4e21-9c97-458fc45a01b8 None None] Registered counter for database nova_cell0
Aug 12 00:57:25.594273 np0000188800 devstack@n-api-meta.service[107307]: DEBUG dbcounter [-] [107307] Writer thread running {{(pid=107307) stat_writer /opt/stack/data/venv/lib/python3.12/site-packages/dbcounter.py:102}}
Aug 12 00:57:25.600213 np0000188800 devstack@n-api-meta.service[107307]: DEBUG dbcounter [-] [107307] Writer thread running {{(pid=107307) stat_writer /opt/stack/data/venv/lib/python3.12/site-packages/dbcounter.py:102}}
Aug 12 00:57:25.602882 np0000188800 devstack@n-api-meta.service[107309]: DEBUG oslo_db.sqlalchemy.engines [None req-2575d470-0eec-4e21-9c97-458fc45a01b8 None None] MySQL server mode set to STRICT_TRANS_TABLES,STRICT_ALL_TABLES,NO_ZERO_IN_DATE,NO_ZERO_DATE,ERROR_FOR_DIVISION_BY_ZERO,TRADITIONAL,NO_ENGINE_SUBSTITUTION {{(pid=107309) _check_effective_sql_mode /opt/stack/data/venv/lib/python3.12/site-packages/oslo_db/sqlalchemy/engines.py:325}}
Aug 12 00:57:25.603097 np0000188800 devstack@n-api-meta.service[107310]: DEBUG dbcounter [-] [107310] Writer thread running {{(pid=107310) stat_writer /opt/stack/data/venv/lib/python3.12/site-packages/dbcounter.py:102}}
Aug 12 00:57:25.603206 np0000188800 devstack@n-api-meta.service[107307]: INFO dbcounter [None req-af6c7397-b1c4-4889-bfa2-2aef32d28275 None None] Registered counter for database nova_cell0
Aug 12 00:57:25.606343 np0000188800 devstack@n-api-meta.service[107308]: DEBUG dbcounter [-] [107308] Writer thread running {{(pid=107308) stat_writer /opt/stack/data/venv/lib/python3.12/site-packages/dbcounter.py:102}}
Aug 12 00:57:25.610104 np0000188800 devstack@n-api-meta.service[107310]: DEBUG dbcounter [-] [107310] Writer thread running {{(pid=107310) stat_writer /opt/stack/data/venv/lib/python3.12/site-packages/dbcounter.py:102}}
Aug 12 00:57:25.612147 np0000188800 devstack@n-api-meta.service[107309]: DEBUG dbcounter [-] [107309] Writer thread running {{(pid=107309) stat_writer /opt/stack/data/venv/lib/python3.12/site-packages/dbcounter.py:102}}
Aug 12 00:57:25.614039 np0000188800 devstack@n-api-meta.service[107308]: DEBUG dbcounter [-] [107308] Writer thread running {{(pid=107308) stat_writer /opt/stack/data/venv/lib/python3.12/site-packages/dbcounter.py:102}}
Aug 12 00:57:25.614732 np0000188800 devstack@n-api-meta.service[107310]: INFO dbcounter [None req-5eccc934-85f1-496c-abe7-5d7d1c089f60 None None] Registered counter for database nova_cell0
Aug 12 00:57:25.618967 np0000188800 devstack@n-api-meta.service[107308]: INFO dbcounter [None req-538a884f-7c17-45c1-8aa4-bc039031ae5c None None] Registered counter for database nova_cell0
Aug 12 00:57:25.644678 np0000188800 devstack@n-api-meta.service[107307]: DEBUG oslo_db.sqlalchemy.engines [None req-af6c7397-b1c4-4889-bfa2-2aef32d28275 None None] MySQL server mode set to STRICT_TRANS_TABLES,STRICT_ALL_TABLES,NO_ZERO_IN_DATE,NO_ZERO_DATE,ERROR_FOR_DIVISION_BY_ZERO,TRADITIONAL,NO_ENGINE_SUBSTITUTION {{(pid=107307) _check_effective_sql_mode /opt/stack/data/venv/lib/python3.12/site-packages/oslo_db/sqlalchemy/engines.py:325}}
Aug 12 00:57:25.655728 np0000188800 devstack@n-api-meta.service[107307]: DEBUG dbcounter [-] [107307] Writer thread running {{(pid=107307) stat_writer /opt/stack/data/venv/lib/python3.12/site-packages/dbcounter.py:102}}
Aug 12 00:57:25.658196 np0000188800 devstack@n-api-meta.service[107309]: WARNING nova.api.metadata.handler [None req-2575d470-0eec-4e21-9c97-458fc45a01b8 None None] metadata_proxy_shared_secret is not configured, the metadata information returned by the proxy cannot be trusted
Aug 12 00:57:25.660498 np0000188800 devstack@n-api-meta.service[107309]: DEBUG nova.api.openstack.wsgi_app [None req-2575d470-0eec-4e21-9c97-458fc45a01b8 None None] ******************************************************************************** {{(pid=107309) log_opt_values /opt/stack/data/venv/lib/python3.12/site-packages/oslo_config/cfg.py:3518}}
Aug 12 00:57:25.660635 np0000188800 devstack@n-api-meta.service[107308]: DEBUG oslo_db.sqlalchemy.engines [None req-538a884f-7c17-45c1-8aa4-bc039031ae5c None None] MySQL server mode set to STRICT_TRANS_TABLES,STRICT_ALL_TABLES,NO_ZERO_IN_DATE,NO_ZERO_DATE,ERROR_FOR_DIVISION_BY_ZERO,TRADITIONAL,NO_ENGINE_SUBSTITUTION {{(pid=107308) _check_effective_sql_mode /opt/stack/data/venv/lib/python3.12/site-packages/oslo_db/sqlalchemy/engines.py:325}}
Aug 12 00:57:25.660719 np0000188800 devstack@n-api-meta.service[107309]: DEBUG nova.api.openstack.wsgi_app [None req-2575d470-0eec-4e21-9c97-458fc45a01b8 None None] Configuration options gathered from: {{(pid=107309) log_opt_values /opt/stack/data/venv/lib/python3.12/site-packages/oslo_config/cfg.py:3519}}
Aug 12 00:57:25.660808 np0000188800 devstack@n-api-meta.service[107309]: DEBUG nova.api.openstack.wsgi_app [None req-2575d470-0eec-4e21-9c97-458fc45a01b8 None None] command line args: [] {{(pid=107309) log_opt_values /opt/stack/data/venv/lib/python3.12/site-packages/oslo_config/cfg.py:3520}}
Aug 12 00:57:25.660983 np0000188800 devstack@n-api-meta.service[107309]: DEBUG nova.api.openstack.wsgi_app [None req-2575d470-0eec-4e21-9c97-458fc45a01b8 None None] config files: ['/etc/nova/api-paste.ini', '/etc/nova/nova.conf'] {{(pid=107309) log_opt_values /opt/stack/data/venv/lib/python3.12/site-packages/oslo_config/cfg.py:3521}}
Aug 12 00:57:25.661103 np0000188800 devstack@n-api-meta.service[107309]: DEBUG nova.api.openstack.wsgi_app [None req-2575d470-0eec-4e21-9c97-458fc45a01b8 None None] ================================================================================ {{(pid=107309) log_opt_values /opt/stack/data/venv/lib/python3.12/site-packages/oslo_config/cfg.py:3526}}
Aug 12 00:57:25.661340 np0000188800 devstack@n-api-meta.service[107309]: DEBUG nova.api.openstack.wsgi_app [None req-2575d470-0eec-4e21-9c97-458fc45a01b8 None None] allow_resize_to_same_host = True {{(pid=107309) log_opt_values /opt/stack/data/venv/lib/python3.12/site-packages/oslo_config/cfg.py:3534}}
Aug 12 00:57:25.661473 np0000188800 devstack@n-api-meta.service[107309]: DEBUG nova.api.openstack.wsgi_app [None req-2575d470-0eec-4e21-9c97-458fc45a01b8 None None] arq_binding_timeout = 300 {{(pid=107309) log_opt_values /opt/stack/data/venv/lib/python3.12/site-packages/oslo_config/cfg.py:3534}}
Aug 12 00:57:25.661606 np0000188800 devstack@n-api-meta.service[107309]: DEBUG nova.api.openstack.wsgi_app [None req-2575d470-0eec-4e21-9c97-458fc45a01b8 None None] block_device_allocate_retries = 60 {{(pid=107309) log_opt_values /opt/stack/data/venv/lib/python3.12/site-packages/oslo_config/cfg.py:3534}}
Aug 12 00:57:25.661739 np0000188800 devstack@n-api-meta.service[107309]: DEBUG nova.api.openstack.wsgi_app [None req-2575d470-0eec-4e21-9c97-458fc45a01b8 None None] block_device_allocate_retries_interval = 3 {{(pid=107309) log_opt_values /opt/stack/data/venv/lib/python3.12/site-packages/oslo_config/cfg.py:3534}}
Aug 12 00:57:25.661870 np0000188800 devstack@n-api-meta.service[107309]: DEBUG nova.api.openstack.wsgi_app [None req-2575d470-0eec-4e21-9c97-458fc45a01b8 None None] cell_worker_thread_pool_size = 5 {{(pid=107309) log_opt_values /opt/stack/data/venv/lib/python3.12/site-packages/oslo_config/cfg.py:3534}}
Aug 12 00:57:25.662009 np0000188800 devstack@n-api-meta.service[107309]: DEBUG nova.api.openstack.wsgi_app [None req-2575d470-0eec-4e21-9c97-458fc45a01b8 None None] cert = self.pem {{(pid=107309) log_opt_values /opt/stack/data/venv/lib/python3.12/site-packages/oslo_config/cfg.py:3534}}
Aug 12 00:57:25.662145 np0000188800 devstack@n-api-meta.service[107309]: DEBUG nova.api.openstack.wsgi_app [None req-2575d470-0eec-4e21-9c97-458fc45a01b8 None None] compute_driver = libvirt.LibvirtDriver {{(pid=107309) log_opt_values /opt/stack/data/venv/lib/python3.12/site-packages/oslo_config/cfg.py:3534}}
Aug 12 00:57:25.662380 np0000188800 devstack@n-api-meta.service[107309]: DEBUG nova.api.openstack.wsgi_app [None req-2575d470-0eec-4e21-9c97-458fc45a01b8 None None] compute_monitors = [] {{(pid=107309) log_opt_values /opt/stack/data/venv/lib/python3.12/site-packages/oslo_config/cfg.py:3534}}
Aug 12 00:57:25.662537 np0000188800 devstack@n-api-meta.service[107309]: DEBUG nova.api.openstack.wsgi_app [None req-2575d470-0eec-4e21-9c97-458fc45a01b8 None None] concurrency_backend = auto {{(pid=107309) log_opt_values /opt/stack/data/venv/lib/python3.12/site-packages/oslo_config/cfg.py:3534}}
Aug 12 00:57:25.662682 np0000188800 devstack@n-api-meta.service[107309]: DEBUG nova.api.openstack.wsgi_app [None req-2575d470-0eec-4e21-9c97-458fc45a01b8 None None] config_dir = [] {{(pid=107309) log_opt_values /opt/stack/data/venv/lib/python3.12/site-packages/oslo_config/cfg.py:3534}}
Aug 12 00:57:25.662822 np0000188800 devstack@n-api-meta.service[107309]: DEBUG nova.api.openstack.wsgi_app [None req-2575d470-0eec-4e21-9c97-458fc45a01b8 None None] config_drive_format = iso9660 {{(pid=107309) log_opt_values /opt/stack/data/venv/lib/python3.12/site-packages/oslo_config/cfg.py:3534}}
Aug 12 00:57:25.662931 np0000188800 devstack@n-api-meta.service[107309]: DEBUG nova.api.openstack.wsgi_app [None req-2575d470-0eec-4e21-9c97-458fc45a01b8 None None] config_file = ['/etc/nova/api-paste.ini', '/etc/nova/nova.conf'] {{(pid=107309) log_opt_values /opt/stack/data/venv/lib/python3.12/site-packages/oslo_config/cfg.py:3534}}
Aug 12 00:57:25.663064 np0000188800 devstack@n-api-meta.service[107309]: DEBUG nova.api.openstack.wsgi_app [None req-2575d470-0eec-4e21-9c97-458fc45a01b8 None None] config_source = [] {{(pid=107309) log_opt_values /opt/stack/data/venv/lib/python3.12/site-packages/oslo_config/cfg.py:3534}}
Aug 12 00:57:25.663259 np0000188800 devstack@n-api-meta.service[107309]: DEBUG nova.api.openstack.wsgi_app [None req-2575d470-0eec-4e21-9c97-458fc45a01b8 None None] console_host = np0000188800 {{(pid=107309) log_opt_values /opt/stack/data/venv/lib/python3.12/site-packages/oslo_config/cfg.py:3534}}
Aug 12 00:57:25.663393 np0000188800 devstack@n-api-meta.service[107309]: DEBUG nova.api.openstack.wsgi_app [None req-2575d470-0eec-4e21-9c97-458fc45a01b8 None None] control_exchange = nova {{(pid=107309) log_opt_values /opt/stack/data/venv/lib/python3.12/site-packages/oslo_config/cfg.py:3534}}
Aug 12 00:57:25.663550 np0000188800 devstack@n-api-meta.service[107309]: DEBUG nova.api.openstack.wsgi_app [None req-2575d470-0eec-4e21-9c97-458fc45a01b8 None None] cpu_allocation_ratio = None {{(pid=107309) log_opt_values /opt/stack/data/venv/lib/python3.12/site-packages/oslo_config/cfg.py:3534}}
Aug 12 00:57:25.663686 np0000188800 devstack@n-api-meta.service[107309]: DEBUG nova.api.openstack.wsgi_app [None req-2575d470-0eec-4e21-9c97-458fc45a01b8 None None] daemon = False {{(pid=107309) log_opt_values /opt/stack/data/venv/lib/python3.12/site-packages/oslo_config/cfg.py:3534}}
Aug 12 00:57:25.663851 np0000188800 devstack@n-api-meta.service[107309]: DEBUG nova.api.openstack.wsgi_app [None req-2575d470-0eec-4e21-9c97-458fc45a01b8 None None] debug = True {{(pid=107309) log_opt_values /opt/stack/data/venv/lib/python3.12/site-packages/oslo_config/cfg.py:3534}}
Aug 12 00:57:25.663995 np0000188800 devstack@n-api-meta.service[107309]: DEBUG nova.api.openstack.wsgi_app [None req-2575d470-0eec-4e21-9c97-458fc45a01b8 None None] default_access_ip_network_name = None {{(pid=107309) log_opt_values /opt/stack/data/venv/lib/python3.12/site-packages/oslo_config/cfg.py:3534}}
Aug 12 00:57:25.664228 np0000188800 devstack@n-api-meta.service[107309]: DEBUG nova.api.openstack.wsgi_app [None req-2575d470-0eec-4e21-9c97-458fc45a01b8 None None] default_availability_zone = nova {{(pid=107309) log_opt_values /opt/stack/data/venv/lib/python3.12/site-packages/oslo_config/cfg.py:3534}}
Aug 12 00:57:25.664403 np0000188800 devstack@n-api-meta.service[107309]: DEBUG nova.api.openstack.wsgi_app [None req-2575d470-0eec-4e21-9c97-458fc45a01b8 None None] default_ephemeral_format = ext4 {{(pid=107309) log_opt_values /opt/stack/data/venv/lib/python3.12/site-packages/oslo_config/cfg.py:3534}}
Aug 12 00:57:25.664561 np0000188800 devstack@n-api-meta.service[107309]: DEBUG nova.api.openstack.wsgi_app [None req-2575d470-0eec-4e21-9c97-458fc45a01b8 None None] default_green_pool_size = 1000 {{(pid=107309) log_opt_values /opt/stack/data/venv/lib/python3.12/site-packages/oslo_config/cfg.py:3534}}
Aug 12 00:57:25.664820 np0000188800 devstack@n-api-meta.service[107310]: DEBUG oslo_db.sqlalchemy.engines [None req-5eccc934-85f1-496c-abe7-5d7d1c089f60 None None] MySQL server mode set to STRICT_TRANS_TABLES,STRICT_ALL_TABLES,NO_ZERO_IN_DATE,NO_ZERO_DATE,ERROR_FOR_DIVISION_BY_ZERO,TRADITIONAL,NO_ENGINE_SUBSTITUTION {{(pid=107310) _check_effective_sql_mode /opt/stack/data/venv/lib/python3.12/site-packages/oslo_db/sqlalchemy/engines.py:325}}
Aug 12 00:57:25.664892 np0000188800 devstack@n-api-meta.service[107309]: DEBUG nova.api.openstack.wsgi_app [None req-2575d470-0eec-4e21-9c97-458fc45a01b8 None None] default_log_levels = ['amqp=WARN', 'boto=WARN', 'sqlalchemy=WARN', 'suds=INFO', 'oslo.messaging=INFO', 'oslo_messaging=INFO', 'iso8601=WARN', 'requests.packages.urllib3.connectionpool=WARN', 'urllib3.connectionpool=WARN', 'websocket=WARN', 'requests.packages.urllib3.util.retry=WARN', 'urllib3.util.retry=WARN', 'keystonemiddleware=WARN', 'routes.middleware=WARN', 'stevedore=WARN', 'taskflow=WARN', 'keystoneauth=WARN', 'oslo.cache=INFO', 'oslo_policy=INFO', 'dogpile.core.dogpile=INFO', 'glanceclient=WARN', 'oslo.privsep.daemon=INFO'] {{(pid=107309) log_opt_values /opt/stack/data/venv/lib/python3.12/site-packages/oslo_config/cfg.py:3534}}
Aug 12 00:57:25.665077 np0000188800 devstack@n-api-meta.service[107309]: DEBUG nova.api.openstack.wsgi_app [None req-2575d470-0eec-4e21-9c97-458fc45a01b8 None None] default_schedule_zone = None {{(pid=107309) log_opt_values /opt/stack/data/venv/lib/python3.12/site-packages/oslo_config/cfg.py:3534}}
Aug 12 00:57:25.665145 np0000188800 devstack@n-api-meta.service[107309]: DEBUG nova.api.openstack.wsgi_app [None req-2575d470-0eec-4e21-9c97-458fc45a01b8 None None] default_thread_pool_size = 10 {{(pid=107309) log_opt_values /opt/stack/data/venv/lib/python3.12/site-packages/oslo_config/cfg.py:3534}}
Aug 12 00:57:25.665333 np0000188800 devstack@n-api-meta.service[107309]: DEBUG nova.api.openstack.wsgi_app [None req-2575d470-0eec-4e21-9c97-458fc45a01b8 None None] disk_allocation_ratio = None {{(pid=107309) log_opt_values /opt/stack/data/venv/lib/python3.12/site-packages/oslo_config/cfg.py:3534}}
Aug 12 00:57:25.665467 np0000188800 devstack@n-api-meta.service[107309]: DEBUG nova.api.openstack.wsgi_app [None req-2575d470-0eec-4e21-9c97-458fc45a01b8 None None] enable_new_services = True {{(pid=107309) log_opt_values /opt/stack/data/venv/lib/python3.12/site-packages/oslo_config/cfg.py:3534}}
Aug 12 00:57:25.665599 np0000188800 devstack@n-api-meta.service[107309]: DEBUG nova.api.openstack.wsgi_app [None req-2575d470-0eec-4e21-9c97-458fc45a01b8 None None] flat_injected = False {{(pid=107309) log_opt_values /opt/stack/data/venv/lib/python3.12/site-packages/oslo_config/cfg.py:3534}}
Aug 12 00:57:25.665726 np0000188800 devstack@n-api-meta.service[107309]: DEBUG nova.api.openstack.wsgi_app [None req-2575d470-0eec-4e21-9c97-458fc45a01b8 None None] force_config_drive = False {{(pid=107309) log_opt_values /opt/stack/data/venv/lib/python3.12/site-packages/oslo_config/cfg.py:3534}}
Aug 12 00:57:25.665857 np0000188800 devstack@n-api-meta.service[107309]: DEBUG nova.api.openstack.wsgi_app [None req-2575d470-0eec-4e21-9c97-458fc45a01b8 None None] force_raw_images = True {{(pid=107309) log_opt_values /opt/stack/data/venv/lib/python3.12/site-packages/oslo_config/cfg.py:3534}}
Aug 12 00:57:25.665999 np0000188800 devstack@n-api-meta.service[107309]: DEBUG nova.api.openstack.wsgi_app [None req-2575d470-0eec-4e21-9c97-458fc45a01b8 None None] graceful_shutdown_timeout = 5 {{(pid=107309) log_opt_values /opt/stack/data/venv/lib/python3.12/site-packages/oslo_config/cfg.py:3534}}
Aug 12 00:57:25.666141 np0000188800 devstack@n-api-meta.service[107309]: DEBUG nova.api.openstack.wsgi_app [None req-2575d470-0eec-4e21-9c97-458fc45a01b8 None None] heal_instance_info_cache_interval = -1 {{(pid=107309) log_opt_values /opt/stack/data/venv/lib/python3.12/site-packages/oslo_config/cfg.py:3534}}
Aug 12 00:57:25.666360 np0000188800 devstack@n-api-meta.service[107309]: DEBUG nova.api.openstack.wsgi_app [None req-2575d470-0eec-4e21-9c97-458fc45a01b8 None None] host = np0000188800 {{(pid=107309) log_opt_values /opt/stack/data/venv/lib/python3.12/site-packages/oslo_config/cfg.py:3534}}
Aug 12 00:57:25.666500 np0000188800 devstack@n-api-meta.service[107309]: DEBUG nova.api.openstack.wsgi_app [None req-2575d470-0eec-4e21-9c97-458fc45a01b8 None None] initial_cpu_allocation_ratio = 4.0 {{(pid=107309) log_opt_values /opt/stack/data/venv/lib/python3.12/site-packages/oslo_config/cfg.py:3534}}
Aug 12 00:57:25.666633 np0000188800 devstack@n-api-meta.service[107309]: DEBUG nova.api.openstack.wsgi_app [None req-2575d470-0eec-4e21-9c97-458fc45a01b8 None None] initial_disk_allocation_ratio = 1.0 {{(pid=107309) log_opt_values /opt/stack/data/venv/lib/python3.12/site-packages/oslo_config/cfg.py:3534}}
Aug 12 00:57:25.666763 np0000188800 devstack@n-api-meta.service[107309]: DEBUG nova.api.openstack.wsgi_app [None req-2575d470-0eec-4e21-9c97-458fc45a01b8 None None] initial_ram_allocation_ratio = 1.0 {{(pid=107309) log_opt_values /opt/stack/data/venv/lib/python3.12/site-packages/oslo_config/cfg.py:3534}}
Aug 12 00:57:25.666939 np0000188800 devstack@n-api-meta.service[107309]: DEBUG nova.api.openstack.wsgi_app [None req-2575d470-0eec-4e21-9c97-458fc45a01b8 None None] injected_network_template = /opt/stack/nova/nova/virt/interfaces.template {{(pid=107309) log_opt_values /opt/stack/data/venv/lib/python3.12/site-packages/oslo_config/cfg.py:3534}}
Aug 12 00:57:25.667071 np0000188800 devstack@n-api-meta.service[107309]: DEBUG nova.api.openstack.wsgi_app [None req-2575d470-0eec-4e21-9c97-458fc45a01b8 None None] instance_build_timeout = 0 {{(pid=107309) log_opt_values /opt/stack/data/venv/lib/python3.12/site-packages/oslo_config/cfg.py:3534}}
Aug 12 00:57:25.667232 np0000188800 devstack@n-api-meta.service[107309]: DEBUG nova.api.openstack.wsgi_app [None req-2575d470-0eec-4e21-9c97-458fc45a01b8 None None] instance_delete_interval = 300 {{(pid=107309) log_opt_values /opt/stack/data/venv/lib/python3.12/site-packages/oslo_config/cfg.py:3534}}
Aug 12 00:57:25.667365 np0000188800 devstack@n-api-meta.service[107309]: DEBUG nova.api.openstack.wsgi_app [None req-2575d470-0eec-4e21-9c97-458fc45a01b8 None None] instance_format = [instance: %(uuid)s] {{(pid=107309) log_opt_values /opt/stack/data/venv/lib/python3.12/site-packages/oslo_config/cfg.py:3534}}
Aug 12 00:57:25.667501 np0000188800 devstack@n-api-meta.service[107309]: DEBUG nova.api.openstack.wsgi_app [None req-2575d470-0eec-4e21-9c97-458fc45a01b8 None None] instance_name_template = instance-%08x {{(pid=107309) log_opt_values /opt/stack/data/venv/lib/python3.12/site-packages/oslo_config/cfg.py:3534}}
Aug 12 00:57:25.667631 np0000188800 devstack@n-api-meta.service[107309]: DEBUG nova.api.openstack.wsgi_app [None req-2575d470-0eec-4e21-9c97-458fc45a01b8 None None] instance_usage_audit = False {{(pid=107309) log_opt_values /opt/stack/data/venv/lib/python3.12/site-packages/oslo_config/cfg.py:3534}}
Aug 12 00:57:25.667771 np0000188800 devstack@n-api-meta.service[107309]: DEBUG nova.api.openstack.wsgi_app [None req-2575d470-0eec-4e21-9c97-458fc45a01b8 None None] instance_usage_audit_period = month {{(pid=107309) log_opt_values /opt/stack/data/venv/lib/python3.12/site-packages/oslo_config/cfg.py:3534}}
Aug 12 00:57:25.667907 np0000188800 devstack@n-api-meta.service[107309]: DEBUG nova.api.openstack.wsgi_app [None req-2575d470-0eec-4e21-9c97-458fc45a01b8 None None] instance_uuid_format = [instance: %(uuid)s] {{(pid=107309) log_opt_values /opt/stack/data/venv/lib/python3.12/site-packages/oslo_config/cfg.py:3534}}
Aug 12 00:57:25.668045 np0000188800 devstack@n-api-meta.service[107309]: DEBUG nova.api.openstack.wsgi_app [None req-2575d470-0eec-4e21-9c97-458fc45a01b8 None None] instances_path = /opt/stack/data/nova/instances {{(pid=107309) log_opt_values /opt/stack/data/venv/lib/python3.12/site-packages/oslo_config/cfg.py:3534}}
Aug 12 00:57:25.668550 np0000188800 devstack@n-api-meta.service[107309]: DEBUG nova.api.openstack.wsgi_app [None req-2575d470-0eec-4e21-9c97-458fc45a01b8 None None] internal_service_availability_zone = internal {{(pid=107309) log_opt_values /opt/stack/data/venv/lib/python3.12/site-packages/oslo_config/cfg.py:3534}}
Aug 12 00:57:25.668848 np0000188800 devstack@n-api-meta.service[107309]: DEBUG nova.api.openstack.wsgi_app [None req-2575d470-0eec-4e21-9c97-458fc45a01b8 None None] key = None {{(pid=107309) log_opt_values /opt/stack/data/venv/lib/python3.12/site-packages/oslo_config/cfg.py:3534}}
Aug 12 00:57:25.669022 np0000188800 devstack@n-api-meta.service[107309]: DEBUG nova.api.openstack.wsgi_app [None req-2575d470-0eec-4e21-9c97-458fc45a01b8 None None] live_migration_retry_count = 30 {{(pid=107309) log_opt_values /opt/stack/data/venv/lib/python3.12/site-packages/oslo_config/cfg.py:3534}}
Aug 12 00:57:25.669220 np0000188800 devstack@n-api-meta.service[107309]: DEBUG nova.api.openstack.wsgi_app [None req-2575d470-0eec-4e21-9c97-458fc45a01b8 None None] log_color = False {{(pid=107309) log_opt_values /opt/stack/data/venv/lib/python3.12/site-packages/oslo_config/cfg.py:3534}}
Aug 12 00:57:25.669327 np0000188800 devstack@n-api-meta.service[107309]: DEBUG nova.api.openstack.wsgi_app [None req-2575d470-0eec-4e21-9c97-458fc45a01b8 None None] log_config_append = None {{(pid=107309) log_opt_values /opt/stack/data/venv/lib/python3.12/site-packages/oslo_config/cfg.py:3534}}
Aug 12 00:57:25.669486 np0000188800 devstack@n-api-meta.service[107309]: DEBUG nova.api.openstack.wsgi_app [None req-2575d470-0eec-4e21-9c97-458fc45a01b8 None None] log_date_format = %Y-%m-%d %H:%M:%S {{(pid=107309) log_opt_values /opt/stack/data/venv/lib/python3.12/site-packages/oslo_config/cfg.py:3534}}
Aug 12 00:57:25.669596 np0000188800 devstack@n-api-meta.service[107309]: DEBUG nova.api.openstack.wsgi_app [None req-2575d470-0eec-4e21-9c97-458fc45a01b8 None None] log_dir = None {{(pid=107309) log_opt_values /opt/stack/data/venv/lib/python3.12/site-packages/oslo_config/cfg.py:3534}}
Aug 12 00:57:25.669727 np0000188800 devstack@n-api-meta.service[107309]: DEBUG nova.api.openstack.wsgi_app [None req-2575d470-0eec-4e21-9c97-458fc45a01b8 None None] log_file = None {{(pid=107309) log_opt_values /opt/stack/data/venv/lib/python3.12/site-packages/oslo_config/cfg.py:3534}}
Aug 12 00:57:25.669831 np0000188800 devstack@n-api-meta.service[107309]: DEBUG nova.api.openstack.wsgi_app [None req-2575d470-0eec-4e21-9c97-458fc45a01b8 None None] log_options = True {{(pid=107309) log_opt_values /opt/stack/data/venv/lib/python3.12/site-packages/oslo_config/cfg.py:3534}}
Aug 12 00:57:25.669971 np0000188800 devstack@n-api-meta.service[107309]: DEBUG nova.api.openstack.wsgi_app [None req-2575d470-0eec-4e21-9c97-458fc45a01b8 None None] log_rotate_interval = 1 {{(pid=107309) log_opt_values /opt/stack/data/venv/lib/python3.12/site-packages/oslo_config/cfg.py:3534}}
Aug 12 00:57:25.670101 np0000188800 devstack@n-api-meta.service[107309]: DEBUG nova.api.openstack.wsgi_app [None req-2575d470-0eec-4e21-9c97-458fc45a01b8 None None] log_rotate_interval_type = days {{(pid=107309) log_opt_values /opt/stack/data/venv/lib/python3.12/site-packages/oslo_config/cfg.py:3534}}
Aug 12 00:57:25.670256 np0000188800 devstack@n-api-meta.service[107309]: DEBUG nova.api.openstack.wsgi_app [None req-2575d470-0eec-4e21-9c97-458fc45a01b8 None None] log_rotation_type = none {{(pid=107309) log_opt_values /opt/stack/data/venv/lib/python3.12/site-packages/oslo_config/cfg.py:3534}}
Aug 12 00:57:25.670360 np0000188800 devstack@n-api-meta.service[107309]: DEBUG nova.api.openstack.wsgi_app [None req-2575d470-0eec-4e21-9c97-458fc45a01b8 None None] logging_context_format_string = %(color)s%(levelname)s %(name)s [%(global_request_id)s %(request_id)s %(project_name)s %(user_name)s%(color)s] %(instance)s%(color)s%(message)s {{(pid=107309) log_opt_values /opt/stack/data/venv/lib/python3.12/site-packages/oslo_config/cfg.py:3534}}
