May 02 14:00:10.457061 np0000171490 neutron-periodic-workers[106051]: DEBUG cotyledon.oslo_config_glue [-] database.connection = **** {{(pid=106051) log_opt_values /opt/stack/data/venv/lib/python3.12/site-packages/oslo_config/cfg.py:3006}}
May 02 14:00:10.457061 np0000171490 neutron-periodic-workers[106051]: DEBUG cotyledon.oslo_config_glue [-] database.connection_debug = 0 {{(pid=106051) log_opt_values /opt/stack/data/venv/lib/python3.12/site-packages/oslo_config/cfg.py:3006}}
May 02 14:00:10.457061 np0000171490 neutron-periodic-workers[106051]: DEBUG cotyledon.oslo_config_glue [-] database.connection_parameters = {{(pid=106051) log_opt_values /opt/stack/data/venv/lib/python3.12/site-packages/oslo_config/cfg.py:3006}}
May 02 14:00:10.457061 np0000171490 neutron-periodic-workers[106051]: DEBUG cotyledon.oslo_config_glue [-] database.connection_recycle_time = 3600 {{(pid=106051) log_opt_values /opt/stack/data/venv/lib/python3.12/site-packages/oslo_config/cfg.py:3006}}
May 02 14:00:10.457061 np0000171490 neutron-periodic-workers[106051]: DEBUG cotyledon.oslo_config_glue [-] database.connection_trace = False {{(pid=106051) log_opt_values /opt/stack/data/venv/lib/python3.12/site-packages/oslo_config/cfg.py:3006}}
May 02 14:00:10.457182 np0000171490 neutron-periodic-workers[106038]: DEBUG cotyledon._service_worker [-] Run service ServiceWrapper(0) [106038] {{(pid=106038) wait_forever /opt/stack/data/venv/lib/python3.12/site-packages/cotyledon/_service_worker.py:218}}
May 02 14:00:10.457210 np0000171490 neutron-periodic-workers[106051]: DEBUG cotyledon.oslo_config_glue [-] database.db_inc_retry_interval = True {{(pid=106051) log_opt_values /opt/stack/data/venv/lib/python3.12/site-packages/oslo_config/cfg.py:3006}}
May 02 14:00:10.457210 np0000171490 neutron-periodic-workers[106051]: DEBUG cotyledon.oslo_config_glue [-] database.db_max_retries = 20 {{(pid=106051) log_opt_values /opt/stack/data/venv/lib/python3.12/site-packages/oslo_config/cfg.py:3006}}
May 02 14:00:10.457210 np0000171490 neutron-periodic-workers[106051]: DEBUG cotyledon.oslo_config_glue [-] database.db_max_retry_interval = 10 {{(pid=106051) log_opt_values /opt/stack/data/venv/lib/python3.12/site-packages/oslo_config/cfg.py:3006}}
May 02 14:00:10.457210 np0000171490 neutron-periodic-workers[106051]: DEBUG cotyledon.oslo_config_glue [-] database.db_retry_interval = 1 {{(pid=106051) log_opt_values /opt/stack/data/venv/lib/python3.12/site-packages/oslo_config/cfg.py:3006}}
May 02 14:00:10.457210 np0000171490 neutron-periodic-workers[106051]: DEBUG cotyledon.oslo_config_glue [-] database.max_overflow = 50 {{(pid=106051) log_opt_values /opt/stack/data/venv/lib/python3.12/site-packages/oslo_config/cfg.py:3006}}
May 02 14:00:10.457210 np0000171490 neutron-periodic-workers[106051]: DEBUG cotyledon.oslo_config_glue [-] database.max_pool_size = 5 {{(pid=106051) log_opt_values /opt/stack/data/venv/lib/python3.12/site-packages/oslo_config/cfg.py:3006}}
May 02 14:00:10.457210 np0000171490 neutron-periodic-workers[106051]: DEBUG cotyledon.oslo_config_glue [-] database.max_retries = 10 {{(pid=106051) log_opt_values /opt/stack/data/venv/lib/python3.12/site-packages/oslo_config/cfg.py:3006}}
May 02 14:00:10.457210 np0000171490 neutron-periodic-workers[106051]: DEBUG cotyledon.oslo_config_glue [-] database.mysql_sql_mode = TRADITIONAL {{(pid=106051) log_opt_values /opt/stack/data/venv/lib/python3.12/site-packages/oslo_config/cfg.py:3006}}
May 02 14:00:10.457210 np0000171490 neutron-periodic-workers[106051]: DEBUG cotyledon.oslo_config_glue [-] database.mysql_wsrep_sync_wait = None {{(pid=106051) log_opt_values /opt/stack/data/venv/lib/python3.12/site-packages/oslo_config/cfg.py:3006}}
May 02 14:00:10.457444 np0000171490 neutron-periodic-workers[106051]: DEBUG cotyledon.oslo_config_glue [-] database.pool_timeout = None {{(pid=106051) log_opt_values /opt/stack/data/venv/lib/python3.12/site-packages/oslo_config/cfg.py:3006}}
May 02 14:00:10.457444 np0000171490 neutron-periodic-workers[106051]: DEBUG cotyledon.oslo_config_glue [-] database.retry_interval = 10 {{(pid=106051) log_opt_values /opt/stack/data/venv/lib/python3.12/site-packages/oslo_config/cfg.py:3006}}
May 02 14:00:10.457444 np0000171490 neutron-periodic-workers[106051]: DEBUG cotyledon.oslo_config_glue [-] database.slave_connection = **** {{(pid=106051) log_opt_values /opt/stack/data/venv/lib/python3.12/site-packages/oslo_config/cfg.py:3006}}
May 02 14:00:10.457444 np0000171490 neutron-periodic-workers[106051]: DEBUG cotyledon.oslo_config_glue [-] database.sqlite_synchronous = True {{(pid=106051) log_opt_values /opt/stack/data/venv/lib/python3.12/site-packages/oslo_config/cfg.py:3006}}
May 02 14:00:10.457444 np0000171490 neutron-periodic-workers[106051]: DEBUG cotyledon.oslo_config_glue [-] database.synchronous_reader = True {{(pid=106051) log_opt_values /opt/stack/data/venv/lib/python3.12/site-packages/oslo_config/cfg.py:3006}}
May 02 14:00:10.457444 np0000171490 neutron-periodic-workers[106051]: DEBUG cotyledon.oslo_config_glue [-] database.use_db_reconnect = False {{(pid=106051) log_opt_values /opt/stack/data/venv/lib/python3.12/site-packages/oslo_config/cfg.py:3006}}
May 02 14:00:10.457444 np0000171490 neutron-periodic-workers[106051]: DEBUG cotyledon.oslo_config_glue [-] ovn.bfd_min_rx = 1000 {{(pid=106051) log_opt_values /opt/stack/data/venv/lib/python3.12/site-packages/oslo_config/cfg.py:3006}}
May 02 14:00:10.457444 np0000171490 neutron-periodic-workers[106051]: DEBUG cotyledon.oslo_config_glue [-] ovn.bfd_min_tx = 100 {{(pid=106051) log_opt_values /opt/stack/data/venv/lib/python3.12/site-packages/oslo_config/cfg.py:3006}}
May 02 14:00:10.457444 np0000171490 neutron-periodic-workers[106051]: DEBUG cotyledon.oslo_config_glue [-] ovn.bfd_mult = 3 {{(pid=106051) log_opt_values /opt/stack/data/venv/lib/python3.12/site-packages/oslo_config/cfg.py:3006}}
May 02 14:00:10.457660 np0000171490 neutron-periodic-workers[106051]: DEBUG cotyledon.oslo_config_glue [-] ovn.broadcast_arps_to_all_routers = True {{(pid=106051) log_opt_values /opt/stack/data/venv/lib/python3.12/site-packages/oslo_config/cfg.py:3006}}
May 02 14:00:10.457660 np0000171490 neutron-periodic-workers[106051]: DEBUG cotyledon.oslo_config_glue [-] ovn.dhcp_default_lease_time = 43200 {{(pid=106051) log_opt_values /opt/stack/data/venv/lib/python3.12/site-packages/oslo_config/cfg.py:3006}}
May 02 14:00:10.457660 np0000171490 neutron-periodic-workers[106051]: DEBUG cotyledon.oslo_config_glue [-] ovn.disable_ovn_dhcp_for_baremetal_ports = False {{(pid=106051) log_opt_values /opt/stack/data/venv/lib/python3.12/site-packages/oslo_config/cfg.py:3006}}
May 02 14:00:10.457660 np0000171490 neutron-periodic-workers[106051]: DEBUG cotyledon.oslo_config_glue [-] ovn.dns_records_ovn_owned = False {{(pid=106051) log_opt_values /opt/stack/data/venv/lib/python3.12/site-packages/oslo_config/cfg.py:3006}}
May 02 14:00:10.457660 np0000171490 neutron-periodic-workers[106051]: DEBUG cotyledon.oslo_config_glue [-] ovn.dns_servers = [] {{(pid=106051) log_opt_values /opt/stack/data/venv/lib/python3.12/site-packages/oslo_config/cfg.py:3006}}
May 02 14:00:10.457660 np0000171490 neutron-periodic-workers[106051]: DEBUG cotyledon.oslo_config_glue [-] ovn.enable_distributed_floating_ip = False {{(pid=106051) log_opt_values /opt/stack/data/venv/lib/python3.12/site-packages/oslo_config/cfg.py:3006}}
May 02 14:00:10.457660 np0000171490 neutron-periodic-workers[106051]: DEBUG cotyledon.oslo_config_glue [-] ovn.fdb_age_threshold = 300 {{(pid=106051) log_opt_values /opt/stack/data/venv/lib/python3.12/site-packages/oslo_config/cfg.py:3006}}
May 02 14:00:10.457660 np0000171490 neutron-periodic-workers[106051]: DEBUG cotyledon.oslo_config_glue [-] ovn.ha_failover_strategy = normal {{(pid=106051) log_opt_values /opt/stack/data/venv/lib/python3.12/site-packages/oslo_config/cfg.py:3006}}
May 02 14:00:10.457660 np0000171490 neutron-periodic-workers[106051]: DEBUG cotyledon.oslo_config_glue [-] ovn.live_migration_activation_strategy = rarp {{(pid=106051) log_opt_values /opt/stack/data/venv/lib/python3.12/site-packages/oslo_config/cfg.py:3006}}
May 02 14:00:10.457912 np0000171490 neutron-periodic-workers[106051]: DEBUG cotyledon.oslo_config_glue [-] ovn.localnet_learn_fdb = False {{(pid=106051) log_opt_values /opt/stack/data/venv/lib/python3.12/site-packages/oslo_config/cfg.py:3006}}
May 02 14:00:10.457912 np0000171490 neutron-periodic-workers[106051]: DEBUG cotyledon.oslo_config_glue [-] ovn.mac_binding_age_threshold = 300 {{(pid=106051) log_opt_values /opt/stack/data/venv/lib/python3.12/site-packages/oslo_config/cfg.py:3006}}
May 02 14:00:10.457912 np0000171490 neutron-periodic-workers[106051]: DEBUG cotyledon.oslo_config_glue [-] ovn.neutron_sync_mode = log {{(pid=106051) log_opt_values /opt/stack/data/venv/lib/python3.12/site-packages/oslo_config/cfg.py:3006}}
May 02 14:00:10.457912 np0000171490 neutron-periodic-workers[106051]: DEBUG cotyledon.oslo_config_glue [-] ovn.ovn_dhcp4_global_options = {} {{(pid=106051) log_opt_values /opt/stack/data/venv/lib/python3.12/site-packages/oslo_config/cfg.py:3006}}
May 02 14:00:10.457912 np0000171490 neutron-periodic-workers[106051]: DEBUG cotyledon.oslo_config_glue [-] ovn.ovn_dhcp6_global_options = {} {{(pid=106051) log_opt_values /opt/stack/data/venv/lib/python3.12/site-packages/oslo_config/cfg.py:3006}}
May 02 14:00:10.457912 np0000171490 neutron-periodic-workers[106051]: DEBUG cotyledon.oslo_config_glue [-] ovn.ovn_l3_scheduler = leastloaded {{(pid=106051) log_opt_values /opt/stack/data/venv/lib/python3.12/site-packages/oslo_config/cfg.py:3006}}
May 02 14:00:10.457912 np0000171490 neutron-periodic-workers[106051]: DEBUG cotyledon.oslo_config_glue [-] ovn.ovn_metadata_enabled = True {{(pid=106051) log_opt_values /opt/stack/data/venv/lib/python3.12/site-packages/oslo_config/cfg.py:3006}}
May 02 14:00:10.457912 np0000171490 neutron-periodic-workers[106051]: DEBUG cotyledon.oslo_config_glue [-] ovn.ovn_nb_ca_cert = /opt/stack/data/CA/int-ca/ca-chain.pem {{(pid=106051) log_opt_values /opt/stack/data/venv/lib/python3.12/site-packages/oslo_config/cfg.py:3006}}
May 02 14:00:10.457912 np0000171490 neutron-periodic-workers[106051]: DEBUG cotyledon.oslo_config_glue [-] ovn.ovn_nb_certificate = /opt/stack/data/CA/int-ca/devstack-cert.crt {{(pid=106051) log_opt_values /opt/stack/data/venv/lib/python3.12/site-packages/oslo_config/cfg.py:3006}}
May 02 14:00:10.458157 np0000171490 neutron-periodic-workers[106051]: DEBUG cotyledon.oslo_config_glue [-] ovn.ovn_nb_connection = ['ssl:199.204.45.153:6641'] {{(pid=106051) log_opt_values /opt/stack/data/venv/lib/python3.12/site-packages/oslo_config/cfg.py:3006}}
May 02 14:00:10.458157 np0000171490 neutron-periodic-workers[106051]: DEBUG cotyledon.oslo_config_glue [-] ovn.ovn_nb_private_key = /opt/stack/data/CA/int-ca/private/devstack-cert.key {{(pid=106051) log_opt_values /opt/stack/data/venv/lib/python3.12/site-packages/oslo_config/cfg.py:3006}}
May 02 14:00:10.458157 np0000171490 neutron-periodic-workers[106051]: DEBUG cotyledon.oslo_config_glue [-] ovn.ovn_router_indirect_snat = False {{(pid=106051) log_opt_values /opt/stack/data/venv/lib/python3.12/site-packages/oslo_config/cfg.py:3006}}
May 02 14:00:10.458157 np0000171490 neutron-periodic-workers[106051]: DEBUG cotyledon.oslo_config_glue [-] ovn.ovn_sb_ca_cert = /opt/stack/data/CA/int-ca/ca-chain.pem {{(pid=106051) log_opt_values /opt/stack/data/venv/lib/python3.12/site-packages/oslo_config/cfg.py:3006}}
May 02 14:00:10.458157 np0000171490 neutron-periodic-workers[106051]: DEBUG cotyledon.oslo_config_glue [-] ovn.ovn_sb_certificate = /opt/stack/data/CA/int-ca/devstack-cert.crt {{(pid=106051) log_opt_values /opt/stack/data/venv/lib/python3.12/site-packages/oslo_config/cfg.py:3006}}
May 02 14:00:10.458157 np0000171490 neutron-periodic-workers[106051]: DEBUG cotyledon.oslo_config_glue [-] ovn.ovn_sb_connection = ['ssl:199.204.45.153:6642'] {{(pid=106051) log_opt_values /opt/stack/data/venv/lib/python3.12/site-packages/oslo_config/cfg.py:3006}}
May 02 14:00:10.458157 np0000171490 neutron-periodic-workers[106051]: DEBUG cotyledon.oslo_config_glue [-] ovn.ovn_sb_private_key = /opt/stack/data/CA/int-ca/private/devstack-cert.key {{(pid=106051) log_opt_values /opt/stack/data/venv/lib/python3.12/site-packages/oslo_config/cfg.py:3006}}
May 02 14:00:10.458157 np0000171490 neutron-periodic-workers[106051]: DEBUG cotyledon.oslo_config_glue [-] ovn.ovs_create_tap = False {{(pid=106051) log_opt_values /opt/stack/data/venv/lib/python3.12/site-packages/oslo_config/cfg.py:3006}}
May 02 14:00:10.458419 np0000171490 neutron-periodic-workers[106051]: DEBUG cotyledon.oslo_config_glue [-] ovn.ovsdb_connection_timeout = 180 {{(pid=106051) log_opt_values /opt/stack/data/venv/lib/python3.12/site-packages/oslo_config/cfg.py:3006}}
May 02 14:00:10.458419 np0000171490 neutron-periodic-workers[106051]: DEBUG cotyledon.oslo_config_glue [-] ovn.ovsdb_log_level = INFO {{(pid=106051) log_opt_values /opt/stack/data/venv/lib/python3.12/site-packages/oslo_config/cfg.py:3006}}
May 02 14:00:10.458419 np0000171490 neutron-periodic-workers[106051]: DEBUG cotyledon.oslo_config_glue [-] ovn.ovsdb_probe_interval = 60000 {{(pid=106051) log_opt_values /opt/stack/data/venv/lib/python3.12/site-packages/oslo_config/cfg.py:3006}}
May 02 14:00:10.458419 np0000171490 neutron-periodic-workers[106051]: DEBUG cotyledon.oslo_config_glue [-] ovn.ovsdb_retry_max_interval = 180 {{(pid=106051) log_opt_values /opt/stack/data/venv/lib/python3.12/site-packages/oslo_config/cfg.py:3006}}
May 02 14:00:10.458419 np0000171490 neutron-periodic-workers[106051]: DEBUG cotyledon.oslo_config_glue [-] ovn.stateless_nat_enabled = False {{(pid=106051) log_opt_values /opt/stack/data/venv/lib/python3.12/site-packages/oslo_config/cfg.py:3006}}
May 02 14:00:10.458419 np0000171490 neutron-periodic-workers[106051]: DEBUG cotyledon.oslo_config_glue [-] ovn.vhost_sock_dir = /var/run/openvswitch {{(pid=106051) log_opt_values /opt/stack/data/venv/lib/python3.12/site-packages/oslo_config/cfg.py:3006}}
May 02 14:00:10.458419 np0000171490 neutron-periodic-workers[106051]: DEBUG cotyledon.oslo_config_glue [-] OVS.bridge_mac_table_size = 50000 {{(pid=106051) log_opt_values /opt/stack/data/venv/lib/python3.12/site-packages/oslo_config/cfg.py:3006}}
May 02 14:00:10.458419 np0000171490 neutron-periodic-workers[106051]: DEBUG cotyledon.oslo_config_glue [-] OVS.igmp_flood = False {{(pid=106051) log_opt_values /opt/stack/data/venv/lib/python3.12/site-packages/oslo_config/cfg.py:3006}}
May 02 14:00:10.458419 np0000171490 neutron-periodic-workers[106051]: DEBUG cotyledon.oslo_config_glue [-] OVS.igmp_flood_reports = True {{(pid=106051) log_opt_values /opt/stack/data/venv/lib/python3.12/site-packages/oslo_config/cfg.py:3006}}
May 02 14:00:10.458650 np0000171490 neutron-periodic-workers[106051]: DEBUG cotyledon.oslo_config_glue [-] OVS.igmp_flood_unregistered = False {{(pid=106051) log_opt_values /opt/stack/data/venv/lib/python3.12/site-packages/oslo_config/cfg.py:3006}}
May 02 14:00:10.458650 np0000171490 neutron-periodic-workers[106051]: DEBUG cotyledon.oslo_config_glue [-] OVS.igmp_snooping_enable = False {{(pid=106051) log_opt_values /opt/stack/data/venv/lib/python3.12/site-packages/oslo_config/cfg.py:3006}}
May 02 14:00:10.458650 np0000171490 neutron-periodic-workers[106051]: DEBUG cotyledon.oslo_config_glue [-] OVS.ovsdb_timeout = 10 {{(pid=106051) log_opt_values /opt/stack/data/venv/lib/python3.12/site-packages/oslo_config/cfg.py:3006}}
May 02 14:00:10.458650 np0000171490 neutron-periodic-workers[106051]: DEBUG cotyledon.oslo_config_glue [-] ovn_nb_global.fdb_removal_limit = 0 {{(pid=106051) log_opt_values /opt/stack/data/venv/lib/python3.12/site-packages/oslo_config/cfg.py:3006}}
May 02 14:00:10.458650 np0000171490 neutron-periodic-workers[106051]: DEBUG cotyledon.oslo_config_glue [-] ovn_nb_global.ignore_lsp_down = False {{(pid=106051) log_opt_values /opt/stack/data/venv/lib/python3.12/site-packages/oslo_config/cfg.py:3006}}
May 02 14:00:10.458650 np0000171490 neutron-periodic-workers[106051]: DEBUG cotyledon.oslo_config_glue [-] ovn_nb_global.mac_binding_removal_limit = 0 {{(pid=106051) log_opt_values /opt/stack/data/venv/lib/python3.12/site-packages/oslo_config/cfg.py:3006}}
May 02 14:00:10.458650 np0000171490 neutron-periodic-workers[106051]: DEBUG cotyledon.oslo_config_glue [-] ******************************************************************************** {{(pid=106051) log_opt_values /opt/stack/data/venv/lib/python3.12/site-packages/oslo_config/cfg.py:3013}}
May 02 14:00:10.458650 np0000171490 neutron-periodic-workers[106051]: DEBUG cotyledon._service_worker [-] Run service ServiceWrapper(0) [106051] {{(pid=106051) wait_forever /opt/stack/data/venv/lib/python3.12/site-packages/cotyledon/_service_worker.py:218}}
May 02 14:00:20.080313 np0000171490 neutron-periodic-workers[105175]: DEBUG dbcounter [-] [105175] Writing DB stats neutron:SELECT=4 {{(pid=105175) stat_writer /opt/stack/data/venv/lib/python3.12/site-packages/dbcounter.py:115}}
May 02 14:01:04.414437 np0000171490 neutron-periodic-workers[106029]: DEBUG oslo_db.sqlalchemy.engines [None req-89009506-d184-464e-9ca8-7bf8e0fe4345 None None] Parent process 105175 forked (106029) with an open database connection, which is being discarded and recreated. {{(pid=106029) checkout /opt/stack/data/venv/lib/python3.12/site-packages/oslo_db/sqlalchemy/engines.py:402}}
May 02 14:01:04.423782 np0000171490 neutron-periodic-workers[106029]: DEBUG dbcounter [-] [106029] Writer thread running {{(pid=106029) stat_writer /opt/stack/data/venv/lib/python3.12/site-packages/dbcounter.py:102}}
May 02 14:01:04.431949 np0000171490 neutron-periodic-workers[106029]: DEBUG oslo.service.backend._threading.loopingcall [None req-89009506-d184-464e-9ca8-7bf8e0fe4345 None None] Fixed interval looping call 'neutron.plugins.ml2.plugin.DhcpAgentSchedulerDbMixin.remove_networks_from_down_agents' sleeping for 36.98 seconds {{(pid=106029) _run_loop /opt/stack/data/venv/lib/python3.12/site-packages/oslo_service/backend/_threading/loopingcall.py:125}}
May 02 14:01:13.455336 np0000171490 neutron-periodic-workers[106033]: DEBUG dbcounter [-] [106033] Writer thread running {{(pid=106033) stat_writer /opt/stack/data/venv/lib/python3.12/site-packages/dbcounter.py:102}}
May 02 14:01:13.458549 np0000171490 neutron-periodic-workers[106033]: DEBUG neutron.db.agents_db [None req-dbfbca1a-72a4-4e6d-b0c8-ac6280574d78 None None] Agent healthcheck: found 0 active agents {{(pid=106033) agent_health_check /opt/stack/neutron/neutron/db/agents_db.py:317}}
May 02 14:01:13.458717 np0000171490 neutron-periodic-workers[106033]: DEBUG oslo.service.backend._threading.loopingcall [None req-dbfbca1a-72a4-4e6d-b0c8-ac6280574d78 None None] Fixed interval looping call 'neutron.plugins.ml2.plugin.AgentDbMixin.agent_health_check' sleeping for 36.98 seconds {{(pid=106033) _run_loop /opt/stack/data/venv/lib/python3.12/site-packages/oslo_service/backend/_threading/loopingcall.py:125}}
May 02 14:01:14.459042 np0000171490 neutron-periodic-workers[106029]: DEBUG dbcounter [-] [106029] Writing DB stats neutron:SELECT=3 {{(pid=106029) stat_writer /opt/stack/data/venv/lib/python3.12/site-packages/dbcounter.py:115}}
May 02 14:01:23.455951 np0000171490 neutron-periodic-workers[106033]: DEBUG dbcounter [-] [106033] Writing DB stats neutron:SELECT=1 {{(pid=106033) stat_writer /opt/stack/data/venv/lib/python3.12/site-packages/dbcounter.py:115}}
May 02 14:01:41.421405 np0000171490 neutron-periodic-workers[106029]: DEBUG oslo.service.backend._threading.loopingcall [None req-89009506-d184-464e-9ca8-7bf8e0fe4345 None None] Fixed interval looping call 'neutron.plugins.ml2.plugin.DhcpAgentSchedulerDbMixin.remove_networks_from_down_agents' sleeping for 36.99 seconds {{(pid=106029) _run_loop /opt/stack/data/venv/lib/python3.12/site-packages/oslo_service/backend/_threading/loopingcall.py:125}}
May 02 14:01:50.445119 np0000171490 neutron-periodic-workers[106033]: DEBUG neutron.db.agents_db [None req-dbfbca1a-72a4-4e6d-b0c8-ac6280574d78 None None] Agent healthcheck: found 0 active agents {{(pid=106033) agent_health_check /opt/stack/neutron/neutron/db/agents_db.py:317}}
May 02 14:01:50.445853 np0000171490 neutron-periodic-workers[106033]: DEBUG oslo.service.backend._threading.loopingcall [None req-dbfbca1a-72a4-4e6d-b0c8-ac6280574d78 None None] Fixed interval looping call 'neutron.plugins.ml2.plugin.AgentDbMixin.agent_health_check' sleeping for 36.99 seconds {{(pid=106033) _run_loop /opt/stack/data/venv/lib/python3.12/site-packages/oslo_service/backend/_threading/loopingcall.py:125}}
May 02 14:01:51.420404 np0000171490 neutron-periodic-workers[106029]: DEBUG dbcounter [-] [106029] Writing DB stats neutron:SELECT=3 {{(pid=106029) stat_writer /opt/stack/data/venv/lib/python3.12/site-packages/dbcounter.py:115}}
May 02 14:02:00.442932 np0000171490 neutron-periodic-workers[106033]: DEBUG dbcounter [-] [106033] Writing DB stats neutron:SELECT=1 {{(pid=106033) stat_writer /opt/stack/data/venv/lib/python3.12/site-packages/dbcounter.py:115}}
May 02 14:02:10.473883 np0000171490 neutron-periodic-workers[106038]: DEBUG dbcounter [-] [106038] Writer thread running {{(pid=106038) stat_writer /opt/stack/data/venv/lib/python3.12/site-packages/dbcounter.py:102}}
May 02 14:02:10.475571 np0000171490 neutron-periodic-workers[106038]: DEBUG oslo.service.backend._threading.loopingcall [None req-736f4830-3e5b-40ef-ba46-823e1ef189d2 None None] Fixed interval looping call 'neutron.db.quota.driver_nolock.DbQuotaNoLockDriver._remove_expired_reservations' sleeping for 119.99 seconds {{(pid=106038) _run_loop /opt/stack/data/venv/lib/python3.12/site-packages/oslo_service/backend/_threading/loopingcall.py:125}}
May 02 14:02:18.419887 np0000171490 neutron-periodic-workers[106029]: DEBUG oslo.service.backend._threading.loopingcall [None req-89009506-d184-464e-9ca8-7bf8e0fe4345 None None] Fixed interval looping call 'neutron.plugins.ml2.plugin.DhcpAgentSchedulerDbMixin.remove_networks_from_down_agents' sleeping for 36.99 seconds {{(pid=106029) _run_loop /opt/stack/data/venv/lib/python3.12/site-packages/oslo_service/backend/_threading/loopingcall.py:125}}
May 02 14:02:20.474799 np0000171490 neutron-periodic-workers[106038]: DEBUG dbcounter [-] [106038] Writing DB stats neutron:DELETE=1 {{(pid=106038) stat_writer /opt/stack/data/venv/lib/python3.12/site-packages/dbcounter.py:115}}
May 02 14:02:27.441581 np0000171490 neutron-periodic-workers[106033]: DEBUG neutron.db.agents_db [None req-dbfbca1a-72a4-4e6d-b0c8-ac6280574d78 None None] Agent healthcheck: found 0 active agents {{(pid=106033) agent_health_check /opt/stack/neutron/neutron/db/agents_db.py:317}}
May 02 14:02:27.442083 np0000171490 neutron-periodic-workers[106033]: DEBUG oslo.service.backend._threading.loopingcall [None req-dbfbca1a-72a4-4e6d-b0c8-ac6280574d78 None None] Fixed interval looping call 'neutron.plugins.ml2.plugin.AgentDbMixin.agent_health_check' sleeping for 36.99 seconds {{(pid=106033) _run_loop /opt/stack/data/venv/lib/python3.12/site-packages/oslo_service/backend/_threading/loopingcall.py:125}}
May 02 14:02:28.419230 np0000171490 neutron-periodic-workers[106029]: DEBUG dbcounter [-] [106029] Writing DB stats neutron:SELECT=3 {{(pid=106029) stat_writer /opt/stack/data/venv/lib/python3.12/site-packages/dbcounter.py:115}}
May 02 14:02:37.439542 np0000171490 neutron-periodic-workers[106033]: DEBUG dbcounter [-] [106033] Writing DB stats neutron:SELECT=1 {{(pid=106033) stat_writer /opt/stack/data/venv/lib/python3.12/site-packages/dbcounter.py:115}}
May 02 14:02:55.418443 np0000171490 neutron-periodic-workers[106029]: DEBUG oslo.service.backend._threading.loopingcall [None req-89009506-d184-464e-9ca8-7bf8e0fe4345 None None] Fixed interval looping call 'neutron.plugins.ml2.plugin.DhcpAgentSchedulerDbMixin.remove_networks_from_down_agents' sleeping for 36.99 seconds {{(pid=106029) _run_loop /opt/stack/data/venv/lib/python3.12/site-packages/oslo_service/backend/_threading/loopingcall.py:125}}
May 02 14:03:04.436846 np0000171490 neutron-periodic-workers[106033]: DEBUG neutron.db.agents_db [None req-dbfbca1a-72a4-4e6d-b0c8-ac6280574d78 None None] Agent healthcheck: found 0 active agents {{(pid=106033) agent_health_check /opt/stack/neutron/neutron/db/agents_db.py:317}}
May 02 14:03:04.437377 np0000171490 neutron-periodic-workers[106033]: DEBUG oslo.service.backend._threading.loopingcall [None req-dbfbca1a-72a4-4e6d-b0c8-ac6280574d78 None None] Fixed interval looping call 'neutron.plugins.ml2.plugin.AgentDbMixin.agent_health_check' sleeping for 37.00 seconds {{(pid=106033) _run_loop /opt/stack/data/venv/lib/python3.12/site-packages/oslo_service/backend/_threading/loopingcall.py:125}}
May 02 14:03:05.417280 np0000171490 neutron-periodic-workers[106029]: DEBUG dbcounter [-] [106029] Writing DB stats neutron:SELECT=3 {{(pid=106029) stat_writer /opt/stack/data/venv/lib/python3.12/site-packages/dbcounter.py:115}}
May 02 14:03:14.435349 np0000171490 neutron-periodic-workers[106033]: DEBUG dbcounter [-] [106033] Writing DB stats neutron:SELECT=1 {{(pid=106033) stat_writer /opt/stack/data/venv/lib/python3.12/site-packages/dbcounter.py:115}}
May 02 14:03:32.417443 np0000171490 neutron-periodic-workers[106029]: DEBUG oslo.service.backend._threading.loopingcall [None req-89009506-d184-464e-9ca8-7bf8e0fe4345 None None] Fixed interval looping call 'neutron.plugins.ml2.plugin.DhcpAgentSchedulerDbMixin.remove_networks_from_down_agents' sleeping for 36.99 seconds {{(pid=106029) _run_loop /opt/stack/data/venv/lib/python3.12/site-packages/oslo_service/backend/_threading/loopingcall.py:125}}
May 02 14:03:41.442156 np0000171490 neutron-periodic-workers[106033]: DEBUG neutron.db.agents_db [None req-dbfbca1a-72a4-4e6d-b0c8-ac6280574d78 None None] Agent healthcheck: found 0 active agents {{(pid=106033) agent_health_check /opt/stack/neutron/neutron/db/agents_db.py:317}}
May 02 14:03:41.442603 np0000171490 neutron-periodic-workers[106033]: DEBUG oslo.service.backend._threading.loopingcall [None req-dbfbca1a-72a4-4e6d-b0c8-ac6280574d78 None None] Fixed interval looping call 'neutron.plugins.ml2.plugin.AgentDbMixin.agent_health_check' sleeping for 37.00 seconds {{(pid=106033) _run_loop /opt/stack/data/venv/lib/python3.12/site-packages/oslo_service/backend/_threading/loopingcall.py:125}}
May 02 14:03:42.416788 np0000171490 neutron-periodic-workers[106029]: DEBUG dbcounter [-] [106029] Writing DB stats neutron:SELECT=3 {{(pid=106029) stat_writer /opt/stack/data/venv/lib/python3.12/site-packages/dbcounter.py:115}}
May 02 14:03:51.440583 np0000171490 neutron-periodic-workers[106033]: DEBUG dbcounter [-] [106033] Writing DB stats neutron:SELECT=1 {{(pid=106033) stat_writer /opt/stack/data/venv/lib/python3.12/site-packages/dbcounter.py:115}}
May 02 14:04:09.418077 np0000171490 neutron-periodic-workers[106029]: DEBUG oslo.service.backend._threading.loopingcall [None req-89009506-d184-464e-9ca8-7bf8e0fe4345 None None] Fixed interval looping call 'neutron.plugins.ml2.plugin.DhcpAgentSchedulerDbMixin.remove_networks_from_down_agents' sleeping for 36.99 seconds {{(pid=106029) _run_loop /opt/stack/data/venv/lib/python3.12/site-packages/oslo_service/backend/_threading/loopingcall.py:125}}
May 02 14:04:10.472068 np0000171490 neutron-periodic-workers[106038]: DEBUG oslo.service.backend._threading.loopingcall [None req-736f4830-3e5b-40ef-ba46-823e1ef189d2 None None] Fixed interval looping call 'neutron.db.quota.driver_nolock.DbQuotaNoLockDriver._remove_expired_reservations' sleeping for 119.99 seconds {{(pid=106038) _run_loop /opt/stack/data/venv/lib/python3.12/site-packages/oslo_service/backend/_threading/loopingcall.py:125}}
May 02 14:04:18.448711 np0000171490 neutron-periodic-workers[106033]: DEBUG neutron.db.agents_db [None req-dbfbca1a-72a4-4e6d-b0c8-ac6280574d78 None None] Agent healthcheck: found 0 active agents {{(pid=106033) agent_health_check /opt/stack/neutron/neutron/db/agents_db.py:317}}
May 02 14:04:18.449386 np0000171490 neutron-periodic-workers[106033]: DEBUG oslo.service.backend._threading.loopingcall [None req-dbfbca1a-72a4-4e6d-b0c8-ac6280574d78 None None] Fixed interval looping call 'neutron.plugins.ml2.plugin.AgentDbMixin.agent_health_check' sleeping for 36.99 seconds {{(pid=106033) _run_loop /opt/stack/data/venv/lib/python3.12/site-packages/oslo_service/backend/_threading/loopingcall.py:125}}
May 02 14:04:19.416508 np0000171490 neutron-periodic-workers[106029]: DEBUG dbcounter [-] [106029] Writing DB stats neutron:SELECT=3 {{(pid=106029) stat_writer /opt/stack/data/venv/lib/python3.12/site-packages/dbcounter.py:115}}
May 02 14:04:20.470762 np0000171490 neutron-periodic-workers[106038]: DEBUG dbcounter [-] [106038] Writing DB stats neutron:DELETE=1 {{(pid=106038) stat_writer /opt/stack/data/venv/lib/python3.12/site-packages/dbcounter.py:115}}
May 02 14:04:28.446494 np0000171490 neutron-periodic-workers[106033]: DEBUG dbcounter [-] [106033] Writing DB stats neutron:SELECT=1 {{(pid=106033) stat_writer /opt/stack/data/venv/lib/python3.12/site-packages/dbcounter.py:115}}
May 02 14:04:29.494379 np0000171490 neutron-periodic-workers[106051]: DEBUG dbcounter [-] [106051] Writer thread running {{(pid=106051) stat_writer /opt/stack/data/venv/lib/python3.12/site-packages/dbcounter.py:102}}
May 02 14:04:29.509578 np0000171490 neutron-periodic-workers[106051]: DEBUG oslo.service.backend._threading.loopingcall [None req-e7be8f3b-f6c5-4079-91b4-fe3c32a01e0d None None] Fixed interval looping call 'neutron.services.ovn_l3.plugin.L3_NAT_dbonly_mixin._clean_garbage' sleeping for 299.95 seconds {{(pid=106051) _run_loop /opt/stack/data/venv/lib/python3.12/site-packages/oslo_service/backend/_threading/loopingcall.py:125}}
May 02 14:04:39.495406 np0000171490 neutron-periodic-workers[106051]: DEBUG dbcounter [-] [106051] Writing DB stats neutron:SELECT=1 {{(pid=106051) stat_writer /opt/stack/data/venv/lib/python3.12/site-packages/dbcounter.py:115}}
May 02 14:04:46.416695 np0000171490 neutron-periodic-workers[106029]: DEBUG oslo.service.backend._threading.loopingcall [None req-89009506-d184-464e-9ca8-7bf8e0fe4345 None None] Fixed interval looping call 'neutron.plugins.ml2.plugin.DhcpAgentSchedulerDbMixin.remove_networks_from_down_agents' sleeping for 36.99 seconds {{(pid=106029) _run_loop /opt/stack/data/venv/lib/python3.12/site-packages/oslo_service/backend/_threading/loopingcall.py:125}}
May 02 14:04:55.444409 np0000171490 neutron-periodic-workers[106033]: DEBUG neutron.db.agents_db [None req-dbfbca1a-72a4-4e6d-b0c8-ac6280574d78 None None] Agent healthcheck: found 0 active agents {{(pid=106033) agent_health_check /opt/stack/neutron/neutron/db/agents_db.py:317}}
May 02 14:04:55.445168 np0000171490 neutron-periodic-workers[106033]: DEBUG oslo.service.backend._threading.loopingcall [None req-dbfbca1a-72a4-4e6d-b0c8-ac6280574d78 None None] Fixed interval looping call 'neutron.plugins.ml2.plugin.AgentDbMixin.agent_health_check' sleeping for 36.99 seconds {{(pid=106033) _run_loop /opt/stack/data/venv/lib/python3.12/site-packages/oslo_service/backend/_threading/loopingcall.py:125}}
May 02 14:04:56.415978 np0000171490 neutron-periodic-workers[106029]: DEBUG dbcounter [-] [106029] Writing DB stats neutron:SELECT=3 {{(pid=106029) stat_writer /opt/stack/data/venv/lib/python3.12/site-packages/dbcounter.py:115}}
May 02 14:05:05.442807 np0000171490 neutron-periodic-workers[106033]: DEBUG dbcounter [-] [106033] Writing DB stats neutron:SELECT=1 {{(pid=106033) stat_writer /opt/stack/data/venv/lib/python3.12/site-packages/dbcounter.py:115}}
May 02 14:05:23.417356 np0000171490 neutron-periodic-workers[106029]: DEBUG oslo.service.backend._threading.loopingcall [None req-89009506-d184-464e-9ca8-7bf8e0fe4345 None None] Fixed interval looping call 'neutron.plugins.ml2.plugin.DhcpAgentSchedulerDbMixin.remove_networks_from_down_agents' sleeping for 36.99 seconds {{(pid=106029) _run_loop /opt/stack/data/venv/lib/python3.12/site-packages/oslo_service/backend/_threading/loopingcall.py:125}}
May 02 14:05:32.440070 np0000171490 neutron-periodic-workers[106033]: DEBUG neutron.db.agents_db [None req-dbfbca1a-72a4-4e6d-b0c8-ac6280574d78 None None] Agent healthcheck: found 0 active agents {{(pid=106033) agent_health_check /opt/stack/neutron/neutron/db/agents_db.py:317}}
May 02 14:05:32.440646 np0000171490 neutron-periodic-workers[106033]: DEBUG oslo.service.backend._threading.loopingcall [None req-dbfbca1a-72a4-4e6d-b0c8-ac6280574d78 None None] Fixed interval looping call 'neutron.plugins.ml2.plugin.AgentDbMixin.agent_health_check' sleeping for 36.99 seconds {{(pid=106033) _run_loop /opt/stack/data/venv/lib/python3.12/site-packages/oslo_service/backend/_threading/loopingcall.py:125}}
May 02 14:05:33.416096 np0000171490 neutron-periodic-workers[106029]: DEBUG dbcounter [-] [106029] Writing DB stats neutron:SELECT=3 {{(pid=106029) stat_writer /opt/stack/data/venv/lib/python3.12/site-packages/dbcounter.py:115}}
May 02 14:05:42.438941 np0000171490 neutron-periodic-workers[106033]: DEBUG dbcounter [-] [106033] Writing DB stats neutron:SELECT=1 {{(pid=106033) stat_writer /opt/stack/data/venv/lib/python3.12/site-packages/dbcounter.py:115}}
May 02 14:06:00.417387 np0000171490 neutron-periodic-workers[106029]: DEBUG oslo.service.backend._threading.loopingcall [None req-89009506-d184-464e-9ca8-7bf8e0fe4345 None None] Fixed interval looping call 'neutron.plugins.ml2.plugin.DhcpAgentSchedulerDbMixin.remove_networks_from_down_agents' sleeping for 36.99 seconds {{(pid=106029) _run_loop /opt/stack/data/venv/lib/python3.12/site-packages/oslo_service/backend/_threading/loopingcall.py:125}}
May 02 14:06:09.435467 np0000171490 neutron-periodic-workers[106033]: DEBUG neutron.db.agents_db [None req-dbfbca1a-72a4-4e6d-b0c8-ac6280574d78 None None] Agent healthcheck: found 0 active agents {{(pid=106033) agent_health_check /opt/stack/neutron/neutron/db/agents_db.py:317}}
May 02 14:06:09.436164 np0000171490 neutron-periodic-workers[106033]: DEBUG oslo.service.backend._threading.loopingcall [None req-dbfbca1a-72a4-4e6d-b0c8-ac6280574d78 None None] Fixed interval looping call 'neutron.plugins.ml2.plugin.AgentDbMixin.agent_health_check' sleeping for 36.99 seconds {{(pid=106033) _run_loop /opt/stack/data/venv/lib/python3.12/site-packages/oslo_service/backend/_threading/loopingcall.py:125}}
May 02 14:06:10.416019 np0000171490 neutron-periodic-workers[106029]: DEBUG dbcounter [-] [106029] Writing DB stats neutron:SELECT=3 {{(pid=106029) stat_writer /opt/stack/data/venv/lib/python3.12/site-packages/dbcounter.py:115}}
May 02 14:06:10.467206 np0000171490 neutron-periodic-workers[106038]: DEBUG oslo.service.backend._threading.loopingcall [None req-736f4830-3e5b-40ef-ba46-823e1ef189d2 None None] Fixed interval looping call 'neutron.db.quota.driver_nolock.DbQuotaNoLockDriver._remove_expired_reservations' sleeping for 120.00 seconds {{(pid=106038) _run_loop /opt/stack/data/venv/lib/python3.12/site-packages/oslo_service/backend/_threading/loopingcall.py:125}}
May 02 14:06:19.433861 np0000171490 neutron-periodic-workers[106033]: DEBUG dbcounter [-] [106033] Writing DB stats neutron:SELECT=1 {{(pid=106033) stat_writer /opt/stack/data/venv/lib/python3.12/site-packages/dbcounter.py:115}}
May 02 14:06:20.466011 np0000171490 neutron-periodic-workers[106038]: DEBUG dbcounter [-] [106038] Writing DB stats neutron:DELETE=1 {{(pid=106038) stat_writer /opt/stack/data/venv/lib/python3.12/site-packages/dbcounter.py:115}}
May 02 14:06:37.417117 np0000171490 neutron-periodic-workers[106029]: DEBUG oslo.service.backend._threading.loopingcall [None req-89009506-d184-464e-9ca8-7bf8e0fe4345 None None] Fixed interval looping call 'neutron.plugins.ml2.plugin.DhcpAgentSchedulerDbMixin.remove_networks_from_down_agents' sleeping for 36.99 seconds {{(pid=106029) _run_loop /opt/stack/data/venv/lib/python3.12/site-packages/oslo_service/backend/_threading/loopingcall.py:125}}
May 02 14:06:46.432107 np0000171490 neutron-periodic-workers[106033]: DEBUG neutron.db.agents_db [None req-dbfbca1a-72a4-4e6d-b0c8-ac6280574d78 None None] Agent healthcheck: found 0 active agents {{(pid=106033) agent_health_check /opt/stack/neutron/neutron/db/agents_db.py:317}}
May 02 14:06:46.432773 np0000171490 neutron-periodic-workers[106033]: DEBUG oslo.service.backend._threading.loopingcall [None req-dbfbca1a-72a4-4e6d-b0c8-ac6280574d78 None None] Fixed interval looping call 'neutron.plugins.ml2.plugin.AgentDbMixin.agent_health_check' sleeping for 36.99 seconds {{(pid=106033) _run_loop /opt/stack/data/venv/lib/python3.12/site-packages/oslo_service/backend/_threading/loopingcall.py:125}}
May 02 14:06:47.416466 np0000171490 neutron-periodic-workers[106029]: DEBUG dbcounter [-] [106029] Writing DB stats neutron:SELECT=3 {{(pid=106029) stat_writer /opt/stack/data/venv/lib/python3.12/site-packages/dbcounter.py:115}}
May 02 14:06:56.430180 np0000171490 neutron-periodic-workers[106033]: DEBUG dbcounter [-] [106033] Writing DB stats neutron:SELECT=1 {{(pid=106033) stat_writer /opt/stack/data/venv/lib/python3.12/site-packages/dbcounter.py:115}}
May 02 14:07:14.415175 np0000171490 neutron-periodic-workers[106029]: DEBUG oslo.service.backend._threading.loopingcall [None req-89009506-d184-464e-9ca8-7bf8e0fe4345 None None] Fixed interval looping call 'neutron.plugins.ml2.plugin.DhcpAgentSchedulerDbMixin.remove_networks_from_down_agents' sleeping for 36.99 seconds {{(pid=106029) _run_loop /opt/stack/data/venv/lib/python3.12/site-packages/oslo_service/backend/_threading/loopingcall.py:125}}
May 02 14:07:23.427925 np0000171490 neutron-periodic-workers[106033]: DEBUG neutron.db.agents_db [None req-dbfbca1a-72a4-4e6d-b0c8-ac6280574d78 None None] Agent healthcheck: found 0 active agents {{(pid=106033) agent_health_check /opt/stack/neutron/neutron/db/agents_db.py:317}}
May 02 14:07:23.428636 np0000171490 neutron-periodic-workers[106033]: DEBUG oslo.service.backend._threading.loopingcall [None req-dbfbca1a-72a4-4e6d-b0c8-ac6280574d78 None None] Fixed interval looping call 'neutron.plugins.ml2.plugin.AgentDbMixin.agent_health_check' sleeping for 36.99 seconds {{(pid=106033) _run_loop /opt/stack/data/venv/lib/python3.12/site-packages/oslo_service/backend/_threading/loopingcall.py:125}}
May 02 14:07:24.414026 np0000171490 neutron-periodic-workers[106029]: DEBUG dbcounter [-] [106029] Writing DB stats neutron:SELECT=3 {{(pid=106029) stat_writer /opt/stack/data/venv/lib/python3.12/site-packages/dbcounter.py:115}}
May 02 14:07:33.427162 np0000171490 neutron-periodic-workers[106033]: DEBUG dbcounter [-] [106033] Writing DB stats neutron:SELECT=1 {{(pid=106033) stat_writer /opt/stack/data/venv/lib/python3.12/site-packages/dbcounter.py:115}}
May 02 14:07:51.413817 np0000171490 neutron-periodic-workers[106029]: DEBUG oslo.service.backend._threading.loopingcall [None req-89009506-d184-464e-9ca8-7bf8e0fe4345 None None] Fixed interval looping call 'neutron.plugins.ml2.plugin.DhcpAgentSchedulerDbMixin.remove_networks_from_down_agents' sleeping for 36.99 seconds {{(pid=106029) _run_loop /opt/stack/data/venv/lib/python3.12/site-packages/oslo_service/backend/_threading/loopingcall.py:125}}
May 02 14:08:00.424187 np0000171490 neutron-periodic-workers[106033]: DEBUG neutron.db.agents_db [None req-dbfbca1a-72a4-4e6d-b0c8-ac6280574d78 None None] Agent healthcheck: found 0 active agents {{(pid=106033) agent_health_check /opt/stack/neutron/neutron/db/agents_db.py:317}}
May 02 14:08:00.424727 np0000171490 neutron-periodic-workers[106033]: DEBUG oslo.service.backend._threading.loopingcall [None req-dbfbca1a-72a4-4e6d-b0c8-ac6280574d78 None None] Fixed interval looping call 'neutron.plugins.ml2.plugin.AgentDbMixin.agent_health_check' sleeping for 36.99 seconds {{(pid=106033) _run_loop /opt/stack/data/venv/lib/python3.12/site-packages/oslo_service/backend/_threading/loopingcall.py:125}}
May 02 14:08:01.413317 np0000171490 neutron-periodic-workers[106029]: DEBUG dbcounter [-] [106029] Writing DB stats neutron:SELECT=3 {{(pid=106029) stat_writer /opt/stack/data/venv/lib/python3.12/site-packages/dbcounter.py:115}}
May 02 14:08:10.423703 np0000171490 neutron-periodic-workers[106033]: DEBUG dbcounter [-] [106033] Writing DB stats neutron:SELECT=1 {{(pid=106033) stat_writer /opt/stack/data/venv/lib/python3.12/site-packages/dbcounter.py:115}}
May 02 14:08:10.472155 np0000171490 neutron-periodic-workers[106038]: DEBUG oslo.service.backend._threading.loopingcall [None req-736f4830-3e5b-40ef-ba46-823e1ef189d2 None None] Fixed interval looping call 'neutron.db.quota.driver_nolock.DbQuotaNoLockDriver._remove_expired_reservations' sleeping for 120.00 seconds {{(pid=106038) _run_loop /opt/stack/data/venv/lib/python3.12/site-packages/oslo_service/backend/_threading/loopingcall.py:125}}
May 02 14:08:20.471028 np0000171490 neutron-periodic-workers[106038]: DEBUG dbcounter [-] [106038] Writing DB stats neutron:DELETE=1 {{(pid=106038) stat_writer /opt/stack/data/venv/lib/python3.12/site-packages/dbcounter.py:115}}
May 02 14:08:28.417481 np0000171490 neutron-periodic-workers[106029]: DEBUG oslo.service.backend._threading.loopingcall [None req-89009506-d184-464e-9ca8-7bf8e0fe4345 None None] Fixed interval looping call 'neutron.plugins.ml2.plugin.DhcpAgentSchedulerDbMixin.remove_networks_from_down_agents' sleeping for 36.99 seconds {{(pid=106029) _run_loop /opt/stack/data/venv/lib/python3.12/site-packages/oslo_service/backend/_threading/loopingcall.py:125}}
May 02 14:08:37.421990 np0000171490 neutron-periodic-workers[106033]: DEBUG neutron.db.agents_db [None req-dbfbca1a-72a4-4e6d-b0c8-ac6280574d78 None None] Agent healthcheck: found 0 active agents {{(pid=106033) agent_health_check /opt/stack/neutron/neutron/db/agents_db.py:317}}
May 02 14:08:37.422580 np0000171490 neutron-periodic-workers[106033]: DEBUG oslo.service.backend._threading.loopingcall [None req-dbfbca1a-72a4-4e6d-b0c8-ac6280574d78 None None] Fixed interval looping call 'neutron.plugins.ml2.plugin.AgentDbMixin.agent_health_check' sleeping for 36.99 seconds {{(pid=106033) _run_loop /opt/stack/data/venv/lib/python3.12/site-packages/oslo_service/backend/_threading/loopingcall.py:125}}
May 02 14:08:38.418367 np0000171490 neutron-periodic-workers[106029]: DEBUG dbcounter [-] [106029] Writing DB stats neutron:SELECT=3 {{(pid=106029) stat_writer /opt/stack/data/venv/lib/python3.12/site-packages/dbcounter.py:115}}
May 02 14:08:47.419772 np0000171490 neutron-periodic-workers[106033]: DEBUG dbcounter [-] [106033] Writing DB stats neutron:SELECT=1 {{(pid=106033) stat_writer /opt/stack/data/venv/lib/python3.12/site-packages/dbcounter.py:115}}
May 02 14:09:05.416199 np0000171490 neutron-periodic-workers[106029]: DEBUG oslo.service.backend._threading.loopingcall [None req-89009506-d184-464e-9ca8-7bf8e0fe4345 None None] Fixed interval looping call 'neutron.plugins.ml2.plugin.DhcpAgentSchedulerDbMixin.remove_networks_from_down_agents' sleeping for 36.99 seconds {{(pid=106029) _run_loop /opt/stack/data/venv/lib/python3.12/site-packages/oslo_service/backend/_threading/loopingcall.py:125}}
May 02 14:09:14.417956 np0000171490 neutron-periodic-workers[106033]: DEBUG neutron.db.agents_db [None req-dbfbca1a-72a4-4e6d-b0c8-ac6280574d78 None None] Agent healthcheck: found 0 active agents {{(pid=106033) agent_health_check /opt/stack/neutron/neutron/db/agents_db.py:317}}
May 02 14:09:14.418454 np0000171490 neutron-periodic-workers[106033]: DEBUG oslo.service.backend._threading.loopingcall [None req-dbfbca1a-72a4-4e6d-b0c8-ac6280574d78 None None] Fixed interval looping call 'neutron.plugins.ml2.plugin.AgentDbMixin.agent_health_check' sleeping for 36.99 seconds {{(pid=106033) _run_loop /opt/stack/data/venv/lib/python3.12/site-packages/oslo_service/backend/_threading/loopingcall.py:125}}
May 02 14:09:15.415638 np0000171490 neutron-periodic-workers[106029]: DEBUG dbcounter [-] [106029] Writing DB stats neutron:SELECT=3 {{(pid=106029) stat_writer /opt/stack/data/venv/lib/python3.12/site-packages/dbcounter.py:115}}
May 02 14:09:24.416922 np0000171490 neutron-periodic-workers[106033]: DEBUG dbcounter [-] [106033] Writing DB stats neutron:SELECT=1 {{(pid=106033) stat_writer /opt/stack/data/venv/lib/python3.12/site-packages/dbcounter.py:115}}
May 02 14:09:29.471227 np0000171490 neutron-periodic-workers[106051]: DEBUG oslo.service.backend._threading.loopingcall [None req-e7be8f3b-f6c5-4079-91b4-fe3c32a01e0d None None] Fixed interval looping call 'neutron.services.ovn_l3.plugin.L3_NAT_dbonly_mixin._clean_garbage' sleeping for 299.99 seconds {{(pid=106051) _run_loop /opt/stack/data/venv/lib/python3.12/site-packages/oslo_service/backend/_threading/loopingcall.py:125}}
May 02 14:09:39.464683 np0000171490 neutron-periodic-workers[106051]: DEBUG dbcounter [-] [106051] Writing DB stats neutron:SELECT=1 {{(pid=106051) stat_writer /opt/stack/data/venv/lib/python3.12/site-packages/dbcounter.py:115}}
May 02 14:09:42.414257 np0000171490 neutron-periodic-workers[106029]: DEBUG oslo.service.backend._threading.loopingcall [None req-89009506-d184-464e-9ca8-7bf8e0fe4345 None None] Fixed interval looping call 'neutron.plugins.ml2.plugin.DhcpAgentSchedulerDbMixin.remove_networks_from_down_agents' sleeping for 36.99 seconds {{(pid=106029) _run_loop /opt/stack/data/venv/lib/python3.12/site-packages/oslo_service/backend/_threading/loopingcall.py:125}}
May 02 14:09:51.416006 np0000171490 neutron-periodic-workers[106033]: DEBUG neutron.db.agents_db [None req-dbfbca1a-72a4-4e6d-b0c8-ac6280574d78 None None] Agent healthcheck: found 0 active agents {{(pid=106033) agent_health_check /opt/stack/neutron/neutron/db/agents_db.py:317}}
May 02 14:09:51.416555 np0000171490 neutron-periodic-workers[106033]: DEBUG oslo.service.backend._threading.loopingcall [None req-dbfbca1a-72a4-4e6d-b0c8-ac6280574d78 None None] Fixed interval looping call 'neutron.plugins.ml2.plugin.AgentDbMixin.agent_health_check' sleeping for 36.99 seconds {{(pid=106033) _run_loop /opt/stack/data/venv/lib/python3.12/site-packages/oslo_service/backend/_threading/loopingcall.py:125}}
May 02 14:09:52.416539 np0000171490 neutron-periodic-workers[106029]: DEBUG dbcounter [-] [106029] Writing DB stats neutron:SELECT=3 {{(pid=106029) stat_writer /opt/stack/data/venv/lib/python3.12/site-packages/dbcounter.py:115}}
May 02 14:10:01.413210 np0000171490 neutron-periodic-workers[106033]: DEBUG dbcounter [-] [106033] Writing DB stats neutron:SELECT=1 {{(pid=106033) stat_writer /opt/stack/data/venv/lib/python3.12/site-packages/dbcounter.py:115}}
May 02 14:10:10.479657 np0000171490 neutron-periodic-workers[106038]: DEBUG oslo.service.backend._threading.loopingcall [None req-736f4830-3e5b-40ef-ba46-823e1ef189d2 None None] Fixed interval looping call 'neutron.db.quota.driver_nolock.DbQuotaNoLockDriver._remove_expired_reservations' sleeping for 119.99 seconds {{(pid=106038) _run_loop /opt/stack/data/venv/lib/python3.12/site-packages/oslo_service/backend/_threading/loopingcall.py:125}}
May 02 14:10:19.422416 np0000171490 neutron-periodic-workers[106029]: DEBUG oslo.service.backend._threading.loopingcall [None req-89009506-d184-464e-9ca8-7bf8e0fe4345 None None] Fixed interval looping call 'neutron.plugins.ml2.plugin.DhcpAgentSchedulerDbMixin.remove_networks_from_down_agents' sleeping for 36.98 seconds {{(pid=106029) _run_loop /opt/stack/data/venv/lib/python3.12/site-packages/oslo_service/backend/_threading/loopingcall.py:125}}
May 02 14:10:20.478060 np0000171490 neutron-periodic-workers[106038]: DEBUG dbcounter [-] [106038] Writing DB stats neutron:DELETE=1 {{(pid=106038) stat_writer /opt/stack/data/venv/lib/python3.12/site-packages/dbcounter.py:115}}
May 02 14:10:28.411357 np0000171490 neutron-periodic-workers[106033]: DEBUG neutron.db.agents_db [None req-dbfbca1a-72a4-4e6d-b0c8-ac6280574d78 None None] Agent healthcheck: found 0 active agents {{(pid=106033) agent_health_check /opt/stack/neutron/neutron/db/agents_db.py:317}}
May 02 14:10:28.412327 np0000171490 neutron-periodic-workers[106033]: DEBUG oslo.service.backend._threading.loopingcall [None req-dbfbca1a-72a4-4e6d-b0c8-ac6280574d78 None None] Fixed interval looping call 'neutron.plugins.ml2.plugin.AgentDbMixin.agent_health_check' sleeping for 36.99 seconds {{(pid=106033) _run_loop /opt/stack/data/venv/lib/python3.12/site-packages/oslo_service/backend/_threading/loopingcall.py:125}}
May 02 14:10:29.421456 np0000171490 neutron-periodic-workers[106029]: DEBUG dbcounter [-] [106029] Writing DB stats neutron:SELECT=3 {{(pid=106029) stat_writer /opt/stack/data/venv/lib/python3.12/site-packages/dbcounter.py:115}}
May 02 14:10:38.410467 np0000171490 neutron-periodic-workers[106033]: DEBUG dbcounter [-] [106033] Writing DB stats neutron:SELECT=1 {{(pid=106033) stat_writer /opt/stack/data/venv/lib/python3.12/site-packages/dbcounter.py:115}}
May 02 14:10:56.411938 np0000171490 neutron-periodic-workers[106029]: DEBUG oslo.service.backend._threading.loopingcall [None req-89009506-d184-464e-9ca8-7bf8e0fe4345 None None] Fixed interval looping call 'neutron.plugins.ml2.plugin.DhcpAgentSchedulerDbMixin.remove_networks_from_down_agents' sleeping for 36.99 seconds {{(pid=106029) _run_loop /opt/stack/data/venv/lib/python3.12/site-packages/oslo_service/backend/_threading/loopingcall.py:125}}
May 02 14:11:05.407791 np0000171490 neutron-periodic-workers[106033]: DEBUG neutron.db.agents_db [None req-dbfbca1a-72a4-4e6d-b0c8-ac6280574d78 None None] Agent healthcheck: found 0 active agents {{(pid=106033) agent_health_check /opt/stack/neutron/neutron/db/agents_db.py:317}}
May 02 14:11:05.408991 np0000171490 neutron-periodic-workers[106033]: DEBUG oslo.service.backend._threading.loopingcall [None req-dbfbca1a-72a4-4e6d-b0c8-ac6280574d78 None None] Fixed interval looping call 'neutron.plugins.ml2.plugin.AgentDbMixin.agent_health_check' sleeping for 36.99 seconds {{(pid=106033) _run_loop /opt/stack/data/venv/lib/python3.12/site-packages/oslo_service/backend/_threading/loopingcall.py:125}}
