2026-05-09 05:02:49.327 8 INFO cinder.api.openstack.wsgi [None req-bba83e4d-21fb-4e58-b63d-75ae4a5bf198 3a48a57508e346739313a5982193bdee fbeaf8cc974c4dd1a1aca922453ee7fb - - default default] http://10.0.0.123:8776/ returned with HTTP 300
2026-05-09 05:02:59.326 7 INFO cinder.api.openstack.wsgi [None req-dbca0c5e-3e7d-48db-98f1-6128115a7c57 3a48a57508e346739313a5982193bdee fbeaf8cc974c4dd1a1aca922453ee7fb - - default default] GET http://10.0.0.123:8776/
2026-05-09 05:02:59.326 8 INFO cinder.api.openstack.wsgi [None req-bba83e4d-21fb-4e58-b63d-75ae4a5bf198 3a48a57508e346739313a5982193bdee fbeaf8cc974c4dd1a1aca922453ee7fb - - default default] GET http://10.0.0.123:8776/
2026-05-09 05:02:59.327 7 INFO cinder.api.openstack.wsgi [None req-dbca0c5e-3e7d-48db-98f1-6128115a7c57 3a48a57508e346739313a5982193bdee fbeaf8cc974c4dd1a1aca922453ee7fb - - default default] http://10.0.0.123:8776/ returned with HTTP 300
2026-05-09 05:02:59.327 8 INFO cinder.api.openstack.wsgi [None req-bba83e4d-21fb-4e58-b63d-75ae4a5bf198 3a48a57508e346739313a5982193bdee fbeaf8cc974c4dd1a1aca922453ee7fb - - default default] http://10.0.0.123:8776/ returned with HTTP 300
2026-05-09 05:03:09.326 7 INFO cinder.api.openstack.wsgi [None req-dbca0c5e-3e7d-48db-98f1-6128115a7c57 3a48a57508e346739313a5982193bdee fbeaf8cc974c4dd1a1aca922453ee7fb - - default default] GET http://10.0.0.123:8776/
2026-05-09 05:03:09.326 8 INFO cinder.api.openstack.wsgi [None req-bba83e4d-21fb-4e58-b63d-75ae4a5bf198 3a48a57508e346739313a5982193bdee fbeaf8cc974c4dd1a1aca922453ee7fb - - default default] GET http://10.0.0.123:8776/
2026-05-09 05:03:09.327 7 INFO cinder.api.openstack.wsgi [None req-dbca0c5e-3e7d-48db-98f1-6128115a7c57 3a48a57508e346739313a5982193bdee fbeaf8cc974c4dd1a1aca922453ee7fb - - default default] http://10.0.0.123:8776/ returned with HTTP 300
2026-05-09 05:03:09.327 8 INFO cinder.api.openstack.wsgi [None req-bba83e4d-21fb-4e58-b63d-75ae4a5bf198 3a48a57508e346739313a5982193bdee fbeaf8cc974c4dd1a1aca922453ee7fb - - default default] http://10.0.0.123:8776/ returned with HTTP 300
2026-05-09 05:03:19.326 8 INFO cinder.api.openstack.wsgi [None req-bba83e4d-21fb-4e58-b63d-75ae4a5bf198 3a48a57508e346739313a5982193bdee fbeaf8cc974c4dd1a1aca922453ee7fb - - default default] GET http://10.0.0.123:8776/
2026-05-09 05:03:19.326 7 INFO cinder.api.openstack.wsgi [None req-dbca0c5e-3e7d-48db-98f1-6128115a7c57 3a48a57508e346739313a5982193bdee fbeaf8cc974c4dd1a1aca922453ee7fb - - default default] GET http://10.0.0.123:8776/
2026-05-09 05:03:19.327 7 INFO cinder.api.openstack.wsgi [None req-dbca0c5e-3e7d-48db-98f1-6128115a7c57 3a48a57508e346739313a5982193bdee fbeaf8cc974c4dd1a1aca922453ee7fb - - default default] http://10.0.0.123:8776/ returned with HTTP 300
2026-05-09 05:03:19.327 8 INFO cinder.api.openstack.wsgi [None req-bba83e4d-21fb-4e58-b63d-75ae4a5bf198 3a48a57508e346739313a5982193bdee fbeaf8cc974c4dd1a1aca922453ee7fb - - default default] http://10.0.0.123:8776/ returned with HTTP 300
2026-05-09 05:03:28.008 8 INFO cinder.api.openstack.wsgi [req-b93a1f55-3784-4cf0-9cae-95f4ae93d482 req-c54e9c07-3a37-4072-ba73-a7613b9d7d3d 3a48a57508e346739313a5982193bdee fbeaf8cc974c4dd1a1aca922453ee7fb - - default default] DELETE http://cinder-api.openstack.svc.cluster.local:8776/v3/fbeaf8cc974c4dd1a1aca922453ee7fb/attachments/72133a16-e2e9-4222-9905-2a83137324e3 /var/lib/openstack/lib/python3.12/site-packages/oslo_context/context.py:101: DeprecationWarning: Policy enforcement is depending on the value of is_admin. This key is deprecated. Please update your policy file to use the standard policy values. warnings.warn(
2026-05-09 05:03:28.568 8 INFO cinder.api.openstack.wsgi [req-b93a1f55-3784-4cf0-9cae-95f4ae93d482 req-c54e9c07-3a37-4072-ba73-a7613b9d7d3d 3a48a57508e346739313a5982193bdee fbeaf8cc974c4dd1a1aca922453ee7fb - - default default] http://cinder-api.openstack.svc.cluster.local:8776/v3/fbeaf8cc974c4dd1a1aca922453ee7fb/attachments/72133a16-e2e9-4222-9905-2a83137324e3 returned with HTTP 200 [pid: 8|app: 0|req: 509/1013] 199.204.45.116 () {38 vars in 1102 bytes} [Sat May 9 05:03:28 2026] DELETE /v3/fbeaf8cc974c4dd1a1aca922453ee7fb/attachments/72133a16-e2e9-4222-9905-2a83137324e3 => generated 19 bytes in 569 msecs (HTTP/1.1 200) 7 headers in 285 bytes (1 switches on core 0)
2026-05-09 05:03:28.582 7 INFO cinder.api.openstack.wsgi [req-b93a1f55-3784-4cf0-9cae-95f4ae93d482 req-c0d70127-e027-4c24-a89f-0950a203fae7 3a48a57508e346739313a5982193bdee fbeaf8cc974c4dd1a1aca922453ee7fb - - default default] DELETE http://cinder-api.openstack.svc.cluster.local:8776/v3/fbeaf8cc974c4dd1a1aca922453ee7fb/volumes/1985b60f-576e-4446-beb8-407a6cba6733
2026-05-09 05:03:28.583 7 INFO cinder.api.v3.volumes [req-b93a1f55-3784-4cf0-9cae-95f4ae93d482 req-c0d70127-e027-4c24-a89f-0950a203fae7 3a48a57508e346739313a5982193bdee fbeaf8cc974c4dd1a1aca922453ee7fb - - default default] Delete volume with id: 1985b60f-576e-4446-beb8-407a6cba6733 /var/lib/openstack/lib/python3.12/site-packages/oslo_context/context.py:101: DeprecationWarning: Policy enforcement is depending on the value of is_admin. This key is deprecated. Please update your policy file to use the standard policy values. warnings.warn(
2026-05-09 05:03:28.593 7 INFO cinder.volume.api [req-b93a1f55-3784-4cf0-9cae-95f4ae93d482 req-c0d70127-e027-4c24-a89f-0950a203fae7 3a48a57508e346739313a5982193bdee fbeaf8cc974c4dd1a1aca922453ee7fb - - default default] Volume info retrieved successfully.
2026-05-09 05:03:28.616 7 INFO cinder.volume.api [req-b93a1f55-3784-4cf0-9cae-95f4ae93d482 req-c0d70127-e027-4c24-a89f-0950a203fae7 3a48a57508e346739313a5982193bdee fbeaf8cc974c4dd1a1aca922453ee7fb - - default default] Delete volume request issued successfully.
2026-05-09 05:03:28.616 7 INFO cinder.api.openstack.wsgi [req-b93a1f55-3784-4cf0-9cae-95f4ae93d482 req-c0d70127-e027-4c24-a89f-0950a203fae7 3a48a57508e346739313a5982193bdee fbeaf8cc974c4dd1a1aca922453ee7fb - - default default] http://cinder-api.openstack.svc.cluster.local:8776/v3/fbeaf8cc974c4dd1a1aca922453ee7fb/volumes/1985b60f-576e-4446-beb8-407a6cba6733 returned with HTTP 202 [pid: 7|app: 0|req: 505/1014] 199.204.45.116 () {36 vars in 1053 bytes} [Sat May 9 05:03:28 2026] DELETE /v3/fbeaf8cc974c4dd1a1aca922453ee7fb/volumes/1985b60f-576e-4446-beb8-407a6cba6733 => generated 0 bytes in 42 msecs (HTTP/1.1 202) 6 headers in 233 bytes (1 switches on core 0)
2026-05-09 05:03:29.325 7 INFO cinder.api.openstack.wsgi [req-b93a1f55-3784-4cf0-9cae-95f4ae93d482 req-c0d70127-e027-4c24-a89f-0950a203fae7 3a48a57508e346739313a5982193bdee fbeaf8cc974c4dd1a1aca922453ee7fb - - default default] GET http://10.0.0.123:8776/
2026-05-09 05:03:29.325 8 INFO cinder.api.openstack.wsgi [req-b93a1f55-3784-4cf0-9cae-95f4ae93d482 req-c54e9c07-3a37-4072-ba73-a7613b9d7d3d 3a48a57508e346739313a5982193bdee fbeaf8cc974c4dd1a1aca922453ee7fb - - default default] GET http://10.0.0.123:8776/
2026-05-09 05:03:29.326 7 INFO cinder.api.openstack.wsgi [req-b93a1f55-3784-4cf0-9cae-95f4ae93d482 req-c0d70127-e027-4c24-a89f-0950a203fae7 3a48a57508e346739313a5982193bdee fbeaf8cc974c4dd1a1aca922453ee7fb - - default default] http://10.0.0.123:8776/ returned with HTTP 300
2026-05-09 05:03:29.327 8 INFO cinder.api.openstack.wsgi [req-b93a1f55-3784-4cf0-9cae-95f4ae93d482 req-c54e9c07-3a37-4072-ba73-a7613b9d7d3d 3a48a57508e346739313a5982193bdee fbeaf8cc974c4dd1a1aca922453ee7fb - - default default] http://10.0.0.123:8776/ returned with HTTP 300
2026-05-09 05:03:39.326 8 INFO cinder.api.openstack.wsgi [req-b93a1f55-3784-4cf0-9cae-95f4ae93d482 req-c54e9c07-3a37-4072-ba73-a7613b9d7d3d 3a48a57508e346739313a5982193bdee fbeaf8cc974c4dd1a1aca922453ee7fb - - default default] GET http://10.0.0.123:8776/
2026-05-09 05:03:39.326 7 INFO cinder.api.openstack.wsgi [req-b93a1f55-3784-4cf0-9cae-95f4ae93d482 req-c0d70127-e027-4c24-a89f-0950a203fae7 3a48a57508e346739313a5982193bdee fbeaf8cc974c4dd1a1aca922453ee7fb - - default default] GET http://10.0.0.123:8776/
2026-05-09 05:03:39.327 8 INFO cinder.api.openstack.wsgi [req-b93a1f55-3784-4cf0-9cae-95f4ae93d482 req-c54e9c07-3a37-4072-ba73-a7613b9d7d3d 3a48a57508e346739313a5982193bdee fbeaf8cc974c4dd1a1aca922453ee7fb - - default default] http://10.0.0.123:8776/ returned with HTTP 300
2026-05-09 05:03:39.328 7 INFO cinder.api.openstack.wsgi [req-b93a1f55-3784-4cf0-9cae-95f4ae93d482 req-c0d70127-e027-4c24-a89f-0950a203fae7 3a48a57508e346739313a5982193bdee fbeaf8cc974c4dd1a1aca922453ee7fb - - default default] http://10.0.0.123:8776/ returned with HTTP 300 /var/lib/openstack/lib/python3.12/site-packages/pycadf/identifier.py:70: UserWarning: Invalid uuid: cinderv3. To ensure interoperability, identifiers should be a valid uuid. warnings.warn(('Invalid uuid: %s. To ensure interoperability, '
2026-05-09 05:03:43.286 8 INFO cinder.api.openstack.wsgi [None req-e82bcf5e-4946-4c58-9ed0-c4dec8ce7ce2 3a48a57508e346739313a5982193bdee fbeaf8cc974c4dd1a1aca922453ee7fb - - default default] GET http://cinder-api.openstack.svc.cluster.local:8776/v3/fbeaf8cc974c4dd1a1aca922453ee7fb/volumes/detail?all_tenants=true /var/lib/openstack/lib/python3.12/site-packages/oslo_context/context.py:101: DeprecationWarning: Policy enforcement is depending on the value of is_admin. This key is deprecated. Please update your policy file to use the standard policy values. warnings.warn(
2026-05-09 05:03:43.296 8 INFO cinder.volume.api [None req-e82bcf5e-4946-4c58-9ed0-c4dec8ce7ce2 3a48a57508e346739313a5982193bdee fbeaf8cc974c4dd1a1aca922453ee7fb - - default default] Get all volumes completed successfully.
2026-05-09 05:03:43.298 8 INFO cinder.api.openstack.wsgi [None req-e82bcf5e-4946-4c58-9ed0-c4dec8ce7ce2 3a48a57508e346739313a5982193bdee fbeaf8cc974c4dd1a1aca922453ee7fb - - default default] http://cinder-api.openstack.svc.cluster.local:8776/v3/fbeaf8cc974c4dd1a1aca922453ee7fb/volumes/detail?all_tenants=true returned with HTTP 200 [pid: 8|app: 0|req: 512/1019] 10.0.0.32 () {28 vars in 682 bytes} [Sat May 9 05:03:43 2026] GET /v3/fbeaf8cc974c4dd1a1aca922453ee7fb/volumes/detail?all_tenants=true => generated 15 bytes in 53 msecs (HTTP/1.1 200) 7 headers in 284 bytes (1 switches on core 0) /var/lib/openstack/lib/python3.12/site-packages/pycadf/identifier.py:70: UserWarning: Invalid uuid: cinderv3. To ensure interoperability, identifiers should be a valid uuid. warnings.warn(('Invalid uuid: %s. To ensure interoperability, '
2026-05-09 05:03:43.310 7 INFO cinder.api.openstack.wsgi [None req-f9a904c3-32b8-4d96-971b-52d10dd89c60 3a48a57508e346739313a5982193bdee fbeaf8cc974c4dd1a1aca922453ee7fb - - default default] GET http://cinder-api.openstack.svc.cluster.local:8776/v3/fbeaf8cc974c4dd1a1aca922453ee7fb/scheduler-stats/get_pools?detail=true
2026-05-09 05:03:43.813 7 INFO cinder.api.openstack.wsgi [None req-f9a904c3-32b8-4d96-971b-52d10dd89c60 3a48a57508e346739313a5982193bdee fbeaf8cc974c4dd1a1aca922453ee7fb - - default default] http://cinder-api.openstack.svc.cluster.local:8776/v3/fbeaf8cc974c4dd1a1aca922453ee7fb/scheduler-stats/get_pools?detail=true returned with HTTP 200 [pid: 7|app: 0|req: 508/1020] 10.0.0.32 () {28 vars in 694 bytes} [Sat May 9 05:03:43 2026] GET /v3/fbeaf8cc974c4dd1a1aca922453ee7fb/scheduler-stats/get_pools?detail=true => generated 670 bytes in 511 msecs (HTTP/1.1 200) 7 headers in 285 bytes (1 switches on core 0)
2026-05-09 05:03:43.824 8 INFO cinder.api.openstack.wsgi [None req-964143b4-54d2-4bd9-bcab-d56974501838 3a48a57508e346739313a5982193bdee fbeaf8cc974c4dd1a1aca922453ee7fb - - default default] GET http://cinder-api.openstack.svc.cluster.local:8776/v3/fbeaf8cc974c4dd1a1aca922453ee7fb/snapshots?all_tenants=true
2026-05-09 05:03:43.830 8 INFO cinder.volume.api [None req-964143b4-54d2-4bd9-bcab-d56974501838 3a48a57508e346739313a5982193bdee fbeaf8cc974c4dd1a1aca922453ee7fb - - default default] Get all snapshots completed successfully.
2026-05-09 05:03:43.831 8 INFO cinder.api.openstack.wsgi [None req-964143b4-54d2-4bd9-bcab-d56974501838 3a48a57508e346739313a5982193bdee fbeaf8cc974c4dd1a1aca922453ee7fb - - default default] http://cinder-api.openstack.svc.cluster.local:8776/v3/fbeaf8cc974c4dd1a1aca922453ee7fb/snapshots?all_tenants=true returned with HTTP 200 [pid: 8|app: 0|req: 513/1021] 10.0.0.32 () {28 vars in 672 bytes} [Sat May 9 05:03:43 2026] GET /v3/fbeaf8cc974c4dd1a1aca922453ee7fb/snapshots?all_tenants=true => generated 17 bytes in 12 msecs (HTTP/1.1 200) 7 headers in 284 bytes (1 switches on core 0)
2026-05-09 05:03:43.844 7 INFO cinder.api.openstack.wsgi [None req-03e9e8a5-1e18-41d9-8221-8eab288b3103 3a48a57508e346739313a5982193bdee fbeaf8cc974c4dd1a1aca922453ee7fb - - default default] GET http://cinder-api.openstack.svc.cluster.local:8776/v3/fbeaf8cc974c4dd1a1aca922453ee7fb/os-services
2026-05-09 05:03:43.850 7 INFO cinder.api.openstack.wsgi [None req-03e9e8a5-1e18-41d9-8221-8eab288b3103 3a48a57508e346739313a5982193bdee fbeaf8cc974c4dd1a1aca922453ee7fb - - default default] http://cinder-api.openstack.svc.cluster.local:8776/v3/fbeaf8cc974c4dd1a1aca922453ee7fb/os-services returned with HTTP 200 [pid: 7|app: 0|req: 509/1022] 10.0.0.32 () {28 vars in 643 bytes} [Sat May 9 05:03:43 2026] GET /v3/fbeaf8cc974c4dd1a1aca922453ee7fb/os-services => generated 646 bytes in 16 msecs (HTTP/1.1 200) 7 headers in 285 bytes (1 switches on core 0)
2026-05-09 05:03:43.859 8 INFO cinder.api.openstack.wsgi [None req-6df80c65-dbac-42d5-b3a4-6e1cc9067132 3a48a57508e346739313a5982193bdee fbeaf8cc974c4dd1a1aca922453ee7fb - - default default] GET http://cinder-api.openstack.svc.cluster.local:8776/v3/fbeaf8cc974c4dd1a1aca922453ee7fb/volumes/detail?all_tenants=true
2026-05-09 05:03:43.869 8 INFO cinder.volume.api [None req-6df80c65-dbac-42d5-b3a4-6e1cc9067132 3a48a57508e346739313a5982193bdee fbeaf8cc974c4dd1a1aca922453ee7fb - - default default] Get all volumes completed successfully.
2026-05-09 05:03:43.870 8 INFO cinder.api.openstack.wsgi [None req-6df80c65-dbac-42d5-b3a4-6e1cc9067132 3a48a57508e346739313a5982193bdee fbeaf8cc974c4dd1a1aca922453ee7fb - - default default] http://cinder-api.openstack.svc.cluster.local:8776/v3/fbeaf8cc974c4dd1a1aca922453ee7fb/volumes/detail?all_tenants=true returned with HTTP 200 [pid: 8|app: 0|req: 514/1023] 10.0.0.32 () {28 vars in 682 bytes} [Sat May 9 05:03:43 2026] GET /v3/fbeaf8cc974c4dd1a1aca922453ee7fb/volumes/detail?all_tenants=true => generated 15 bytes in 17 msecs (HTTP/1.1 200) 7 headers in 284 bytes (1 switches on core 0)
2026-05-09 05:03:43.916 7 INFO cinder.api.openstack.wsgi [None req-07bf8998-f386-4a82-970c-c532bb558c8d 3a48a57508e346739313a5982193bdee fbeaf8cc974c4dd1a1aca922453ee7fb - - default default] GET http://cinder-api.openstack.svc.cluster.local:8776/v3/fbeaf8cc974c4dd1a1aca922453ee7fb/os-quota-sets/02b1b721d2204abfb437635c7accd3ab?usage=true
2026-05-09 05:03:43.943 7 INFO cinder.api.openstack.wsgi [None req-07bf8998-f386-4a82-970c-c532bb558c8d 3a48a57508e346739313a5982193bdee fbeaf8cc974c4dd1a1aca922453ee7fb - - default default] http://cinder-api.openstack.svc.cluster.local:8776/v3/fbeaf8cc974c4dd1a1aca922453ee7fb/os-quota-sets/02b1b721d2204abfb437635c7accd3ab?usage=true returned with HTTP 200 [pid: 7|app: 0|req: 510/1024] 10.0.0.32 () {28 vars in 734 bytes} [Sat May 9 05:03:43 2026] GET /v3/fbeaf8cc974c4dd1a1aca922453ee7fb/os-quota-sets/02b1b721d2204abfb437635c7accd3ab?usage=true => generated 847 bytes in 34 msecs (HTTP/1.1 200) 7 headers in 285 bytes (1 switches on core 0)
2026-05-09 05:03:43.954 8 INFO cinder.api.openstack.wsgi [None req-fd105117-8b60-4e6a-bc26-080a701ee411 3a48a57508e346739313a5982193bdee fbeaf8cc974c4dd1a1aca922453ee7fb - - default default] GET http://cinder-api.openstack.svc.cluster.local:8776/v3/fbeaf8cc974c4dd1a1aca922453ee7fb/os-quota-sets/0ea114ebc306402aa94b0c5210db666f?usage=true
2026-05-09 05:03:43.977 8 INFO cinder.api.openstack.wsgi [None req-fd105117-8b60-4e6a-bc26-080a701ee411 3a48a57508e346739313a5982193bdee fbeaf8cc974c4dd1a1aca922453ee7fb - - default default] http://cinder-api.openstack.svc.cluster.local:8776/v3/fbeaf8cc974c4dd1a1aca922453ee7fb/os-quota-sets/0ea114ebc306402aa94b0c5210db666f?usage=true returned with HTTP 200 [pid: 8|app: 0|req: 515/1025] 10.0.0.32 () {28 vars in 734 bytes} [Sat May 9 05:03:43 2026] GET /v3/fbeaf8cc974c4dd1a1aca922453ee7fb/os-quota-sets/0ea114ebc306402aa94b0c5210db666f?usage=true => generated 845 bytes in 30 msecs (HTTP/1.1 200) 7 headers in 285 bytes (1 switches on core 0)
2026-05-09 05:03:43.988 7 INFO cinder.api.openstack.wsgi [None req-5637f75a-bc82-4bc9-80cd-4678d3a312bc 3a48a57508e346739313a5982193bdee fbeaf8cc974c4dd1a1aca922453ee7fb - - default default] GET http://cinder-api.openstack.svc.cluster.local:8776/v3/fbeaf8cc974c4dd1a1aca922453ee7fb/os-quota-sets/1caf6438c25c43f6a0e217934d895407?usage=true
2026-05-09 05:03:44.007 7 INFO cinder.api.openstack.wsgi [None req-5637f75a-bc82-4bc9-80cd-4678d3a312bc 3a48a57508e346739313a5982193bdee fbeaf8cc974c4dd1a1aca922453ee7fb - - default default] http://cinder-api.openstack.svc.cluster.local:8776/v3/fbeaf8cc974c4dd1a1aca922453ee7fb/os-quota-sets/1caf6438c25c43f6a0e217934d895407?usage=true returned with HTTP 200 [pid: 7|app: 0|req: 511/1026] 10.0.0.32 () {28 vars in 734 bytes} [Sat May 9 05:03:43 2026] GET /v3/fbeaf8cc974c4dd1a1aca922453ee7fb/os-quota-sets/1caf6438c25c43f6a0e217934d895407?usage=true => generated 847 bytes in 25 msecs (HTTP/1.1 200) 7 headers in 285 bytes (1 switches on core 0)
2026-05-09 05:03:44.019 8 INFO cinder.api.openstack.wsgi [None req-1e7e61e5-cb5a-4bea-a730-447e09d284f2 3a48a57508e346739313a5982193bdee fbeaf8cc974c4dd1a1aca922453ee7fb - - default default] GET http://cinder-api.openstack.svc.cluster.local:8776/v3/fbeaf8cc974c4dd1a1aca922453ee7fb/os-quota-sets/24ba487a96ba483aa1a21a699e2a2ae4?usage=true
2026-05-09 05:03:44.041 8 INFO cinder.api.openstack.wsgi [None req-1e7e61e5-cb5a-4bea-a730-447e09d284f2 3a48a57508e346739313a5982193bdee fbeaf8cc974c4dd1a1aca922453ee7fb - - default default] http://cinder-api.openstack.svc.cluster.local:8776/v3/fbeaf8cc974c4dd1a1aca922453ee7fb/os-quota-sets/24ba487a96ba483aa1a21a699e2a2ae4?usage=true returned with HTTP 200 [pid: 8|app: 0|req: 516/1027] 10.0.0.32 () {28 vars in 734 bytes} [Sat May 9 05:03:44 2026] GET /v3/fbeaf8cc974c4dd1a1aca922453ee7fb/os-quota-sets/24ba487a96ba483aa1a21a699e2a2ae4?usage=true => generated 847 bytes in 31 msecs (HTTP/1.1 200) 7 headers in 285 bytes (1 switches on core 0)
2026-05-09 05:03:44.055 7 INFO cinder.api.openstack.wsgi [None req-8b697d9e-e807-41d5-9b4f-f77ddd0a09ee 3a48a57508e346739313a5982193bdee fbeaf8cc974c4dd1a1aca922453ee7fb - - default default] GET http://cinder-api.openstack.svc.cluster.local:8776/v3/fbeaf8cc974c4dd1a1aca922453ee7fb/os-quota-sets/41e0bd92c4324e20abb9a75887185492?usage=true
2026-05-09 05:03:44.074 7 INFO cinder.api.openstack.wsgi [None req-8b697d9e-e807-41d5-9b4f-f77ddd0a09ee 3a48a57508e346739313a5982193bdee fbeaf8cc974c4dd1a1aca922453ee7fb - - default default] http://cinder-api.openstack.svc.cluster.local:8776/v3/fbeaf8cc974c4dd1a1aca922453ee7fb/os-quota-sets/41e0bd92c4324e20abb9a75887185492?usage=true returned with HTTP 200 [pid: 7|app: 0|req: 512/1028] 10.0.0.32 () {28 vars in 734 bytes} [Sat May 9 05:03:44 2026] GET /v3/fbeaf8cc974c4dd1a1aca922453ee7fb/os-quota-sets/41e0bd92c4324e20abb9a75887185492?usage=true => generated 847 bytes in 30 msecs (HTTP/1.1 200) 7 headers in 285 bytes (1 switches on core 0)
2026-05-09 05:03:44.086 8 INFO cinder.api.openstack.wsgi [None req-6ed14499-ad4f-4d26-b68e-df99229c8f04 3a48a57508e346739313a5982193bdee fbeaf8cc974c4dd1a1aca922453ee7fb - - default default] GET http://cinder-api.openstack.svc.cluster.local:8776/v3/fbeaf8cc974c4dd1a1aca922453ee7fb/os-quota-sets/72911c895e514836923162ae5aa5efff?usage=true
2026-05-09 05:03:44.108 8 INFO cinder.api.openstack.wsgi [None req-6ed14499-ad4f-4d26-b68e-df99229c8f04 3a48a57508e346739313a5982193bdee fbeaf8cc974c4dd1a1aca922453ee7fb - - default default] http://cinder-api.openstack.svc.cluster.local:8776/v3/fbeaf8cc974c4dd1a1aca922453ee7fb/os-quota-sets/72911c895e514836923162ae5aa5efff?usage=true returned with HTTP 200 [pid: 8|app: 0|req: 517/1029] 10.0.0.32 () {28 vars in 734 bytes} [Sat May 9 05:03:44 2026] GET /v3/fbeaf8cc974c4dd1a1aca922453ee7fb/os-quota-sets/72911c895e514836923162ae5aa5efff?usage=true => generated 847 bytes in 30 msecs (HTTP/1.1 200) 7 headers in 285 bytes (1 switches on core 0)
2026-05-09 05:03:44.118 7 INFO cinder.api.openstack.wsgi [None req-0a94d9ab-6e61-4a91-a7b1-d5ac4161b7e6 3a48a57508e346739313a5982193bdee fbeaf8cc974c4dd1a1aca922453ee7fb - - default default] GET http://cinder-api.openstack.svc.cluster.local:8776/v3/fbeaf8cc974c4dd1a1aca922453ee7fb/os-quota-sets/8d0e7c7cd7e6416e8cdf6f765a395daf?usage=true
2026-05-09 05:03:44.140 7 INFO cinder.api.openstack.wsgi [None req-0a94d9ab-6e61-4a91-a7b1-d5ac4161b7e6 3a48a57508e346739313a5982193bdee fbeaf8cc974c4dd1a1aca922453ee7fb - - default default] http://cinder-api.openstack.svc.cluster.local:8776/v3/fbeaf8cc974c4dd1a1aca922453ee7fb/os-quota-sets/8d0e7c7cd7e6416e8cdf6f765a395daf?usage=true returned with HTTP 200 [pid: 7|app: 0|req: 513/1030] 10.0.0.32 () {28 vars in 734 bytes} [Sat May 9 05:03:44 2026] GET /v3/fbeaf8cc974c4dd1a1aca922453ee7fb/os-quota-sets/8d0e7c7cd7e6416e8cdf6f765a395daf?usage=true => generated 847 bytes in 30 msecs (HTTP/1.1 200) 7 headers in 285 bytes (1 switches on core 0)
2026-05-09 05:03:44.154 8 INFO cinder.api.openstack.wsgi [None req-d26ee2e9-c2d2-4b28-878c-978c798b7f59 3a48a57508e346739313a5982193bdee fbeaf8cc974c4dd1a1aca922453ee7fb - - default default] GET http://cinder-api.openstack.svc.cluster.local:8776/v3/fbeaf8cc974c4dd1a1aca922453ee7fb/os-quota-sets/a7a051eaafbc48f995b26094da222bb8?usage=true
2026-05-09 05:03:44.176 8 INFO cinder.api.openstack.wsgi [None req-d26ee2e9-c2d2-4b28-878c-978c798b7f59 3a48a57508e346739313a5982193bdee fbeaf8cc974c4dd1a1aca922453ee7fb - - default default] http://cinder-api.openstack.svc.cluster.local:8776/v3/fbeaf8cc974c4dd1a1aca922453ee7fb/os-quota-sets/a7a051eaafbc48f995b26094da222bb8?usage=true returned with HTTP 200 [pid: 8|app: 0|req: 518/1031] 10.0.0.32 () {28 vars in 734 bytes} [Sat May 9 05:03:44 2026] GET /v3/fbeaf8cc974c4dd1a1aca922453ee7fb/os-quota-sets/a7a051eaafbc48f995b26094da222bb8?usage=true => generated 847 bytes in 32 msecs (HTTP/1.1 200) 7 headers in 285 bytes (1 switches on core 0)
2026-05-09 05:03:44.189 7 INFO cinder.api.openstack.wsgi [None req-74fe8505-443e-4145-9a91-c04e902bb49f 3a48a57508e346739313a5982193bdee fbeaf8cc974c4dd1a1aca922453ee7fb - - default default] GET http://cinder-api.openstack.svc.cluster.local:8776/v3/fbeaf8cc974c4dd1a1aca922453ee7fb/os-quota-sets/c3b7970fb3334cabbf56420648aad6f8?usage=true
2026-05-09 05:03:44.207 7 INFO cinder.api.openstack.wsgi [None req-74fe8505-443e-4145-9a91-c04e902bb49f 3a48a57508e346739313a5982193bdee fbeaf8cc974c4dd1a1aca922453ee7fb - - default default] http://cinder-api.openstack.svc.cluster.local:8776/v3/fbeaf8cc974c4dd1a1aca922453ee7fb/os-quota-sets/c3b7970fb3334cabbf56420648aad6f8?usage=true returned with HTTP 200 [pid: 7|app: 0|req: 514/1032] 10.0.0.32 () {28 vars in 734 bytes} [Sat May 9 05:03:44 2026] GET /v3/fbeaf8cc974c4dd1a1aca922453ee7fb/os-quota-sets/c3b7970fb3334cabbf56420648aad6f8?usage=true => generated 847 bytes in 27 msecs (HTTP/1.1 200) 7 headers in 285 bytes (1 switches on core 0)
2026-05-09 05:03:44.218 8 INFO cinder.api.openstack.wsgi [None req-e8a19904-811f-420a-a723-57602e3e958c 3a48a57508e346739313a5982193bdee fbeaf8cc974c4dd1a1aca922453ee7fb - - default default] GET http://cinder-api.openstack.svc.cluster.local:8776/v3/fbeaf8cc974c4dd1a1aca922453ee7fb/os-quota-sets/fbeaf8cc974c4dd1a1aca922453ee7fb?usage=true
2026-05-09 05:03:44.239 8 INFO cinder.api.openstack.wsgi [None req-e8a19904-811f-420a-a723-57602e3e958c 3a48a57508e346739313a5982193bdee fbeaf8cc974c4dd1a1aca922453ee7fb - - default default] http://cinder-api.openstack.svc.cluster.local:8776/v3/fbeaf8cc974c4dd1a1aca922453ee7fb/os-quota-sets/fbeaf8cc974c4dd1a1aca922453ee7fb?usage=true returned with HTTP 200 [pid: 8|app: 0|req: 519/1033] 10.0.0.32 () {28 vars in 734 bytes} [Sat May 9 05:03:44 2026] GET /v3/fbeaf8cc974c4dd1a1aca922453ee7fb/os-quota-sets/fbeaf8cc974c4dd1a1aca922453ee7fb?usage=true => generated 845 bytes in 30 msecs (HTTP/1.1 200) 7 headers in 285 bytes (1 switches on core 0)
2026-05-09 05:03:44.252 7 INFO cinder.api.openstack.wsgi [None req-2dfd3c04-48d9-4e80-82bd-41240dc42425 3a48a57508e346739313a5982193bdee fbeaf8cc974c4dd1a1aca922453ee7fb - - default default] GET http://cinder-api.openstack.svc.cluster.local:8776/v3/fbeaf8cc974c4dd1a1aca922453ee7fb/os-quota-sets/fc3a6ab71e164b269ac86c888ea1d961?usage=true
2026-05-09 05:03:44.269 7 INFO cinder.api.openstack.wsgi [None req-2dfd3c04-48d9-4e80-82bd-41240dc42425 3a48a57508e346739313a5982193bdee fbeaf8cc974c4dd1a1aca922453ee7fb - - default default] http://cinder-api.openstack.svc.cluster.local:8776/v3/fbeaf8cc974c4dd1a1aca922453ee7fb/os-quota-sets/fc3a6ab71e164b269ac86c888ea1d961?usage=true returned with HTTP 200 [pid: 7|app: 0|req: 515/1034] 10.0.0.32 () {28 vars in 734 bytes} [Sat May 9 05:03:44 2026] GET /v3/fbeaf8cc974c4dd1a1aca922453ee7fb/os-quota-sets/fc3a6ab71e164b269ac86c888ea1d961?usage=true => generated 847 bytes in 25 msecs (HTTP/1.1 200) 7 headers in 285 bytes (1 switches on core 0)
2026-05-09 05:03:49.326 8 INFO cinder.api.openstack.wsgi [None req-e8a19904-811f-420a-a723-57602e3e958c 3a48a57508e346739313a5982193bdee fbeaf8cc974c4dd1a1aca922453ee7fb - - default default] GET http://10.0.0.123:8776/
2026-05-09 05:03:49.326 7 INFO cinder.api.openstack.wsgi [None req-2dfd3c04-48d9-4e80-82bd-41240dc42425 3a48a57508e346739313a5982193bdee fbeaf8cc974c4dd1a1aca922453ee7fb - - default default] GET http://10.0.0.123:8776/
2026-05-09 05:03:49.327 7 INFO cinder.api.openstack.wsgi [None req-2dfd3c04-48d9-4e80-82bd-41240dc42425 3a48a57508e346739313a5982193bdee fbeaf8cc974c4dd1a1aca922453ee7fb - - default default] http://10.0.0.123:8776/ returned with HTTP 300
2026-05-09 05:03:49.327 8 INFO cinder.api.openstack.wsgi [None req-e8a19904-811f-420a-a723-57602e3e958c 3a48a57508e346739313a5982193bdee fbeaf8cc974c4dd1a1aca922453ee7fb - - default default] http://10.0.0.123:8776/ returned with HTTP 300
2026-05-09 05:03:59.326 7 INFO cinder.api.openstack.wsgi [None req-2dfd3c04-48d9-4e80-82bd-41240dc42425 3a48a57508e346739313a5982193bdee fbeaf8cc974c4dd1a1aca922453ee7fb - - default default] GET http://10.0.0.123:8776/
2026-05-09 05:03:59.326 8 INFO cinder.api.openstack.wsgi [None req-e8a19904-811f-420a-a723-57602e3e958c 3a48a57508e346739313a5982193bdee fbeaf8cc974c4dd1a1aca922453ee7fb - - default default] GET http://10.0.0.123:8776/
2026-05-09 05:03:59.327 8 INFO cinder.api.openstack.wsgi [None req-e8a19904-811f-420a-a723-57602e3e958c 3a48a57508e346739313a5982193bdee fbeaf8cc974c4dd1a1aca922453ee7fb - - default default] http://10.0.0.123:8776/ returned with HTTP 300
2026-05-09 05:03:59.327 7 INFO cinder.api.openstack.wsgi [None req-2dfd3c04-48d9-4e80-82bd-41240dc42425 3a48a57508e346739313a5982193bdee fbeaf8cc974c4dd1a1aca922453ee7fb - - default default] http://10.0.0.123:8776/ returned with HTTP 300
2026-05-09 05:04:08.519 7 INFO cinder.api.openstack.wsgi [None req-d7407bf2-cf08-4208-8584-f27e2ad10880 3a48a57508e346739313a5982193bdee fbeaf8cc974c4dd1a1aca922453ee7fb - - default default] GET http://cinder-api.openstack.svc.cluster.local:8776/v3/fbeaf8cc974c4dd1a1aca922453ee7fb/snapshots
2026-05-09 05:04:08.531 7 INFO cinder.volume.api [None req-d7407bf2-cf08-4208-8584-f27e2ad10880 3a48a57508e346739313a5982193bdee fbeaf8cc974c4dd1a1aca922453ee7fb - - default default] Get all snapshots completed successfully.
2026-05-09 05:04:08.532 7 INFO cinder.api.openstack.wsgi [None req-d7407bf2-cf08-4208-8584-f27e2ad10880 3a48a57508e346739313a5982193bdee fbeaf8cc974c4dd1a1aca922453ee7fb - - default default] http://cinder-api.openstack.svc.cluster.local:8776/v3/fbeaf8cc974c4dd1a1aca922453ee7fb/snapshots returned with HTTP 200 [pid: 7|app: 0|req: 518/1039] 10.0.0.53 () {32 vars in 703 bytes} [Sat May 9 05:04:08 2026] GET /v3/fbeaf8cc974c4dd1a1aca922453ee7fb/snapshots => generated 17 bytes in 18 msecs (HTTP/1.1 200) 7 headers in 284 bytes (1 switches on core 0)
2026-05-09 05:04:08.546 8 INFO cinder.api.openstack.wsgi [None req-a7e5f1e6-03f9-4815-9406-a98dc6cc2e20 3a48a57508e346739313a5982193bdee fbeaf8cc974c4dd1a1aca922453ee7fb - - default default] GET http://cinder-api.openstack.svc.cluster.local:8776/v3/fbeaf8cc974c4dd1a1aca922453ee7fb/volumes
2026-05-09 05:04:08.575 8 INFO cinder.volume.api [None req-a7e5f1e6-03f9-4815-9406-a98dc6cc2e20 3a48a57508e346739313a5982193bdee fbeaf8cc974c4dd1a1aca922453ee7fb - - default default] Get all volumes completed successfully.
2026-05-09 05:04:08.576 8 INFO cinder.api.openstack.wsgi [None req-a7e5f1e6-03f9-4815-9406-a98dc6cc2e20 3a48a57508e346739313a5982193bdee fbeaf8cc974c4dd1a1aca922453ee7fb - - default default] http://cinder-api.openstack.svc.cluster.local:8776/v3/fbeaf8cc974c4dd1a1aca922453ee7fb/volumes returned with HTTP 200 [pid: 8|app: 0|req: 522/1040] 10.0.0.53 () {32 vars in 699 bytes} [Sat May 9 05:04:08 2026] GET /v3/fbeaf8cc974c4dd1a1aca922453ee7fb/volumes => generated 15 bytes in 36 msecs (HTTP/1.1 200) 7 headers in 284 bytes (1 switches on core 0)
2026-05-09 05:04:09.326 7 INFO cinder.api.openstack.wsgi [None req-d7407bf2-cf08-4208-8584-f27e2ad10880 3a48a57508e346739313a5982193bdee fbeaf8cc974c4dd1a1aca922453ee7fb - - default default] GET http://10.0.0.123:8776/
2026-05-09 05:04:09.326 8 INFO cinder.api.openstack.wsgi [None req-a7e5f1e6-03f9-4815-9406-a98dc6cc2e20 3a48a57508e346739313a5982193bdee fbeaf8cc974c4dd1a1aca922453ee7fb - - default default] GET http://10.0.0.123:8776/
2026-05-09 05:04:09.327 7 INFO cinder.api.openstack.wsgi [None req-d7407bf2-cf08-4208-8584-f27e2ad10880 3a48a57508e346739313a5982193bdee fbeaf8cc974c4dd1a1aca922453ee7fb - - default default] http://10.0.0.123:8776/ returned with HTTP 300
2026-05-09 05:04:09.327 8 INFO cinder.api.openstack.wsgi [None req-a7e5f1e6-03f9-4815-9406-a98dc6cc2e20 3a48a57508e346739313a5982193bdee fbeaf8cc974c4dd1a1aca922453ee7fb - - default default] http://10.0.0.123:8776/ returned with HTTP 300
2026-05-09 05:04:19.325 7 INFO cinder.api.openstack.wsgi [None req-d7407bf2-cf08-4208-8584-f27e2ad10880 3a48a57508e346739313a5982193bdee fbeaf8cc974c4dd1a1aca922453ee7fb - - default default] GET http://10.0.0.123:8776/
2026-05-09 05:04:19.326 8 INFO cinder.api.openstack.wsgi [None req-a7e5f1e6-03f9-4815-9406-a98dc6cc2e20 3a48a57508e346739313a5982193bdee fbeaf8cc974c4dd1a1aca922453ee7fb - - default default] GET http://10.0.0.123:8776/
2026-05-09 05:04:19.326 7 INFO cinder.api.openstack.wsgi [None req-d7407bf2-cf08-4208-8584-f27e2ad10880 3a48a57508e346739313a5982193bdee fbeaf8cc974c4dd1a1aca922453ee7fb - - default default] http://10.0.0.123:8776/ returned with HTTP 300
2026-05-09 05:04:19.327 8 INFO cinder.api.openstack.wsgi [None req-a7e5f1e6-03f9-4815-9406-a98dc6cc2e20 3a48a57508e346739313a5982193bdee fbeaf8cc974c4dd1a1aca922453ee7fb - - default default] http://10.0.0.123:8776/ returned with HTTP 300
2026-05-09 05:04:29.326 7 INFO cinder.api.openstack.wsgi [None req-d7407bf2-cf08-4208-8584-f27e2ad10880 3a48a57508e346739313a5982193bdee fbeaf8cc974c4dd1a1aca922453ee7fb - - default default] GET http://10.0.0.123:8776/
2026-05-09 05:04:29.326 8 INFO cinder.api.openstack.wsgi [None req-a7e5f1e6-03f9-4815-9406-a98dc6cc2e20 3a48a57508e346739313a5982193bdee fbeaf8cc974c4dd1a1aca922453ee7fb - - default default] GET http://10.0.0.123:8776/
2026-05-09 05:04:29.327 7 INFO cinder.api.openstack.wsgi [None req-d7407bf2-cf08-4208-8584-f27e2ad10880 3a48a57508e346739313a5982193bdee fbeaf8cc974c4dd1a1aca922453ee7fb - - default default] http://10.0.0.123:8776/ returned with HTTP 300
2026-05-09 05:04:29.327 8 INFO cinder.api.openstack.wsgi [None req-a7e5f1e6-03f9-4815-9406-a98dc6cc2e20 3a48a57508e346739313a5982193bdee fbeaf8cc974c4dd1a1aca922453ee7fb - - default default] http://10.0.0.123:8776/ returned with HTTP 300
2026-05-09 05:04:39.326 8 INFO cinder.api.openstack.wsgi [None req-a7e5f1e6-03f9-4815-9406-a98dc6cc2e20 3a48a57508e346739313a5982193bdee fbeaf8cc974c4dd1a1aca922453ee7fb - - default default] GET http://10.0.0.123:8776/
2026-05-09 05:04:39.326 7 INFO cinder.api.openstack.wsgi [None req-d7407bf2-cf08-4208-8584-f27e2ad10880 3a48a57508e346739313a5982193bdee fbeaf8cc974c4dd1a1aca922453ee7fb - - default default] GET http://10.0.0.123:8776/
2026-05-09 05:04:39.327 8 INFO cinder.api.openstack.wsgi [None req-a7e5f1e6-03f9-4815-9406-a98dc6cc2e20 3a48a57508e346739313a5982193bdee fbeaf8cc974c4dd1a1aca922453ee7fb - - default default] http://10.0.0.123:8776/ returned with HTTP 300
2026-05-09 05:04:39.327 7 INFO cinder.api.openstack.wsgi [None req-d7407bf2-cf08-4208-8584-f27e2ad10880 3a48a57508e346739313a5982193bdee fbeaf8cc974c4dd1a1aca922453ee7fb - - default default] http://10.0.0.123:8776/ returned with HTTP 300
2026-05-09 05:04:43.386 8 INFO cinder.api.openstack.wsgi [None req-5e446e71-602f-4716-89d1-e499e60f35be 3a48a57508e346739313a5982193bdee fbeaf8cc974c4dd1a1aca922453ee7fb - - default default] GET http://cinder-api.openstack.svc.cluster.local:8776/v3/fbeaf8cc974c4dd1a1aca922453ee7fb/volumes/detail?all_tenants=true
2026-05-09 05:04:43.398 8 INFO cinder.volume.api [None req-5e446e71-602f-4716-89d1-e499e60f35be 3a48a57508e346739313a5982193bdee fbeaf8cc974c4dd1a1aca922453ee7fb - - default default] Get all volumes completed successfully.
2026-05-09 05:04:43.400 8 INFO cinder.api.openstack.wsgi [None req-5e446e71-602f-4716-89d1-e499e60f35be 3a48a57508e346739313a5982193bdee fbeaf8cc974c4dd1a1aca922453ee7fb - - default default] http://cinder-api.openstack.svc.cluster.local:8776/v3/fbeaf8cc974c4dd1a1aca922453ee7fb/volumes/detail?all_tenants=true returned with HTTP 200 [pid: 8|app: 0|req: 527/1049] 10.0.0.32 () {28 vars in 682 bytes} [Sat May 9 05:04:43 2026] GET /v3/fbeaf8cc974c4dd1a1aca922453ee7fb/volumes/detail?all_tenants=true => generated 15 bytes in 137 msecs (HTTP/1.1 200) 7 headers in 284 bytes (1 switches on core 0)
2026-05-09 05:04:43.413 7 INFO cinder.api.openstack.wsgi [None req-1a4241ad-32e0-4ca8-9e00-8efbf53ed297 3a48a57508e346739313a5982193bdee fbeaf8cc974c4dd1a1aca922453ee7fb - - default default] GET http://cinder-api.openstack.svc.cluster.local:8776/v3/fbeaf8cc974c4dd1a1aca922453ee7fb/snapshots?all_tenants=true
2026-05-09 05:04:43.421 7 INFO cinder.volume.api [None req-1a4241ad-32e0-4ca8-9e00-8efbf53ed297 3a48a57508e346739313a5982193bdee fbeaf8cc974c4dd1a1aca922453ee7fb - - default default] Get all snapshots completed successfully.
2026-05-09 05:04:43.421 7 INFO cinder.api.openstack.wsgi [None req-1a4241ad-32e0-4ca8-9e00-8efbf53ed297 3a48a57508e346739313a5982193bdee fbeaf8cc974c4dd1a1aca922453ee7fb - - default default] http://cinder-api.openstack.svc.cluster.local:8776/v3/fbeaf8cc974c4dd1a1aca922453ee7fb/snapshots?all_tenants=true returned with HTTP 200 [pid: 7|app: 0|req: 523/1050] 10.0.0.32 () {28 vars in 672 bytes} [Sat May 9 05:04:43 2026] GET /v3/fbeaf8cc974c4dd1a1aca922453ee7fb/snapshots?all_tenants=true => generated 17 bytes in 15 msecs (HTTP/1.1 200) 7 headers in 284 bytes (1 switches on core 0)
2026-05-09 05:04:43.433 8 INFO cinder.api.openstack.wsgi [None req-8ade7124-cc88-400a-bae2-0d8da905a69a 3a48a57508e346739313a5982193bdee fbeaf8cc974c4dd1a1aca922453ee7fb - - default default] GET http://cinder-api.openstack.svc.cluster.local:8776/v3/fbeaf8cc974c4dd1a1aca922453ee7fb/os-services
2026-05-09 05:04:43.439 8 INFO cinder.api.openstack.wsgi [None req-8ade7124-cc88-400a-bae2-0d8da905a69a 3a48a57508e346739313a5982193bdee fbeaf8cc974c4dd1a1aca922453ee7fb - - default default] http://cinder-api.openstack.svc.cluster.local:8776/v3/fbeaf8cc974c4dd1a1aca922453ee7fb/os-services returned with HTTP 200 [pid: 8|app: 0|req: 528/1051] 10.0.0.32 () {28 vars in 643 bytes} [Sat May 9 05:04:43 2026] GET /v3/fbeaf8cc974c4dd1a1aca922453ee7fb/os-services => generated 646 bytes in 14 msecs (HTTP/1.1 200) 7 headers in 285 bytes (1 switches on core 0)
2026-05-09 05:04:43.455 7 INFO cinder.api.openstack.wsgi [None req-ef9004d8-cc02-44da-a36d-7cbad08c725f 3a48a57508e346739313a5982193bdee fbeaf8cc974c4dd1a1aca922453ee7fb - - default default] GET http://cinder-api.openstack.svc.cluster.local:8776/v3/fbeaf8cc974c4dd1a1aca922453ee7fb/scheduler-stats/get_pools?detail=true
2026-05-09 05:04:43.958 7 INFO cinder.api.openstack.wsgi [None req-ef9004d8-cc02-44da-a36d-7cbad08c725f 3a48a57508e346739313a5982193bdee fbeaf8cc974c4dd1a1aca922453ee7fb - - default default] http://cinder-api.openstack.svc.cluster.local:8776/v3/fbeaf8cc974c4dd1a1aca922453ee7fb/scheduler-stats/get_pools?detail=true returned with HTTP 200 [pid: 7|app: 0|req: 524/1052] 10.0.0.32 () {28 vars in 694 bytes} [Sat May 9 05:04:43 2026] GET /v3/fbeaf8cc974c4dd1a1aca922453ee7fb/scheduler-stats/get_pools?detail=true => generated 670 bytes in 513 msecs (HTTP/1.1 200) 7 headers in 285 bytes (1 switches on core 0)
2026-05-09 05:04:43.972 8 INFO cinder.api.openstack.wsgi [None req-4054b433-d8d6-4682-8584-017a5b650533 3a48a57508e346739313a5982193bdee fbeaf8cc974c4dd1a1aca922453ee7fb - - default default] GET http://cinder-api.openstack.svc.cluster.local:8776/v3/fbeaf8cc974c4dd1a1aca922453ee7fb/volumes/detail?all_tenants=true
2026-05-09 05:04:43.980 8 INFO cinder.volume.api [None req-4054b433-d8d6-4682-8584-017a5b650533 3a48a57508e346739313a5982193bdee fbeaf8cc974c4dd1a1aca922453ee7fb - - default default] Get all volumes completed successfully.
2026-05-09 05:04:43.982 8 INFO cinder.api.openstack.wsgi [None req-4054b433-d8d6-4682-8584-017a5b650533 3a48a57508e346739313a5982193bdee fbeaf8cc974c4dd1a1aca922453ee7fb - - default default] http://cinder-api.openstack.svc.cluster.local:8776/v3/fbeaf8cc974c4dd1a1aca922453ee7fb/volumes/detail?all_tenants=true returned with HTTP 200 [pid: 8|app: 0|req: 529/1053] 10.0.0.32 () {28 vars in 682 bytes} [Sat May 9 05:04:43 2026] GET /v3/fbeaf8cc974c4dd1a1aca922453ee7fb/volumes/detail?all_tenants=true => generated 15 bytes in 17 msecs (HTTP/1.1 200) 7 headers in 284 bytes (1 switches on core 0)
2026-05-09 05:04:44.027 7 INFO cinder.api.openstack.wsgi [None req-06e0590e-26e4-4cf6-a77d-c4788a52681c 3a48a57508e346739313a5982193bdee fbeaf8cc974c4dd1a1aca922453ee7fb - - default default] GET http://cinder-api.openstack.svc.cluster.local:8776/v3/fbeaf8cc974c4dd1a1aca922453ee7fb/os-quota-sets/0ea114ebc306402aa94b0c5210db666f?usage=true
2026-05-09 05:04:44.055 7 INFO cinder.api.openstack.wsgi [None req-06e0590e-26e4-4cf6-a77d-c4788a52681c 3a48a57508e346739313a5982193bdee fbeaf8cc974c4dd1a1aca922453ee7fb - - default default] http://cinder-api.openstack.svc.cluster.local:8776/v3/fbeaf8cc974c4dd1a1aca922453ee7fb/os-quota-sets/0ea114ebc306402aa94b0c5210db666f?usage=true returned with HTTP 200 [pid: 7|app: 0|req: 525/1054] 10.0.0.32 () {28 vars in 734 bytes} [Sat May 9 05:04:44 2026] GET /v3/fbeaf8cc974c4dd1a1aca922453ee7fb/os-quota-sets/0ea114ebc306402aa94b0c5210db666f?usage=true => generated 845 bytes in 35 msecs (HTTP/1.1 200) 7 headers in 285 bytes (1 switches on core 0)
2026-05-09 05:04:44.066 8 INFO cinder.api.openstack.wsgi [None req-bcfd38c8-1552-4194-a313-11cb8956bafc 3a48a57508e346739313a5982193bdee fbeaf8cc974c4dd1a1aca922453ee7fb - - default default] GET http://cinder-api.openstack.svc.cluster.local:8776/v3/fbeaf8cc974c4dd1a1aca922453ee7fb/os-quota-sets/a7a051eaafbc48f995b26094da222bb8?usage=true
2026-05-09 05:04:44.087 8 INFO cinder.api.openstack.wsgi [None req-bcfd38c8-1552-4194-a313-11cb8956bafc 3a48a57508e346739313a5982193bdee fbeaf8cc974c4dd1a1aca922453ee7fb - - default default] http://cinder-api.openstack.svc.cluster.local:8776/v3/fbeaf8cc974c4dd1a1aca922453ee7fb/os-quota-sets/a7a051eaafbc48f995b26094da222bb8?usage=true returned with HTTP 200 [pid: 8|app: 0|req: 530/1055] 10.0.0.32 () {28 vars in 734 bytes} [Sat May 9 05:04:44 2026] GET /v3/fbeaf8cc974c4dd1a1aca922453ee7fb/os-quota-sets/a7a051eaafbc48f995b26094da222bb8?usage=true => generated 847 bytes in 28 msecs (HTTP/1.1 200) 7 headers in 285 bytes (1 switches on core 0)
2026-05-09 05:04:44.099 7 INFO cinder.api.openstack.wsgi [None req-9d1bd107-0ae7-4dee-8d5f-d306595a06ad 3a48a57508e346739313a5982193bdee fbeaf8cc974c4dd1a1aca922453ee7fb - - default default] GET http://cinder-api.openstack.svc.cluster.local:8776/v3/fbeaf8cc974c4dd1a1aca922453ee7fb/os-quota-sets/fbeaf8cc974c4dd1a1aca922453ee7fb?usage=true
2026-05-09 05:04:44.127 7 INFO cinder.api.openstack.wsgi [None req-9d1bd107-0ae7-4dee-8d5f-d306595a06ad 3a48a57508e346739313a5982193bdee fbeaf8cc974c4dd1a1aca922453ee7fb - - default default] http://cinder-api.openstack.svc.cluster.local:8776/v3/fbeaf8cc974c4dd1a1aca922453ee7fb/os-quota-sets/fbeaf8cc974c4dd1a1aca922453ee7fb?usage=true returned with HTTP 200 [pid: 7|app: 0|req: 526/1056] 10.0.0.32 () {28 vars in 734 bytes} [Sat May 9 05:04:44 2026] GET /v3/fbeaf8cc974c4dd1a1aca922453ee7fb/os-quota-sets/fbeaf8cc974c4dd1a1aca922453ee7fb?usage=true => generated 845 bytes in 35 msecs (HTTP/1.1 200) 7 headers in 285 bytes (1 switches on core 0)
2026-05-09 05:04:49.325 8 INFO cinder.api.openstack.wsgi [None req-bcfd38c8-1552-4194-a313-11cb8956bafc 3a48a57508e346739313a5982193bdee fbeaf8cc974c4dd1a1aca922453ee7fb - - default default] GET http://10.0.0.123:8776/
2026-05-09 05:04:49.326 7 INFO cinder.api.openstack.wsgi [None req-9d1bd107-0ae7-4dee-8d5f-d306595a06ad 3a48a57508e346739313a5982193bdee fbeaf8cc974c4dd1a1aca922453ee7fb - - default default] GET http://10.0.0.123:8776/
2026-05-09 05:04:49.326 8 INFO cinder.api.openstack.wsgi [None req-bcfd38c8-1552-4194-a313-11cb8956bafc 3a48a57508e346739313a5982193bdee fbeaf8cc974c4dd1a1aca922453ee7fb - - default default] http://10.0.0.123:8776/ returned with HTTP 300
2026-05-09 05:04:49.327 7 INFO cinder.api.openstack.wsgi [None req-9d1bd107-0ae7-4dee-8d5f-d306595a06ad 3a48a57508e346739313a5982193bdee fbeaf8cc974c4dd1a1aca922453ee7fb - - default default] http://10.0.0.123:8776/ returned with HTTP 300
2026-05-09 05:04:59.325 8 INFO cinder.api.openstack.wsgi [None req-bcfd38c8-1552-4194-a313-11cb8956bafc 3a48a57508e346739313a5982193bdee fbeaf8cc974c4dd1a1aca922453ee7fb - - default default] GET http://10.0.0.123:8776/
2026-05-09 05:04:59.326 8 INFO cinder.api.openstack.wsgi [None req-bcfd38c8-1552-4194-a313-11cb8956bafc 3a48a57508e346739313a5982193bdee fbeaf8cc974c4dd1a1aca922453ee7fb - - default default] http://10.0.0.123:8776/ returned with HTTP 300
2026-05-09 05:04:59.327 7 INFO cinder.api.openstack.wsgi [None req-9d1bd107-0ae7-4dee-8d5f-d306595a06ad 3a48a57508e346739313a5982193bdee fbeaf8cc974c4dd1a1aca922453ee7fb - - default default] GET http://10.0.0.123:8776/
2026-05-09 05:04:59.328 7 INFO cinder.api.openstack.wsgi [None req-9d1bd107-0ae7-4dee-8d5f-d306595a06ad 3a48a57508e346739313a5982193bdee fbeaf8cc974c4dd1a1aca922453ee7fb - - default default] http://10.0.0.123:8776/ returned with HTTP 300
2026-05-09 05:05:09.325 7 INFO cinder.api.openstack.wsgi [None req-9d1bd107-0ae7-4dee-8d5f-d306595a06ad 3a48a57508e346739313a5982193bdee fbeaf8cc974c4dd1a1aca922453ee7fb - - default default] GET http://10.0.0.123:8776/
2026-05-09 05:05:09.325 8 INFO cinder.api.openstack.wsgi [None req-bcfd38c8-1552-4194-a313-11cb8956bafc 3a48a57508e346739313a5982193bdee fbeaf8cc974c4dd1a1aca922453ee7fb - - default default] GET http://10.0.0.123:8776/
2026-05-09 05:05:09.326 7 INFO cinder.api.openstack.wsgi [None req-9d1bd107-0ae7-4dee-8d5f-d306595a06ad 3a48a57508e346739313a5982193bdee fbeaf8cc974c4dd1a1aca922453ee7fb - - default default] http://10.0.0.123:8776/ returned with HTTP 300
2026-05-09 05:05:09.326 8 INFO cinder.api.openstack.wsgi [None req-bcfd38c8-1552-4194-a313-11cb8956bafc 3a48a57508e346739313a5982193bdee fbeaf8cc974c4dd1a1aca922453ee7fb - - default default] http://10.0.0.123:8776/ returned with HTTP 300
2026-05-09 05:05:19.326 7 INFO cinder.api.openstack.wsgi [None req-9d1bd107-0ae7-4dee-8d5f-d306595a06ad 3a48a57508e346739313a5982193bdee fbeaf8cc974c4dd1a1aca922453ee7fb - - default default] GET http://10.0.0.123:8776/
2026-05-09 05:05:19.326 8 INFO cinder.api.openstack.wsgi [None req-bcfd38c8-1552-4194-a313-11cb8956bafc 3a48a57508e346739313a5982193bdee fbeaf8cc974c4dd1a1aca922453ee7fb - - default default] GET http://10.0.0.123:8776/
2026-05-09 05:05:19.328 7 INFO cinder.api.openstack.wsgi [None req-9d1bd107-0ae7-4dee-8d5f-d306595a06ad 3a48a57508e346739313a5982193bdee fbeaf8cc974c4dd1a1aca922453ee7fb - - default default] http://10.0.0.123:8776/ returned with HTTP 300
2026-05-09 05:05:19.328 8 INFO cinder.api.openstack.wsgi [None req-bcfd38c8-1552-4194-a313-11cb8956bafc 3a48a57508e346739313a5982193bdee fbeaf8cc974c4dd1a1aca922453ee7fb - - default default] http://10.0.0.123:8776/ returned with HTTP 300
2026-05-09 05:05:29.326 7 INFO cinder.api.openstack.wsgi [None req-9d1bd107-0ae7-4dee-8d5f-d306595a06ad 3a48a57508e346739313a5982193bdee fbeaf8cc974c4dd1a1aca922453ee7fb - - default default] GET http://10.0.0.123:8776/
2026-05-09 05:05:29.326 8 INFO cinder.api.openstack.wsgi [None req-bcfd38c8-1552-4194-a313-11cb8956bafc 3a48a57508e346739313a5982193bdee fbeaf8cc974c4dd1a1aca922453ee7fb - - default default] GET http://10.0.0.123:8776/
2026-05-09 05:05:29.326 7 INFO cinder.api.openstack.wsgi [None req-9d1bd107-0ae7-4dee-8d5f-d306595a06ad 3a48a57508e346739313a5982193bdee fbeaf8cc974c4dd1a1aca922453ee7fb - - default default] http://10.0.0.123:8776/ returned with HTTP 300
2026-05-09 05:05:29.326 8 INFO cinder.api.openstack.wsgi [None req-bcfd38c8-1552-4194-a313-11cb8956bafc 3a48a57508e346739313a5982193bdee fbeaf8cc974c4dd1a1aca922453ee7fb - - default default] http://10.0.0.123:8776/ returned with HTTP 300
2026-05-09 05:05:39.326 8 INFO cinder.api.openstack.wsgi [None req-bcfd38c8-1552-4194-a313-11cb8956bafc 3a48a57508e346739313a5982193bdee fbeaf8cc974c4dd1a1aca922453ee7fb - - default default] GET http://10.0.0.123:8776/
2026-05-09 05:05:39.326 7 INFO cinder.api.openstack.wsgi [None req-9d1bd107-0ae7-4dee-8d5f-d306595a06ad 3a48a57508e346739313a5982193bdee fbeaf8cc974c4dd1a1aca922453ee7fb - - default default] GET http://10.0.0.123:8776/
2026-05-09 05:05:39.327 8 INFO cinder.api.openstack.wsgi [None req-bcfd38c8-1552-4194-a313-11cb8956bafc 3a48a57508e346739313a5982193bdee fbeaf8cc974c4dd1a1aca922453ee7fb - - default default] http://10.0.0.123:8776/ returned with HTTP 300
2026-05-09 05:05:39.327 7 INFO cinder.api.openstack.wsgi [None req-9d1bd107-0ae7-4dee-8d5f-d306595a06ad 3a48a57508e346739313a5982193bdee fbeaf8cc974c4dd1a1aca922453ee7fb - - default default] http://10.0.0.123:8776/ returned with HTTP 300
2026-05-09 05:05:43.326 8 INFO cinder.api.openstack.wsgi [None req-158c6996-4174-4430-81dd-b4a775c08d0a 3a48a57508e346739313a5982193bdee fbeaf8cc974c4dd1a1aca922453ee7fb - - default default] GET http://cinder-api.openstack.svc.cluster.local:8776/v3/fbeaf8cc974c4dd1a1aca922453ee7fb/volumes/detail?all_tenants=true
2026-05-09 05:05:43.335 8 INFO cinder.volume.api [None req-158c6996-4174-4430-81dd-b4a775c08d0a 3a48a57508e346739313a5982193bdee fbeaf8cc974c4dd1a1aca922453ee7fb - - default default] Get all volumes completed successfully.
2026-05-09 05:05:43.338 8 INFO cinder.api.openstack.wsgi [None req-158c6996-4174-4430-81dd-b4a775c08d0a 3a48a57508e346739313a5982193bdee fbeaf8cc974c4dd1a1aca922453ee7fb - - default default] http://cinder-api.openstack.svc.cluster.local:8776/v3/fbeaf8cc974c4dd1a1aca922453ee7fb/volumes/detail?all_tenants=true returned with HTTP 200 [pid: 8|app: 0|req: 537/1069] 10.0.0.32 () {28 vars in 682 bytes} [Sat May 9 05:05:43 2026] GET /v3/fbeaf8cc974c4dd1a1aca922453ee7fb/volumes/detail?all_tenants=true => generated 15 bytes in 54 msecs (HTTP/1.1 200) 7 headers in 284 bytes (1 switches on core 0)
2026-05-09 05:05:43.349 7 INFO cinder.api.openstack.wsgi [None req-c77a646f-d7c8-4df6-a83d-208030b8cb1d 3a48a57508e346739313a5982193bdee fbeaf8cc974c4dd1a1aca922453ee7fb - - default default] GET http://cinder-api.openstack.svc.cluster.local:8776/v3/fbeaf8cc974c4dd1a1aca922453ee7fb/scheduler-stats/get_pools?detail=true
2026-05-09 05:05:43.852 7 INFO cinder.api.openstack.wsgi [None req-c77a646f-d7c8-4df6-a83d-208030b8cb1d 3a48a57508e346739313a5982193bdee fbeaf8cc974c4dd1a1aca922453ee7fb - - default default] http://cinder-api.openstack.svc.cluster.local:8776/v3/fbeaf8cc974c4dd1a1aca922453ee7fb/scheduler-stats/get_pools?detail=true returned with HTTP 200 [pid: 7|app: 0|req: 533/1070] 10.0.0.32 () {28 vars in 694 bytes} [Sat May 9 05:05:43 2026] GET /v3/fbeaf8cc974c4dd1a1aca922453ee7fb/scheduler-stats/get_pools?detail=true => generated 670 bytes in 510 msecs (HTTP/1.1 200) 7 headers in 285 bytes (1 switches on core 0)
2026-05-09 05:05:43.889 8 INFO cinder.api.openstack.wsgi [None req-898a6934-f215-4064-9256-242c2aba6cac 3a48a57508e346739313a5982193bdee fbeaf8cc974c4dd1a1aca922453ee7fb - - default default] GET http://cinder-api.openstack.svc.cluster.local:8776/v3/fbeaf8cc974c4dd1a1aca922453ee7fb/os-quota-sets/0ea114ebc306402aa94b0c5210db666f?usage=true
2026-05-09 05:05:43.909 8 INFO cinder.api.openstack.wsgi [None req-898a6934-f215-4064-9256-242c2aba6cac 3a48a57508e346739313a5982193bdee fbeaf8cc974c4dd1a1aca922453ee7fb - - default default] http://cinder-api.openstack.svc.cluster.local:8776/v3/fbeaf8cc974c4dd1a1aca922453ee7fb/os-quota-sets/0ea114ebc306402aa94b0c5210db666f?usage=true returned with HTTP 200 [pid: 8|app: 0|req: 538/1071] 10.0.0.32 () {28 vars in 734 bytes} [Sat May 9 05:05:43 2026] GET /v3/fbeaf8cc974c4dd1a1aca922453ee7fb/os-quota-sets/0ea114ebc306402aa94b0c5210db666f?usage=true => generated 845 bytes in 27 msecs (HTTP/1.1 200) 7 headers in 285 bytes (1 switches on core 0)
2026-05-09 05:05:43.919 7 INFO cinder.api.openstack.wsgi [None req-9fd6efff-8cb7-4cb2-bcba-38bdab4f57f3 3a48a57508e346739313a5982193bdee fbeaf8cc974c4dd1a1aca922453ee7fb - - default default] GET http://cinder-api.openstack.svc.cluster.local:8776/v3/fbeaf8cc974c4dd1a1aca922453ee7fb/os-quota-sets/a7a051eaafbc48f995b26094da222bb8?usage=true
