2026-05-09 04:59:43.952 7 INFO cinder.api.openstack.wsgi [None req-ad26bf19-d523-4b80-addf-63a3027c6c3e 3a48a57508e346739313a5982193bdee fbeaf8cc974c4dd1a1aca922453ee7fb - - default default] GET http://cinder-api.openstack.svc.cluster.local:8776/v3/fbeaf8cc974c4dd1a1aca922453ee7fb/volumes/detail?all_tenants=true
2026-05-09 04:59:43.963 7 INFO cinder.volume.api [None req-ad26bf19-d523-4b80-addf-63a3027c6c3e 3a48a57508e346739313a5982193bdee fbeaf8cc974c4dd1a1aca922453ee7fb - - default default] Get all volumes completed successfully.
2026-05-09 04:59:43.964 7 INFO cinder.api.openstack.wsgi [None req-ad26bf19-d523-4b80-addf-63a3027c6c3e 3a48a57508e346739313a5982193bdee fbeaf8cc974c4dd1a1aca922453ee7fb - - default default] http://cinder-api.openstack.svc.cluster.local:8776/v3/fbeaf8cc974c4dd1a1aca922453ee7fb/volumes/detail?all_tenants=true returned with HTTP 200 [pid: 7|app: 0|req: 449/900] 10.0.0.32 () {28 vars in 682 bytes} [Sat May 9 04:59:43 2026] GET /v3/fbeaf8cc974c4dd1a1aca922453ee7fb/volumes/detail?all_tenants=true => generated 15 bytes in 17 msecs (HTTP/1.1 200) 7 headers in 284 bytes (1 switches on core 0)
2026-05-09 04:59:43.973 8 INFO cinder.api.openstack.wsgi [None req-1a3639ce-b992-41ef-9734-7ffe5448d0f3 3a48a57508e346739313a5982193bdee fbeaf8cc974c4dd1a1aca922453ee7fb - - default default] GET http://cinder-api.openstack.svc.cluster.local:8776/v3/fbeaf8cc974c4dd1a1aca922453ee7fb/snapshots?all_tenants=true
2026-05-09 04:59:43.980 8 INFO cinder.volume.api [None req-1a3639ce-b992-41ef-9734-7ffe5448d0f3 3a48a57508e346739313a5982193bdee fbeaf8cc974c4dd1a1aca922453ee7fb - - default default] Get all snapshots completed successfully.
2026-05-09 04:59:43.980 8 INFO cinder.api.openstack.wsgi [None req-1a3639ce-b992-41ef-9734-7ffe5448d0f3 3a48a57508e346739313a5982193bdee fbeaf8cc974c4dd1a1aca922453ee7fb - - default default] http://cinder-api.openstack.svc.cluster.local:8776/v3/fbeaf8cc974c4dd1a1aca922453ee7fb/snapshots?all_tenants=true returned with HTTP 200 [pid: 8|app: 0|req: 452/901] 10.0.0.32 () {28 vars in 672 bytes} [Sat May 9 04:59:43 2026] GET /v3/fbeaf8cc974c4dd1a1aca922453ee7fb/snapshots?all_tenants=true => generated 17 bytes in 12 msecs (HTTP/1.1 200) 7 headers in 284 bytes (1 switches on core 0)
2026-05-09 04:59:43.988 7 INFO cinder.api.openstack.wsgi [None req-a6c1bb78-a887-4e87-878d-ce94a64407c8 3a48a57508e346739313a5982193bdee fbeaf8cc974c4dd1a1aca922453ee7fb - - default default] GET http://cinder-api.openstack.svc.cluster.local:8776/v3/fbeaf8cc974c4dd1a1aca922453ee7fb/scheduler-stats/get_pools?detail=true
2026-05-09 04:59:44.491 7 INFO cinder.api.openstack.wsgi [None req-a6c1bb78-a887-4e87-878d-ce94a64407c8 3a48a57508e346739313a5982193bdee fbeaf8cc974c4dd1a1aca922453ee7fb - - default default] http://cinder-api.openstack.svc.cluster.local:8776/v3/fbeaf8cc974c4dd1a1aca922453ee7fb/scheduler-stats/get_pools?detail=true returned with HTTP 200 [pid: 7|app: 0|req: 450/902] 10.0.0.32 () {28 vars in 694 bytes} [Sat May 9 04:59:43 2026] GET /v3/fbeaf8cc974c4dd1a1aca922453ee7fb/scheduler-stats/get_pools?detail=true => generated 670 bytes in 509 msecs (HTTP/1.1 200) 7 headers in 285 bytes (1 switches on core 0)
2026-05-09 04:59:49.326 8 INFO cinder.api.openstack.wsgi [None req-1a3639ce-b992-41ef-9734-7ffe5448d0f3 3a48a57508e346739313a5982193bdee fbeaf8cc974c4dd1a1aca922453ee7fb - - default default] GET http://10.0.0.123:8776/
2026-05-09 04:59:49.327 7 INFO cinder.api.openstack.wsgi [None req-a6c1bb78-a887-4e87-878d-ce94a64407c8 3a48a57508e346739313a5982193bdee fbeaf8cc974c4dd1a1aca922453ee7fb - - default default] GET http://10.0.0.123:8776/
2026-05-09 04:59:49.327 8 INFO cinder.api.openstack.wsgi [None req-1a3639ce-b992-41ef-9734-7ffe5448d0f3 3a48a57508e346739313a5982193bdee fbeaf8cc974c4dd1a1aca922453ee7fb - - default default] http://10.0.0.123:8776/ returned with HTTP 300
2026-05-09 04:59:49.329 7 INFO cinder.api.openstack.wsgi [None req-a6c1bb78-a887-4e87-878d-ce94a64407c8 3a48a57508e346739313a5982193bdee fbeaf8cc974c4dd1a1aca922453ee7fb - - default default] http://10.0.0.123:8776/ returned with HTTP 300
2026-05-09 04:59:59.326 7 INFO cinder.api.openstack.wsgi [None req-a6c1bb78-a887-4e87-878d-ce94a64407c8 3a48a57508e346739313a5982193bdee fbeaf8cc974c4dd1a1aca922453ee7fb - - default default] GET http://10.0.0.123:8776/
2026-05-09 04:59:59.326 8 INFO cinder.api.openstack.wsgi [None req-1a3639ce-b992-41ef-9734-7ffe5448d0f3 3a48a57508e346739313a5982193bdee fbeaf8cc974c4dd1a1aca922453ee7fb - - default default] GET http://10.0.0.123:8776/
2026-05-09 04:59:59.327 7 INFO cinder.api.openstack.wsgi [None req-a6c1bb78-a887-4e87-878d-ce94a64407c8 3a48a57508e346739313a5982193bdee fbeaf8cc974c4dd1a1aca922453ee7fb - - default default] http://10.0.0.123:8776/ returned with HTTP 300
2026-05-09 04:59:59.327 8 INFO cinder.api.openstack.wsgi [None req-1a3639ce-b992-41ef-9734-7ffe5448d0f3 3a48a57508e346739313a5982193bdee fbeaf8cc974c4dd1a1aca922453ee7fb - - default default] http://10.0.0.123:8776/ returned with HTTP 300
2026-05-09 05:00:09.326 8 INFO cinder.api.openstack.wsgi [None req-1a3639ce-b992-41ef-9734-7ffe5448d0f3 3a48a57508e346739313a5982193bdee fbeaf8cc974c4dd1a1aca922453ee7fb - - default default] GET http://10.0.0.123:8776/
2026-05-09 05:00:09.326 7 INFO cinder.api.openstack.wsgi [None req-a6c1bb78-a887-4e87-878d-ce94a64407c8 3a48a57508e346739313a5982193bdee fbeaf8cc974c4dd1a1aca922453ee7fb - - default default] GET http://10.0.0.123:8776/
2026-05-09 05:00:09.327 8 INFO cinder.api.openstack.wsgi [None req-1a3639ce-b992-41ef-9734-7ffe5448d0f3 3a48a57508e346739313a5982193bdee fbeaf8cc974c4dd1a1aca922453ee7fb - - default default] http://10.0.0.123:8776/ returned with HTTP 300
2026-05-09 05:00:09.327 7 INFO cinder.api.openstack.wsgi [None req-a6c1bb78-a887-4e87-878d-ce94a64407c8 3a48a57508e346739313a5982193bdee fbeaf8cc974c4dd1a1aca922453ee7fb - - default default] http://10.0.0.123:8776/ returned with HTTP 300
2026-05-09 05:00:19.330 7 INFO cinder.api.openstack.wsgi [None req-a6c1bb78-a887-4e87-878d-ce94a64407c8 3a48a57508e346739313a5982193bdee fbeaf8cc974c4dd1a1aca922453ee7fb - - default default] GET http://10.0.0.123:8776/
2026-05-09 05:00:19.330 8 INFO cinder.api.openstack.wsgi [None req-1a3639ce-b992-41ef-9734-7ffe5448d0f3 3a48a57508e346739313a5982193bdee fbeaf8cc974c4dd1a1aca922453ee7fb - - default default] GET http://10.0.0.123:8776/
2026-05-09 05:00:19.332 8 INFO cinder.api.openstack.wsgi [None req-1a3639ce-b992-41ef-9734-7ffe5448d0f3 3a48a57508e346739313a5982193bdee fbeaf8cc974c4dd1a1aca922453ee7fb - - default default] http://10.0.0.123:8776/ returned with HTTP 300
2026-05-09 05:00:19.333 7 INFO cinder.api.openstack.wsgi [None req-a6c1bb78-a887-4e87-878d-ce94a64407c8 3a48a57508e346739313a5982193bdee fbeaf8cc974c4dd1a1aca922453ee7fb - - default default] http://10.0.0.123:8776/ returned with HTTP 300
2026-05-09 05:00:29.325 8 INFO cinder.api.openstack.wsgi [None req-1a3639ce-b992-41ef-9734-7ffe5448d0f3 3a48a57508e346739313a5982193bdee fbeaf8cc974c4dd1a1aca922453ee7fb - - default default] GET http://10.0.0.123:8776/
2026-05-09 05:00:29.325 7 INFO cinder.api.openstack.wsgi [None req-a6c1bb78-a887-4e87-878d-ce94a64407c8 3a48a57508e346739313a5982193bdee fbeaf8cc974c4dd1a1aca922453ee7fb - - default default] GET http://10.0.0.123:8776/
2026-05-09 05:00:29.326 8 INFO cinder.api.openstack.wsgi [None req-1a3639ce-b992-41ef-9734-7ffe5448d0f3 3a48a57508e346739313a5982193bdee fbeaf8cc974c4dd1a1aca922453ee7fb - - default default] http://10.0.0.123:8776/ returned with HTTP 300
2026-05-09 05:00:29.327 7 INFO cinder.api.openstack.wsgi [None req-a6c1bb78-a887-4e87-878d-ce94a64407c8 3a48a57508e346739313a5982193bdee fbeaf8cc974c4dd1a1aca922453ee7fb - - default default] http://10.0.0.123:8776/ returned with HTTP 300
2026-05-09 05:00:32.193 8 INFO cinder.api.openstack.wsgi [None req-f02d7524-faba-4e25-9440-907ea1318a4f 3a48a57508e346739313a5982193bdee fbeaf8cc974c4dd1a1aca922453ee7fb - - default default] POST http://cinder-api.openstack.svc.cluster.local:8776/v3/fbeaf8cc974c4dd1a1aca922453ee7fb/volumes
2026-05-09 05:00:32.327 8 INFO cinder.api.v3.volumes [None req-f02d7524-faba-4e25-9440-907ea1318a4f 3a48a57508e346739313a5982193bdee fbeaf8cc974c4dd1a1aca922453ee7fb - - default default] Create volume of 16 GB
2026-05-09 05:00:32.334 8 INFO cinder.volume.api [None req-f02d7524-faba-4e25-9440-907ea1318a4f 3a48a57508e346739313a5982193bdee fbeaf8cc974c4dd1a1aca922453ee7fb - - default default] Availability Zones retrieved successfully.
2026-05-09 05:00:32.540 8 INFO cinder.volume.api [None req-f02d7524-faba-4e25-9440-907ea1318a4f 3a48a57508e346739313a5982193bdee fbeaf8cc974c4dd1a1aca922453ee7fb - - default default] Create volume request issued successfully.
2026-05-09 05:00:32.541 8 INFO cinder.api.openstack.wsgi [None req-f02d7524-faba-4e25-9440-907ea1318a4f 3a48a57508e346739313a5982193bdee fbeaf8cc974c4dd1a1aca922453ee7fb - - default default] http://cinder-api.openstack.svc.cluster.local:8776/v3/fbeaf8cc974c4dd1a1aca922453ee7fb/volumes returned with HTTP 202 [pid: 8|app: 0|req: 458/913] 199.204.45.116 () {34 vars in 733 bytes} [Sat May 9 05:00:32 2026] POST /v3/fbeaf8cc974c4dd1a1aca922453ee7fb/volumes => generated 846 bytes in 430 msecs (HTTP/1.1 202) 7 headers in 291 bytes (1 switches on core 0)
2026-05-09 05:00:32.555 7 INFO cinder.api.openstack.wsgi [req-f02d7524-faba-4e25-9440-907ea1318a4f req-4cfe388e-e53c-4bcf-873f-b8df542894dd 3a48a57508e346739313a5982193bdee fbeaf8cc974c4dd1a1aca922453ee7fb - - default default] GET http://cinder-api.openstack.svc.cluster.local:8776/v3/fbeaf8cc974c4dd1a1aca922453ee7fb/volumes/1985b60f-576e-4446-beb8-407a6cba6733 /var/lib/openstack/lib/python3.12/site-packages/oslo_context/context.py:101: DeprecationWarning: Policy enforcement is depending on the value of is_admin. This key is deprecated. Please update your policy file to use the standard policy values. warnings.warn(
2026-05-09 05:00:32.605 7 INFO cinder.volume.api [req-f02d7524-faba-4e25-9440-907ea1318a4f req-4cfe388e-e53c-4bcf-873f-b8df542894dd 3a48a57508e346739313a5982193bdee fbeaf8cc974c4dd1a1aca922453ee7fb - - default default] Volume info retrieved successfully.
2026-05-09 05:00:32.609 7 INFO cinder.api.openstack.wsgi [req-f02d7524-faba-4e25-9440-907ea1318a4f req-4cfe388e-e53c-4bcf-873f-b8df542894dd 3a48a57508e346739313a5982193bdee fbeaf8cc974c4dd1a1aca922453ee7fb - - default default] http://cinder-api.openstack.svc.cluster.local:8776/v3/fbeaf8cc974c4dd1a1aca922453ee7fb/volumes/1985b60f-576e-4446-beb8-407a6cba6733 returned with HTTP 200 [pid: 7|app: 0|req: 456/914] 199.204.45.116 () {32 vars in 824 bytes} [Sat May 9 05:00:32 2026] GET /v3/fbeaf8cc974c4dd1a1aca922453ee7fb/volumes/1985b60f-576e-4446-beb8-407a6cba6733 => generated 1025 bytes in 60 msecs (HTTP/1.1 200) 7 headers in 286 bytes (1 switches on core 0) /var/lib/openstack/lib/python3.12/site-packages/pycadf/identifier.py:70: UserWarning: Invalid uuid: cinderv3. To ensure interoperability, identifiers should be a valid uuid. warnings.warn(('Invalid uuid: %s. To ensure interoperability, '
2026-05-09 05:00:37.624 8 INFO cinder.api.openstack.wsgi [req-f02d7524-faba-4e25-9440-907ea1318a4f req-dc74692d-a223-4b82-8998-6e730b310932 3a48a57508e346739313a5982193bdee fbeaf8cc974c4dd1a1aca922453ee7fb - - default default] GET http://cinder-api.openstack.svc.cluster.local:8776/v3/fbeaf8cc974c4dd1a1aca922453ee7fb/volumes/1985b60f-576e-4446-beb8-407a6cba6733 /var/lib/openstack/lib/python3.12/site-packages/oslo_context/context.py:101: DeprecationWarning: Policy enforcement is depending on the value of is_admin. This key is deprecated. Please update your policy file to use the standard policy values. warnings.warn(
2026-05-09 05:00:37.644 8 INFO cinder.volume.api [req-f02d7524-faba-4e25-9440-907ea1318a4f req-dc74692d-a223-4b82-8998-6e730b310932 3a48a57508e346739313a5982193bdee fbeaf8cc974c4dd1a1aca922453ee7fb - - default default] Volume info retrieved successfully.
2026-05-09 05:00:37.649 8 INFO cinder.api.openstack.wsgi [req-f02d7524-faba-4e25-9440-907ea1318a4f req-dc74692d-a223-4b82-8998-6e730b310932 3a48a57508e346739313a5982193bdee fbeaf8cc974c4dd1a1aca922453ee7fb - - default default] http://cinder-api.openstack.svc.cluster.local:8776/v3/fbeaf8cc974c4dd1a1aca922453ee7fb/volumes/1985b60f-576e-4446-beb8-407a6cba6733 returned with HTTP 200 [pid: 8|app: 0|req: 459/915] 199.204.45.116 () {32 vars in 824 bytes} [Sat May 9 05:00:37 2026] GET /v3/fbeaf8cc974c4dd1a1aca922453ee7fb/volumes/1985b60f-576e-4446-beb8-407a6cba6733 => generated 1489 bytes in 31 msecs (HTTP/1.1 200) 7 headers in 286 bytes (1 switches on core 0) /var/lib/openstack/lib/python3.12/site-packages/pycadf/identifier.py:70: UserWarning: Invalid uuid: cinderv3. To ensure interoperability, identifiers should be a valid uuid. warnings.warn(('Invalid uuid: %s. To ensure interoperability, '
2026-05-09 05:00:38.086 7 INFO cinder.api.openstack.wsgi [req-62c97643-328d-43ed-b0ca-ea6536278c43 req-6a7bb7d9-bffa-44d4-b163-a1e3b106fd84 3a48a57508e346739313a5982193bdee fbeaf8cc974c4dd1a1aca922453ee7fb - - default default] GET http://cinder-api.openstack.svc.cluster.local:8776/v3/fbeaf8cc974c4dd1a1aca922453ee7fb/volumes/1985b60f-576e-4446-beb8-407a6cba6733 /var/lib/openstack/lib/python3.12/site-packages/oslo_context/context.py:101: DeprecationWarning: Policy enforcement is depending on the value of is_admin. This key is deprecated. Please update your policy file to use the standard policy values. warnings.warn(
2026-05-09 05:00:38.099 7 INFO cinder.volume.api [req-62c97643-328d-43ed-b0ca-ea6536278c43 req-6a7bb7d9-bffa-44d4-b163-a1e3b106fd84 3a48a57508e346739313a5982193bdee fbeaf8cc974c4dd1a1aca922453ee7fb - - default default] Volume info retrieved successfully.
2026-05-09 05:00:38.103 7 INFO cinder.api.openstack.wsgi [req-62c97643-328d-43ed-b0ca-ea6536278c43 req-6a7bb7d9-bffa-44d4-b163-a1e3b106fd84 3a48a57508e346739313a5982193bdee fbeaf8cc974c4dd1a1aca922453ee7fb - - default default] http://cinder-api.openstack.svc.cluster.local:8776/v3/fbeaf8cc974c4dd1a1aca922453ee7fb/volumes/1985b60f-576e-4446-beb8-407a6cba6733 returned with HTTP 200 [pid: 7|app: 0|req: 457/916] 10.0.0.128 () {34 vars in 1027 bytes} [Sat May 9 05:00:38 2026] GET /v3/fbeaf8cc974c4dd1a1aca922453ee7fb/volumes/1985b60f-576e-4446-beb8-407a6cba6733 => generated 1489 bytes in 27 msecs (HTTP/1.1 200) 7 headers in 286 bytes (1 switches on core 0) /var/lib/openstack/lib/python3.12/site-packages/pycadf/identifier.py:70: UserWarning: Invalid uuid: cinderv3. To ensure interoperability, identifiers should be a valid uuid. warnings.warn(('Invalid uuid: %s. To ensure interoperability, '
2026-05-09 05:00:38.576 8 INFO cinder.api.openstack.wsgi [req-62c97643-328d-43ed-b0ca-ea6536278c43 req-73eb89f0-468b-4848-8f81-cad8935fc76f 3a48a57508e346739313a5982193bdee fbeaf8cc974c4dd1a1aca922453ee7fb - - default default] GET http://cinder-api.openstack.svc.cluster.local:8776/v3/fbeaf8cc974c4dd1a1aca922453ee7fb/volumes/1985b60f-576e-4446-beb8-407a6cba6733 /var/lib/openstack/lib/python3.12/site-packages/oslo_context/context.py:101: DeprecationWarning: Policy enforcement is depending on the value of is_admin. This key is deprecated. Please update your policy file to use the standard policy values. warnings.warn(
2026-05-09 05:00:38.588 8 INFO cinder.volume.api [req-62c97643-328d-43ed-b0ca-ea6536278c43 req-73eb89f0-468b-4848-8f81-cad8935fc76f 3a48a57508e346739313a5982193bdee fbeaf8cc974c4dd1a1aca922453ee7fb - - default default] Volume info retrieved successfully.
2026-05-09 05:00:38.592 8 INFO cinder.api.openstack.wsgi [req-62c97643-328d-43ed-b0ca-ea6536278c43 req-73eb89f0-468b-4848-8f81-cad8935fc76f 3a48a57508e346739313a5982193bdee fbeaf8cc974c4dd1a1aca922453ee7fb - - default default] http://cinder-api.openstack.svc.cluster.local:8776/v3/fbeaf8cc974c4dd1a1aca922453ee7fb/volumes/1985b60f-576e-4446-beb8-407a6cba6733 returned with HTTP 200 [pid: 8|app: 0|req: 460/917] 10.0.0.128 () {34 vars in 1027 bytes} [Sat May 9 05:00:38 2026] GET /v3/fbeaf8cc974c4dd1a1aca922453ee7fb/volumes/1985b60f-576e-4446-beb8-407a6cba6733 => generated 1489 bytes in 25 msecs (HTTP/1.1 200) 7 headers in 286 bytes (1 switches on core 0)
2026-05-09 05:00:38.603 7 INFO cinder.api.openstack.wsgi [req-62c97643-328d-43ed-b0ca-ea6536278c43 req-6a7bb7d9-bffa-44d4-b163-a1e3b106fd84 3a48a57508e346739313a5982193bdee fbeaf8cc974c4dd1a1aca922453ee7fb - - default default] GET http://cinder-api.openstack.svc.cluster.local:8776/
2026-05-09 05:00:38.603 7 INFO cinder.api.openstack.wsgi [req-62c97643-328d-43ed-b0ca-ea6536278c43 req-6a7bb7d9-bffa-44d4-b163-a1e3b106fd84 3a48a57508e346739313a5982193bdee fbeaf8cc974c4dd1a1aca922453ee7fb - - default default] http://cinder-api.openstack.svc.cluster.local:8776/ returned with HTTP 300 [pid: 7|app: 0|req: 458/918] 10.0.0.128 () {32 vars in 828 bytes} [Sat May 9 05:00:38 2026] GET / => generated 411 bytes in 1 msecs (HTTP/1.1 300) 5 headers in 169 bytes (1 switches on core 0) /var/lib/openstack/lib/python3.12/site-packages/pycadf/identifier.py:70: UserWarning: Invalid uuid: cinderv3. To ensure interoperability, identifiers should be a valid uuid. warnings.warn(('Invalid uuid: %s. To ensure interoperability, '
2026-05-09 05:00:38.614 8 INFO cinder.api.openstack.wsgi [req-62c97643-328d-43ed-b0ca-ea6536278c43 req-a676595a-647e-4ef0-9088-9d253b91724c 3a48a57508e346739313a5982193bdee fbeaf8cc974c4dd1a1aca922453ee7fb - - default default] POST http://cinder-api.openstack.svc.cluster.local:8776/v3/fbeaf8cc974c4dd1a1aca922453ee7fb/attachments /var/lib/openstack/lib/python3.12/site-packages/oslo_context/context.py:101: DeprecationWarning: Policy enforcement is depending on the value of is_admin. This key is deprecated. Please update your policy file to use the standard policy values. warnings.warn(
2026-05-09 05:00:38.653 8 INFO cinder.api.openstack.wsgi [req-62c97643-328d-43ed-b0ca-ea6536278c43 req-a676595a-647e-4ef0-9088-9d253b91724c 3a48a57508e346739313a5982193bdee fbeaf8cc974c4dd1a1aca922453ee7fb - - default default] http://cinder-api.openstack.svc.cluster.local:8776/v3/fbeaf8cc974c4dd1a1aca922453ee7fb/attachments returned with HTTP 200 [pid: 8|app: 0|req: 461/919] 10.0.0.128 () {40 vars in 1056 bytes} [Sat May 9 05:00:38 2026] POST /v3/fbeaf8cc974c4dd1a1aca922453ee7fb/attachments => generated 273 bytes in 47 msecs (HTTP/1.1 200) 7 headers in 286 bytes (1 switches on core 0)
2026-05-09 05:00:39.326 7 INFO cinder.api.openstack.wsgi [req-62c97643-328d-43ed-b0ca-ea6536278c43 req-6a7bb7d9-bffa-44d4-b163-a1e3b106fd84 3a48a57508e346739313a5982193bdee fbeaf8cc974c4dd1a1aca922453ee7fb - - default default] GET http://10.0.0.123:8776/
2026-05-09 05:00:39.326 8 INFO cinder.api.openstack.wsgi [req-62c97643-328d-43ed-b0ca-ea6536278c43 req-a676595a-647e-4ef0-9088-9d253b91724c 3a48a57508e346739313a5982193bdee fbeaf8cc974c4dd1a1aca922453ee7fb - - default default] GET http://10.0.0.123:8776/
2026-05-09 05:00:39.327 7 INFO cinder.api.openstack.wsgi [req-62c97643-328d-43ed-b0ca-ea6536278c43 req-6a7bb7d9-bffa-44d4-b163-a1e3b106fd84 3a48a57508e346739313a5982193bdee fbeaf8cc974c4dd1a1aca922453ee7fb - - default default] http://10.0.0.123:8776/ returned with HTTP 300
2026-05-09 05:00:39.328 8 INFO cinder.api.openstack.wsgi [req-62c97643-328d-43ed-b0ca-ea6536278c43 req-a676595a-647e-4ef0-9088-9d253b91724c 3a48a57508e346739313a5982193bdee fbeaf8cc974c4dd1a1aca922453ee7fb - - default default] http://10.0.0.123:8776/ returned with HTTP 300 /var/lib/openstack/lib/python3.12/site-packages/pycadf/identifier.py:70: UserWarning: Invalid uuid: cinderv3. To ensure interoperability, identifiers should be a valid uuid. warnings.warn(('Invalid uuid: %s. To ensure interoperability, '
2026-05-09 05:00:42.052 7 INFO cinder.api.openstack.wsgi [req-f02d7524-faba-4e25-9440-907ea1318a4f req-e5ef1e78-7602-47ae-b610-79f6a5f6522b 3a48a57508e346739313a5982193bdee fbeaf8cc974c4dd1a1aca922453ee7fb - - default default] GET http://cinder-api.openstack.svc.cluster.local:8776/v3/fbeaf8cc974c4dd1a1aca922453ee7fb/volumes/1985b60f-576e-4446-beb8-407a6cba6733 /var/lib/openstack/lib/python3.12/site-packages/oslo_context/context.py:101: DeprecationWarning: Policy enforcement is depending on the value of is_admin. This key is deprecated. Please update your policy file to use the standard policy values. warnings.warn(
2026-05-09 05:00:42.071 7 INFO cinder.volume.api [req-f02d7524-faba-4e25-9440-907ea1318a4f req-e5ef1e78-7602-47ae-b610-79f6a5f6522b 3a48a57508e346739313a5982193bdee fbeaf8cc974c4dd1a1aca922453ee7fb - - default default] Volume info retrieved successfully.
2026-05-09 05:00:42.076 7 INFO cinder.api.openstack.wsgi [req-f02d7524-faba-4e25-9440-907ea1318a4f req-e5ef1e78-7602-47ae-b610-79f6a5f6522b 3a48a57508e346739313a5982193bdee fbeaf8cc974c4dd1a1aca922453ee7fb - - default default] http://cinder-api.openstack.svc.cluster.local:8776/v3/fbeaf8cc974c4dd1a1aca922453ee7fb/volumes/1985b60f-576e-4446-beb8-407a6cba6733 returned with HTTP 200 [pid: 7|app: 0|req: 460/922] 199.204.45.116 () {32 vars in 824 bytes} [Sat May 9 05:00:42 2026] GET /v3/fbeaf8cc974c4dd1a1aca922453ee7fb/volumes/1985b60f-576e-4446-beb8-407a6cba6733 => generated 1488 bytes in 30 msecs (HTTP/1.1 200) 7 headers in 286 bytes (1 switches on core 0) /var/lib/openstack/lib/python3.12/site-packages/pycadf/identifier.py:70: UserWarning: Invalid uuid: cinderv3. To ensure interoperability, identifiers should be a valid uuid. warnings.warn(('Invalid uuid: %s. To ensure interoperability, '
2026-05-09 05:00:43.306 8 INFO cinder.api.openstack.wsgi [None req-9c0cb50b-70f6-42a5-9a06-c5f8a8fa48e9 3a48a57508e346739313a5982193bdee fbeaf8cc974c4dd1a1aca922453ee7fb - - default default] GET http://cinder-api.openstack.svc.cluster.local:8776/v3/fbeaf8cc974c4dd1a1aca922453ee7fb/snapshots?all_tenants=true /var/lib/openstack/lib/python3.12/site-packages/oslo_context/context.py:101: DeprecationWarning: Policy enforcement is depending on the value of is_admin. This key is deprecated. Please update your policy file to use the standard policy values. warnings.warn(
2026-05-09 05:00:43.311 8 INFO cinder.volume.api [None req-9c0cb50b-70f6-42a5-9a06-c5f8a8fa48e9 3a48a57508e346739313a5982193bdee fbeaf8cc974c4dd1a1aca922453ee7fb - - default default] Get all snapshots completed successfully.
2026-05-09 05:00:43.311 8 INFO cinder.api.openstack.wsgi [None req-9c0cb50b-70f6-42a5-9a06-c5f8a8fa48e9 3a48a57508e346739313a5982193bdee fbeaf8cc974c4dd1a1aca922453ee7fb - - default default] http://cinder-api.openstack.svc.cluster.local:8776/v3/fbeaf8cc974c4dd1a1aca922453ee7fb/snapshots?all_tenants=true returned with HTTP 200 [pid: 8|app: 0|req: 463/923] 10.0.0.32 () {28 vars in 672 bytes} [Sat May 9 05:00:43 2026] GET /v3/fbeaf8cc974c4dd1a1aca922453ee7fb/snapshots?all_tenants=true => generated 17 bytes in 40 msecs (HTTP/1.1 200) 7 headers in 284 bytes (1 switches on core 0) /var/lib/openstack/lib/python3.12/site-packages/pycadf/identifier.py:70: UserWarning: Invalid uuid: cinderv3. To ensure interoperability, identifiers should be a valid uuid. warnings.warn(('Invalid uuid: %s. To ensure interoperability, '
2026-05-09 05:00:43.323 7 INFO cinder.api.openstack.wsgi [None req-2b500747-ae25-4208-b5bb-e4cfb14b8dd2 3a48a57508e346739313a5982193bdee fbeaf8cc974c4dd1a1aca922453ee7fb - - default default] GET http://cinder-api.openstack.svc.cluster.local:8776/v3/fbeaf8cc974c4dd1a1aca922453ee7fb/os-services
2026-05-09 05:00:43.336 7 INFO cinder.api.openstack.wsgi [None req-2b500747-ae25-4208-b5bb-e4cfb14b8dd2 3a48a57508e346739313a5982193bdee fbeaf8cc974c4dd1a1aca922453ee7fb - - default default] http://cinder-api.openstack.svc.cluster.local:8776/v3/fbeaf8cc974c4dd1a1aca922453ee7fb/os-services returned with HTTP 200 [pid: 7|app: 0|req: 461/924] 10.0.0.32 () {28 vars in 643 bytes} [Sat May 9 05:00:43 2026] GET /v3/fbeaf8cc974c4dd1a1aca922453ee7fb/os-services => generated 646 bytes in 21 msecs (HTTP/1.1 200) 7 headers in 285 bytes (1 switches on core 0)
2026-05-09 05:00:43.404 8 INFO cinder.api.openstack.wsgi [None req-c7781c98-fca5-4086-894a-e48e5f1001a1 3a48a57508e346739313a5982193bdee fbeaf8cc974c4dd1a1aca922453ee7fb - - default default] GET http://cinder-api.openstack.svc.cluster.local:8776/v3/fbeaf8cc974c4dd1a1aca922453ee7fb/os-quota-sets/02b1b721d2204abfb437635c7accd3ab?usage=true
2026-05-09 05:00:43.422 8 INFO cinder.api.openstack.wsgi [None req-c7781c98-fca5-4086-894a-e48e5f1001a1 3a48a57508e346739313a5982193bdee fbeaf8cc974c4dd1a1aca922453ee7fb - - default default] http://cinder-api.openstack.svc.cluster.local:8776/v3/fbeaf8cc974c4dd1a1aca922453ee7fb/os-quota-sets/02b1b721d2204abfb437635c7accd3ab?usage=true returned with HTTP 200 [pid: 8|app: 0|req: 464/925] 10.0.0.32 () {28 vars in 734 bytes} [Sat May 9 05:00:43 2026] GET /v3/fbeaf8cc974c4dd1a1aca922453ee7fb/os-quota-sets/02b1b721d2204abfb437635c7accd3ab?usage=true => generated 847 bytes in 24 msecs (HTTP/1.1 200) 7 headers in 285 bytes (1 switches on core 0)
2026-05-09 05:00:43.433 7 INFO cinder.api.openstack.wsgi [None req-dd0e8b05-8d5f-4faf-897b-41bb44c63373 3a48a57508e346739313a5982193bdee fbeaf8cc974c4dd1a1aca922453ee7fb - - default default] GET http://cinder-api.openstack.svc.cluster.local:8776/v3/fbeaf8cc974c4dd1a1aca922453ee7fb/os-quota-sets/0ea114ebc306402aa94b0c5210db666f?usage=true
2026-05-09 05:00:43.450 7 INFO cinder.api.openstack.wsgi [None req-dd0e8b05-8d5f-4faf-897b-41bb44c63373 3a48a57508e346739313a5982193bdee fbeaf8cc974c4dd1a1aca922453ee7fb - - default default] http://cinder-api.openstack.svc.cluster.local:8776/v3/fbeaf8cc974c4dd1a1aca922453ee7fb/os-quota-sets/0ea114ebc306402aa94b0c5210db666f?usage=true returned with HTTP 200 [pid: 7|app: 0|req: 462/926] 10.0.0.32 () {28 vars in 734 bytes} [Sat May 9 05:00:43 2026] GET /v3/fbeaf8cc974c4dd1a1aca922453ee7fb/os-quota-sets/0ea114ebc306402aa94b0c5210db666f?usage=true => generated 845 bytes in 23 msecs (HTTP/1.1 200) 7 headers in 285 bytes (1 switches on core 0)
2026-05-09 05:00:43.459 8 INFO cinder.api.openstack.wsgi [None req-cb308d8d-6b29-49ed-8737-6b80ca826daf 3a48a57508e346739313a5982193bdee fbeaf8cc974c4dd1a1aca922453ee7fb - - default default] GET http://cinder-api.openstack.svc.cluster.local:8776/v3/fbeaf8cc974c4dd1a1aca922453ee7fb/os-quota-sets/1caf6438c25c43f6a0e217934d895407?usage=true
2026-05-09 05:00:43.479 8 INFO cinder.api.openstack.wsgi [None req-cb308d8d-6b29-49ed-8737-6b80ca826daf 3a48a57508e346739313a5982193bdee fbeaf8cc974c4dd1a1aca922453ee7fb - - default default] http://cinder-api.openstack.svc.cluster.local:8776/v3/fbeaf8cc974c4dd1a1aca922453ee7fb/os-quota-sets/1caf6438c25c43f6a0e217934d895407?usage=true returned with HTTP 200 [pid: 8|app: 0|req: 465/927] 10.0.0.32 () {28 vars in 734 bytes} [Sat May 9 05:00:43 2026] GET /v3/fbeaf8cc974c4dd1a1aca922453ee7fb/os-quota-sets/1caf6438c25c43f6a0e217934d895407?usage=true => generated 847 bytes in 28 msecs (HTTP/1.1 200) 7 headers in 285 bytes (1 switches on core 0)
2026-05-09 05:00:43.490 7 INFO cinder.api.openstack.wsgi [None req-11d17580-59de-4c86-94a4-6c37848e56aa 3a48a57508e346739313a5982193bdee fbeaf8cc974c4dd1a1aca922453ee7fb - - default default] GET http://cinder-api.openstack.svc.cluster.local:8776/v3/fbeaf8cc974c4dd1a1aca922453ee7fb/os-quota-sets/24ba487a96ba483aa1a21a699e2a2ae4?usage=true
2026-05-09 05:00:43.513 7 INFO cinder.api.openstack.wsgi [None req-11d17580-59de-4c86-94a4-6c37848e56aa 3a48a57508e346739313a5982193bdee fbeaf8cc974c4dd1a1aca922453ee7fb - - default default] http://cinder-api.openstack.svc.cluster.local:8776/v3/fbeaf8cc974c4dd1a1aca922453ee7fb/os-quota-sets/24ba487a96ba483aa1a21a699e2a2ae4?usage=true returned with HTTP 200 [pid: 7|app: 0|req: 463/928] 10.0.0.32 () {28 vars in 734 bytes} [Sat May 9 05:00:43 2026] GET /v3/fbeaf8cc974c4dd1a1aca922453ee7fb/os-quota-sets/24ba487a96ba483aa1a21a699e2a2ae4?usage=true => generated 847 bytes in 29 msecs (HTTP/1.1 200) 7 headers in 285 bytes (1 switches on core 0)
2026-05-09 05:00:43.526 8 INFO cinder.api.openstack.wsgi [None req-a70f8ff9-f137-4813-bd2e-dfd6e8ab5be1 3a48a57508e346739313a5982193bdee fbeaf8cc974c4dd1a1aca922453ee7fb - - default default] GET http://cinder-api.openstack.svc.cluster.local:8776/v3/fbeaf8cc974c4dd1a1aca922453ee7fb/os-quota-sets/41e0bd92c4324e20abb9a75887185492?usage=true
2026-05-09 05:00:43.548 8 INFO cinder.api.openstack.wsgi [None req-a70f8ff9-f137-4813-bd2e-dfd6e8ab5be1 3a48a57508e346739313a5982193bdee fbeaf8cc974c4dd1a1aca922453ee7fb - - default default] http://cinder-api.openstack.svc.cluster.local:8776/v3/fbeaf8cc974c4dd1a1aca922453ee7fb/os-quota-sets/41e0bd92c4324e20abb9a75887185492?usage=true returned with HTTP 200 [pid: 8|app: 0|req: 466/929] 10.0.0.32 () {28 vars in 734 bytes} [Sat May 9 05:00:43 2026] GET /v3/fbeaf8cc974c4dd1a1aca922453ee7fb/os-quota-sets/41e0bd92c4324e20abb9a75887185492?usage=true => generated 847 bytes in 31 msecs (HTTP/1.1 200) 7 headers in 285 bytes (1 switches on core 0)
2026-05-09 05:00:43.561 7 INFO cinder.api.openstack.wsgi [None req-16fd429d-9088-4525-935c-46180241c120 3a48a57508e346739313a5982193bdee fbeaf8cc974c4dd1a1aca922453ee7fb - - default default] GET http://cinder-api.openstack.svc.cluster.local:8776/v3/fbeaf8cc974c4dd1a1aca922453ee7fb/os-quota-sets/72911c895e514836923162ae5aa5efff?usage=true
2026-05-09 05:00:43.577 7 INFO cinder.api.openstack.wsgi [None req-16fd429d-9088-4525-935c-46180241c120 3a48a57508e346739313a5982193bdee fbeaf8cc974c4dd1a1aca922453ee7fb - - default default] http://cinder-api.openstack.svc.cluster.local:8776/v3/fbeaf8cc974c4dd1a1aca922453ee7fb/os-quota-sets/72911c895e514836923162ae5aa5efff?usage=true returned with HTTP 200 [pid: 7|app: 0|req: 464/930] 10.0.0.32 () {28 vars in 734 bytes} [Sat May 9 05:00:43 2026] GET /v3/fbeaf8cc974c4dd1a1aca922453ee7fb/os-quota-sets/72911c895e514836923162ae5aa5efff?usage=true => generated 847 bytes in 25 msecs (HTTP/1.1 200) 7 headers in 285 bytes (1 switches on core 0)
2026-05-09 05:00:43.590 8 INFO cinder.api.openstack.wsgi [None req-ddd4fe44-1336-482f-9927-543b4252fac3 3a48a57508e346739313a5982193bdee fbeaf8cc974c4dd1a1aca922453ee7fb - - default default] GET http://cinder-api.openstack.svc.cluster.local:8776/v3/fbeaf8cc974c4dd1a1aca922453ee7fb/os-quota-sets/8d0e7c7cd7e6416e8cdf6f765a395daf?usage=true
2026-05-09 05:00:43.625 8 INFO cinder.api.openstack.wsgi [None req-ddd4fe44-1336-482f-9927-543b4252fac3 3a48a57508e346739313a5982193bdee fbeaf8cc974c4dd1a1aca922453ee7fb - - default default] http://cinder-api.openstack.svc.cluster.local:8776/v3/fbeaf8cc974c4dd1a1aca922453ee7fb/os-quota-sets/8d0e7c7cd7e6416e8cdf6f765a395daf?usage=true returned with HTTP 200 [pid: 8|app: 0|req: 467/931] 10.0.0.32 () {28 vars in 734 bytes} [Sat May 9 05:00:43 2026] GET /v3/fbeaf8cc974c4dd1a1aca922453ee7fb/os-quota-sets/8d0e7c7cd7e6416e8cdf6f765a395daf?usage=true => generated 847 bytes in 45 msecs (HTTP/1.1 200) 7 headers in 285 bytes (1 switches on core 0)
2026-05-09 05:00:43.639 7 INFO cinder.api.openstack.wsgi [None req-25767a88-b227-41f1-a2e6-7399f613dfdc 3a48a57508e346739313a5982193bdee fbeaf8cc974c4dd1a1aca922453ee7fb - - default default] GET http://cinder-api.openstack.svc.cluster.local:8776/v3/fbeaf8cc974c4dd1a1aca922453ee7fb/os-quota-sets/9865d9600c8e4d54b978728c6fba65bf?usage=true
2026-05-09 05:00:43.657 7 INFO cinder.api.openstack.wsgi [None req-25767a88-b227-41f1-a2e6-7399f613dfdc 3a48a57508e346739313a5982193bdee fbeaf8cc974c4dd1a1aca922453ee7fb - - default default] http://cinder-api.openstack.svc.cluster.local:8776/v3/fbeaf8cc974c4dd1a1aca922453ee7fb/os-quota-sets/9865d9600c8e4d54b978728c6fba65bf?usage=true returned with HTTP 200 [pid: 7|app: 0|req: 465/932] 10.0.0.32 () {28 vars in 734 bytes} [Sat May 9 05:00:43 2026] GET /v3/fbeaf8cc974c4dd1a1aca922453ee7fb/os-quota-sets/9865d9600c8e4d54b978728c6fba65bf?usage=true => generated 847 bytes in 27 msecs (HTTP/1.1 200) 7 headers in 285 bytes (1 switches on core 0)
2026-05-09 05:00:43.668 8 INFO cinder.api.openstack.wsgi [None req-eedb96a2-3ad1-472c-9d16-b6c67854d8f8 3a48a57508e346739313a5982193bdee fbeaf8cc974c4dd1a1aca922453ee7fb - - default default] GET http://cinder-api.openstack.svc.cluster.local:8776/v3/fbeaf8cc974c4dd1a1aca922453ee7fb/os-quota-sets/a7a051eaafbc48f995b26094da222bb8?usage=true
2026-05-09 05:00:43.690 8 INFO cinder.api.openstack.wsgi [None req-eedb96a2-3ad1-472c-9d16-b6c67854d8f8 3a48a57508e346739313a5982193bdee fbeaf8cc974c4dd1a1aca922453ee7fb - - default default] http://cinder-api.openstack.svc.cluster.local:8776/v3/fbeaf8cc974c4dd1a1aca922453ee7fb/os-quota-sets/a7a051eaafbc48f995b26094da222bb8?usage=true returned with HTTP 200 [pid: 8|app: 0|req: 468/933] 10.0.0.32 () {28 vars in 734 bytes} [Sat May 9 05:00:43 2026] GET /v3/fbeaf8cc974c4dd1a1aca922453ee7fb/os-quota-sets/a7a051eaafbc48f995b26094da222bb8?usage=true => generated 847 bytes in 30 msecs (HTTP/1.1 200) 7 headers in 285 bytes (1 switches on core 0)
2026-05-09 05:00:43.704 7 INFO cinder.api.openstack.wsgi [None req-779c3fe2-4038-4f31-9365-cb23e852cc81 3a48a57508e346739313a5982193bdee fbeaf8cc974c4dd1a1aca922453ee7fb - - default default] GET http://cinder-api.openstack.svc.cluster.local:8776/v3/fbeaf8cc974c4dd1a1aca922453ee7fb/os-quota-sets/c3b7970fb3334cabbf56420648aad6f8?usage=true
2026-05-09 05:00:43.726 7 INFO cinder.api.openstack.wsgi [None req-779c3fe2-4038-4f31-9365-cb23e852cc81 3a48a57508e346739313a5982193bdee fbeaf8cc974c4dd1a1aca922453ee7fb - - default default] http://cinder-api.openstack.svc.cluster.local:8776/v3/fbeaf8cc974c4dd1a1aca922453ee7fb/os-quota-sets/c3b7970fb3334cabbf56420648aad6f8?usage=true returned with HTTP 200 [pid: 7|app: 0|req: 466/934] 10.0.0.32 () {28 vars in 734 bytes} [Sat May 9 05:00:43 2026] GET /v3/fbeaf8cc974c4dd1a1aca922453ee7fb/os-quota-sets/c3b7970fb3334cabbf56420648aad6f8?usage=true => generated 847 bytes in 29 msecs (HTTP/1.1 200) 7 headers in 285 bytes (1 switches on core 0)
2026-05-09 05:00:43.740 8 INFO cinder.api.openstack.wsgi [None req-28d23529-2dac-4b5c-92a2-11a03bc2bd03 3a48a57508e346739313a5982193bdee fbeaf8cc974c4dd1a1aca922453ee7fb - - default default] GET http://cinder-api.openstack.svc.cluster.local:8776/v3/fbeaf8cc974c4dd1a1aca922453ee7fb/os-quota-sets/efffbfacb1ba486a8c9997f3e3715a56?usage=true
2026-05-09 05:00:43.765 8 INFO cinder.api.openstack.wsgi [None req-28d23529-2dac-4b5c-92a2-11a03bc2bd03 3a48a57508e346739313a5982193bdee fbeaf8cc974c4dd1a1aca922453ee7fb - - default default] http://cinder-api.openstack.svc.cluster.local:8776/v3/fbeaf8cc974c4dd1a1aca922453ee7fb/os-quota-sets/efffbfacb1ba486a8c9997f3e3715a56?usage=true returned with HTTP 200 [pid: 8|app: 0|req: 469/935] 10.0.0.32 () {28 vars in 734 bytes} [Sat May 9 05:00:43 2026] GET /v3/fbeaf8cc974c4dd1a1aca922453ee7fb/os-quota-sets/efffbfacb1ba486a8c9997f3e3715a56?usage=true => generated 847 bytes in 35 msecs (HTTP/1.1 200) 7 headers in 285 bytes (1 switches on core 0)
2026-05-09 05:00:43.780 7 INFO cinder.api.openstack.wsgi [None req-8b769d4e-7d80-4b23-8399-8f390da6df89 3a48a57508e346739313a5982193bdee fbeaf8cc974c4dd1a1aca922453ee7fb - - default default] GET http://cinder-api.openstack.svc.cluster.local:8776/v3/fbeaf8cc974c4dd1a1aca922453ee7fb/os-quota-sets/fbeaf8cc974c4dd1a1aca922453ee7fb?usage=true
2026-05-09 05:00:43.804 7 INFO cinder.api.openstack.wsgi [None req-8b769d4e-7d80-4b23-8399-8f390da6df89 3a48a57508e346739313a5982193bdee fbeaf8cc974c4dd1a1aca922453ee7fb - - default default] http://cinder-api.openstack.svc.cluster.local:8776/v3/fbeaf8cc974c4dd1a1aca922453ee7fb/os-quota-sets/fbeaf8cc974c4dd1a1aca922453ee7fb?usage=true returned with HTTP 200 [pid: 7|app: 0|req: 467/936] 10.0.0.32 () {28 vars in 734 bytes} [Sat May 9 05:00:43 2026] GET /v3/fbeaf8cc974c4dd1a1aca922453ee7fb/os-quota-sets/fbeaf8cc974c4dd1a1aca922453ee7fb?usage=true => generated 847 bytes in 34 msecs (HTTP/1.1 200) 7 headers in 285 bytes (1 switches on core 0)
2026-05-09 05:00:43.815 8 INFO cinder.api.openstack.wsgi [None req-9e20ee9e-e427-49c1-970f-69761f203d3c 3a48a57508e346739313a5982193bdee fbeaf8cc974c4dd1a1aca922453ee7fb - - default default] GET http://cinder-api.openstack.svc.cluster.local:8776/v3/fbeaf8cc974c4dd1a1aca922453ee7fb/os-quota-sets/fc3a6ab71e164b269ac86c888ea1d961?usage=true
2026-05-09 05:00:43.839 8 INFO cinder.api.openstack.wsgi [None req-9e20ee9e-e427-49c1-970f-69761f203d3c 3a48a57508e346739313a5982193bdee fbeaf8cc974c4dd1a1aca922453ee7fb - - default default] http://cinder-api.openstack.svc.cluster.local:8776/v3/fbeaf8cc974c4dd1a1aca922453ee7fb/os-quota-sets/fc3a6ab71e164b269ac86c888ea1d961?usage=true returned with HTTP 200 [pid: 8|app: 0|req: 470/937] 10.0.0.32 () {28 vars in 734 bytes} [Sat May 9 05:00:43 2026] GET /v3/fbeaf8cc974c4dd1a1aca922453ee7fb/os-quota-sets/fc3a6ab71e164b269ac86c888ea1d961?usage=true => generated 847 bytes in 30 msecs (HTTP/1.1 200) 7 headers in 285 bytes (1 switches on core 0)
2026-05-09 05:00:43.850 7 INFO cinder.api.openstack.wsgi [None req-52d882ea-1b5b-4753-a707-110f73ab2c72 3a48a57508e346739313a5982193bdee fbeaf8cc974c4dd1a1aca922453ee7fb - - default default] GET http://cinder-api.openstack.svc.cluster.local:8776/v3/fbeaf8cc974c4dd1a1aca922453ee7fb/volumes/detail?all_tenants=true
2026-05-09 05:00:43.865 7 INFO cinder.volume.api [None req-52d882ea-1b5b-4753-a707-110f73ab2c72 3a48a57508e346739313a5982193bdee fbeaf8cc974c4dd1a1aca922453ee7fb - - default default] Get all volumes completed successfully. /var/lib/openstack/lib/python3.12/site-packages/oslo_context/context.py:101: DeprecationWarning: Policy enforcement is depending on the value of is_admin. This key is deprecated. Please update your policy file to use the standard policy values. warnings.warn(
2026-05-09 05:00:43.872 7 INFO cinder.api.openstack.wsgi [None req-52d882ea-1b5b-4753-a707-110f73ab2c72 3a48a57508e346739313a5982193bdee fbeaf8cc974c4dd1a1aca922453ee7fb - - default default] http://cinder-api.openstack.svc.cluster.local:8776/v3/fbeaf8cc974c4dd1a1aca922453ee7fb/volumes/detail?all_tenants=true returned with HTTP 200 [pid: 7|app: 0|req: 468/938] 10.0.0.32 () {28 vars in 682 bytes} [Sat May 9 05:00:43 2026] GET /v3/fbeaf8cc974c4dd1a1aca922453ee7fb/volumes/detail?all_tenants=true => generated 1491 bytes in 28 msecs (HTTP/1.1 200) 7 headers in 286 bytes (1 switches on core 0)
2026-05-09 05:00:43.884 8 INFO cinder.api.openstack.wsgi [None req-5d91e85c-e57a-46ec-9eb5-524fb8c4a055 3a48a57508e346739313a5982193bdee fbeaf8cc974c4dd1a1aca922453ee7fb - - default default] GET http://cinder-api.openstack.svc.cluster.local:8776/v3/fbeaf8cc974c4dd1a1aca922453ee7fb/volumes/detail?all_tenants=true
2026-05-09 05:00:43.900 8 INFO cinder.volume.api [None req-5d91e85c-e57a-46ec-9eb5-524fb8c4a055 3a48a57508e346739313a5982193bdee fbeaf8cc974c4dd1a1aca922453ee7fb - - default default] Get all volumes completed successfully. /var/lib/openstack/lib/python3.12/site-packages/oslo_context/context.py:101: DeprecationWarning: Policy enforcement is depending on the value of is_admin. This key is deprecated. Please update your policy file to use the standard policy values. warnings.warn(
2026-05-09 05:00:43.905 8 INFO cinder.api.openstack.wsgi [None req-5d91e85c-e57a-46ec-9eb5-524fb8c4a055 3a48a57508e346739313a5982193bdee fbeaf8cc974c4dd1a1aca922453ee7fb - - default default] http://cinder-api.openstack.svc.cluster.local:8776/v3/fbeaf8cc974c4dd1a1aca922453ee7fb/volumes/detail?all_tenants=true returned with HTTP 200 [pid: 8|app: 0|req: 471/939] 10.0.0.32 () {28 vars in 682 bytes} [Sat May 9 05:00:43 2026] GET /v3/fbeaf8cc974c4dd1a1aca922453ee7fb/volumes/detail?all_tenants=true => generated 1491 bytes in 27 msecs (HTTP/1.1 200) 7 headers in 286 bytes (1 switches on core 0) /var/lib/openstack/lib/python3.12/site-packages/pycadf/identifier.py:70: UserWarning: Invalid uuid: cinderv3. To ensure interoperability, identifiers should be a valid uuid. warnings.warn(('Invalid uuid: %s. To ensure interoperability, '
2026-05-09 05:00:43.917 7 INFO cinder.api.openstack.wsgi [None req-1fcae589-31c5-4f54-a850-163d94a078af 3a48a57508e346739313a5982193bdee fbeaf8cc974c4dd1a1aca922453ee7fb - - default default] GET http://cinder-api.openstack.svc.cluster.local:8776/v3/fbeaf8cc974c4dd1a1aca922453ee7fb/scheduler-stats/get_pools?detail=true
2026-05-09 05:00:44.059 8 INFO cinder.api.openstack.wsgi [None req-5d91e85c-e57a-46ec-9eb5-524fb8c4a055 3a48a57508e346739313a5982193bdee fbeaf8cc974c4dd1a1aca922453ee7fb - - default default] GET http://cinder-api.openstack.svc.cluster.local:8776/
2026-05-09 05:00:44.061 8 INFO cinder.api.openstack.wsgi [None req-5d91e85c-e57a-46ec-9eb5-524fb8c4a055 3a48a57508e346739313a5982193bdee fbeaf8cc974c4dd1a1aca922453ee7fb - - default default] http://cinder-api.openstack.svc.cluster.local:8776/ returned with HTTP 300 [pid: 8|app: 0|req: 472/940] 199.204.45.116 () {32 vars in 839 bytes} [Sat May 9 05:00:44 2026] GET / => generated 411 bytes in 2 msecs (HTTP/1.1 300) 5 headers in 169 bytes (1 switches on core 0) /var/lib/openstack/lib/python3.12/site-packages/pycadf/identifier.py:70: UserWarning: Invalid uuid: cinderv3. To ensure interoperability, identifiers should be a valid uuid. warnings.warn(('Invalid uuid: %s. To ensure interoperability, '
2026-05-09 05:00:44.070 8 INFO cinder.api.openstack.wsgi [req-62c97643-328d-43ed-b0ca-ea6536278c43 req-17791aac-531b-400f-9309-1de4ea30616c 3a48a57508e346739313a5982193bdee fbeaf8cc974c4dd1a1aca922453ee7fb - - default default] GET http://cinder-api.openstack.svc.cluster.local:8776/v3/fbeaf8cc974c4dd1a1aca922453ee7fb/volumes/1985b60f-576e-4446-beb8-407a6cba6733 /var/lib/openstack/lib/python3.12/site-packages/oslo_context/context.py:101: DeprecationWarning: Policy enforcement is depending on the value of is_admin. This key is deprecated. Please update your policy file to use the standard policy values. warnings.warn(
2026-05-09 05:00:44.089 8 INFO cinder.volume.api [req-62c97643-328d-43ed-b0ca-ea6536278c43 req-17791aac-531b-400f-9309-1de4ea30616c 3a48a57508e346739313a5982193bdee fbeaf8cc974c4dd1a1aca922453ee7fb - - default default] Volume info retrieved successfully.
2026-05-09 05:00:44.095 8 INFO cinder.api.openstack.wsgi [req-62c97643-328d-43ed-b0ca-ea6536278c43 req-17791aac-531b-400f-9309-1de4ea30616c 3a48a57508e346739313a5982193bdee fbeaf8cc974c4dd1a1aca922453ee7fb - - default default] http://cinder-api.openstack.svc.cluster.local:8776/v3/fbeaf8cc974c4dd1a1aca922453ee7fb/volumes/1985b60f-576e-4446-beb8-407a6cba6733 returned with HTTP 200 [pid: 8|app: 0|req: 473/941] 199.204.45.116 () {36 vars in 1072 bytes} [Sat May 9 05:00:44 2026] GET /v3/fbeaf8cc974c4dd1a1aca922453ee7fb/volumes/1985b60f-576e-4446-beb8-407a6cba6733 => generated 1712 bytes in 31 msecs (HTTP/1.1 200) 7 headers in 287 bytes (1 switches on core 0) /var/lib/openstack/lib/python3.12/site-packages/pycadf/identifier.py:70: UserWarning: Invalid uuid: cinderv3. To ensure interoperability, identifiers should be a valid uuid. warnings.warn(('Invalid uuid: %s. To ensure interoperability, '
2026-05-09 05:00:44.171 8 INFO cinder.api.openstack.wsgi [req-62c97643-328d-43ed-b0ca-ea6536278c43 req-568b634e-c31d-49d6-9198-295b4c2802ba 3a48a57508e346739313a5982193bdee fbeaf8cc974c4dd1a1aca922453ee7fb - - default default] PUT http://cinder-api.openstack.svc.cluster.local:8776/v3/fbeaf8cc974c4dd1a1aca922453ee7fb/attachments/72133a16-e2e9-4222-9905-2a83137324e3 /var/lib/openstack/lib/python3.12/site-packages/oslo_context/context.py:101: DeprecationWarning: Policy enforcement is depending on the value of is_admin. This key is deprecated. Please update your policy file to use the standard policy values. warnings.warn(
2026-05-09 05:00:44.420 7 INFO cinder.api.openstack.wsgi [None req-1fcae589-31c5-4f54-a850-163d94a078af 3a48a57508e346739313a5982193bdee fbeaf8cc974c4dd1a1aca922453ee7fb - - default default] http://cinder-api.openstack.svc.cluster.local:8776/v3/fbeaf8cc974c4dd1a1aca922453ee7fb/scheduler-stats/get_pools?detail=true returned with HTTP 200 [pid: 7|app: 0|req: 469/942] 10.0.0.32 () {28 vars in 694 bytes} [Sat May 9 05:00:43 2026] GET /v3/fbeaf8cc974c4dd1a1aca922453ee7fb/scheduler-stats/get_pools?detail=true => generated 670 bytes in 512 msecs (HTTP/1.1 200) 7 headers in 285 bytes (1 switches on core 0)
2026-05-09 05:00:45.177 7 INFO cinder.api.openstack.wsgi [req-f02d7524-faba-4e25-9440-907ea1318a4f req-fca53880-fb4d-4c81-88a1-019950243505 3a48a57508e346739313a5982193bdee fbeaf8cc974c4dd1a1aca922453ee7fb - - default default] GET http://cinder-api.openstack.svc.cluster.local:8776/v3/fbeaf8cc974c4dd1a1aca922453ee7fb/volumes/1985b60f-576e-4446-beb8-407a6cba6733 /var/lib/openstack/lib/python3.12/site-packages/oslo_context/context.py:101: DeprecationWarning: Policy enforcement is depending on the value of is_admin. This key is deprecated. Please update your policy file to use the standard policy values. warnings.warn(
2026-05-09 05:00:45.200 7 INFO cinder.volume.api [req-f02d7524-faba-4e25-9440-907ea1318a4f req-fca53880-fb4d-4c81-88a1-019950243505 3a48a57508e346739313a5982193bdee fbeaf8cc974c4dd1a1aca922453ee7fb - - default default] Volume info retrieved successfully.
2026-05-09 05:00:45.206 7 INFO cinder.api.openstack.wsgi [req-f02d7524-faba-4e25-9440-907ea1318a4f req-fca53880-fb4d-4c81-88a1-019950243505 3a48a57508e346739313a5982193bdee fbeaf8cc974c4dd1a1aca922453ee7fb - - default default] http://cinder-api.openstack.svc.cluster.local:8776/v3/fbeaf8cc974c4dd1a1aca922453ee7fb/volumes/1985b60f-576e-4446-beb8-407a6cba6733 returned with HTTP 200 [pid: 7|app: 0|req: 470/943] 199.204.45.116 () {32 vars in 824 bytes} [Sat May 9 05:00:45 2026] GET /v3/fbeaf8cc974c4dd1a1aca922453ee7fb/volumes/1985b60f-576e-4446-beb8-407a6cba6733 => generated 1489 bytes in 38 msecs (HTTP/1.1 200) 7 headers in 286 bytes (1 switches on core 0)
2026-05-09 05:00:45.218 8 INFO cinder.api.openstack.wsgi [req-62c97643-328d-43ed-b0ca-ea6536278c43 req-568b634e-c31d-49d6-9198-295b4c2802ba 3a48a57508e346739313a5982193bdee fbeaf8cc974c4dd1a1aca922453ee7fb - - default default] http://cinder-api.openstack.svc.cluster.local:8776/v3/fbeaf8cc974c4dd1a1aca922453ee7fb/attachments/72133a16-e2e9-4222-9905-2a83137324e3 returned with HTTP 200 [pid: 8|app: 0|req: 474/944] 199.204.45.116 () {40 vars in 1134 bytes} [Sat May 9 05:00:44 2026] PUT /v3/fbeaf8cc974c4dd1a1aca922453ee7fb/attachments/72133a16-e2e9-4222-9905-2a83137324e3 => generated 802 bytes in 1057 msecs (HTTP/1.1 200) 7 headers in 286 bytes (1 switches on core 0) /var/lib/openstack/lib/python3.12/site-packages/pycadf/identifier.py:70: UserWarning: Invalid uuid: cinderv3. To ensure interoperability, identifiers should be a valid uuid. warnings.warn(('Invalid uuid: %s. To ensure interoperability, '
2026-05-09 05:00:45.741 7 INFO cinder.api.openstack.wsgi [req-62c97643-328d-43ed-b0ca-ea6536278c43 req-9595891f-e51e-4438-a1e8-8c10393a3478 3a48a57508e346739313a5982193bdee fbeaf8cc974c4dd1a1aca922453ee7fb - - default default] POST http://cinder-api.openstack.svc.cluster.local:8776/v3/fbeaf8cc974c4dd1a1aca922453ee7fb/attachments/72133a16-e2e9-4222-9905-2a83137324e3/action /var/lib/openstack/lib/python3.12/site-packages/oslo_context/context.py:101: DeprecationWarning: Policy enforcement is depending on the value of is_admin. This key is deprecated. Please update your policy file to use the standard policy values. warnings.warn(
2026-05-09 05:00:45.779 7 INFO cinder.api.openstack.wsgi [req-62c97643-328d-43ed-b0ca-ea6536278c43 req-9595891f-e51e-4438-a1e8-8c10393a3478 3a48a57508e346739313a5982193bdee fbeaf8cc974c4dd1a1aca922453ee7fb - - default default] http://cinder-api.openstack.svc.cluster.local:8776/v3/fbeaf8cc974c4dd1a1aca922453ee7fb/attachments/72133a16-e2e9-4222-9905-2a83137324e3/action returned with HTTP 204 [pid: 7|app: 0|req: 471/945] 199.204.45.116 () {40 vars in 1147 bytes} [Sat May 9 05:00:45 2026] POST /v3/fbeaf8cc974c4dd1a1aca922453ee7fb/attachments/72133a16-e2e9-4222-9905-2a83137324e3/action => generated 0 bytes in 47 msecs (HTTP/1.1 204) 7 headers in 292 bytes (1 switches on core 0) /var/lib/openstack/lib/python3.12/site-packages/pycadf/identifier.py:70: UserWarning: Invalid uuid: cinderv3. To ensure interoperability, identifiers should be a valid uuid. warnings.warn(('Invalid uuid: %s. To ensure interoperability, '
2026-05-09 05:00:48.166 8 INFO cinder.api.openstack.wsgi [req-f02d7524-faba-4e25-9440-907ea1318a4f req-56b29d41-3478-4b9e-875c-29c8fc4fe918 3a48a57508e346739313a5982193bdee fbeaf8cc974c4dd1a1aca922453ee7fb - - default default] GET http://cinder-api.openstack.svc.cluster.local:8776/v3/fbeaf8cc974c4dd1a1aca922453ee7fb/volumes/1985b60f-576e-4446-beb8-407a6cba6733 /var/lib/openstack/lib/python3.12/site-packages/oslo_context/context.py:101: DeprecationWarning: Policy enforcement is depending on the value of is_admin. This key is deprecated. Please update your policy file to use the standard policy values. warnings.warn(
2026-05-09 05:00:48.187 8 INFO cinder.volume.api [req-f02d7524-faba-4e25-9440-907ea1318a4f req-56b29d41-3478-4b9e-875c-29c8fc4fe918 3a48a57508e346739313a5982193bdee fbeaf8cc974c4dd1a1aca922453ee7fb - - default default] Volume info retrieved successfully.
2026-05-09 05:00:48.193 8 INFO cinder.api.openstack.wsgi [req-f02d7524-faba-4e25-9440-907ea1318a4f req-56b29d41-3478-4b9e-875c-29c8fc4fe918 3a48a57508e346739313a5982193bdee fbeaf8cc974c4dd1a1aca922453ee7fb - - default default] http://cinder-api.openstack.svc.cluster.local:8776/v3/fbeaf8cc974c4dd1a1aca922453ee7fb/volumes/1985b60f-576e-4446-beb8-407a6cba6733 returned with HTTP 200 [pid: 8|app: 0|req: 475/946] 199.204.45.116 () {32 vars in 824 bytes} [Sat May 9 05:00:48 2026] GET /v3/fbeaf8cc974c4dd1a1aca922453ee7fb/volumes/1985b60f-576e-4446-beb8-407a6cba6733 => generated 1787 bytes in 33 msecs (HTTP/1.1 200) 7 headers in 286 bytes (1 switches on core 0)
2026-05-09 05:00:49.326 7 INFO cinder.api.openstack.wsgi [req-62c97643-328d-43ed-b0ca-ea6536278c43 req-9595891f-e51e-4438-a1e8-8c10393a3478 3a48a57508e346739313a5982193bdee fbeaf8cc974c4dd1a1aca922453ee7fb - - default default] GET http://10.0.0.123:8776/
2026-05-09 05:00:49.326 8 INFO cinder.api.openstack.wsgi [req-f02d7524-faba-4e25-9440-907ea1318a4f req-56b29d41-3478-4b9e-875c-29c8fc4fe918 3a48a57508e346739313a5982193bdee fbeaf8cc974c4dd1a1aca922453ee7fb - - default default] GET http://10.0.0.123:8776/
