2026-05-09 04:56:29.589 7 INFO neutron_taas.services.taas.tap_mirror_plugin [None req-aec2ce37-bd13-4d90-b278-be86e66f7112 4bd09fe3329a47b8816cd1de9d22a514 27ec6e78c7aa442ca14897d76ea1d317 - - default default] Tap Mirror: Handle Delete Port: e677f31e-29da-432c-9a92-44c836d1a4c6 [pid: 8|app: 0|req: 722/1480] 10.0.0.53 () {32 vars in 723 bytes} [Sat May 9 04:56:29 2026] DELETE /v2.0/routers/6134fd10-8f3c-4d43-97ba-45135b1efd0b => generated 0 bytes in 201 msecs (HTTP/1.1 204) 2 headers in 112 bytes (1 switches on core 0) [pid: 8|app: 0|req: 723/1481] 10.0.0.128 () {34 vars in 990 bytes} [Sat May 9 04:56:29 2026] GET /v2.0/ports?device_id=06edaf03-014c-4dc3-9e5e-a9c5fbeaa16b => generated 971 bytes in 33 msecs (HTTP/1.1 200) 4 headers in 157 bytes (1 switches on core 0) [pid: 7|app: 0|req: 759/1484] 10.0.0.53 () {32 vars in 725 bytes} [Sat May 9 04:56:29 2026] DELETE /v2.0/networks/ece72263-a563-4d1f-a420-a8d0cc5213bb => generated 0 bytes in 381 msecs (HTTP/1.1 204) 3 headers in 131 bytes (1 switches on core 0) [pid: 7|app: 0|req: 760/1485] 10.0.0.128 () {34 vars in 1040 bytes} [Sat May 9 04:56:29 2026] GET /v2.0/security-groups?id=a79e9e22-dd65-4ba2-bbd4-e8bb03975bb3&fields=id&fields=name => generated 113 bytes in 33 msecs (HTTP/1.1 200) 4 headers in 157 bytes (1 switches on core 0) [pid: 8|app: 0|req: 726/1486] 10.0.0.53 () {32 vars in 723 bytes} [Sat May 9 04:56:29 2026] DELETE /v2.0/subnets/748c6d18-951e-4724-ac78-9e21e257d01f => generated 0 bytes in 231 msecs (HTTP/1.1 204) 3 headers in 131 bytes (1 switches on core 0)
2026-05-09 04:56:30.012 8 INFO neutron_taas.services.taas.taas_plugin [None req-1956ab48-a92e-4fa9-be74-d8f8e3a483dc 4bd09fe3329a47b8816cd1de9d22a514 27ec6e78c7aa442ca14897d76ea1d317 - - default default] TaaS: Handle Delete Port: c9fdf847-aa52-468b-a46d-c8aef362a84e
2026-05-09 04:56:30.015 8 INFO neutron_taas.services.taas.tap_mirror_plugin [None req-1956ab48-a92e-4fa9-be74-d8f8e3a483dc 4bd09fe3329a47b8816cd1de9d22a514 27ec6e78c7aa442ca14897d76ea1d317 - - default default] Tap Mirror: Handle Delete Port: c9fdf847-aa52-468b-a46d-c8aef362a84e
2026-05-09 04:56:30.204 7 INFO neutron.db.ovn_revision_numbers_db [None req-f05427bc-bd8f-4f45-9295-db567216e662 d1349b4bd5cf448e825fe64a5d9a6cde cd5c663a0e1a479f87f9cf06e067c199 - - default default] Successfully bumped revision number for resource bc7b42ab-9bcd-4bc7-950f-5ccbd52db966 (type: security_groups) to 1
2026-05-09 04:56:30.215 7 INFO neutron.db.ovn_revision_numbers_db [None req-f05427bc-bd8f-4f45-9295-db567216e662 d1349b4bd5cf448e825fe64a5d9a6cde cd5c663a0e1a479f87f9cf06e067c199 - - default default] Successfully bumped revision number for resource 794c481d-134f-4b71-a86e-9d6408d89c16 (type: security_group_rules) to 0
2026-05-09 04:56:30.228 7 INFO neutron.db.ovn_revision_numbers_db [None req-f05427bc-bd8f-4f45-9295-db567216e662 d1349b4bd5cf448e825fe64a5d9a6cde cd5c663a0e1a479f87f9cf06e067c199 - - default default] Successfully bumped revision number for resource b2d18166-8768-4812-9d16-566fe1bd8c70 (type: security_group_rules) to 0
2026-05-09 04:56:30.243 7 INFO neutron.db.ovn_revision_numbers_db [None req-f05427bc-bd8f-4f45-9295-db567216e662 d1349b4bd5cf448e825fe64a5d9a6cde cd5c663a0e1a479f87f9cf06e067c199 - - default default] Successfully bumped revision number for resource ec94e08f-0a1c-4238-a9ca-46b4b073ef70 (type: security_group_rules) to 0
2026-05-09 04:56:30.256 8 INFO neutron.services.segments.plugin [-] Segment ae2be9e9-16a1-451a-913f-d39b2e011a6d resource provider aggregate not found
2026-05-09 04:56:30.257 7 INFO neutron.db.ovn_revision_numbers_db [None req-f05427bc-bd8f-4f45-9295-db567216e662 d1349b4bd5cf448e825fe64a5d9a6cde cd5c663a0e1a479f87f9cf06e067c199 - - default default] Successfully bumped revision number for resource f9d1eec2-d9bf-4cc0-a476-f3e160c23c59 (type: security_group_rules) to 0
2026-05-09 04:56:30.259 8 INFO neutron.services.segments.plugin [-] Segment ae2be9e9-16a1-451a-913f-d39b2e011a6d resource provider aggregate not found
2026-05-09 04:56:30.279 8 INFO neutron.services.segments.plugin [-] Segment ae2be9e9-16a1-451a-913f-d39b2e011a6d resource provider not found; error: Placement Client Error (4xx): {"errors": [{"status": 404, "title": "Not Found", "detail": "The resource could not be found.\n\n No resource provider with uuid ae2be9e9-16a1-451a-913f-d39b2e011a6d found for delete ", "request_id": "req-a297ed9e-931b-4ed3-9f5a-b1844939f095"}]}
2026-05-09 04:56:30.281 8 INFO neutron.services.segments.plugin [-] Segment ae2be9e9-16a1-451a-913f-d39b2e011a6d resource provider not found; error: Placement Client Error (4xx): {"errors": [{"status": 404, "title": "Not Found", "detail": "The resource could not be found.\n\n No resource provider with uuid ae2be9e9-16a1-451a-913f-d39b2e011a6d found for delete ", "request_id": "req-a3479a41-1ca3-4ce1-9888-0ff9bfb36eff"}]} [pid: 8|app: 0|req: 727/1487] 10.0.0.53 () {32 vars in 725 bytes} [Sat May 9 04:56:29 2026] DELETE /v2.0/networks/61cfa79f-97e3-47c3-a557-139fdb9e3000 => generated 0 bytes in 418 msecs (HTTP/1.1 204) 3 headers in 131 bytes (1 switches on core 0)
2026-05-09 04:56:30.362 7 INFO neutron.db.segments_db [None req-f05427bc-bd8f-4f45-9295-db567216e662 d1349b4bd5cf448e825fe64a5d9a6cde cd5c663a0e1a479f87f9cf06e067c199 - - default default] Added segment b61dcbda-c00f-4ae4-aa0e-c54dc262b45e of type geneve for network fc132ad8-fc37-49f7-a0cf-868dee3b748a
2026-05-09 04:56:30.439 8 INFO neutron_taas.services.taas.taas_plugin [None req-40d1ca9d-312d-4bc6-82d1-967d31943b3e 0a2e7c0735fa44299aeee858919af60d fc9804a5220842899ed452214146af90 - - default default] TaaS: Handle Delete Port: cf30b539-9797-4979-81bb-a214a3ce2582
2026-05-09 04:56:30.454 8 INFO neutron_taas.services.taas.tap_mirror_plugin [None req-40d1ca9d-312d-4bc6-82d1-967d31943b3e 0a2e7c0735fa44299aeee858919af60d fc9804a5220842899ed452214146af90 - - default default] Tap Mirror: Handle Delete Port: cf30b539-9797-4979-81bb-a214a3ce2582
2026-05-09 04:56:30.479 7 INFO neutron.db.ovn_revision_numbers_db [None req-f05427bc-bd8f-4f45-9295-db567216e662 d1349b4bd5cf448e825fe64a5d9a6cde cd5c663a0e1a479f87f9cf06e067c199 - - default default] Successfully bumped revision number for resource fc132ad8-fc37-49f7-a0cf-868dee3b748a (type: networks) to 1 [pid: 8|app: 0|req: 728/1488] 10.0.0.53 () {32 vars in 725 bytes} [Sat May 9 04:56:30 2026] DELETE /v2.0/networks/31cc266e-b550-4962-8496-6a98e6f75978 => generated 0 bytes in 379 msecs (HTTP/1.1 204) 3 headers in 131 bytes (1 switches on core 0)
2026-05-09 04:56:30.716 7 WARNING neutron.scheduler.dhcp_agent_scheduler [None req-f05427bc-bd8f-4f45-9295-db567216e662 d1349b4bd5cf448e825fe64a5d9a6cde cd5c663a0e1a479f87f9cf06e067c199 - - default default] No more DHCP agents
2026-05-09 04:56:30.717 7 WARNING neutron.api.rpc.agentnotifiers.dhcp_rpc_agent_api [None req-f05427bc-bd8f-4f45-9295-db567216e662 d1349b4bd5cf448e825fe64a5d9a6cde cd5c663a0e1a479f87f9cf06e067c199 - - default default] Unable to schedule network fc132ad8-fc37-49f7-a0cf-868dee3b748a: no agents available; will retry on subsequent port and subnet creation events. [pid: 8|app: 0|req: 729/1489] 199.204.45.116 () {34 vars in 994 bytes} [Sat May 9 04:56:30 2026] GET /v2.0/ports?device_id=06edaf03-014c-4dc3-9e5e-a9c5fbeaa16b => generated 971 bytes in 34 msecs (HTTP/1.1 200) 4 headers in 157 bytes (1 switches on core 0)
2026-05-09 04:56:30.834 7 INFO neutron.db.ovn_revision_numbers_db [None req-f05427bc-bd8f-4f45-9295-db567216e662 d1349b4bd5cf448e825fe64a5d9a6cde cd5c663a0e1a479f87f9cf06e067c199 - - default default] Successfully bumped revision number for resource b8ba6f12-5b3a-4b63-9c0e-fd7473822867 (type: ports) to 1 [pid: 7|app: 0|req: 761/1490] 10.0.0.53 () {34 vars in 669 bytes} [Sat May 9 04:56:29 2026] POST /v2.0/networks => generated 663 bytes in 983 msecs (HTTP/1.1 201) 4 headers in 162 bytes (1 switches on core 0)
2026-05-09 04:56:31.025 7 INFO neutron_taas.services.taas.taas_plugin [req-421fd5e8-82fb-4e8a-acbd-f70593e05745 req-b7e675ab-f301-4927-b7dd-b4e51cab06a0 8b8e3a4fd3f54948906aaa6ba8c23c33 13c1d6ec0a24419cacdee7c08de8f890 - - default default] TaaS: Handle Delete Port: b4cc795c-ae48-4801-835f-88954e56429a
2026-05-09 04:56:31.028 7 INFO neutron_taas.services.taas.tap_mirror_plugin [req-421fd5e8-82fb-4e8a-acbd-f70593e05745 req-b7e675ab-f301-4927-b7dd-b4e51cab06a0 8b8e3a4fd3f54948906aaa6ba8c23c33 13c1d6ec0a24419cacdee7c08de8f890 - - default default] Tap Mirror: Handle Delete Port: b4cc795c-ae48-4801-835f-88954e56429a
2026-05-09 04:56:31.092 7 INFO neutron.services.segments.plugin [-] Segment e75b462c-2a74-4914-80ad-cb806e1dabda resource provider aggregate not found
2026-05-09 04:56:31.100 7 INFO neutron.services.segments.plugin [-] Segment e75b462c-2a74-4914-80ad-cb806e1dabda resource provider aggregate not found
2026-05-09 04:56:31.118 7 INFO neutron.services.segments.plugin [-] Segment e75b462c-2a74-4914-80ad-cb806e1dabda resource provider not found; error: Placement Client Error (4xx): {"errors": [{"status": 404, "title": "Not Found", "detail": "The resource could not be found.\n\n No resource provider with uuid e75b462c-2a74-4914-80ad-cb806e1dabda found for delete ", "request_id": "req-df3aeb57-6745-472a-a1c3-eec596db8ecd"}]}
2026-05-09 04:56:31.124 7 INFO neutron.services.segments.plugin [-] Segment e75b462c-2a74-4914-80ad-cb806e1dabda resource provider not found; error: Placement Client Error (4xx): {"errors": [{"status": 404, "title": "Not Found", "detail": "The resource could not be found.\n\n No resource provider with uuid e75b462c-2a74-4914-80ad-cb806e1dabda found for delete ", "request_id": "req-4a9dd9b5-cf82-43d5-b9a4-6cc8d189c7ae"}]}
2026-05-09 04:56:31.140 7 INFO neutron.services.segments.plugin [-] Segment 290e74c1-34da-4262-affd-ba9a5eecd38f resource provider aggregate not found
2026-05-09 04:56:31.147 7 INFO neutron.services.segments.plugin [-] Segment 290e74c1-34da-4262-affd-ba9a5eecd38f resource provider aggregate not found
2026-05-09 04:56:31.158 8 WARNING neutron.scheduler.dhcp_agent_scheduler [None req-8b2d3071-6b2a-46b4-9920-5ebdee511799 0a2e7c0735fa44299aeee858919af60d fc9804a5220842899ed452214146af90 - - default default] No more DHCP agents
2026-05-09 04:56:31.159 7 INFO neutron.services.segments.plugin [-] Segment 290e74c1-34da-4262-affd-ba9a5eecd38f resource provider not found; error: Placement Client Error (4xx): {"errors": [{"status": 404, "title": "Not Found", "detail": "The resource could not be found.\n\n No resource provider with uuid 290e74c1-34da-4262-affd-ba9a5eecd38f found for delete ", "request_id": "req-81dbdc11-ca68-4cf8-a9e6-82c6d9ae915d"}]}
2026-05-09 04:56:31.159 8 WARNING neutron.api.rpc.agentnotifiers.dhcp_rpc_agent_api [None req-8b2d3071-6b2a-46b4-9920-5ebdee511799 0a2e7c0735fa44299aeee858919af60d fc9804a5220842899ed452214146af90 - - default default] Unable to schedule network 571850bd-fc08-48bb-9eb5-f6e18fbc4dfe: no agents available; will retry on subsequent port and subnet creation events.
2026-05-09 04:56:31.166 7 INFO neutron.services.segments.plugin [-] Segment 290e74c1-34da-4262-affd-ba9a5eecd38f resource provider not found; error: Placement Client Error (4xx): {"errors": [{"status": 404, "title": "Not Found", "detail": "The resource could not be found.\n\n No resource provider with uuid 290e74c1-34da-4262-affd-ba9a5eecd38f found for delete ", "request_id": "req-950341a1-98cc-4f05-a64b-d5da63366295"}]}
2026-05-09 04:56:31.288 7 INFO neutron.db.l3_db [req-421fd5e8-82fb-4e8a-acbd-f70593e05745 req-b7e675ab-f301-4927-b7dd-b4e51cab06a0 8b8e3a4fd3f54948906aaa6ba8c23c33 13c1d6ec0a24419cacdee7c08de8f890 - - default default] Floating IP 18ca3659-36e3-422f-a8a3-8dacd652ecea disassociated. External IP: 10.96.250.213, port: b4cc795c-ae48-4801-835f-88954e56429a.
2026-05-09 04:56:31.355 8 INFO neutron.db.ovn_revision_numbers_db [None req-8b2d3071-6b2a-46b4-9920-5ebdee511799 0a2e7c0735fa44299aeee858919af60d fc9804a5220842899ed452214146af90 - - default default] Successfully bumped revision number for resource d3e7bc89-329c-4366-a963-160ff071a985 (type: ports) to 1 [pid: 7|app: 0|req: 762/1491] 199.204.45.116 () {36 vars in 997 bytes} [Sat May 9 04:56:30 2026] DELETE /v2.0/ports/b4cc795c-ae48-4801-835f-88954e56429a => generated 0 bytes in 612 msecs (HTTP/1.1 204) 3 headers in 131 bytes (1 switches on core 0)
2026-05-09 04:56:31.498 7 INFO neutron.notifiers.nova [-] Nova event matching ['req-1ed5fbdc-e637-46c6-ac2c-03d6b5daad2c'] response: {'server_uuid': '06edaf03-014c-4dc3-9e5e-a9c5fbeaa16b', 'name': 'network-vif-deleted', 'tag': 'b4cc795c-ae48-4801-835f-88954e56429a', 'status': 'completed', 'code': 200} [pid: 7|app: 0|req: 763/1492] 10.0.0.53 () {32 vars in 773 bytes} [Sat May 9 04:56:31 2026] GET /v2.0/security-groups?tenant_id=27ec6e78c7aa442ca14897d76ea1d317&name=default => generated 2925 bytes in 106 msecs (HTTP/1.1 200) 4 headers in 158 bytes (1 switches on core 0)
2026-05-09 04:56:31.784 7 WARNING neutron.scheduler.dhcp_agent_scheduler [None req-801dfa90-f5cb-4edb-a2b3-0e3dd4f4b268 d1349b4bd5cf448e825fe64a5d9a6cde cd5c663a0e1a479f87f9cf06e067c199 - - default default] No more DHCP agents
2026-05-09 04:56:31.786 7 WARNING neutron.api.rpc.agentnotifiers.dhcp_rpc_agent_api [None req-801dfa90-f5cb-4edb-a2b3-0e3dd4f4b268 d1349b4bd5cf448e825fe64a5d9a6cde cd5c663a0e1a479f87f9cf06e067c199 - - default default] Unable to schedule network fc132ad8-fc37-49f7-a0cf-868dee3b748a: no agents available; will retry on subsequent port and subnet creation events.
2026-05-09 04:56:31.916 7 INFO neutron.db.ovn_revision_numbers_db [None req-801dfa90-f5cb-4edb-a2b3-0e3dd4f4b268 d1349b4bd5cf448e825fe64a5d9a6cde cd5c663a0e1a479f87f9cf06e067c199 - - default default] Successfully bumped revision number for resource c9b47833-2a44-4960-b644-d5e6a3b0e589 (type: ports) to 1 [pid: 7|app: 0|req: 764/1493] 10.0.0.53 () {34 vars in 664 bytes} [Sat May 9 04:56:31 2026] POST /v2.0/ports => generated 775 bytes in 388 msecs (HTTP/1.1 201) 4 headers in 162 bytes (1 switches on core 0) /var/lib/openstack/lib/python3.12/site-packages/pycadf/identifier.py:70: UserWarning: Invalid uuid: neutron. To ensure interoperability, identifiers should be a valid uuid. warnings.warn(('Invalid uuid: %s. To ensure interoperability, ' [pid: 7|app: 0|req: 765/1494] 10.0.0.128 () {34 vars in 990 bytes} [Sat May 9 04:56:31 2026] GET /v2.0/ports?device_id=06edaf03-014c-4dc3-9e5e-a9c5fbeaa16b => generated 12 bytes in 17 msecs (HTTP/1.1 200) 4 headers in 156 bytes (1 switches on core 0)
2026-05-09 04:56:32.020 8 INFO neutron.plugins.ml2.drivers.ovn.mech_driver.ovsdb.commands [-] Schedule LRP lrp-d3e7bc89-329c-4366-a963-160ff071a985 on gateway 2e03e0d1-2201-4718-9b35-e95955132278 with priority 1
2026-05-09 04:56:32.128 8 INFO neutron.db.ovn_revision_numbers_db [None req-8b2d3071-6b2a-46b4-9920-5ebdee511799 0a2e7c0735fa44299aeee858919af60d fc9804a5220842899ed452214146af90 - - default default] Successfully bumped revision number for resource d3e7bc89-329c-4366-a963-160ff071a985 (type: router_ports) to 1
2026-05-09 04:56:32.214 8 INFO neutron.db.ovn_revision_numbers_db [None req-8b2d3071-6b2a-46b4-9920-5ebdee511799 0a2e7c0735fa44299aeee858919af60d fc9804a5220842899ed452214146af90 - - default default] Successfully bumped revision number for resource c6c58763-399b-44dd-b079-7c4908797fb8 (type: routers) to 2 [pid: 8|app: 0|req: 730/1495] 10.0.0.53 () {34 vars in 668 bytes} [Sat May 9 04:56:30 2026] POST /v2.0/routers => generated 948 bytes in 1500 msecs (HTTP/1.1 201) 4 headers in 162 bytes (1 switches on core 0)
2026-05-09 04:56:32.297 8 INFO neutron.services.segments.plugin [-] Segment da765728-5281-4c34-b8d7-9160a875dc6a resource provider aggregate not found
2026-05-09 04:56:32.300 8 INFO neutron.services.segments.plugin [-] Segment da765728-5281-4c34-b8d7-9160a875dc6a resource provider aggregate not found
2026-05-09 04:56:32.319 8 INFO neutron.services.segments.plugin [-] Segment da765728-5281-4c34-b8d7-9160a875dc6a resource provider not found; error: Placement Client Error (4xx): {"errors": [{"status": 404, "title": "Not Found", "detail": "The resource could not be found.\n\n No resource provider with uuid da765728-5281-4c34-b8d7-9160a875dc6a found for delete ", "request_id": "req-bb17142c-994e-4255-8fbd-dfb994cf688e"}]} [pid: 7|app: 0|req: 766/1496] 10.0.0.53 () {32 vars in 739 bytes} [Sat May 9 04:56:31 2026] DELETE /v2.0/security-groups/3f7a7fbe-ecfc-451c-a869-7340ccad41a7 => generated 0 bytes in 341 msecs (HTTP/1.1 204) 2 headers in 112 bytes (1 switches on core 0)
2026-05-09 04:56:32.319 8 INFO neutron.services.segments.plugin [-] Segment da765728-5281-4c34-b8d7-9160a875dc6a resource provider not found; error: Placement Client Error (4xx): {"errors": [{"status": 404, "title": "Not Found", "detail": "The resource could not be found.\n\n No resource provider with uuid da765728-5281-4c34-b8d7-9160a875dc6a found for delete ", "request_id": "req-2e9e0f38-3ff0-46a6-9dec-e84d496eac9a"}]}
2026-05-09 04:56:32.324 8 INFO neutron.db.segments_db [None req-8c6ec255-8668-4d09-8afd-cfba2421c226 d1349b4bd5cf448e825fe64a5d9a6cde cd5c663a0e1a479f87f9cf06e067c199 - - default default] Added segment 3fe9686e-de8d-4782-8129-724440683e36 of type geneve for network f02e4ea7-de66-4b1f-b160-a8e2a34aafc7 [pid: 7|app: 0|req: 767/1497] 10.0.0.53 () {32 vars in 720 bytes} [Sat May 9 04:56:32 2026] GET /v2.0/routers/c6c58763-399b-44dd-b079-7c4908797fb8 => generated 954 bytes in 62 msecs (HTTP/1.1 200) 4 headers in 157 bytes (1 switches on core 0)
2026-05-09 04:56:32.467 8 INFO neutron.db.ovn_revision_numbers_db [None req-8c6ec255-8668-4d09-8afd-cfba2421c226 d1349b4bd5cf448e825fe64a5d9a6cde cd5c663a0e1a479f87f9cf06e067c199 - - default default] Successfully bumped revision number for resource f02e4ea7-de66-4b1f-b160-a8e2a34aafc7 (type: networks) to 1 [pid: 7|app: 0|req: 768/1498] 10.0.0.53 () {32 vars in 646 bytes} [Sat May 9 04:56:32 2026] GET /v2.0/routers => generated 957 bytes in 129 msecs (HTTP/1.1 200) 4 headers in 157 bytes (1 switches on core 0)
2026-05-09 04:56:32.617 8 WARNING neutron.scheduler.dhcp_agent_scheduler [None req-8c6ec255-8668-4d09-8afd-cfba2421c226 d1349b4bd5cf448e825fe64a5d9a6cde cd5c663a0e1a479f87f9cf06e067c199 - - default default] No more DHCP agents
2026-05-09 04:56:32.618 8 WARNING neutron.api.rpc.agentnotifiers.dhcp_rpc_agent_api [None req-8c6ec255-8668-4d09-8afd-cfba2421c226 d1349b4bd5cf448e825fe64a5d9a6cde cd5c663a0e1a479f87f9cf06e067c199 - - default default] Unable to schedule network f02e4ea7-de66-4b1f-b160-a8e2a34aafc7: no agents available; will retry on subsequent port and subnet creation events.
2026-05-09 04:56:32.736 8 INFO neutron.db.ovn_revision_numbers_db [None req-8c6ec255-8668-4d09-8afd-cfba2421c226 d1349b4bd5cf448e825fe64a5d9a6cde cd5c663a0e1a479f87f9cf06e067c199 - - default default] Successfully bumped revision number for resource 740c9a64-1f97-4296-b3f6-5804d5d38a2c (type: ports) to 1 [pid: 8|app: 0|req: 731/1499] 10.0.0.53 () {34 vars in 669 bytes} [Sat May 9 04:56:32 2026] POST /v2.0/networks => generated 651 bytes in 524 msecs (HTTP/1.1 201) 4 headers in 162 bytes (1 switches on core 0)
2026-05-09 04:56:32.930 8 WARNING neutron.scheduler.dhcp_agent_scheduler [None req-d0ed446e-159f-4818-be67-061d8875142d d1349b4bd5cf448e825fe64a5d9a6cde cd5c663a0e1a479f87f9cf06e067c199 - - default default] No more DHCP agents
2026-05-09 04:56:32.933 8 WARNING neutron.api.rpc.agentnotifiers.dhcp_rpc_agent_api [None req-d0ed446e-159f-4818-be67-061d8875142d d1349b4bd5cf448e825fe64a5d9a6cde cd5c663a0e1a479f87f9cf06e067c199 - - default default] Unable to schedule network f02e4ea7-de66-4b1f-b160-a8e2a34aafc7: no agents available; will retry on subsequent port and subnet creation events.
2026-05-09 04:56:33.013 7 INFO neutron.db.ovn_revision_numbers_db [None req-624596b7-4b30-473d-947d-c8098a1d4577 0a2e7c0735fa44299aeee858919af60d fc9804a5220842899ed452214146af90 - - default default] Successfully bumped revision number for resource c6c58763-399b-44dd-b079-7c4908797fb8 (type: routers) to 3 [pid: 7|app: 0|req: 769/1500] 10.0.0.53 () {34 vars in 740 bytes} [Sat May 9 04:56:32 2026] PUT /v2.0/routers/c6c58763-399b-44dd-b079-7c4908797fb8 => generated 961 bytes in 490 msecs (HTTP/1.1 200) 4 headers in 157 bytes (1 switches on core 0) [pid: 7|app: 0|req: 770/1501] 10.0.0.53 () {32 vars in 720 bytes} [Sat May 9 04:56:33 2026] GET /v2.0/routers/c6c58763-399b-44dd-b079-7c4908797fb8 => generated 961 bytes in 53 msecs (HTTP/1.1 200) 4 headers in 157 bytes (1 switches on core 0) [pid: 7|app: 0|req: 771/1502] 10.0.0.128 () {34 vars in 990 bytes} [Sat May 9 04:56:33 2026] GET /v2.0/ports?device_id=06edaf03-014c-4dc3-9e5e-a9c5fbeaa16b => generated 12 bytes in 14 msecs (HTTP/1.1 200) 4 headers in 156 bytes (1 switches on core 0) [pid: 7|app: 0|req: 772/1503] 10.0.0.53 () {32 vars in 735 bytes} [Sat May 9 04:56:33 2026] GET /v2.0/ports?device_id=c6c58763-399b-44dd-b079-7c4908797fb8 => generated 12 bytes in 17 msecs (HTTP/1.1 200) 4 headers in 156 bytes (1 switches on core 0)
2026-05-09 04:56:33.425 8 INFO neutron.db.ovn_revision_numbers_db [None req-7ccb389e-2ca8-4fe8-83c8-8ad18d6eb647 - - - - - -] Successfully bumped revision number for resource 740c9a64-1f97-4296-b3f6-5804d5d38a2c (type: ports) to 2
2026-05-09 04:56:33.438 7 INFO neutron_taas.services.taas.taas_plugin [None req-bd1f955e-9d78-4662-9f79-8cd17d7072bd 0a2e7c0735fa44299aeee858919af60d fc9804a5220842899ed452214146af90 - - default default] TaaS: Handle Delete Port: d3e7bc89-329c-4366-a963-160ff071a985
2026-05-09 04:56:33.441 7 INFO neutron_taas.services.taas.tap_mirror_plugin [None req-bd1f955e-9d78-4662-9f79-8cd17d7072bd 0a2e7c0735fa44299aeee858919af60d fc9804a5220842899ed452214146af90 - - default default] Tap Mirror: Handle Delete Port: d3e7bc89-329c-4366-a963-160ff071a985
2026-05-09 04:56:33.467 8 INFO neutron.db.ovn_revision_numbers_db [None req-7ccb389e-2ca8-4fe8-83c8-8ad18d6eb647 - - - - - -] Successfully bumped revision number for resource 45633d90-ec4c-4f5a-b1e0-3d22de2be87d (type: subnets) to 0 [pid: 8|app: 0|req: 732/1504] 10.0.0.53 () {34 vars in 668 bytes} [Sat May 9 04:56:32 2026] POST /v2.0/subnets => generated 626 bytes in 723 msecs (HTTP/1.1 201) 4 headers in 162 bytes (1 switches on core 0)
2026-05-09 04:56:33.816 8 WARNING neutron.scheduler.dhcp_agent_scheduler [None req-40d598e3-5d11-4254-951b-c950912b3919 d1349b4bd5cf448e825fe64a5d9a6cde cd5c663a0e1a479f87f9cf06e067c199 - - default default] No more DHCP agents
2026-05-09 04:56:33.820 8 WARNING neutron.api.rpc.agentnotifiers.dhcp_rpc_agent_api [None req-40d598e3-5d11-4254-951b-c950912b3919 d1349b4bd5cf448e825fe64a5d9a6cde cd5c663a0e1a479f87f9cf06e067c199 - - default default] Unable to schedule network f02e4ea7-de66-4b1f-b160-a8e2a34aafc7: no agents available; will retry on subsequent port and subnet creation events. [pid: 7|app: 0|req: 773/1505] 10.0.0.53 () {32 vars in 723 bytes} [Sat May 9 04:56:33 2026] DELETE /v2.0/routers/c6c58763-399b-44dd-b079-7c4908797fb8 => generated 0 bytes in 765 msecs (HTTP/1.1 204) 2 headers in 112 bytes (1 switches on core 0) [pid: 7|app: 0|req: 774/1506] 10.0.0.53 () {32 vars in 735 bytes} [Sat May 9 04:56:33 2026] GET /v2.0/ports?device_id=c6c58763-399b-44dd-b079-7c4908797fb8 => generated 12 bytes in 22 msecs (HTTP/1.1 200) 4 headers in 156 bytes (1 switches on core 0)
2026-05-09 04:56:33.929 7 INFO neutron.api.v2.resource [None req-c630855c-46a4-43fc-9ac1-c9099d0a0604 0a2e7c0735fa44299aeee858919af60d fc9804a5220842899ed452214146af90 - - default default] delete failed (client error): The resource could not be found. [pid: 7|app: 0|req: 775/1507] 10.0.0.53 () {32 vars in 723 bytes} [Sat May 9 04:56:33 2026] DELETE /v2.0/routers/c6c58763-399b-44dd-b079-7c4908797fb8 => generated 135 bytes in 28 msecs (HTTP/1.1 404) 4 headers in 164 bytes (1 switches on core 0) [pid: 7|app: 0|req: 776/1508] 10.0.0.53 () {32 vars in 735 bytes} [Sat May 9 04:56:33 2026] GET /v2.0/ports?device_id=6134fd10-8f3c-4d43-97ba-45135b1efd0b => generated 12 bytes in 52 msecs (HTTP/1.1 200) 4 headers in 156 bytes (1 switches on core 0)
2026-05-09 04:56:34.021 7 WARNING neutron.plugins.ml2.drivers.ovn.mech_driver.ovsdb.ovn_client [None req-2ef32a1b-1f73-4312-869f-b070745a8905 - - - - - -] No port found with ID bcbfcd8e-aa11-4ae5-9617-9717604bba9f: RuntimeError: No port found with ID bcbfcd8e-aa11-4ae5-9617-9717604bba9f
2026-05-09 04:56:34.031 8 INFO neutron.db.ovn_revision_numbers_db [None req-40d598e3-5d11-4254-951b-c950912b3919 d1349b4bd5cf448e825fe64a5d9a6cde cd5c663a0e1a479f87f9cf06e067c199 - - default default] Successfully bumped revision number for resource 3a49a6a2-4f6a-4c20-a91e-22388bdde412 (type: ports) to 1
2026-05-09 04:56:34.034 7 INFO neutron.plugins.ml2.drivers.ovn.mech_driver.mech_driver [None req-2ef32a1b-1f73-4312-869f-b070745a8905 - - - - - -] OVN reports status down for port: cc9f978d-9b74-4fde-9596-666fdb1113b7 [pid: 8|app: 0|req: 733/1509] 10.0.0.53 () {34 vars in 664 bytes} [Sat May 9 04:56:33 2026] POST /v2.0/ports => generated 949 bytes in 568 msecs (HTTP/1.1 201) 4 headers in 162 bytes (1 switches on core 0) /var/lib/openstack/lib/python3.12/site-packages/pycadf/identifier.py:70: UserWarning: Invalid uuid: neutron. To ensure interoperability, identifiers should be a valid uuid. warnings.warn(('Invalid uuid: %s. To ensure interoperability, '
2026-05-09 04:56:34.075 7 INFO neutron.plugins.ml2.drivers.ovn.mech_driver.mech_driver [None req-2ef32a1b-1f73-4312-869f-b070745a8905 - - - - - -] OVN reports status down for port: 8513bd71-cf87-4cc6-8783-c51c3bd5c815
2026-05-09 04:56:34.076 8 INFO neutron.api.v2.resource [None req-58c35249-b157-4b48-9a2c-60884b9effe9 0a2e7c0735fa44299aeee858919af60d fc9804a5220842899ed452214146af90 - - default default] delete failed (client error): The resource could not be found. [pid: 8|app: 0|req: 734/1510] 10.0.0.53 () {32 vars in 723 bytes} [Sat May 9 04:56:34 2026] DELETE /v2.0/routers/6134fd10-8f3c-4d43-97ba-45135b1efd0b => generated 135 bytes in 18 msecs (HTTP/1.1 404) 4 headers in 164 bytes (1 switches on core 0)
2026-05-09 04:56:34.146 7 INFO neutron.plugins.ml2.drivers.ovn.mech_driver.mech_driver [None req-2ef32a1b-1f73-4312-869f-b070745a8905 - - - - - -] OVN reports status down for port: 2da6d17f-e180-4742-bf95-2dd2a8619957 /var/lib/openstack/lib/python3.12/site-packages/pycadf/identifier.py:70: UserWarning: Invalid uuid: neutron. To ensure interoperability, identifiers should be a valid uuid. warnings.warn(('Invalid uuid: %s. To ensure interoperability, '
2026-05-09 04:56:34.193 7 INFO neutron.plugins.ml2.drivers.ovn.mech_driver.mech_driver [None req-2ef32a1b-1f73-4312-869f-b070745a8905 - - - - - -] OVN reports status down for port: fa015a02-7cbc-4cf8-8ea4-f881af71b1a3
2026-05-09 04:56:34.202 8 INFO neutron_taas.services.taas.taas_plugin [None req-0f51e95b-cd4c-423f-bbe4-47e72783aff8 d1349b4bd5cf448e825fe64a5d9a6cde cd5c663a0e1a479f87f9cf06e067c199 - - default default] TaaS: Handle Delete Port: 3a49a6a2-4f6a-4c20-a91e-22388bdde412
2026-05-09 04:56:34.205 8 INFO neutron_taas.services.taas.tap_mirror_plugin [None req-0f51e95b-cd4c-423f-bbe4-47e72783aff8 d1349b4bd5cf448e825fe64a5d9a6cde cd5c663a0e1a479f87f9cf06e067c199 - - default default] Tap Mirror: Handle Delete Port: 3a49a6a2-4f6a-4c20-a91e-22388bdde412
2026-05-09 04:56:34.272 7 INFO neutron.plugins.ml2.drivers.ovn.mech_driver.mech_driver [None req-2ef32a1b-1f73-4312-869f-b070745a8905 - - - - - -] OVN reports status down for port: c9fdf847-aa52-468b-a46d-c8aef362a84e
2026-05-09 04:56:34.311 7 INFO neutron.plugins.ml2.drivers.ovn.mech_driver.mech_driver [None req-2ef32a1b-1f73-4312-869f-b070745a8905 - - - - - -] OVN reports status down for port: e677f31e-29da-432c-9a92-44c836d1a4c6
2026-05-09 04:56:34.379 7 INFO neutron.plugins.ml2.drivers.ovn.mech_driver.mech_driver [None req-2ef32a1b-1f73-4312-869f-b070745a8905 - - - - - -] OVN reports status down for port: 7a559547-658c-406c-822b-f0a7925879fc [pid: 8|app: 0|req: 735/1511] 10.0.0.53 () {32 vars in 719 bytes} [Sat May 9 04:56:34 2026] DELETE /v2.0/ports/3a49a6a2-4f6a-4c20-a91e-22388bdde412 => generated 0 bytes in 329 msecs (HTTP/1.1 204) 3 headers in 131 bytes (1 switches on core 0)
2026-05-09 04:56:34.418 8 INFO neutron.pecan_wsgi.hooks.translation [None req-8df55a21-8dd9-4344-b29f-2a50b0fbfd7c 0a2e7c0735fa44299aeee858919af60d fc9804a5220842899ed452214146af90 - - default default] DELETE failed (client error): The resource could not be found. [pid: 8|app: 0|req: 736/1512] 10.0.0.53 () {32 vars in 723 bytes} [Sat May 9 04:56:34 2026] DELETE /v2.0/subnets/748c6d18-951e-4724-ac78-9e21e257d01f => generated 136 bytes in 12 msecs (HTTP/1.1 404) 4 headers in 164 bytes (1 switches on core 0) [pid: 8|app: 0|req: 737/1513] 10.0.0.128 () {34 vars in 990 bytes} [Sat May 9 04:56:34 2026] GET /v2.0/ports?device_id=06edaf03-014c-4dc3-9e5e-a9c5fbeaa16b => generated 12 bytes in 16 msecs (HTTP/1.1 200) 4 headers in 156 bytes (1 switches on core 0)
2026-05-09 04:56:34.452 8 INFO neutron.pecan_wsgi.hooks.translation [None req-a09b50f7-1d59-44e8-a16d-19da732c0f00 d1349b4bd5cf448e825fe64a5d9a6cde cd5c663a0e1a479f87f9cf06e067c199 - - default default] DELETE failed (client error): The resource could not be found. [pid: 8|app: 0|req: 738/1514] 10.0.0.53 () {32 vars in 719 bytes} [Sat May 9 04:56:34 2026] DELETE /v2.0/ports/3a49a6a2-4f6a-4c20-a91e-22388bdde412 => generated 132 bytes in 17 msecs (HTTP/1.1 404) 4 headers in 164 bytes (1 switches on core 0) [pid: 8|app: 0|req: 739/1515] 10.0.0.53 () {32 vars in 735 bytes} [Sat May 9 04:56:34 2026] GET /v2.0/ports?device_id=80edbe3e-5f0f-4f54-89a6-d88e6cda2764 => generated 12 bytes in 14 msecs (HTTP/1.1 200) 4 headers in 156 bytes (1 switches on core 0)
2026-05-09 04:56:34.492 8 INFO neutron.pecan_wsgi.hooks.translation [None req-e606e36b-1bc9-4cfe-8831-e15cd1e11332 d1349b4bd5cf448e825fe64a5d9a6cde cd5c663a0e1a479f87f9cf06e067c199 - - default default] GET failed (client error): The resource could not be found. [pid: 8|app: 0|req: 740/1516] 10.0.0.53 () {32 vars in 716 bytes} [Sat May 9 04:56:34 2026] GET /v2.0/ports/3a49a6a2-4f6a-4c20-a91e-22388bdde412 => generated 132 bytes in 25 msecs (HTTP/1.1 404) 4 headers in 164 bytes (1 switches on core 0)
2026-05-09 04:56:34.518 8 INFO neutron.api.v2.resource [None req-5d5fa3a2-0977-4af4-bcfe-133901375425 0a2e7c0735fa44299aeee858919af60d fc9804a5220842899ed452214146af90 - - default default] delete failed (client error): The resource could not be found.
2026-05-09 04:56:34.520 7 INFO neutron.plugins.ml2.drivers.ovn.mech_driver.mech_driver [None req-2ef32a1b-1f73-4312-869f-b070745a8905 - - - - - -] OVN reports status down for port: 2890efd9-2af8-404c-9a92-52415b72b2d5 [pid: 8|app: 0|req: 741/1517] 10.0.0.53 () {32 vars in 723 bytes} [Sat May 9 04:56:34 2026] DELETE /v2.0/routers/80edbe3e-5f0f-4f54-89a6-d88e6cda2764 => generated 135 bytes in 26 msecs (HTTP/1.1 404) 4 headers in 164 bytes (1 switches on core 0)
2026-05-09 04:56:34.534 7 INFO neutron.plugins.ml2.drivers.ovn.mech_driver.mech_driver [None req-2ef32a1b-1f73-4312-869f-b070745a8905 - - - - - -] OVN reports status down for port: a7d1580f-7656-4896-a467-590813aefb9f
2026-05-09 04:56:34.536 7 INFO neutron.db.ovn_revision_numbers_db [None req-8612493b-0c9a-4949-974b-0d80e6313319 e17c938cb887405f8833973ba1ce97d5 e5a793ada92c420881296c4e8b672c48 - - default default] Successfully bumped revision number for resource 12b4bf52-4842-4363-9995-74fd0e5572ba (type: security_groups) to 1
2026-05-09 04:56:34.553 7 INFO neutron.plugins.ml2.drivers.ovn.mech_driver.mech_driver [None req-2ef32a1b-1f73-4312-869f-b070745a8905 - - - - - -] OVN reports status down for port: c0ec6b5f-3eb2-48ee-a81e-5495e47ab50d
2026-05-09 04:56:34.566 7 INFO neutron.db.ovn_revision_numbers_db [None req-8612493b-0c9a-4949-974b-0d80e6313319 e17c938cb887405f8833973ba1ce97d5 e5a793ada92c420881296c4e8b672c48 - - default default] Successfully bumped revision number for resource 516f10fa-e711-4b22-a26b-9cc8c9d4b060 (type: security_group_rules) to 0
2026-05-09 04:56:34.593 7 INFO neutron.db.ovn_revision_numbers_db [None req-8612493b-0c9a-4949-974b-0d80e6313319 e17c938cb887405f8833973ba1ce97d5 e5a793ada92c420881296c4e8b672c48 - - default default] Successfully bumped revision number for resource 5da0a863-0d47-4460-b261-b967bd3ac283 (type: security_group_rules) to 0
2026-05-09 04:56:34.594 7 INFO neutron.plugins.ml2.drivers.ovn.mech_driver.mech_driver [None req-2ef32a1b-1f73-4312-869f-b070745a8905 - - - - - -] OVN reports status down for port: b4cc795c-ae48-4801-835f-88954e56429a
2026-05-09 04:56:34.626 7 INFO neutron.db.ovn_revision_numbers_db [None req-8612493b-0c9a-4949-974b-0d80e6313319 e17c938cb887405f8833973ba1ce97d5 e5a793ada92c420881296c4e8b672c48 - - default default] Successfully bumped revision number for resource db68fd5a-be2e-4294-a398-61afe5af5b5f (type: security_group_rules) to 0
2026-05-09 04:56:34.629 7 INFO neutron.plugins.ml2.drivers.ovn.mech_driver.mech_driver [None req-2ef32a1b-1f73-4312-869f-b070745a8905 - - - - - -] OVN reports status down for port: b8ba6f12-5b3a-4b63-9c0e-fd7473822867
2026-05-09 04:56:34.655 7 INFO neutron.db.ovn_revision_numbers_db [None req-8612493b-0c9a-4949-974b-0d80e6313319 e17c938cb887405f8833973ba1ce97d5 e5a793ada92c420881296c4e8b672c48 - - default default] Successfully bumped revision number for resource feeeedd9-65ee-4616-99a0-1eb4a87c81d1 (type: security_group_rules) to 0 [pid: 8|app: 0|req: 742/1518] 10.0.0.53 () {32 vars in 723 bytes} [Sat May 9 04:56:34 2026] DELETE /v2.0/subnets/45633d90-ec4c-4f5a-b1e0-3d22de2be87d => generated 0 bytes in 200 msecs (HTTP/1.1 204) 3 headers in 131 bytes (1 switches on core 0)
2026-05-09 04:56:34.734 8 INFO neutron.pecan_wsgi.hooks.translation [None req-76ea34f1-0249-4c23-80d1-32db3b192eba 0a2e7c0735fa44299aeee858919af60d fc9804a5220842899ed452214146af90 - - default default] DELETE failed (client error): The resource could not be found. [pid: 8|app: 0|req: 743/1519] 10.0.0.53 () {32 vars in 723 bytes} [Sat May 9 04:56:34 2026] DELETE /v2.0/subnets/0fcc48bf-a952-4d8f-b986-2f9352175b8d => generated 136 bytes in 15 msecs (HTTP/1.1 404) 4 headers in 164 bytes (1 switches on core 0)
2026-05-09 04:56:34.767 7 INFO neutron.plugins.ml2.drivers.ovn.mech_driver.mech_driver [None req-2ef32a1b-1f73-4312-869f-b070745a8905 - - - - - -] OVN reports status down for port: d3e7bc89-329c-4366-a963-160ff071a985
2026-05-09 04:56:34.772 7 INFO neutron.db.segments_db [None req-8612493b-0c9a-4949-974b-0d80e6313319 e17c938cb887405f8833973ba1ce97d5 e5a793ada92c420881296c4e8b672c48 - - default default] Added segment d58aef13-ae00-4370-816e-f12a9414a931 of type geneve for network 927a944b-9b89-414e-9cb1-95a35ef45504
2026-05-09 04:56:34.785 7 INFO neutron.plugins.ml2.drivers.ovn.mech_driver.mech_driver [None req-2ef32a1b-1f73-4312-869f-b070745a8905 - - - - - -] OVN reports status down for port: c9b47833-2a44-4960-b644-d5e6a3b0e589
2026-05-09 04:56:34.885 8 INFO neutron_taas.services.taas.taas_plugin [None req-35bf7f7e-2f09-4ee9-acdb-74f69a48c49f d1349b4bd5cf448e825fe64a5d9a6cde cd5c663a0e1a479f87f9cf06e067c199 - - default default] TaaS: Handle Delete Port: 740c9a64-1f97-4296-b3f6-5804d5d38a2c
2026-05-09 04:56:34.888 8 INFO neutron_taas.services.taas.tap_mirror_plugin [None req-35bf7f7e-2f09-4ee9-acdb-74f69a48c49f d1349b4bd5cf448e825fe64a5d9a6cde cd5c663a0e1a479f87f9cf06e067c199 - - default default] Tap Mirror: Handle Delete Port: 740c9a64-1f97-4296-b3f6-5804d5d38a2c
2026-05-09 04:56:34.907 7 INFO neutron.plugins.ml2.drivers.ovn.mech_driver.mech_driver [None req-2ef32a1b-1f73-4312-869f-b070745a8905 - - - - - -] OVN reports status up for port: d3e7bc89-329c-4366-a963-160ff071a985
2026-05-09 04:56:34.931 7 INFO neutron.plugins.ml2.drivers.ovn.mech_driver.mech_driver [None req-2ef32a1b-1f73-4312-869f-b070745a8905 - - - - - -] OVN reports status down for port: 740c9a64-1f97-4296-b3f6-5804d5d38a2c
2026-05-09 04:56:34.974 7 INFO neutron.plugins.ml2.drivers.ovn.mech_driver.mech_driver [None req-2ef32a1b-1f73-4312-869f-b070745a8905 - - - - - -] OVN reports status down for port: 3a49a6a2-4f6a-4c20-a91e-22388bdde412
2026-05-09 04:56:35.019 7 INFO neutron.db.ovn_revision_numbers_db [None req-8612493b-0c9a-4949-974b-0d80e6313319 e17c938cb887405f8833973ba1ce97d5 e5a793ada92c420881296c4e8b672c48 - - default default] Successfully bumped revision number for resource 927a944b-9b89-414e-9cb1-95a35ef45504 (type: networks) to 1
2026-05-09 04:56:35.106 8 INFO neutron.services.segments.plugin [-] Segment 3fe9686e-de8d-4782-8129-724440683e36 resource provider aggregate not found
2026-05-09 04:56:35.112 8 INFO neutron.services.segments.plugin [-] Segment 3fe9686e-de8d-4782-8129-724440683e36 resource provider aggregate not found
2026-05-09 04:56:35.122 8 INFO neutron.services.segments.plugin [-] Segment 3fe9686e-de8d-4782-8129-724440683e36 resource provider not found; error: Placement Client Error (4xx): {"errors": [{"status": 404, "title": "Not Found", "detail": "The resource could not be found.\n\n No resource provider with uuid 3fe9686e-de8d-4782-8129-724440683e36 found for delete ", "request_id": "req-2e2fdf3d-3f70-4610-b8b6-0144cad63ce2"}]}
2026-05-09 04:56:35.135 8 INFO neutron.services.segments.plugin [-] Segment 3fe9686e-de8d-4782-8129-724440683e36 resource provider not found; error: Placement Client Error (4xx): {"errors": [{"status": 404, "title": "Not Found", "detail": "The resource could not be found.\n\n No resource provider with uuid 3fe9686e-de8d-4782-8129-724440683e36 found for delete ", "request_id": "req-df1f26c0-c069-4cb6-90fc-15dc75c89326"}]} [pid: 8|app: 0|req: 744/1520] 10.0.0.53 () {32 vars in 725 bytes} [Sat May 9 04:56:34 2026] DELETE /v2.0/networks/f02e4ea7-de66-4b1f-b160-a8e2a34aafc7 => generated 0 bytes in 423 msecs (HTTP/1.1 204) 3 headers in 131 bytes (1 switches on core 0) [pid: 8|app: 0|req: 745/1521] 10.0.0.53 () {32 vars in 735 bytes} [Sat May 9 04:56:35 2026] GET /v2.0/ports?device_id=242b4007-6fb0-4408-a48f-87732f244297 => generated 12 bytes in 24 msecs (HTTP/1.1 200) 4 headers in 156 bytes (1 switches on core 0)
2026-05-09 04:56:35.276 7 WARNING neutron.scheduler.dhcp_agent_scheduler [None req-8612493b-0c9a-4949-974b-0d80e6313319 e17c938cb887405f8833973ba1ce97d5 e5a793ada92c420881296c4e8b672c48 - - default default] No more DHCP agents
2026-05-09 04:56:35.277 7 WARNING neutron.api.rpc.agentnotifiers.dhcp_rpc_agent_api [None req-8612493b-0c9a-4949-974b-0d80e6313319 e17c938cb887405f8833973ba1ce97d5 e5a793ada92c420881296c4e8b672c48 - - default default] Unable to schedule network 927a944b-9b89-414e-9cb1-95a35ef45504: no agents available; will retry on subsequent port and subnet creation events.
2026-05-09 04:56:35.292 8 INFO neutron.db.segments_db [None req-64f0a960-f986-4d4a-9e07-cbd2346f4ba7 d1349b4bd5cf448e825fe64a5d9a6cde cd5c663a0e1a479f87f9cf06e067c199 - - default default] Added segment 2edcc697-82c0-45b5-82f4-0cea79a95e97 of type geneve for network 04198e7c-8478-4ba0-97aa-2a43456c3cc7
2026-05-09 04:56:35.345 7 INFO neutron.plugins.ml2.drivers.ovn.mech_driver.mech_driver [None req-2ef32a1b-1f73-4312-869f-b070745a8905 - - - - - -] OVN reports status down for port: 60424cb2-9a57-4576-8e97-768d28cc4d38
2026-05-09 04:56:35.415 7 INFO neutron.db.ovn_revision_numbers_db [None req-8612493b-0c9a-4949-974b-0d80e6313319 e17c938cb887405f8833973ba1ce97d5 e5a793ada92c420881296c4e8b672c48 - - default default] Successfully bumped revision number for resource 60424cb2-9a57-4576-8e97-768d28cc4d38 (type: ports) to 1
2026-05-09 04:56:35.488 8 INFO neutron.db.ovn_revision_numbers_db [None req-64f0a960-f986-4d4a-9e07-cbd2346f4ba7 d1349b4bd5cf448e825fe64a5d9a6cde cd5c663a0e1a479f87f9cf06e067c199 - - default default] Successfully bumped revision number for resource 04198e7c-8478-4ba0-97aa-2a43456c3cc7 (type: networks) to 1 [pid: 7|app: 0|req: 777/1522] 10.0.0.53 () {34 vars in 669 bytes} [Sat May 9 04:56:33 2026] POST /v2.0/networks => generated 666 bytes in 1506 msecs (HTTP/1.1 201) 4 headers in 162 bytes (1 switches on core 0) /var/lib/openstack/lib/python3.12/site-packages/pycadf/identifier.py:70: UserWarning: Invalid uuid: neutron. To ensure interoperability, identifiers should be a valid uuid. warnings.warn(('Invalid uuid: %s. To ensure interoperability, '
2026-05-09 04:56:35.549 7 INFO neutron.api.v2.resource [None req-aaef7f3b-3a73-4698-bfa7-6413d39fbd2f 0a2e7c0735fa44299aeee858919af60d fc9804a5220842899ed452214146af90 - - default default] delete failed (client error): The resource could not be found. [pid: 7|app: 0|req: 778/1523] 10.0.0.53 () {32 vars in 723 bytes} [Sat May 9 04:56:35 2026] DELETE /v2.0/routers/242b4007-6fb0-4408-a48f-87732f244297 => generated 135 bytes in 50 msecs (HTTP/1.1 404) 4 headers in 164 bytes (1 switches on core 0)
2026-05-09 04:56:35.686 8 WARNING neutron.scheduler.dhcp_agent_scheduler [None req-64f0a960-f986-4d4a-9e07-cbd2346f4ba7 d1349b4bd5cf448e825fe64a5d9a6cde cd5c663a0e1a479f87f9cf06e067c199 - - default default] No more DHCP agents
2026-05-09 04:56:35.688 8 WARNING neutron.api.rpc.agentnotifiers.dhcp_rpc_agent_api [None req-64f0a960-f986-4d4a-9e07-cbd2346f4ba7 d1349b4bd5cf448e825fe64a5d9a6cde cd5c663a0e1a479f87f9cf06e067c199 - - default default] Unable to schedule network 04198e7c-8478-4ba0-97aa-2a43456c3cc7: no agents available; will retry on subsequent port and subnet creation events. [pid: 7|app: 0|req: 779/1524] 10.0.0.53 () {32 vars in 739 bytes} [Sat May 9 04:56:35 2026] DELETE /v2.0/security-groups/a79e9e22-dd65-4ba2-bbd4-e8bb03975bb3 => generated 0 bytes in 172 msecs (HTTP/1.1 204) 2 headers in 112 bytes (1 switches on core 0)
2026-05-09 04:56:35.736 7 INFO neutron.pecan_wsgi.hooks.translation [None req-42201e4e-473a-42c1-97e8-9c170ade9d5a 0a2e7c0735fa44299aeee858919af60d fc9804a5220842899ed452214146af90 - - default default] DELETE failed (client error): The resource could not be found. [pid: 7|app: 0|req: 780/1525] 10.0.0.53 () {32 vars in 723 bytes} [Sat May 9 04:56:35 2026] DELETE /v2.0/subnets/fb48e545-fe51-4a2e-af1e-f52fdd88237b => generated 136 bytes in 15 msecs (HTTP/1.1 404) 4 headers in 164 bytes (1 switches on core 0)
2026-05-09 04:56:35.752 7 INFO neutron.api.v2.resource [None req-d1cf1af9-d1a0-4468-b2d4-6b4960d1135f 8b8e3a4fd3f54948906aaa6ba8c23c33 13c1d6ec0a24419cacdee7c08de8f890 - - default default] show failed (client error): The resource could not be found. [pid: 7|app: 0|req: 781/1526] 10.0.0.53 () {32 vars in 736 bytes} [Sat May 9 04:56:35 2026] GET /v2.0/security-groups/a79e9e22-dd65-4ba2-bbd4-e8bb03975bb3 => generated 146 bytes in 13 msecs (HTTP/1.1 404) 4 headers in 164 bytes (1 switches on core 0)
2026-05-09 04:56:35.788 7 INFO neutron.pecan_wsgi.hooks.translation [None req-c618b4e4-2a4c-44e1-8a89-66eef65d94e6 0a2e7c0735fa44299aeee858919af60d fc9804a5220842899ed452214146af90 - - default default] DELETE failed (client error): The resource could not be found. [pid: 7|app: 0|req: 782/1527] 10.0.0.53 () {32 vars in 723 bytes} [Sat May 9 04:56:35 2026] DELETE /v2.0/subnets/863685b5-6221-4a97-ab8a-a07976420d25 => generated 136 bytes in 43 msecs (HTTP/1.1 404) 4 headers in 164 bytes (1 switches on core 0)
2026-05-09 04:56:35.847 7 INFO neutron.plugins.ml2.drivers.ovn.mech_driver.mech_driver [None req-2ef32a1b-1f73-4312-869f-b070745a8905 - - - - - -] OVN reports status down for port: d6c81ae4-e39c-4f23-870d-99c592fec94f
2026-05-09 04:56:35.859 8 INFO neutron.db.ovn_revision_numbers_db [None req-64f0a960-f986-4d4a-9e07-cbd2346f4ba7 d1349b4bd5cf448e825fe64a5d9a6cde cd5c663a0e1a479f87f9cf06e067c199 - - default default] Successfully bumped revision number for resource d6c81ae4-e39c-4f23-870d-99c592fec94f (type: ports) to 1 [pid: 8|app: 0|req: 746/1528] 10.0.0.53 () {34 vars in 669 bytes} [Sat May 9 04:56:35 2026] POST /v2.0/networks => generated 651 bytes in 696 msecs (HTTP/1.1 201) 4 headers in 162 bytes (1 switches on core 0)
2026-05-09 04:56:36.018 7 INFO neutron_taas.services.taas.taas_plugin [None req-55cd01c8-9990-4a04-b483-e8fc31003151 8b8e3a4fd3f54948906aaa6ba8c23c33 13c1d6ec0a24419cacdee7c08de8f890 - - default default] TaaS: Handle Delete Port: cb95a571-680b-4a82-8c6a-113b3f1ea068
2026-05-09 04:56:36.021 7 INFO neutron_taas.services.taas.tap_mirror_plugin [None req-55cd01c8-9990-4a04-b483-e8fc31003151 8b8e3a4fd3f54948906aaa6ba8c23c33 13c1d6ec0a24419cacdee7c08de8f890 - - default default] Tap Mirror: Handle Delete Port: cb95a571-680b-4a82-8c6a-113b3f1ea068
2026-05-09 04:56:36.079 8 WARNING neutron.scheduler.dhcp_agent_scheduler [None req-2e3dccce-2a30-49ae-a870-48a46a36aa17 d1349b4bd5cf448e825fe64a5d9a6cde cd5c663a0e1a479f87f9cf06e067c199 - - default default] No more DHCP agents
2026-05-09 04:56:36.081 8 WARNING neutron.api.rpc.agentnotifiers.dhcp_rpc_agent_api [None req-2e3dccce-2a30-49ae-a870-48a46a36aa17 d1349b4bd5cf448e825fe64a5d9a6cde cd5c663a0e1a479f87f9cf06e067c199 - - default default] Unable to schedule network 04198e7c-8478-4ba0-97aa-2a43456c3cc7: no agents available; will retry on subsequent port and subnet creation events. [pid: 7|app: 0|req: 783/1529] 10.0.0.53 () {32 vars in 731 bytes} [Sat May 9 04:56:35 2026] DELETE /v2.0/floatingips/18ca3659-36e3-422f-a8a3-8dacd652ecea => generated 0 bytes in 377 msecs (HTTP/1.1 204) 2 headers in 112 bytes (1 switches on core 0)
2026-05-09 04:56:36.351 7 WARNING neutron.scheduler.dhcp_agent_scheduler [None req-3f150870-c977-403c-a300-2ea8c3362951 e17c938cb887405f8833973ba1ce97d5 e5a793ada92c420881296c4e8b672c48 - - default default] No more DHCP agents
2026-05-09 04:56:36.352 7 WARNING neutron.api.rpc.agentnotifiers.dhcp_rpc_agent_api [None req-3f150870-c977-403c-a300-2ea8c3362951 e17c938cb887405f8833973ba1ce97d5 e5a793ada92c420881296c4e8b672c48 - - default default] Unable to schedule network 927a944b-9b89-414e-9cb1-95a35ef45504: no agents available; will retry on subsequent port and subnet creation events.
2026-05-09 04:56:36.390 7 INFO neutron.db.ovn_revision_numbers_db [None req-3f150870-c977-403c-a300-2ea8c3362951 e17c938cb887405f8833973ba1ce97d5 e5a793ada92c420881296c4e8b672c48 - - default default] Successfully bumped revision number for resource 8579eba7-861a-4dba-809d-e90e1322cdc9 (type: subnets) to 0 [pid: 7|app: 0|req: 784/1530] 10.0.0.53 () {34 vars in 668 bytes} [Sat May 9 04:56:36 2026] POST /v2.0/subnets => generated 673 bytes in 231 msecs (HTTP/1.1 201) 4 headers in 162 bytes (1 switches on core 0)
2026-05-09 04:56:36.556 8 INFO neutron.db.ovn_revision_numbers_db [None req-ebb4908e-3a0c-4066-b3bb-fcb68ae622b5 - - - - - -] Successfully bumped revision number for resource d6c81ae4-e39c-4f23-870d-99c592fec94f (type: ports) to 2
2026-05-09 04:56:36.587 8 INFO neutron.db.ovn_revision_numbers_db [None req-ebb4908e-3a0c-4066-b3bb-fcb68ae622b5 - - - - - -] Successfully bumped revision number for resource 660af53a-c86d-487d-b4ce-48143eafdfdf (type: subnets) to 0 [pid: 8|app: 0|req: 747/1531] 10.0.0.53 () {34 vars in 668 bytes} [Sat May 9 04:56:35 2026] POST /v2.0/subnets => generated 626 bytes in 720 msecs (HTTP/1.1 201) 4 headers in 162 bytes (1 switches on core 0)
2026-05-09 04:56:36.704 7 INFO neutron_taas.services.taas.taas_plugin [None req-22b7c1c1-556a-4760-9925-d3e77710777f 3a48a57508e346739313a5982193bdee fbeaf8cc974c4dd1a1aca922453ee7fb - - default default] TaaS: Handle Delete Port: dcd454c3-4986-439e-bd46-e0137081c3fc
2026-05-09 04:56:36.707 7 INFO neutron_taas.services.taas.tap_mirror_plugin [None req-22b7c1c1-556a-4760-9925-d3e77710777f 3a48a57508e346739313a5982193bdee fbeaf8cc974c4dd1a1aca922453ee7fb - - default default] Tap Mirror: Handle Delete Port: dcd454c3-4986-439e-bd46-e0137081c3fc [pid: 8|app: 0|req: 748/1532] 10.0.0.53 () {32 vars in 773 bytes} [Sat May 9 04:56:36 2026] GET /v2.0/security-groups?tenant_id=fc9804a5220842899ed452214146af90&name=default => generated 2925 bytes in 111 msecs (HTTP/1.1 200) 4 headers in 158 bytes (1 switches on core 0)
2026-05-09 04:56:36.803 8 INFO neutron.db.segments_db [None req-b3d2bb18-8a45-48a7-a041-344b99be2831 e17c938cb887405f8833973ba1ce97d5 e5a793ada92c420881296c4e8b672c48 - - default default] Added segment 469aab92-b0fb-4a31-9b31-a8a35ecd3785 of type geneve for network 08da8a92-bf5d-4aa6-9ec1-122607c1d23c
2026-05-09 04:56:36.940 8 INFO neutron.db.ovn_revision_numbers_db [None req-b3d2bb18-8a45-48a7-a041-344b99be2831 e17c938cb887405f8833973ba1ce97d5 e5a793ada92c420881296c4e8b672c48 - - default default] Successfully bumped revision number for resource 08da8a92-bf5d-4aa6-9ec1-122607c1d23c (type: networks) to 1
2026-05-09 04:56:37.125 8 WARNING neutron.scheduler.dhcp_agent_scheduler [None req-b3d2bb18-8a45-48a7-a041-344b99be2831 e17c938cb887405f8833973ba1ce97d5 e5a793ada92c420881296c4e8b672c48 - - default default] No more DHCP agents
2026-05-09 04:56:37.127 8 WARNING neutron.api.rpc.agentnotifiers.dhcp_rpc_agent_api [None req-b3d2bb18-8a45-48a7-a041-344b99be2831 e17c938cb887405f8833973ba1ce97d5 e5a793ada92c420881296c4e8b672c48 - - default default] Unable to schedule network 08da8a92-bf5d-4aa6-9ec1-122607c1d23c: no agents available; will retry on subsequent port and subnet creation events.
2026-05-09 04:56:37.233 8 INFO neutron.db.ovn_revision_numbers_db [None req-b3d2bb18-8a45-48a7-a041-344b99be2831 e17c938cb887405f8833973ba1ce97d5 e5a793ada92c420881296c4e8b672c48 - - default default] Successfully bumped revision number for resource 5ef00e69-b6d0-4354-88fc-b7e55e1ed8fe (type: ports) to 1
2026-05-09 04:56:37.242 7 INFO neutron.plugins.ml2.drivers.ovn.mech_driver.mech_driver [None req-2ef32a1b-1f73-4312-869f-b070745a8905 - - - - - -] OVN reports status down for port: 5ef00e69-b6d0-4354-88fc-b7e55e1ed8fe [pid: 8|app: 0|req: 749/1533] 10.0.0.53 () {34 vars in 669 bytes} [Sat May 9 04:56:36 2026] POST /v2.0/networks => generated 666 bytes in 536 msecs (HTTP/1.1 201) 4 headers in 162 bytes (1 switches on core 0)
2026-05-09 04:56:37.470 8 WARNING neutron.scheduler.dhcp_agent_scheduler [None req-c7373829-7116-4d7d-89e9-893a814d0dca d1349b4bd5cf448e825fe64a5d9a6cde cd5c663a0e1a479f87f9cf06e067c199 - - default default] No more DHCP agents
