2026-05-09 04:56:18.923 7 INFO neutron.db.l3_db [None req-88054a68-0d6b-4129-9140-5256aee4cdd2 60958c707ee649ca8851cf634668a492 8e43352ec94e4ee3be4e86cc3e65e834 - - default default] Floating IP d331cfa5-f19e-495a-9635-916bf0179e77 associated. External IP: 10.96.250.218, port: 8513bd71-cf87-4cc6-8783-c51c3bd5c815. [pid: 7|app: 0|req: 731/1425] 10.0.0.53 () {34 vars in 676 bytes} [Sat May 9 04:56:17 2026] POST /v2.0/floatingips => generated 842 bytes in 1688 msecs (HTTP/1.1 201) 4 headers in 162 bytes (1 switches on core 0)
2026-05-09 04:56:19.160 8 INFO neutron.db.ovn_revision_numbers_db [None req-c748153b-4d59-40a2-95f7-d35eab4a7273 60958c707ee649ca8851cf634668a492 8e43352ec94e4ee3be4e86cc3e65e834 - - default default] Successfully bumped revision number for resource d331cfa5-f19e-495a-9635-916bf0179e77 (type: floatingips) to 2
2026-05-09 04:56:19.204 8 INFO neutron.db.l3_db [None req-c748153b-4d59-40a2-95f7-d35eab4a7273 60958c707ee649ca8851cf634668a492 8e43352ec94e4ee3be4e86cc3e65e834 - - default default] Floating IP d331cfa5-f19e-495a-9635-916bf0179e77 disassociated. External IP: 10.96.250.218, port: 8513bd71-cf87-4cc6-8783-c51c3bd5c815. [pid: 8|app: 0|req: 695/1426] 10.0.0.53 () {34 vars in 748 bytes} [Sat May 9 04:56:18 2026] PUT /v2.0/floatingips/d331cfa5-f19e-495a-9635-916bf0179e77 => generated 554 bytes in 263 msecs (HTTP/1.1 200) 4 headers in 157 bytes (1 switches on core 0)
2026-05-09 04:56:19.364 7 INFO neutron_taas.services.taas.taas_plugin [None req-8e7aef85-fb7d-4a60-9fc7-223785e06efb 60958c707ee649ca8851cf634668a492 8e43352ec94e4ee3be4e86cc3e65e834 - - default default] TaaS: Handle Delete Port: 46d0fb32-d8ff-46b4-b958-2acec2b3877d
2026-05-09 04:56:19.367 7 INFO neutron_taas.services.taas.tap_mirror_plugin [None req-8e7aef85-fb7d-4a60-9fc7-223785e06efb 60958c707ee649ca8851cf634668a492 8e43352ec94e4ee3be4e86cc3e65e834 - - default default] Tap Mirror: Handle Delete Port: 46d0fb32-d8ff-46b4-b958-2acec2b3877d [pid: 7|app: 0|req: 732/1427] 10.0.0.53 () {32 vars in 731 bytes} [Sat May 9 04:56:19 2026] DELETE /v2.0/floatingips/d331cfa5-f19e-495a-9635-916bf0179e77 => generated 0 bytes in 275 msecs (HTTP/1.1 204) 2 headers in 112 bytes (1 switches on core 0)
2026-05-09 04:56:19.741 7 WARNING neutron.scheduler.dhcp_agent_scheduler [None req-e99fd30f-cde7-4c3e-9e91-b7eb87f7a074 60958c707ee649ca8851cf634668a492 8e43352ec94e4ee3be4e86cc3e65e834 - - default default] No more DHCP agents
2026-05-09 04:56:19.742 7 WARNING neutron.api.rpc.agentnotifiers.dhcp_rpc_agent_api [None req-e99fd30f-cde7-4c3e-9e91-b7eb87f7a074 60958c707ee649ca8851cf634668a492 8e43352ec94e4ee3be4e86cc3e65e834 - - default default] Unable to schedule network 571850bd-fc08-48bb-9eb5-f6e18fbc4dfe: no agents available; will retry on subsequent port and subnet creation events.
2026-05-09 04:56:19.846 8 INFO neutron.db.ovn_revision_numbers_db [None req-50fe7cdb-717d-4abd-b7bf-4c8c68a95dbe 4bd09fe3329a47b8816cd1de9d22a514 27ec6e78c7aa442ca14897d76ea1d317 - - default default] Successfully bumped revision number for resource 3f7a7fbe-ecfc-451c-a869-7340ccad41a7 (type: security_groups) to 1
2026-05-09 04:56:19.858 8 INFO neutron.db.ovn_revision_numbers_db [None req-50fe7cdb-717d-4abd-b7bf-4c8c68a95dbe 4bd09fe3329a47b8816cd1de9d22a514 27ec6e78c7aa442ca14897d76ea1d317 - - default default] Successfully bumped revision number for resource 2ca98e8d-bd72-4ac1-bd0a-0f1a22c7881a (type: security_group_rules) to 0
2026-05-09 04:56:19.871 8 INFO neutron.db.ovn_revision_numbers_db [None req-50fe7cdb-717d-4abd-b7bf-4c8c68a95dbe 4bd09fe3329a47b8816cd1de9d22a514 27ec6e78c7aa442ca14897d76ea1d317 - - default default] Successfully bumped revision number for resource a380d925-39da-4477-8fcc-f7527bd041a9 (type: security_group_rules) to 0
2026-05-09 04:56:19.884 8 INFO neutron.db.ovn_revision_numbers_db [None req-50fe7cdb-717d-4abd-b7bf-4c8c68a95dbe 4bd09fe3329a47b8816cd1de9d22a514 27ec6e78c7aa442ca14897d76ea1d317 - - default default] Successfully bumped revision number for resource eac794a0-814e-494d-9e9a-dafdb7d79765 (type: security_group_rules) to 0
2026-05-09 04:56:19.895 8 INFO neutron.db.ovn_revision_numbers_db [None req-50fe7cdb-717d-4abd-b7bf-4c8c68a95dbe 4bd09fe3329a47b8816cd1de9d22a514 27ec6e78c7aa442ca14897d76ea1d317 - - default default] Successfully bumped revision number for resource fce1551b-ecca-4e6c-a414-f0d57019640c (type: security_group_rules) to 0
2026-05-09 04:56:19.989 8 INFO neutron.db.segments_db [None req-50fe7cdb-717d-4abd-b7bf-4c8c68a95dbe 4bd09fe3329a47b8816cd1de9d22a514 27ec6e78c7aa442ca14897d76ea1d317 - - default default] Added segment 1bfe3f2e-8ade-42b9-9411-63e2b1b9f455 of type geneve for network d10cdc13-8234-491f-8d89-c3ca3f81c4eb
2026-05-09 04:56:20.076 8 INFO neutron.db.segments_db [None req-50fe7cdb-717d-4abd-b7bf-4c8c68a95dbe 4bd09fe3329a47b8816cd1de9d22a514 27ec6e78c7aa442ca14897d76ea1d317 - - default default] Added segment 9cdbb4c4-86f6-4605-b0bf-4a4e46e1441f of type geneve for network 648acfcf-7238-4a2a-a937-6bdc1a8e20db
2026-05-09 04:56:20.193 8 INFO neutron.db.ovn_revision_numbers_db [None req-50fe7cdb-717d-4abd-b7bf-4c8c68a95dbe 4bd09fe3329a47b8816cd1de9d22a514 27ec6e78c7aa442ca14897d76ea1d317 - - default default] Successfully bumped revision number for resource d10cdc13-8234-491f-8d89-c3ca3f81c4eb (type: networks) to 1
2026-05-09 04:56:20.350 8 WARNING neutron.scheduler.dhcp_agent_scheduler [None req-50fe7cdb-717d-4abd-b7bf-4c8c68a95dbe 4bd09fe3329a47b8816cd1de9d22a514 27ec6e78c7aa442ca14897d76ea1d317 - - default default] No more DHCP agents
2026-05-09 04:56:20.355 8 WARNING neutron.api.rpc.agentnotifiers.dhcp_rpc_agent_api [None req-50fe7cdb-717d-4abd-b7bf-4c8c68a95dbe 4bd09fe3329a47b8816cd1de9d22a514 27ec6e78c7aa442ca14897d76ea1d317 - - default default] Unable to schedule network d10cdc13-8234-491f-8d89-c3ca3f81c4eb: no agents available; will retry on subsequent port and subnet creation events.
2026-05-09 04:56:20.490 8 INFO neutron.db.ovn_revision_numbers_db [None req-50fe7cdb-717d-4abd-b7bf-4c8c68a95dbe 4bd09fe3329a47b8816cd1de9d22a514 27ec6e78c7aa442ca14897d76ea1d317 - - default default] Successfully bumped revision number for resource 2da6d17f-e180-4742-bf95-2dd2a8619957 (type: ports) to 1
2026-05-09 04:56:20.589 8 INFO neutron.db.ovn_revision_numbers_db [None req-50fe7cdb-717d-4abd-b7bf-4c8c68a95dbe 4bd09fe3329a47b8816cd1de9d22a514 27ec6e78c7aa442ca14897d76ea1d317 - - default default] Successfully bumped revision number for resource 648acfcf-7238-4a2a-a937-6bdc1a8e20db (type: networks) to 1
2026-05-09 04:56:20.695 7 INFO neutron.db.ovn_revision_numbers_db [None req-e99fd30f-cde7-4c3e-9e91-b7eb87f7a074 60958c707ee649ca8851cf634668a492 8e43352ec94e4ee3be4e86cc3e65e834 - - default default] Successfully bumped revision number for resource 3b1471da-f542-4f15-93f5-32016d090a02 (type: floatingips) to 1
2026-05-09 04:56:20.695 7 INFO neutron.db.l3_db [None req-e99fd30f-cde7-4c3e-9e91-b7eb87f7a074 60958c707ee649ca8851cf634668a492 8e43352ec94e4ee3be4e86cc3e65e834 - - default default] Floating IP 3b1471da-f542-4f15-93f5-32016d090a02 associated. External IP: 10.96.250.205, port: cc9f978d-9b74-4fde-9596-666fdb1113b7. [pid: 7|app: 0|req: 733/1428] 10.0.0.53 () {34 vars in 676 bytes} [Sat May 9 04:56:19 2026] POST /v2.0/floatingips => generated 842 bytes in 1213 msecs (HTTP/1.1 201) 4 headers in 162 bytes (1 switches on core 0)
2026-05-09 04:56:20.755 8 WARNING neutron.scheduler.dhcp_agent_scheduler [None req-50fe7cdb-717d-4abd-b7bf-4c8c68a95dbe 4bd09fe3329a47b8816cd1de9d22a514 27ec6e78c7aa442ca14897d76ea1d317 - - default default] No more DHCP agents
2026-05-09 04:56:20.756 8 WARNING neutron.api.rpc.agentnotifiers.dhcp_rpc_agent_api [None req-50fe7cdb-717d-4abd-b7bf-4c8c68a95dbe 4bd09fe3329a47b8816cd1de9d22a514 27ec6e78c7aa442ca14897d76ea1d317 - - default default] Unable to schedule network 648acfcf-7238-4a2a-a937-6bdc1a8e20db: no agents available; will retry on subsequent port and subnet creation events.
2026-05-09 04:56:20.858 8 INFO neutron.db.ovn_revision_numbers_db [None req-50fe7cdb-717d-4abd-b7bf-4c8c68a95dbe 4bd09fe3329a47b8816cd1de9d22a514 27ec6e78c7aa442ca14897d76ea1d317 - - default default] Successfully bumped revision number for resource fa015a02-7cbc-4cf8-8ea4-f881af71b1a3 (type: ports) to 1 [pid: 7|app: 0|req: 734/1429] 10.0.0.53 () {32 vars in 716 bytes} [Sat May 9 04:56:20 2026] GET /v2.0/ports/bcbfcd8e-aa11-4ae5-9617-9717604bba9f => generated 941 bytes in 134 msecs (HTTP/1.1 200) 4 headers in 157 bytes (1 switches on core 0) [pid: 8|app: 0|req: 696/1430] 10.0.0.53 () {34 vars in 669 bytes} [Sat May 9 04:56:19 2026] POST /v2.0/networks => generated 1283 bytes in 1370 msecs (HTTP/1.1 201) 4 headers in 163 bytes (1 switches on core 0) [pid: 7|app: 0|req: 735/1431] 10.0.0.53 () {32 vars in 728 bytes} [Sat May 9 04:56:20 2026] GET /v2.0/floatingips/3b1471da-f542-4f15-93f5-32016d090a02 => generated 844 bytes in 35 msecs (HTTP/1.1 200) 4 headers in 157 bytes (1 switches on core 0) [pid: 8|app: 0|req: 697/1432] 10.0.0.53 () {32 vars in 648 bytes} [Sat May 9 04:56:20 2026] GET /v2.0/networks => generated 1970 bytes in 42 msecs (HTTP/1.1 200) 4 headers in 158 bytes (1 switches on core 0)
2026-05-09 04:56:20.992 7 WARNING neutron.plugins.ml2.drivers.ovn.mech_driver.ovsdb.ovn_client [None req-113dc529-6ef0-4610-b1c6-ceeec1216097 - - - - - -] No hosting information found for port 2b5e566b-f9a2-40da-9fd7-b356ec743a79: RuntimeError: No hosting information found for port 2b5e566b-f9a2-40da-9fd7-b356ec743a79
2026-05-09 04:56:20.993 7 INFO neutron.plugins.ml2.drivers.ovn.mech_driver.mech_driver [None req-113dc529-6ef0-4610-b1c6-ceeec1216097 - - - - - -] OVN reports status up for port: b4cc795c-ae48-4801-835f-88954e56429a [pid: 7|app: 0|req: 736/1433] 10.0.0.53 () {32 vars in 654 bytes} [Sat May 9 04:56:20 2026] GET /v2.0/floatingips => generated 847 bytes in 95 msecs (HTTP/1.1 200) 4 headers in 157 bytes (1 switches on core 0)
2026-05-09 04:56:21.020 7 INFO neutron.plugins.ml2.plugin [None req-113dc529-6ef0-4610-b1c6-ceeec1216097 - - - - - -] Attempt 1 to provision port b4cc795c-ae48-4801-835f-88954e56429a
2026-05-09 04:56:21.046 8 INFO neutron_taas.services.taas.taas_plugin [None req-cc9d329c-9269-4b5b-ab0c-95385efb12fe 4bd09fe3329a47b8816cd1de9d22a514 27ec6e78c7aa442ca14897d76ea1d317 - - default default] TaaS: Handle Delete Port: 2da6d17f-e180-4742-bf95-2dd2a8619957
2026-05-09 04:56:21.049 8 INFO neutron_taas.services.taas.tap_mirror_plugin [None req-cc9d329c-9269-4b5b-ab0c-95385efb12fe 4bd09fe3329a47b8816cd1de9d22a514 27ec6e78c7aa442ca14897d76ea1d317 - - default default] Tap Mirror: Handle Delete Port: 2da6d17f-e180-4742-bf95-2dd2a8619957
2026-05-09 04:56:21.238 8 INFO neutron.services.segments.plugin [-] Segment 1bfe3f2e-8ade-42b9-9411-63e2b1b9f455 resource provider aggregate not found
2026-05-09 04:56:21.242 8 INFO neutron.services.segments.plugin [-] Segment 1bfe3f2e-8ade-42b9-9411-63e2b1b9f455 resource provider aggregate not found
2026-05-09 04:56:21.261 8 INFO neutron.services.segments.plugin [-] Segment 1bfe3f2e-8ade-42b9-9411-63e2b1b9f455 resource provider not found; error: Placement Client Error (4xx): {"errors": [{"status": 404, "title": "Not Found", "detail": "The resource could not be found.\n\n No resource provider with uuid 1bfe3f2e-8ade-42b9-9411-63e2b1b9f455 found for delete ", "request_id": "req-78351960-7858-4e43-b612-f5f5529baaf7"}]}
2026-05-09 04:56:21.265 8 INFO neutron.services.segments.plugin [-] Segment 1bfe3f2e-8ade-42b9-9411-63e2b1b9f455 resource provider not found; error: Placement Client Error (4xx): {"errors": [{"status": 404, "title": "Not Found", "detail": "The resource could not be found.\n\n No resource provider with uuid 1bfe3f2e-8ade-42b9-9411-63e2b1b9f455 found for delete ", "request_id": "req-2b0f6dd1-0f5b-4cd4-8b24-336117bc59c9"}]} [pid: 8|app: 0|req: 698/1434] 10.0.0.53 () {32 vars in 725 bytes} [Sat May 9 04:56:20 2026] DELETE /v2.0/networks/d10cdc13-8234-491f-8d89-c3ca3f81c4eb => generated 0 bytes in 359 msecs (HTTP/1.1 204) 3 headers in 131 bytes (1 switches on core 0)
2026-05-09 04:56:21.311 7 INFO neutron.notifiers.nova [-] Nova event matching ['req-e906a8e7-f268-40bc-a86c-1c966993fb05'] response: {'server_uuid': '06edaf03-014c-4dc3-9e5e-a9c5fbeaa16b', 'name': 'network-vif-plugged', 'status': 'completed', 'tag': 'b4cc795c-ae48-4801-835f-88954e56429a', 'code': 200}
2026-05-09 04:56:21.409 8 INFO neutron_taas.services.taas.taas_plugin [None req-61c288cf-57d7-46da-8996-e4db87060a6d 4bd09fe3329a47b8816cd1de9d22a514 27ec6e78c7aa442ca14897d76ea1d317 - - default default] TaaS: Handle Delete Port: fa015a02-7cbc-4cf8-8ea4-f881af71b1a3
2026-05-09 04:56:21.412 8 INFO neutron_taas.services.taas.tap_mirror_plugin [None req-61c288cf-57d7-46da-8996-e4db87060a6d 4bd09fe3329a47b8816cd1de9d22a514 27ec6e78c7aa442ca14897d76ea1d317 - - default default] Tap Mirror: Handle Delete Port: fa015a02-7cbc-4cf8-8ea4-f881af71b1a3
2026-05-09 04:56:21.668 7 INFO neutron.db.ovn_revision_numbers_db [None req-113dc529-6ef0-4610-b1c6-ceeec1216097 - - - - - -] Successfully bumped revision number for resource b4cc795c-ae48-4801-835f-88954e56429a (type: ports) to 7 [pid: 8|app: 0|req: 699/1435] 10.0.0.53 () {32 vars in 725 bytes} [Sat May 9 04:56:21 2026] DELETE /v2.0/networks/648acfcf-7238-4a2a-a937-6bdc1a8e20db => generated 0 bytes in 375 msecs (HTTP/1.1 204) 3 headers in 131 bytes (1 switches on core 0) [pid: 8|app: 0|req: 700/1436] 10.0.0.53 () {32 vars in 648 bytes} [Sat May 9 04:56:21 2026] GET /v2.0/networks => generated 689 bytes in 48 msecs (HTTP/1.1 200) 4 headers in 157 bytes (1 switches on core 0)
2026-05-09 04:56:21.800 7 INFO neutron.plugins.ml2.drivers.ovn.mech_driver.mech_driver [None req-2b569ae9-9e2b-427f-9dba-93249e922ae0 - - - - - -] OVN reports status down for port: 0690cd91-a3c9-4f56-852c-8b93ffbe2cfa
2026-05-09 04:56:21.838 8 INFO neutron.db.segments_db [None req-df1df7d4-b1c7-49ca-b2ed-7d3c9964f58e 4bd09fe3329a47b8816cd1de9d22a514 27ec6e78c7aa442ca14897d76ea1d317 - - default default] Added segment ae2be9e9-16a1-451a-913f-d39b2e011a6d of type geneve for network 61cfa79f-97e3-47c3-a557-139fdb9e3000
2026-05-09 04:56:21.955 8 INFO neutron.db.ovn_revision_numbers_db [None req-df1df7d4-b1c7-49ca-b2ed-7d3c9964f58e 4bd09fe3329a47b8816cd1de9d22a514 27ec6e78c7aa442ca14897d76ea1d317 - - default default] Successfully bumped revision number for resource 61cfa79f-97e3-47c3-a557-139fdb9e3000 (type: networks) to 1
2026-05-09 04:56:21.956 7 WARNING neutron.plugins.ml2.drivers.ovn.mech_driver.ovsdb.ovn_client [None req-2b569ae9-9e2b-427f-9dba-93249e922ae0 - - - - - -] Logical_Switch_Port %s host information not removed, the port state is up
2026-05-09 04:56:21.957 7 INFO neutron.plugins.ml2.drivers.ovn.mech_driver.mech_driver [None req-2b569ae9-9e2b-427f-9dba-93249e922ae0 - - - - - -] OVN reports status down for port: bcbfcd8e-aa11-4ae5-9617-9717604bba9f
2026-05-09 04:56:22.089 7 WARNING neutron.plugins.ml2.drivers.ovn.mech_driver.ovsdb.ovn_client [None req-2b569ae9-9e2b-427f-9dba-93249e922ae0 - - - - - -] Logical_Switch_Port %s host information not removed, the port state is up
2026-05-09 04:56:22.090 7 INFO neutron.plugins.ml2.drivers.ovn.mech_driver.mech_driver [None req-2b569ae9-9e2b-427f-9dba-93249e922ae0 - - - - - -] OVN reports status up for port: 0690cd91-a3c9-4f56-852c-8b93ffbe2cfa
2026-05-09 04:56:22.122 7 INFO neutron.plugins.ml2.plugin [None req-2b569ae9-9e2b-427f-9dba-93249e922ae0 - - - - - -] Attempt 1 to provision port 0690cd91-a3c9-4f56-852c-8b93ffbe2cfa
2026-05-09 04:56:22.165 7 INFO neutron.db.ovn_revision_numbers_db [None req-6049585b-b860-4348-878b-915f90d7ecfe 60958c707ee649ca8851cf634668a492 8e43352ec94e4ee3be4e86cc3e65e834 - - default default] Successfully bumped revision number for resource 3b1471da-f542-4f15-93f5-32016d090a02 (type: floatingips) to 2
2026-05-09 04:56:22.195 8 WARNING neutron.scheduler.dhcp_agent_scheduler [None req-df1df7d4-b1c7-49ca-b2ed-7d3c9964f58e 4bd09fe3329a47b8816cd1de9d22a514 27ec6e78c7aa442ca14897d76ea1d317 - - default default] No more DHCP agents
2026-05-09 04:56:22.196 8 WARNING neutron.api.rpc.agentnotifiers.dhcp_rpc_agent_api [None req-df1df7d4-b1c7-49ca-b2ed-7d3c9964f58e 4bd09fe3329a47b8816cd1de9d22a514 27ec6e78c7aa442ca14897d76ea1d317 - - default default] Unable to schedule network 61cfa79f-97e3-47c3-a557-139fdb9e3000: no agents available; will retry on subsequent port and subnet creation events.
2026-05-09 04:56:22.305 8 INFO neutron.db.ovn_revision_numbers_db [None req-df1df7d4-b1c7-49ca-b2ed-7d3c9964f58e 4bd09fe3329a47b8816cd1de9d22a514 27ec6e78c7aa442ca14897d76ea1d317 - - default default] Successfully bumped revision number for resource c9fdf847-aa52-468b-a46d-c8aef362a84e (type: ports) to 1 [pid: 8|app: 0|req: 701/1437] 10.0.0.53 () {34 vars in 669 bytes} [Sat May 9 04:56:21 2026] POST /v2.0/networks => generated 668 bytes in 593 msecs (HTTP/1.1 201) 4 headers in 162 bytes (1 switches on core 0) [pid: 8|app: 0|req: 702/1438] 10.0.0.53 () {32 vars in 716 bytes} [Sat May 9 04:56:22 2026] GET /v2.0/ports/bcbfcd8e-aa11-4ae5-9617-9717604bba9f => generated 941 bytes in 76 msecs (HTTP/1.1 200) 4 headers in 157 bytes (1 switches on core 0)
2026-05-09 04:56:22.431 7 INFO neutron.db.l3_db [None req-6049585b-b860-4348-878b-915f90d7ecfe 60958c707ee649ca8851cf634668a492 8e43352ec94e4ee3be4e86cc3e65e834 - - default default] Floating IP 3b1471da-f542-4f15-93f5-32016d090a02 associated. External IP: 10.96.250.205, port: cc9f978d-9b74-4fde-9596-666fdb1113b7.
2026-05-09 04:56:22.490 8 INFO neutron.db.segments_db [None req-0666f800-2509-418b-a46d-983e65c9503c 4bd09fe3329a47b8816cd1de9d22a514 27ec6e78c7aa442ca14897d76ea1d317 - - default default] Added segment 290e74c1-34da-4262-affd-ba9a5eecd38f of type geneve for network ece72263-a563-4d1f-a420-a8d0cc5213bb [pid: 7|app: 0|req: 737/1439] 10.0.0.53 () {34 vars in 748 bytes} [Sat May 9 04:56:21 2026] PUT /v2.0/floatingips/3b1471da-f542-4f15-93f5-32016d090a02 => generated 844 bytes in 1504 msecs (HTTP/1.1 200) 4 headers in 157 bytes (1 switches on core 0) /var/lib/openstack/lib/python3.12/site-packages/pycadf/identifier.py:70: UserWarning: Invalid uuid: neutron. To ensure interoperability, identifiers should be a valid uuid. warnings.warn(('Invalid uuid: %s. To ensure interoperability, '
2026-05-09 04:56:22.612 8 INFO neutron.db.ovn_revision_numbers_db [None req-0666f800-2509-418b-a46d-983e65c9503c 4bd09fe3329a47b8816cd1de9d22a514 27ec6e78c7aa442ca14897d76ea1d317 - - default default] Successfully bumped revision number for resource ece72263-a563-4d1f-a420-a8d0cc5213bb (type: networks) to 1
2026-05-09 04:56:22.782 8 WARNING neutron.scheduler.dhcp_agent_scheduler [None req-0666f800-2509-418b-a46d-983e65c9503c 4bd09fe3329a47b8816cd1de9d22a514 27ec6e78c7aa442ca14897d76ea1d317 - - default default] No more DHCP agents
2026-05-09 04:56:22.792 8 WARNING neutron.api.rpc.agentnotifiers.dhcp_rpc_agent_api [None req-0666f800-2509-418b-a46d-983e65c9503c 4bd09fe3329a47b8816cd1de9d22a514 27ec6e78c7aa442ca14897d76ea1d317 - - default default] Unable to schedule network ece72263-a563-4d1f-a420-a8d0cc5213bb: no agents available; will retry on subsequent port and subnet creation events.
2026-05-09 04:56:22.946 8 INFO neutron.db.ovn_revision_numbers_db [None req-0666f800-2509-418b-a46d-983e65c9503c 4bd09fe3329a47b8816cd1de9d22a514 27ec6e78c7aa442ca14897d76ea1d317 - - default default] Successfully bumped revision number for resource e677f31e-29da-432c-9a92-44c836d1a4c6 (type: ports) to 1
2026-05-09 04:56:22.956 7 INFO neutron.db.ovn_revision_numbers_db [None req-2b569ae9-9e2b-427f-9dba-93249e922ae0 - - - - - -] Successfully bumped revision number for resource 0690cd91-a3c9-4f56-852c-8b93ffbe2cfa (type: ports) to 2 [pid: 8|app: 0|req: 703/1440] 10.0.0.53 () {34 vars in 669 bytes} [Sat May 9 04:56:22 2026] POST /v2.0/networks => generated 668 bytes in 569 msecs (HTTP/1.1 201) 4 headers in 162 bytes (1 switches on core 0)
2026-05-09 04:56:23.022 7 INFO neutron.db.ovn_revision_numbers_db [None req-f220a245-b937-4a2c-9992-9c06be6f9e01 60958c707ee649ca8851cf634668a492 8e43352ec94e4ee3be4e86cc3e65e834 - - default default] Successfully bumped revision number for resource 3b1471da-f542-4f15-93f5-32016d090a02 (type: floatingips) to 3
2026-05-09 04:56:23.097 7 INFO neutron.db.l3_db [None req-f220a245-b937-4a2c-9992-9c06be6f9e01 60958c707ee649ca8851cf634668a492 8e43352ec94e4ee3be4e86cc3e65e834 - - default default] Floating IP 3b1471da-f542-4f15-93f5-32016d090a02 disassociated. External IP: 10.96.250.205, port: 8513bd71-cf87-4cc6-8783-c51c3bd5c815. [pid: 7|app: 0|req: 738/1441] 10.0.0.53 () {34 vars in 748 bytes} [Sat May 9 04:56:22 2026] PUT /v2.0/floatingips/3b1471da-f542-4f15-93f5-32016d090a02 => generated 554 bytes in 624 msecs (HTTP/1.1 200) 4 headers in 157 bytes (1 switches on core 0)
2026-05-09 04:56:23.282 8 INFO neutron.services.segments.plugin [-] Segment 9cdbb4c4-86f6-4605-b0bf-4a4e46e1441f resource provider aggregate not found
2026-05-09 04:56:23.283 8 INFO neutron.services.segments.plugin [-] Segment 9cdbb4c4-86f6-4605-b0bf-4a4e46e1441f resource provider aggregate not found
2026-05-09 04:56:23.292 7 INFO neutron_taas.services.taas.taas_plugin [None req-b071e016-8dcd-4ddf-afa3-b64ea41c2cfa 60958c707ee649ca8851cf634668a492 8e43352ec94e4ee3be4e86cc3e65e834 - - default default] TaaS: Handle Delete Port: ac761cf3-5a04-429c-a765-4a4b8bc88e62
2026-05-09 04:56:23.295 7 INFO neutron_taas.services.taas.tap_mirror_plugin [None req-b071e016-8dcd-4ddf-afa3-b64ea41c2cfa 60958c707ee649ca8851cf634668a492 8e43352ec94e4ee3be4e86cc3e65e834 - - default default] Tap Mirror: Handle Delete Port: ac761cf3-5a04-429c-a765-4a4b8bc88e62
2026-05-09 04:56:23.306 8 INFO neutron.services.segments.plugin [-] Segment 9cdbb4c4-86f6-4605-b0bf-4a4e46e1441f resource provider not found; error: Placement Client Error (4xx): {"errors": [{"status": 404, "title": "Not Found", "detail": "The resource could not be found.\n\n No resource provider with uuid 9cdbb4c4-86f6-4605-b0bf-4a4e46e1441f found for delete ", "request_id": "req-8b090a81-e050-487a-81cf-fc302969fb22"}]}
2026-05-09 04:56:23.307 8 INFO neutron.services.segments.plugin [-] Segment 9cdbb4c4-86f6-4605-b0bf-4a4e46e1441f resource provider not found; error: Placement Client Error (4xx): {"errors": [{"status": 404, "title": "Not Found", "detail": "The resource could not be found.\n\n No resource provider with uuid 9cdbb4c4-86f6-4605-b0bf-4a4e46e1441f found for delete ", "request_id": "req-1319cd92-db1f-45cd-9559-cdd87f208e4a"}]}
2026-05-09 04:56:23.350 8 WARNING neutron.scheduler.dhcp_agent_scheduler [None req-8e2550f5-2d90-4d32-b241-6b9f62e7491c 4bd09fe3329a47b8816cd1de9d22a514 27ec6e78c7aa442ca14897d76ea1d317 - - default default] No more DHCP agents
2026-05-09 04:56:23.352 8 WARNING neutron.api.rpc.agentnotifiers.dhcp_rpc_agent_api [None req-8e2550f5-2d90-4d32-b241-6b9f62e7491c 4bd09fe3329a47b8816cd1de9d22a514 27ec6e78c7aa442ca14897d76ea1d317 - - default default] Unable to schedule network 61cfa79f-97e3-47c3-a557-139fdb9e3000: no agents available; will retry on subsequent port and subnet creation events.
2026-05-09 04:56:23.353 7 INFO neutron.notifiers.nova [-] Nova event matching ['req-eaa99190-e40a-4403-ae0d-20fc90dba275'] response: {'server_uuid': '06edaf03-014c-4dc3-9e5e-a9c5fbeaa16b', 'name': 'network-vif-plugged', 'status': 'completed', 'tag': 'b4cc795c-ae48-4801-835f-88954e56429a', 'code': 200}
2026-05-09 04:56:23.476 8 INFO neutron.db.ovn_revision_numbers_db [None req-8e2550f5-2d90-4d32-b241-6b9f62e7491c 4bd09fe3329a47b8816cd1de9d22a514 27ec6e78c7aa442ca14897d76ea1d317 - - default default] Successfully bumped revision number for resource 7a559547-658c-406c-822b-f0a7925879fc (type: ports) to 1
2026-05-09 04:56:23.511 8 WARNING neutron.scheduler.dhcp_agent_scheduler [None req-8e2550f5-2d90-4d32-b241-6b9f62e7491c 4bd09fe3329a47b8816cd1de9d22a514 27ec6e78c7aa442ca14897d76ea1d317 - - default default] No more DHCP agents
2026-05-09 04:56:23.512 8 WARNING neutron.api.rpc.agentnotifiers.dhcp_rpc_agent_api [None req-8e2550f5-2d90-4d32-b241-6b9f62e7491c 4bd09fe3329a47b8816cd1de9d22a514 27ec6e78c7aa442ca14897d76ea1d317 - - default default] Unable to schedule network ece72263-a563-4d1f-a420-a8d0cc5213bb: no agents available; will retry on subsequent port and subnet creation events. [pid: 7|app: 0|req: 739/1442] 10.0.0.53 () {32 vars in 731 bytes} [Sat May 9 04:56:23 2026] DELETE /v2.0/floatingips/3b1471da-f542-4f15-93f5-32016d090a02 => generated 0 bytes in 372 msecs (HTTP/1.1 204) 2 headers in 112 bytes (1 switches on core 0) [pid: 7|app: 0|req: 740/1443] 10.0.0.53 () {32 vars in 716 bytes} [Sat May 9 04:56:23 2026] GET /v2.0/ports/bcbfcd8e-aa11-4ae5-9617-9717604bba9f => generated 941 bytes in 63 msecs (HTTP/1.1 200) 4 headers in 157 bytes (1 switches on core 0)
2026-05-09 04:56:23.615 7 INFO neutron.api.v2.resource [None req-e5787e2d-b64c-437d-a04c-5295de83227d 60958c707ee649ca8851cf634668a492 8e43352ec94e4ee3be4e86cc3e65e834 - - default default] delete failed (client error): The resource could not be found. [pid: 7|app: 0|req: 741/1444] 10.0.0.53 () {32 vars in 731 bytes} [Sat May 9 04:56:23 2026] DELETE /v2.0/floatingips/3b1471da-f542-4f15-93f5-32016d090a02 => generated 144 bytes in 31 msecs (HTTP/1.1 404) 4 headers in 164 bytes (1 switches on core 0)
2026-05-09 04:56:23.644 8 INFO neutron.db.ovn_revision_numbers_db [None req-8e2550f5-2d90-4d32-b241-6b9f62e7491c 4bd09fe3329a47b8816cd1de9d22a514 27ec6e78c7aa442ca14897d76ea1d317 - - default default] Successfully bumped revision number for resource 2890efd9-2af8-404c-9a92-52415b72b2d5 (type: ports) to 1 [pid: 8|app: 0|req: 704/1445] 10.0.0.53 () {34 vars in 664 bytes} [Sat May 9 04:56:22 2026] POST /v2.0/ports => generated 1506 bytes in 739 msecs (HTTP/1.1 201) 4 headers in 163 bytes (1 switches on core 0) /var/lib/openstack/lib/python3.12/site-packages/pycadf/identifier.py:70: UserWarning: Invalid uuid: neutron. To ensure interoperability, identifiers should be a valid uuid. warnings.warn(('Invalid uuid: %s. To ensure interoperability, '
2026-05-09 04:56:23.804 7 INFO neutron_taas.services.taas.taas_plugin [None req-ddc8cb6b-8eee-42c3-b574-35cb803ab141 60958c707ee649ca8851cf634668a492 8e43352ec94e4ee3be4e86cc3e65e834 - - default default] TaaS: Handle Delete Port: 8513bd71-cf87-4cc6-8783-c51c3bd5c815 [pid: 8|app: 0|req: 705/1446] 10.0.0.53 () {32 vars in 642 bytes} [Sat May 9 04:56:23 2026] GET /v2.0/ports => generated 3018 bytes in 78 msecs (HTTP/1.1 200) 4 headers in 158 bytes (1 switches on core 0)
2026-05-09 04:56:23.807 7 INFO neutron_taas.services.taas.tap_mirror_plugin [None req-ddc8cb6b-8eee-42c3-b574-35cb803ab141 60958c707ee649ca8851cf634668a492 8e43352ec94e4ee3be4e86cc3e65e834 - - default default] Tap Mirror: Handle Delete Port: 8513bd71-cf87-4cc6-8783-c51c3bd5c815
2026-05-09 04:56:23.935 8 INFO neutron_taas.services.taas.taas_plugin [None req-81f5e953-5966-4490-a916-924688c5dc87 4bd09fe3329a47b8816cd1de9d22a514 27ec6e78c7aa442ca14897d76ea1d317 - - default default] TaaS: Handle Delete Port: 7a559547-658c-406c-822b-f0a7925879fc
2026-05-09 04:56:23.938 8 INFO neutron_taas.services.taas.tap_mirror_plugin [None req-81f5e953-5966-4490-a916-924688c5dc87 4bd09fe3329a47b8816cd1de9d22a514 27ec6e78c7aa442ca14897d76ea1d317 - - default default] Tap Mirror: Handle Delete Port: 7a559547-658c-406c-822b-f0a7925879fc [pid: 7|app: 0|req: 742/1447] 10.0.0.53 () {32 vars in 719 bytes} [Sat May 9 04:56:23 2026] DELETE /v2.0/ports/8513bd71-cf87-4cc6-8783-c51c3bd5c815 => generated 0 bytes in 410 msecs (HTTP/1.1 204) 3 headers in 131 bytes (1 switches on core 0) [pid: 8|app: 0|req: 706/1448] 10.0.0.53 () {32 vars in 719 bytes} [Sat May 9 04:56:23 2026] DELETE /v2.0/ports/7a559547-658c-406c-822b-f0a7925879fc => generated 0 bytes in 328 msecs (HTTP/1.1 204) 3 headers in 131 bytes (1 switches on core 0)
2026-05-09 04:56:24.213 7 INFO neutron_taas.services.taas.taas_plugin [None req-bb3b502c-775f-4d1f-8db4-a51403e3d44e 60958c707ee649ca8851cf634668a492 8e43352ec94e4ee3be4e86cc3e65e834 - - default default] TaaS: Handle Delete Port: cc9f978d-9b74-4fde-9596-666fdb1113b7
2026-05-09 04:56:24.216 7 INFO neutron_taas.services.taas.tap_mirror_plugin [None req-bb3b502c-775f-4d1f-8db4-a51403e3d44e 60958c707ee649ca8851cf634668a492 8e43352ec94e4ee3be4e86cc3e65e834 - - default default] Tap Mirror: Handle Delete Port: cc9f978d-9b74-4fde-9596-666fdb1113b7
2026-05-09 04:56:24.268 8 INFO neutron_taas.services.taas.taas_plugin [None req-caa72705-dce3-4164-bd99-44761d6cece9 4bd09fe3329a47b8816cd1de9d22a514 27ec6e78c7aa442ca14897d76ea1d317 - - default default] TaaS: Handle Delete Port: 2890efd9-2af8-404c-9a92-52415b72b2d5
2026-05-09 04:56:24.271 8 INFO neutron_taas.services.taas.tap_mirror_plugin [None req-caa72705-dce3-4164-bd99-44761d6cece9 4bd09fe3329a47b8816cd1de9d22a514 27ec6e78c7aa442ca14897d76ea1d317 - - default default] Tap Mirror: Handle Delete Port: 2890efd9-2af8-404c-9a92-52415b72b2d5 [pid: 8|app: 0|req: 707/1449] 10.0.0.53 () {32 vars in 719 bytes} [Sat May 9 04:56:24 2026] DELETE /v2.0/ports/2890efd9-2af8-404c-9a92-52415b72b2d5 => generated 0 bytes in 276 msecs (HTTP/1.1 204) 3 headers in 131 bytes (1 switches on core 0) [pid: 7|app: 0|req: 743/1450] 10.0.0.53 () {32 vars in 719 bytes} [Sat May 9 04:56:24 2026] DELETE /v2.0/ports/cc9f978d-9b74-4fde-9596-666fdb1113b7 => generated 0 bytes in 444 msecs (HTTP/1.1 204) 3 headers in 131 bytes (1 switches on core 0) [pid: 8|app: 0|req: 708/1451] 10.0.0.53 () {32 vars in 642 bytes} [Sat May 9 04:56:24 2026] GET /v2.0/ports => generated 1523 bytes in 65 msecs (HTTP/1.1 200) 4 headers in 158 bytes (1 switches on core 0) [pid: 7|app: 0|req: 744/1452] 10.0.0.53 () {32 vars in 735 bytes} [Sat May 9 04:56:24 2026] GET /v2.0/ports?device_id=928cbd6d-4fba-473a-bcb7-567af0f3a65a => generated 946 bytes in 32 msecs (HTTP/1.1 200) 4 headers in 157 bytes (1 switches on core 0)
2026-05-09 04:56:24.604 8 INFO neutron.db.segments_db [None req-9935515b-e672-4789-8c9c-7f2e0d904b69 4bd09fe3329a47b8816cd1de9d22a514 27ec6e78c7aa442ca14897d76ea1d317 - - default default] Added segment e75b462c-2a74-4914-80ad-cb806e1dabda of type geneve for network fa9451cb-458e-4941-be34-7fdf52409ae2
2026-05-09 04:56:24.738 8 INFO neutron.db.ovn_revision_numbers_db [None req-9935515b-e672-4789-8c9c-7f2e0d904b69 4bd09fe3329a47b8816cd1de9d22a514 27ec6e78c7aa442ca14897d76ea1d317 - - default default] Successfully bumped revision number for resource fa9451cb-458e-4941-be34-7fdf52409ae2 (type: networks) to 1
2026-05-09 04:56:24.820 7 INFO neutron_taas.services.taas.taas_plugin [None req-236f9091-0065-4061-ab9a-baea62efb349 60958c707ee649ca8851cf634668a492 8e43352ec94e4ee3be4e86cc3e65e834 - - default default] TaaS: Handle Delete Port: 0690cd91-a3c9-4f56-852c-8b93ffbe2cfa
2026-05-09 04:56:24.823 7 INFO neutron_taas.services.taas.tap_mirror_plugin [None req-236f9091-0065-4061-ab9a-baea62efb349 60958c707ee649ca8851cf634668a492 8e43352ec94e4ee3be4e86cc3e65e834 - - default default] Tap Mirror: Handle Delete Port: 0690cd91-a3c9-4f56-852c-8b93ffbe2cfa
2026-05-09 04:56:24.899 8 WARNING neutron.scheduler.dhcp_agent_scheduler [None req-9935515b-e672-4789-8c9c-7f2e0d904b69 4bd09fe3329a47b8816cd1de9d22a514 27ec6e78c7aa442ca14897d76ea1d317 - - default default] No more DHCP agents
2026-05-09 04:56:24.901 8 WARNING neutron.api.rpc.agentnotifiers.dhcp_rpc_agent_api [None req-9935515b-e672-4789-8c9c-7f2e0d904b69 4bd09fe3329a47b8816cd1de9d22a514 27ec6e78c7aa442ca14897d76ea1d317 - - default default] Unable to schedule network fa9451cb-458e-4941-be34-7fdf52409ae2: no agents available; will retry on subsequent port and subnet creation events.
2026-05-09 04:56:25.014 8 INFO neutron.db.ovn_revision_numbers_db [None req-9935515b-e672-4789-8c9c-7f2e0d904b69 4bd09fe3329a47b8816cd1de9d22a514 27ec6e78c7aa442ca14897d76ea1d317 - - default default] Successfully bumped revision number for resource a7d1580f-7656-4896-a467-590813aefb9f (type: ports) to 1 [pid: 8|app: 0|req: 709/1453] 10.0.0.53 () {34 vars in 669 bytes} [Sat May 9 04:56:24 2026] POST /v2.0/networks => generated 667 bytes in 541 msecs (HTTP/1.1 201) 4 headers in 162 bytes (1 switches on core 0) [pid: 8|app: 0|req: 710/1454] 10.0.0.53 () {32 vars in 716 bytes} [Sat May 9 04:56:25 2026] GET /v2.0/ports/bcbfcd8e-aa11-4ae5-9617-9717604bba9f => generated 941 bytes in 64 msecs (HTTP/1.1 200) 4 headers in 157 bytes (1 switches on core 0)
2026-05-09 04:56:25.205 8 INFO neutron.db.segments_db [None req-c2825fe9-2cfc-491e-9333-185b8eabb2af 4bd09fe3329a47b8816cd1de9d22a514 27ec6e78c7aa442ca14897d76ea1d317 - - default default] Added segment 66b282a1-7c1d-4ded-8ea9-e61cce271956 of type geneve for network cd92dbb3-9f7f-433b-aec2-80cd7bc3b50c
2026-05-09 04:56:25.326 8 INFO neutron.db.ovn_revision_numbers_db [None req-c2825fe9-2cfc-491e-9333-185b8eabb2af 4bd09fe3329a47b8816cd1de9d22a514 27ec6e78c7aa442ca14897d76ea1d317 - - default default] Successfully bumped revision number for resource cd92dbb3-9f7f-433b-aec2-80cd7bc3b50c (type: networks) to 1 [pid: 7|app: 0|req: 745/1455] 10.0.0.53 () {34 vars in 788 bytes} [Sat May 9 04:56:24 2026] PUT /v2.0/routers/928cbd6d-4fba-473a-bcb7-567af0f3a65a/remove_router_interface => generated 309 bytes in 955 msecs (HTTP/1.1 200) 4 headers in 157 bytes (1 switches on core 0) /var/lib/openstack/lib/python3.12/site-packages/pycadf/identifier.py:70: UserWarning: Invalid uuid: neutron. To ensure interoperability, identifiers should be a valid uuid. warnings.warn(('Invalid uuid: %s. To ensure interoperability, '
2026-05-09 04:56:25.495 8 WARNING neutron.scheduler.dhcp_agent_scheduler [None req-c2825fe9-2cfc-491e-9333-185b8eabb2af 4bd09fe3329a47b8816cd1de9d22a514 27ec6e78c7aa442ca14897d76ea1d317 - - default default] No more DHCP agents
2026-05-09 04:56:25.497 8 WARNING neutron.api.rpc.agentnotifiers.dhcp_rpc_agent_api [None req-c2825fe9-2cfc-491e-9333-185b8eabb2af 4bd09fe3329a47b8816cd1de9d22a514 27ec6e78c7aa442ca14897d76ea1d317 - - default default] Unable to schedule network cd92dbb3-9f7f-433b-aec2-80cd7bc3b50c: no agents available; will retry on subsequent port and subnet creation events.
2026-05-09 04:56:25.605 8 INFO neutron.db.ovn_revision_numbers_db [None req-c2825fe9-2cfc-491e-9333-185b8eabb2af 4bd09fe3329a47b8816cd1de9d22a514 27ec6e78c7aa442ca14897d76ea1d317 - - default default] Successfully bumped revision number for resource c0ec6b5f-3eb2-48ee-a81e-5495e47ab50d (type: ports) to 1 [pid: 8|app: 0|req: 711/1456] 10.0.0.53 () {34 vars in 669 bytes} [Sat May 9 04:56:25 2026] POST /v2.0/networks => generated 669 bytes in 531 msecs (HTTP/1.1 201) 4 headers in 162 bytes (1 switches on core 0)
2026-05-09 04:56:25.846 7 INFO neutron_taas.services.taas.taas_plugin [None req-aebb7393-ca6d-444f-ad58-97fa5703c404 60958c707ee649ca8851cf634668a492 8e43352ec94e4ee3be4e86cc3e65e834 - - default default] TaaS: Handle Delete Port: 2b5e566b-f9a2-40da-9fd7-b356ec743a79
2026-05-09 04:56:25.849 7 INFO neutron_taas.services.taas.tap_mirror_plugin [None req-aebb7393-ca6d-444f-ad58-97fa5703c404 60958c707ee649ca8851cf634668a492 8e43352ec94e4ee3be4e86cc3e65e834 - - default default] Tap Mirror: Handle Delete Port: 2b5e566b-f9a2-40da-9fd7-b356ec743a79
2026-05-09 04:56:25.973 8 WARNING neutron.scheduler.dhcp_agent_scheduler [None req-37cfb620-6a31-4f3b-a6ce-a7936956624c 4bd09fe3329a47b8816cd1de9d22a514 27ec6e78c7aa442ca14897d76ea1d317 - - default default] No more DHCP agents
2026-05-09 04:56:25.974 8 WARNING neutron.api.rpc.agentnotifiers.dhcp_rpc_agent_api [None req-37cfb620-6a31-4f3b-a6ce-a7936956624c 4bd09fe3329a47b8816cd1de9d22a514 27ec6e78c7aa442ca14897d76ea1d317 - - default default] Unable to schedule network fa9451cb-458e-4941-be34-7fdf52409ae2: no agents available; will retry on subsequent port and subnet creation events. [pid: 7|app: 0|req: 746/1457] 10.0.0.53 () {32 vars in 723 bytes} [Sat May 9 04:56:25 2026] DELETE /v2.0/routers/928cbd6d-4fba-473a-bcb7-567af0f3a65a => generated 0 bytes in 825 msecs (HTTP/1.1 204) 2 headers in 112 bytes (1 switches on core 0) [pid: 7|app: 0|req: 747/1458] 10.0.0.53 () {32 vars in 716 bytes} [Sat May 9 04:56:26 2026] GET /v2.0/ports/bcbfcd8e-aa11-4ae5-9617-9717604bba9f => generated 941 bytes in 65 msecs (HTTP/1.1 200) 4 headers in 157 bytes (1 switches on core 0)
2026-05-09 04:56:26.485 8 INFO neutron.db.ovn_revision_numbers_db [None req-dc819571-ab0e-4158-a13b-a46508b9dd3e - - - - - -] Successfully bumped revision number for resource a7d1580f-7656-4896-a467-590813aefb9f (type: ports) to 2 [pid: 7|app: 0|req: 748/1459] 10.0.0.80 () {34 vars in 989 bytes} [Sat May 9 04:56:26 2026] GET /v2.0/ports?device_id=06edaf03-014c-4dc3-9e5e-a9c5fbeaa16b => generated 1209 bytes in 120 msecs (HTTP/1.1 200) 4 headers in 158 bytes (1 switches on core 0)
2026-05-09 04:56:26.510 8 INFO neutron.db.ovn_revision_numbers_db [None req-dc819571-ab0e-4158-a13b-a46508b9dd3e - - - - - -] Successfully bumped revision number for resource 60469e85-6b3d-42bb-9e6a-577073f182bf (type: subnets) to 0
2026-05-09 04:56:26.537 8 WARNING neutron.scheduler.dhcp_agent_scheduler [None req-37cfb620-6a31-4f3b-a6ce-a7936956624c 4bd09fe3329a47b8816cd1de9d22a514 27ec6e78c7aa442ca14897d76ea1d317 - - default default] No more DHCP agents
2026-05-09 04:56:26.538 8 WARNING neutron.api.rpc.agentnotifiers.dhcp_rpc_agent_api [None req-37cfb620-6a31-4f3b-a6ce-a7936956624c 4bd09fe3329a47b8816cd1de9d22a514 27ec6e78c7aa442ca14897d76ea1d317 - - default default] Unable to schedule network cd92dbb3-9f7f-433b-aec2-80cd7bc3b50c: no agents available; will retry on subsequent port and subnet creation events. [pid: 7|app: 0|req: 749/1460] 10.0.0.53 () {32 vars in 723 bytes} [Sat May 9 04:56:26 2026] DELETE /v2.0/subnets/d33b86a5-7604-4fc0-97d2-bdd438a6f00e => generated 0 bytes in 124 msecs (HTTP/1.1 204) 3 headers in 131 bytes (1 switches on core 0) [pid: 7|app: 0|req: 750/1461] 10.0.0.80 () {34 vars in 1039 bytes} [Sat May 9 04:56:26 2026] GET /v2.0/security-groups?id=a79e9e22-dd65-4ba2-bbd4-e8bb03975bb3&fields=id&fields=name => generated 113 bytes in 22 msecs (HTTP/1.1 200) 4 headers in 157 bytes (1 switches on core 0)
2026-05-09 04:56:26.745 7 INFO neutron_taas.services.taas.taas_plugin [None req-4306b4b0-5eb0-42e2-b28e-afd16e3b9a36 60958c707ee649ca8851cf634668a492 8e43352ec94e4ee3be4e86cc3e65e834 - - default default] TaaS: Handle Delete Port: 55ed0c52-f035-4d45-a170-2441e80e46dd
2026-05-09 04:56:26.748 7 INFO neutron_taas.services.taas.tap_mirror_plugin [None req-4306b4b0-5eb0-42e2-b28e-afd16e3b9a36 60958c707ee649ca8851cf634668a492 8e43352ec94e4ee3be4e86cc3e65e834 - - default default] Tap Mirror: Handle Delete Port: 55ed0c52-f035-4d45-a170-2441e80e46dd
2026-05-09 04:56:26.970 7 INFO neutron.services.segments.plugin [-] Segment 6c72f7a0-c033-43c8-9fcc-369de6589147 resource provider aggregate not found
2026-05-09 04:56:26.978 7 INFO neutron.services.segments.plugin [-] Segment 6c72f7a0-c033-43c8-9fcc-369de6589147 resource provider aggregate not found
2026-05-09 04:56:27.002 7 INFO neutron.services.segments.plugin [-] Segment 6c72f7a0-c033-43c8-9fcc-369de6589147 resource provider not found; error: Placement Client Error (4xx): {"errors": [{"status": 404, "title": "Not Found", "detail": "The resource could not be found.\n\n No resource provider with uuid 6c72f7a0-c033-43c8-9fcc-369de6589147 found for delete ", "request_id": "req-5d70d678-e68c-45af-b467-767458dd0fd9"}]}
2026-05-09 04:56:27.003 7 INFO neutron.services.segments.plugin [-] Segment 6c72f7a0-c033-43c8-9fcc-369de6589147 resource provider not found; error: Placement Client Error (4xx): {"errors": [{"status": 404, "title": "Not Found", "detail": "The resource could not be found.\n\n No resource provider with uuid 6c72f7a0-c033-43c8-9fcc-369de6589147 found for delete ", "request_id": "req-2bb391f0-ea3b-4ca9-a9ac-69d51dcdb546"}]} [pid: 7|app: 0|req: 751/1462] 10.0.0.53 () {32 vars in 725 bytes} [Sat May 9 04:56:26 2026] DELETE /v2.0/networks/74456a1c-b957-42fc-b0eb-ac8dc34d1c49 => generated 0 bytes in 432 msecs (HTTP/1.1 204) 3 headers in 131 bytes (1 switches on core 0)
2026-05-09 04:56:27.082 8 INFO neutron.db.ovn_revision_numbers_db [None req-ae6a8742-5243-40bd-90b8-6e604ad4b38b - - - - - -] Successfully bumped revision number for resource c0ec6b5f-3eb2-48ee-a81e-5495e47ab50d (type: ports) to 2
2026-05-09 04:56:27.115 8 INFO neutron.db.ovn_revision_numbers_db [None req-ae6a8742-5243-40bd-90b8-6e604ad4b38b - - - - - -] Successfully bumped revision number for resource 4fcbe5e0-9033-44fe-a77f-b0b51edaa378 (type: subnets) to 0 [pid: 8|app: 0|req: 712/1463] 10.0.0.53 () {34 vars in 668 bytes} [Sat May 9 04:56:25 2026] POST /v2.0/subnets => generated 1274 bytes in 1473 msecs (HTTP/1.1 201) 4 headers in 163 bytes (1 switches on core 0) [pid: 7|app: 0|req: 752/1464] 10.0.0.53 () {32 vars in 646 bytes} [Sat May 9 04:56:27 2026] GET /v2.0/subnets => generated 1910 bytes in 49 msecs (HTTP/1.1 200) 4 headers in 158 bytes (1 switches on core 0) [pid: 8|app: 0|req: 713/1465] 10.0.0.53 () {32 vars in 723 bytes} [Sat May 9 04:56:27 2026] DELETE /v2.0/subnets/60469e85-6b3d-42bb-9e6a-577073f182bf => generated 0 bytes in 180 msecs (HTTP/1.1 204) 3 headers in 131 bytes (1 switches on core 0) [pid: 7|app: 0|req: 753/1466] 10.0.0.53 () {32 vars in 716 bytes} [Sat May 9 04:56:27 2026] GET /v2.0/ports/bcbfcd8e-aa11-4ae5-9617-9717604bba9f => generated 941 bytes in 36 msecs (HTTP/1.1 200) 4 headers in 157 bytes (1 switches on core 0) [pid: 7|app: 0|req: 754/1467] 10.0.0.53 () {32 vars in 773 bytes} [Sat May 9 04:56:27 2026] GET /v2.0/security-groups?tenant_id=8e43352ec94e4ee3be4e86cc3e65e834&name=default => generated 2925 bytes in 135 msecs (HTTP/1.1 200) 4 headers in 158 bytes (1 switches on core 0) [pid: 8|app: 0|req: 714/1468] 10.0.0.53 () {32 vars in 723 bytes} [Sat May 9 04:56:27 2026] DELETE /v2.0/subnets/4fcbe5e0-9033-44fe-a77f-b0b51edaa378 => generated 0 bytes in 558 msecs (HTTP/1.1 204) 3 headers in 131 bytes (1 switches on core 0) [pid: 7|app: 0|req: 755/1469] 10.0.0.53 () {32 vars in 739 bytes} [Sat May 9 04:56:27 2026] DELETE /v2.0/security-groups/60b89350-b7f1-47da-8a04-516044a70568 => generated 0 bytes in 278 msecs (HTTP/1.1 204) 2 headers in 112 bytes (1 switches on core 0) [pid: 8|app: 0|req: 715/1470] 10.0.0.128 () {34 vars in 990 bytes} [Sat May 9 04:56:27 2026] GET /v2.0/ports?device_id=06edaf03-014c-4dc3-9e5e-a9c5fbeaa16b => generated 971 bytes in 103 msecs (HTTP/1.1 200) 4 headers in 157 bytes (1 switches on core 0) [pid: 7|app: 0|req: 756/1471] 10.0.0.53 () {32 vars in 646 bytes} [Sat May 9 04:56:28 2026] GET /v2.0/subnets => generated 649 bytes in 24 msecs (HTTP/1.1 200) 4 headers in 157 bytes (1 switches on core 0)
2026-05-09 04:56:28.073 7 WARNING neutron.plugins.ml2.drivers.ovn.mech_driver.ovsdb.ovn_client [None req-bb09bd90-9351-439d-96d3-0811b1c33b92 - - - - - -] No port found with ID 0690cd91-a3c9-4f56-852c-8b93ffbe2cfa: RuntimeError: No port found with ID 0690cd91-a3c9-4f56-852c-8b93ffbe2cfa [pid: 8|app: 0|req: 716/1472] 10.0.0.128 () {34 vars in 1040 bytes} [Sat May 9 04:56:28 2026] GET /v2.0/security-groups?id=a79e9e22-dd65-4ba2-bbd4-e8bb03975bb3&fields=id&fields=name => generated 113 bytes in 27 msecs (HTTP/1.1 200) 4 headers in 157 bytes (1 switches on core 0)
2026-05-09 04:56:28.086 7 INFO neutron.plugins.ml2.drivers.ovn.mech_driver.mech_driver [None req-bb09bd90-9351-439d-96d3-0811b1c33b92 - - - - - -] OVN reports status up for port: bcbfcd8e-aa11-4ae5-9617-9717604bba9f
2026-05-09 04:56:28.105 7 INFO neutron.plugins.ml2.plugin [None req-bb09bd90-9351-439d-96d3-0811b1c33b92 - - - - - -] Attempt 1 to provision port bcbfcd8e-aa11-4ae5-9617-9717604bba9f
2026-05-09 04:56:28.261 7 INFO neutron_taas.services.taas.taas_plugin [None req-ae3f7872-d255-4db5-8a4c-a301ff196ffe 4bd09fe3329a47b8816cd1de9d22a514 27ec6e78c7aa442ca14897d76ea1d317 - - default default] TaaS: Handle Delete Port: c0ec6b5f-3eb2-48ee-a81e-5495e47ab50d
2026-05-09 04:56:28.268 7 INFO neutron_taas.services.taas.tap_mirror_plugin [None req-ae3f7872-d255-4db5-8a4c-a301ff196ffe 4bd09fe3329a47b8816cd1de9d22a514 27ec6e78c7aa442ca14897d76ea1d317 - - default default] Tap Mirror: Handle Delete Port: c0ec6b5f-3eb2-48ee-a81e-5495e47ab50d [pid: 8|app: 0|req: 717/1473] 10.0.0.128 () {34 vars in 990 bytes} [Sat May 9 04:56:28 2026] GET /v2.0/ports?device_id=06edaf03-014c-4dc3-9e5e-a9c5fbeaa16b => generated 971 bytes in 68 msecs (HTTP/1.1 200) 4 headers in 157 bytes (1 switches on core 0) [pid: 8|app: 0|req: 718/1474] 10.0.0.128 () {34 vars in 1040 bytes} [Sat May 9 04:56:28 2026] GET /v2.0/security-groups?id=a79e9e22-dd65-4ba2-bbd4-e8bb03975bb3&fields=id&fields=name => generated 113 bytes in 21 msecs (HTTP/1.1 200) 4 headers in 157 bytes (1 switches on core 0) [pid: 8|app: 0|req: 719/1475] 10.0.0.53 () {32 vars in 716 bytes} [Sat May 9 04:56:28 2026] GET /v2.0/ports/bcbfcd8e-aa11-4ae5-9617-9717604bba9f => generated 943 bytes in 111 msecs (HTTP/1.1 200) 4 headers in 157 bytes (1 switches on core 0)
2026-05-09 04:56:28.849 7 INFO neutron.db.ovn_revision_numbers_db [None req-bb09bd90-9351-439d-96d3-0811b1c33b92 - - - - - -] Successfully bumped revision number for resource bcbfcd8e-aa11-4ae5-9617-9717604bba9f (type: ports) to 2 [pid: 7|app: 0|req: 757/1476] 10.0.0.53 () {32 vars in 725 bytes} [Sat May 9 04:56:28 2026] DELETE /v2.0/networks/cd92dbb3-9f7f-433b-aec2-80cd7bc3b50c => generated 0 bytes in 795 msecs (HTTP/1.1 204) 3 headers in 131 bytes (1 switches on core 0)
2026-05-09 04:56:28.933 8 INFO neutron_taas.services.taas.taas_plugin [None req-63b4eea2-4ee6-4e81-9505-020b80a58007 0a2e7c0735fa44299aeee858919af60d fc9804a5220842899ed452214146af90 - - default default] TaaS: Handle Delete Port: bcbfcd8e-aa11-4ae5-9617-9717604bba9f
2026-05-09 04:56:28.936 8 INFO neutron_taas.services.taas.tap_mirror_plugin [None req-63b4eea2-4ee6-4e81-9505-020b80a58007 0a2e7c0735fa44299aeee858919af60d fc9804a5220842899ed452214146af90 - - default default] Tap Mirror: Handle Delete Port: bcbfcd8e-aa11-4ae5-9617-9717604bba9f
2026-05-09 04:56:29.041 7 INFO neutron.services.segments.plugin [-] Segment 66b282a1-7c1d-4ded-8ea9-e61cce271956 resource provider aggregate not found
2026-05-09 04:56:29.048 7 INFO neutron.services.segments.plugin [-] Segment 66b282a1-7c1d-4ded-8ea9-e61cce271956 resource provider aggregate not found
2026-05-09 04:56:29.067 7 INFO neutron.services.segments.plugin [-] Segment 66b282a1-7c1d-4ded-8ea9-e61cce271956 resource provider not found; error: Placement Client Error (4xx): {"errors": [{"status": 404, "title": "Not Found", "detail": "The resource could not be found.\n\n No resource provider with uuid 66b282a1-7c1d-4ded-8ea9-e61cce271956 found for delete ", "request_id": "req-17489f1e-48f5-473f-b954-f86ba24af23a"}]}
2026-05-09 04:56:29.070 7 INFO neutron.services.segments.plugin [-] Segment 66b282a1-7c1d-4ded-8ea9-e61cce271956 resource provider not found; error: Placement Client Error (4xx): {"errors": [{"status": 404, "title": "Not Found", "detail": "The resource could not be found.\n\n No resource provider with uuid 66b282a1-7c1d-4ded-8ea9-e61cce271956 found for delete ", "request_id": "req-f70aacb7-4ba3-4fc9-8c0e-f1204e899073"}]}
2026-05-09 04:56:29.077 7 INFO neutron_taas.services.taas.taas_plugin [None req-44b34d35-319a-4995-ab88-153b110567d3 4bd09fe3329a47b8816cd1de9d22a514 27ec6e78c7aa442ca14897d76ea1d317 - - default default] TaaS: Handle Delete Port: a7d1580f-7656-4896-a467-590813aefb9f
2026-05-09 04:56:29.080 7 INFO neutron_taas.services.taas.tap_mirror_plugin [None req-44b34d35-319a-4995-ab88-153b110567d3 4bd09fe3329a47b8816cd1de9d22a514 27ec6e78c7aa442ca14897d76ea1d317 - - default default] Tap Mirror: Handle Delete Port: a7d1580f-7656-4896-a467-590813aefb9f [pid: 8|app: 0|req: 720/1477] 10.0.0.53 () {34 vars in 788 bytes} [Sat May 9 04:56:28 2026] PUT /v2.0/routers/6134fd10-8f3c-4d43-97ba-45135b1efd0b/remove_router_interface => generated 309 bytes in 832 msecs (HTTP/1.1 200) 4 headers in 157 bytes (1 switches on core 0) /var/lib/openstack/lib/python3.12/site-packages/pycadf/identifier.py:70: UserWarning: Invalid uuid: neutron. To ensure interoperability, identifiers should be a valid uuid. warnings.warn(('Invalid uuid: %s. To ensure interoperability, ' [pid: 8|app: 0|req: 721/1478] 10.0.0.53 () {32 vars in 735 bytes} [Sat May 9 04:56:29 2026] GET /v2.0/ports?device_id=6134fd10-8f3c-4d43-97ba-45135b1efd0b => generated 12 bytes in 51 msecs (HTTP/1.1 200) 4 headers in 156 bytes (1 switches on core 0) [pid: 7|app: 0|req: 758/1479] 10.0.0.53 () {32 vars in 725 bytes} [Sat May 9 04:56:28 2026] DELETE /v2.0/networks/fa9451cb-458e-4941-be34-7fdf52409ae2 => generated 0 bytes in 588 msecs (HTTP/1.1 204) 3 headers in 131 bytes (1 switches on core 0)
2026-05-09 04:56:29.586 7 INFO neutron_taas.services.taas.taas_plugin [None req-aec2ce37-bd13-4d90-b278-be86e66f7112 4bd09fe3329a47b8816cd1de9d22a514 27ec6e78c7aa442ca14897d76ea1d317 - - default default] TaaS: Handle Delete Port: e677f31e-29da-432c-9a92-44c836d1a4c6
