Apr 11 03:08:05.084583 np0000164988 nova-conductor[112136]: DEBUG cotyledon.oslo_config_glue [-] vmware.serial_log_dir = /opt/vmware/vspc {{(pid=112136) log_opt_values /opt/stack/data/venv/lib/python3.12/site-packages/oslo_config/cfg.py:3006}}
Apr 11 03:08:05.084583 np0000164988 nova-conductor[112136]: DEBUG cotyledon.oslo_config_glue [-] vmware.serial_port_proxy_uri = None {{(pid=112136) log_opt_values /opt/stack/data/venv/lib/python3.12/site-packages/oslo_config/cfg.py:3006}}
Apr 11 03:08:05.084583 np0000164988 nova-conductor[112136]: DEBUG cotyledon.oslo_config_glue [-] vmware.serial_port_service_uri = None {{(pid=112136) log_opt_values /opt/stack/data/venv/lib/python3.12/site-packages/oslo_config/cfg.py:3006}}
Apr 11 03:08:05.084583 np0000164988 nova-conductor[112136]: DEBUG cotyledon.oslo_config_glue [-] vmware.task_poll_interval = 0.5 {{(pid=112136) log_opt_values /opt/stack/data/venv/lib/python3.12/site-packages/oslo_config/cfg.py:3006}}
Apr 11 03:08:05.084583 np0000164988 nova-conductor[112136]: DEBUG cotyledon.oslo_config_glue [-] vmware.use_linked_clone = True {{(pid=112136) log_opt_values /opt/stack/data/venv/lib/python3.12/site-packages/oslo_config/cfg.py:3006}}
Apr 11 03:08:05.084583 np0000164988 nova-conductor[112136]: DEBUG cotyledon.oslo_config_glue [-] vmware.vnc_keymap = en-us {{(pid=112136) log_opt_values /opt/stack/data/venv/lib/python3.12/site-packages/oslo_config/cfg.py:3006}}
Apr 11 03:08:05.084583 np0000164988 nova-conductor[112136]: DEBUG cotyledon.oslo_config_glue [-] vmware.vnc_port = 5900 {{(pid=112136) log_opt_values /opt/stack/data/venv/lib/python3.12/site-packages/oslo_config/cfg.py:3006}}
Apr 11 03:08:05.084583 np0000164988 nova-conductor[112136]: DEBUG cotyledon.oslo_config_glue [-] vmware.vnc_port_total = 10000 {{(pid=112136) log_opt_values /opt/stack/data/venv/lib/python3.12/site-packages/oslo_config/cfg.py:3006}}
Apr 11 03:08:05.084583 np0000164988 nova-conductor[112136]: DEBUG cotyledon.oslo_config_glue [-] vnc.auth_schemes = ['none'] {{(pid=112136) log_opt_values /opt/stack/data/venv/lib/python3.12/site-packages/oslo_config/cfg.py:3006}}
Apr 11 03:08:05.084818 np0000164988 nova-conductor[112136]: DEBUG cotyledon.oslo_config_glue [-] vnc.enabled = True {{(pid=112136) log_opt_values /opt/stack/data/venv/lib/python3.12/site-packages/oslo_config/cfg.py:3006}}
Apr 11 03:08:05.084818 np0000164988 nova-conductor[112136]: DEBUG cotyledon.oslo_config_glue [-] vnc.novncproxy_base_url = http://127.0.0.1:6080/vnc_auto.html {{(pid=112136) log_opt_values /opt/stack/data/venv/lib/python3.12/site-packages/oslo_config/cfg.py:3006}}
Apr 11 03:08:05.084818 np0000164988 nova-conductor[112136]: DEBUG cotyledon.oslo_config_glue [-] vnc.novncproxy_host = 0.0.0.0 {{(pid=112136) log_opt_values /opt/stack/data/venv/lib/python3.12/site-packages/oslo_config/cfg.py:3006}}
Apr 11 03:08:05.084818 np0000164988 nova-conductor[112136]: DEBUG cotyledon.oslo_config_glue [-] vnc.novncproxy_port = 6080 {{(pid=112136) log_opt_values /opt/stack/data/venv/lib/python3.12/site-packages/oslo_config/cfg.py:3006}}
Apr 11 03:08:05.084818 np0000164988 nova-conductor[112136]: DEBUG cotyledon.oslo_config_glue [-] vnc.server_listen = 127.0.0.1 {{(pid=112136) log_opt_values /opt/stack/data/venv/lib/python3.12/site-packages/oslo_config/cfg.py:3006}}
Apr 11 03:08:05.084818 np0000164988 nova-conductor[112136]: DEBUG cotyledon.oslo_config_glue [-] vnc.server_proxyclient_address = 127.0.0.1 {{(pid=112136) log_opt_values /opt/stack/data/venv/lib/python3.12/site-packages/oslo_config/cfg.py:3006}}
Apr 11 03:08:05.084818 np0000164988 nova-conductor[112136]: DEBUG cotyledon.oslo_config_glue [-] vnc.vencrypt_ca_certs = None {{(pid=112136) log_opt_values /opt/stack/data/venv/lib/python3.12/site-packages/oslo_config/cfg.py:3006}}
Apr 11 03:08:05.084818 np0000164988 nova-conductor[112136]: DEBUG cotyledon.oslo_config_glue [-] vnc.vencrypt_client_cert = None {{(pid=112136) log_opt_values /opt/stack/data/venv/lib/python3.12/site-packages/oslo_config/cfg.py:3006}}
Apr 11 03:08:05.084818 np0000164988 nova-conductor[112136]: DEBUG cotyledon.oslo_config_glue [-] vnc.vencrypt_client_key = None {{(pid=112136) log_opt_values /opt/stack/data/venv/lib/python3.12/site-packages/oslo_config/cfg.py:3006}}
Apr 11 03:08:05.085030 np0000164988 nova-conductor[112136]: DEBUG cotyledon.oslo_config_glue [-] workarounds.disable_compute_service_check_for_ffu = False {{(pid=112136) log_opt_values /opt/stack/data/venv/lib/python3.12/site-packages/oslo_config/cfg.py:3006}}
Apr 11 03:08:05.085030 np0000164988 nova-conductor[112136]: DEBUG cotyledon.oslo_config_glue [-] workarounds.disable_deep_image_inspection = False {{(pid=112136) log_opt_values /opt/stack/data/venv/lib/python3.12/site-packages/oslo_config/cfg.py:3006}}
Apr 11 03:08:05.085030 np0000164988 nova-conductor[112136]: DEBUG cotyledon.oslo_config_glue [-] workarounds.disable_fallback_pcpu_query = False {{(pid=112136) log_opt_values /opt/stack/data/venv/lib/python3.12/site-packages/oslo_config/cfg.py:3006}}
Apr 11 03:08:05.085030 np0000164988 nova-conductor[112136]: DEBUG cotyledon.oslo_config_glue [-] workarounds.disable_group_policy_check_upcall = False {{(pid=112136) log_opt_values /opt/stack/data/venv/lib/python3.12/site-packages/oslo_config/cfg.py:3006}}
Apr 11 03:08:05.085030 np0000164988 nova-conductor[112136]: DEBUG cotyledon.oslo_config_glue [-] workarounds.disable_libvirt_livesnapshot = False {{(pid=112136) log_opt_values /opt/stack/data/venv/lib/python3.12/site-packages/oslo_config/cfg.py:3006}}
Apr 11 03:08:05.085030 np0000164988 nova-conductor[112136]: DEBUG cotyledon.oslo_config_glue [-] workarounds.disable_rootwrap = False {{(pid=112136) log_opt_values /opt/stack/data/venv/lib/python3.12/site-packages/oslo_config/cfg.py:3006}}
Apr 11 03:08:05.085030 np0000164988 nova-conductor[112136]: DEBUG cotyledon.oslo_config_glue [-] workarounds.enable_numa_live_migration = False {{(pid=112136) log_opt_values /opt/stack/data/venv/lib/python3.12/site-packages/oslo_config/cfg.py:3006}}
Apr 11 03:08:05.085030 np0000164988 nova-conductor[112136]: DEBUG cotyledon.oslo_config_glue [-] workarounds.enable_qemu_monitor_announce_self = False {{(pid=112136) log_opt_values /opt/stack/data/venv/lib/python3.12/site-packages/oslo_config/cfg.py:3006}}
Apr 11 03:08:05.085030 np0000164988 nova-conductor[112136]: DEBUG cotyledon.oslo_config_glue [-] workarounds.ensure_libvirt_rbd_instance_dir_cleanup = False {{(pid=112136) log_opt_values /opt/stack/data/venv/lib/python3.12/site-packages/oslo_config/cfg.py:3006}}
Apr 11 03:08:05.085249 np0000164988 nova-conductor[112136]: DEBUG cotyledon.oslo_config_glue [-] workarounds.handle_virt_lifecycle_events = True {{(pid=112136) log_opt_values /opt/stack/data/venv/lib/python3.12/site-packages/oslo_config/cfg.py:3006}}
Apr 11 03:08:05.085249 np0000164988 nova-conductor[112136]: DEBUG cotyledon.oslo_config_glue [-] workarounds.libvirt_disable_apic = False {{(pid=112136) log_opt_values /opt/stack/data/venv/lib/python3.12/site-packages/oslo_config/cfg.py:3006}}
Apr 11 03:08:05.085249 np0000164988 nova-conductor[112136]: DEBUG cotyledon.oslo_config_glue [-] workarounds.never_download_image_if_on_rbd = False {{(pid=112136) log_opt_values /opt/stack/data/venv/lib/python3.12/site-packages/oslo_config/cfg.py:3006}}
Apr 11 03:08:05.085249 np0000164988 nova-conductor[112136]: DEBUG cotyledon.oslo_config_glue [-] workarounds.qemu_monitor_announce_self_count = 3 {{(pid=112136) log_opt_values /opt/stack/data/venv/lib/python3.12/site-packages/oslo_config/cfg.py:3006}}
Apr 11 03:08:05.085249 np0000164988 nova-conductor[112136]: DEBUG cotyledon.oslo_config_glue [-] workarounds.qemu_monitor_announce_self_interval = 1 {{(pid=112136) log_opt_values /opt/stack/data/venv/lib/python3.12/site-packages/oslo_config/cfg.py:3006}}
Apr 11 03:08:05.085249 np0000164988 nova-conductor[112136]: DEBUG cotyledon.oslo_config_glue [-] workarounds.reserve_disk_resource_for_image_cache = False {{(pid=112136) log_opt_values /opt/stack/data/venv/lib/python3.12/site-packages/oslo_config/cfg.py:3006}}
Apr 11 03:08:05.085249 np0000164988 nova-conductor[112136]: DEBUG cotyledon.oslo_config_glue [-] workarounds.skip_cpu_compare_at_startup = False {{(pid=112136) log_opt_values /opt/stack/data/venv/lib/python3.12/site-packages/oslo_config/cfg.py:3006}}
Apr 11 03:08:05.085249 np0000164988 nova-conductor[112136]: DEBUG cotyledon.oslo_config_glue [-] workarounds.skip_cpu_compare_on_dest = False {{(pid=112136) log_opt_values /opt/stack/data/venv/lib/python3.12/site-packages/oslo_config/cfg.py:3006}}
Apr 11 03:08:05.085249 np0000164988 nova-conductor[112136]: DEBUG cotyledon.oslo_config_glue [-] workarounds.skip_hypervisor_version_check_on_lm = False {{(pid=112136) log_opt_values /opt/stack/data/venv/lib/python3.12/site-packages/oslo_config/cfg.py:3006}}
Apr 11 03:08:05.085464 np0000164988 nova-conductor[112136]: DEBUG cotyledon.oslo_config_glue [-] workarounds.skip_reserve_in_use_ironic_nodes = False {{(pid=112136) log_opt_values /opt/stack/data/venv/lib/python3.12/site-packages/oslo_config/cfg.py:3006}}
Apr 11 03:08:05.085464 np0000164988 nova-conductor[112136]: DEBUG cotyledon.oslo_config_glue [-] workarounds.unified_limits_count_pcpu_as_vcpu = False {{(pid=112136) log_opt_values /opt/stack/data/venv/lib/python3.12/site-packages/oslo_config/cfg.py:3006}}
Apr 11 03:08:05.085464 np0000164988 nova-conductor[112136]: DEBUG cotyledon.oslo_config_glue [-] workarounds.wait_for_vif_plugged_event_during_hard_reboot = [] {{(pid=112136) log_opt_values /opt/stack/data/venv/lib/python3.12/site-packages/oslo_config/cfg.py:3006}}
Apr 11 03:08:05.085464 np0000164988 nova-conductor[112136]: DEBUG cotyledon.oslo_config_glue [-] wsgi.api_paste_config = /etc/nova/api-paste.ini {{(pid=112136) log_opt_values /opt/stack/data/venv/lib/python3.12/site-packages/oslo_config/cfg.py:3006}}
Apr 11 03:08:05.085464 np0000164988 nova-conductor[112136]: DEBUG cotyledon.oslo_config_glue [-] wsgi.secure_proxy_ssl_header = None {{(pid=112136) log_opt_values /opt/stack/data/venv/lib/python3.12/site-packages/oslo_config/cfg.py:3006}}
Apr 11 03:08:05.085464 np0000164988 nova-conductor[112136]: DEBUG cotyledon.oslo_config_glue [-] zvm.ca_file = None {{(pid=112136) log_opt_values /opt/stack/data/venv/lib/python3.12/site-packages/oslo_config/cfg.py:3006}}
Apr 11 03:08:05.085464 np0000164988 nova-conductor[112136]: DEBUG cotyledon.oslo_config_glue [-] zvm.cloud_connector_url = None {{(pid=112136) log_opt_values /opt/stack/data/venv/lib/python3.12/site-packages/oslo_config/cfg.py:3006}}
Apr 11 03:08:05.085464 np0000164988 nova-conductor[112136]: DEBUG cotyledon.oslo_config_glue [-] zvm.image_tmp_path = /opt/stack/data/nova/images {{(pid=112136) log_opt_values /opt/stack/data/venv/lib/python3.12/site-packages/oslo_config/cfg.py:3006}}
Apr 11 03:08:05.085464 np0000164988 nova-conductor[112136]: DEBUG cotyledon.oslo_config_glue [-] zvm.reachable_timeout = 300 {{(pid=112136) log_opt_values /opt/stack/data/venv/lib/python3.12/site-packages/oslo_config/cfg.py:3006}}
Apr 11 03:08:05.085737 np0000164988 nova-conductor[112136]: DEBUG cotyledon.oslo_config_glue [-] oslo_versionedobjects.fatal_exception_format_errors = False {{(pid=112136) log_opt_values /opt/stack/data/venv/lib/python3.12/site-packages/oslo_config/cfg.py:3006}}
Apr 11 03:08:05.085737 np0000164988 nova-conductor[112136]: DEBUG cotyledon.oslo_config_glue [-] oslo_middleware.http_basic_auth_user_file = /etc/htpasswd {{(pid=112136) log_opt_values /opt/stack/data/venv/lib/python3.12/site-packages/oslo_config/cfg.py:3006}}
Apr 11 03:08:05.085737 np0000164988 nova-conductor[112136]: DEBUG cotyledon.oslo_config_glue [-] profiler.connection_string = messaging:// {{(pid=112136) log_opt_values /opt/stack/data/venv/lib/python3.12/site-packages/oslo_config/cfg.py:3006}}
Apr 11 03:08:05.085737 np0000164988 nova-conductor[112136]: DEBUG cotyledon.oslo_config_glue [-] profiler.enabled = False {{(pid=112136) log_opt_values /opt/stack/data/venv/lib/python3.12/site-packages/oslo_config/cfg.py:3006}}
Apr 11 03:08:05.085737 np0000164988 nova-conductor[112136]: DEBUG cotyledon.oslo_config_glue [-] profiler.es_doc_type = notification {{(pid=112136) log_opt_values /opt/stack/data/venv/lib/python3.12/site-packages/oslo_config/cfg.py:3006}}
Apr 11 03:08:05.085737 np0000164988 nova-conductor[112136]: DEBUG cotyledon.oslo_config_glue [-] profiler.es_scroll_size = 10000 {{(pid=112136) log_opt_values /opt/stack/data/venv/lib/python3.12/site-packages/oslo_config/cfg.py:3006}}
Apr 11 03:08:05.085737 np0000164988 nova-conductor[112136]: DEBUG cotyledon.oslo_config_glue [-] profiler.es_scroll_time = 2m {{(pid=112136) log_opt_values /opt/stack/data/venv/lib/python3.12/site-packages/oslo_config/cfg.py:3006}}
Apr 11 03:08:05.085737 np0000164988 nova-conductor[112136]: DEBUG cotyledon.oslo_config_glue [-] profiler.filter_error_trace = False {{(pid=112136) log_opt_values /opt/stack/data/venv/lib/python3.12/site-packages/oslo_config/cfg.py:3006}}
Apr 11 03:08:05.085737 np0000164988 nova-conductor[112136]: DEBUG cotyledon.oslo_config_glue [-] profiler.hmac_keys = **** {{(pid=112136) log_opt_values /opt/stack/data/venv/lib/python3.12/site-packages/oslo_config/cfg.py:3006}}
Apr 11 03:08:05.086049 np0000164988 nova-conductor[112136]: DEBUG cotyledon.oslo_config_glue [-] profiler.sentinel_service_name = mymaster {{(pid=112136) log_opt_values /opt/stack/data/venv/lib/python3.12/site-packages/oslo_config/cfg.py:3006}}
Apr 11 03:08:05.086049 np0000164988 nova-conductor[112136]: DEBUG cotyledon.oslo_config_glue [-] profiler.socket_timeout = 0.1 {{(pid=112136) log_opt_values /opt/stack/data/venv/lib/python3.12/site-packages/oslo_config/cfg.py:3006}}
Apr 11 03:08:05.086049 np0000164988 nova-conductor[112136]: DEBUG cotyledon.oslo_config_glue [-] profiler.trace_requests = False {{(pid=112136) log_opt_values /opt/stack/data/venv/lib/python3.12/site-packages/oslo_config/cfg.py:3006}}
Apr 11 03:08:05.086049 np0000164988 nova-conductor[112136]: DEBUG cotyledon.oslo_config_glue [-] profiler.trace_sqlalchemy = False {{(pid=112136) log_opt_values /opt/stack/data/venv/lib/python3.12/site-packages/oslo_config/cfg.py:3006}}
Apr 11 03:08:05.086049 np0000164988 nova-conductor[112136]: DEBUG cotyledon.oslo_config_glue [-] profiler_jaeger.process_tags = {} {{(pid=112136) log_opt_values /opt/stack/data/venv/lib/python3.12/site-packages/oslo_config/cfg.py:3006}}
Apr 11 03:08:05.086049 np0000164988 nova-conductor[112136]: DEBUG cotyledon.oslo_config_glue [-] profiler_jaeger.service_name_prefix = None {{(pid=112136) log_opt_values /opt/stack/data/venv/lib/python3.12/site-packages/oslo_config/cfg.py:3006}}
Apr 11 03:08:05.086049 np0000164988 nova-conductor[112136]: DEBUG cotyledon.oslo_config_glue [-] profiler_otlp.service_name_prefix = None {{(pid=112136) log_opt_values /opt/stack/data/venv/lib/python3.12/site-packages/oslo_config/cfg.py:3006}}
Apr 11 03:08:05.086049 np0000164988 nova-conductor[112136]: DEBUG cotyledon.oslo_config_glue [-] oslo_messaging_rabbit.amqp_auto_delete = False {{(pid=112136) log_opt_values /opt/stack/data/venv/lib/python3.12/site-packages/oslo_config/cfg.py:3006}}
Apr 11 03:08:05.086049 np0000164988 nova-conductor[112136]: DEBUG cotyledon.oslo_config_glue [-] oslo_messaging_rabbit.amqp_durable_queues = False {{(pid=112136) log_opt_values /opt/stack/data/venv/lib/python3.12/site-packages/oslo_config/cfg.py:3006}}
Apr 11 03:08:05.086338 np0000164988 nova-conductor[112136]: DEBUG cotyledon.oslo_config_glue [-] oslo_messaging_rabbit.conn_pool_min_size = 2 {{(pid=112136) log_opt_values /opt/stack/data/venv/lib/python3.12/site-packages/oslo_config/cfg.py:3006}}
Apr 11 03:08:05.086338 np0000164988 nova-conductor[112136]: DEBUG cotyledon.oslo_config_glue [-] oslo_messaging_rabbit.conn_pool_ttl = 1200 {{(pid=112136) log_opt_values /opt/stack/data/venv/lib/python3.12/site-packages/oslo_config/cfg.py:3006}}
Apr 11 03:08:05.086338 np0000164988 nova-conductor[112136]: DEBUG cotyledon.oslo_config_glue [-] oslo_messaging_rabbit.direct_mandatory_flag = True {{(pid=112136) log_opt_values /opt/stack/data/venv/lib/python3.12/site-packages/oslo_config/cfg.py:3006}}
Apr 11 03:08:05.086338 np0000164988 nova-conductor[112136]: DEBUG cotyledon.oslo_config_glue [-] oslo_messaging_rabbit.enable_cancel_on_failover = False {{(pid=112136) log_opt_values /opt/stack/data/venv/lib/python3.12/site-packages/oslo_config/cfg.py:3006}}
Apr 11 03:08:05.086338 np0000164988 nova-conductor[112136]: DEBUG cotyledon.oslo_config_glue [-] oslo_messaging_rabbit.heartbeat_in_pthread = False {{(pid=112136) log_opt_values /opt/stack/data/venv/lib/python3.12/site-packages/oslo_config/cfg.py:3006}}
Apr 11 03:08:05.086338 np0000164988 nova-conductor[112136]: DEBUG cotyledon.oslo_config_glue [-] oslo_messaging_rabbit.heartbeat_rate = 3 {{(pid=112136) log_opt_values /opt/stack/data/venv/lib/python3.12/site-packages/oslo_config/cfg.py:3006}}
Apr 11 03:08:05.086338 np0000164988 nova-conductor[112136]: DEBUG cotyledon.oslo_config_glue [-] oslo_messaging_rabbit.heartbeat_timeout_threshold = 60 {{(pid=112136) log_opt_values /opt/stack/data/venv/lib/python3.12/site-packages/oslo_config/cfg.py:3006}}
Apr 11 03:08:05.086338 np0000164988 nova-conductor[112136]: DEBUG cotyledon.oslo_config_glue [-] oslo_messaging_rabbit.hostname = np0000164988 {{(pid=112136) log_opt_values /opt/stack/data/venv/lib/python3.12/site-packages/oslo_config/cfg.py:3006}}
Apr 11 03:08:05.086338 np0000164988 nova-conductor[112136]: DEBUG cotyledon.oslo_config_glue [-] oslo_messaging_rabbit.kombu_compression = None {{(pid=112136) log_opt_values /opt/stack/data/venv/lib/python3.12/site-packages/oslo_config/cfg.py:3006}}
Apr 11 03:08:05.086587 np0000164988 nova-conductor[112136]: DEBUG cotyledon.oslo_config_glue [-] oslo_messaging_rabbit.kombu_failover_strategy = round-robin {{(pid=112136) log_opt_values /opt/stack/data/venv/lib/python3.12/site-packages/oslo_config/cfg.py:3006}}
Apr 11 03:08:05.086587 np0000164988 nova-conductor[112136]: DEBUG cotyledon.oslo_config_glue [-] oslo_messaging_rabbit.kombu_missing_consumer_retry_timeout = 60 {{(pid=112136) log_opt_values /opt/stack/data/venv/lib/python3.12/site-packages/oslo_config/cfg.py:3006}}
Apr 11 03:08:05.086587 np0000164988 nova-conductor[112136]: DEBUG cotyledon.oslo_config_glue [-] oslo_messaging_rabbit.kombu_reconnect_delay = 1.0 {{(pid=112136) log_opt_values /opt/stack/data/venv/lib/python3.12/site-packages/oslo_config/cfg.py:3006}}
Apr 11 03:08:05.086587 np0000164988 nova-conductor[112136]: DEBUG cotyledon.oslo_config_glue [-] oslo_messaging_rabbit.kombu_reconnect_splay = 0.0 {{(pid=112136) log_opt_values /opt/stack/data/venv/lib/python3.12/site-packages/oslo_config/cfg.py:3006}}
Apr 11 03:08:05.086587 np0000164988 nova-conductor[112136]: DEBUG cotyledon.oslo_config_glue [-] oslo_messaging_rabbit.processname = nova-conductor {{(pid=112136) log_opt_values /opt/stack/data/venv/lib/python3.12/site-packages/oslo_config/cfg.py:3006}}
Apr 11 03:08:05.086587 np0000164988 nova-conductor[112136]: DEBUG cotyledon.oslo_config_glue [-] oslo_messaging_rabbit.rabbit_ha_queues = False {{(pid=112136) log_opt_values /opt/stack/data/venv/lib/python3.12/site-packages/oslo_config/cfg.py:3006}}
Apr 11 03:08:05.086587 np0000164988 nova-conductor[112136]: DEBUG cotyledon.oslo_config_glue [-] oslo_messaging_rabbit.rabbit_interval_max = 30 {{(pid=112136) log_opt_values /opt/stack/data/venv/lib/python3.12/site-packages/oslo_config/cfg.py:3006}}
Apr 11 03:08:05.086587 np0000164988 nova-conductor[112136]: DEBUG cotyledon.oslo_config_glue [-] oslo_messaging_rabbit.rabbit_login_method = AMQPLAIN {{(pid=112136) log_opt_values /opt/stack/data/venv/lib/python3.12/site-packages/oslo_config/cfg.py:3006}}
Apr 11 03:08:05.086805 np0000164988 nova-conductor[112136]: DEBUG cotyledon.oslo_config_glue [-] oslo_messaging_rabbit.rabbit_qos_prefetch_count = 0 {{(pid=112136) log_opt_values /opt/stack/data/venv/lib/python3.12/site-packages/oslo_config/cfg.py:3006}}
Apr 11 03:08:05.086805 np0000164988 nova-conductor[112136]: DEBUG cotyledon.oslo_config_glue [-] oslo_messaging_rabbit.rabbit_quorum_delivery_limit = 0 {{(pid=112136) log_opt_values /opt/stack/data/venv/lib/python3.12/site-packages/oslo_config/cfg.py:3006}}
Apr 11 03:08:05.086805 np0000164988 nova-conductor[112136]: DEBUG cotyledon.oslo_config_glue [-] oslo_messaging_rabbit.rabbit_quorum_max_memory_bytes = 0 {{(pid=112136) log_opt_values /opt/stack/data/venv/lib/python3.12/site-packages/oslo_config/cfg.py:3006}}
Apr 11 03:08:05.086805 np0000164988 nova-conductor[112136]: DEBUG cotyledon.oslo_config_glue [-] oslo_messaging_rabbit.rabbit_quorum_max_memory_length = 0 {{(pid=112136) log_opt_values /opt/stack/data/venv/lib/python3.12/site-packages/oslo_config/cfg.py:3006}}
Apr 11 03:08:05.086805 np0000164988 nova-conductor[112136]: DEBUG cotyledon.oslo_config_glue [-] oslo_messaging_rabbit.rabbit_quorum_queue = False {{(pid=112136) log_opt_values /opt/stack/data/venv/lib/python3.12/site-packages/oslo_config/cfg.py:3006}}
Apr 11 03:08:05.086805 np0000164988 nova-conductor[112136]: DEBUG cotyledon.oslo_config_glue [-] oslo_messaging_rabbit.rabbit_retry_backoff = 2 {{(pid=112136) log_opt_values /opt/stack/data/venv/lib/python3.12/site-packages/oslo_config/cfg.py:3006}}
Apr 11 03:08:05.086805 np0000164988 nova-conductor[112136]: DEBUG cotyledon.oslo_config_glue [-] oslo_messaging_rabbit.rabbit_retry_interval = 1 {{(pid=112136) log_opt_values /opt/stack/data/venv/lib/python3.12/site-packages/oslo_config/cfg.py:3006}}
Apr 11 03:08:05.086805 np0000164988 nova-conductor[112136]: DEBUG cotyledon.oslo_config_glue [-] oslo_messaging_rabbit.rabbit_stream_fanout = False {{(pid=112136) log_opt_values /opt/stack/data/venv/lib/python3.12/site-packages/oslo_config/cfg.py:3006}}
Apr 11 03:08:05.087017 np0000164988 nova-conductor[112136]: DEBUG cotyledon.oslo_config_glue [-] oslo_messaging_rabbit.rabbit_transient_queues_ttl = 1800 {{(pid=112136) log_opt_values /opt/stack/data/venv/lib/python3.12/site-packages/oslo_config/cfg.py:3006}}
Apr 11 03:08:05.087017 np0000164988 nova-conductor[112136]: DEBUG cotyledon.oslo_config_glue [-] oslo_messaging_rabbit.rabbit_transient_quorum_queue = False {{(pid=112136) log_opt_values /opt/stack/data/venv/lib/python3.12/site-packages/oslo_config/cfg.py:3006}}
Apr 11 03:08:05.087017 np0000164988 nova-conductor[112136]: DEBUG cotyledon.oslo_config_glue [-] oslo_messaging_rabbit.rpc_conn_pool_size = 30 {{(pid=112136) log_opt_values /opt/stack/data/venv/lib/python3.12/site-packages/oslo_config/cfg.py:3006}}
Apr 11 03:08:05.087017 np0000164988 nova-conductor[112136]: DEBUG cotyledon.oslo_config_glue [-] oslo_messaging_rabbit.ssl = False {{(pid=112136) log_opt_values /opt/stack/data/venv/lib/python3.12/site-packages/oslo_config/cfg.py:3006}}
Apr 11 03:08:05.087017 np0000164988 nova-conductor[112136]: DEBUG cotyledon.oslo_config_glue [-] oslo_messaging_rabbit.ssl_ca_file = {{(pid=112136) log_opt_values /opt/stack/data/venv/lib/python3.12/site-packages/oslo_config/cfg.py:3006}}
Apr 11 03:08:05.087017 np0000164988 nova-conductor[112136]: DEBUG cotyledon.oslo_config_glue [-] oslo_messaging_rabbit.ssl_cert_file = {{(pid=112136) log_opt_values /opt/stack/data/venv/lib/python3.12/site-packages/oslo_config/cfg.py:3006}}
Apr 11 03:08:05.087017 np0000164988 nova-conductor[112136]: DEBUG cotyledon.oslo_config_glue [-] oslo_messaging_rabbit.ssl_enforce_fips_mode = False {{(pid=112136) log_opt_values /opt/stack/data/venv/lib/python3.12/site-packages/oslo_config/cfg.py:3006}}
Apr 11 03:08:05.087017 np0000164988 nova-conductor[112136]: DEBUG cotyledon.oslo_config_glue [-] oslo_messaging_rabbit.ssl_key_file = {{(pid=112136) log_opt_values /opt/stack/data/venv/lib/python3.12/site-packages/oslo_config/cfg.py:3006}}
Apr 11 03:08:05.087017 np0000164988 nova-conductor[112136]: DEBUG cotyledon.oslo_config_glue [-] oslo_messaging_rabbit.ssl_version = {{(pid=112136) log_opt_values /opt/stack/data/venv/lib/python3.12/site-packages/oslo_config/cfg.py:3006}}
Apr 11 03:08:05.087238 np0000164988 nova-conductor[112136]: DEBUG cotyledon.oslo_config_glue [-] oslo_messaging_rabbit.use_queue_manager = False {{(pid=112136) log_opt_values /opt/stack/data/venv/lib/python3.12/site-packages/oslo_config/cfg.py:3006}}
Apr 11 03:08:05.087238 np0000164988 nova-conductor[112136]: DEBUG cotyledon.oslo_config_glue [-] oslo_messaging_notifications.driver = ['messagingv2'] {{(pid=112136) log_opt_values /opt/stack/data/venv/lib/python3.12/site-packages/oslo_config/cfg.py:3006}}
Apr 11 03:08:05.087238 np0000164988 nova-conductor[112136]: DEBUG cotyledon.oslo_config_glue [-] oslo_messaging_notifications.retry = -1 {{(pid=112136) log_opt_values /opt/stack/data/venv/lib/python3.12/site-packages/oslo_config/cfg.py:3006}}
Apr 11 03:08:05.087238 np0000164988 nova-conductor[112136]: DEBUG cotyledon.oslo_config_glue [-] oslo_messaging_notifications.topics = ['notifications'] {{(pid=112136) log_opt_values /opt/stack/data/venv/lib/python3.12/site-packages/oslo_config/cfg.py:3006}}
Apr 11 03:08:05.087238 np0000164988 nova-conductor[112136]: DEBUG cotyledon.oslo_config_glue [-] oslo_messaging_notifications.transport_url = **** {{(pid=112136) log_opt_values /opt/stack/data/venv/lib/python3.12/site-packages/oslo_config/cfg.py:3006}}
Apr 11 03:08:05.087238 np0000164988 nova-conductor[112136]: DEBUG cotyledon.oslo_config_glue [-] oslo_limit.auth_section = None {{(pid=112136) log_opt_values /opt/stack/data/venv/lib/python3.12/site-packages/oslo_config/cfg.py:3006}}
Apr 11 03:08:05.087238 np0000164988 nova-conductor[112136]: DEBUG cotyledon.oslo_config_glue [-] oslo_limit.auth_type = None {{(pid=112136) log_opt_values /opt/stack/data/venv/lib/python3.12/site-packages/oslo_config/cfg.py:3006}}
Apr 11 03:08:05.087238 np0000164988 nova-conductor[112136]: DEBUG cotyledon.oslo_config_glue [-] oslo_limit.cafile = None {{(pid=112136) log_opt_values /opt/stack/data/venv/lib/python3.12/site-packages/oslo_config/cfg.py:3006}}
Apr 11 03:08:05.087238 np0000164988 nova-conductor[112136]: DEBUG cotyledon.oslo_config_glue [-] oslo_limit.certfile = None {{(pid=112136) log_opt_values /opt/stack/data/venv/lib/python3.12/site-packages/oslo_config/cfg.py:3006}}
Apr 11 03:08:05.087461 np0000164988 nova-conductor[112136]: DEBUG cotyledon.oslo_config_glue [-] oslo_limit.collect_timing = False {{(pid=112136) log_opt_values /opt/stack/data/venv/lib/python3.12/site-packages/oslo_config/cfg.py:3006}}
Apr 11 03:08:05.087461 np0000164988 nova-conductor[112136]: DEBUG cotyledon.oslo_config_glue [-] oslo_limit.connect_retries = None {{(pid=112136) log_opt_values /opt/stack/data/venv/lib/python3.12/site-packages/oslo_config/cfg.py:3006}}
Apr 11 03:08:05.087461 np0000164988 nova-conductor[112136]: DEBUG cotyledon.oslo_config_glue [-] oslo_limit.connect_retry_delay = None {{(pid=112136) log_opt_values /opt/stack/data/venv/lib/python3.12/site-packages/oslo_config/cfg.py:3006}}
Apr 11 03:08:05.087461 np0000164988 nova-conductor[112136]: DEBUG cotyledon.oslo_config_glue [-] oslo_limit.endpoint_id = None {{(pid=112136) log_opt_values /opt/stack/data/venv/lib/python3.12/site-packages/oslo_config/cfg.py:3006}}
Apr 11 03:08:05.087461 np0000164988 nova-conductor[112136]: DEBUG cotyledon.oslo_config_glue [-] oslo_limit.endpoint_interface = public {{(pid=112136) log_opt_values /opt/stack/data/venv/lib/python3.12/site-packages/oslo_config/cfg.py:3006}}
Apr 11 03:08:05.087461 np0000164988 nova-conductor[112136]: DEBUG cotyledon.oslo_config_glue [-] oslo_limit.endpoint_override = None {{(pid=112136) log_opt_values /opt/stack/data/venv/lib/python3.12/site-packages/oslo_config/cfg.py:3006}}
Apr 11 03:08:05.087461 np0000164988 nova-conductor[112136]: DEBUG cotyledon.oslo_config_glue [-] oslo_limit.endpoint_region_name = None {{(pid=112136) log_opt_values /opt/stack/data/venv/lib/python3.12/site-packages/oslo_config/cfg.py:3006}}
Apr 11 03:08:05.087461 np0000164988 nova-conductor[112136]: DEBUG cotyledon.oslo_config_glue [-] oslo_limit.endpoint_service_name = None {{(pid=112136) log_opt_values /opt/stack/data/venv/lib/python3.12/site-packages/oslo_config/cfg.py:3006}}
Apr 11 03:08:05.087461 np0000164988 nova-conductor[112136]: DEBUG cotyledon.oslo_config_glue [-] oslo_limit.endpoint_service_type = None {{(pid=112136) log_opt_values /opt/stack/data/venv/lib/python3.12/site-packages/oslo_config/cfg.py:3006}}
Apr 11 03:08:05.087681 np0000164988 nova-conductor[112136]: DEBUG cotyledon.oslo_config_glue [-] oslo_limit.insecure = False {{(pid=112136) log_opt_values /opt/stack/data/venv/lib/python3.12/site-packages/oslo_config/cfg.py:3006}}
Apr 11 03:08:05.087681 np0000164988 nova-conductor[112136]: DEBUG cotyledon.oslo_config_glue [-] oslo_limit.keyfile = None {{(pid=112136) log_opt_values /opt/stack/data/venv/lib/python3.12/site-packages/oslo_config/cfg.py:3006}}
Apr 11 03:08:05.087681 np0000164988 nova-conductor[112136]: DEBUG cotyledon.oslo_config_glue [-] oslo_limit.max_version = None {{(pid=112136) log_opt_values /opt/stack/data/venv/lib/python3.12/site-packages/oslo_config/cfg.py:3006}}
Apr 11 03:08:05.087681 np0000164988 nova-conductor[112136]: DEBUG cotyledon.oslo_config_glue [-] oslo_limit.min_version = None {{(pid=112136) log_opt_values /opt/stack/data/venv/lib/python3.12/site-packages/oslo_config/cfg.py:3006}}
Apr 11 03:08:05.087681 np0000164988 nova-conductor[112136]: DEBUG cotyledon.oslo_config_glue [-] oslo_limit.region_name = None {{(pid=112136) log_opt_values /opt/stack/data/venv/lib/python3.12/site-packages/oslo_config/cfg.py:3006}}
Apr 11 03:08:05.087681 np0000164988 nova-conductor[112136]: DEBUG cotyledon.oslo_config_glue [-] oslo_limit.retriable_status_codes = None {{(pid=112136) log_opt_values /opt/stack/data/venv/lib/python3.12/site-packages/oslo_config/cfg.py:3006}}
Apr 11 03:08:05.087681 np0000164988 nova-conductor[112136]: DEBUG cotyledon.oslo_config_glue [-] oslo_limit.service_name = None {{(pid=112136) log_opt_values /opt/stack/data/venv/lib/python3.12/site-packages/oslo_config/cfg.py:3006}}
Apr 11 03:08:05.087681 np0000164988 nova-conductor[112136]: DEBUG cotyledon.oslo_config_glue [-] oslo_limit.service_type = None {{(pid=112136) log_opt_values /opt/stack/data/venv/lib/python3.12/site-packages/oslo_config/cfg.py:3006}}
Apr 11 03:08:05.087681 np0000164988 nova-conductor[112136]: DEBUG cotyledon.oslo_config_glue [-] oslo_limit.split_loggers = False {{(pid=112136) log_opt_values /opt/stack/data/venv/lib/python3.12/site-packages/oslo_config/cfg.py:3006}}
Apr 11 03:08:05.087944 np0000164988 nova-conductor[112136]: DEBUG cotyledon.oslo_config_glue [-] oslo_limit.status_code_retries = None {{(pid=112136) log_opt_values /opt/stack/data/venv/lib/python3.12/site-packages/oslo_config/cfg.py:3006}}
Apr 11 03:08:05.087944 np0000164988 nova-conductor[112136]: DEBUG cotyledon.oslo_config_glue [-] oslo_limit.status_code_retry_delay = None {{(pid=112136) log_opt_values /opt/stack/data/venv/lib/python3.12/site-packages/oslo_config/cfg.py:3006}}
Apr 11 03:08:05.087944 np0000164988 nova-conductor[112136]: DEBUG cotyledon.oslo_config_glue [-] oslo_limit.timeout = None {{(pid=112136) log_opt_values /opt/stack/data/venv/lib/python3.12/site-packages/oslo_config/cfg.py:3006}}
Apr 11 03:08:05.087944 np0000164988 nova-conductor[112136]: DEBUG cotyledon.oslo_config_glue [-] oslo_limit.valid_interfaces = None {{(pid=112136) log_opt_values /opt/stack/data/venv/lib/python3.12/site-packages/oslo_config/cfg.py:3006}}
Apr 11 03:08:05.087944 np0000164988 nova-conductor[112136]: DEBUG cotyledon.oslo_config_glue [-] oslo_limit.version = None {{(pid=112136) log_opt_values /opt/stack/data/venv/lib/python3.12/site-packages/oslo_config/cfg.py:3006}}
Apr 11 03:08:05.087944 np0000164988 nova-conductor[112136]: DEBUG cotyledon.oslo_config_glue [-] oslo_reports.file_event_handler = None {{(pid=112136) log_opt_values /opt/stack/data/venv/lib/python3.12/site-packages/oslo_config/cfg.py:3006}}
Apr 11 03:08:05.087944 np0000164988 nova-conductor[112136]: DEBUG cotyledon.oslo_config_glue [-] oslo_reports.file_event_handler_interval = 1 {{(pid=112136) log_opt_values /opt/stack/data/venv/lib/python3.12/site-packages/oslo_config/cfg.py:3006}}
Apr 11 03:08:05.087944 np0000164988 nova-conductor[112136]: DEBUG cotyledon.oslo_config_glue [-] oslo_reports.log_dir = None {{(pid=112136) log_opt_values /opt/stack/data/venv/lib/python3.12/site-packages/oslo_config/cfg.py:3006}}
Apr 11 03:08:05.087944 np0000164988 nova-conductor[112136]: DEBUG cotyledon.oslo_config_glue [-] ******************************************************************************** {{(pid=112136) log_opt_values /opt/stack/data/venv/lib/python3.12/site-packages/oslo_config/cfg.py:3013}}
Apr 11 03:08:05.088160 np0000164988 nova-conductor[112136]: DEBUG cotyledon._service_worker [-] Run service ServiceWrapper(3) [112136] {{(pid=112136) wait_forever /opt/stack/data/venv/lib/python3.12/site-packages/cotyledon/_service_worker.py:218}}
Apr 11 03:08:05.088160 np0000164988 nova-conductor[112136]: INFO nova.service [-] Starting conductor node (version 33.1.0)
Apr 11 03:08:05.088221 np0000164988 nova-conductor[112130]: DEBUG dbcounter [-] [112130] Writer thread running {{(pid=112130) stat_writer /opt/stack/data/venv/lib/python3.12/site-packages/dbcounter.py:102}}
Apr 11 03:08:05.088221 np0000164988 nova-conductor[112130]: DEBUG nova.service [None req-286c68d8-f9f7-4521-9609-a3eea543c0ba None None] Creating RPC server for service: nova-conductor on topic: conductor {{(pid=112130) start /opt/stack/nova/nova/service.py:195}}
Apr 11 03:08:05.088271 np0000164988 nova-conductor[112136]: INFO dbcounter [None req-bd304eeb-64ff-45e3-9610-e0edf7ec2ced None None] Registered counter for database nova_cell0
Apr 11 03:08:05.089452 np0000164988 nova-conductor[112123]: DEBUG nova.service [None req-687592d2-5f12-45ea-be72-f46f383d3bfc None None] Join ServiceGroup membership for this service conductor {{(pid=112123) start /opt/stack/nova/nova/service.py:221}}
Apr 11 03:08:05.089723 np0000164988 nova-conductor[112123]: DEBUG nova.servicegroup.drivers.db [None req-687592d2-5f12-45ea-be72-f46f383d3bfc None None] DB_Driver: join new ServiceGroup member np0000164988 to the conductor group, service = {{(pid=112123) join /opt/stack/nova/nova/servicegroup/drivers/db.py:44}}
Apr 11 03:08:05.094771 np0000164988 nova-conductor[112136]: DEBUG oslo_db.sqlalchemy.engines [None req-bd304eeb-64ff-45e3-9610-e0edf7ec2ced None None] MySQL server mode set to STRICT_TRANS_TABLES,STRICT_ALL_TABLES,NO_ZERO_IN_DATE,NO_ZERO_DATE,ERROR_FOR_DIVISION_BY_ZERO,TRADITIONAL,NO_ENGINE_SUBSTITUTION {{(pid=112136) _check_effective_sql_mode /opt/stack/data/venv/lib/python3.12/site-packages/oslo_db/sqlalchemy/engines.py:325}}
Apr 11 03:08:05.095770 np0000164988 nova-conductor[112112]: DEBUG nova.service [None req-c2c4ecf1-38cf-4644-9c4d-06f00ba450d7 None None] Join ServiceGroup membership for this service conductor {{(pid=112112) start /opt/stack/nova/nova/service.py:221}}
Apr 11 03:08:05.096258 np0000164988 nova-conductor[112112]: DEBUG nova.servicegroup.drivers.db [None req-c2c4ecf1-38cf-4644-9c4d-06f00ba450d7 None None] DB_Driver: join new ServiceGroup member np0000164988 to the conductor group, service = {{(pid=112112) join /opt/stack/nova/nova/servicegroup/drivers/db.py:44}}
Apr 11 03:08:05.106408 np0000164988 nova-conductor[112130]: DEBUG nova.service [None req-286c68d8-f9f7-4521-9609-a3eea543c0ba None None] Join ServiceGroup membership for this service conductor {{(pid=112130) start /opt/stack/nova/nova/service.py:221}}
Apr 11 03:08:05.106632 np0000164988 nova-conductor[112130]: DEBUG nova.servicegroup.drivers.db [None req-286c68d8-f9f7-4521-9609-a3eea543c0ba None None] DB_Driver: join new ServiceGroup member np0000164988 to the conductor group, service = {{(pid=112130) join /opt/stack/nova/nova/servicegroup/drivers/db.py:44}}
Apr 11 03:08:05.107955 np0000164988 nova-conductor[112136]: DEBUG dbcounter [-] [112136] Writer thread running {{(pid=112136) stat_writer /opt/stack/data/venv/lib/python3.12/site-packages/dbcounter.py:102}}
Apr 11 03:08:05.110941 np0000164988 nova-conductor[112136]: DEBUG nova.service [None req-bd304eeb-64ff-45e3-9610-e0edf7ec2ced None None] Creating RPC server for service: nova-conductor on topic: conductor {{(pid=112136) start /opt/stack/nova/nova/service.py:195}}
Apr 11 03:08:05.132183 np0000164988 nova-conductor[112136]: DEBUG nova.service [None req-bd304eeb-64ff-45e3-9610-e0edf7ec2ced None None] Join ServiceGroup membership for this service conductor {{(pid=112136) start /opt/stack/nova/nova/service.py:221}}
Apr 11 03:08:05.132440 np0000164988 nova-conductor[112136]: DEBUG nova.servicegroup.drivers.db [None req-bd304eeb-64ff-45e3-9610-e0edf7ec2ced None None] DB_Driver: join new ServiceGroup member np0000164988 to the conductor group, service = {{(pid=112136) join /opt/stack/nova/nova/servicegroup/drivers/db.py:44}}
Apr 11 03:08:10.114029 np0000164988 nova-conductor[112123]: DEBUG oslo.service.backend._threading.loopingcall [-] Fixed interval looping call 'nova.servicegroup.drivers.db.DbDriver._report_state' sleeping for 119.98 seconds {{(pid=112123) _run_loop /opt/stack/data/venv/lib/python3.12/site-packages/oslo_service/backend/_threading/loopingcall.py:125}}
Apr 11 03:08:10.114571 np0000164988 nova-conductor[112112]: DEBUG oslo.service.backend._threading.loopingcall [-] Fixed interval looping call 'nova.servicegroup.drivers.db.DbDriver._report_state' sleeping for 119.98 seconds {{(pid=112112) _run_loop /opt/stack/data/venv/lib/python3.12/site-packages/oslo_service/backend/_threading/loopingcall.py:125}}
Apr 11 03:08:10.119281 np0000164988 nova-conductor[112130]: DEBUG oslo.service.backend._threading.loopingcall [-] Fixed interval looping call 'nova.servicegroup.drivers.db.DbDriver._report_state' sleeping for 119.99 seconds {{(pid=112130) _run_loop /opt/stack/data/venv/lib/python3.12/site-packages/oslo_service/backend/_threading/loopingcall.py:125}}
Apr 11 03:08:10.148285 np0000164988 nova-conductor[112136]: DEBUG oslo.service.backend._threading.loopingcall [-] Fixed interval looping call 'nova.servicegroup.drivers.db.DbDriver._report_state' sleeping for 119.99 seconds {{(pid=112136) _run_loop /opt/stack/data/venv/lib/python3.12/site-packages/oslo_service/backend/_threading/loopingcall.py:125}}
Apr 11 03:08:13.713730 np0000164988 nova-conductor[111337]: DEBUG dbcounter [-] [111337] Writing DB stats nova_api:SELECT=1 {{(pid=111337) stat_writer /opt/stack/data/venv/lib/python3.12/site-packages/dbcounter.py:115}}
Apr 11 03:08:13.813317 np0000164988 nova-conductor[111337]: DEBUG dbcounter [-] [111337] Writing DB stats nova_cell0:SELECT=1 {{(pid=111337) stat_writer /opt/stack/data/venv/lib/python3.12/site-packages/dbcounter.py:115}}
Apr 11 03:08:13.818468 np0000164988 nova-conductor[111337]: DEBUG dbcounter [-] [111337] Writing DB stats nova_cell1:SELECT=1 {{(pid=111337) stat_writer /opt/stack/data/venv/lib/python3.12/site-packages/dbcounter.py:115}}
Apr 11 03:08:20.105879 np0000164988 nova-conductor[112123]: DEBUG dbcounter [-] [112123] Writing DB stats nova_cell0:SELECT=3,nova_cell0:UPDATE=1 {{(pid=112123) stat_writer /opt/stack/data/venv/lib/python3.12/site-packages/dbcounter.py:115}}
Apr 11 03:08:20.108136 np0000164988 nova-conductor[112112]: DEBUG dbcounter [-] [112112] Writing DB stats nova_cell0:SELECT=4,nova_cell0:INSERT=1,nova_cell0:UPDATE=1 {{(pid=112112) stat_writer /opt/stack/data/venv/lib/python3.12/site-packages/dbcounter.py:115}}
Apr 11 03:08:20.115389 np0000164988 nova-conductor[112130]: DEBUG dbcounter [-] [112130] Writing DB stats nova_cell0:SELECT=3 {{(pid=112130) stat_writer /opt/stack/data/venv/lib/python3.12/site-packages/dbcounter.py:115}}
Apr 11 03:08:20.144580 np0000164988 nova-conductor[112136]: DEBUG dbcounter [-] [112136] Writing DB stats nova_cell0:SELECT=3 {{(pid=112136) stat_writer /opt/stack/data/venv/lib/python3.12/site-packages/dbcounter.py:115}}
Apr 11 03:08:23.135572 np0000164988 nova-conductor[112136]: DEBUG oslo.service.backend._threading.loopingcall [None req-c00423a4-334a-4d58-a8fa-d834a9e3f119 None None] Dynamic interval looping call 'nova.service.Service.periodic_tasks' sleeping for 60.00 seconds {{(pid=112136) _run_loop /opt/stack/data/venv/lib/python3.12/site-packages/oslo_service/backend/_threading/loopingcall.py:125}}
Apr 11 03:08:49.100136 np0000164988 nova-conductor[112112]: DEBUG oslo.service.backend._threading.loopingcall [None req-befe05ff-2cf4-4efb-80cc-6c02858e7c07 None None] Dynamic interval looping call 'nova.service.Service.periodic_tasks' sleeping for 60.00 seconds {{(pid=112112) _run_loop /opt/stack/data/venv/lib/python3.12/site-packages/oslo_service/backend/_threading/loopingcall.py:125}}
Apr 11 03:09:03.109012 np0000164988 nova-conductor[112130]: DEBUG oslo.service.backend._threading.loopingcall [None req-544d8bad-dda8-45ee-8534-beaed85a174e None None] Dynamic interval looping call 'nova.service.Service.periodic_tasks' sleeping for 60.00 seconds {{(pid=112130) _run_loop /opt/stack/data/venv/lib/python3.12/site-packages/oslo_service/backend/_threading/loopingcall.py:125}}
Apr 11 03:09:05.093367 np0000164988 nova-conductor[112123]: DEBUG oslo.service.backend._threading.loopingcall [None req-5012fe0c-76fa-4fbd-921f-62de5a8e88fe None None] Dynamic interval looping call 'nova.service.Service.periodic_tasks' sleeping for 60.00 seconds {{(pid=112123) _run_loop /opt/stack/data/venv/lib/python3.12/site-packages/oslo_service/backend/_threading/loopingcall.py:125}}
Apr 11 03:09:23.136685 np0000164988 nova-conductor[112136]: DEBUG oslo.service.backend._threading.loopingcall [None req-c00423a4-334a-4d58-a8fa-d834a9e3f119 None None] Dynamic interval looping call 'nova.service.Service.periodic_tasks' sleeping for 60.00 seconds {{(pid=112136) _run_loop /opt/stack/data/venv/lib/python3.12/site-packages/oslo_service/backend/_threading/loopingcall.py:125}}
Apr 11 03:09:49.102540 np0000164988 nova-conductor[112112]: DEBUG oslo.service.backend._threading.loopingcall [None req-befe05ff-2cf4-4efb-80cc-6c02858e7c07 None None] Dynamic interval looping call 'nova.service.Service.periodic_tasks' sleeping for 60.00 seconds {{(pid=112112) _run_loop /opt/stack/data/venv/lib/python3.12/site-packages/oslo_service/backend/_threading/loopingcall.py:125}}
Apr 11 03:10:03.109828 np0000164988 nova-conductor[112130]: DEBUG oslo.service.backend._threading.loopingcall [None req-544d8bad-dda8-45ee-8534-beaed85a174e None None] Dynamic interval looping call 'nova.service.Service.periodic_tasks' sleeping for 60.00 seconds {{(pid=112130) _run_loop /opt/stack/data/venv/lib/python3.12/site-packages/oslo_service/backend/_threading/loopingcall.py:125}}
Apr 11 03:10:05.094227 np0000164988 nova-conductor[112123]: DEBUG oslo.service.backend._threading.loopingcall [None req-5012fe0c-76fa-4fbd-921f-62de5a8e88fe None None] Dynamic interval looping call 'nova.service.Service.periodic_tasks' sleeping for 60.00 seconds {{(pid=112123) _run_loop /opt/stack/data/venv/lib/python3.12/site-packages/oslo_service/backend/_threading/loopingcall.py:125}}
Apr 11 03:10:10.108778 np0000164988 nova-conductor[112123]: DEBUG oslo.service.backend._threading.loopingcall [-] Fixed interval looping call 'nova.servicegroup.drivers.db.DbDriver._report_state' sleeping for 119.99 seconds {{(pid=112123) _run_loop /opt/stack/data/venv/lib/python3.12/site-packages/oslo_service/backend/_threading/loopingcall.py:125}}
Apr 11 03:10:10.109350 np0000164988 nova-conductor[112112]: DEBUG oslo.service.backend._threading.loopingcall [-] Fixed interval looping call 'nova.servicegroup.drivers.db.DbDriver._report_state' sleeping for 119.99 seconds {{(pid=112112) _run_loop /opt/stack/data/venv/lib/python3.12/site-packages/oslo_service/backend/_threading/loopingcall.py:125}}
Apr 11 03:10:10.115527 np0000164988 nova-conductor[112130]: DEBUG oslo.service.backend._threading.loopingcall [-] Fixed interval looping call 'nova.servicegroup.drivers.db.DbDriver._report_state' sleeping for 119.99 seconds {{(pid=112130) _run_loop /opt/stack/data/venv/lib/python3.12/site-packages/oslo_service/backend/_threading/loopingcall.py:125}}
Apr 11 03:10:10.146177 np0000164988 nova-conductor[112136]: DEBUG oslo.service.backend._threading.loopingcall [-] Fixed interval looping call 'nova.servicegroup.drivers.db.DbDriver._report_state' sleeping for 119.99 seconds {{(pid=112136) _run_loop /opt/stack/data/venv/lib/python3.12/site-packages/oslo_service/backend/_threading/loopingcall.py:125}}
Apr 11 03:10:20.103496 np0000164988 nova-conductor[112123]: DEBUG dbcounter [-] [112123] Writing DB stats nova_cell0:SELECT=1,nova_cell0:UPDATE=1 {{(pid=112123) stat_writer /opt/stack/data/venv/lib/python3.12/site-packages/dbcounter.py:115}}
Apr 11 03:10:20.104464 np0000164988 nova-conductor[112112]: DEBUG dbcounter [-] [112112] Writing DB stats nova_cell0:SELECT=1,nova_cell0:UPDATE=1 {{(pid=112112) stat_writer /opt/stack/data/venv/lib/python3.12/site-packages/dbcounter.py:115}}
Apr 11 03:10:20.114050 np0000164988 nova-conductor[112130]: DEBUG dbcounter [-] [112130] Writing DB stats nova_cell0:SELECT=1 {{(pid=112130) stat_writer /opt/stack/data/venv/lib/python3.12/site-packages/dbcounter.py:115}}
Apr 11 03:10:20.144336 np0000164988 nova-conductor[112136]: DEBUG dbcounter [-] [112136] Writing DB stats nova_cell0:SELECT=1 {{(pid=112136) stat_writer /opt/stack/data/venv/lib/python3.12/site-packages/dbcounter.py:115}}
Apr 11 03:10:23.137434 np0000164988 nova-conductor[112136]: DEBUG oslo.service.backend._threading.loopingcall [None req-c00423a4-334a-4d58-a8fa-d834a9e3f119 None None] Dynamic interval looping call 'nova.service.Service.periodic_tasks' sleeping for 60.00 seconds {{(pid=112136) _run_loop /opt/stack/data/venv/lib/python3.12/site-packages/oslo_service/backend/_threading/loopingcall.py:125}}
Apr 11 03:10:49.103308 np0000164988 nova-conductor[112112]: DEBUG oslo.service.backend._threading.loopingcall [None req-befe05ff-2cf4-4efb-80cc-6c02858e7c07 None None] Dynamic interval looping call 'nova.service.Service.periodic_tasks' sleeping for 60.00 seconds {{(pid=112112) _run_loop /opt/stack/data/venv/lib/python3.12/site-packages/oslo_service/backend/_threading/loopingcall.py:125}}
Apr 11 03:11:03.111038 np0000164988 nova-conductor[112130]: DEBUG oslo.service.backend._threading.loopingcall [None req-544d8bad-dda8-45ee-8534-beaed85a174e None None] Dynamic interval looping call 'nova.service.Service.periodic_tasks' sleeping for 60.00 seconds {{(pid=112130) _run_loop /opt/stack/data/venv/lib/python3.12/site-packages/oslo_service/backend/_threading/loopingcall.py:125}}
Apr 11 03:11:05.095203 np0000164988 nova-conductor[112123]: DEBUG oslo.service.backend._threading.loopingcall [None req-5012fe0c-76fa-4fbd-921f-62de5a8e88fe None None] Dynamic interval looping call 'nova.service.Service.periodic_tasks' sleeping for 60.00 seconds {{(pid=112123) _run_loop /opt/stack/data/venv/lib/python3.12/site-packages/oslo_service/backend/_threading/loopingcall.py:125}}
Apr 11 03:11:23.138249 np0000164988 nova-conductor[112136]: DEBUG oslo.service.backend._threading.loopingcall [None req-c00423a4-334a-4d58-a8fa-d834a9e3f119 None None] Dynamic interval looping call 'nova.service.Service.periodic_tasks' sleeping for 60.00 seconds {{(pid=112136) _run_loop /opt/stack/data/venv/lib/python3.12/site-packages/oslo_service/backend/_threading/loopingcall.py:125}}
Apr 11 03:11:49.104100 np0000164988 nova-conductor[112112]: DEBUG oslo.service.backend._threading.loopingcall [None req-befe05ff-2cf4-4efb-80cc-6c02858e7c07 None None] Dynamic interval looping call 'nova.service.Service.periodic_tasks' sleeping for 60.00 seconds {{(pid=112112) _run_loop /opt/stack/data/venv/lib/python3.12/site-packages/oslo_service/backend/_threading/loopingcall.py:125}}
Apr 11 03:12:03.111598 np0000164988 nova-conductor[112130]: DEBUG oslo.service.backend._threading.loopingcall [None req-544d8bad-dda8-45ee-8534-beaed85a174e None None] Dynamic interval looping call 'nova.service.Service.periodic_tasks' sleeping for 60.00 seconds {{(pid=112130) _run_loop /opt/stack/data/venv/lib/python3.12/site-packages/oslo_service/backend/_threading/loopingcall.py:125}}
Apr 11 03:12:05.095918 np0000164988 nova-conductor[112123]: DEBUG oslo.service.backend._threading.loopingcall [None req-5012fe0c-76fa-4fbd-921f-62de5a8e88fe None None] Dynamic interval looping call 'nova.service.Service.periodic_tasks' sleeping for 60.00 seconds {{(pid=112123) _run_loop /opt/stack/data/venv/lib/python3.12/site-packages/oslo_service/backend/_threading/loopingcall.py:125}}
Apr 11 03:12:10.107150 np0000164988 nova-conductor[112112]: DEBUG oslo.service.backend._threading.loopingcall [-] Fixed interval looping call 'nova.servicegroup.drivers.db.DbDriver._report_state' sleeping for 119.99 seconds {{(pid=112112) _run_loop /opt/stack/data/venv/lib/python3.12/site-packages/oslo_service/backend/_threading/loopingcall.py:125}}
Apr 11 03:12:10.108417 np0000164988 nova-conductor[112123]: DEBUG oslo.service.backend._threading.loopingcall [-] Fixed interval looping call 'nova.servicegroup.drivers.db.DbDriver._report_state' sleeping for 119.99 seconds {{(pid=112123) _run_loop /opt/stack/data/venv/lib/python3.12/site-packages/oslo_service/backend/_threading/loopingcall.py:125}}
Apr 11 03:12:10.111049 np0000164988 nova-conductor[112130]: DEBUG oslo.service.backend._threading.loopingcall [-] Fixed interval looping call 'nova.servicegroup.drivers.db.DbDriver._report_state' sleeping for 119.99 seconds {{(pid=112130) _run_loop /opt/stack/data/venv/lib/python3.12/site-packages/oslo_service/backend/_threading/loopingcall.py:125}}
Apr 11 03:12:10.141404 np0000164988 nova-conductor[112136]: DEBUG oslo.service.backend._threading.loopingcall [-] Fixed interval looping call 'nova.servicegroup.drivers.db.DbDriver._report_state' sleeping for 120.00 seconds {{(pid=112136) _run_loop /opt/stack/data/venv/lib/python3.12/site-packages/oslo_service/backend/_threading/loopingcall.py:125}}
Apr 11 03:12:10.630195 np0000164988 nova-conductor[112123]: INFO nova.utils [None req-a5e10093-7f63-48d6-b58d-3fd6cdbb6170 demo demo] The cell worker thread pool ForkProcess-2.cell_worker is initialized
