May 16 14:29:36.539220 np0000174404 devstack@neutron-api.service[102846]: DEBUG neutron_lib.callbacks.manager [None req-0c49656b-550f-414d-8571-b0e84cec3acc None None] Subscribe: > security_group after_create 55550000, False {{(pid=102846) subscribe /opt/stack/data/venv/lib/python3.12/site-packages/neutron_lib/callbacks/manager.py:52}}
May 16 14:29:36.539322 np0000174404 devstack@neutron-api.service[102846]: DEBUG neutron_lib.callbacks.manager [None req-0c49656b-550f-414d-8571-b0e84cec3acc None None] Subscribe: > security_group after_update 55550000, False {{(pid=102846) subscribe /opt/stack/data/venv/lib/python3.12/site-packages/neutron_lib/callbacks/manager.py:52}}
May 16 14:29:36.539407 np0000174404 devstack@neutron-api.service[102846]: DEBUG neutron_lib.callbacks.manager [None req-0c49656b-550f-414d-8571-b0e84cec3acc None None] Subscribe: > security_group after_delete 55550000, False {{(pid=102846) subscribe /opt/stack/data/venv/lib/python3.12/site-packages/neutron_lib/callbacks/manager.py:52}}
May 16 14:29:36.539503 np0000174404 devstack@neutron-api.service[102846]: DEBUG neutron_lib.callbacks.manager [None req-0c49656b-550f-414d-8571-b0e84cec3acc None None] Subscribe: > security_group_rule after_create 55550000, False {{(pid=102846) subscribe /opt/stack/data/venv/lib/python3.12/site-packages/neutron_lib/callbacks/manager.py:52}}
May 16 14:29:36.539599 np0000174404 devstack@neutron-api.service[102846]: DEBUG neutron_lib.callbacks.manager [None req-0c49656b-550f-414d-8571-b0e84cec3acc None None] Subscribe: > security_group_rule after_update 55550000, False {{(pid=102846) subscribe /opt/stack/data/venv/lib/python3.12/site-packages/neutron_lib/callbacks/manager.py:52}}
May 16 14:29:36.539697 np0000174404 devstack@neutron-api.service[102846]: DEBUG neutron_lib.callbacks.manager [None req-0c49656b-550f-414d-8571-b0e84cec3acc None None] Subscribe: > security_group_rule after_delete 55550000, False {{(pid=102846) subscribe /opt/stack/data/venv/lib/python3.12/site-packages/neutron_lib/callbacks/manager.py:52}}
May 16 14:29:36.539792 np0000174404 devstack@neutron-api.service[102846]: DEBUG neutron_lib.callbacks.manager [None req-0c49656b-550f-414d-8571-b0e84cec3acc None None] Subscribe: > address_group after_create 55550000, False {{(pid=102846) subscribe /opt/stack/data/venv/lib/python3.12/site-packages/neutron_lib/callbacks/manager.py:52}}
May 16 14:29:36.539884 np0000174404 devstack@neutron-api.service[102846]: DEBUG neutron_lib.callbacks.manager [None req-0c49656b-550f-414d-8571-b0e84cec3acc None None] Subscribe: > address_group after_update 55550000, False {{(pid=102846) subscribe /opt/stack/data/venv/lib/python3.12/site-packages/neutron_lib/callbacks/manager.py:52}}
May 16 14:29:36.539976 np0000174404 devstack@neutron-api.service[102846]: DEBUG neutron_lib.callbacks.manager [None req-0c49656b-550f-414d-8571-b0e84cec3acc None None] Subscribe: > address_group after_delete 55550000, False {{(pid=102846) subscribe /opt/stack/data/venv/lib/python3.12/site-packages/neutron_lib/callbacks/manager.py:52}}
May 16 14:29:36.540091 np0000174404 devstack@neutron-api.service[102846]: DEBUG neutron.plugins.ml2.ovo_rpc [None req-0c49656b-550f-414d-8571-b0e84cec3acc None None] ML2 OVO RPC backend initialized. {{(pid=102846) __init__ /opt/stack/neutron/neutron/plugins/ml2/ovo_rpc.py:117}}
May 16 14:29:36.540949 np0000174404 devstack@neutron-api.service[102846]: INFO neutron.quota [None req-0c49656b-550f-414d-8571-b0e84cec3acc None None] Loaded quota_driver: .
May 16 14:29:36.541024 np0000174404 devstack@neutron-api.service[102846]: INFO neutron.plugins.ml2.plugin [None req-0c49656b-550f-414d-8571-b0e84cec3acc None None] Modular L2 Plugin initialization complete
May 16 14:29:36.541120 np0000174404 devstack@neutron-api.service[102846]: DEBUG neutron.manager [None req-0c49656b-550f-414d-8571-b0e84cec3acc None None] Loading services supported by the core plugin {{(pid=102846) _load_services_from_core_plugin /opt/stack/neutron/neutron/manager.py:170}}
May 16 14:29:36.541227 np0000174404 devstack@neutron-api.service[102846]: INFO neutron.plugins.ml2.managers [None req-0c49656b-550f-414d-8571-b0e84cec3acc None None] Got port-security extension from driver 'port_security'
May 16 14:29:36.541410 np0000174404 devstack@neutron-api.service[102849]: DEBUG neutron.services.provider_configuration [None req-611ae39a-f191-47a4-967d-9971ba69e538 None None] Service providers = [] {{(pid=102849) parse_service_provider_opt /opt/stack/neutron/neutron/services/provider_configuration.py:170}}
May 16 14:29:36.541505 np0000174404 devstack@neutron-api.service[102846]: DEBUG neutron.manager [None req-0c49656b-550f-414d-8571-b0e84cec3acc None None] Loading service plugins: ['ovn-router', 'auto_allocate', 'tag', 'timestamp', 'network_ip_availability', 'flavors', 'revisions'] {{(pid=102846) _load_service_plugins /opt/stack/neutron/neutron/manager.py:195}}
May 16 14:29:36.541536 np0000174404 devstack@neutron-api.service[102849]: DEBUG neutron.db.servicetype_db [None req-611ae39a-f191-47a4-967d-9971ba69e538 None None] Adding provider configuration for service L3_ROUTER_NAT {{(pid=102849) add_provider_configuration /opt/stack/neutron/neutron/db/servicetype_db.py:45}}
May 16 14:29:36.541601 np0000174404 devstack@neutron-api.service[102846]: INFO neutron.manager [None req-0c49656b-550f-414d-8571-b0e84cec3acc None None] Loading Plugin: ovn-router
May 16 14:29:36.543125 np0000174404 devstack@neutron-api.service[102849]: DEBUG neutron_lib.callbacks.manager [None req-611ae39a-f191-47a4-967d-9971ba69e538 None None] Subscribe: > router precommit_create 55549900, False {{(pid=102849) subscribe /opt/stack/data/venv/lib/python3.12/site-packages/neutron_lib/callbacks/manager.py:52}}
May 16 14:29:36.543290 np0000174404 devstack@neutron-api.service[102849]: DEBUG neutron_lib.callbacks.manager [None req-611ae39a-f191-47a4-967d-9971ba69e538 None None] Subscribe: > router_interface after_create 55550000, False {{(pid=102849) subscribe /opt/stack/data/venv/lib/python3.12/site-packages/neutron_lib/callbacks/manager.py:52}}
May 16 14:29:36.543373 np0000174404 devstack@neutron-api.service[102849]: DEBUG neutron_lib.callbacks.manager [None req-611ae39a-f191-47a4-967d-9971ba69e538 None None] Subscribe: > floatingip after_create 55550000, False {{(pid=102849) subscribe /opt/stack/data/venv/lib/python3.12/site-packages/neutron_lib/callbacks/manager.py:52}}
May 16 14:29:36.543496 np0000174404 devstack@neutron-api.service[102849]: DEBUG neutron_lib.callbacks.manager [None req-611ae39a-f191-47a4-967d-9971ba69e538 None None] Subscribe: > floatingip precommit_create 55550000, False {{(pid=102849) subscribe /opt/stack/data/venv/lib/python3.12/site-packages/neutron_lib/callbacks/manager.py:52}}
May 16 14:29:36.543675 np0000174404 devstack@neutron-api.service[102849]: DEBUG neutron_lib.callbacks.manager [None req-611ae39a-f191-47a4-967d-9971ba69e538 None None] Subscribe: > floatingip precommit_update 55550000, False {{(pid=102849) subscribe /opt/stack/data/venv/lib/python3.12/site-packages/neutron_lib/callbacks/manager.py:52}}
May 16 14:29:36.543707 np0000174404 devstack@neutron-api.service[102849]: DEBUG neutron_lib.callbacks.manager [None req-611ae39a-f191-47a4-967d-9971ba69e538 None None] Subscribe: > floatingip after_delete 55550000, False {{(pid=102849) subscribe /opt/stack/data/venv/lib/python3.12/site-packages/neutron_lib/callbacks/manager.py:52}}
May 16 14:29:36.543812 np0000174404 devstack@neutron-api.service[102849]: DEBUG neutron_lib.callbacks.manager [None req-611ae39a-f191-47a4-967d-9971ba69e538 None None] Subscribe: > floatingip after_status_update 55550000, False {{(pid=102849) subscribe /opt/stack/data/venv/lib/python3.12/site-packages/neutron_lib/callbacks/manager.py:52}}
May 16 14:29:36.543923 np0000174404 devstack@neutron-api.service[102849]: DEBUG neutron_lib.callbacks.manager [None req-611ae39a-f191-47a4-967d-9971ba69e538 None None] Subscribe: > floatingip after_update 55550000, False {{(pid=102849) subscribe /opt/stack/data/venv/lib/python3.12/site-packages/neutron_lib/callbacks/manager.py:52}}
May 16 14:29:36.544056 np0000174404 devstack@neutron-api.service[102849]: DEBUG neutron_lib.callbacks.manager [None req-611ae39a-f191-47a4-967d-9971ba69e538 None None] Subscribe: > port_forwarding after_create 55550000, False {{(pid=102849) subscribe /opt/stack/data/venv/lib/python3.12/site-packages/neutron_lib/callbacks/manager.py:52}}
May 16 14:29:36.544183 np0000174404 devstack@neutron-api.service[102849]: DEBUG neutron_lib.callbacks.manager [None req-611ae39a-f191-47a4-967d-9971ba69e538 None None] Subscribe: > router_interface after_delete 55550000, False {{(pid=102849) subscribe /opt/stack/data/venv/lib/python3.12/site-packages/neutron_lib/callbacks/manager.py:52}}
May 16 14:29:36.544326 np0000174404 devstack@neutron-api.service[102849]: DEBUG neutron_lib.callbacks.manager [None req-611ae39a-f191-47a4-967d-9971ba69e538 None None] Subscribe: > router after_create 55550000, False {{(pid=102849) subscribe /opt/stack/data/venv/lib/python3.12/site-packages/neutron_lib/callbacks/manager.py:52}}
May 16 14:29:36.544422 np0000174404 devstack@neutron-api.service[102849]: DEBUG neutron_lib.callbacks.manager [None req-611ae39a-f191-47a4-967d-9971ba69e538 None None] Subscribe: > router precommit_create 55550000, False {{(pid=102849) subscribe /opt/stack/data/venv/lib/python3.12/site-packages/neutron_lib/callbacks/manager.py:52}}
May 16 14:29:36.544541 np0000174404 devstack@neutron-api.service[102849]: DEBUG neutron_lib.callbacks.manager [None req-611ae39a-f191-47a4-967d-9971ba69e538 None None] Subscribe: > router after_delete 55550000, False {{(pid=102849) subscribe /opt/stack/data/venv/lib/python3.12/site-packages/neutron_lib/callbacks/manager.py:52}}
May 16 14:29:36.544663 np0000174404 devstack@neutron-api.service[102849]: DEBUG neutron_lib.callbacks.manager [None req-611ae39a-f191-47a4-967d-9971ba69e538 None None] Subscribe: > router after_update 55550000, False {{(pid=102849) subscribe /opt/stack/data/venv/lib/python3.12/site-packages/neutron_lib/callbacks/manager.py:52}}
May 16 14:29:36.544807 np0000174404 devstack@neutron-api.service[102849]: DEBUG neutron.services.service_base [None req-611ae39a-f191-47a4-967d-9971ba69e538 None None] Loaded 'neutron.services.ovn_l3.service_providers.ovn.OvnDriver' provider for service L3_ROUTER_NAT {{(pid=102849) load_drivers /opt/stack/neutron/neutron/services/service_base.py:49}}
May 16 14:29:36.544949 np0000174404 devstack@neutron-api.service[102849]: DEBUG neutron_lib.callbacks.manager [None req-611ae39a-f191-47a4-967d-9971ba69e538 None None] Subscribe: > process after_init 55550001, True {{(pid=102849) subscribe /opt/stack/data/venv/lib/python3.12/site-packages/neutron_lib/callbacks/manager.py:52}}
May 16 14:29:36.545119 np0000174404 devstack@neutron-api.service[102849]: DEBUG neutron.manager [None req-611ae39a-f191-47a4-967d-9971ba69e538 None None] Successfully loaded L3_ROUTER_NAT plugin. Description: L3 Router Service Plugin for basic L3 forwarding using OVN {{(pid=102849) _create_and_add_service_plugin /opt/stack/neutron/neutron/manager.py:239}}
May 16 14:29:36.545462 np0000174404 devstack@neutron-api.service[102849]: INFO neutron.manager [None req-611ae39a-f191-47a4-967d-9971ba69e538 None None] Loading Plugin: auto_allocate
May 16 14:29:36.546363 np0000174404 devstack@neutron-api.service[102849]: DEBUG neutron_lib.callbacks.manager [None req-611ae39a-f191-47a4-967d-9971ba69e538 None None] Subscribe: network precommit_update 55550000, False {{(pid=102849) subscribe /opt/stack/data/venv/lib/python3.12/site-packages/neutron_lib/callbacks/manager.py:52}}
May 16 14:29:36.546481 np0000174404 devstack@neutron-api.service[102849]: DEBUG neutron_lib.callbacks.manager [None req-611ae39a-f191-47a4-967d-9971ba69e538 None None] Subscribe: network precommit_create 55550000, False {{(pid=102849) subscribe /opt/stack/data/venv/lib/python3.12/site-packages/neutron_lib/callbacks/manager.py:52}}
May 16 14:29:36.546696 np0000174404 devstack@neutron-api.service[102849]: DEBUG neutron.manager [None req-611ae39a-f191-47a4-967d-9971ba69e538 None None] Successfully loaded auto-allocated-topology plugin. Description: Auto Allocated Topology - aka get me a network. {{(pid=102849) _create_and_add_service_plugin /opt/stack/neutron/neutron/manager.py:239}}
May 16 14:29:36.546786 np0000174404 devstack@neutron-api.service[102849]: INFO neutron.manager [None req-611ae39a-f191-47a4-967d-9971ba69e538 None None] Loading Plugin: tag
May 16 14:29:36.549455 np0000174404 devstack@neutron-api.service[102849]: DEBUG neutron.manager [None req-611ae39a-f191-47a4-967d-9971ba69e538 None None] Successfully loaded TAG plugin. Description: Tag support {{(pid=102849) _create_and_add_service_plugin /opt/stack/neutron/neutron/manager.py:239}}
May 16 14:29:36.549551 np0000174404 devstack@neutron-api.service[102849]: INFO neutron.manager [None req-611ae39a-f191-47a4-967d-9971ba69e538 None None] Loading Plugin: timestamp
May 16 14:29:36.550771 np0000174404 devstack@neutron-api.service[102849]: DEBUG neutron.manager [None req-611ae39a-f191-47a4-967d-9971ba69e538 None None] Successfully loaded timestamp plugin. Description: Adds timestamps to Neutron resources with standard attributes {{(pid=102849) _create_and_add_service_plugin /opt/stack/neutron/neutron/manager.py:239}}
May 16 14:29:36.550833 np0000174404 devstack@neutron-api.service[102846]: DEBUG neutron_lib.callbacks.manager [None req-0c49656b-550f-414d-8571-b0e84cec3acc None None] Subscribe: > router before_delete 55550000, False {{(pid=102846) subscribe /opt/stack/data/venv/lib/python3.12/site-packages/neutron_lib/callbacks/manager.py:52}}
May 16 14:29:36.551042 np0000174404 devstack@neutron-api.service[102849]: INFO neutron.manager [None req-611ae39a-f191-47a4-967d-9971ba69e538 None None] Loading Plugin: network_ip_availability
May 16 14:29:36.551152 np0000174404 devstack@neutron-api.service[102846]: DEBUG neutron_lib.callbacks.manager [None req-0c49656b-550f-414d-8571-b0e84cec3acc None None] Subscribe: port before_update 55550000, False {{(pid=102846) subscribe /opt/stack/data/venv/lib/python3.12/site-packages/neutron_lib/callbacks/manager.py:52}}
May 16 14:29:36.551152 np0000174404 devstack@neutron-api.service[102846]: DEBUG neutron_lib.callbacks.manager [None req-0c49656b-550f-414d-8571-b0e84cec3acc None None] Subscribe: port after_update 55550000, False {{(pid=102846) subscribe /opt/stack/data/venv/lib/python3.12/site-packages/neutron_lib/callbacks/manager.py:52}}
May 16 14:29:36.551259 np0000174404 devstack@neutron-api.service[102846]: DEBUG neutron_lib.callbacks.manager [None req-0c49656b-550f-414d-8571-b0e84cec3acc None None] Subscribe: > port precommit_delete 55550000, False {{(pid=102846) subscribe /opt/stack/data/venv/lib/python3.12/site-packages/neutron_lib/callbacks/manager.py:52}}
May 16 14:29:36.551290 np0000174404 devstack@neutron-api.service[102846]: DEBUG neutron_lib.callbacks.manager [None req-0c49656b-550f-414d-8571-b0e84cec3acc None None] Subscribe: port before_update 55550000, False {{(pid=102846) subscribe /opt/stack/data/venv/lib/python3.12/site-packages/neutron_lib/callbacks/manager.py:52}}
May 16 14:29:36.551368 np0000174404 devstack@neutron-api.service[102846]: DEBUG neutron_lib.callbacks.manager [None req-0c49656b-550f-414d-8571-b0e84cec3acc None None] Subscribe: port before_delete 55550000, False {{(pid=102846) subscribe /opt/stack/data/venv/lib/python3.12/site-packages/neutron_lib/callbacks/manager.py:52}}
May 16 14:29:36.551504 np0000174404 devstack@neutron-api.service[102846]: DEBUG neutron_lib.callbacks.manager [None req-0c49656b-550f-414d-8571-b0e84cec3acc None None] Subscribe: > router precommit_create 55550000, False {{(pid=102846) subscribe /opt/stack/data/venv/lib/python3.12/site-packages/neutron_lib/callbacks/manager.py:52}}
May 16 14:29:36.551574 np0000174404 devstack@neutron-api.service[102846]: DEBUG neutron_lib.callbacks.manager [None req-0c49656b-550f-414d-8571-b0e84cec3acc None None] Subscribe: > router precommit_create 55550000, False {{(pid=102846) subscribe /opt/stack/data/venv/lib/python3.12/site-packages/neutron_lib/callbacks/manager.py:52}}
May 16 14:29:36.551794 np0000174404 devstack@neutron-api.service[102846]: DEBUG neutron_lib.callbacks.manager [None req-0c49656b-550f-414d-8571-b0e84cec3acc None None] Subscribe: > router precommit_update 55550000, False {{(pid=102846) subscribe /opt/stack/data/venv/lib/python3.12/site-packages/neutron_lib/callbacks/manager.py:52}}
May 16 14:29:36.551794 np0000174404 devstack@neutron-api.service[102846]: DEBUG neutron_lib.callbacks.manager [None req-0c49656b-550f-414d-8571-b0e84cec3acc None None] Subscribe: subnet after_update 55550000, False {{(pid=102846) subscribe /opt/stack/data/venv/lib/python3.12/site-packages/neutron_lib/callbacks/manager.py:52}}
May 16 14:29:36.551961 np0000174404 devstack@neutron-api.service[102846]: DEBUG neutron.quota.resource_registry [None req-0c49656b-550f-414d-8571-b0e84cec3acc None None] Tracking information for resource: router configured {{(pid=102846) set_tracked_resource /opt/stack/neutron/neutron/quota/resource_registry.py:203}}
May 16 14:29:36.552111 np0000174404 devstack@neutron-api.service[102846]: DEBUG neutron.quota.resource_registry [None req-0c49656b-550f-414d-8571-b0e84cec3acc None None] Tracking information for resource: floatingip configured {{(pid=102846) set_tracked_resource /opt/stack/neutron/neutron/quota/resource_registry.py:203}}
May 16 14:29:36.552194 np0000174404 devstack@neutron-api.service[102846]: INFO neutron.services.ovn_l3.plugin [None req-0c49656b-550f-414d-8571-b0e84cec3acc None None] Starting OVNL3RouterPlugin
May 16 14:29:36.552284 np0000174404 devstack@neutron-api.service[102849]: DEBUG neutron.manager [None req-611ae39a-f191-47a4-967d-9971ba69e538 None None] Successfully loaded network-ip-availability plugin. Description: Provides IP availability data for each network and subnet. {{(pid=102849) _create_and_add_service_plugin /opt/stack/neutron/neutron/manager.py:239}}
May 16 14:29:36.552371 np0000174404 devstack@neutron-api.service[102849]: INFO neutron.manager [None req-611ae39a-f191-47a4-967d-9971ba69e538 None None] Loading Plugin: flavors
May 16 14:29:36.552399 np0000174404 devstack@neutron-api.service[102846]: DEBUG neutron_lib.callbacks.manager [None req-0c49656b-550f-414d-8571-b0e84cec3acc None None] Subscribe: > port_forwarding_plugin after_init 55550000, False {{(pid=102846) subscribe /opt/stack/data/venv/lib/python3.12/site-packages/neutron_lib/callbacks/manager.py:52}}
May 16 14:29:36.552572 np0000174404 devstack@neutron-api.service[102846]: DEBUG neutron_lib.callbacks.manager [None req-0c49656b-550f-414d-8571-b0e84cec3acc None None] Subscribe: > router before_create 55550100, False {{(pid=102846) subscribe /opt/stack/data/venv/lib/python3.12/site-packages/neutron_lib/callbacks/manager.py:52}}
May 16 14:29:36.552737 np0000174404 devstack@neutron-api.service[102846]: DEBUG neutron_lib.callbacks.manager [None req-0c49656b-550f-414d-8571-b0e84cec3acc None None] Subscribe: > router precommit_delete 55550100, False {{(pid=102846) subscribe /opt/stack/data/venv/lib/python3.12/site-packages/neutron_lib/callbacks/manager.py:52}}
May 16 14:29:36.552780 np0000174404 devstack@neutron-api.service[102846]: DEBUG neutron_lib.callbacks.manager [None req-0c49656b-550f-414d-8571-b0e84cec3acc None None] Subscribe: > router precommit_create 55550100, False {{(pid=102846) subscribe /opt/stack/data/venv/lib/python3.12/site-packages/neutron_lib/callbacks/manager.py:52}}
May 16 14:29:36.552882 np0000174404 devstack@neutron-api.service[102846]: DEBUG neutron_lib.callbacks.manager [None req-0c49656b-550f-414d-8571-b0e84cec3acc None None] Subscribe: > router precommit_update 55550100, False {{(pid=102846) subscribe /opt/stack/data/venv/lib/python3.12/site-packages/neutron_lib/callbacks/manager.py:52}}
May 16 14:29:36.553248 np0000174404 devstack@neutron-api.service[102849]: DEBUG neutron.manager [None req-611ae39a-f191-47a4-967d-9971ba69e538 None None] Successfully loaded FLAVORS plugin. Description: Neutron Flavors and Service Profiles manager plugin {{(pid=102849) _create_and_add_service_plugin /opt/stack/neutron/neutron/manager.py:239}}
May 16 14:29:36.553344 np0000174404 devstack@neutron-api.service[102849]: INFO neutron.manager [None req-611ae39a-f191-47a4-967d-9971ba69e538 None None] Loading Plugin: revisions
May 16 14:29:36.554296 np0000174404 devstack@neutron-api.service[102849]: DEBUG neutron.manager [None req-611ae39a-f191-47a4-967d-9971ba69e538 None None] Successfully loaded revision_plugin plugin. Description: Adds revision numbers to resources. {{(pid=102849) _create_and_add_service_plugin /opt/stack/neutron/neutron/manager.py:239}}
May 16 14:29:36.554431 np0000174404 devstack@neutron-api.service[102849]: DEBUG oslo_concurrency.lockutils [None req-611ae39a-f191-47a4-967d-9971ba69e538 None None] Lock "manager" "released" by "neutron.manager.NeutronManager._create_instance" :: held 4.429s {{(pid=102849) inner /opt/stack/data/venv/lib/python3.12/site-packages/oslo_concurrency/lockutils.py:538}}
May 16 14:29:36.554617 np0000174404 devstack@neutron-api.service[102849]: DEBUG neutron.api.extensions [None req-611ae39a-f191-47a4-967d-9971ba69e538 None None] get_extension_paths = OrderedDict({'/opt/stack/neutron/neutron/extensions': 1}) {{(pid=102849) get_extensions_path /opt/stack/neutron/neutron/api/extensions.py:640}}
May 16 14:29:36.554705 np0000174404 devstack@neutron-api.service[102849]: INFO neutron.api.extensions [None req-611ae39a-f191-47a4-967d-9971ba69e538 None None] Initializing extension manager.
May 16 14:29:36.554961 np0000174404 devstack@neutron-api.service[102849]: DEBUG neutron.api.extensions [None req-611ae39a-f191-47a4-967d-9971ba69e538 None None] Loading extension file: __init__.py {{(pid=102849) _load_all_extensions_from_path /opt/stack/neutron/neutron/api/extensions.py:449}}
May 16 14:29:36.555061 np0000174404 devstack@neutron-api.service[102849]: DEBUG neutron.api.extensions [None req-611ae39a-f191-47a4-967d-9971ba69e538 None None] Loading extension file: __pycache__ {{(pid=102849) _load_all_extensions_from_path /opt/stack/neutron/neutron/api/extensions.py:449}}
May 16 14:29:36.555155 np0000174404 devstack@neutron-api.service[102849]: DEBUG neutron.api.extensions [None req-611ae39a-f191-47a4-967d-9971ba69e538 None None] Loading extension file: address_group.py {{(pid=102849) _load_all_extensions_from_path /opt/stack/neutron/neutron/api/extensions.py:449}}
May 16 14:29:36.555458 np0000174404 devstack@neutron-api.service[102849]: DEBUG neutron.api.extensions [None req-611ae39a-f191-47a4-967d-9971ba69e538 None None] Ext name="Address group" alias="address-group" description="Support address group" updated="2020-07-15T10:00:00-00:00" {{(pid=102849) _check_extension /opt/stack/neutron/neutron/api/extensions.py:415}}
May 16 14:29:36.555692 np0000174404 devstack@neutron-api.service[102849]: INFO neutron.api.extensions [None req-611ae39a-f191-47a4-967d-9971ba69e538 None None] Loaded extension: address-group
May 16 14:29:36.555786 np0000174404 devstack@neutron-api.service[102849]: DEBUG neutron.api.extensions [None req-611ae39a-f191-47a4-967d-9971ba69e538 None None] Loading extension file: address_scope.py {{(pid=102849) _load_all_extensions_from_path /opt/stack/neutron/neutron/api/extensions.py:449}}
May 16 14:29:36.556101 np0000174404 devstack@neutron-api.service[102849]: DEBUG neutron.api.extensions [None req-611ae39a-f191-47a4-967d-9971ba69e538 None None] Ext name="Address scope" alias="address-scope" description="Address scopes extension." updated="2015-07-26T10:00:00-00:00" {{(pid=102849) _check_extension /opt/stack/neutron/neutron/api/extensions.py:415}}
May 16 14:29:36.556198 np0000174404 devstack@neutron-api.service[102846]: DEBUG neutron.services.provider_configuration [None req-0c49656b-550f-414d-8571-b0e84cec3acc None None] Service providers = [] {{(pid=102846) parse_service_provider_opt /opt/stack/neutron/neutron/services/provider_configuration.py:170}}
May 16 14:29:36.556276 np0000174404 devstack@neutron-api.service[102849]: INFO neutron.api.extensions [None req-611ae39a-f191-47a4-967d-9971ba69e538 None None] Loaded extension: address-scope
May 16 14:29:36.556308 np0000174404 devstack@neutron-api.service[102846]: DEBUG neutron.db.servicetype_db [None req-0c49656b-550f-414d-8571-b0e84cec3acc None None] Adding provider configuration for service L3_ROUTER_NAT {{(pid=102846) add_provider_configuration /opt/stack/neutron/neutron/db/servicetype_db.py:45}}
May 16 14:29:36.556364 np0000174404 devstack@neutron-api.service[102849]: DEBUG neutron.api.extensions [None req-611ae39a-f191-47a4-967d-9971ba69e538 None None] Loading extension file: admin_state_down_before_update.py {{(pid=102849) _load_all_extensions_from_path /opt/stack/neutron/neutron/api/extensions.py:449}}
May 16 14:29:36.556598 np0000174404 devstack@neutron-api.service[102849]: DEBUG neutron.api.extensions [None req-611ae39a-f191-47a4-967d-9971ba69e538 None None] Ext name="Enforce Router's Admin State Down Before Update Extension" alias="router-admin-state-down-before-update" description="Ensure that the admin state of a router is DOWN (admin_state_up=False) before updating the distributed attribute" updated="2019-07-02T15:56:00" {{(pid=102849) _check_extension /opt/stack/neutron/neutron/api/extensions.py:415}}
May 16 14:29:36.556775 np0000174404 devstack@neutron-api.service[102849]: INFO neutron.api.extensions [None req-611ae39a-f191-47a4-967d-9971ba69e538 None None] Extension router-admin-state-down-before-update not supported by any of loaded plugins
May 16 14:29:36.556860 np0000174404 devstack@neutron-api.service[102849]: DEBUG neutron.api.extensions [None req-611ae39a-f191-47a4-967d-9971ba69e538 None None] Loading extension file: agent.py {{(pid=102849) _load_all_extensions_from_path /opt/stack/neutron/neutron/api/extensions.py:449}}
May 16 14:29:36.557124 np0000174404 devstack@neutron-api.service[102849]: DEBUG neutron.api.extensions [None req-611ae39a-f191-47a4-967d-9971ba69e538 None None] Ext name="agent" alias="agent" description="The agent management extension." updated="2013-02-03T10:00:00-00:00" {{(pid=102849) _check_extension /opt/stack/neutron/neutron/api/extensions.py:415}}
May 16 14:29:36.557298 np0000174404 devstack@neutron-api.service[102849]: INFO neutron.api.extensions [None req-611ae39a-f191-47a4-967d-9971ba69e538 None None] Loaded extension: agent
May 16 14:29:36.557385 np0000174404 devstack@neutron-api.service[102849]: DEBUG neutron.api.extensions [None req-611ae39a-f191-47a4-967d-9971ba69e538 None None] Loading extension file: agent_resources_synced.py {{(pid=102849) _load_all_extensions_from_path /opt/stack/neutron/neutron/api/extensions.py:449}}
May 16 14:29:36.557626 np0000174404 devstack@neutron-api.service[102849]: DEBUG neutron.api.extensions [None req-611ae39a-f191-47a4-967d-9971ba69e538 None None] Ext name="Agent's Resource View Synced to Placement" alias="agent-resources-synced" description="Stores success/failure of last sync to Placement" updated="2018-12-19T00:00:00-00:00" {{(pid=102849) _check_extension /opt/stack/neutron/neutron/api/extensions.py:415}}
May 16 14:29:36.557656 np0000174404 devstack@neutron-api.service[102846]: DEBUG neutron_lib.callbacks.manager [None req-0c49656b-550f-414d-8571-b0e84cec3acc None None] Subscribe: > router precommit_create 55549900, False {{(pid=102846) subscribe /opt/stack/data/venv/lib/python3.12/site-packages/neutron_lib/callbacks/manager.py:52}}
May 16 14:29:36.557788 np0000174404 devstack@neutron-api.service[102846]: DEBUG neutron_lib.callbacks.manager [None req-0c49656b-550f-414d-8571-b0e84cec3acc None None] Subscribe: > router_interface after_create 55550000, False {{(pid=102846) subscribe /opt/stack/data/venv/lib/python3.12/site-packages/neutron_lib/callbacks/manager.py:52}}
May 16 14:29:36.557873 np0000174404 devstack@neutron-api.service[102849]: INFO neutron.api.extensions [None req-611ae39a-f191-47a4-967d-9971ba69e538 None None] Extension agent-resources-synced not supported by any of loaded plugins
May 16 14:29:36.557873 np0000174404 devstack@neutron-api.service[102849]: DEBUG neutron.api.extensions [None req-611ae39a-f191-47a4-967d-9971ba69e538 None None] Loading extension file: agent_sort_key.py {{(pid=102849) _load_all_extensions_from_path /opt/stack/neutron/neutron/api/extensions.py:449}}
May 16 14:29:36.558028 np0000174404 devstack@neutron-api.service[102846]: DEBUG neutron_lib.callbacks.manager [None req-0c49656b-550f-414d-8571-b0e84cec3acc None None] Subscribe: > floatingip after_create 55550000, False {{(pid=102846) subscribe /opt/stack/data/venv/lib/python3.12/site-packages/neutron_lib/callbacks/manager.py:52}}
May 16 14:29:36.558028 np0000174404 devstack@neutron-api.service[102846]: DEBUG neutron_lib.callbacks.manager [None req-0c49656b-550f-414d-8571-b0e84cec3acc None None] Subscribe: > floatingip precommit_create 55550000, False {{(pid=102846) subscribe /opt/stack/data/venv/lib/python3.12/site-packages/neutron_lib/callbacks/manager.py:52}}
May 16 14:29:36.558126 np0000174404 devstack@neutron-api.service[102846]: DEBUG neutron_lib.callbacks.manager [None req-0c49656b-550f-414d-8571-b0e84cec3acc None None] Subscribe: > floatingip precommit_update 55550000, False {{(pid=102846) subscribe /opt/stack/data/venv/lib/python3.12/site-packages/neutron_lib/callbacks/manager.py:52}}
May 16 14:29:36.558186 np0000174404 devstack@neutron-api.service[102849]: DEBUG neutron.api.extensions [None req-611ae39a-f191-47a4-967d-9971ba69e538 None None] Ext name="Agents Sort Key" alias="agent_sort_key" description="Enabling the keyword sort_key for sorting in agents." updated="2013-02-03T10:00:00-00:00" {{(pid=102849) _check_extension /opt/stack/neutron/neutron/api/extensions.py:415}}
May 16 14:29:36.558244 np0000174404 devstack@neutron-api.service[102846]: DEBUG neutron_lib.callbacks.manager [None req-0c49656b-550f-414d-8571-b0e84cec3acc None None] Subscribe: > floatingip after_delete 55550000, False {{(pid=102846) subscribe /opt/stack/data/venv/lib/python3.12/site-packages/neutron_lib/callbacks/manager.py:52}}
May 16 14:29:36.558276 np0000174404 devstack@neutron-api.service[102849]: INFO neutron.api.extensions [None req-611ae39a-f191-47a4-967d-9971ba69e538 None None] Extension agent_sort_key not supported by any of loaded plugins
May 16 14:29:36.558367 np0000174404 devstack@neutron-api.service[102846]: DEBUG neutron_lib.callbacks.manager [None req-0c49656b-550f-414d-8571-b0e84cec3acc None None] Subscribe: > floatingip after_status_update 55550000, False {{(pid=102846) subscribe /opt/stack/data/venv/lib/python3.12/site-packages/neutron_lib/callbacks/manager.py:52}}
May 16 14:29:36.558452 np0000174404 devstack@neutron-api.service[102849]: DEBUG neutron.api.extensions [None req-611ae39a-f191-47a4-967d-9971ba69e538 None None] Loading extension file: allowedaddresspairs.py {{(pid=102849) _load_all_extensions_from_path /opt/stack/neutron/neutron/api/extensions.py:449}}
May 16 14:29:36.558481 np0000174404 devstack@neutron-api.service[102846]: DEBUG neutron_lib.callbacks.manager [None req-0c49656b-550f-414d-8571-b0e84cec3acc None None] Subscribe: > floatingip after_update 55550000, False {{(pid=102846) subscribe /opt/stack/data/venv/lib/python3.12/site-packages/neutron_lib/callbacks/manager.py:52}}
May 16 14:29:36.558481 np0000174404 devstack@neutron-api.service[102846]: DEBUG neutron_lib.callbacks.manager [None req-0c49656b-550f-414d-8571-b0e84cec3acc None None] Subscribe: > port_forwarding after_create 55550000, False {{(pid=102846) subscribe /opt/stack/data/venv/lib/python3.12/site-packages/neutron_lib/callbacks/manager.py:52}}
May 16 14:29:36.558592 np0000174404 devstack@neutron-api.service[102846]: DEBUG neutron_lib.callbacks.manager [None req-0c49656b-550f-414d-8571-b0e84cec3acc None None] Subscribe: > router_interface after_delete 55550000, False {{(pid=102846) subscribe /opt/stack/data/venv/lib/python3.12/site-packages/neutron_lib/callbacks/manager.py:52}}
May 16 14:29:36.558706 np0000174404 devstack@neutron-api.service[102846]: DEBUG neutron_lib.callbacks.manager [None req-0c49656b-550f-414d-8571-b0e84cec3acc None None] Subscribe: > router after_create 55550000, False {{(pid=102846) subscribe /opt/stack/data/venv/lib/python3.12/site-packages/neutron_lib/callbacks/manager.py:52}}
May 16 14:29:36.558774 np0000174404 devstack@neutron-api.service[102846]: DEBUG neutron_lib.callbacks.manager [None req-0c49656b-550f-414d-8571-b0e84cec3acc None None] Subscribe: > router precommit_create 55550000, False {{(pid=102846) subscribe /opt/stack/data/venv/lib/python3.12/site-packages/neutron_lib/callbacks/manager.py:52}}
May 16 14:29:36.558981 np0000174404 devstack@neutron-api.service[102849]: DEBUG neutron.api.extensions [None req-611ae39a-f191-47a4-967d-9971ba69e538 None None] Ext name="Allowed Address Pairs" alias="allowed-address-pairs" description="Provides allowed address pairs" updated="2013-07-23T10:00:00-00:00" {{(pid=102849) _check_extension /opt/stack/neutron/neutron/api/extensions.py:415}}
May 16 14:29:36.559023 np0000174404 devstack@neutron-api.service[102846]: DEBUG neutron_lib.callbacks.manager [None req-0c49656b-550f-414d-8571-b0e84cec3acc None None] Subscribe: > router after_delete 55550000, False {{(pid=102846) subscribe /opt/stack/data/venv/lib/python3.12/site-packages/neutron_lib/callbacks/manager.py:52}}
May 16 14:29:36.559113 np0000174404 devstack@neutron-api.service[102846]: DEBUG neutron_lib.callbacks.manager [None req-0c49656b-550f-414d-8571-b0e84cec3acc None None] Subscribe: > router after_update 55550000, False {{(pid=102846) subscribe /opt/stack/data/venv/lib/python3.12/site-packages/neutron_lib/callbacks/manager.py:52}}
May 16 14:29:36.559187 np0000174404 devstack@neutron-api.service[102849]: INFO neutron.api.extensions [None req-611ae39a-f191-47a4-967d-9971ba69e538 None None] Loaded extension: allowed-address-pairs
May 16 14:29:36.559222 np0000174404 devstack@neutron-api.service[102846]: DEBUG neutron.services.service_base [None req-0c49656b-550f-414d-8571-b0e84cec3acc None None] Loaded 'neutron.services.ovn_l3.service_providers.ovn.OvnDriver' provider for service L3_ROUTER_NAT {{(pid=102846) load_drivers /opt/stack/neutron/neutron/services/service_base.py:49}}
May 16 14:29:36.559305 np0000174404 devstack@neutron-api.service[102849]: DEBUG neutron.api.extensions [None req-611ae39a-f191-47a4-967d-9971ba69e538 None None] Loading extension file: auto_allocated_topology.py {{(pid=102849) _load_all_extensions_from_path /opt/stack/neutron/neutron/api/extensions.py:449}}
May 16 14:29:36.559331 np0000174404 devstack@neutron-api.service[102846]: DEBUG neutron_lib.callbacks.manager [None req-0c49656b-550f-414d-8571-b0e84cec3acc None None] Subscribe: > process after_init 55550001, True {{(pid=102846) subscribe /opt/stack/data/venv/lib/python3.12/site-packages/neutron_lib/callbacks/manager.py:52}}
May 16 14:29:36.559461 np0000174404 devstack@neutron-api.service[102846]: DEBUG neutron.manager [None req-0c49656b-550f-414d-8571-b0e84cec3acc None None] Successfully loaded L3_ROUTER_NAT plugin. Description: L3 Router Service Plugin for basic L3 forwarding using OVN {{(pid=102846) _create_and_add_service_plugin /opt/stack/neutron/neutron/manager.py:239}}
May 16 14:29:36.559539 np0000174404 devstack@neutron-api.service[102849]: DEBUG neutron.api.extensions [None req-611ae39a-f191-47a4-967d-9971ba69e538 None None] Ext name="Auto Allocated Topology Services" alias="auto-allocated-topology" description="Auto Allocated Topology Services." updated="2016-01-01T00:00:00-00:00" {{(pid=102849) _check_extension /opt/stack/neutron/neutron/api/extensions.py:415}}
May 16 14:29:36.559572 np0000174404 devstack@neutron-api.service[102846]: INFO neutron.manager [None req-0c49656b-550f-414d-8571-b0e84cec3acc None None] Loading Plugin: auto_allocate
May 16 14:29:36.559694 np0000174404 devstack@neutron-api.service[102849]: INFO neutron.api.extensions [None req-611ae39a-f191-47a4-967d-9971ba69e538 None None] Loaded extension: auto-allocated-topology
May 16 14:29:36.559787 np0000174404 devstack@neutron-api.service[102849]: DEBUG neutron.api.extensions [None req-611ae39a-f191-47a4-967d-9971ba69e538 None None] Loading extension file: availability_zone.py {{(pid=102849) _load_all_extensions_from_path /opt/stack/neutron/neutron/api/extensions.py:449}}
May 16 14:29:36.560047 np0000174404 devstack@neutron-api.service[102849]: DEBUG neutron.api.extensions [None req-611ae39a-f191-47a4-967d-9971ba69e538 None None] Ext name="Availability Zone" alias="availability_zone" description="The availability zone extension." updated="2015-01-01T10:00:00-00:00" {{(pid=102849) _check_extension /opt/stack/neutron/neutron/api/extensions.py:415}}
May 16 14:29:36.560212 np0000174404 devstack@neutron-api.service[102849]: INFO neutron.api.extensions [None req-611ae39a-f191-47a4-967d-9971ba69e538 None None] Loaded extension: availability_zone
May 16 14:29:36.560298 np0000174404 devstack@neutron-api.service[102849]: DEBUG neutron.api.extensions [None req-611ae39a-f191-47a4-967d-9971ba69e538 None None] Loading extension file: availability_zone_filter.py {{(pid=102849) _load_all_extensions_from_path /opt/stack/neutron/neutron/api/extensions.py:449}}
May 16 14:29:36.560457 np0000174404 devstack@neutron-api.service[102846]: DEBUG neutron_lib.callbacks.manager [None req-0c49656b-550f-414d-8571-b0e84cec3acc None None] Subscribe: network precommit_update 55550000, False {{(pid=102846) subscribe /opt/stack/data/venv/lib/python3.12/site-packages/neutron_lib/callbacks/manager.py:52}}
May 16 14:29:36.560513 np0000174404 devstack@neutron-api.service[102849]: DEBUG neutron.api.extensions [None req-611ae39a-f191-47a4-967d-9971ba69e538 None None] Ext name="Availability Zone Filter Extension" alias="availability_zone_filter" description="Add filter parameters to AvailabilityZone resource" updated="2018-06-22T10:00:00-00:00" {{(pid=102849) _check_extension /opt/stack/neutron/neutron/api/extensions.py:415}}
May 16 14:29:36.560575 np0000174404 devstack@neutron-api.service[102846]: DEBUG neutron_lib.callbacks.manager [None req-0c49656b-550f-414d-8571-b0e84cec3acc None None] Subscribe: network precommit_create 55550000, False {{(pid=102846) subscribe /opt/stack/data/venv/lib/python3.12/site-packages/neutron_lib/callbacks/manager.py:52}}
May 16 14:29:36.560705 np0000174404 devstack@neutron-api.service[102849]: INFO neutron.api.extensions [None req-611ae39a-f191-47a4-967d-9971ba69e538 None None] Extension availability_zone_filter not supported by any of loaded plugins
May 16 14:29:36.560790 np0000174404 devstack@neutron-api.service[102849]: DEBUG neutron.api.extensions [None req-611ae39a-f191-47a4-967d-9971ba69e538 None None] Loading extension file: data_plane_status.py {{(pid=102849) _load_all_extensions_from_path /opt/stack/neutron/neutron/api/extensions.py:449}}
May 16 14:29:36.560816 np0000174404 devstack@neutron-api.service[102846]: DEBUG neutron.manager [None req-0c49656b-550f-414d-8571-b0e84cec3acc None None] Successfully loaded auto-allocated-topology plugin. Description: Auto Allocated Topology - aka get me a network. {{(pid=102846) _create_and_add_service_plugin /opt/stack/neutron/neutron/manager.py:239}}
May 16 14:29:36.560880 np0000174404 devstack@neutron-api.service[102846]: INFO neutron.manager [None req-0c49656b-550f-414d-8571-b0e84cec3acc None None] Loading Plugin: tag
May 16 14:29:36.560981 np0000174404 devstack@neutron-api.service[102849]: DEBUG neutron.api.extensions [None req-611ae39a-f191-47a4-967d-9971ba69e538 None None] Ext name="Port data plane status extension" alias="data-plane-status" description="Expose status of underlying data plane" updated="2017-01-24T10:00:00-00:00" {{(pid=102849) _check_extension /opt/stack/neutron/neutron/api/extensions.py:415}}
May 16 14:29:36.561159 np0000174404 devstack@neutron-api.service[102849]: INFO neutron.api.extensions [None req-611ae39a-f191-47a4-967d-9971ba69e538 None None] Extension data-plane-status not supported by any of loaded plugins
May 16 14:29:36.561249 np0000174404 devstack@neutron-api.service[102849]: DEBUG neutron.api.extensions [None req-611ae39a-f191-47a4-967d-9971ba69e538 None None] Loading extension file: default_subnetpools.py {{(pid=102849) _load_all_extensions_from_path /opt/stack/neutron/neutron/api/extensions.py:449}}
May 16 14:29:36.561472 np0000174404 devstack@neutron-api.service[102849]: DEBUG neutron.api.extensions [None req-611ae39a-f191-47a4-967d-9971ba69e538 None None] Ext name="Default Subnetpools" alias="default-subnetpools" description="Provides ability to mark and use a subnetpool as the default." updated="2016-02-18T18:00:00-00:00" {{(pid=102849) _check_extension /opt/stack/neutron/neutron/api/extensions.py:415}}
May 16 14:29:36.561637 np0000174404 devstack@neutron-api.service[102849]: INFO neutron.api.extensions [None req-611ae39a-f191-47a4-967d-9971ba69e538 None None] Loaded extension: default-subnetpools
May 16 14:29:36.561802 np0000174404 devstack@neutron-api.service[102849]: DEBUG neutron.api.extensions [None req-611ae39a-f191-47a4-967d-9971ba69e538 None None] Loading extension file: dhcpagentscheduler.py {{(pid=102849) _load_all_extensions_from_path /opt/stack/neutron/neutron/api/extensions.py:449}}
May 16 14:29:36.562117 np0000174404 devstack@neutron-api.service[102849]: DEBUG neutron.api.extensions [None req-611ae39a-f191-47a4-967d-9971ba69e538 None None] Ext name="DHCP Agent Scheduler" alias="dhcp_agent_scheduler" description="Schedule networks among dhcp agents" updated="2013-02-07T10:00:00-00:00" {{(pid=102849) _check_extension /opt/stack/neutron/neutron/api/extensions.py:415}}
May 16 14:29:36.562285 np0000174404 devstack@neutron-api.service[102849]: INFO neutron.api.extensions [None req-611ae39a-f191-47a4-967d-9971ba69e538 None None] Loaded extension: dhcp_agent_scheduler
May 16 14:29:36.562376 np0000174404 devstack@neutron-api.service[102849]: DEBUG neutron.api.extensions [None req-611ae39a-f191-47a4-967d-9971ba69e538 None None] Loading extension file: dns.py {{(pid=102849) _load_all_extensions_from_path /opt/stack/neutron/neutron/api/extensions.py:449}}
May 16 14:29:36.562605 np0000174404 devstack@neutron-api.service[102849]: DEBUG neutron.api.extensions [None req-611ae39a-f191-47a4-967d-9971ba69e538 None None] Ext name="DNS Integration" alias="dns-integration" description="Provides integration with DNS." updated="2015-08-15T18:00:00-00:00" {{(pid=102849) _check_extension /opt/stack/neutron/neutron/api/extensions.py:415}}
May 16 14:29:36.562771 np0000174404 devstack@neutron-api.service[102849]: INFO neutron.api.extensions [None req-611ae39a-f191-47a4-967d-9971ba69e538 None None] Loaded extension: dns-integration
May 16 14:29:36.562812 np0000174404 devstack@neutron-api.service[102847]: INFO neutron.plugins.ml2.drivers.type_vlan [None req-769489b0-28ef-4781-a564-f50ed5039476 None None] VlanTypeDriver initialization complete
May 16 14:29:36.563049 np0000174404 devstack@neutron-api.service[102849]: DEBUG neutron.api.extensions [None req-611ae39a-f191-47a4-967d-9971ba69e538 None None] Loading extension file: dns_domain_ports.py {{(pid=102849) _load_all_extensions_from_path /opt/stack/neutron/neutron/api/extensions.py:449}}
May 16 14:29:36.563187 np0000174404 devstack@neutron-api.service[102847]: INFO neutron.plugins.ml2.managers [None req-769489b0-28ef-4781-a564-f50ed5039476 None None] Initializing extension driver 'port_security'
May 16 14:29:36.563187 np0000174404 devstack@neutron-api.service[102847]: INFO neutron.plugins.ml2.extensions.port_security [None req-769489b0-28ef-4781-a564-f50ed5039476 None None] PortSecurityExtensionDriver initialization complete
May 16 14:29:36.563288 np0000174404 devstack@neutron-api.service[102849]: DEBUG neutron.api.extensions [None req-611ae39a-f191-47a4-967d-9971ba69e538 None None] Ext name="dns_domain for ports" alias="dns-domain-ports" description="Allows the DNS domain to be specified for a network port." updated="2017-04-24T10:00:00-00:00" {{(pid=102849) _check_extension /opt/stack/neutron/neutron/api/extensions.py:415}}
May 16 14:29:36.563315 np0000174404 devstack@neutron-api.service[102847]: INFO neutron.plugins.ml2.managers [None req-769489b0-28ef-4781-a564-f50ed5039476 None None] Initializing extension driver 'qos'
May 16 14:29:36.563373 np0000174404 devstack@neutron-api.service[102849]: INFO neutron.api.extensions [None req-611ae39a-f191-47a4-967d-9971ba69e538 None None] Loaded extension: dns-domain-ports
May 16 14:29:36.563397 np0000174404 devstack@neutron-api.service[102847]: DEBUG neutron.plugins.ml2.extensions.qos [None req-769489b0-28ef-4781-a564-f50ed5039476 None None] QosExtensionDriver initialization complete {{(pid=102847) initialize /opt/stack/neutron/neutron/plugins/ml2/extensions/qos.py:31}}
May 16 14:29:36.563466 np0000174404 devstack@neutron-api.service[102849]: DEBUG neutron.api.extensions [None req-611ae39a-f191-47a4-967d-9971ba69e538 None None] Loading extension file: dns_integration_domain_keywords.py {{(pid=102849) _load_all_extensions_from_path /opt/stack/neutron/neutron/api/extensions.py:449}}
May 16 14:29:36.563521 np0000174404 devstack@neutron-api.service[102847]: INFO neutron.plugins.ml2.managers [None req-769489b0-28ef-4781-a564-f50ed5039476 None None] Initializing mechanism driver 'ovn'
May 16 14:29:36.563521 np0000174404 devstack@neutron-api.service[102847]: INFO neutron.plugins.ml2.drivers.ovn.mech_driver.mech_driver [None req-769489b0-28ef-4781-a564-f50ed5039476 None None] Starting OVNMechanismDriver
May 16 14:29:36.563569 np0000174404 devstack@neutron-api.service[102849]: DEBUG neutron.api.extensions [None req-611ae39a-f191-47a4-967d-9971ba69e538 None None] Ext name="DNS domain names with keywords allowed" alias="dns-integration-domain-keywords" description="Allows to use keywords like , , and as DNS domain name" updated="2020-06-15T18:00:00-00:00" {{(pid=102849) _check_extension /opt/stack/neutron/neutron/api/extensions.py:415}}
May 16 14:29:36.563627 np0000174404 devstack@neutron-api.service[102846]: DEBUG neutron.manager [None req-0c49656b-550f-414d-8571-b0e84cec3acc None None] Successfully loaded TAG plugin. Description: Tag support {{(pid=102846) _create_and_add_service_plugin /opt/stack/neutron/neutron/manager.py:239}}
May 16 14:29:36.563689 np0000174404 devstack@neutron-api.service[102849]: INFO neutron.api.extensions [None req-611ae39a-f191-47a4-967d-9971ba69e538 None None] Loaded extension: dns-integration-domain-keywords
May 16 14:29:36.563717 np0000174404 devstack@neutron-api.service[102846]: INFO neutron.manager [None req-0c49656b-550f-414d-8571-b0e84cec3acc None None] Loading Plugin: timestamp
May 16 14:29:36.563803 np0000174404 devstack@neutron-api.service[102849]: DEBUG neutron.api.extensions [None req-611ae39a-f191-47a4-967d-9971ba69e538 None None] Loading extension file: dvr.py {{(pid=102849) _load_all_extensions_from_path /opt/stack/neutron/neutron/api/extensions.py:449}}
May 16 14:29:36.564061 np0000174404 devstack@neutron-api.service[102849]: DEBUG neutron.api.extensions [None req-611ae39a-f191-47a4-967d-9971ba69e538 None None] Ext name="Distributed Virtual Router" alias="dvr" description="Enables configuration of Distributed Virtual Routers." updated="2014-06-1T10:00:00-00:00" {{(pid=102849) _check_extension /opt/stack/neutron/neutron/api/extensions.py:415}}
May 16 14:29:36.564220 np0000174404 devstack@neutron-api.service[102849]: INFO neutron.api.extensions [None req-611ae39a-f191-47a4-967d-9971ba69e538 None None] Extension dvr not supported by any of loaded plugins
May 16 14:29:36.564302 np0000174404 devstack@neutron-api.service[102849]: DEBUG neutron.api.extensions [None req-611ae39a-f191-47a4-967d-9971ba69e538 None None] Loading extension file: ecmp_routes.py {{(pid=102849) _load_all_extensions_from_path /opt/stack/neutron/neutron/api/extensions.py:449}}
May 16 14:29:36.564495 np0000174404 devstack@neutron-api.service[102849]: DEBUG neutron.api.extensions [None req-611ae39a-f191-47a4-967d-9971ba69e538 None None] Ext name="Equal Cost Multipath Routing" alias="ecmp_routes" description="Allows traffic to reach thesame destination via multiple different links " updated="2020-11-26T18:00:00-00:00" {{(pid=102849) _check_extension /opt/stack/neutron/neutron/api/extensions.py:415}}
May 16 14:29:36.564657 np0000174404 devstack@neutron-api.service[102849]: INFO neutron.api.extensions [None req-611ae39a-f191-47a4-967d-9971ba69e538 None None] Extension ecmp_routes not supported by any of loaded plugins
May 16 14:29:36.564746 np0000174404 devstack@neutron-api.service[102849]: DEBUG neutron.api.extensions [None req-611ae39a-f191-47a4-967d-9971ba69e538 None None] Loading extension file: empty_string_filtering.py {{(pid=102849) _load_all_extensions_from_path /opt/stack/neutron/neutron/api/extensions.py:449}}
May 16 14:29:36.564916 np0000174404 devstack@neutron-api.service[102846]: DEBUG neutron.manager [None req-0c49656b-550f-414d-8571-b0e84cec3acc None None] Successfully loaded timestamp plugin. Description: Adds timestamps to Neutron resources with standard attributes {{(pid=102846) _create_and_add_service_plugin /opt/stack/neutron/neutron/manager.py:239}}
May 16 14:29:36.564981 np0000174404 devstack@neutron-api.service[102849]: DEBUG neutron.api.extensions [None req-611ae39a-f191-47a4-967d-9971ba69e538 None None] Ext name="Empty String Filtering Extension" alias="empty-string-filtering" description="Allow filtering by attributes with empty string value" updated="2018-05-01T10:00:00-00:00" {{(pid=102849) _check_extension /opt/stack/neutron/neutron/api/extensions.py:415}}
May 16 14:29:36.565025 np0000174404 devstack@neutron-api.service[102847]: DEBUG neutron_lib.callbacks.manager [None req-769489b0-28ef-4781-a564-f50ed5039476 None None] Subscribe: > process before_spawn 55550000, False {{(pid=102847) subscribe /opt/stack/data/venv/lib/python3.12/site-packages/neutron_lib/callbacks/manager.py:52}}
