May 09 09:07:45.089331 np0000173026 devstack@neutron-api.service[103991]: DEBUG neutron_lib.callbacks.manager [None req-d345a246-43e0-41d1-a395-9ffb97b40525 None None] Subscribe: > floatingip precommit_create 55550000, False {{(pid=103991) subscribe /opt/stack/data/venv/lib/python3.12/site-packages/neutron_lib/callbacks/manager.py:52}}
May 09 09:07:45.089390 np0000173026 devstack@neutron-api.service[103989]: DEBUG neutron_lib.callbacks.manager [None req-2c5b01ab-18bf-4651-a491-7e498c6e2b89 None None] Subscribe: > address_group after_update 55550000, False {{(pid=103989) subscribe /opt/stack/data/venv/lib/python3.12/site-packages/neutron_lib/callbacks/manager.py:52}}
May 09 09:07:45.089432 np0000173026 devstack@neutron-api.service[103990]: INFO neutron.api.extensions [None req-69ce528d-18d2-48c4-819e-b0e8a8600195 None None] Loaded extension: availability_zone
May 09 09:07:45.089494 np0000173026 devstack@neutron-api.service[103991]: DEBUG neutron_lib.callbacks.manager [None req-d345a246-43e0-41d1-a395-9ffb97b40525 None None] Subscribe: > floatingip precommit_update 55550000, False {{(pid=103991) subscribe /opt/stack/data/venv/lib/python3.12/site-packages/neutron_lib/callbacks/manager.py:52}}
May 09 09:07:45.089528 np0000173026 devstack@neutron-api.service[103990]: DEBUG neutron.api.extensions [None req-69ce528d-18d2-48c4-819e-b0e8a8600195 None None] Loading extension file: availability_zone_filter.py {{(pid=103990) _load_all_extensions_from_path /opt/stack/neutron/neutron/api/extensions.py:449}}
May 09 09:07:45.089583 np0000173026 devstack@neutron-api.service[103989]: DEBUG neutron_lib.callbacks.manager [None req-2c5b01ab-18bf-4651-a491-7e498c6e2b89 None None] Subscribe: > address_group after_delete 55550000, False {{(pid=103989) subscribe /opt/stack/data/venv/lib/python3.12/site-packages/neutron_lib/callbacks/manager.py:52}}
May 09 09:07:45.089648 np0000173026 devstack@neutron-api.service[103991]: DEBUG neutron_lib.callbacks.manager [None req-d345a246-43e0-41d1-a395-9ffb97b40525 None None] Subscribe: > floatingip after_delete 55550000, False {{(pid=103991) subscribe /opt/stack/data/venv/lib/python3.12/site-packages/neutron_lib/callbacks/manager.py:52}}
May 09 09:07:45.089682 np0000173026 devstack@neutron-api.service[103989]: DEBUG neutron.plugins.ml2.ovo_rpc [None req-2c5b01ab-18bf-4651-a491-7e498c6e2b89 None None] ML2 OVO RPC backend initialized. {{(pid=103989) __init__ /opt/stack/neutron/neutron/plugins/ml2/ovo_rpc.py:117}}
May 09 09:07:45.089764 np0000173026 devstack@neutron-api.service[103990]: DEBUG neutron.api.extensions [None req-69ce528d-18d2-48c4-819e-b0e8a8600195 None None] Ext name="Availability Zone Filter Extension" alias="availability_zone_filter" description="Add filter parameters to AvailabilityZone resource" updated="2018-06-22T10:00:00-00:00" {{(pid=103990) _check_extension /opt/stack/neutron/neutron/api/extensions.py:415}}
May 09 09:07:45.089838 np0000173026 devstack@neutron-api.service[103991]: DEBUG neutron_lib.callbacks.manager [None req-d345a246-43e0-41d1-a395-9ffb97b40525 None None] Subscribe: > floatingip after_status_update 55550000, False {{(pid=103991) subscribe /opt/stack/data/venv/lib/python3.12/site-packages/neutron_lib/callbacks/manager.py:52}}
May 09 09:07:45.089868 np0000173026 devstack@neutron-api.service[103990]: INFO neutron.api.extensions [None req-69ce528d-18d2-48c4-819e-b0e8a8600195 None None] Extension availability_zone_filter not supported by any of loaded plugins
May 09 09:07:45.089934 np0000173026 devstack@neutron-api.service[103991]: DEBUG neutron_lib.callbacks.manager [None req-d345a246-43e0-41d1-a395-9ffb97b40525 None None] Subscribe: > floatingip after_update 55550000, False {{(pid=103991) subscribe /opt/stack/data/venv/lib/python3.12/site-packages/neutron_lib/callbacks/manager.py:52}}
May 09 09:07:45.089991 np0000173026 devstack@neutron-api.service[103990]: DEBUG neutron.api.extensions [None req-69ce528d-18d2-48c4-819e-b0e8a8600195 None None] Loading extension file: data_plane_status.py {{(pid=103990) _load_all_extensions_from_path /opt/stack/neutron/neutron/api/extensions.py:449}}
May 09 09:07:45.090020 np0000173026 devstack@neutron-api.service[103991]: DEBUG neutron_lib.callbacks.manager [None req-d345a246-43e0-41d1-a395-9ffb97b40525 None None] Subscribe: > port_forwarding after_create 55550000, False {{(pid=103991) subscribe /opt/stack/data/venv/lib/python3.12/site-packages/neutron_lib/callbacks/manager.py:52}}
May 09 09:07:45.090135 np0000173026 devstack@neutron-api.service[103990]: DEBUG neutron.api.extensions [None req-69ce528d-18d2-48c4-819e-b0e8a8600195 None None] Ext name="Port data plane status extension" alias="data-plane-status" description="Expose status of underlying data plane" updated="2017-01-24T10:00:00-00:00" {{(pid=103990) _check_extension /opt/stack/neutron/neutron/api/extensions.py:415}}
May 09 09:07:45.090232 np0000173026 devstack@neutron-api.service[103991]: DEBUG neutron_lib.callbacks.manager [None req-d345a246-43e0-41d1-a395-9ffb97b40525 None None] Subscribe: > router_interface after_delete 55550000, False {{(pid=103991) subscribe /opt/stack/data/venv/lib/python3.12/site-packages/neutron_lib/callbacks/manager.py:52}}
May 09 09:07:45.090353 np0000173026 devstack@neutron-api.service[103991]: DEBUG neutron_lib.callbacks.manager [None req-d345a246-43e0-41d1-a395-9ffb97b40525 None None] Subscribe: > router after_create 55550000, False {{(pid=103991) subscribe /opt/stack/data/venv/lib/python3.12/site-packages/neutron_lib/callbacks/manager.py:52}}
May 09 09:07:45.090392 np0000173026 devstack@neutron-api.service[103990]: INFO neutron.api.extensions [None req-69ce528d-18d2-48c4-819e-b0e8a8600195 None None] Extension data-plane-status not supported by any of loaded plugins
May 09 09:07:45.090392 np0000173026 devstack@neutron-api.service[103990]: DEBUG neutron.api.extensions [None req-69ce528d-18d2-48c4-819e-b0e8a8600195 None None] Loading extension file: default_subnetpools.py {{(pid=103990) _load_all_extensions_from_path /opt/stack/neutron/neutron/api/extensions.py:449}}
May 09 09:07:45.090511 np0000173026 devstack@neutron-api.service[103991]: DEBUG neutron_lib.callbacks.manager [None req-d345a246-43e0-41d1-a395-9ffb97b40525 None None] Subscribe: > router precommit_create 55550000, False {{(pid=103991) subscribe /opt/stack/data/venv/lib/python3.12/site-packages/neutron_lib/callbacks/manager.py:52}}
May 09 09:07:45.090593 np0000173026 devstack@neutron-api.service[103990]: DEBUG neutron.api.extensions [None req-69ce528d-18d2-48c4-819e-b0e8a8600195 None None] Ext name="Default Subnetpools" alias="default-subnetpools" description="Provides ability to mark and use a subnetpool as the default." updated="2016-02-18T18:00:00-00:00" {{(pid=103990) _check_extension /opt/stack/neutron/neutron/api/extensions.py:415}}
May 09 09:07:45.090622 np0000173026 devstack@neutron-api.service[103991]: DEBUG neutron_lib.callbacks.manager [None req-d345a246-43e0-41d1-a395-9ffb97b40525 None None] Subscribe: > router after_delete 55550000, False {{(pid=103991) subscribe /opt/stack/data/venv/lib/python3.12/site-packages/neutron_lib/callbacks/manager.py:52}}
May 09 09:07:45.090657 np0000173026 devstack@neutron-api.service[103989]: INFO neutron.quota [None req-2c5b01ab-18bf-4651-a491-7e498c6e2b89 None None] Loaded quota_driver: .
May 09 09:07:45.090759 np0000173026 devstack@neutron-api.service[103991]: DEBUG neutron_lib.callbacks.manager [None req-d345a246-43e0-41d1-a395-9ffb97b40525 None None] Subscribe: > router after_update 55550000, False {{(pid=103991) subscribe /opt/stack/data/venv/lib/python3.12/site-packages/neutron_lib/callbacks/manager.py:52}}
May 09 09:07:45.090797 np0000173026 devstack@neutron-api.service[103990]: INFO neutron.api.extensions [None req-69ce528d-18d2-48c4-819e-b0e8a8600195 None None] Loaded extension: default-subnetpools
May 09 09:07:45.090825 np0000173026 devstack@neutron-api.service[103989]: INFO neutron.plugins.ml2.plugin [None req-2c5b01ab-18bf-4651-a491-7e498c6e2b89 None None] Modular L2 Plugin initialization complete
May 09 09:07:45.090883 np0000173026 devstack@neutron-api.service[103990]: DEBUG neutron.api.extensions [None req-69ce528d-18d2-48c4-819e-b0e8a8600195 None None] Loading extension file: dhcpagentscheduler.py {{(pid=103990) _load_all_extensions_from_path /opt/stack/neutron/neutron/api/extensions.py:449}}
May 09 09:07:45.090939 np0000173026 devstack@neutron-api.service[103991]: DEBUG neutron.services.service_base [None req-d345a246-43e0-41d1-a395-9ffb97b40525 None None] Loaded 'neutron.services.ovn_l3.service_providers.ovn.OvnDriver' provider for service L3_ROUTER_NAT {{(pid=103991) load_drivers /opt/stack/neutron/neutron/services/service_base.py:49}}
May 09 09:07:45.091022 np0000173026 devstack@neutron-api.service[103989]: DEBUG neutron.manager [None req-2c5b01ab-18bf-4651-a491-7e498c6e2b89 None None] Loading services supported by the core plugin {{(pid=103989) _load_services_from_core_plugin /opt/stack/neutron/neutron/manager.py:170}}
May 09 09:07:45.091105 np0000173026 devstack@neutron-api.service[103991]: DEBUG neutron_lib.callbacks.manager [None req-d345a246-43e0-41d1-a395-9ffb97b40525 None None] Subscribe: > process after_init 55550001, True {{(pid=103991) subscribe /opt/stack/data/venv/lib/python3.12/site-packages/neutron_lib/callbacks/manager.py:52}}
May 09 09:07:45.091163 np0000173026 devstack@neutron-api.service[103989]: INFO neutron.plugins.ml2.managers [None req-2c5b01ab-18bf-4651-a491-7e498c6e2b89 None None] Got port-security extension from driver 'port_security'
May 09 09:07:45.091224 np0000173026 devstack@neutron-api.service[103990]: DEBUG neutron.api.extensions [None req-69ce528d-18d2-48c4-819e-b0e8a8600195 None None] Ext name="DHCP Agent Scheduler" alias="dhcp_agent_scheduler" description="Schedule networks among dhcp agents" updated="2013-02-07T10:00:00-00:00" {{(pid=103990) _check_extension /opt/stack/neutron/neutron/api/extensions.py:415}}
May 09 09:07:45.091297 np0000173026 devstack@neutron-api.service[103991]: DEBUG neutron.manager [None req-d345a246-43e0-41d1-a395-9ffb97b40525 None None] Successfully loaded L3_ROUTER_NAT plugin. Description: L3 Router Service Plugin for basic L3 forwarding using OVN {{(pid=103991) _create_and_add_service_plugin /opt/stack/neutron/neutron/manager.py:239}}
May 09 09:07:45.091328 np0000173026 devstack@neutron-api.service[103991]: INFO neutron.manager [None req-d345a246-43e0-41d1-a395-9ffb97b40525 None None] Loading Plugin: auto_allocate
May 09 09:07:45.091388 np0000173026 devstack@neutron-api.service[103990]: INFO neutron.api.extensions [None req-69ce528d-18d2-48c4-819e-b0e8a8600195 None None] Loaded extension: dhcp_agent_scheduler
May 09 09:07:45.091483 np0000173026 devstack@neutron-api.service[103990]: DEBUG neutron.api.extensions [None req-69ce528d-18d2-48c4-819e-b0e8a8600195 None None] Loading extension file: dns.py {{(pid=103990) _load_all_extensions_from_path /opt/stack/neutron/neutron/api/extensions.py:449}}
May 09 09:07:45.091520 np0000173026 devstack@neutron-api.service[103989]: DEBUG neutron.manager [None req-2c5b01ab-18bf-4651-a491-7e498c6e2b89 None None] Loading service plugins: ['ovn-router', 'auto_allocate', 'tag', 'timestamp', 'network_ip_availability', 'flavors', 'revisions'] {{(pid=103989) _load_service_plugins /opt/stack/neutron/neutron/manager.py:195}}
May 09 09:07:45.091655 np0000173026 devstack@neutron-api.service[103989]: INFO neutron.manager [None req-2c5b01ab-18bf-4651-a491-7e498c6e2b89 None None] Loading Plugin: ovn-router
May 09 09:07:45.091710 np0000173026 devstack@neutron-api.service[103990]: DEBUG neutron.api.extensions [None req-69ce528d-18d2-48c4-819e-b0e8a8600195 None None] Ext name="DNS Integration" alias="dns-integration" description="Provides integration with DNS." updated="2015-08-15T18:00:00-00:00" {{(pid=103990) _check_extension /opt/stack/neutron/neutron/api/extensions.py:415}}
May 09 09:07:45.091896 np0000173026 devstack@neutron-api.service[103990]: INFO neutron.api.extensions [None req-69ce528d-18d2-48c4-819e-b0e8a8600195 None None] Loaded extension: dns-integration
May 09 09:07:45.091985 np0000173026 devstack@neutron-api.service[103990]: DEBUG neutron.api.extensions [None req-69ce528d-18d2-48c4-819e-b0e8a8600195 None None] Loading extension file: dns_domain_ports.py {{(pid=103990) _load_all_extensions_from_path /opt/stack/neutron/neutron/api/extensions.py:449}}
May 09 09:07:45.092211 np0000173026 devstack@neutron-api.service[103990]: DEBUG neutron.api.extensions [None req-69ce528d-18d2-48c4-819e-b0e8a8600195 None None] Ext name="dns_domain for ports" alias="dns-domain-ports" description="Allows the DNS domain to be specified for a network port." updated="2017-04-24T10:00:00-00:00" {{(pid=103990) _check_extension /opt/stack/neutron/neutron/api/extensions.py:415}}
May 09 09:07:45.092242 np0000173026 devstack@neutron-api.service[103991]: DEBUG neutron_lib.callbacks.manager [None req-d345a246-43e0-41d1-a395-9ffb97b40525 None None] Subscribe: network precommit_update 55550000, False {{(pid=103991) subscribe /opt/stack/data/venv/lib/python3.12/site-packages/neutron_lib/callbacks/manager.py:52}}
May 09 09:07:45.092360 np0000173026 devstack@neutron-api.service[103991]: DEBUG neutron_lib.callbacks.manager [None req-d345a246-43e0-41d1-a395-9ffb97b40525 None None] Subscribe: network precommit_create 55550000, False {{(pid=103991) subscribe /opt/stack/data/venv/lib/python3.12/site-packages/neutron_lib/callbacks/manager.py:52}}
May 09 09:07:45.092411 np0000173026 devstack@neutron-api.service[103990]: INFO neutron.api.extensions [None req-69ce528d-18d2-48c4-819e-b0e8a8600195 None None] Loaded extension: dns-domain-ports
May 09 09:07:45.092467 np0000173026 devstack@neutron-api.service[103990]: DEBUG neutron.api.extensions [None req-69ce528d-18d2-48c4-819e-b0e8a8600195 None None] Loading extension file: dns_integration_domain_keywords.py {{(pid=103990) _load_all_extensions_from_path /opt/stack/neutron/neutron/api/extensions.py:449}}
May 09 09:07:45.092570 np0000173026 devstack@neutron-api.service[103991]: DEBUG neutron.manager [None req-d345a246-43e0-41d1-a395-9ffb97b40525 None None] Successfully loaded auto-allocated-topology plugin. Description: Auto Allocated Topology - aka get me a network. {{(pid=103991) _create_and_add_service_plugin /opt/stack/neutron/neutron/manager.py:239}}
May 09 09:07:45.092661 np0000173026 devstack@neutron-api.service[103991]: INFO neutron.manager [None req-d345a246-43e0-41d1-a395-9ffb97b40525 None None] Loading Plugin: tag
May 09 09:07:45.092702 np0000173026 devstack@neutron-api.service[103990]: DEBUG neutron.api.extensions [None req-69ce528d-18d2-48c4-819e-b0e8a8600195 None None] Ext name="DNS domain names with keywords allowed" alias="dns-integration-domain-keywords" description="Allows to use keywords like , , and as DNS domain name" updated="2020-06-15T18:00:00-00:00" {{(pid=103990) _check_extension /opt/stack/neutron/neutron/api/extensions.py:415}}
May 09 09:07:45.092879 np0000173026 devstack@neutron-api.service[103990]: INFO neutron.api.extensions [None req-69ce528d-18d2-48c4-819e-b0e8a8600195 None None] Loaded extension: dns-integration-domain-keywords
May 09 09:07:45.092969 np0000173026 devstack@neutron-api.service[103990]: DEBUG neutron.api.extensions [None req-69ce528d-18d2-48c4-819e-b0e8a8600195 None None] Loading extension file: dvr.py {{(pid=103990) _load_all_extensions_from_path /opt/stack/neutron/neutron/api/extensions.py:449}}
May 09 09:07:45.093241 np0000173026 devstack@neutron-api.service[103990]: DEBUG neutron.api.extensions [None req-69ce528d-18d2-48c4-819e-b0e8a8600195 None None] Ext name="Distributed Virtual Router" alias="dvr" description="Enables configuration of Distributed Virtual Routers." updated="2014-06-1T10:00:00-00:00" {{(pid=103990) _check_extension /opt/stack/neutron/neutron/api/extensions.py:415}}
May 09 09:07:45.093407 np0000173026 devstack@neutron-api.service[103990]: INFO neutron.api.extensions [None req-69ce528d-18d2-48c4-819e-b0e8a8600195 None None] Extension dvr not supported by any of loaded plugins
May 09 09:07:45.093500 np0000173026 devstack@neutron-api.service[103990]: DEBUG neutron.api.extensions [None req-69ce528d-18d2-48c4-819e-b0e8a8600195 None None] Loading extension file: ecmp_routes.py {{(pid=103990) _load_all_extensions_from_path /opt/stack/neutron/neutron/api/extensions.py:449}}
May 09 09:07:45.093745 np0000173026 devstack@neutron-api.service[103990]: DEBUG neutron.api.extensions [None req-69ce528d-18d2-48c4-819e-b0e8a8600195 None None] Ext name="Equal Cost Multipath Routing" alias="ecmp_routes" description="Allows traffic to reach thesame destination via multiple different links " updated="2020-11-26T18:00:00-00:00" {{(pid=103990) _check_extension /opt/stack/neutron/neutron/api/extensions.py:415}}
May 09 09:07:45.093916 np0000173026 devstack@neutron-api.service[103990]: INFO neutron.api.extensions [None req-69ce528d-18d2-48c4-819e-b0e8a8600195 None None] Extension ecmp_routes not supported by any of loaded plugins
May 09 09:07:45.093997 np0000173026 devstack@neutron-api.service[103990]: DEBUG neutron.api.extensions [None req-69ce528d-18d2-48c4-819e-b0e8a8600195 None None] Loading extension file: empty_string_filtering.py {{(pid=103990) _load_all_extensions_from_path /opt/stack/neutron/neutron/api/extensions.py:449}}
May 09 09:07:45.094228 np0000173026 devstack@neutron-api.service[103990]: DEBUG neutron.api.extensions [None req-69ce528d-18d2-48c4-819e-b0e8a8600195 None None] Ext name="Empty String Filtering Extension" alias="empty-string-filtering" description="Allow filtering by attributes with empty string value" updated="2018-05-01T10:00:00-00:00" {{(pid=103990) _check_extension /opt/stack/neutron/neutron/api/extensions.py:415}}
May 09 09:07:45.094445 np0000173026 devstack@neutron-api.service[103990]: INFO neutron.api.extensions [None req-69ce528d-18d2-48c4-819e-b0e8a8600195 None None] Loaded extension: empty-string-filtering
May 09 09:07:45.094529 np0000173026 devstack@neutron-api.service[103990]: DEBUG neutron.api.extensions [None req-69ce528d-18d2-48c4-819e-b0e8a8600195 None None] Loading extension file: expose_l3_conntrack_helper.py {{(pid=103990) _load_all_extensions_from_path /opt/stack/neutron/neutron/api/extensions.py:449}}
May 09 09:07:45.094768 np0000173026 devstack@neutron-api.service[103990]: DEBUG neutron.api.extensions [None req-69ce528d-18d2-48c4-819e-b0e8a8600195 None None] Ext name="Expose CT target rules for conntrack helper" alias="expose-l3-conntrack-helper" description="Expose allow adding CT target rules for conntrack helper" updated="2019-04-04T10:00:00-00:00" {{(pid=103990) _check_extension /opt/stack/neutron/neutron/api/extensions.py:415}}
May 09 09:07:45.094936 np0000173026 devstack@neutron-api.service[103990]: INFO neutron.api.extensions [None req-69ce528d-18d2-48c4-819e-b0e8a8600195 None None] Extension expose-l3-conntrack-helper not supported by any of loaded plugins
May 09 09:07:45.095025 np0000173026 devstack@neutron-api.service[103990]: DEBUG neutron.api.extensions [None req-69ce528d-18d2-48c4-819e-b0e8a8600195 None None] Loading extension file: expose_port_forwarding_in_fip.py {{(pid=103990) _load_all_extensions_from_path /opt/stack/neutron/neutron/api/extensions.py:449}}
May 09 09:07:45.095254 np0000173026 devstack@neutron-api.service[103990]: DEBUG neutron.api.extensions [None req-69ce528d-18d2-48c4-819e-b0e8a8600195 None None] Ext name="Expose Floating IP port forwardings" alias="expose-port-forwarding-in-fip" description="Expose port forwarding fields in floating IP response" updated="2018-06-28T16:00:00-00:00" {{(pid=103990) _check_extension /opt/stack/neutron/neutron/api/extensions.py:415}}
May 09 09:07:45.095419 np0000173026 devstack@neutron-api.service[103990]: INFO neutron.api.extensions [None req-69ce528d-18d2-48c4-819e-b0e8a8600195 None None] Extension expose-port-forwarding-in-fip not supported by any of loaded plugins
May 09 09:07:45.095508 np0000173026 devstack@neutron-api.service[103990]: DEBUG neutron.api.extensions [None req-69ce528d-18d2-48c4-819e-b0e8a8600195 None None] Loading extension file: external_net.py {{(pid=103990) _load_all_extensions_from_path /opt/stack/neutron/neutron/api/extensions.py:449}}
May 09 09:07:45.095741 np0000173026 devstack@neutron-api.service[103990]: DEBUG neutron.api.extensions [None req-69ce528d-18d2-48c4-819e-b0e8a8600195 None None] Ext name="Neutron external network" alias="external-net" description="Adds external network attribute to network resource." updated="2013-01-14T10:00:00-00:00" {{(pid=103990) _check_extension /opt/stack/neutron/neutron/api/extensions.py:415}}
May 09 09:07:45.095875 np0000173026 devstack@neutron-api.service[103991]: DEBUG neutron.manager [None req-d345a246-43e0-41d1-a395-9ffb97b40525 None None] Successfully loaded TAG plugin. Description: Tag support {{(pid=103991) _create_and_add_service_plugin /opt/stack/neutron/neutron/manager.py:239}}
May 09 09:07:45.095908 np0000173026 devstack@neutron-api.service[103990]: INFO neutron.api.extensions [None req-69ce528d-18d2-48c4-819e-b0e8a8600195 None None] Loaded extension: external-net
May 09 09:07:45.095975 np0000173026 devstack@neutron-api.service[103991]: INFO neutron.manager [None req-d345a246-43e0-41d1-a395-9ffb97b40525 None None] Loading Plugin: timestamp
May 09 09:07:45.096013 np0000173026 devstack@neutron-api.service[103990]: DEBUG neutron.api.extensions [None req-69ce528d-18d2-48c4-819e-b0e8a8600195 None None] Loading extension file: extra_dhcp_opt.py {{(pid=103990) _load_all_extensions_from_path /opt/stack/neutron/neutron/api/extensions.py:449}}
May 09 09:07:45.096216 np0000173026 devstack@neutron-api.service[103990]: DEBUG neutron.api.extensions [None req-69ce528d-18d2-48c4-819e-b0e8a8600195 None None] Ext name="Neutron Extra DHCP options" alias="extra_dhcp_opt" description="Extra options configuration for DHCP. For example PXE boot options to DHCP clients can be specified (e.g. tftp-server, server-ip-address, bootfile-name)" updated="2013-03-17T12:00:00-00:00" {{(pid=103990) _check_extension /opt/stack/neutron/neutron/api/extensions.py:415}}
May 09 09:07:45.096382 np0000173026 devstack@neutron-api.service[103990]: INFO neutron.api.extensions [None req-69ce528d-18d2-48c4-819e-b0e8a8600195 None None] Loaded extension: extra_dhcp_opt
May 09 09:07:45.096471 np0000173026 devstack@neutron-api.service[103990]: DEBUG neutron.api.extensions [None req-69ce528d-18d2-48c4-819e-b0e8a8600195 None None] Loading extension file: extraroute.py {{(pid=103990) _load_all_extensions_from_path /opt/stack/neutron/neutron/api/extensions.py:449}}
May 09 09:07:45.096691 np0000173026 devstack@neutron-api.service[103990]: DEBUG neutron.api.extensions [None req-69ce528d-18d2-48c4-819e-b0e8a8600195 None None] Ext name="Neutron Extra Route" alias="extraroute" description="Extra routes configuration for L3 router" updated="2013-02-01T10:00:00-00:00" {{(pid=103990) _check_extension /opt/stack/neutron/neutron/api/extensions.py:415}}
May 09 09:07:45.096876 np0000173026 devstack@neutron-api.service[103990]: INFO neutron.api.extensions [None req-69ce528d-18d2-48c4-819e-b0e8a8600195 None None] Loaded extension: extraroute
May 09 09:07:45.096966 np0000173026 devstack@neutron-api.service[103990]: DEBUG neutron.api.extensions [None req-69ce528d-18d2-48c4-819e-b0e8a8600195 None None] Loading extension file: extraroute_atomic.py {{(pid=103990) _load_all_extensions_from_path /opt/stack/neutron/neutron/api/extensions.py:449}}
May 09 09:07:45.097204 np0000173026 devstack@neutron-api.service[103990]: DEBUG neutron.api.extensions [None req-69ce528d-18d2-48c4-819e-b0e8a8600195 None None] Ext name="Atomically add/remove extra routes" alias="extraroute-atomic" description="Edit extra routes of a router on server side by atomically adding/removing extra routes" updated="2019-07-10T00:00:00+00:00" {{(pid=103990) _check_extension /opt/stack/neutron/neutron/api/extensions.py:415}}
May 09 09:07:45.097235 np0000173026 devstack@neutron-api.service[103991]: DEBUG neutron.manager [None req-d345a246-43e0-41d1-a395-9ffb97b40525 None None] Successfully loaded timestamp plugin. Description: Adds timestamps to Neutron resources with standard attributes {{(pid=103991) _create_and_add_service_plugin /opt/stack/neutron/neutron/manager.py:239}}
May 09 09:07:45.097339 np0000173026 devstack@neutron-api.service[103991]: INFO neutron.manager [None req-d345a246-43e0-41d1-a395-9ffb97b40525 None None] Loading Plugin: network_ip_availability
May 09 09:07:45.097369 np0000173026 devstack@neutron-api.service[103990]: INFO neutron.api.extensions [None req-69ce528d-18d2-48c4-819e-b0e8a8600195 None None] Loaded extension: extraroute-atomic
May 09 09:07:45.097457 np0000173026 devstack@neutron-api.service[103990]: DEBUG neutron.api.extensions [None req-69ce528d-18d2-48c4-819e-b0e8a8600195 None None] Loading extension file: filter_validation.py {{(pid=103990) _load_all_extensions_from_path /opt/stack/neutron/neutron/api/extensions.py:449}}
May 09 09:07:45.097694 np0000173026 devstack@neutron-api.service[103990]: DEBUG neutron.api.extensions [None req-69ce528d-18d2-48c4-819e-b0e8a8600195 None None] Ext name="Filter parameters validation" alias="filter-validation" description="Provides validation on filter parameters." updated="2018-07-04T10:00:00-00:00" {{(pid=103990) _check_extension /opt/stack/neutron/neutron/api/extensions.py:415}}
May 09 09:07:45.097880 np0000173026 devstack@neutron-api.service[103990]: INFO neutron.api.extensions [None req-69ce528d-18d2-48c4-819e-b0e8a8600195 None None] Loaded extension: filter-validation
May 09 09:07:45.097968 np0000173026 devstack@neutron-api.service[103990]: DEBUG neutron.api.extensions [None req-69ce528d-18d2-48c4-819e-b0e8a8600195 None None] Loading extension file: fip_pf_description.py {{(pid=103990) _load_all_extensions_from_path /opt/stack/neutron/neutron/api/extensions.py:449}}
May 09 09:07:45.098194 np0000173026 devstack@neutron-api.service[103990]: DEBUG neutron.api.extensions [None req-69ce528d-18d2-48c4-819e-b0e8a8600195 None None] Ext name="Floating IP Port Forwarding new attribute description" alias="floating-ip-port-forwarding-description" description="Add a description field to Port Forwarding rules" updated="2019-11-01T10:00:00-00:00" {{(pid=103990) _check_extension /opt/stack/neutron/neutron/api/extensions.py:415}}
May 09 09:07:45.098383 np0000173026 devstack@neutron-api.service[103990]: INFO neutron.api.extensions [None req-69ce528d-18d2-48c4-819e-b0e8a8600195 None None] Extension floating-ip-port-forwarding-description not supported by any of loaded plugins
May 09 09:07:45.098465 np0000173026 devstack@neutron-api.service[103990]: DEBUG neutron.api.extensions [None req-69ce528d-18d2-48c4-819e-b0e8a8600195 None None] Loading extension file: fip_pf_detail.py {{(pid=103990) _load_all_extensions_from_path /opt/stack/neutron/neutron/api/extensions.py:449}}
May 09 09:07:45.098686 np0000173026 devstack@neutron-api.service[103990]: DEBUG neutron.api.extensions [None req-69ce528d-18d2-48c4-819e-b0e8a8600195 None None] Ext name="Floating IP port forwarding detail" alias="floating-ip-port-forwarding-detail" description="Allow list floating ip return more port forwarding data, include'id' and 'internal_port_id'" updated="2022-05-06T10:00:00-00:00" {{(pid=103990) _check_extension /opt/stack/neutron/neutron/api/extensions.py:415}}
May 09 09:07:45.098874 np0000173026 devstack@neutron-api.service[103990]: INFO neutron.api.extensions [None req-69ce528d-18d2-48c4-819e-b0e8a8600195 None None] Loaded extension: floating-ip-port-forwarding-detail
May 09 09:07:45.098952 np0000173026 devstack@neutron-api.service[103991]: DEBUG neutron.manager [None req-d345a246-43e0-41d1-a395-9ffb97b40525 None None] Successfully loaded network-ip-availability plugin. Description: Provides IP availability data for each network and subnet. {{(pid=103991) _create_and_add_service_plugin /opt/stack/neutron/neutron/manager.py:239}}
May 09 09:07:45.098985 np0000173026 devstack@neutron-api.service[103990]: DEBUG neutron.api.extensions [None req-69ce528d-18d2-48c4-819e-b0e8a8600195 None None] Loading extension file: fip_pf_port_range.py {{(pid=103990) _load_all_extensions_from_path /opt/stack/neutron/neutron/api/extensions.py:449}}
May 09 09:07:45.099077 np0000173026 devstack@neutron-api.service[103991]: INFO neutron.manager [None req-d345a246-43e0-41d1-a395-9ffb97b40525 None None] Loading Plugin: flavors
May 09 09:07:45.099179 np0000173026 devstack@neutron-api.service[103990]: DEBUG neutron.api.extensions [None req-69ce528d-18d2-48c4-819e-b0e8a8600195 None None] Ext name="Floating IP Port Forwarding support port ranges" alias="floating-ip-port-forwarding-port-ranges" description="Add support to port ranges" updated="2020-07-01T10:00:00-00:00" {{(pid=103990) _check_extension /opt/stack/neutron/neutron/api/extensions.py:415}}
May 09 09:07:45.099344 np0000173026 devstack@neutron-api.service[103990]: INFO neutron.api.extensions [None req-69ce528d-18d2-48c4-819e-b0e8a8600195 None None] Extension floating-ip-port-forwarding-port-ranges not supported by any of loaded plugins
May 09 09:07:45.099433 np0000173026 devstack@neutron-api.service[103990]: DEBUG neutron.api.extensions [None req-69ce528d-18d2-48c4-819e-b0e8a8600195 None None] Loading extension file: fip_port_details.py {{(pid=103990) _load_all_extensions_from_path /opt/stack/neutron/neutron/api/extensions.py:449}}
May 09 09:07:45.099791 np0000173026 devstack@neutron-api.service[103990]: DEBUG neutron.api.extensions [None req-69ce528d-18d2-48c4-819e-b0e8a8600195 None None] Ext name="Floating IP Port Details Extension" alias="fip-port-details" description="Add port_details attribute to Floating IP resource" updated="2018-04-09T10:00:00-00:00" {{(pid=103990) _check_extension /opt/stack/neutron/neutron/api/extensions.py:415}}
May 09 09:07:45.099963 np0000173026 devstack@neutron-api.service[103990]: INFO neutron.api.extensions [None req-69ce528d-18d2-48c4-819e-b0e8a8600195 None None] Loaded extension: fip-port-details
May 09 09:07:45.100056 np0000173026 devstack@neutron-api.service[103990]: DEBUG neutron.api.extensions [None req-69ce528d-18d2-48c4-819e-b0e8a8600195 None None] Loading extension file: flavors.py {{(pid=103990) _load_all_extensions_from_path /opt/stack/neutron/neutron/api/extensions.py:449}}
May 09 09:07:45.100284 np0000173026 devstack@neutron-api.service[103991]: DEBUG neutron.manager [None req-d345a246-43e0-41d1-a395-9ffb97b40525 None None] Successfully loaded FLAVORS plugin. Description: Neutron Flavors and Service Profiles manager plugin {{(pid=103991) _create_and_add_service_plugin /opt/stack/neutron/neutron/manager.py:239}}
May 09 09:07:45.100322 np0000173026 devstack@neutron-api.service[103990]: DEBUG neutron.api.extensions [None req-69ce528d-18d2-48c4-819e-b0e8a8600195 None None] Ext name="Neutron Service Flavors" alias="flavors" description="Flavor specification for Neutron advanced services." updated="2015-09-17T10:00:00-00:00" {{(pid=103990) _check_extension /opt/stack/neutron/neutron/api/extensions.py:415}}
May 09 09:07:45.100417 np0000173026 devstack@neutron-api.service[103991]: INFO neutron.manager [None req-d345a246-43e0-41d1-a395-9ffb97b40525 None None] Loading Plugin: revisions
May 09 09:07:45.100468 np0000173026 devstack@neutron-api.service[103990]: INFO neutron.api.extensions [None req-69ce528d-18d2-48c4-819e-b0e8a8600195 None None] Loaded extension: flavors
May 09 09:07:45.100561 np0000173026 devstack@neutron-api.service[103990]: DEBUG neutron.api.extensions [None req-69ce528d-18d2-48c4-819e-b0e8a8600195 None None] Loading extension file: floating_ip_port_forwarding.py {{(pid=103990) _load_all_extensions_from_path /opt/stack/neutron/neutron/api/extensions.py:449}}
May 09 09:07:45.100894 np0000173026 devstack@neutron-api.service[103990]: DEBUG neutron.api.extensions [None req-69ce528d-18d2-48c4-819e-b0e8a8600195 None None] Ext name="Floating IP Port Forwarding" alias="floating-ip-port-forwarding" description="Allow port forwarding from floating IP port to an internal port" updated="2018-01-19T10:00:00-00:00" {{(pid=103990) _check_extension /opt/stack/neutron/neutron/api/extensions.py:415}}
May 09 09:07:45.101059 np0000173026 devstack@neutron-api.service[103990]: INFO neutron.api.extensions [None req-69ce528d-18d2-48c4-819e-b0e8a8600195 None None] Extension floating-ip-port-forwarding not supported by any of loaded plugins
May 09 09:07:45.101150 np0000173026 devstack@neutron-api.service[103990]: DEBUG neutron.api.extensions [None req-69ce528d-18d2-48c4-819e-b0e8a8600195 None None] Loading extension file: floatingip_pools.py {{(pid=103990) _load_all_extensions_from_path /opt/stack/neutron/neutron/api/extensions.py:449}}
May 09 09:07:45.101336 np0000173026 devstack@neutron-api.service[103989]: DEBUG neutron_lib.callbacks.manager [None req-2c5b01ab-18bf-4651-a491-7e498c6e2b89 None None] Subscribe: > router before_delete 55550000, False {{(pid=103989) subscribe /opt/stack/data/venv/lib/python3.12/site-packages/neutron_lib/callbacks/manager.py:52}}
May 09 09:07:45.101410 np0000173026 devstack@neutron-api.service[103990]: DEBUG neutron.api.extensions [None req-69ce528d-18d2-48c4-819e-b0e8a8600195 None None] Ext name="Floating IP Pools Extension" alias="floatingip-pools" description="Provides a floating IP pools API." updated="2018-03-21T10:00:00-00:00" {{(pid=103990) _check_extension /opt/stack/neutron/neutron/api/extensions.py:415}}
May 09 09:07:45.101551 np0000173026 devstack@neutron-api.service[103989]: DEBUG neutron_lib.callbacks.manager [None req-2c5b01ab-18bf-4651-a491-7e498c6e2b89 None None] Subscribe: port after_update 55550000, False {{(pid=103989) subscribe /opt/stack/data/venv/lib/python3.12/site-packages/neutron_lib/callbacks/manager.py:52}}
May 09 09:07:45.101585 np0000173026 devstack@neutron-api.service[103990]: INFO neutron.api.extensions [None req-69ce528d-18d2-48c4-819e-b0e8a8600195 None None] Loaded extension: floatingip-pools
May 09 09:07:45.101666 np0000173026 devstack@neutron-api.service[103990]: DEBUG neutron.api.extensions [None req-69ce528d-18d2-48c4-819e-b0e8a8600195 None None] Loading extension file: ip_allocation.py {{(pid=103990) _load_all_extensions_from_path /opt/stack/neutron/neutron/api/extensions.py:449}}
May 09 09:07:45.101698 np0000173026 devstack@neutron-api.service[103989]: DEBUG neutron_lib.callbacks.manager [None req-2c5b01ab-18bf-4651-a491-7e498c6e2b89 None None] Subscribe: port after_delete 55550000, False {{(pid=103989) subscribe /opt/stack/data/venv/lib/python3.12/site-packages/neutron_lib/callbacks/manager.py:52}}
May 09 09:07:45.101765 np0000173026 devstack@neutron-api.service[103991]: DEBUG neutron.manager [None req-d345a246-43e0-41d1-a395-9ffb97b40525 None None] Successfully loaded revision_plugin plugin. Description: Adds revision numbers to resources. {{(pid=103991) _create_and_add_service_plugin /opt/stack/neutron/neutron/manager.py:239}}
May 09 09:07:45.101876 np0000173026 devstack@neutron-api.service[103989]: DEBUG neutron_lib.callbacks.manager [None req-2c5b01ab-18bf-4651-a491-7e498c6e2b89 None None] Subscribe: subnet after_update 55550000, False {{(pid=103989) subscribe /opt/stack/data/venv/lib/python3.12/site-packages/neutron_lib/callbacks/manager.py:52}}
May 09 09:07:45.101908 np0000173026 devstack@neutron-api.service[103990]: DEBUG neutron.api.extensions [None req-69ce528d-18d2-48c4-819e-b0e8a8600195 None None] Ext name="IP Allocation" alias="ip_allocation" description="IP allocation extension." updated="2016-06-10T23:00:00-00:00" {{(pid=103990) _check_extension /opt/stack/neutron/neutron/api/extensions.py:415}}
May 09 09:07:45.101938 np0000173026 devstack@neutron-api.service[103991]: DEBUG oslo_concurrency.lockutils [None req-d345a246-43e0-41d1-a395-9ffb97b40525 None None] Lock "manager" "released" by "neutron.manager.NeutronManager._create_instance" :: held 4.665s {{(pid=103991) inner /opt/stack/data/venv/lib/python3.12/site-packages/oslo_concurrency/lockutils.py:538}}
May 09 09:07:45.102026 np0000173026 devstack@neutron-api.service[103989]: DEBUG neutron_lib.callbacks.manager [None req-2c5b01ab-18bf-4651-a491-7e498c6e2b89 None None] Subscribe: subnetpool_address_scope after_update 55550000, False {{(pid=103989) subscribe /opt/stack/data/venv/lib/python3.12/site-packages/neutron_lib/callbacks/manager.py:52}}
May 09 09:07:45.102067 np0000173026 devstack@neutron-api.service[103990]: INFO neutron.api.extensions [None req-69ce528d-18d2-48c4-819e-b0e8a8600195 None None] Extension ip_allocation not supported by any of loaded plugins
May 09 09:07:45.102156 np0000173026 devstack@neutron-api.service[103990]: DEBUG neutron.api.extensions [None req-69ce528d-18d2-48c4-819e-b0e8a8600195 None None] Loading extension file: ip_substring_port_filtering.py {{(pid=103990) _load_all_extensions_from_path /opt/stack/neutron/neutron/api/extensions.py:449}}
May 09 09:07:45.102191 np0000173026 devstack@neutron-api.service[103989]: DEBUG neutron_lib.callbacks.manager [None req-2c5b01ab-18bf-4651-a491-7e498c6e2b89 None None] Subscribe: port before_update 55550000, False {{(pid=103989) subscribe /opt/stack/data/venv/lib/python3.12/site-packages/neutron_lib/callbacks/manager.py:52}}
May 09 09:07:45.102221 np0000173026 devstack@neutron-api.service[103991]: DEBUG neutron.api.extensions [None req-d345a246-43e0-41d1-a395-9ffb97b40525 None None] get_extension_paths = OrderedDict({'/opt/stack/neutron/neutron/extensions': 1}) {{(pid=103991) get_extensions_path /opt/stack/neutron/neutron/api/extensions.py:640}}
May 09 09:07:45.102325 np0000173026 devstack@neutron-api.service[103989]: DEBUG neutron_lib.callbacks.manager [None req-2c5b01ab-18bf-4651-a491-7e498c6e2b89 None None] Subscribe: port after_update 55550000, False {{(pid=103989) subscribe /opt/stack/data/venv/lib/python3.12/site-packages/neutron_lib/callbacks/manager.py:52}}
May 09 09:07:45.102390 np0000173026 devstack@neutron-api.service[103991]: INFO neutron.api.extensions [None req-d345a246-43e0-41d1-a395-9ffb97b40525 None None] Initializing extension manager.
May 09 09:07:45.102421 np0000173026 devstack@neutron-api.service[103990]: DEBUG neutron.api.extensions [None req-69ce528d-18d2-48c4-819e-b0e8a8600195 None None] Ext name="IP address substring filtering" alias="ip-substring-filtering" description="Provides IP address substring filtering when listing ports" updated="2017-11-28T09:00:00-00:00" {{(pid=103990) _check_extension /opt/stack/neutron/neutron/api/extensions.py:415}}
May 09 09:07:45.102492 np0000173026 devstack@neutron-api.service[103989]: DEBUG neutron_lib.callbacks.manager [None req-2c5b01ab-18bf-4651-a491-7e498c6e2b89 None None] Subscribe: > port precommit_delete 55550000, False {{(pid=103989) subscribe /opt/stack/data/venv/lib/python3.12/site-packages/neutron_lib/callbacks/manager.py:52}}
May 09 09:07:45.102580 np0000173026 devstack@neutron-api.service[103990]: INFO neutron.api.extensions [None req-69ce528d-18d2-48c4-819e-b0e8a8600195 None None] Extension ip-substring-filtering not supported by any of loaded plugins
May 09 09:07:45.102636 np0000173026 devstack@neutron-api.service[103989]: DEBUG neutron_lib.callbacks.manager [None req-2c5b01ab-18bf-4651-a491-7e498c6e2b89 None None] Subscribe: port before_update 55550000, False {{(pid=103989) subscribe /opt/stack/data/venv/lib/python3.12/site-packages/neutron_lib/callbacks/manager.py:52}}
May 09 09:07:45.102668 np0000173026 devstack@neutron-api.service[103990]: DEBUG neutron.api.extensions [None req-69ce528d-18d2-48c4-819e-b0e8a8600195 None None] Loading extension file: l2_adjacency.py {{(pid=103990) _load_all_extensions_from_path /opt/stack/neutron/neutron/api/extensions.py:449}}
May 09 09:07:45.102730 np0000173026 devstack@neutron-api.service[103991]: DEBUG neutron.api.extensions [None req-d345a246-43e0-41d1-a395-9ffb97b40525 None None] Loading extension file: __init__.py {{(pid=103991) _load_all_extensions_from_path /opt/stack/neutron/neutron/api/extensions.py:449}}
May 09 09:07:45.102773 np0000173026 devstack@neutron-api.service[103989]: DEBUG neutron_lib.callbacks.manager [None req-2c5b01ab-18bf-4651-a491-7e498c6e2b89 None None] Subscribe: port before_delete 55550000, False {{(pid=103989) subscribe /opt/stack/data/venv/lib/python3.12/site-packages/neutron_lib/callbacks/manager.py:52}}
May 09 09:07:45.102867 np0000173026 devstack@neutron-api.service[103989]: DEBUG neutron_lib.callbacks.manager [None req-2c5b01ab-18bf-4651-a491-7e498c6e2b89 None None] Subscribe: > router precommit_create 55550000, False {{(pid=103989) subscribe /opt/stack/data/venv/lib/python3.12/site-packages/neutron_lib/callbacks/manager.py:52}}
May 09 09:07:45.102907 np0000173026 devstack@neutron-api.service[103991]: DEBUG neutron.api.extensions [None req-d345a246-43e0-41d1-a395-9ffb97b40525 None None] Loading extension file: __pycache__ {{(pid=103991) _load_all_extensions_from_path /opt/stack/neutron/neutron/api/extensions.py:449}}
May 09 09:07:45.102936 np0000173026 devstack@neutron-api.service[103990]: DEBUG neutron.api.extensions [None req-69ce528d-18d2-48c4-819e-b0e8a8600195 None None] Ext name="L2 Adjacency" alias="l2_adjacency" description="Display L2 Adjacency for Neutron Networks." updated="2016-04-12T16:00:00-00:00" {{(pid=103990) _check_extension /opt/stack/neutron/neutron/api/extensions.py:415}}
May 09 09:07:45.102966 np0000173026 devstack@neutron-api.service[103989]: DEBUG neutron_lib.callbacks.manager [None req-2c5b01ab-18bf-4651-a491-7e498c6e2b89 None None] Subscribe: > router precommit_create 55550000, False {{(pid=103989) subscribe /opt/stack/data/venv/lib/python3.12/site-packages/neutron_lib/callbacks/manager.py:52}}
May 09 09:07:45.103029 np0000173026 devstack@neutron-api.service[103991]: DEBUG neutron.api.extensions [None req-d345a246-43e0-41d1-a395-9ffb97b40525 None None] Loading extension file: address_group.py {{(pid=103991) _load_all_extensions_from_path /opt/stack/neutron/neutron/api/extensions.py:449}}
May 09 09:07:45.103060 np0000173026 devstack@neutron-api.service[103990]: INFO neutron.api.extensions [None req-69ce528d-18d2-48c4-819e-b0e8a8600195 None None] Extension l2_adjacency not supported by any of loaded plugins
May 09 09:07:45.103087 np0000173026 devstack@neutron-api.service[103989]: DEBUG neutron_lib.callbacks.manager [None req-2c5b01ab-18bf-4651-a491-7e498c6e2b89 None None] Subscribe: > router precommit_update 55550000, False {{(pid=103989) subscribe /opt/stack/data/venv/lib/python3.12/site-packages/neutron_lib/callbacks/manager.py:52}}
May 09 09:07:45.103142 np0000173026 devstack@neutron-api.service[103990]: DEBUG neutron.api.extensions [None req-69ce528d-18d2-48c4-819e-b0e8a8600195 None None] Loading extension file: l3.py {{(pid=103990) _load_all_extensions_from_path /opt/stack/neutron/neutron/api/extensions.py:449}}
May 09 09:07:45.103186 np0000173026 devstack@neutron-api.service[103989]: DEBUG neutron_lib.callbacks.manager [None req-2c5b01ab-18bf-4651-a491-7e498c6e2b89 None None] Subscribe: subnet after_update 55550000, False {{(pid=103989) subscribe /opt/stack/data/venv/lib/python3.12/site-packages/neutron_lib/callbacks/manager.py:52}}
May 09 09:07:45.103447 np0000173026 devstack@neutron-api.service[103991]: DEBUG neutron.api.extensions [None req-d345a246-43e0-41d1-a395-9ffb97b40525 None None] Ext name="Address group" alias="address-group" description="Support address group" updated="2020-07-15T10:00:00-00:00" {{(pid=103991) _check_extension /opt/stack/neutron/neutron/api/extensions.py:415}}
May 09 09:07:45.103542 np0000173026 devstack@neutron-api.service[103990]: DEBUG neutron.api.extensions [None req-69ce528d-18d2-48c4-819e-b0e8a8600195 None None] Ext name="Neutron L3 Router" alias="router" description="Router abstraction for basic L3 forwarding between L2 Neutron networks and access to external networks via a NAT gateway." updated="2012-07-20T10:00:00-00:00" {{(pid=103990) _check_extension /opt/stack/neutron/neutron/api/extensions.py:415}}
May 09 09:07:45.103715 np0000173026 devstack@neutron-api.service[103991]: INFO neutron.api.extensions [None req-d345a246-43e0-41d1-a395-9ffb97b40525 None None] Loaded extension: address-group
May 09 09:07:45.103797 np0000173026 devstack@neutron-api.service[103990]: INFO neutron.api.extensions [None req-69ce528d-18d2-48c4-819e-b0e8a8600195 None None] Loaded extension: router
May 09 09:07:45.103834 np0000173026 devstack@neutron-api.service[103990]: DEBUG neutron.api.extensions [None req-69ce528d-18d2-48c4-819e-b0e8a8600195 None None] Loading extension file: l3_conntrack_helper.py {{(pid=103990) _load_all_extensions_from_path /opt/stack/neutron/neutron/api/extensions.py:449}}
May 09 09:07:45.103860 np0000173026 devstack@neutron-api.service[103991]: DEBUG neutron.api.extensions [None req-d345a246-43e0-41d1-a395-9ffb97b40525 None None] Loading extension file: address_scope.py {{(pid=103991) _load_all_extensions_from_path /opt/stack/neutron/neutron/api/extensions.py:449}}
May 09 09:07:45.103922 np0000173026 devstack@neutron-api.service[103989]: DEBUG neutron.quota.resource_registry [None req-2c5b01ab-18bf-4651-a491-7e498c6e2b89 None None] Tracking information for resource: router configured {{(pid=103989) set_tracked_resource /opt/stack/neutron/neutron/quota/resource_registry.py:203}}
May 09 09:07:45.104021 np0000173026 devstack@neutron-api.service[103989]: DEBUG neutron.quota.resource_registry [None req-2c5b01ab-18bf-4651-a491-7e498c6e2b89 None None] Tracking information for resource: floatingip configured {{(pid=103989) set_tracked_resource /opt/stack/neutron/neutron/quota/resource_registry.py:203}}
May 09 09:07:45.104113 np0000173026 devstack@neutron-api.service[103989]: INFO neutron.services.ovn_l3.plugin [None req-2c5b01ab-18bf-4651-a491-7e498c6e2b89 None None] Starting OVNL3RouterPlugin
May 09 09:07:45.104223 np0000173026 devstack@neutron-api.service[103991]: DEBUG neutron.api.extensions [None req-d345a246-43e0-41d1-a395-9ffb97b40525 None None] Ext name="Address scope" alias="address-scope" description="Address scopes extension." updated="2015-07-26T10:00:00-00:00" {{(pid=103991) _check_extension /opt/stack/neutron/neutron/api/extensions.py:415}}
May 09 09:07:45.104354 np0000173026 devstack@neutron-api.service[103989]: DEBUG neutron_lib.callbacks.manager [None req-2c5b01ab-18bf-4651-a491-7e498c6e2b89 None None] Subscribe: > port_forwarding_plugin after_init 55550000, False {{(pid=103989) subscribe /opt/stack/data/venv/lib/python3.12/site-packages/neutron_lib/callbacks/manager.py:52}}
May 09 09:07:45.104472 np0000173026 devstack@neutron-api.service[103991]: INFO neutron.api.extensions [None req-d345a246-43e0-41d1-a395-9ffb97b40525 None None] Loaded extension: address-scope
May 09 09:07:45.104515 np0000173026 devstack@neutron-api.service[103990]: DEBUG neutron.api.extensions [None req-69ce528d-18d2-48c4-819e-b0e8a8600195 None None] Ext name="L3 Conntrack helper" alias="l3-conntrack-helper" description="Allow adding CT target rules for conntrack helper" updated="2019-04-04T10:00:00-00:00" {{(pid=103990) _check_extension /opt/stack/neutron/neutron/api/extensions.py:415}}
May 09 09:07:45.104545 np0000173026 devstack@neutron-api.service[103989]: DEBUG neutron_lib.callbacks.manager [None req-2c5b01ab-18bf-4651-a491-7e498c6e2b89 None None] Subscribe: > router before_create 55550100, False {{(pid=103989) subscribe /opt/stack/data/venv/lib/python3.12/site-packages/neutron_lib/callbacks/manager.py:52}}
May 09 09:07:45.104606 np0000173026 devstack@neutron-api.service[103991]: DEBUG neutron.api.extensions [None req-d345a246-43e0-41d1-a395-9ffb97b40525 None None] Loading extension file: admin_state_down_before_update.py {{(pid=103991) _load_all_extensions_from_path /opt/stack/neutron/neutron/api/extensions.py:449}}
May 09 09:07:45.104643 np0000173026 devstack@neutron-api.service[103990]: INFO neutron.api.extensions [None req-69ce528d-18d2-48c4-819e-b0e8a8600195 None None] Extension l3-conntrack-helper not supported by any of loaded plugins
May 09 09:07:45.104674 np0000173026 devstack@neutron-api.service[103989]: DEBUG neutron_lib.callbacks.manager [None req-2c5b01ab-18bf-4651-a491-7e498c6e2b89 None None] Subscribe: > router precommit_delete 55550100, False {{(pid=103989) subscribe /opt/stack/data/venv/lib/python3.12/site-packages/neutron_lib/callbacks/manager.py:52}}
May 09 09:07:45.104756 np0000173026 devstack@neutron-api.service[103990]: DEBUG neutron.api.extensions [None req-69ce528d-18d2-48c4-819e-b0e8a8600195 None None] Loading extension file: l3_enable_default_route_bfd.py {{(pid=103990) _load_all_extensions_from_path /opt/stack/neutron/neutron/api/extensions.py:449}}
May 09 09:07:45.104793 np0000173026 devstack@neutron-api.service[103989]: DEBUG neutron_lib.callbacks.manager [None req-2c5b01ab-18bf-4651-a491-7e498c6e2b89 None None] Subscribe: > router precommit_create 55550100, False {{(pid=103989) subscribe /opt/stack/data/venv/lib/python3.12/site-packages/neutron_lib/callbacks/manager.py:52}}
May 09 09:07:45.104891 np0000173026 devstack@neutron-api.service[103989]: DEBUG neutron_lib.callbacks.manager [None req-2c5b01ab-18bf-4651-a491-7e498c6e2b89 None None] Subscribe: > router precommit_update 55550100, False {{(pid=103989) subscribe /opt/stack/data/venv/lib/python3.12/site-packages/neutron_lib/callbacks/manager.py:52}}
May 09 09:07:45.104949 np0000173026 devstack@neutron-api.service[103991]: DEBUG neutron.api.extensions [None req-d345a246-43e0-41d1-a395-9ffb97b40525 None None] Ext name="Enforce Router's Admin State Down Before Update Extension" alias="router-admin-state-down-before-update" description="Ensure that the admin state of a router is DOWN (admin_state_up=False) before updating the distributed attribute" updated="2019-07-02T15:56:00" {{(pid=103991) _check_extension /opt/stack/neutron/neutron/api/extensions.py:415}}
