Jul 22 07:31:10.066726 np0000186155 devstack@neutron-api.service[101672]: DEBUG ovsdbapp.backend.ovs_idl.transaction [None req-de7592fb-9c6a-4799-bd5c-13f6eb50bdd1 None None] Running txn n=1 command(idx=1): SetLSwitchPortCommand(_result=None, lport=c10ed7f8-bfba-45f7-8cea-10907049743e, external_ids_update=None, columns={'external_ids': {'neutron:port_name': '', 'neutron:device_id': 'manila-admin-share', 'neutron:project_id': 'ec1f33d71aec4e1a80adeed7970718ce', 'neutron:cidrs': '10.2.5.48/24', 'neutron:device_owner': 'manila:share', 'neutron:subnet_pool_addr_scope4': '', 'neutron:subnet_pool_addr_scope6': '', 'neutron:network_name': 'neutron-f8729d47-9eb9-40c7-9fc2-87a6e867d7ed', 'neutron:security_group_ids': '', 'neutron:revision_number': '4', 'neutron:vnic_type': 'normal', 'neutron:port_capabilities': '', 'neutron:mtu': ''}, 'parent_name': [], 'options': {'requested-chassis': 'np0000186155'}, 'enabled': True, 'port_security': [], 'dhcpv4_options': [UUID('821396f5-f6f9-4b43-8d91-4c1918ffdfb6')], 'dhcpv6_options': [], 'type': '', 'addresses': ['fa:16:3e:2d:7a:28 10.2.5.48', 'unknown'], 'ha_chassis_group': [], 'tag_request': []}, if_exists=False) {{(pid=101672) do_commit /opt/stack/data/venv/lib/python3.12/site-packages/ovsdbapp/backend/ovs_idl/transaction.py:89}}
Jul 22 07:31:10.067461 np0000186155 devstack@neutron-api.service[101672]: DEBUG ovsdbapp.backend.ovs_idl.transaction [None req-de7592fb-9c6a-4799-bd5c-13f6eb50bdd1 None None] Running txn n=1 command(idx=2): PgDelPortCommand(_result=None, port_group=neutron_pg_drop, lsp=['c10ed7f8-bfba-45f7-8cea-10907049743e'], if_exists=False) {{(pid=101672) do_commit /opt/stack/data/venv/lib/python3.12/site-packages/ovsdbapp/backend/ovs_idl/transaction.py:89}}
Jul 22 07:31:10.072332 np0000186155 devstack@neutron-api.service[101672]: DEBUG neutron.plugins.ml2.drivers.ovn.mech_driver.ovsdb.ovsdb_monitor [None req-de7592fb-9c6a-4799-bd5c-13f6eb50bdd1 None None] Touching Hash Ring node "dfcefd46add056c9a7daf66a5cedffa9" from IDL notify handler {{(pid=101672) notify /opt/stack/neutron/neutron/plugins/ml2/drivers/ovn/mech_driver/ovsdb/ovsdb_monitor.py:1005}}
Jul 22 07:31:10.076327 np0000186155 devstack@neutron-api.service[101674]: DEBUG neutron.plugins.ml2.drivers.ovn.mech_driver.ovsdb.ovsdb_monitor [None req-0b2ec499-5d24-456f-bca7-35d3e140024d None None] Hash Ring: Node 7e38c63e59d752e9a7d82be393e60025 (host: np0000186155) handling event "update" for row a9c512b2-902b-4ede-b7af-cc1ffd6b5d02 (table: Port_Binding) {{(pid=101674) notify /opt/stack/neutron/neutron/plugins/ml2/drivers/ovn/mech_driver/ovsdb/ovsdb_monitor.py:1013}}
Jul 22 07:31:10.081134 np0000186155 devstack@neutron-api.service[101672]: DEBUG neutron.plugins.ml2.drivers.ovn.mech_driver.ovsdb.ovsdb_monitor [None req-de7592fb-9c6a-4799-bd5c-13f6eb50bdd1 None None] Hash Ring: Node dfcefd46add056c9a7daf66a5cedffa9 (host: np0000186155) handling event "update" for row 9a4c94f0-088c-4722-8002-9dad964b55bf (table: Logical_Switch_Port) {{(pid=101672) notify /opt/stack/neutron/neutron/plugins/ml2/drivers/ovn/mech_driver/ovsdb/ovsdb_monitor.py:1013}}
Jul 22 07:31:10.114052 np0000186155 devstack@neutron-api.service[101672]: INFO neutron.db.ovn_revision_numbers_db [None req-0f88f286-8a67-4ad9-bd1f-fbc41874418f None None] Successfully bumped revision number for resource c10ed7f8-bfba-45f7-8cea-10907049743e (type: ports) to 4
Jul 22 07:31:10.118018 np0000186155 devstack@neutron-api.service[101672]: DEBUG neutron_lib.callbacks.manager [None req-0f88f286-8a67-4ad9-bd1f-fbc41874418f None None] Publish callbacks ['neutron.plugins.ml2.ovo_rpc._ObjectChangeHandler.handle_event-2353478', 'neutron.services.ovn_l3.plugin.OVNL3RouterPlugin._port_update-8581351532244'] for port (c10ed7f8-bfba-45f7-8cea-10907049743e), after_update {{(pid=101672) _notify_loop /opt/stack/data/venv/lib/python3.12/site-packages/neutron_lib/callbacks/manager.py:184}}
Jul 22 07:31:10.141985 np0000186155 devstack@neutron-api.service[101672]: DEBUG neutron.api.rpc.handlers.resources_rpc [None req-312eaada-a34c-42e6-bea2-9e1781f77f01 None None] Pushing event updated for resources: {'Port': ['ID=c10ed7f8-bfba-45f7-8cea-10907049743e,revision_number=4']} {{(pid=101672) push /opt/stack/neutron/neutron/api/rpc/handlers/resources_rpc.py:237}}
Jul 22 07:31:10.165477 np0000186155 devstack@neutron-api.service[101672]: DEBUG ovsdbapp.backend.ovs_idl.transaction [None req-de7592fb-9c6a-4799-bd5c-13f6eb50bdd1 None None] Running txn n=1 command(idx=0): DbSetCommand(_result=None, table=Logical_Switch_Port, record=c10ed7f8-bfba-45f7-8cea-10907049743e, col_values=(('external_ids', {'neutron:host_id': 'np0000186155'}),), if_exists=True) {{(pid=101672) do_commit /opt/stack/data/venv/lib/python3.12/site-packages/ovsdbapp/backend/ovs_idl/transaction.py:89}}
Jul 22 07:31:10.170893 np0000186155 devstack@neutron-api.service[101672]: DEBUG neutron.plugins.ml2.drivers.ovn.mech_driver.ovsdb.ovsdb_monitor [None req-de7592fb-9c6a-4799-bd5c-13f6eb50bdd1 None None] Touching Hash Ring node "dfcefd46add056c9a7daf66a5cedffa9" from IDL notify handler {{(pid=101672) notify /opt/stack/neutron/neutron/plugins/ml2/drivers/ovn/mech_driver/ovsdb/ovsdb_monitor.py:1005}}
Jul 22 07:31:10.173941 np0000186155 devstack@neutron-api.service[101674]: DEBUG neutron.plugins.ml2.drivers.ovn.mech_driver.ovsdb.ovsdb_monitor [None req-0b2ec499-5d24-456f-bca7-35d3e140024d None None] Hash Ring: Node 7e38c63e59d752e9a7d82be393e60025 (host: np0000186155) handling event "update" for row a9c512b2-902b-4ede-b7af-cc1ffd6b5d02 (table: Port_Binding) {{(pid=101674) notify /opt/stack/neutron/neutron/plugins/ml2/drivers/ovn/mech_driver/ovsdb/ovsdb_monitor.py:1013}}
Jul 22 07:31:10.177639 np0000186155 devstack@neutron-api.service[101672]: DEBUG neutron.plugins.ml2.drivers.ovn.mech_driver.ovsdb.ovsdb_monitor [None req-de7592fb-9c6a-4799-bd5c-13f6eb50bdd1 None None] Hash Ring: Node dfcefd46add056c9a7daf66a5cedffa9 (host: np0000186155) handling event "update" for row 9a4c94f0-088c-4722-8002-9dad964b55bf (table: Logical_Switch_Port) {{(pid=101672) notify /opt/stack/neutron/neutron/plugins/ml2/drivers/ovn/mech_driver/ovsdb/ovsdb_monitor.py:1013}}
Jul 22 07:31:10.216097 np0000186155 devstack@neutron-api.service[101672]: DEBUG neutron.pecan_wsgi.hooks.policy_enforcement [None req-9f5c4ab8-4df9-4e7e-86dd-9d2cca771b75 service manila] Attributes excluded by policy engine: ['standard_attr_id', 'shared'] {{(pid=101672) _exclude_attributes_by_policy /opt/stack/neutron/neutron/pecan_wsgi/hooks/policy_enforcement.py:259}}
Jul 22 07:31:10.217067 np0000186155 devstack@neutron-api.service[101672]: [pid: 101672|app: 0|req: 26/105] 199.204.45.4 () {64 vars in 1353 bytes} [Wed Jul 22 07:31:10 2026] GET /networking/v2.0/subnets/8f04ba2f-ae84-4e2e-ad5a-0bdc3d24a3f5 => generated 625 bytes in 17 msecs (HTTP/1.1 200) 4 headers in 157 bytes (1 switches on core 0)
Jul 22 07:31:10.697817 np0000186155 devstack@neutron-api.service[101674]: DEBUG neutron.pecan_wsgi.hooks.policy_enforcement [None req-b7e2bc2d-2261-4a73-9df9-520c91ddbc6f service manila] Attributes excluded by policy engine: ['standard_attr_id'] {{(pid=101674) _exclude_attributes_by_policy /opt/stack/neutron/neutron/pecan_wsgi/hooks/policy_enforcement.py:259}}
Jul 22 07:31:10.700202 np0000186155 devstack@neutron-api.service[101674]: [pid: 101674|app: 0|req: 28/106] 199.204.45.4 () {64 vars in 1355 bytes} [Wed Jul 22 07:31:10 2026] GET /networking/v2.0/ports?device_id=manila-admin-share&binding%3Ahost_id=np0000186155 => generated 930 bytes in 38 msecs (HTTP/1.1 200) 4 headers in 157 bytes (1 switches on core 0)
Jul 22 07:31:10.981728 np0000186155 devstack@neutron-api.service[101675]: DEBUG neutron.pecan_wsgi.hooks.policy_enforcement [None req-237df1fc-9829-438c-8777-00ca70d8fa86 service manila] Attributes excluded by policy engine: ['standard_attr_id', 'shared'] {{(pid=101675) _exclude_attributes_by_policy /opt/stack/neutron/neutron/pecan_wsgi/hooks/policy_enforcement.py:259}}
Jul 22 07:31:10.982802 np0000186155 devstack@neutron-api.service[101675]: [pid: 101675|app: 0|req: 27/107] 199.204.45.4 () {64 vars in 1353 bytes} [Wed Jul 22 07:31:10 2026] GET /networking/v2.0/subnets/8f04ba2f-ae84-4e2e-ad5a-0bdc3d24a3f5 => generated 625 bytes in 29 msecs (HTTP/1.1 200) 4 headers in 157 bytes (1 switches on core 0)
Jul 22 07:31:12.345818 np0000186155 devstack@neutron-api.service[101674]: DEBUG ovsdbapp.backend.ovs_idl.event [None req-0b2ec499-5d24-456f-bca7-35d3e140024d None None] Matched UPDATE: ChassisOVNAgentWriteEvent(events=('create', 'update'), table='Chassis_Private', conditions=None, old_conditions=None), priority=20 to row=Chassis_Private(uuid=e4685dca-5446-4453-911b-6f532a53c28b, chassis=90e326e4-9e33-4371-aca3-5a3c70715fb8, external_ids={'neutron:ovn-bridge': 'br-int', 'neutron:ovn-neutron-agent-id': '9f830bdc-6c0f-5eee-b100-5b5a4bf7f90d', 'neutron:ovn-neutron-agent-sb-cfg': '3'}, name='fe32719d-28a7-4814-af28-5d888b454126', nb_cfg=3, nb_cfg_timestamp=1784705462331) old=Chassis_Private(uuid=e4685dca-5446-4453-911b-6f532a53c28b, external_ids={'neutron:ovn-bridge': 'br-int', 'neutron:ovn-neutron-agent-id': '9f830bdc-6c0f-5eee-b100-5b5a4bf7f90d', 'neutron:ovn-neutron-agent-sb-cfg': '2'}) {{(pid=101674) matches /opt/stack/data/venv/lib/python3.12/site-packages/ovsdbapp/backend/ovs_idl/event.py:55}}
Jul 22 07:31:12.347012 np0000186155 devstack@neutron-api.service[101675]: DEBUG ovsdbapp.backend.ovs_idl.event [None req-ddf21c69-9ffa-4f14-bbab-4fe5076aa502 None None] Matched UPDATE: ChassisOVNAgentWriteEvent(events=('create', 'update'), table='Chassis_Private', conditions=None, old_conditions=None), priority=20 to row=Chassis_Private(uuid=e4685dca-5446-4453-911b-6f532a53c28b, chassis=90e326e4-9e33-4371-aca3-5a3c70715fb8, external_ids={'neutron:ovn-bridge': 'br-int', 'neutron:ovn-neutron-agent-id': '9f830bdc-6c0f-5eee-b100-5b5a4bf7f90d', 'neutron:ovn-neutron-agent-sb-cfg': '3'}, name='fe32719d-28a7-4814-af28-5d888b454126', nb_cfg=3, nb_cfg_timestamp=1784705462331) old=Chassis_Private(uuid=e4685dca-5446-4453-911b-6f532a53c28b, external_ids={'neutron:ovn-bridge': 'br-int', 'neutron:ovn-neutron-agent-id': '9f830bdc-6c0f-5eee-b100-5b5a4bf7f90d', 'neutron:ovn-neutron-agent-sb-cfg': '2'}) {{(pid=101675) matches /opt/stack/data/venv/lib/python3.12/site-packages/ovsdbapp/backend/ovs_idl/event.py:55}}
Jul 22 07:31:12.348529 np0000186155 devstack@neutron-api.service[101673]: DEBUG ovsdbapp.backend.ovs_idl.event [None req-cac0e221-5d9d-4d67-8d14-f208f78600df None None] Matched UPDATE: ChassisOVNAgentWriteEvent(events=('create', 'update'), table='Chassis_Private', conditions=None, old_conditions=None), priority=20 to row=Chassis_Private(uuid=e4685dca-5446-4453-911b-6f532a53c28b, chassis=90e326e4-9e33-4371-aca3-5a3c70715fb8, external_ids={'neutron:ovn-bridge': 'br-int', 'neutron:ovn-neutron-agent-id': '9f830bdc-6c0f-5eee-b100-5b5a4bf7f90d', 'neutron:ovn-neutron-agent-sb-cfg': '3'}, name='fe32719d-28a7-4814-af28-5d888b454126', nb_cfg=3, nb_cfg_timestamp=1784705462331) old=Chassis_Private(uuid=e4685dca-5446-4453-911b-6f532a53c28b, external_ids={'neutron:ovn-bridge': 'br-int', 'neutron:ovn-neutron-agent-id': '9f830bdc-6c0f-5eee-b100-5b5a4bf7f90d', 'neutron:ovn-neutron-agent-sb-cfg': '2'}) {{(pid=101673) matches /opt/stack/data/venv/lib/python3.12/site-packages/ovsdbapp/backend/ovs_idl/event.py:55}}
Jul 22 07:31:12.348824 np0000186155 devstack@neutron-api.service[101672]: DEBUG ovsdbapp.backend.ovs_idl.event [None req-854c3f67-2729-4242-9b4d-d927e82290f5 None None] Matched UPDATE: ChassisOVNAgentWriteEvent(events=('create', 'update'), table='Chassis_Private', conditions=None, old_conditions=None), priority=20 to row=Chassis_Private(uuid=e4685dca-5446-4453-911b-6f532a53c28b, chassis=90e326e4-9e33-4371-aca3-5a3c70715fb8, external_ids={'neutron:ovn-bridge': 'br-int', 'neutron:ovn-neutron-agent-id': '9f830bdc-6c0f-5eee-b100-5b5a4bf7f90d', 'neutron:ovn-neutron-agent-sb-cfg': '3'}, name='fe32719d-28a7-4814-af28-5d888b454126', nb_cfg=3, nb_cfg_timestamp=1784705462331) old=Chassis_Private(uuid=e4685dca-5446-4453-911b-6f532a53c28b, external_ids={'neutron:ovn-bridge': 'br-int', 'neutron:ovn-neutron-agent-id': '9f830bdc-6c0f-5eee-b100-5b5a4bf7f90d', 'neutron:ovn-neutron-agent-sb-cfg': '2'}) {{(pid=101672) matches /opt/stack/data/venv/lib/python3.12/site-packages/ovsdbapp/backend/ovs_idl/event.py:55}}
Jul 22 07:31:12.354302 np0000186155 devstack@neutron-api.service[101673]: DEBUG neutron.plugins.ml2.drivers.ovn.mech_driver.ovsdb.ovsdb_monitor [None req-cac0e221-5d9d-4d67-8d14-f208f78600df None None] Hash Ring: Node c1ace1d2eec257cfa199c544b3ef8fb6 (host: np0000186155) handling event "update" for row e4685dca-5446-4453-911b-6f532a53c28b (table: Chassis_Private) {{(pid=101673) notify /opt/stack/neutron/neutron/plugins/ml2/drivers/ovn/mech_driver/ovsdb/ovsdb_monitor.py:1013}}
Jul 22 07:31:14.863835 np0000186155 devstack@neutron-api.service[101674]: DEBUG futurist.periodics [-] Submitting periodic callback 'neutron.plugins.ml2.drivers.ovn.mech_driver.ovsdb.maintenance.HashRingHealthCheckPeriodics.touch_hash_ring_node' {{(pid=101674) _process_scheduled /opt/stack/data/venv/lib/python3.12/site-packages/futurist/periodics.py:784}}
Jul 22 07:31:14.864433 np0000186155 devstack@neutron-api.service[101674]: DEBUG neutron.plugins.ml2.drivers.ovn.mech_driver.ovsdb.maintenance [-] Touching Hash Ring node "7e38c63e59d752e9a7d82be393e60025" from periodic health check thread {{(pid=101674) touch_hash_ring_node /opt/stack/neutron/neutron/plugins/ml2/drivers/ovn/mech_driver/ovsdb/maintenance.py:1417}}
Jul 22 07:31:15.732438 np0000186155 devstack@neutron-api.service[101675]: DEBUG futurist.periodics [-] Submitting periodic callback 'neutron.plugins.ml2.drivers.ovn.mech_driver.ovsdb.maintenance.HashRingHealthCheckPeriodics.touch_hash_ring_node' {{(pid=101675) _process_scheduled /opt/stack/data/venv/lib/python3.12/site-packages/futurist/periodics.py:784}}
Jul 22 07:31:15.733134 np0000186155 devstack@neutron-api.service[101675]: DEBUG neutron.plugins.ml2.drivers.ovn.mech_driver.ovsdb.maintenance [-] Touching Hash Ring node "4a53cc17c91b59d8aa3c28a26c5fe34f" from periodic health check thread {{(pid=101675) touch_hash_ring_node /opt/stack/neutron/neutron/plugins/ml2/drivers/ovn/mech_driver/ovsdb/maintenance.py:1417}}
Jul 22 07:31:15.755193 np0000186155 devstack@neutron-api.service[101673]: DEBUG futurist.periodics [-] Submitting periodic callback 'neutron.plugins.ml2.drivers.ovn.mech_driver.ovsdb.maintenance.HashRingHealthCheckPeriodics.touch_hash_ring_node' {{(pid=101673) _process_scheduled /opt/stack/data/venv/lib/python3.12/site-packages/futurist/periodics.py:784}}
Jul 22 07:31:15.755809 np0000186155 devstack@neutron-api.service[101673]: DEBUG neutron.plugins.ml2.drivers.ovn.mech_driver.ovsdb.maintenance [-] Touching Hash Ring node "c1ace1d2eec257cfa199c544b3ef8fb6" from periodic health check thread {{(pid=101673) touch_hash_ring_node /opt/stack/neutron/neutron/plugins/ml2/drivers/ovn/mech_driver/ovsdb/maintenance.py:1417}}
Jul 22 07:31:15.770455 np0000186155 devstack@neutron-api.service[101672]: DEBUG futurist.periodics [-] Submitting periodic callback 'neutron.plugins.ml2.drivers.ovn.mech_driver.ovsdb.maintenance.HashRingHealthCheckPeriodics.touch_hash_ring_node' {{(pid=101672) _process_scheduled /opt/stack/data/venv/lib/python3.12/site-packages/futurist/periodics.py:784}}
Jul 22 07:31:15.771079 np0000186155 devstack@neutron-api.service[101672]: DEBUG neutron.plugins.ml2.drivers.ovn.mech_driver.ovsdb.maintenance [-] Touching Hash Ring node "dfcefd46add056c9a7daf66a5cedffa9" from periodic health check thread {{(pid=101672) touch_hash_ring_node /opt/stack/neutron/neutron/plugins/ml2/drivers/ovn/mech_driver/ovsdb/maintenance.py:1417}}
Jul 22 07:31:24.875276 np0000186155 devstack@neutron-api.service[101674]: DEBUG dbcounter [-] [101674] Writing DB stats neutron:UPDATE=7,neutron:SELECT=37 {{(pid=101674) stat_writer /opt/stack/data/venv/lib/python3.12/site-packages/dbcounter.py:115}}
Jul 22 07:31:25.097467 np0000186155 devstack@neutron-api.service[101673]: [pid: 101673|app: 0|req: 27/108] 199.204.45.4 () {62 vars in 1045 bytes} [Wed Jul 22 07:31:25 2026] GET /networking => generated 128 bytes in 3 msecs (HTTP/1.1 200) 3 headers in 91 bytes (1 switches on core 0)
Jul 22 07:31:25.190957 np0000186155 devstack@neutron-api.service[101672]: DEBUG neutron.pecan_wsgi.hooks.policy_enforcement [None req-2038ca29-56ae-40f0-94a7-938abfd2727d demo demo] Attributes excluded by policy engine: ['standard_attr_id', 'provider:network_type', 'provider:physical_network', 'provider:segmentation_id'] {{(pid=101672) _exclude_attributes_by_policy /opt/stack/neutron/neutron/pecan_wsgi/hooks/policy_enforcement.py:259}}
Jul 22 07:31:25.192347 np0000186155 devstack@neutron-api.service[101672]: [pid: 101672|app: 0|req: 27/109] 199.204.45.4 () {64 vars in 1334 bytes} [Wed Jul 22 07:31:25 2026] GET /networking/v2.0/networks?router%3Aexternal=True => generated 659 bytes in 59 msecs (HTTP/1.1 200) 4 headers in 157 bytes (1 switches on core 0)
Jul 22 07:31:25.743120 np0000186155 devstack@neutron-api.service[101675]: DEBUG dbcounter [-] [101675] Writing DB stats neutron:UPDATE=9,neutron:SELECT=256,neutron:INSERT=11,neutron:DELETE=2 {{(pid=101675) stat_writer /opt/stack/data/venv/lib/python3.12/site-packages/dbcounter.py:115}}
Jul 22 07:31:25.765940 np0000186155 devstack@neutron-api.service[101673]: DEBUG dbcounter [-] [101673] Writing DB stats neutron:UPDATE=13,neutron:SELECT=183,neutron:INSERT=11,neutron:DELETE=2 {{(pid=101673) stat_writer /opt/stack/data/venv/lib/python3.12/site-packages/dbcounter.py:115}}
Jul 22 07:31:29.866396 np0000186155 devstack@neutron-api.service[101674]: DEBUG futurist.periodics [-] Submitting periodic callback 'neutron.plugins.ml2.drivers.ovn.mech_driver.ovsdb.maintenance.HashRingHealthCheckPeriodics.touch_hash_ring_node' {{(pid=101674) _process_scheduled /opt/stack/data/venv/lib/python3.12/site-packages/futurist/periodics.py:784}}
Jul 22 07:31:29.866396 np0000186155 devstack@neutron-api.service[101674]: DEBUG neutron.plugins.ml2.drivers.ovn.mech_driver.ovsdb.maintenance [-] Touching Hash Ring node "7e38c63e59d752e9a7d82be393e60025" from periodic health check thread {{(pid=101674) touch_hash_ring_node /opt/stack/neutron/neutron/plugins/ml2/drivers/ovn/mech_driver/ovsdb/maintenance.py:1417}}
Jul 22 07:31:30.116311 np0000186155 devstack@neutron-api.service[101674]: [pid: 101674|app: 0|req: 29/110] 199.204.45.4 () {62 vars in 1045 bytes} [Wed Jul 22 07:31:30 2026] GET /networking => generated 128 bytes in 3 msecs (HTTP/1.1 200) 3 headers in 91 bytes (1 switches on core 0)
Jul 22 07:31:30.206160 np0000186155 devstack@neutron-api.service[101675]: DEBUG neutron.pecan_wsgi.hooks.policy_enforcement [None req-1007b25b-bbc4-4b71-b57b-9c7fb928b34e demo demo] Attributes excluded by policy engine: ['standard_attr_id', 'provider:network_type', 'provider:physical_network', 'provider:segmentation_id'] {{(pid=101675) _exclude_attributes_by_policy /opt/stack/neutron/neutron/pecan_wsgi/hooks/policy_enforcement.py:259}}
Jul 22 07:31:30.207614 np0000186155 devstack@neutron-api.service[101675]: [pid: 101675|app: 0|req: 28/111] 199.204.45.4 () {64 vars in 1334 bytes} [Wed Jul 22 07:31:30 2026] GET /networking/v2.0/networks?router%3Aexternal=True => generated 659 bytes in 55 msecs (HTTP/1.1 200) 4 headers in 157 bytes (1 switches on core 0)
Jul 22 07:31:30.733709 np0000186155 devstack@neutron-api.service[101675]: DEBUG futurist.periodics [-] Submitting periodic callback 'neutron.plugins.ml2.drivers.ovn.mech_driver.ovsdb.maintenance.HashRingHealthCheckPeriodics.touch_hash_ring_node' {{(pid=101675) _process_scheduled /opt/stack/data/venv/lib/python3.12/site-packages/futurist/periodics.py:784}}
Jul 22 07:31:30.734368 np0000186155 devstack@neutron-api.service[101675]: DEBUG neutron.plugins.ml2.drivers.ovn.mech_driver.ovsdb.maintenance [-] Touching Hash Ring node "4a53cc17c91b59d8aa3c28a26c5fe34f" from periodic health check thread {{(pid=101675) touch_hash_ring_node /opt/stack/neutron/neutron/plugins/ml2/drivers/ovn/mech_driver/ovsdb/maintenance.py:1417}}
Jul 22 07:31:30.760417 np0000186155 devstack@neutron-api.service[101673]: DEBUG futurist.periodics [-] Submitting periodic callback 'neutron.plugins.ml2.drivers.ovn.mech_driver.ovsdb.maintenance.HashRingHealthCheckPeriodics.touch_hash_ring_node' {{(pid=101673) _process_scheduled /opt/stack/data/venv/lib/python3.12/site-packages/futurist/periodics.py:784}}
Jul 22 07:31:30.762100 np0000186155 devstack@neutron-api.service[101673]: DEBUG neutron.plugins.ml2.drivers.ovn.mech_driver.ovsdb.maintenance [-] Touching Hash Ring node "c1ace1d2eec257cfa199c544b3ef8fb6" from periodic health check thread {{(pid=101673) touch_hash_ring_node /opt/stack/neutron/neutron/plugins/ml2/drivers/ovn/mech_driver/ovsdb/maintenance.py:1417}}
Jul 22 07:31:30.772435 np0000186155 devstack@neutron-api.service[101672]: DEBUG futurist.periodics [-] Submitting periodic callback 'neutron.plugins.ml2.drivers.ovn.mech_driver.ovsdb.maintenance.HashRingHealthCheckPeriodics.touch_hash_ring_node' {{(pid=101672) _process_scheduled /opt/stack/data/venv/lib/python3.12/site-packages/futurist/periodics.py:784}}
Jul 22 07:31:30.773633 np0000186155 devstack@neutron-api.service[101672]: DEBUG neutron.plugins.ml2.drivers.ovn.mech_driver.ovsdb.maintenance [-] Touching Hash Ring node "dfcefd46add056c9a7daf66a5cedffa9" from periodic health check thread {{(pid=101672) touch_hash_ring_node /opt/stack/neutron/neutron/plugins/ml2/drivers/ovn/mech_driver/ovsdb/maintenance.py:1417}}
Jul 22 07:31:38.664870 np0000186155 devstack@neutron-api.service[101673]: [pid: 101673|app: 0|req: 28/112] 199.204.45.4 () {62 vars in 1056 bytes} [Wed Jul 22 07:31:38 2026] GET /networking => generated 128 bytes in 3 msecs (HTTP/1.1 200) 3 headers in 91 bytes (1 switches on core 0)
Jul 22 07:31:38.754828 np0000186155 devstack@neutron-api.service[101672]: DEBUG neutron.pecan_wsgi.hooks.policy_enforcement [None req-b7369a9b-248f-4360-ad82-2e000869c4ad demo demo] Attributes excluded by policy engine: ['standard_attr_id', 'provider:network_type', 'provider:physical_network', 'provider:segmentation_id'] {{(pid=101672) _exclude_attributes_by_policy /opt/stack/neutron/neutron/pecan_wsgi/hooks/policy_enforcement.py:259}}
Jul 22 07:31:38.756659 np0000186155 devstack@neutron-api.service[101672]: [pid: 101672|app: 0|req: 28/113] 199.204.45.4 () {64 vars in 1369 bytes} [Wed Jul 22 07:31:38 2026] GET /networking/v2.0/networks?name=public&router%3Aexternal=True => generated 659 bytes in 59 msecs (HTTP/1.1 200) 4 headers in 157 bytes (1 switches on core 0)
Jul 22 07:31:39.875315 np0000186155 devstack@neutron-api.service[101674]: DEBUG dbcounter [-] [101674] Writing DB stats neutron:UPDATE=1,neutron:SELECT=1 {{(pid=101674) stat_writer /opt/stack/data/venv/lib/python3.12/site-packages/dbcounter.py:115}}
Jul 22 07:31:40.752179 np0000186155 devstack@neutron-api.service[101675]: DEBUG dbcounter [-] [101675] Writing DB stats neutron:SELECT=18,neutron:UPDATE=1 {{(pid=101675) stat_writer /opt/stack/data/venv/lib/python3.12/site-packages/dbcounter.py:115}}
Jul 22 07:31:40.774148 np0000186155 devstack@neutron-api.service[101673]: DEBUG dbcounter [-] [101673] Writing DB stats neutron:UPDATE=1,neutron:SELECT=1 {{(pid=101673) stat_writer /opt/stack/data/venv/lib/python3.12/site-packages/dbcounter.py:115}}
Jul 22 07:31:40.961783 np0000186155 devstack@neutron-api.service[101674]: [pid: 101674|app: 0|req: 30/114] 199.204.45.4 () {64 vars in 1255 bytes} [Wed Jul 22 07:31:40 2026] GET /networking/ => generated 128 bytes in 2 msecs (HTTP/1.1 200) 3 headers in 91 bytes (1 switches on core 0)
Jul 22 07:31:41.098207 np0000186155 devstack@neutron-api.service[101675]: DEBUG neutron.pecan_wsgi.hooks.policy_enforcement [None req-a41d88c1-6742-4021-b375-e1c30d35002d demo demo] Attributes excluded by policy engine: ['standard_attr_id', 'provider:network_type', 'provider:physical_network', 'provider:segmentation_id'] {{(pid=101675) _exclude_attributes_by_policy /opt/stack/neutron/neutron/pecan_wsgi/hooks/policy_enforcement.py:259}}
Jul 22 07:31:41.099814 np0000186155 devstack@neutron-api.service[101675]: [pid: 101675|app: 0|req: 29/115] 199.204.45.4 () {64 vars in 1404 bytes} [Wed Jul 22 07:31:40 2026] GET /networking/v2.0/networks/f59759c5-00f5-442c-aa92-a4db03281d2b => generated 656 bytes in 133 msecs (HTTP/1.1 200) 4 headers in 157 bytes (1 switches on core 0)
Jul 22 07:31:41.132018 np0000186155 devstack@neutron-api.service[101673]: [pid: 101673|app: 0|req: 29/116] 199.204.45.4 () {64 vars in 1398 bytes} [Wed Jul 22 07:31:41 2026] GET /networking/v2.0/networks?name=k8s-clusterapi-cluster-magnum-system-kube-jw4b7 => generated 15 bytes in 25 msecs (HTTP/1.1 200) 4 headers in 156 bytes (1 switches on core 0)
Jul 22 07:31:41.142678 np0000186155 devstack@neutron-api.service[101672]: DEBUG neutron.api.v2.base [None req-58d3f6a1-8c17-4a9a-bc7c-82d770ac3aa8 demo demo] Request body: {'network': {'admin_state_up': True, 'name': 'k8s-clusterapi-cluster-magnum-system-kube-jw4b7'}} {{(pid=101672) prepare_request_body /opt/stack/neutron/neutron/api/v2/base.py:727}}
Jul 22 07:31:41.159106 np0000186155 devstack@neutron-api.service[101672]: DEBUG neutron.pecan_wsgi.hooks.quota_enforcement [None req-58d3f6a1-8c17-4a9a-bc7c-82d770ac3aa8 demo demo] Made reservation on behalf of 5c8ee5107af54e62a55c53b29a04a54d for: {'network': 1} {{(pid=101672) before /opt/stack/neutron/neutron/pecan_wsgi/hooks/quota_enforcement.py:66}}
Jul 22 07:31:41.162302 np0000186155 devstack@neutron-api.service[101672]: DEBUG neutron_lib.callbacks.manager [None req-58d3f6a1-8c17-4a9a-bc7c-82d770ac3aa8 demo demo] Publish callbacks ['neutron.plugins.ml2.plugin.SecurityGroupDbMixin._ensure_default_security_group_handler-392651'] for network (None), before_create {{(pid=101672) _notify_loop /opt/stack/data/venv/lib/python3.12/site-packages/neutron_lib/callbacks/manager.py:184}}
Jul 22 07:31:41.167785 np0000186155 devstack@neutron-api.service[101672]: DEBUG neutron_lib.callbacks.manager [None req-58d3f6a1-8c17-4a9a-bc7c-82d770ac3aa8 demo demo] Publish callbacks [] for security_group (None), before_create {{(pid=101672) _notify_loop /opt/stack/data/venv/lib/python3.12/site-packages/neutron_lib/callbacks/manager.py:184}}
Jul 22 07:31:41.219968 np0000186155 devstack@neutron-api.service[101672]: DEBUG neutron_lib.callbacks.manager [None req-58d3f6a1-8c17-4a9a-bc7c-82d770ac3aa8 demo demo] Publish callbacks ['neutron.plugins.ml2.drivers.ovn.mech_driver.mech_driver.OVNMechanismDriver._create_security_group_precommit-852157'] for security_group (108009da-399a-4541-9af5-54af1c591850), precommit_create {{(pid=101672) _notify_loop /opt/stack/data/venv/lib/python3.12/site-packages/neutron_lib/callbacks/manager.py:184}}
Jul 22 07:31:41.220202 np0000186155 devstack@neutron-api.service[101672]: DEBUG neutron.db.ovn_revision_numbers_db [None req-58d3f6a1-8c17-4a9a-bc7c-82d770ac3aa8 demo demo] create_initial_revision uuid=108009da-399a-4541-9af5-54af1c591850, type=security_groups, rev=-1 {{(pid=101672) create_initial_revision /opt/stack/neutron/neutron/db/ovn_revision_numbers_db.py:98}}
Jul 22 07:31:41.221292 np0000186155 devstack@neutron-api.service[101672]: DEBUG neutron.db.ovn_revision_numbers_db [None req-58d3f6a1-8c17-4a9a-bc7c-82d770ac3aa8 demo demo] create_initial_revision uuid=3cb7775e-a3c0-4e5e-8887-9b521253394f, type=security_group_rules, rev=-1 {{(pid=101672) create_initial_revision /opt/stack/neutron/neutron/db/ovn_revision_numbers_db.py:98}}
Jul 22 07:31:41.222281 np0000186155 devstack@neutron-api.service[101672]: DEBUG neutron.db.ovn_revision_numbers_db [None req-58d3f6a1-8c17-4a9a-bc7c-82d770ac3aa8 demo demo] create_initial_revision uuid=637733cc-4fde-46fe-8637-c71d0f29a546, type=security_group_rules, rev=-1 {{(pid=101672) create_initial_revision /opt/stack/neutron/neutron/db/ovn_revision_numbers_db.py:98}}
Jul 22 07:31:41.223234 np0000186155 devstack@neutron-api.service[101672]: DEBUG neutron.db.ovn_revision_numbers_db [None req-58d3f6a1-8c17-4a9a-bc7c-82d770ac3aa8 demo demo] create_initial_revision uuid=69cc44b3-cb0e-49c1-9800-caf93cb35a60, type=security_group_rules, rev=-1 {{(pid=101672) create_initial_revision /opt/stack/neutron/neutron/db/ovn_revision_numbers_db.py:98}}
Jul 22 07:31:41.224277 np0000186155 devstack@neutron-api.service[101672]: DEBUG neutron.db.ovn_revision_numbers_db [None req-58d3f6a1-8c17-4a9a-bc7c-82d770ac3aa8 demo demo] create_initial_revision uuid=82937294-fdf5-421b-8d1d-75c3e124900f, type=security_group_rules, rev=-1 {{(pid=101672) create_initial_revision /opt/stack/neutron/neutron/db/ovn_revision_numbers_db.py:98}}
Jul 22 07:31:41.232875 np0000186155 devstack@neutron-api.service[101672]: DEBUG neutron_lib.callbacks.manager [None req-58d3f6a1-8c17-4a9a-bc7c-82d770ac3aa8 demo demo] Publish callbacks ['neutron.plugins.ml2.drivers.ovn.mech_driver.mech_driver.OVNMechanismDriver._create_security_group-852135', 'neutron.plugins.ml2.ovo_rpc._ObjectChangeHandler.handle_event-2353482'] for security_group (108009da-399a-4541-9af5-54af1c591850), after_create {{(pid=101672) _notify_loop /opt/stack/data/venv/lib/python3.12/site-packages/neutron_lib/callbacks/manager.py:184}}
Jul 22 07:31:41.233992 np0000186155 devstack@neutron-api.service[101672]: DEBUG ovsdbapp.backend.ovs_idl.transaction [None req-de7592fb-9c6a-4799-bd5c-13f6eb50bdd1 None None] Running txn n=1 command(idx=0): PgAddCommand(_result=None, name=pg_108009da_399a_4541_9af5_54af1c591850, may_exist=False, columns={'acls': [], 'external_ids': {'neutron:security_group_id': '108009da-399a-4541-9af5-54af1c591850'}}) {{(pid=101672) do_commit /opt/stack/data/venv/lib/python3.12/site-packages/ovsdbapp/backend/ovs_idl/transaction.py:89}}
Jul 22 07:31:41.234591 np0000186155 devstack@neutron-api.service[101672]: DEBUG ovsdbapp.backend.ovs_idl.transaction [None req-de7592fb-9c6a-4799-bd5c-13f6eb50bdd1 None None] Running txn n=1 command(idx=1): PgAclAddCommand(_result=None, entity=pg_108009da_399a_4541_9af5_54af1c591850, direction=from-lport, priority=1002, match=inport == @pg_108009da_399a_4541_9af5_54af1c591850 && ip4, action=allow-related, log=False, may_exist=True, severity=[], name=[], meter=[], external_ids={'neutron:security_group_rule_id': '3cb7775e-a3c0-4e5e-8887-9b521253394f'}) {{(pid=101672) do_commit /opt/stack/data/venv/lib/python3.12/site-packages/ovsdbapp/backend/ovs_idl/transaction.py:89}}
Jul 22 07:31:41.235328 np0000186155 devstack@neutron-api.service[101672]: DEBUG ovsdbapp.backend.ovs_idl.transaction [None req-de7592fb-9c6a-4799-bd5c-13f6eb50bdd1 None None] Running txn n=1 command(idx=2): PgAclAddCommand(_result=None, entity=pg_108009da_399a_4541_9af5_54af1c591850, direction=to-lport, priority=1002, match=outport == @pg_108009da_399a_4541_9af5_54af1c591850 && ip4 && ip4.src == $pg_108009da_399a_4541_9af5_54af1c591850_ip4, action=allow-related, log=False, may_exist=True, severity=[], name=[], meter=[], external_ids={'neutron:security_group_rule_id': '637733cc-4fde-46fe-8637-c71d0f29a546'}) {{(pid=101672) do_commit /opt/stack/data/venv/lib/python3.12/site-packages/ovsdbapp/backend/ovs_idl/transaction.py:89}}
Jul 22 07:31:41.235905 np0000186155 devstack@neutron-api.service[101672]: DEBUG ovsdbapp.backend.ovs_idl.transaction [None req-de7592fb-9c6a-4799-bd5c-13f6eb50bdd1 None None] Running txn n=1 command(idx=3): PgAclAddCommand(_result=None, entity=pg_108009da_399a_4541_9af5_54af1c591850, direction=to-lport, priority=1002, match=outport == @pg_108009da_399a_4541_9af5_54af1c591850 && ip6 && ip6.src == $pg_108009da_399a_4541_9af5_54af1c591850_ip6, action=allow-related, log=False, may_exist=True, severity=[], name=[], meter=[], external_ids={'neutron:security_group_rule_id': '69cc44b3-cb0e-49c1-9800-caf93cb35a60'}) {{(pid=101672) do_commit /opt/stack/data/venv/lib/python3.12/site-packages/ovsdbapp/backend/ovs_idl/transaction.py:89}}
Jul 22 07:31:41.236700 np0000186155 devstack@neutron-api.service[101672]: DEBUG ovsdbapp.backend.ovs_idl.transaction [None req-de7592fb-9c6a-4799-bd5c-13f6eb50bdd1 None None] Running txn n=1 command(idx=4): PgAclAddCommand(_result=None, entity=pg_108009da_399a_4541_9af5_54af1c591850, direction=from-lport, priority=1002, match=inport == @pg_108009da_399a_4541_9af5_54af1c591850 && ip6, action=allow-related, log=False, may_exist=True, severity=[], name=[], meter=[], external_ids={'neutron:security_group_rule_id': '82937294-fdf5-421b-8d1d-75c3e124900f'}) {{(pid=101672) do_commit /opt/stack/data/venv/lib/python3.12/site-packages/ovsdbapp/backend/ovs_idl/transaction.py:89}}
Jul 22 07:31:41.270659 np0000186155 devstack@neutron-api.service[101673]: DEBUG neutron.plugins.ml2.drivers.ovn.mech_driver.ovsdb.ovsdb_monitor [None req-dc47fb67-70c7-4e42-8be2-c95c35597e96 None None] Touching Hash Ring node "c1ace1d2eec257cfa199c544b3ef8fb6" from IDL notify handler {{(pid=101673) notify /opt/stack/neutron/neutron/plugins/ml2/drivers/ovn/mech_driver/ovsdb/ovsdb_monitor.py:1005}}
Jul 22 07:31:41.270900 np0000186155 devstack@neutron-api.service[101675]: DEBUG neutron.plugins.ml2.drivers.ovn.mech_driver.ovsdb.ovsdb_monitor [None req-5c3a12ef-1969-4b85-a9e5-8314755e0a35 None None] Touching Hash Ring node "4a53cc17c91b59d8aa3c28a26c5fe34f" from IDL notify handler {{(pid=101675) notify /opt/stack/neutron/neutron/plugins/ml2/drivers/ovn/mech_driver/ovsdb/ovsdb_monitor.py:1005}}
Jul 22 07:31:41.273966 np0000186155 devstack@neutron-api.service[101672]: DEBUG neutron.plugins.ml2.drivers.ovn.mech_driver.ovsdb.ovsdb_monitor [None req-de7592fb-9c6a-4799-bd5c-13f6eb50bdd1 None None] Touching Hash Ring node "dfcefd46add056c9a7daf66a5cedffa9" from IDL notify handler {{(pid=101672) notify /opt/stack/neutron/neutron/plugins/ml2/drivers/ovn/mech_driver/ovsdb/ovsdb_monitor.py:1005}}
Jul 22 07:31:41.278807 np0000186155 devstack@neutron-api.service[101673]: DEBUG neutron.plugins.ml2.drivers.ovn.mech_driver.ovsdb.ovsdb_monitor [None req-dc47fb67-70c7-4e42-8be2-c95c35597e96 None None] Hash Ring: Node c1ace1d2eec257cfa199c544b3ef8fb6 (host: np0000186155) handling event "create" for row 35009920-2117-4129-b11d-902638aba749 (table: ACL) {{(pid=101673) notify /opt/stack/neutron/neutron/plugins/ml2/drivers/ovn/mech_driver/ovsdb/ovsdb_monitor.py:1013}}
Jul 22 07:31:41.282012 np0000186155 devstack@neutron-api.service[101675]: DEBUG neutron.plugins.ml2.drivers.ovn.mech_driver.ovsdb.ovsdb_monitor [None req-5c3a12ef-1969-4b85-a9e5-8314755e0a35 None None] Hash Ring: Node 4a53cc17c91b59d8aa3c28a26c5fe34f (host: np0000186155) handling event "create" for row 28c9203f-0111-4fe6-81a4-800124594d81 (table: ACL) {{(pid=101675) notify /opt/stack/neutron/neutron/plugins/ml2/drivers/ovn/mech_driver/ovsdb/ovsdb_monitor.py:1013}}
Jul 22 07:31:41.282905 np0000186155 devstack@neutron-api.service[101675]: DEBUG neutron.plugins.ml2.drivers.ovn.mech_driver.ovsdb.ovsdb_monitor [None req-5c3a12ef-1969-4b85-a9e5-8314755e0a35 None None] Touching Hash Ring node "4a53cc17c91b59d8aa3c28a26c5fe34f" from IDL notify handler {{(pid=101675) notify /opt/stack/neutron/neutron/plugins/ml2/drivers/ovn/mech_driver/ovsdb/ovsdb_monitor.py:1005}}
Jul 22 07:31:41.284524 np0000186155 devstack@neutron-api.service[101672]: DEBUG neutron.plugins.ml2.drivers.ovn.mech_driver.ovsdb.ovsdb_monitor [None req-de7592fb-9c6a-4799-bd5c-13f6eb50bdd1 None None] Hash Ring: Node dfcefd46add056c9a7daf66a5cedffa9 (host: np0000186155) handling event "create" for row 9f988397-69ef-4739-a26b-a0c138c4aec5 (table: ACL) {{(pid=101672) notify /opt/stack/neutron/neutron/plugins/ml2/drivers/ovn/mech_driver/ovsdb/ovsdb_monitor.py:1013}}
Jul 22 07:31:41.286221 np0000186155 devstack@neutron-api.service[101675]: DEBUG neutron.plugins.ml2.drivers.ovn.mech_driver.ovsdb.ovsdb_monitor [None req-5c3a12ef-1969-4b85-a9e5-8314755e0a35 None None] Hash Ring: Node 4a53cc17c91b59d8aa3c28a26c5fe34f (host: np0000186155) handling event "create" for row 766ca3a1-49bf-43fa-89bc-aa41cf839499 (table: ACL) {{(pid=101675) notify /opt/stack/neutron/neutron/plugins/ml2/drivers/ovn/mech_driver/ovsdb/ovsdb_monitor.py:1013}}
Jul 22 07:31:41.287877 np0000186155 devstack@neutron-api.service[101675]: DEBUG neutron.plugins.ml2.drivers.ovn.mech_driver.ovsdb.ovsdb_monitor [None req-5c3a12ef-1969-4b85-a9e5-8314755e0a35 None None] Touching Hash Ring node "4a53cc17c91b59d8aa3c28a26c5fe34f" from IDL notify handler {{(pid=101675) notify /opt/stack/neutron/neutron/plugins/ml2/drivers/ovn/mech_driver/ovsdb/ovsdb_monitor.py:1005}}
Jul 22 07:31:41.291627 np0000186155 devstack@neutron-api.service[101675]: DEBUG neutron.plugins.ml2.drivers.ovn.mech_driver.ovsdb.ovsdb_monitor [None req-5c3a12ef-1969-4b85-a9e5-8314755e0a35 None None] Hash Ring: Node 4a53cc17c91b59d8aa3c28a26c5fe34f (host: np0000186155) handling event "create" for row dc79aab2-ea81-4a19-b9c3-aecae69f384e (table: Port_Group) {{(pid=101675) notify /opt/stack/neutron/neutron/plugins/ml2/drivers/ovn/mech_driver/ovsdb/ovsdb_monitor.py:1013}}
Jul 22 07:31:41.308891 np0000186155 devstack@neutron-api.service[101672]: INFO neutron.db.ovn_revision_numbers_db [None req-58d3f6a1-8c17-4a9a-bc7c-82d770ac3aa8 demo demo] Successfully bumped revision number for resource 108009da-399a-4541-9af5-54af1c591850 (type: security_groups) to 1
Jul 22 07:31:41.326158 np0000186155 devstack@neutron-api.service[101672]: INFO neutron.db.ovn_revision_numbers_db [None req-58d3f6a1-8c17-4a9a-bc7c-82d770ac3aa8 demo demo] Successfully bumped revision number for resource 3cb7775e-a3c0-4e5e-8887-9b521253394f (type: security_group_rules) to 0
Jul 22 07:31:41.341718 np0000186155 devstack@neutron-api.service[101672]: INFO neutron.db.ovn_revision_numbers_db [None req-58d3f6a1-8c17-4a9a-bc7c-82d770ac3aa8 demo demo] Successfully bumped revision number for resource 637733cc-4fde-46fe-8637-c71d0f29a546 (type: security_group_rules) to 0
Jul 22 07:31:41.354962 np0000186155 devstack@neutron-api.service[101672]: INFO neutron.db.ovn_revision_numbers_db [None req-58d3f6a1-8c17-4a9a-bc7c-82d770ac3aa8 demo demo] Successfully bumped revision number for resource 69cc44b3-cb0e-49c1-9800-caf93cb35a60 (type: security_group_rules) to 0
Jul 22 07:31:41.367710 np0000186155 devstack@neutron-api.service[101672]: INFO neutron.db.ovn_revision_numbers_db [None req-58d3f6a1-8c17-4a9a-bc7c-82d770ac3aa8 demo demo] Successfully bumped revision number for resource 82937294-fdf5-421b-8d1d-75c3e124900f (type: security_group_rules) to 0
Jul 22 07:31:41.402647 np0000186155 devstack@neutron-api.service[101672]: DEBUG neutron.api.rpc.handlers.resources_rpc [None req-58d3f6a1-8c17-4a9a-bc7c-82d770ac3aa8 demo demo] Pushing event updated for resources: {'SecurityGroup': ['ID=108009da-399a-4541-9af5-54af1c591850,revision_number=1']} {{(pid=101672) push /opt/stack/neutron/neutron/api/rpc/handlers/resources_rpc.py:237}}
Jul 22 07:31:41.441241 np0000186155 devstack@neutron-api.service[101672]: DEBUG neutron.plugins.ml2.drivers.helpers [None req-58d3f6a1-8c17-4a9a-bc7c-82d770ac3aa8 demo demo] geneve segment allocate from pool success with {'geneve_vni': 47215} {{(pid=101672) allocate_partially_specified_segment /opt/stack/neutron/neutron/plugins/ml2/drivers/helpers.py:142}}
Jul 22 07:31:41.448366 np0000186155 devstack@neutron-api.service[101672]: DEBUG neutron_lib.callbacks.manager [None req-58d3f6a1-8c17-4a9a-bc7c-82d770ac3aa8 demo demo] Publish callbacks ['neutron.services.segments.db._add_segment_host_mapping_for_segment-8581352876766', 'neutron.plugins.ml2.plugin.Ml2Plugin._handle_segment_change-75803'] for segment (c4a62450-b4c7-4ec2-a00f-3e53806339bf), precommit_create {{(pid=101672) _notify_loop /opt/stack/data/venv/lib/python3.12/site-packages/neutron_lib/callbacks/manager.py:184}}
Jul 22 07:31:41.448572 np0000186155 devstack@neutron-api.service[101672]: INFO neutron.db.segments_db [None req-58d3f6a1-8c17-4a9a-bc7c-82d770ac3aa8 demo demo] Added segment c4a62450-b4c7-4ec2-a00f-3e53806339bf of type geneve for network 26d3ea0c-854c-4f6d-b024-cc3f19d5c556
Jul 22 07:31:41.460389 np0000186155 devstack@neutron-api.service[101672]: DEBUG neutron_lib.callbacks.manager [None req-58d3f6a1-8c17-4a9a-bc7c-82d770ac3aa8 demo demo] Publish callbacks ['neutron.services.auto_allocate.db._ensure_external_network_default_value_callback-8581351541070'] for network (26d3ea0c-854c-4f6d-b024-cc3f19d5c556), precommit_create {{(pid=101672) _notify_loop /opt/stack/data/venv/lib/python3.12/site-packages/neutron_lib/callbacks/manager.py:184}}
Jul 22 07:31:41.469641 np0000186155 devstack@neutron-api.service[101672]: DEBUG neutron.plugins.ml2.drivers.ovn.mech_driver.mech_driver [None req-58d3f6a1-8c17-4a9a-bc7c-82d770ac3aa8 demo demo] Validating network segment with type geneve, segmentation ID 47215, physical network None {{(pid=101672) _validate_network_segments /opt/stack/neutron/neutron/plugins/ml2/drivers/ovn/mech_driver/mech_driver.py:646}}
Jul 22 07:31:41.469795 np0000186155 devstack@neutron-api.service[101672]: DEBUG neutron.db.ovn_revision_numbers_db [None req-58d3f6a1-8c17-4a9a-bc7c-82d770ac3aa8 demo demo] create_initial_revision uuid=26d3ea0c-854c-4f6d-b024-cc3f19d5c556, type=networks, rev=-1 {{(pid=101672) create_initial_revision /opt/stack/neutron/neutron/db/ovn_revision_numbers_db.py:98}}
Jul 22 07:31:41.478456 np0000186155 devstack@neutron-api.service[101672]: DEBUG neutron_lib.callbacks.manager [None req-58d3f6a1-8c17-4a9a-bc7c-82d770ac3aa8 demo demo] Publish callbacks ['neutron.plugins.ml2.ovo_rpc._ObjectChangeHandler.handle_event-2353527'] for network (26d3ea0c-854c-4f6d-b024-cc3f19d5c556), after_create {{(pid=101672) _notify_loop /opt/stack/data/venv/lib/python3.12/site-packages/neutron_lib/callbacks/manager.py:184}}
Jul 22 07:31:41.503436 np0000186155 devstack@neutron-api.service[101672]: DEBUG neutron.api.rpc.handlers.resources_rpc [None req-58d3f6a1-8c17-4a9a-bc7c-82d770ac3aa8 demo demo] Pushing event updated for resources: {'Network': ['ID=26d3ea0c-854c-4f6d-b024-cc3f19d5c556,revision_number=1']} {{(pid=101672) push /opt/stack/neutron/neutron/api/rpc/handlers/resources_rpc.py:237}}
Jul 22 07:31:41.511105 np0000186155 devstack@neutron-api.service[101672]: DEBUG ovsdbapp.backend.ovs_idl.transaction [None req-de7592fb-9c6a-4799-bd5c-13f6eb50bdd1 None None] Running txn n=1 command(idx=0): AddNetworkCommand(_result=None, network_uuid=26d3ea0c-854c-4f6d-b024-cc3f19d5c556, may_exist=True, columns={'external_ids': {'neutron:network_name': 'k8s-clusterapi-cluster-magnum-system-kube-jw4b7', 'neutron:mtu': '1372', 'neutron:revision_number': '1', 'neutron:availability_zone_hints': '', 'neutron:provnet-network-type': 'geneve'}, 'other_config': {'mcast_snoop': 'false', 'mcast_flood_unregistered': 'false', 'vlan-passthru': 'false'}}) {{(pid=101672) do_commit /opt/stack/data/venv/lib/python3.12/site-packages/ovsdbapp/backend/ovs_idl/transaction.py:89}}
Jul 22 07:31:41.524684 np0000186155 devstack@neutron-api.service[101673]: DEBUG neutron.plugins.ml2.drivers.ovn.mech_driver.ovsdb.ovsdb_monitor [None req-cac0e221-5d9d-4d67-8d14-f208f78600df None None] Touching Hash Ring node "c1ace1d2eec257cfa199c544b3ef8fb6" from IDL notify handler {{(pid=101673) notify /opt/stack/neutron/neutron/plugins/ml2/drivers/ovn/mech_driver/ovsdb/ovsdb_monitor.py:1005}}
Jul 22 07:31:41.525181 np0000186155 devstack@neutron-api.service[101674]: DEBUG neutron.plugins.ml2.drivers.ovn.mech_driver.ovsdb.ovsdb_monitor [None req-b89caf6e-6248-4235-be67-132e0acb5d3a None None] Touching Hash Ring node "7e38c63e59d752e9a7d82be393e60025" from IDL notify handler {{(pid=101674) notify /opt/stack/neutron/neutron/plugins/ml2/drivers/ovn/mech_driver/ovsdb/ovsdb_monitor.py:1005}}
Jul 22 07:31:41.532531 np0000186155 devstack@neutron-api.service[101673]: DEBUG neutron.plugins.ml2.drivers.ovn.mech_driver.ovsdb.ovsdb_monitor [None req-cac0e221-5d9d-4d67-8d14-f208f78600df None None] Hash Ring: Node c1ace1d2eec257cfa199c544b3ef8fb6 (host: np0000186155) handling event "create" for row ea5cdde2-41c1-44b8-906f-f1bfd2640ab3 (table: Datapath_Binding) {{(pid=101673) notify /opt/stack/neutron/neutron/plugins/ml2/drivers/ovn/mech_driver/ovsdb/ovsdb_monitor.py:1013}}
Jul 22 07:31:41.534222 np0000186155 devstack@neutron-api.service[101674]: DEBUG neutron.plugins.ml2.drivers.ovn.mech_driver.ovsdb.ovsdb_monitor [None req-b89caf6e-6248-4235-be67-132e0acb5d3a None None] Hash Ring: Node 7e38c63e59d752e9a7d82be393e60025 (host: np0000186155) handling event "create" for row 26d3ea0c-854c-4f6d-b024-cc3f19d5c556 (table: Logical_Switch) {{(pid=101674) notify /opt/stack/neutron/neutron/plugins/ml2/drivers/ovn/mech_driver/ovsdb/ovsdb_monitor.py:1013}}
Jul 22 07:31:41.537537 np0000186155 devstack@neutron-api.service[101672]: INFO neutron.db.ovn_revision_numbers_db [None req-58d3f6a1-8c17-4a9a-bc7c-82d770ac3aa8 demo demo] Successfully bumped revision number for resource 26d3ea0c-854c-4f6d-b024-cc3f19d5c556 (type: networks) to 1
Jul 22 07:31:41.584929 np0000186155 devstack@neutron-api.service[101672]: DEBUG neutron_lib.callbacks.manager [None req-58d3f6a1-8c17-4a9a-bc7c-82d770ac3aa8 demo demo] Publish callbacks ['neutron.plugins.ml2.plugin.SecurityGroupDbMixin._ensure_default_security_group_handler-392651'] for port (None), before_create {{(pid=101672) _notify_loop /opt/stack/data/venv/lib/python3.12/site-packages/neutron_lib/callbacks/manager.py:184}}
Jul 22 07:31:41.677214 np0000186155 devstack@neutron-api.service[101672]: DEBUG neutron_lib.callbacks.manager [None req-58d3f6a1-8c17-4a9a-bc7c-82d770ac3aa8 demo demo] Publish callbacks ['neutron.plugins.ml2.drivers.ovn.mech_driver.mech_driver.OVNMechanismDriver._validate_allowed_address_pairs-852021'] for allowed_address_pair (4a3be7c8-aefa-4982-9476-d326763852f3), before_create {{(pid=101672) _notify_loop /opt/stack/data/venv/lib/python3.12/site-packages/neutron_lib/callbacks/manager.py:184}}
Jul 22 07:31:41.677686 np0000186155 devstack@neutron-api.service[101672]: DEBUG neutron_lib.callbacks.manager [None req-58d3f6a1-8c17-4a9a-bc7c-82d770ac3aa8 demo demo] Publish callbacks [] for port (4a3be7c8-aefa-4982-9476-d326763852f3), precommit_create {{(pid=101672) _notify_loop /opt/stack/data/venv/lib/python3.12/site-packages/neutron_lib/callbacks/manager.py:184}}
Jul 22 07:31:41.677867 np0000186155 devstack@neutron-api.service[101672]: DEBUG neutron.plugins.ml2.drivers.ovn.mech_driver.mech_driver [None req-58d3f6a1-8c17-4a9a-bc7c-82d770ac3aa8 demo demo] No provisioning block for port 4a3be7c8-aefa-4982-9476-d326763852f3 since it does not have a host {{(pid=101672) _is_port_provisioning_required /opt/stack/neutron/neutron/plugins/ml2/drivers/ovn/mech_driver/mech_driver.py:899}}
Jul 22 07:31:41.678005 np0000186155 devstack@neutron-api.service[101672]: DEBUG neutron.db.ovn_revision_numbers_db [None req-58d3f6a1-8c17-4a9a-bc7c-82d770ac3aa8 demo demo] create_initial_revision uuid=4a3be7c8-aefa-4982-9476-d326763852f3, type=ports, rev=-1 {{(pid=101672) create_initial_revision /opt/stack/neutron/neutron/db/ovn_revision_numbers_db.py:98}}
Jul 22 07:31:41.708430 np0000186155 devstack@neutron-api.service[101672]: DEBUG neutron_lib.callbacks.manager [None req-58d3f6a1-8c17-4a9a-bc7c-82d770ac3aa8 demo demo] Publish callbacks ['neutron.plugins.ml2.ovo_rpc._ObjectChangeHandler.handle_event-2353478'] for port (4a3be7c8-aefa-4982-9476-d326763852f3), after_create {{(pid=101672) _notify_loop /opt/stack/data/venv/lib/python3.12/site-packages/neutron_lib/callbacks/manager.py:184}}
Jul 22 07:31:41.761132 np0000186155 devstack@neutron-api.service[101672]: DEBUG neutron.api.rpc.handlers.resources_rpc [None req-58d3f6a1-8c17-4a9a-bc7c-82d770ac3aa8 demo demo] Pushing event updated for resources: {'Port': ['ID=4a3be7c8-aefa-4982-9476-d326763852f3,revision_number=1']} {{(pid=101672) push /opt/stack/neutron/neutron/api/rpc/handlers/resources_rpc.py:237}}
Jul 22 07:31:41.766350 np0000186155 devstack@neutron-api.service[101672]: DEBUG neutron.plugins.ml2.drivers.ovn.mech_driver.ovsdb.commands [None req-58d3f6a1-8c17-4a9a-bc7c-82d770ac3aa8 demo demo] Converting tag [] to a tag_request {{(pid=101672) _tag_column_to_tag_request /opt/stack/neutron/neutron/plugins/ml2/drivers/ovn/mech_driver/ovsdb/commands.py:205}}
Jul 22 07:31:41.767431 np0000186155 devstack@neutron-api.service[101672]: DEBUG ovsdbapp.backend.ovs_idl.transaction [None req-de7592fb-9c6a-4799-bd5c-13f6eb50bdd1 None None] Running txn n=1 command(idx=0): AddLSwitchPortCommand(_result=None, lport=4a3be7c8-aefa-4982-9476-d326763852f3, lswitch=neutron-26d3ea0c-854c-4f6d-b024-cc3f19d5c556, may_exist=True, network_uuid=26d3ea0c-854c-4f6d-b024-cc3f19d5c556, columns={'addresses': ['fa:16:3e:7d:07:61'], 'external_ids': {'neutron:port_name': '', 'neutron:device_id': 'ovnmeta-26d3ea0c-854c-4f6d-b024-cc3f19d5c556', 'neutron:project_id': '5c8ee5107af54e62a55c53b29a04a54d', 'neutron:cidrs': '', 'neutron:device_owner': 'network:distributed', 'neutron:subnet_pool_addr_scope4': '', 'neutron:subnet_pool_addr_scope6': '', 'neutron:network_name': 'neutron-26d3ea0c-854c-4f6d-b024-cc3f19d5c556', 'neutron:security_group_ids': '', 'neutron:revision_number': '1', 'neutron:vnic_type': 'normal', 'neutron:port_capabilities': '', 'neutron:mtu': '1372'}, 'parent_name': [], 'enabled': True, 'options': {}, 'type': 'localport', 'port_security': [], 'dhcpv4_options': [], 'dhcpv6_options': [], 'tag_request': []}) {{(pid=101672) do_commit /opt/stack/data/venv/lib/python3.12/site-packages/ovsdbapp/backend/ovs_idl/transaction.py:89}}
Jul 22 07:31:41.768707 np0000186155 devstack@neutron-api.service[101672]: DEBUG ovsdbapp.backend.ovs_idl.transaction [None req-de7592fb-9c6a-4799-bd5c-13f6eb50bdd1 None None] Running txn n=1 command(idx=1): QoSDelCommand(_result=None, switch=neutron-26d3ea0c-854c-4f6d-b024-cc3f19d5c556, conditions=[('direction', '=', 'to-lport'), ('priority', '=', 2002), ('match', '=', 'outport == "4a3be7c8-aefa-4982-9476-d326763852f3"')], if_exists=True) {{(pid=101672) do_commit /opt/stack/data/venv/lib/python3.12/site-packages/ovsdbapp/backend/ovs_idl/transaction.py:89}}
