Jun 09 09:37:00.265398 np0000179133 devstack@neutron-api.service[103428]: DEBUG neutron.api.extensions [None req-94c1a3f3-4c80-4f0b-abfd-17b6ae13f597 None None] Ext name="Tag support for resources with standard attribute: port, subnet, subnetpool, network, security_group, router, floatingip, policy, trunk, network_segment_range" alias="standard-attr-tag" description="Enables to set tag on resources with standard attribute." updated="2017-01-01T00:00:00-00:00" {{(pid=103428) _check_extension /opt/stack/neutron/neutron/api/extensions.py:415}}
Jun 09 09:37:00.265450 np0000179133 devstack@neutron-api.service[103426]: DEBUG neutron.api.extensions [None req-563790c9-4d3d-4ab2-ab6e-0c98e22a44af None None] Ext name="Filter parameters validation" alias="filter-validation" description="Provides validation on filter parameters." updated="2018-07-04T10:00:00-00:00" {{(pid=103426) _check_extension /opt/stack/neutron/neutron/api/extensions.py:415}}
Jun 09 09:37:00.265481 np0000179133 devstack@neutron-api.service[103428]: INFO neutron.api.extensions [None req-94c1a3f3-4c80-4f0b-abfd-17b6ae13f597 None None] Loaded extension: standard-attr-tag
Jun 09 09:37:00.265506 np0000179133 devstack@neutron-api.service[103426]: INFO neutron.api.extensions [None req-563790c9-4d3d-4ab2-ab6e-0c98e22a44af None None] Loaded extension: filter-validation
Jun 09 09:37:00.265580 np0000179133 devstack@neutron-api.service[103425]: INFO neutron.services.logapi.drivers.ovn.driver [None req-7b96d6da-f1e0-4bdb-b346-3227b64ad176 None None] OVN logging driver registered
Jun 09 09:37:00.265615 np0000179133 devstack@neutron-api.service[103428]: DEBUG neutron.api.extensions [None req-94c1a3f3-4c80-4f0b-abfd-17b6ae13f597 None None] Loading extension file: timestamp.py {{(pid=103428) _load_all_extensions_from_path /opt/stack/neutron/neutron/api/extensions.py:449}}
Jun 09 09:37:00.265668 np0000179133 devstack@neutron-api.service[103426]: DEBUG neutron.api.extensions [None req-563790c9-4d3d-4ab2-ab6e-0c98e22a44af None None] Loading extension file: fip_pf_description.py {{(pid=103426) _load_all_extensions_from_path /opt/stack/neutron/neutron/api/extensions.py:449}}
Jun 09 09:37:00.265697 np0000179133 devstack@neutron-api.service[103425]: DEBUG neutron_lib.callbacks.manager [None req-7b96d6da-f1e0-4bdb-b346-3227b64ad176 None None] Subscribe: ._register_pvlan_driver at 0x76e8cb690180> pvlan_plugin before_spawn 55550000, False {{(pid=103425) subscribe /opt/stack/data/venv/lib/python3.12/site-packages/neutron_lib/callbacks/manager.py:52}}
Jun 09 09:37:00.265697 np0000179133 devstack@neutron-api.service[103425]: DEBUG neutron_lib.callbacks.manager [None req-7b96d6da-f1e0-4bdb-b346-3227b64ad176 None None] Subscribe: process after_init 55550000, False {{(pid=103425) subscribe /opt/stack/data/venv/lib/python3.12/site-packages/neutron_lib/callbacks/manager.py:52}}
Jun 09 09:37:00.265765 np0000179133 devstack@neutron-api.service[103428]: DEBUG neutron.api.extensions [None req-94c1a3f3-4c80-4f0b-abfd-17b6ae13f597 None None] Ext name="Resource timestamps" alias="standard-attr-timestamp" description="Adds created_at and updated_at fields to all Neutron resources that have Neutron standard attributes." updated="2016-09-12T10:00:00-00:00" {{(pid=103428) _check_extension /opt/stack/neutron/neutron/api/extensions.py:415}}
Jun 09 09:37:00.265799 np0000179133 devstack@neutron-api.service[103426]: DEBUG neutron.api.extensions [None req-563790c9-4d3d-4ab2-ab6e-0c98e22a44af None None] Ext name="Floating IP Port Forwarding new attribute description" alias="floating-ip-port-forwarding-description" description="Add a description field to Port Forwarding rules" updated="2019-11-01T10:00:00-00:00" {{(pid=103426) _check_extension /opt/stack/neutron/neutron/api/extensions.py:415}}
Jun 09 09:37:00.265799 np0000179133 devstack@neutron-api.service[103426]: INFO neutron.api.extensions [None req-563790c9-4d3d-4ab2-ab6e-0c98e22a44af None None] Extension floating-ip-port-forwarding-description not supported by any of loaded plugins
Jun 09 09:37:00.265873 np0000179133 devstack@neutron-api.service[103428]: INFO neutron.api.extensions [None req-94c1a3f3-4c80-4f0b-abfd-17b6ae13f597 None None] Loaded extension: standard-attr-timestamp
Jun 09 09:37:00.265904 np0000179133 devstack@neutron-api.service[103426]: DEBUG neutron.api.extensions [None req-563790c9-4d3d-4ab2-ab6e-0c98e22a44af None None] Loading extension file: fip_pf_detail.py {{(pid=103426) _load_all_extensions_from_path /opt/stack/neutron/neutron/api/extensions.py:449}}
Jun 09 09:37:00.265941 np0000179133 devstack@neutron-api.service[103428]: DEBUG neutron.api.extensions [None req-94c1a3f3-4c80-4f0b-abfd-17b6ae13f597 None None] Loading extension file: trunk.py {{(pid=103428) _load_all_extensions_from_path /opt/stack/neutron/neutron/api/extensions.py:449}}
Jun 09 09:37:00.265976 np0000179133 devstack@neutron-api.service[103426]: DEBUG neutron.api.extensions [None req-563790c9-4d3d-4ab2-ab6e-0c98e22a44af None None] Ext name="Floating IP port forwarding detail" alias="floating-ip-port-forwarding-detail" description="Allow list floating ip return more port forwarding data, include'id' and 'internal_port_id'" updated="2022-05-06T10:00:00-00:00" {{(pid=103426) _check_extension /opt/stack/neutron/neutron/api/extensions.py:415}}
Jun 09 09:37:00.266006 np0000179133 devstack@neutron-api.service[103428]: DEBUG neutron.api.extensions [None req-94c1a3f3-4c80-4f0b-abfd-17b6ae13f597 None None] Ext name="Trunk Extension" alias="trunk" description="Provides support for trunk ports" updated="2016-01-01T10:00:00-00:00" {{(pid=103428) _check_extension /opt/stack/neutron/neutron/api/extensions.py:415}}
Jun 09 09:37:00.266033 np0000179133 devstack@neutron-api.service[103426]: INFO neutron.api.extensions [None req-563790c9-4d3d-4ab2-ab6e-0c98e22a44af None None] Loaded extension: floating-ip-port-forwarding-detail
Jun 09 09:37:00.266062 np0000179133 devstack@neutron-api.service[103428]: INFO neutron.api.extensions [None req-94c1a3f3-4c80-4f0b-abfd-17b6ae13f597 None None] Extension trunk not supported by any of loaded plugins
Jun 09 09:37:00.266088 np0000179133 devstack@neutron-api.service[103426]: DEBUG neutron.api.extensions [None req-563790c9-4d3d-4ab2-ab6e-0c98e22a44af None None] Loading extension file: fip_pf_port_range.py {{(pid=103426) _load_all_extensions_from_path /opt/stack/neutron/neutron/api/extensions.py:449}}
Jun 09 09:37:00.266115 np0000179133 devstack@neutron-api.service[103428]: DEBUG neutron.api.extensions [None req-94c1a3f3-4c80-4f0b-abfd-17b6ae13f597 None None] Loading extension file: trunk_details.py {{(pid=103428) _load_all_extensions_from_path /opt/stack/neutron/neutron/api/extensions.py:449}}
Jun 09 09:37:00.266141 np0000179133 devstack@neutron-api.service[103426]: DEBUG neutron.api.extensions [None req-563790c9-4d3d-4ab2-ab6e-0c98e22a44af None None] Ext name="Floating IP Port Forwarding support port ranges" alias="floating-ip-port-forwarding-port-ranges" description="Add support to port ranges" updated="2020-07-01T10:00:00-00:00" {{(pid=103426) _check_extension /opt/stack/neutron/neutron/api/extensions.py:415}}
Jun 09 09:37:00.266169 np0000179133 devstack@neutron-api.service[103428]: DEBUG neutron.api.extensions [None req-94c1a3f3-4c80-4f0b-abfd-17b6ae13f597 None None] Ext name="Trunk port details" alias="trunk-details" description="Expose trunk port details" updated="2016-01-01T10:00:00-00:00" {{(pid=103428) _check_extension /opt/stack/neutron/neutron/api/extensions.py:415}}
Jun 09 09:37:00.266209 np0000179133 devstack@neutron-api.service[103426]: INFO neutron.api.extensions [None req-563790c9-4d3d-4ab2-ab6e-0c98e22a44af None None] Extension floating-ip-port-forwarding-port-ranges not supported by any of loaded plugins
Jun 09 09:37:00.266239 np0000179133 devstack@neutron-api.service[103428]: INFO neutron.api.extensions [None req-94c1a3f3-4c80-4f0b-abfd-17b6ae13f597 None None] Extension trunk-details not supported by any of loaded plugins
Jun 09 09:37:00.266264 np0000179133 devstack@neutron-api.service[103426]: DEBUG neutron.api.extensions [None req-563790c9-4d3d-4ab2-ab6e-0c98e22a44af None None] Loading extension file: fip_port_details.py {{(pid=103426) _load_all_extensions_from_path /opt/stack/neutron/neutron/api/extensions.py:449}}
Jun 09 09:37:00.266294 np0000179133 devstack@neutron-api.service[103428]: DEBUG neutron.api.extensions [None req-94c1a3f3-4c80-4f0b-abfd-17b6ae13f597 None None] Loading extension file: uplink_status_propagation.py {{(pid=103428) _load_all_extensions_from_path /opt/stack/neutron/neutron/api/extensions.py:449}}
Jun 09 09:37:00.266489 np0000179133 devstack@neutron-api.service[103426]: DEBUG neutron.api.extensions [None req-563790c9-4d3d-4ab2-ab6e-0c98e22a44af None None] Ext name="Floating IP Port Details Extension" alias="fip-port-details" description="Add port_details attribute to Floating IP resource" updated="2018-04-09T10:00:00-00:00" {{(pid=103426) _check_extension /opt/stack/neutron/neutron/api/extensions.py:415}}
Jun 09 09:37:00.266526 np0000179133 devstack@neutron-api.service[103428]: DEBUG neutron.api.extensions [None req-94c1a3f3-4c80-4f0b-abfd-17b6ae13f597 None None] Ext name="Uplink status propagation extension" alias="uplink-status-propagation" description="Provides ability to propagate port uplink status." updated="2018-05-31T18:00:00-00:00" {{(pid=103428) _check_extension /opt/stack/neutron/neutron/api/extensions.py:415}}
Jun 09 09:37:00.266604 np0000179133 devstack@neutron-api.service[103425]: DEBUG neutron.plugins.ml2.plugin [None req-7b96d6da-f1e0-4bdb-b346-3227b64ad176 None None] neutron.plugins.ml2.plugin.Ml2Plugin method _start_rpc_notifiers called with arguments () {} {{(pid=103425) wrapper /opt/stack/data/venv/lib/python3.12/site-packages/oslo_log/helpers.py:77}}
Jun 09 09:37:00.266651 np0000179133 devstack@neutron-api.service[103426]: INFO neutron.api.extensions [None req-563790c9-4d3d-4ab2-ab6e-0c98e22a44af None None] Loaded extension: fip-port-details
Jun 09 09:37:00.266686 np0000179133 devstack@neutron-api.service[103428]: INFO neutron.api.extensions [None req-94c1a3f3-4c80-4f0b-abfd-17b6ae13f597 None None] Extension uplink-status-propagation not supported by any of loaded plugins
Jun 09 09:37:00.266744 np0000179133 devstack@neutron-api.service[103426]: DEBUG neutron.api.extensions [None req-563790c9-4d3d-4ab2-ab6e-0c98e22a44af None None] Loading extension file: flavors.py {{(pid=103426) _load_all_extensions_from_path /opt/stack/neutron/neutron/api/extensions.py:449}}
Jun 09 09:37:00.266775 np0000179133 devstack@neutron-api.service[103428]: DEBUG neutron.api.extensions [None req-94c1a3f3-4c80-4f0b-abfd-17b6ae13f597 None None] Loading extension file: uplink_status_propagation_updatable.py {{(pid=103428) _load_all_extensions_from_path /opt/stack/neutron/neutron/api/extensions.py:449}}
Jun 09 09:37:00.266898 np0000179133 devstack@neutron-api.service[103425]: DEBUG neutron_lib.callbacks.manager [None req-7b96d6da-f1e0-4bdb-b346-3227b64ad176 None None] Subscribe: > port after_create 55550000, False {{(pid=103425) subscribe /opt/stack/data/venv/lib/python3.12/site-packages/neutron_lib/callbacks/manager.py:52}}
Jun 09 09:37:00.266998 np0000179133 devstack@neutron-api.service[103428]: DEBUG neutron.api.extensions [None req-94c1a3f3-4c80-4f0b-abfd-17b6ae13f597 None None] Ext name="Uplink status propagation updatable extension" alias="uplink-status-propagation-updatable" description="Provides ability to update the port uplink status." updated="2024-09-03T18:00:00-00:00" {{(pid=103428) _check_extension /opt/stack/neutron/neutron/api/extensions.py:415}}
Jun 09 09:37:00.267031 np0000179133 devstack@neutron-api.service[103426]: DEBUG neutron.api.extensions [None req-563790c9-4d3d-4ab2-ab6e-0c98e22a44af None None] Ext name="Neutron Service Flavors" alias="flavors" description="Flavor specification for Neutron advanced services." updated="2015-09-17T10:00:00-00:00" {{(pid=103426) _check_extension /opt/stack/neutron/neutron/api/extensions.py:415}}
Jun 09 09:37:00.267061 np0000179133 devstack@neutron-api.service[103425]: DEBUG neutron_lib.callbacks.manager [None req-7b96d6da-f1e0-4bdb-b346-3227b64ad176 None None] Subscribe: > port after_update 55550000, False {{(pid=103425) subscribe /opt/stack/data/venv/lib/python3.12/site-packages/neutron_lib/callbacks/manager.py:52}}
Jun 09 09:37:00.267124 np0000179133 devstack@neutron-api.service[103425]: DEBUG neutron_lib.callbacks.manager [None req-7b96d6da-f1e0-4bdb-b346-3227b64ad176 None None] Subscribe: > port after_delete 55550000, False {{(pid=103425) subscribe /opt/stack/data/venv/lib/python3.12/site-packages/neutron_lib/callbacks/manager.py:52}}
Jun 09 09:37:00.267158 np0000179133 devstack@neutron-api.service[103428]: INFO neutron.api.extensions [None req-94c1a3f3-4c80-4f0b-abfd-17b6ae13f597 None None] Extension uplink-status-propagation-updatable not supported by any of loaded plugins
Jun 09 09:37:00.267184 np0000179133 devstack@neutron-api.service[103426]: INFO neutron.api.extensions [None req-563790c9-4d3d-4ab2-ab6e-0c98e22a44af None None] Loaded extension: flavors
Jun 09 09:37:00.267484 np0000179133 devstack@neutron-api.service[103425]: DEBUG neutron_lib.callbacks.manager [None req-7b96d6da-f1e0-4bdb-b346-3227b64ad176 None None] Subscribe: > subnet after_create 55550000, False {{(pid=103425) subscribe /opt/stack/data/venv/lib/python3.12/site-packages/neutron_lib/callbacks/manager.py:52}}
Jun 09 09:37:00.267518 np0000179133 devstack@neutron-api.service[103428]: DEBUG neutron.api.extensions [None req-94c1a3f3-4c80-4f0b-abfd-17b6ae13f597 None None] Loading extension file: vlantransparent.py {{(pid=103428) _load_all_extensions_from_path /opt/stack/neutron/neutron/api/extensions.py:449}}
Jun 09 09:37:00.267547 np0000179133 devstack@neutron-api.service[103426]: DEBUG neutron.api.extensions [None req-563790c9-4d3d-4ab2-ab6e-0c98e22a44af None None] Loading extension file: floating_ip_port_forwarding.py {{(pid=103426) _load_all_extensions_from_path /opt/stack/neutron/neutron/api/extensions.py:449}}
Jun 09 09:37:00.267578 np0000179133 devstack@neutron-api.service[103425]: DEBUG neutron_lib.callbacks.manager [None req-7b96d6da-f1e0-4bdb-b346-3227b64ad176 None None] Subscribe: > subnet after_update 55550000, False {{(pid=103425) subscribe /opt/stack/data/venv/lib/python3.12/site-packages/neutron_lib/callbacks/manager.py:52}}
Jun 09 09:37:00.267578 np0000179133 devstack@neutron-api.service[103425]: DEBUG neutron_lib.callbacks.manager [None req-7b96d6da-f1e0-4bdb-b346-3227b64ad176 None None] Subscribe: > subnet after_delete 55550000, False {{(pid=103425) subscribe /opt/stack/data/venv/lib/python3.12/site-packages/neutron_lib/callbacks/manager.py:52}}
Jun 09 09:37:00.267578 np0000179133 devstack@neutron-api.service[103425]: DEBUG neutron_lib.callbacks.manager [None req-7b96d6da-f1e0-4bdb-b346-3227b64ad176 None None] Subscribe: > network after_create 55550000, False {{(pid=103425) subscribe /opt/stack/data/venv/lib/python3.12/site-packages/neutron_lib/callbacks/manager.py:52}}
Jun 09 09:37:00.267670 np0000179133 devstack@neutron-api.service[103426]: DEBUG neutron.api.extensions [None req-563790c9-4d3d-4ab2-ab6e-0c98e22a44af None None] Ext name="Floating IP Port Forwarding" alias="floating-ip-port-forwarding" description="Allow port forwarding from floating IP port to an internal port" updated="2018-01-19T10:00:00-00:00" {{(pid=103426) _check_extension /opt/stack/neutron/neutron/api/extensions.py:415}}
Jun 09 09:37:00.267701 np0000179133 devstack@neutron-api.service[103428]: DEBUG neutron.api.extensions [None req-94c1a3f3-4c80-4f0b-abfd-17b6ae13f597 None None] Ext name="Vlantransparent" alias="vlan-transparent" description="Provides Vlan Transparent Networks" updated="2015-03-23T09:00:00-00:00" {{(pid=103428) _check_extension /opt/stack/neutron/neutron/api/extensions.py:415}}
Jun 09 09:37:00.267731 np0000179133 devstack@neutron-api.service[103425]: DEBUG neutron_lib.callbacks.manager [None req-7b96d6da-f1e0-4bdb-b346-3227b64ad176 None None] Subscribe: > network after_update 55550000, False {{(pid=103425) subscribe /opt/stack/data/venv/lib/python3.12/site-packages/neutron_lib/callbacks/manager.py:52}}
Jun 09 09:37:00.267731 np0000179133 devstack@neutron-api.service[103425]: DEBUG neutron_lib.callbacks.manager [None req-7b96d6da-f1e0-4bdb-b346-3227b64ad176 None None] Subscribe: > network after_delete 55550000, False {{(pid=103425) subscribe /opt/stack/data/venv/lib/python3.12/site-packages/neutron_lib/callbacks/manager.py:52}}
Jun 09 09:37:00.267792 np0000179133 devstack@neutron-api.service[103426]: INFO neutron.api.extensions [None req-563790c9-4d3d-4ab2-ab6e-0c98e22a44af None None] Extension floating-ip-port-forwarding not supported by any of loaded plugins
Jun 09 09:37:00.267821 np0000179133 devstack@neutron-api.service[103428]: INFO neutron.api.extensions [None req-94c1a3f3-4c80-4f0b-abfd-17b6ae13f597 None None] Loaded extension: vlan-transparent
Jun 09 09:37:00.267847 np0000179133 devstack@neutron-api.service[103425]: DEBUG neutron_lib.callbacks.manager [None req-7b96d6da-f1e0-4bdb-b346-3227b64ad176 None None] Subscribe: > security_group after_create 55550000, False {{(pid=103425) subscribe /opt/stack/data/venv/lib/python3.12/site-packages/neutron_lib/callbacks/manager.py:52}}
Jun 09 09:37:00.267891 np0000179133 devstack@neutron-api.service[103426]: DEBUG neutron.api.extensions [None req-563790c9-4d3d-4ab2-ab6e-0c98e22a44af None None] Loading extension file: floatingip_pools.py {{(pid=103426) _load_all_extensions_from_path /opt/stack/neutron/neutron/api/extensions.py:449}}
Jun 09 09:37:00.267916 np0000179133 devstack@neutron-api.service[103425]: DEBUG neutron_lib.callbacks.manager [None req-7b96d6da-f1e0-4bdb-b346-3227b64ad176 None None] Subscribe: > security_group after_update 55550000, False {{(pid=103425) subscribe /opt/stack/data/venv/lib/python3.12/site-packages/neutron_lib/callbacks/manager.py:52}}
Jun 09 09:37:00.268002 np0000179133 devstack@neutron-api.service[103425]: DEBUG neutron_lib.callbacks.manager [None req-7b96d6da-f1e0-4bdb-b346-3227b64ad176 None None] Subscribe: > security_group after_delete 55550000, False {{(pid=103425) subscribe /opt/stack/data/venv/lib/python3.12/site-packages/neutron_lib/callbacks/manager.py:52}}
Jun 09 09:37:00.268083 np0000179133 devstack@neutron-api.service[103426]: DEBUG neutron.api.extensions [None req-563790c9-4d3d-4ab2-ab6e-0c98e22a44af None None] Ext name="Floating IP Pools Extension" alias="floatingip-pools" description="Provides a floating IP pools API." updated="2018-03-21T10:00:00-00:00" {{(pid=103426) _check_extension /opt/stack/neutron/neutron/api/extensions.py:415}}
Jun 09 09:37:00.268115 np0000179133 devstack@neutron-api.service[103425]: DEBUG neutron_lib.callbacks.manager [None req-7b96d6da-f1e0-4bdb-b346-3227b64ad176 None None] Subscribe: > security_group_rule after_create 55550000, False {{(pid=103425) subscribe /opt/stack/data/venv/lib/python3.12/site-packages/neutron_lib/callbacks/manager.py:52}}
Jun 09 09:37:00.268194 np0000179133 devstack@neutron-api.service[103425]: DEBUG neutron_lib.callbacks.manager [None req-7b96d6da-f1e0-4bdb-b346-3227b64ad176 None None] Subscribe: > security_group_rule after_update 55550000, False {{(pid=103425) subscribe /opt/stack/data/venv/lib/python3.12/site-packages/neutron_lib/callbacks/manager.py:52}}
Jun 09 09:37:00.268254 np0000179133 devstack@neutron-api.service[103426]: INFO neutron.api.extensions [None req-563790c9-4d3d-4ab2-ab6e-0c98e22a44af None None] Loaded extension: floatingip-pools
Jun 09 09:37:00.268285 np0000179133 devstack@neutron-api.service[103425]: DEBUG neutron_lib.callbacks.manager [None req-7b96d6da-f1e0-4bdb-b346-3227b64ad176 None None] Subscribe: > security_group_rule after_delete 55550000, False {{(pid=103425) subscribe /opt/stack/data/venv/lib/python3.12/site-packages/neutron_lib/callbacks/manager.py:52}}
Jun 09 09:37:00.268344 np0000179133 devstack@neutron-api.service[103426]: DEBUG neutron.api.extensions [None req-563790c9-4d3d-4ab2-ab6e-0c98e22a44af None None] Loading extension file: ip_allocation.py {{(pid=103426) _load_all_extensions_from_path /opt/stack/neutron/neutron/api/extensions.py:449}}
Jun 09 09:37:00.268389 np0000179133 devstack@neutron-api.service[103425]: DEBUG neutron_lib.callbacks.manager [None req-7b96d6da-f1e0-4bdb-b346-3227b64ad176 None None] Subscribe: > address_group after_create 55550000, False {{(pid=103425) subscribe /opt/stack/data/venv/lib/python3.12/site-packages/neutron_lib/callbacks/manager.py:52}}
Jun 09 09:37:00.268489 np0000179133 devstack@neutron-api.service[103425]: DEBUG neutron_lib.callbacks.manager [None req-7b96d6da-f1e0-4bdb-b346-3227b64ad176 None None] Subscribe: > address_group after_update 55550000, False {{(pid=103425) subscribe /opt/stack/data/venv/lib/python3.12/site-packages/neutron_lib/callbacks/manager.py:52}}
Jun 09 09:37:00.268566 np0000179133 devstack@neutron-api.service[103426]: DEBUG neutron.api.extensions [None req-563790c9-4d3d-4ab2-ab6e-0c98e22a44af None None] Ext name="IP Allocation" alias="ip_allocation" description="IP allocation extension." updated="2016-06-10T23:00:00-00:00" {{(pid=103426) _check_extension /opt/stack/neutron/neutron/api/extensions.py:415}}
Jun 09 09:37:00.268605 np0000179133 devstack@neutron-api.service[103425]: DEBUG neutron_lib.callbacks.manager [None req-7b96d6da-f1e0-4bdb-b346-3227b64ad176 None None] Subscribe: > address_group after_delete 55550000, False {{(pid=103425) subscribe /opt/stack/data/venv/lib/python3.12/site-packages/neutron_lib/callbacks/manager.py:52}}
Jun 09 09:37:00.268681 np0000179133 devstack@neutron-api.service[103425]: DEBUG neutron.plugins.ml2.ovo_rpc [None req-7b96d6da-f1e0-4bdb-b346-3227b64ad176 None None] ML2 OVO RPC backend initialized. {{(pid=103425) __init__ /opt/stack/neutron/neutron/plugins/ml2/ovo_rpc.py:117}}
Jun 09 09:37:00.268730 np0000179133 devstack@neutron-api.service[103426]: INFO neutron.api.extensions [None req-563790c9-4d3d-4ab2-ab6e-0c98e22a44af None None] Extension ip_allocation not supported by any of loaded plugins
Jun 09 09:37:00.268820 np0000179133 devstack@neutron-api.service[103426]: DEBUG neutron.api.extensions [None req-563790c9-4d3d-4ab2-ab6e-0c98e22a44af None None] Loading extension file: ip_substring_port_filtering.py {{(pid=103426) _load_all_extensions_from_path /opt/stack/neutron/neutron/api/extensions.py:449}}
Jun 09 09:37:00.269103 np0000179133 devstack@neutron-api.service[103426]: DEBUG neutron.api.extensions [None req-563790c9-4d3d-4ab2-ab6e-0c98e22a44af None None] Ext name="IP address substring filtering" alias="ip-substring-filtering" description="Provides IP address substring filtering when listing ports" updated="2017-11-28T09:00:00-00:00" {{(pid=103426) _check_extension /opt/stack/neutron/neutron/api/extensions.py:415}}
Jun 09 09:37:00.269297 np0000179133 devstack@neutron-api.service[103426]: INFO neutron.api.extensions [None req-563790c9-4d3d-4ab2-ab6e-0c98e22a44af None None] Extension ip-substring-filtering not supported by any of loaded plugins
Jun 09 09:37:00.269390 np0000179133 devstack@neutron-api.service[103426]: DEBUG neutron.api.extensions [None req-563790c9-4d3d-4ab2-ab6e-0c98e22a44af None None] Loading extension file: l2_adjacency.py {{(pid=103426) _load_all_extensions_from_path /opt/stack/neutron/neutron/api/extensions.py:449}}
Jun 09 09:37:00.269433 np0000179133 devstack@neutron-api.service[103428]: INFO neutron.quota.resource_registry [None req-94c1a3f3-4c80-4f0b-abfd-17b6ae13f597 None None] Creating instance of TrackedResource for resource:network
Jun 09 09:37:00.269591 np0000179133 devstack@neutron-api.service[103425]: INFO neutron.quota [None req-7b96d6da-f1e0-4bdb-b346-3227b64ad176 None None] Loaded quota_driver: .
Jun 09 09:37:00.269625 np0000179133 devstack@neutron-api.service[103426]: DEBUG neutron.api.extensions [None req-563790c9-4d3d-4ab2-ab6e-0c98e22a44af None None] Ext name="L2 Adjacency" alias="l2_adjacency" description="Display L2 Adjacency for Neutron Networks." updated="2016-04-12T16:00:00-00:00" {{(pid=103426) _check_extension /opt/stack/neutron/neutron/api/extensions.py:415}}
Jun 09 09:37:00.269655 np0000179133 devstack@neutron-api.service[103428]: INFO neutron.quota.resource_registry [None req-94c1a3f3-4c80-4f0b-abfd-17b6ae13f597 None None] Creating instance of TrackedResource for resource:subnet
Jun 09 09:37:00.269699 np0000179133 devstack@neutron-api.service[103425]: INFO neutron.plugins.ml2.plugin [None req-7b96d6da-f1e0-4bdb-b346-3227b64ad176 None None] Modular L2 Plugin initialization complete
Jun 09 09:37:00.269750 np0000179133 devstack@neutron-api.service[103428]: INFO neutron.quota.resource_registry [None req-94c1a3f3-4c80-4f0b-abfd-17b6ae13f597 None None] Creating instance of TrackedResource for resource:subnetpool
Jun 09 09:37:00.269780 np0000179133 devstack@neutron-api.service[103426]: INFO neutron.api.extensions [None req-563790c9-4d3d-4ab2-ab6e-0c98e22a44af None None] Extension l2_adjacency not supported by any of loaded plugins
Jun 09 09:37:00.269833 np0000179133 devstack@neutron-api.service[103425]: DEBUG neutron.manager [None req-7b96d6da-f1e0-4bdb-b346-3227b64ad176 None None] Loading services supported by the core plugin {{(pid=103425) _load_services_from_core_plugin /opt/stack/neutron/neutron/manager.py:170}}
Jun 09 09:37:00.269879 np0000179133 devstack@neutron-api.service[103426]: DEBUG neutron.api.extensions [None req-563790c9-4d3d-4ab2-ab6e-0c98e22a44af None None] Loading extension file: l3.py {{(pid=103426) _load_all_extensions_from_path /opt/stack/neutron/neutron/api/extensions.py:449}}
Jun 09 09:37:00.269920 np0000179133 devstack@neutron-api.service[103428]: INFO neutron.quota.resource_registry [None req-94c1a3f3-4c80-4f0b-abfd-17b6ae13f597 None None] Creating instance of TrackedResource for resource:port
Jun 09 09:37:00.269955 np0000179133 devstack@neutron-api.service[103425]: INFO neutron.plugins.ml2.managers [None req-7b96d6da-f1e0-4bdb-b346-3227b64ad176 None None] Got port-security extension from driver 'port_security'
Jun 09 09:37:00.270238 np0000179133 devstack@neutron-api.service[103425]: DEBUG neutron.manager [None req-7b96d6da-f1e0-4bdb-b346-3227b64ad176 None None] Loading service plugins: ['ovn-router', 'auto_allocate', 'tag', 'timestamp', 'network_ip_availability', 'flavors', 'revisions'] {{(pid=103425) _load_service_plugins /opt/stack/neutron/neutron/manager.py:195}}
Jun 09 09:37:00.270282 np0000179133 devstack@neutron-api.service[103426]: DEBUG neutron.api.extensions [None req-563790c9-4d3d-4ab2-ab6e-0c98e22a44af None None] Ext name="Neutron L3 Router" alias="router" description="Router abstraction for basic L3 forwarding between L2 Neutron networks and access to external networks via a NAT gateway." updated="2012-07-20T10:00:00-00:00" {{(pid=103426) _check_extension /opt/stack/neutron/neutron/api/extensions.py:415}}
Jun 09 09:37:00.270314 np0000179133 devstack@neutron-api.service[103425]: INFO neutron.manager [None req-7b96d6da-f1e0-4bdb-b346-3227b64ad176 None None] Loading Plugin: ovn-router
Jun 09 09:37:00.270468 np0000179133 devstack@neutron-api.service[103426]: INFO neutron.api.extensions [None req-563790c9-4d3d-4ab2-ab6e-0c98e22a44af None None] Loaded extension: router
Jun 09 09:37:00.270562 np0000179133 devstack@neutron-api.service[103426]: DEBUG neutron.api.extensions [None req-563790c9-4d3d-4ab2-ab6e-0c98e22a44af None None] Loading extension file: l3_agent_scheduler_ha_chassis_priority.py {{(pid=103426) _load_all_extensions_from_path /opt/stack/neutron/neutron/api/extensions.py:449}}
Jun 09 09:37:00.270791 np0000179133 devstack@neutron-api.service[103426]: DEBUG neutron.api.extensions [None req-563790c9-4d3d-4ab2-ab6e-0c98e22a44af None None] Ext name="L3 Agent Scheduler HA Chassis Priority" alias="l3-agent-scheduler-ha-chassis-priority" description="Exposes the HA_Chassis priority in the L3 Agent Scheduler API responses and allows setting priority when scheduling a router to a chassis." updated="2026-03-31T00:00:00-00:00" {{(pid=103426) _check_extension /opt/stack/neutron/neutron/api/extensions.py:415}}
Jun 09 09:37:00.270980 np0000179133 devstack@neutron-api.service[103426]: INFO neutron.api.extensions [None req-563790c9-4d3d-4ab2-ab6e-0c98e22a44af None None] Loaded extension: l3-agent-scheduler-ha-chassis-priority
Jun 09 09:37:00.271066 np0000179133 devstack@neutron-api.service[103426]: DEBUG neutron.api.extensions [None req-563790c9-4d3d-4ab2-ab6e-0c98e22a44af None None] Loading extension file: l3_conntrack_helper.py {{(pid=103426) _load_all_extensions_from_path /opt/stack/neutron/neutron/api/extensions.py:449}}
Jun 09 09:37:00.271206 np0000179133 devstack@neutron-api.service[103428]: DEBUG neutron.api.v2.resource_helper [None req-94c1a3f3-4c80-4f0b-abfd-17b6ae13f597 None None] Service L3_ROUTER_NAT assigned prefix: {{(pid=103428) build_resource_info /opt/stack/neutron/neutron/api/v2/resource_helper.py:77}}
Jun 09 09:37:00.271589 np0000179133 devstack@neutron-api.service[103428]: DEBUG neutron.api.v2.resource_helper [None req-94c1a3f3-4c80-4f0b-abfd-17b6ae13f597 None None] Service FLAVORS assigned prefix: {{(pid=103428) build_resource_info /opt/stack/neutron/neutron/api/v2/resource_helper.py:77}}
Jun 09 09:37:00.271649 np0000179133 devstack@neutron-api.service[103426]: DEBUG neutron.api.extensions [None req-563790c9-4d3d-4ab2-ab6e-0c98e22a44af None None] Ext name="L3 Conntrack helper" alias="l3-conntrack-helper" description="Allow adding CT target rules for conntrack helper" updated="2019-04-04T10:00:00-00:00" {{(pid=103426) _check_extension /opt/stack/neutron/neutron/api/extensions.py:415}}
Jun 09 09:37:00.271830 np0000179133 devstack@neutron-api.service[103426]: INFO neutron.api.extensions [None req-563790c9-4d3d-4ab2-ab6e-0c98e22a44af None None] Extension l3-conntrack-helper not supported by any of loaded plugins
Jun 09 09:37:00.271936 np0000179133 devstack@neutron-api.service[103426]: DEBUG neutron.api.extensions [None req-563790c9-4d3d-4ab2-ab6e-0c98e22a44af None None] Loading extension file: l3_enable_default_route_bfd.py {{(pid=103426) _load_all_extensions_from_path /opt/stack/neutron/neutron/api/extensions.py:449}}
Jun 09 09:37:00.272326 np0000179133 devstack@neutron-api.service[103426]: DEBUG neutron.api.extensions [None req-563790c9-4d3d-4ab2-ab6e-0c98e22a44af None None] Ext name="Enable Default Route BFD" alias="enable-default-route-bfd" description="Enables configurable BFD behavior for default routes" updated="2023-02-27T00:00:00-00:00" {{(pid=103426) _check_extension /opt/stack/neutron/neutron/api/extensions.py:415}}
Jun 09 09:37:00.272497 np0000179133 devstack@neutron-api.service[103426]: INFO neutron.api.extensions [None req-563790c9-4d3d-4ab2-ab6e-0c98e22a44af None None] Loaded extension: enable-default-route-bfd
Jun 09 09:37:00.272588 np0000179133 devstack@neutron-api.service[103426]: DEBUG neutron.api.extensions [None req-563790c9-4d3d-4ab2-ab6e-0c98e22a44af None None] Loading extension file: l3_enable_default_route_ecmp.py {{(pid=103426) _load_all_extensions_from_path /opt/stack/neutron/neutron/api/extensions.py:449}}
Jun 09 09:37:00.272622 np0000179133 devstack@neutron-api.service[103428]: DEBUG neutron.api.v2.resource_helper [None req-94c1a3f3-4c80-4f0b-abfd-17b6ae13f597 None None] Service L3_ROUTER_NAT assigned prefix: {{(pid=103428) build_resource_info /opt/stack/neutron/neutron/api/v2/resource_helper.py:77}}
Jun 09 09:37:00.272822 np0000179133 devstack@neutron-api.service[103426]: DEBUG neutron.api.extensions [None req-563790c9-4d3d-4ab2-ab6e-0c98e22a44af None None] Ext name="Enable Default Route ECMP" alias="enable-default-route-ecmp" description="Enables configurable ECMP behavior for default routes" updated="2023-02-27T00:00:00-00:00" {{(pid=103426) _check_extension /opt/stack/neutron/neutron/api/extensions.py:415}}
Jun 09 09:37:00.273010 np0000179133 devstack@neutron-api.service[103426]: INFO neutron.api.extensions [None req-563790c9-4d3d-4ab2-ab6e-0c98e22a44af None None] Loaded extension: enable-default-route-ecmp
Jun 09 09:37:00.273126 np0000179133 devstack@neutron-api.service[103426]: DEBUG neutron.api.extensions [None req-563790c9-4d3d-4ab2-ab6e-0c98e22a44af None None] Loading extension file: l3_ext_gw_mode.py {{(pid=103426) _load_all_extensions_from_path /opt/stack/neutron/neutron/api/extensions.py:449}}
Jun 09 09:37:00.273180 np0000179133 devstack@neutron-api.service[103428]: DEBUG neutron.api.v2.resource_helper [None req-94c1a3f3-4c80-4f0b-abfd-17b6ae13f597 None None] Service L3_ROUTER_NAT assigned prefix: {{(pid=103428) build_resource_info /opt/stack/neutron/neutron/api/v2/resource_helper.py:77}}
Jun 09 09:37:00.273280 np0000179133 devstack@neutron-api.service[103428]: INFO neutron.quota.resource_registry [None req-94c1a3f3-4c80-4f0b-abfd-17b6ae13f597 None None] Creating instance of TrackedResource for resource:router
Jun 09 09:37:00.273335 np0000179133 devstack@neutron-api.service[103426]: DEBUG neutron.api.extensions [None req-563790c9-4d3d-4ab2-ab6e-0c98e22a44af None None] Ext name="Neutron L3 Configurable external gateway mode" alias="ext-gw-mode" description="Extension of the router abstraction for specifying whether SNAT should occur on the external gateway" updated="2013-03-28T10:00:00-00:00" {{(pid=103426) _check_extension /opt/stack/neutron/neutron/api/extensions.py:415}}
Jun 09 09:37:00.273509 np0000179133 devstack@neutron-api.service[103426]: INFO neutron.api.extensions [None req-563790c9-4d3d-4ab2-ab6e-0c98e22a44af None None] Loaded extension: ext-gw-mode
Jun 09 09:37:00.273592 np0000179133 devstack@neutron-api.service[103426]: DEBUG neutron.api.extensions [None req-563790c9-4d3d-4ab2-ab6e-0c98e22a44af None None] Loading extension file: l3_ext_ha_mode.py {{(pid=103426) _load_all_extensions_from_path /opt/stack/neutron/neutron/api/extensions.py:449}}
Jun 09 09:37:00.273678 np0000179133 devstack@neutron-api.service[103428]: INFO neutron.quota.resource_registry [None req-94c1a3f3-4c80-4f0b-abfd-17b6ae13f597 None None] Creating instance of TrackedResource for resource:floatingip
Jun 09 09:37:00.273818 np0000179133 devstack@neutron-api.service[103426]: DEBUG neutron.api.extensions [None req-563790c9-4d3d-4ab2-ab6e-0c98e22a44af None None] Ext name="HA Router extension" alias="l3-ha" description="Adds HA capability to routers." updated="2014-04-26T00:00:00-00:00" {{(pid=103426) _check_extension /opt/stack/neutron/neutron/api/extensions.py:415}}
Jun 09 09:37:00.274006 np0000179133 devstack@neutron-api.service[103426]: INFO neutron.api.extensions [None req-563790c9-4d3d-4ab2-ab6e-0c98e22a44af None None] Loaded extension: l3-ha
Jun 09 09:37:00.274095 np0000179133 devstack@neutron-api.service[103426]: DEBUG neutron.api.extensions [None req-563790c9-4d3d-4ab2-ab6e-0c98e22a44af None None] Loading extension file: l3_ext_ndp_proxy.py {{(pid=103426) _load_all_extensions_from_path /opt/stack/neutron/neutron/api/extensions.py:449}}
Jun 09 09:37:00.274324 np0000179133 devstack@neutron-api.service[103426]: DEBUG neutron.api.extensions [None req-563790c9-4d3d-4ab2-ab6e-0c98e22a44af None None] Ext name="Router support to enable NDP proxy" alias="l3-ext-ndp-proxy" description="Router extension to enable ndp proxy" updated="2020-08-25T00:00:00-00:00" {{(pid=103426) _check_extension /opt/stack/neutron/neutron/api/extensions.py:415}}
Jun 09 09:37:00.274481 np0000179133 devstack@neutron-api.service[103426]: INFO neutron.api.extensions [None req-563790c9-4d3d-4ab2-ab6e-0c98e22a44af None None] Extension l3-ext-ndp-proxy not supported by any of loaded plugins
Jun 09 09:37:00.274569 np0000179133 devstack@neutron-api.service[103426]: DEBUG neutron.api.extensions [None req-563790c9-4d3d-4ab2-ab6e-0c98e22a44af None None] Loading extension file: l3_extra_gws.py {{(pid=103426) _load_all_extensions_from_path /opt/stack/neutron/neutron/api/extensions.py:449}}
Jun 09 09:37:00.274689 np0000179133 devstack@neutron-api.service[103428]: INFO neutron.quota.resource_registry [None req-94c1a3f3-4c80-4f0b-abfd-17b6ae13f597 None None] Creating instance of CountableResource for resource:rbac_policy
Jun 09 09:37:00.274789 np0000179133 devstack@neutron-api.service[103426]: DEBUG neutron.api.extensions [None req-563790c9-4d3d-4ab2-ab6e-0c98e22a44af None None] Ext name="Neutron L3 External Gateway Multihoming" alias="external-gateway-multihoming" description="Allow multiple external gateway ports per router" updated="2023-01-18T00:00:00-00:00" {{(pid=103426) _check_extension /opt/stack/neutron/neutron/api/extensions.py:415}}
Jun 09 09:37:00.275080 np0000179133 devstack@neutron-api.service[103426]: INFO neutron.api.extensions [None req-563790c9-4d3d-4ab2-ab6e-0c98e22a44af None None] Loaded extension: external-gateway-multihoming
Jun 09 09:37:00.275175 np0000179133 devstack@neutron-api.service[103426]: DEBUG neutron.api.extensions [None req-563790c9-4d3d-4ab2-ab6e-0c98e22a44af None None] Loading extension file: l3_flavors.py {{(pid=103426) _load_all_extensions_from_path /opt/stack/neutron/neutron/api/extensions.py:449}}
Jun 09 09:37:00.275231 np0000179133 devstack@neutron-api.service[103428]: INFO neutron.quota.resource_registry [None req-94c1a3f3-4c80-4f0b-abfd-17b6ae13f597 None None] Creating instance of TrackedResource for resource:security_group
Jun 09 09:37:00.275403 np0000179133 devstack@neutron-api.service[103426]: DEBUG neutron.api.extensions [None req-563790c9-4d3d-4ab2-ab6e-0c98e22a44af None None] Ext name="Router Flavor Extension" alias="l3-flavors" description="Flavor support for routers." updated="2016-05-17T00:00:00-00:00" {{(pid=103426) _check_extension /opt/stack/neutron/neutron/api/extensions.py:415}}
Jun 09 09:37:00.275572 np0000179133 devstack@neutron-api.service[103426]: INFO neutron.api.extensions [None req-563790c9-4d3d-4ab2-ab6e-0c98e22a44af None None] Loaded extension: l3-flavors
Jun 09 09:37:00.275622 np0000179133 devstack@neutron-api.service[103428]: INFO neutron.quota.resource_registry [None req-94c1a3f3-4c80-4f0b-abfd-17b6ae13f597 None None] Creating instance of TrackedResource for resource:security_group_rule
Jun 09 09:37:00.275663 np0000179133 devstack@neutron-api.service[103426]: DEBUG neutron.api.extensions [None req-563790c9-4d3d-4ab2-ab6e-0c98e22a44af None None] Loading extension file: l3_ndp_proxy.py {{(pid=103426) _load_all_extensions_from_path /opt/stack/neutron/neutron/api/extensions.py:449}}
Jun 09 09:37:00.275968 np0000179133 devstack@neutron-api.service[103426]: DEBUG neutron.api.extensions [None req-563790c9-4d3d-4ab2-ab6e-0c98e22a44af None None] Ext name="name" alias="l3-ndp-proxy" description="description" updated="2021-06-29T10:00:00-00:00" {{(pid=103426) _check_extension /opt/stack/neutron/neutron/api/extensions.py:415}}
Jun 09 09:37:00.276135 np0000179133 devstack@neutron-api.service[103426]: INFO neutron.api.extensions [None req-563790c9-4d3d-4ab2-ab6e-0c98e22a44af None None] Extension l3-ndp-proxy not supported by any of loaded plugins
Jun 09 09:37:00.276188 np0000179133 devstack@neutron-api.service[103428]: DEBUG neutron.api.v2.resource_helper [None req-94c1a3f3-4c80-4f0b-abfd-17b6ae13f597 None None] Service CORE assigned prefix: {{(pid=103428) build_resource_info /opt/stack/neutron/neutron/api/v2/resource_helper.py:77}}
Jun 09 09:37:00.276231 np0000179133 devstack@neutron-api.service[103426]: DEBUG neutron.api.extensions [None req-563790c9-4d3d-4ab2-ab6e-0c98e22a44af None None] Loading extension file: l3_port_ip_change_not_allowed.py {{(pid=103426) _load_all_extensions_from_path /opt/stack/neutron/neutron/api/extensions.py:449}}
Jun 09 09:37:00.276299 np0000179133 devstack@neutron-api.service[103428]: INFO neutron.quota.resource_registry [None req-94c1a3f3-4c80-4f0b-abfd-17b6ae13f597 None None] Creating instance of TrackedResource for resource:subnetpool
Jun 09 09:37:00.276426 np0000179133 devstack@neutron-api.service[103428]: WARNING neutron.quota.resource_registry [None req-94c1a3f3-4c80-4f0b-abfd-17b6ae13f597 None None] subnetpool is already registered
Jun 09 09:37:00.276478 np0000179133 devstack@neutron-api.service[103426]: DEBUG neutron.api.extensions [None req-563790c9-4d3d-4ab2-ab6e-0c98e22a44af None None] Ext name="Prevent L3 router ports IP address change extension" alias="l3-port-ip-change-not-allowed" description="Prevent change of IP address for some L3 router ports" updated="2018-10-09T10:00:00-00:00" {{(pid=103426) _check_extension /opt/stack/neutron/neutron/api/extensions.py:415}}
Jun 09 09:37:00.276605 np0000179133 devstack@neutron-api.service[103426]: INFO neutron.api.extensions [None req-563790c9-4d3d-4ab2-ab6e-0c98e22a44af None None] Extension l3-port-ip-change-not-allowed not supported by any of loaded plugins
Jun 09 09:37:00.276692 np0000179133 devstack@neutron-api.service[103426]: DEBUG neutron.api.extensions [None req-563790c9-4d3d-4ab2-ab6e-0c98e22a44af None None] Loading extension file: l3agentscheduler.py {{(pid=103426) _load_all_extensions_from_path /opt/stack/neutron/neutron/api/extensions.py:449}}
Jun 09 09:37:00.277388 np0000179133 devstack@neutron-api.service[103426]: DEBUG neutron.api.extensions [None req-563790c9-4d3d-4ab2-ab6e-0c98e22a44af None None] Ext name="L3 Agent Scheduler" alias="l3_agent_scheduler" description="Schedule routers among l3 agents" updated="2013-02-07T10:00:00-00:00" {{(pid=103426) _check_extension /opt/stack/neutron/neutron/api/extensions.py:415}}
Jun 09 09:37:00.277556 np0000179133 devstack@neutron-api.service[103426]: INFO neutron.api.extensions [None req-563790c9-4d3d-4ab2-ab6e-0c98e22a44af None None] Loaded extension: l3_agent_scheduler
Jun 09 09:37:00.277650 np0000179133 devstack@neutron-api.service[103426]: DEBUG neutron.api.extensions [None req-563790c9-4d3d-4ab2-ab6e-0c98e22a44af None None] Loading extension file: local_ip.py {{(pid=103426) _load_all_extensions_from_path /opt/stack/neutron/neutron/api/extensions.py:449}}
Jun 09 09:37:00.277748 np0000179133 devstack@neutron-api.service[103428]: DEBUG neutron.api.v2.resource_helper [None req-94c1a3f3-4c80-4f0b-abfd-17b6ae13f597 None None] Service CORE assigned prefix: {{(pid=103428) build_resource_info /opt/stack/neutron/neutron/api/v2/resource_helper.py:77}}
Jun 09 09:37:00.277885 np0000179133 devstack@neutron-api.service[103428]: INFO neutron.quota.resource_registry [None req-94c1a3f3-4c80-4f0b-abfd-17b6ae13f597 None None] Creating instance of TrackedResource for resource:subnetpool
Jun 09 09:37:00.277971 np0000179133 devstack@neutron-api.service[103426]: DEBUG neutron.api.extensions [None req-563790c9-4d3d-4ab2-ab6e-0c98e22a44af None None] Ext name="Local IP" alias="local_ip" description="Support Node Local Virtual IP" updated="2021-07-26T10:00:00-00:00" {{(pid=103426) _check_extension /opt/stack/neutron/neutron/api/extensions.py:415}}
Jun 09 09:37:00.278029 np0000179133 devstack@neutron-api.service[103428]: WARNING neutron.quota.resource_registry [None req-94c1a3f3-4c80-4f0b-abfd-17b6ae13f597 None None] subnetpool is already registered
Jun 09 09:37:00.278142 np0000179133 devstack@neutron-api.service[103426]: INFO neutron.api.extensions [None req-563790c9-4d3d-4ab2-ab6e-0c98e22a44af None None] Extension local_ip not supported by any of loaded plugins
Jun 09 09:37:00.278230 np0000179133 devstack@neutron-api.service[103426]: DEBUG neutron.api.extensions [None req-563790c9-4d3d-4ab2-ab6e-0c98e22a44af None None] Loading extension file: logging.py {{(pid=103426) _load_all_extensions_from_path /opt/stack/neutron/neutron/api/extensions.py:449}}
Jun 09 09:37:00.278531 np0000179133 devstack@neutron-api.service[103426]: DEBUG neutron.api.extensions [None req-563790c9-4d3d-4ab2-ab6e-0c98e22a44af None None] Ext name="Logging API Extension" alias="logging" description="Provides a logging API for resources such as security group and firewall." updated="2017-01-01T10:00:00-00:00" {{(pid=103426) _check_extension /opt/stack/neutron/neutron/api/extensions.py:415}}
Jun 09 09:37:00.278700 np0000179133 devstack@neutron-api.service[103426]: INFO neutron.api.extensions [None req-563790c9-4d3d-4ab2-ab6e-0c98e22a44af None None] Extension logging not supported by any of loaded plugins
Jun 09 09:37:00.278792 np0000179133 devstack@neutron-api.service[103426]: DEBUG neutron.api.extensions [None req-563790c9-4d3d-4ab2-ab6e-0c98e22a44af None None] Loading extension file: metering.py {{(pid=103426) _load_all_extensions_from_path /opt/stack/neutron/neutron/api/extensions.py:449}}
Jun 09 09:37:00.279117 np0000179133 devstack@neutron-api.service[103426]: DEBUG neutron.api.extensions [None req-563790c9-4d3d-4ab2-ab6e-0c98e22a44af None None] Ext name="Neutron Metering" alias="metering" description="Neutron Metering extension." updated="2013-06-12T10:00:00-00:00" {{(pid=103426) _check_extension /opt/stack/neutron/neutron/api/extensions.py:415}}
Jun 09 09:37:00.279288 np0000179133 devstack@neutron-api.service[103426]: INFO neutron.api.extensions [None req-563790c9-4d3d-4ab2-ab6e-0c98e22a44af None None] Extension metering not supported by any of loaded plugins
Jun 09 09:37:00.279379 np0000179133 devstack@neutron-api.service[103426]: DEBUG neutron.api.extensions [None req-563790c9-4d3d-4ab2-ab6e-0c98e22a44af None None] Loading extension file: metering_source_and_destination_fields.py {{(pid=103426) _load_all_extensions_from_path /opt/stack/neutron/neutron/api/extensions.py:449}}
Jun 09 09:37:00.279617 np0000179133 devstack@neutron-api.service[103426]: DEBUG neutron.api.extensions [None req-563790c9-4d3d-4ab2-ab6e-0c98e22a44af None None] Ext name="Neutron Metering with source and destination filtering" alias="metering_source_and_destination_fields" description="Neutron Metering extension that enables the use of source and destination IP prefixes to create metering label rules." updated="2020-08-21T08:12:00-00:00" {{(pid=103426) _check_extension /opt/stack/neutron/neutron/api/extensions.py:415}}
Jun 09 09:37:00.279788 np0000179133 devstack@neutron-api.service[103426]: INFO neutron.api.extensions [None req-563790c9-4d3d-4ab2-ab6e-0c98e22a44af None None] Extension metering_source_and_destination_fields not supported by any of loaded plugins
Jun 09 09:37:00.279902 np0000179133 devstack@neutron-api.service[103426]: DEBUG neutron.api.extensions [None req-563790c9-4d3d-4ab2-ab6e-0c98e22a44af None None] Loading extension file: multiprovidernet.py {{(pid=103426) _load_all_extensions_from_path /opt/stack/neutron/neutron/api/extensions.py:449}}
Jun 09 09:37:00.280125 np0000179133 devstack@neutron-api.service[103426]: DEBUG neutron.api.extensions [None req-563790c9-4d3d-4ab2-ab6e-0c98e22a44af None None] Ext name="Multi Provider Network" alias="multi-provider" description="Expose mapping of virtual networks to multiple physical networks" updated="2013-06-27T10:00:00-00:00" {{(pid=103426) _check_extension /opt/stack/neutron/neutron/api/extensions.py:415}}
Jun 09 09:37:00.280293 np0000179133 devstack@neutron-api.service[103426]: INFO neutron.api.extensions [None req-563790c9-4d3d-4ab2-ab6e-0c98e22a44af None None] Loaded extension: multi-provider
Jun 09 09:37:00.280369 np0000179133 devstack@neutron-api.service[103426]: DEBUG neutron.api.extensions [None req-563790c9-4d3d-4ab2-ab6e-0c98e22a44af None None] Loading extension file: netmtu.py {{(pid=103426) _load_all_extensions_from_path /opt/stack/neutron/neutron/api/extensions.py:449}}
Jun 09 09:37:00.280597 np0000179133 devstack@neutron-api.service[103426]: DEBUG neutron.api.extensions [None req-563790c9-4d3d-4ab2-ab6e-0c98e22a44af None None] Ext name="Network MTU" alias="net-mtu" description="Provides MTU attribute for a network resource." updated="2015-03-25T10:00:00-00:00" {{(pid=103426) _check_extension /opt/stack/neutron/neutron/api/extensions.py:415}}
Jun 09 09:37:00.280660 np0000179133 devstack@neutron-api.service[103425]: DEBUG neutron_lib.callbacks.manager [None req-7b96d6da-f1e0-4bdb-b346-3227b64ad176 None None] Subscribe: > router before_delete 55550000, False {{(pid=103425) subscribe /opt/stack/data/venv/lib/python3.12/site-packages/neutron_lib/callbacks/manager.py:52}}
Jun 09 09:37:00.280764 np0000179133 devstack@neutron-api.service[103425]: DEBUG neutron_lib.callbacks.manager [None req-7b96d6da-f1e0-4bdb-b346-3227b64ad176 None None] Subscribe: port before_update 55550000, False {{(pid=103425) subscribe /opt/stack/data/venv/lib/python3.12/site-packages/neutron_lib/callbacks/manager.py:52}}
Jun 09 09:37:00.280814 np0000179133 devstack@neutron-api.service[103426]: INFO neutron.api.extensions [None req-563790c9-4d3d-4ab2-ab6e-0c98e22a44af None None] Loaded extension: net-mtu
Jun 09 09:37:00.280878 np0000179133 devstack@neutron-api.service[103426]: DEBUG neutron.api.extensions [None req-563790c9-4d3d-4ab2-ab6e-0c98e22a44af None None] Loading extension file: netmtu_writable.py {{(pid=103426) _load_all_extensions_from_path /opt/stack/neutron/neutron/api/extensions.py:449}}
Jun 09 09:37:00.280937 np0000179133 devstack@neutron-api.service[103425]: DEBUG neutron_lib.callbacks.manager [None req-7b96d6da-f1e0-4bdb-b346-3227b64ad176 None None] Subscribe: port after_update 55550000, False {{(pid=103425) subscribe /opt/stack/data/venv/lib/python3.12/site-packages/neutron_lib/callbacks/manager.py:52}}
Jun 09 09:37:00.280994 np0000179133 devstack@neutron-api.service[103425]: DEBUG neutron_lib.callbacks.manager [None req-7b96d6da-f1e0-4bdb-b346-3227b64ad176 None None] Subscribe: > port precommit_delete 55550000, False {{(pid=103425) subscribe /opt/stack/data/venv/lib/python3.12/site-packages/neutron_lib/callbacks/manager.py:52}}
Jun 09 09:37:00.281093 np0000179133 devstack@neutron-api.service[103426]: DEBUG neutron.api.extensions [None req-563790c9-4d3d-4ab2-ab6e-0c98e22a44af None None] Ext name="Network MTU (writable)" alias="net-mtu-writable" description="Provides a writable MTU attribute for a network resource." updated="2017-07-12T00:00:00-00:00" {{(pid=103426) _check_extension /opt/stack/neutron/neutron/api/extensions.py:415}}
