Jul 15 22:37:09.025738 np0000185483 devstack@neutron-api.service[101768]: DEBUG neutron.api.v2.base [None req-3325a608-1e8e-4242-9c80-3f04392e42f6 admin admin] Request body: {'quota': {'security_group': 100}} {{(pid=101768) prepare_request_body /opt/stack/neutron/neutron/api/v2/base.py:727}}
Jul 15 22:37:09.046407 np0000185483 devstack@neutron-api.service[101768]: [pid: 101768|app: 0|req: 22/88] 199.19.213.62 () {68 vars in 1442 bytes} [Wed Jul 15 22:37:08 2026] PUT /networking/v2.0/quotas/f7ec89c48b2a4d74b5d2600df3cbc1cb => generated 195 bytes in 156 msecs (HTTP/1.1 200) 4 headers in 157 bytes (1 switches on core 0)
Jul 15 22:37:09.311607 np0000185483 devstack@neutron-api.service[101769]: /opt/stack/neutron/neutron/extensions/quotasv2.py:134: UserWarning: "--check-limit" parameter is no longer needed since Epoxy (2025.1) release. By default, Neutron quota engine checks the resource usage before updating the limits
Jul 15 22:37:09.311607 np0000185483 devstack@neutron-api.service[101769]: warnings.warn('"--check-limit" parameter is no longer needed '
Jul 15 22:37:09.312033 np0000185483 devstack@neutron-api.service[101769]: DEBUG neutron.api.v2.base [None req-31cc227f-e096-4c43-b451-768ff686fa38 admin admin] Request body: {'quota': {'security_group_rule': 1000}} {{(pid=101769) prepare_request_body /opt/stack/neutron/neutron/api/v2/base.py:727}}
Jul 15 22:37:09.336491 np0000185483 devstack@neutron-api.service[101769]: [pid: 101769|app: 0|req: 22/89] 199.19.213.62 () {68 vars in 1442 bytes} [Wed Jul 15 22:37:09 2026] PUT /networking/v2.0/quotas/f7ec89c48b2a4d74b5d2600df3cbc1cb => generated 196 bytes in 31 msecs (HTTP/1.1 200) 4 headers in 157 bytes (1 switches on core 0)
Jul 15 22:37:15.038225 np0000185483 devstack@neutron-api.service[101767]: DEBUG dbcounter [-] [101767] Writing DB stats neutron:UPDATE=1,neutron:SELECT=1 {{(pid=101767) stat_writer /opt/stack/data/venv/lib/python3.12/site-packages/dbcounter.py:115}}
Jul 15 22:37:15.873824 np0000185483 devstack@neutron-api.service[101770]: DEBUG dbcounter [-] [101770] Writing DB stats neutron:UPDATE=1,neutron:SELECT=1 {{(pid=101770) stat_writer /opt/stack/data/venv/lib/python3.12/site-packages/dbcounter.py:115}}
Jul 15 22:37:19.045462 np0000185483 devstack@neutron-api.service[101768]: DEBUG dbcounter [-] [101768] Writing DB stats neutron:UPDATE=1,neutron:SELECT=5,neutron:INSERT=1 {{(pid=101768) stat_writer /opt/stack/data/venv/lib/python3.12/site-packages/dbcounter.py:115}}
Jul 15 22:37:19.334934 np0000185483 devstack@neutron-api.service[101769]: DEBUG dbcounter [-] [101769] Writing DB stats neutron:UPDATE=1,neutron:SELECT=5,neutron:INSERT=1 {{(pid=101769) stat_writer /opt/stack/data/venv/lib/python3.12/site-packages/dbcounter.py:115}}
Jul 15 22:37:20.026321 np0000185483 devstack@neutron-api.service[101767]: DEBUG futurist.periodics [-] Submitting periodic callback 'neutron.plugins.ml2.drivers.ovn.mech_driver.ovsdb.maintenance.HashRingHealthCheckPeriodics.touch_hash_ring_node' {{(pid=101767) _process_scheduled /opt/stack/data/venv/lib/python3.12/site-packages/futurist/periodics.py:784}}
Jul 15 22:37:20.027330 np0000185483 devstack@neutron-api.service[101767]: DEBUG neutron.plugins.ml2.drivers.ovn.mech_driver.ovsdb.maintenance [-] Touching Hash Ring node "a7d5c7603e74514d82831126f75c3c92" from periodic health check thread {{(pid=101767) touch_hash_ring_node /opt/stack/neutron/neutron/plugins/ml2/drivers/ovn/mech_driver/ovsdb/maintenance.py:1417}}
Jul 15 22:37:20.847507 np0000185483 devstack@neutron-api.service[101768]: DEBUG futurist.periodics [-] Submitting periodic callback 'neutron.plugins.ml2.drivers.ovn.mech_driver.ovsdb.maintenance.HashRingHealthCheckPeriodics.touch_hash_ring_node' {{(pid=101768) _process_scheduled /opt/stack/data/venv/lib/python3.12/site-packages/futurist/periodics.py:784}}
Jul 15 22:37:20.848211 np0000185483 devstack@neutron-api.service[101768]: DEBUG neutron.plugins.ml2.drivers.ovn.mech_driver.ovsdb.maintenance [-] Touching Hash Ring node "7e62347c7589559ab90b63ea7d6017b1" from periodic health check thread {{(pid=101768) touch_hash_ring_node /opt/stack/neutron/neutron/plugins/ml2/drivers/ovn/mech_driver/ovsdb/maintenance.py:1417}}
Jul 15 22:37:20.862971 np0000185483 devstack@neutron-api.service[101770]: DEBUG futurist.periodics [-] Submitting periodic callback 'neutron.plugins.ml2.drivers.ovn.mech_driver.ovsdb.maintenance.HashRingHealthCheckPeriodics.touch_hash_ring_node' {{(pid=101770) _process_scheduled /opt/stack/data/venv/lib/python3.12/site-packages/futurist/periodics.py:784}}
Jul 15 22:37:20.865584 np0000185483 devstack@neutron-api.service[101770]: DEBUG neutron.plugins.ml2.drivers.ovn.mech_driver.ovsdb.maintenance [-] Touching Hash Ring node "0c47804e43a75918acae48cbb8c68d38" from periodic health check thread {{(pid=101770) touch_hash_ring_node /opt/stack/neutron/neutron/plugins/ml2/drivers/ovn/mech_driver/ovsdb/maintenance.py:1417}}
Jul 15 22:37:21.100231 np0000185483 devstack@neutron-api.service[101769]: DEBUG futurist.periodics [-] Submitting periodic callback 'neutron.plugins.ml2.drivers.ovn.mech_driver.ovsdb.maintenance.HashRingHealthCheckPeriodics.touch_hash_ring_node' {{(pid=101769) _process_scheduled /opt/stack/data/venv/lib/python3.12/site-packages/futurist/periodics.py:784}}
Jul 15 22:37:21.100726 np0000185483 devstack@neutron-api.service[101769]: DEBUG neutron.plugins.ml2.drivers.ovn.mech_driver.ovsdb.maintenance [-] Touching Hash Ring node "137d00e2675e54d1b92fae21dfe2f527" from periodic health check thread {{(pid=101769) touch_hash_ring_node /opt/stack/neutron/neutron/plugins/ml2/drivers/ovn/mech_driver/ovsdb/maintenance.py:1417}}
Jul 15 22:37:24.038934 np0000185483 devstack@neutron-api.service[101767]: DEBUG neutron.pecan_wsgi.hooks.policy_enforcement [None req-2f096934-d191-491f-bca5-a47ec61dde33 admin admin] Attributes excluded by policy engine: ['standard_attr_id'] {{(pid=101767) _exclude_attributes_by_policy /opt/stack/neutron/neutron/pecan_wsgi/hooks/policy_enforcement.py:259}}
Jul 15 22:37:24.041081 np0000185483 devstack@neutron-api.service[101767]: [pid: 101767|app: 0|req: 24/90] 199.19.213.62 () {64 vars in 1371 bytes} [Wed Jul 15 22:37:23 2026] GET /networking/v2.0/ports?device_owner=network%3Adistributed => generated 1650 bytes in 97 msecs (HTTP/1.1 200) 4 headers in 158 bytes (1 switches on core 0)
Jul 15 22:37:25.585662 np0000185483 devstack@neutron-api.service[101769]: DEBUG neutron.plugins.ml2.drivers.ovn.mech_driver.ovsdb.ovsdb_monitor [None req-105577b8-80b1-4120-9a0e-93bedb78cb84 None None] Touching Hash Ring node "137d00e2675e54d1b92fae21dfe2f527" from IDL notify handler {{(pid=101769) notify /opt/stack/neutron/neutron/plugins/ml2/drivers/ovn/mech_driver/ovsdb/ovsdb_monitor.py:1001}}
Jul 15 22:37:25.596330 np0000185483 devstack@neutron-api.service[101769]: DEBUG neutron.plugins.ml2.drivers.ovn.mech_driver.ovsdb.ovsdb_monitor [None req-105577b8-80b1-4120-9a0e-93bedb78cb84 None None] Hash Ring: Node 137d00e2675e54d1b92fae21dfe2f527 (host: np0000185483) handling event "update" for row fcd07c8e-f21c-478e-b0a8-5eebc53b3b12 (table: Connection) {{(pid=101769) notify /opt/stack/neutron/neutron/plugins/ml2/drivers/ovn/mech_driver/ovsdb/ovsdb_monitor.py:1009}}
Jul 15 22:37:30.860423 np0000185483 devstack@neutron-api.service[101768]: DEBUG dbcounter [-] [101768] Writing DB stats neutron:UPDATE=1,neutron:SELECT=1 {{(pid=101768) stat_writer /opt/stack/data/venv/lib/python3.12/site-packages/dbcounter.py:115}}
Jul 15 22:37:30.878058 np0000185483 devstack@neutron-api.service[101770]: DEBUG dbcounter [-] [101770] Writing DB stats neutron:UPDATE=1,neutron:SELECT=1 {{(pid=101770) stat_writer /opt/stack/data/venv/lib/python3.12/site-packages/dbcounter.py:115}}
Jul 15 22:37:34.033846 np0000185483 devstack@neutron-api.service[101767]: DEBUG dbcounter [-] [101767] Writing DB stats neutron:UPDATE=1,neutron:SELECT=10 {{(pid=101767) stat_writer /opt/stack/data/venv/lib/python3.12/site-packages/dbcounter.py:115}}
Jul 15 22:37:35.027382 np0000185483 devstack@neutron-api.service[101767]: DEBUG futurist.periodics [-] Submitting periodic callback 'neutron.plugins.ml2.drivers.ovn.mech_driver.ovsdb.maintenance.HashRingHealthCheckPeriodics.touch_hash_ring_node' {{(pid=101767) _process_scheduled /opt/stack/data/venv/lib/python3.12/site-packages/futurist/periodics.py:784}}
Jul 15 22:37:35.027926 np0000185483 devstack@neutron-api.service[101767]: DEBUG neutron.plugins.ml2.drivers.ovn.mech_driver.ovsdb.maintenance [-] Touching Hash Ring node "a7d5c7603e74514d82831126f75c3c92" from periodic health check thread {{(pid=101767) touch_hash_ring_node /opt/stack/neutron/neutron/plugins/ml2/drivers/ovn/mech_driver/ovsdb/maintenance.py:1417}}
Jul 15 22:37:35.591867 np0000185483 devstack@neutron-api.service[101769]: DEBUG dbcounter [-] [101769] Writing DB stats neutron:UPDATE=2,neutron:SELECT=1 {{(pid=101769) stat_writer /opt/stack/data/venv/lib/python3.12/site-packages/dbcounter.py:115}}
Jul 15 22:37:35.848398 np0000185483 devstack@neutron-api.service[101768]: DEBUG futurist.periodics [-] Submitting periodic callback 'neutron.plugins.ml2.drivers.ovn.mech_driver.ovsdb.maintenance.HashRingHealthCheckPeriodics.touch_hash_ring_node' {{(pid=101768) _process_scheduled /opt/stack/data/venv/lib/python3.12/site-packages/futurist/periodics.py:784}}
Jul 15 22:37:35.849125 np0000185483 devstack@neutron-api.service[101768]: DEBUG neutron.plugins.ml2.drivers.ovn.mech_driver.ovsdb.maintenance [-] Touching Hash Ring node "7e62347c7589559ab90b63ea7d6017b1" from periodic health check thread {{(pid=101768) touch_hash_ring_node /opt/stack/neutron/neutron/plugins/ml2/drivers/ovn/mech_driver/ovsdb/maintenance.py:1417}}
Jul 15 22:37:35.864358 np0000185483 devstack@neutron-api.service[101770]: DEBUG futurist.periodics [-] Submitting periodic callback 'neutron.plugins.ml2.drivers.ovn.mech_driver.ovsdb.maintenance.HashRingHealthCheckPeriodics.touch_hash_ring_node' {{(pid=101770) _process_scheduled /opt/stack/data/venv/lib/python3.12/site-packages/futurist/periodics.py:784}}
Jul 15 22:37:35.864938 np0000185483 devstack@neutron-api.service[101770]: DEBUG neutron.plugins.ml2.drivers.ovn.mech_driver.ovsdb.maintenance [-] Touching Hash Ring node "0c47804e43a75918acae48cbb8c68d38" from periodic health check thread {{(pid=101770) touch_hash_ring_node /opt/stack/neutron/neutron/plugins/ml2/drivers/ovn/mech_driver/ovsdb/maintenance.py:1417}}
Jul 15 22:37:35.878685 np0000185483 devstack@neutron-api.service[101770]: INFO neutron.pecan_wsgi.hooks.translation [None req-cd6e6a8b-0333-4b29-8706-4cd7221ddfb4 admin admin] GET failed (client error): The resource could not be found.
Jul 15 22:37:35.879341 np0000185483 devstack@neutron-api.service[101770]: [pid: 101770|app: 0|req: 23/91] 199.19.213.62 () {64 vars in 1327 bytes} [Wed Jul 15 22:37:35 2026] GET /networking/v2.0/networks/admin_net => generated 111 bytes in 17 msecs (HTTP/1.1 404) 4 headers in 164 bytes (1 switches on core 0)
Jul 15 22:37:35.910931 np0000185483 devstack@neutron-api.service[101768]: [pid: 101768|app: 0|req: 23/92] 199.19.213.62 () {64 vars in 1339 bytes} [Wed Jul 15 22:37:35 2026] GET /networking/v2.0/networks?name=admin_net => generated 15 bytes in 21 msecs (HTTP/1.1 200) 4 headers in 156 bytes (1 switches on core 0)
Jul 15 22:37:36.100900 np0000185483 devstack@neutron-api.service[101769]: DEBUG futurist.periodics [-] Submitting periodic callback 'neutron.plugins.ml2.drivers.ovn.mech_driver.ovsdb.maintenance.HashRingHealthCheckPeriodics.touch_hash_ring_node' {{(pid=101769) _process_scheduled /opt/stack/data/venv/lib/python3.12/site-packages/futurist/periodics.py:784}}
Jul 15 22:37:36.101310 np0000185483 devstack@neutron-api.service[101769]: DEBUG neutron.plugins.ml2.drivers.ovn.mech_driver.ovsdb.maintenance [-] Touching Hash Ring node "137d00e2675e54d1b92fae21dfe2f527" from periodic health check thread {{(pid=101769) touch_hash_ring_node /opt/stack/neutron/neutron/plugins/ml2/drivers/ovn/mech_driver/ovsdb/maintenance.py:1417}}
Jul 15 22:37:36.155683 np0000185483 devstack@neutron-api.service[101769]: DEBUG neutron.api.v2.base [None req-20483ba8-e466-4201-88ea-57d702119d8d admin admin] Request body: {'network': {'name': 'admin_net', 'project_id': '6df9cc1b701747aa8ef20e528a32638a', 'admin_state_up': True}} {{(pid=101769) prepare_request_body /opt/stack/neutron/neutron/api/v2/base.py:727}}
Jul 15 22:37:36.172990 np0000185483 devstack@neutron-api.service[101769]: DEBUG neutron.pecan_wsgi.hooks.quota_enforcement [None req-20483ba8-e466-4201-88ea-57d702119d8d admin admin] Made reservation on behalf of 6df9cc1b701747aa8ef20e528a32638a for: {'network': 1} {{(pid=101769) before /opt/stack/neutron/neutron/pecan_wsgi/hooks/quota_enforcement.py:66}}
Jul 15 22:37:36.176145 np0000185483 devstack@neutron-api.service[101769]: DEBUG neutron_lib.callbacks.manager [None req-20483ba8-e466-4201-88ea-57d702119d8d admin admin] Publish callbacks ['neutron.plugins.ml2.plugin.SecurityGroupDbMixin._ensure_default_security_group_handler-2289906'] for network (None), before_create {{(pid=101769) _notify_loop /opt/stack/data/venv/lib/python3.12/site-packages/neutron_lib/callbacks/manager.py:184}}
Jul 15 22:37:36.181270 np0000185483 devstack@neutron-api.service[101769]: DEBUG neutron_lib.callbacks.manager [None req-20483ba8-e466-4201-88ea-57d702119d8d admin admin] Publish callbacks [] for security_group (None), before_create {{(pid=101769) _notify_loop /opt/stack/data/venv/lib/python3.12/site-packages/neutron_lib/callbacks/manager.py:184}}
Jul 15 22:37:36.244296 np0000185483 devstack@neutron-api.service[101769]: DEBUG neutron_lib.callbacks.manager [None req-20483ba8-e466-4201-88ea-57d702119d8d admin admin] Publish callbacks ['neutron.plugins.ml2.drivers.ovn.mech_driver.mech_driver.OVNMechanismDriver._create_security_group_precommit-832118'] for security_group (3af36191-229a-4b45-81bd-5bc4eee4b257), precommit_create {{(pid=101769) _notify_loop /opt/stack/data/venv/lib/python3.12/sit