Jul 15 22:31:20.047524 np0000185483 devstack@neutron-api.service[101767]: DEBUG ovsdbapp.backend.ovs_idl [None req-1e1b3a3d-d3ea-4411-94e5-c4fe575b37d1 None None] Created schema index Gateway_Chassis.name {{(pid=101767) autocreate_indices /opt/stack/data/venv/lib/python3.12/site-packages/ovsdbapp/backend/ovs_idl/__init__.py:106}}
Jul 15 22:31:20.047737 np0000185483 devstack@neutron-api.service[101767]: DEBUG ovsdbapp.backend.ovs_idl [None req-1e1b3a3d-d3ea-4411-94e5-c4fe575b37d1 None None] Created schema index Mirror.name {{(pid=101767) autocreate_indices /opt/stack/data/venv/lib/python3.12/site-packages/ovsdbapp/backend/ovs_idl/__init__.py:106}}
Jul 15 22:31:20.047934 np0000185483 devstack@neutron-api.service[101767]: DEBUG ovsdbapp.backend.ovs_idl [None req-1e1b3a3d-d3ea-4411-94e5-c4fe575b37d1 None None] Created schema index Chassis_Template_Var.chassis {{(pid=101767) autocreate_indices /opt/stack/data/venv/lib/python3.12/site-packages/ovsdbapp/backend/ovs_idl/__init__.py:106}}
Jul 15 22:31:20.048294 np0000185483 devstack@neutron-api.service[101767]: DEBUG ovsdbapp.backend.ovs_idl [None req-1e1b3a3d-d3ea-4411-94e5-c4fe575b37d1 None None] Created schema index Logical_Router_Port.name {{(pid=101767) autocreate_indices /opt/stack/data/venv/lib/python3.12/site-packages/ovsdbapp/backend/ovs_idl/__init__.py:106}}
Jul 15 22:31:20.048498 np0000185483 devstack@neutron-api.service[101767]: DEBUG ovsdbapp.backend.ovs_idl [None req-1e1b3a3d-d3ea-4411-94e5-c4fe575b37d1 None None] Created schema index Port_Group.name {{(pid=101767) autocreate_indices /opt/stack/data/venv/lib/python3.12/site-packages/ovsdbapp/backend/ovs_idl/__init__.py:106}}
Jul 15 22:31:20.048742 np0000185483 devstack@neutron-api.service[101767]: DEBUG ovsdbapp.backend.ovs_idl [None req-1e1b3a3d-d3ea-4411-94e5-c4fe575b37d1 None None] Created schema index Logical_Switch_Port.name {{(pid=101767) autocreate_indices /opt/stack/data/venv/lib/python3.12/site-packages/ovsdbapp/backend/ovs_idl/__init__.py:106}}
Jul 15 22:31:20.052574 np0000185483 devstack@neutron-api.service[101767]: INFO ovsdbapp.backend.ovs_idl.vlog [None req-1e1b3a3d-d3ea-4411-94e5-c4fe575b37d1 None None] ssl:199.19.213.62:6641: connecting...
Jul 15 22:31:20.057888 np0000185483 devstack@neutron-api.service[101767]: INFO ovsdbapp.backend.ovs_idl.vlog [None req-1e1b3a3d-d3ea-4411-94e5-c4fe575b37d1 None None] ssl:199.19.213.62:6641: connected
Jul 15 22:31:20.094326 np0000185483 devstack@neutron-api.service[101767]: DEBUG neutron.common.ovn.hash_ring_manager [None req-1e1b3a3d-d3ea-4411-94e5-c4fe575b37d1 None None] Disallow caching, nodes 1<4 {{(pid=101767) _wait_startup_before_caching /opt/stack/neutron/neutron/common/ovn/hash_ring_manager.py:79}}
Jul 15 22:31:20.098578 np0000185483 devstack@neutron-api.service[101767]: DEBUG neutron.common.ovn.hash_ring_manager [None req-1e1b3a3d-d3ea-4411-94e5-c4fe575b37d1 None None] Hash Ring loaded. 1 active nodes. 0 offline nodes {{(pid=101767) _load_hash_ring /opt/stack/neutron/neutron/common/ovn/hash_ring_manager.py:110}}
Jul 15 22:31:20.098789 np0000185483 devstack@neutron-api.service[101767]: DEBUG neutron.plugins.ml2.drivers.ovn.mech_driver.ovsdb.ovsdb_monitor [None req-1e1b3a3d-d3ea-4411-94e5-c4fe575b37d1 None None] Hash Ring: Node a7d5c7603e74514d82831126f75c3c92 (host: np0000185483) handling event "create" for row 26da691f-d748-4f6d-a451-d7944e740c8c (table: ACL) {{(pid=101767) notify /opt/stack/neutron/neutron/plugins/ml2/drivers/ovn/mech_driver/ovsdb/ovsdb_monitor.py:1009}}
Jul 15 22:31:20.103531 np0000185483 devstack@neutron-api.service[101767]: DEBUG neutron.common.ovn.hash_ring_manager [None req-1e1b3a3d-d3ea-4411-94e5-c4fe575b37d1 None None] Hash Ring loaded. 1 active nodes. 0 offline nodes {{(pid=101767) _load_hash_ring /opt/stack/neutron/neutron/common/ovn/hash_ring_manager.py:110}}
Jul 15 22:31:20.103721 np0000185483 devstack@neutron-api.service[101767]: DEBUG neutron.plugins.ml2.drivers.ovn.mech_driver.ovsdb.ovsdb_monitor [None req-1e1b3a3d-d3ea-4411-94e5-c4fe575b37d1 None None] Hash Ring: Node a7d5c7603e74514d82831126f75c3c92 (host: np0000185483) handling event "create" for row 3e21c307-1af6-4d73-99a0-335c3f056a4b (table: ACL) {{(pid=101767) notify /opt/stack/neutron/neutron/plugins/ml2/drivers/ovn/mech_driver/ovsdb/ovsdb_monitor.py:1009}}
Jul 15 22:31:20.108788 np0000185483 devstack@neutron-api.service[101767]: DEBUG neutron.common.ovn.hash_ring_manager [None req-1e1b3a3d-d3ea-4411-94e5-c4fe575b37d1 None None] Hash Ring loaded. 1 active nodes. 0 offline nodes {{(pid=101767) _load_hash_ring /opt/stack/neutron/neutron/common/ovn/hash_ring_manager.py:110}}
Jul 15 22:31:20.108927 np0000185483 devstack@neutron-api.service[101767]: DEBUG neutron.plugins.ml2.drivers.ovn.mech_driver.ovsdb.ovsdb_monitor [None req-1e1b3a3d-d3ea-4411-94e5-c4fe575b37d1 None None] Hash Ring: Node a7d5c7603e74514d82831126f75c3c92 (host: np0000185483) handling event "create" for row fcd07c8e-f21c-478e-b0a8-5eebc53b3b12 (table: Connection) {{(pid=101767) notify /opt/stack/neutron/neutron/plugins/ml2/drivers/ovn/mech_driver/ovsdb/ovsdb_monitor.py:1009}}
Jul 15 22:31:20.113734 np0000185483 devstack@neutron-api.service[101767]: DEBUG neutron.common.ovn.hash_ring_manager [None req-1e1b3a3d-d3ea-4411-94e5-c4fe575b37d1 None None] Hash Ring loaded. 1 active nodes. 0 offline nodes {{(pid=101767) _load_hash_ring /opt/stack/neutron/neutron/common/ovn/hash_ring_manager.py:110}}
Jul 15 22:31:20.113875 np0000185483 devstack@neutron-api.service[101767]: DEBUG neutron.plugins.ml2.drivers.ovn.mech_driver.ovsdb.ovsdb_monitor [None req-1e1b3a3d-d3ea-4411-94e5-c4fe575b37d1 None None] Hash Ring: Node a7d5c7603e74514d82831126f75c3c92 (host: np0000185483) handling event "create" for row 363ea8e3-7ca3-499e-a196-7db62ddf678d (table: NB_Global) {{(pid=101767) notify /opt/stack/neutron/neutron/plugins/ml2/drivers/ovn/mech_driver/ovsdb/ovsdb_monitor.py:1009}}
Jul 15 22:31:20.123597 np0000185483 devstack@neutron-api.service[101767]: DEBUG neutron.common.ovn.hash_ring_manager [None req-1e1b3a3d-d3ea-4411-94e5-c4fe575b37d1 None None] Hash Ring loaded. 1 active nodes. 0 offline nodes {{(pid=101767) _load_hash_ring /opt/stack/neutron/neutron/common/ovn/hash_ring_manager.py:110}}
Jul 15 22:31:20.123929 np0000185483 devstack@neutron-api.service[101767]: DEBUG neutron.plugins.ml2.drivers.ovn.mech_driver.ovsdb.ovsdb_monitor [None req-1e1b3a3d-d3ea-4411-94e5-c4fe575b37d1 None None] Hash Ring: Node a7d5c7603e74514d82831126f75c3c92 (host: np0000185483) handling event "create" for row a9f80f64-9cdd-4961-a1be-cd16cc63de46 (table: Port_Group) {{(pid=101767) notify /opt/stack/neutron/neutron/plugins/ml2/drivers/ovn/mech_driver/ovsdb/ovsdb_monitor.py:1009}}
Jul 15 22:31:20.130170 np0000185483 devstack@neutron-api.service[101767]: DEBUG neutron.common.ovn.hash_ring_manager [None req-1e1b3a3d-d3ea-4411-94e5-c4fe575b37d1 None None] Hash Ring loaded. 1 active nodes. 0 offline nodes {{(pid=101767) _load_hash_ring /opt/stack/neutron/neutron/common/ovn/hash_ring_manager.py:110}}
Jul 15 22:31:20.130298 np0000185483 devstack@neutron-api.service[101767]: DEBUG neutron.plugins.ml2.drivers.ovn.mech_driver.ovsdb.ovsdb_monitor [None req-1e1b3a3d-d3ea-4411-94e5-c4fe575b37d1 None None] Hash Ring: Node a7d5c7603e74514d82831126f75c3c92 (host: np0000185483) handling event "create" for row 1ea80da3-eb71-4357-b232-8f59a539c144 (table: SSL) {{(pid=101767) notify /opt/stack/neutron/neutron/plugins/ml2/drivers/ovn/mech_driver/ovsdb/ovsdb_monitor.py:1009}}
Jul 15 22:31:20.131552 np0000185483 devstack@neutron-api.service[101767]: INFO neutron.plugins.ml2.drivers.ovn.mech_driver.ovsdb.impl_idl_ovn [None req-1e1b3a3d-d3ea-4411-94e5-c4fe575b37d1 None None] Getting OvsdbSbOvnIdl for WorkerService with retry
Jul 15 22:31:20.163938 np0000185483 devstack@neutron-api.service[101767]: DEBUG ovsdbapp.backend.ovs_idl [None req-1e1b3a3d-d3ea-4411-94e5-c4fe575b37d1 None None] Created lookup_table index Chassis.name {{(pid=101767) autocreate_indices /opt/stack/data/venv/lib/python3.12/site-packages/ovsdbapp/backend/ovs_idl/__init__.py:87}}
Jul 15 22:31:20.164043 np0000185483 devstack@neutron-api.service[101767]: DEBUG ovsdbapp.backend.ovs_idl [None req-1e1b3a3d-d3ea-4411-94e5-c4fe575b37d1 None None] Created lookup_table index Port_Binding.logical_port {{(pid=101767) autocreate_indices /opt/stack/data/venv/lib/python3.12/site-packages/ovsdbapp/backend/ovs_idl/__init__.py:87}}
Jul 15 22:31:20.164105 np0000185483 devstack@neutron-api.service[101767]: DEBUG ovsdbapp.backend.ovs_idl [None req-1e1b3a3d-d3ea-4411-94e5-c4fe575b37d1 None None] Created schema index Chassis_Private.name {{(pid=101767) autocreate_indices /opt/stack/data/venv/lib/python3.12/site-packages/ovsdbapp/backend/ovs_idl/__init__.py:106}}
Jul 15 22:31:20.164204 np0000185483 devstack@neutron-api.service[101767]: DEBUG ovsdbapp.backend.ovs_idl [None req-1e1b3a3d-d3ea-4411-94e5-c4fe575b37d1 None None] Created schema index Datapath_Binding.tunnel_key {{(pid=101767) autocreate_indices /opt/stack/data/venv/lib/python3.12/site-packages/ovsdbapp/backend/ovs_idl/__init__.py:106}}
Jul 15 22:31:20.165938 np0000185483 devstack@neutron-api.service[101767]: INFO ovsdbapp.backend.ovs_idl.vlog [None req-1e1b3a3d-d3ea-4411-94e5-c4fe575b37d1 None None] ssl:199.19.213.62:6642: connecting...
Jul 15 22:31:20.170923 np0000185483 devstack@neutron-api.service[101767]: INFO ovsdbapp.backend.ovs_idl.vlog [None req-1e1b3a3d-d3ea-4411-94e5-c4fe575b37d1 None None] ssl:199.19.213.62:6642: connected
Jul 15 22:31:20.208271 np0000185483 devstack@neutron-api.service[101767]: DEBUG neutron.common.ovn.hash_ring_manager [None req-1e1b3a3d-d3ea-4411-94e5-c4fe575b37d1 None None] Disallow caching, nodes 1<4 {{(pid=101767) _wait_startup_before_caching /opt/stack/neutron/neutron/common/ovn/hash_ring_manager.py:79}}
Jul 15 22:31:20.212418 np0000185483 devstack@neutron-api.service[101767]: DEBUG neutron.common.ovn.hash_ring_manager [None req-1e1b3a3d-d3ea-4411-94e5-c4fe575b37d1 None None] Hash Ring loaded. 1 active nodes. 0 offline nodes {{(pid=101767) _load_hash_ring /opt/stack/neutron/neutron/common/ovn/hash_ring_manager.py:110}}
Jul 15 22:31:20.212623 np0000185483 devstack@neutron-api.service[101767]: DEBUG neutron.plugins.ml2.drivers.ovn.mech_driver.ovsdb.ovsdb_monitor [None req-1e1b3a3d-d3ea-4411-94e5-c4fe575b37d1 None None] Hash Ring: Node a7d5c7603e74514d82831126f75c3c92 (host: np0000185483) handling event "create" for row 61df17cb-8894-4096-a893-befa0c565b73 (table: Chassis) {{(pid=101767) notify /opt/stack/neutron/neutron/plugins/ml2/drivers/ovn/mech_driver/ovsdb/ovsdb_monitor.py:1009}}
Jul 15 22:31:20.213654 np0000185483 devstack@neutron-api.service[101767]: DEBUG ovsdbapp.backend.ovs_idl.event [None req-1e1b3a3d-d3ea-4411-94e5-c4fe575b37d1 None None] Matched CREATE: ChassisBandwidthConfigEvent(events=('create', 'update'), table='Chassis', conditions=None, old_conditions=None), priority=20 to row=Chassis(uuid=61df17cb-8894-4096-a893-befa0c565b73, encaps=[ff35b677-89b6-4b9e-bcbd-bd9739f0dd49], external_ids={}, hostname='np0000185483', name='d8a06cbb-0973-437e-bf03-35a53d5ad0e0', nb_cfg=0, other_config={'ct-commit-nat-v2': 'true', 'ct-commit-to-zone': 'true', 'ct-next-zone': 'true', 'ct-no-masked-label': 'true', 'ct-state-save': 'true', 'datapath-type': 'system', 'fdb-timestamp': 'true', 'iface-types': 'afxdp,afxdp-nonpmd,bareudp,erspan,geneve,gre,gtpu,internal,ip6erspan,ip6gre,lisp,patch,srv6,stt,system,tap,vxlan', 'is-interconn': 'false', 'ls-dpg-column': 'true', 'mac-binding-timestamp': 'true', 'ovn-bridge-mappings': 'public:br-ex', 'ovn-chassis-mac-mappings': '', 'ovn-cms-options': 'enable-chassis-as-gw', 'ovn-ct-lb-related': 'true', 'ovn-enable-lflow-cache': 'true', 'ovn-limit-lflow-cache': '', 'ovn-memlimit-lflow-cache-kb': '', 'ovn-monitor-all': 'false', 'ovn-trim-limit-lflow-cache': '', 'ovn-trim-timeout-ms': '', 'ovn-trim-wmark-perc-lflow-cache': '', 'port-up-notif': 'true'}, transport_zones=[], vtep_logical_switches=[]) old= {{(pid=101767) matches /opt/stack/data/venv/lib/python3.12/site-packages/ovsdbapp/backend/ovs_idl/event.py:55}}
Jul 15 22:31:20.214684 np0000185483 devstack@neutron-api.service[101767]: DEBUG ovsdbapp.backend.ovs_idl.event [None req-1e1b3a3d-d3ea-4411-94e5-c4fe575b37d1 None None] Matched CREATE: ChassisAgentWriteEvent(events=('create', 'update'), table='Chassis_Private', conditions=None, old_conditions=None), priority=20 to row=Chassis_Private(uuid=8f3c0760-f188-433d-a1d1-54756e604f55, chassis=61df17cb-8894-4096-a893-befa0c565b73, external_ids={'neutron:ovn-bridge': 'br-int', 'neutron:ovn-neutron-agent-id': '7c16a5a4-facb-5127-a200-a72b79f052cb', 'neutron:ovn-neutron-agent-sb-cfg': '0'}, name='d8a06cbb-0973-437e-bf03-35a53d5ad0e0', nb_cfg=0, nb_cfg_timestamp=0) old= {{(pid=101767) matches /opt/stack/data/venv/lib/python3.12/site-packages/ovsdbapp/backend/ovs_idl/event.py:55}}
Jul 15 22:31:20.215207 np0000185483 devstack@neutron-api.service[101767]: DEBUG ovsdbapp.backend.ovs_idl.event [None req-1e1b3a3d-d3ea-4411-94e5-c4fe575b37d1 None None] Matched CREATE: ChassisOVNAgentWriteEvent(events=('create', 'update'), table='Chassis_Private', conditions=None, old_conditions=None), priority=20 to row=Chassis_Private(uuid=8f3c0760-f188-433d-a1d1-54756e604f55, chassis=61df17cb-8894-4096-a893-befa0c565b73, external_ids={'neutron:ovn-bridge': 'br-int', 'neutron:ovn-neutron-agent-id': '7c16a5a4-facb-5127-a200-a72b79f052cb', 'neutron:ovn-neutron-agent-sb-cfg': '0'}, name='d8a06cbb-0973-437e-bf03-35a53d5ad0e0', nb_cfg=0, nb_cfg_timestamp=0) old= {{(pid=101767) matches /opt/stack/data/venv/lib/python3.12/site-packages/ovsdbapp/backend/ovs_idl/event.py:55}}
Jul 15 22:31:20.226367 np0000185483 devstack@neutron-api.service[101767]: DEBUG neutron.common.ovn.hash_ring_manager [None req-1e1b3a3d-d3ea-4411-94e5-c4fe575b37d1 None None] Hash Ring loaded. 1 active nodes. 0 offline nodes {{(pid=101767) _load_hash_ring /opt/stack/neutron/neutron/common/ovn/hash_ring_manager.py:110}}
Jul 15 22:31:20.226601 np0000185483 devstack@neutron-api.service[101767]: DEBUG neutron.plugins.ml2.drivers.ovn.mech_driver.ovsdb.ovsdb_monitor [None req-1e1b3a3d-d3ea-4411-94e5-c4fe575b37d1 None None] Hash Ring: Node a7d5c7603e74514d82831126f75c3c92 (host: np0000185483) handling event "create" for row 8f3c0760-f188-433d-a1d1-54756e604f55 (table: Chassis_Private) {{(pid=101767) notify /opt/stack/neutron/neutron/plugins/ml2/drivers/ovn/mech_driver/ovsdb/ovsdb_monitor.py:1009}}
Jul 15 22:31:20.232681 np0000185483 devstack@neutron-api.service[101767]: DEBUG neutron.common.ovn.hash_ring_manager [None req-1e1b3a3d-d3ea-4411-94e5-c4fe575b37d1 None None] Hash Ring loaded. 1 active nodes. 0 offline nodes {{(pid=101767) _load_hash_ring /opt/stack/neutron/neutron/common/ovn/hash_ring_manager.py:110}}
Jul 15 22:31:20.232839 np0000185483 devstack@neutron-api.service[101767]: DEBUG neutron.plugins.ml2.drivers.ovn.mech_driver.ovsdb.ovsdb_monitor [None req-1e1b3a3d-d3ea-4411-94e5-c4fe575b37d1 None None] Hash Ring: Node a7d5c7603e74514d82831126f75c3c92 (host: np0000185483) handling event "create" for row ff35b677-89b6-4b9e-bcbd-bd9739f0dd49 (table: Encap) {{(pid=101767) notify /opt/stack/neutron/neutron/plugins/ml2/drivers/ovn/mech_driver/ovsdb/ovsdb_monitor.py:1009}}
Jul 15 22:31:20.234077 np0000185483 devstack@neutron-api.service[101767]: INFO neutron.plugins.ml2.drivers.ovn.mech_driver.mech_driver [None req-1e1b3a3d-d3ea-4411-94e5-c4fe575b37d1 None None] WorkerService process has finished the post initialization
Jul 15 22:31:20.234455 np0000185483 devstack@neutron-api.service[101767]: DEBUG oslo_concurrency.processutils [None req-1e1b3a3d-d3ea-4411-94e5-c4fe575b37d1 None None] Running cmd (subprocess): ovsdb-client transact ssl:199.19.213.62:6641 --timeout 180 -p /opt/stack/data/CA/int-ca/private/devstack-cert.key -c /opt/stack/data/CA/int-ca/devstack-cert.crt -C /opt/stack/data/CA/int-ca/ca-chain.pem ["OVN_Northbound", {"op": "wait", "timeout": 0, "table": "Port_Group", "where": [["name", "==", "pvlan_pg_drop"]], "until": "==", "rows": []}, {"op": "insert", "table": "ACL", "row": {"action": "drop", "direction": "to-lport", "match": "outport == @pvlan_pg_drop && ip", "priority": 1010}, "uuid-name": "pvlandroptoport"}, {"op": "insert", "table": "ACL", "row": {"action": "drop", "direction": "from-lport", "match": "inport == @pvlan_pg_drop && ip", "priority": 1010}, "uuid-name": "pvlandropfromport"}, {"op": "insert", "table": "Port_Group", "row": {"name": "pvlan_pg_drop", "acls": ["set", [["named-uuid", "pvlandroptoport"], ["named-uuid", "pvlandropfromport"]]]}}] {{(pid=101767) execute /opt/stack/data/venv/lib/python3.12/site-packages/oslo_concurrency/processutils.py:440}}
Jul 15 22:31:20.244025 np0000185483 devstack@neutron-api.service[101767]: INFO neutron.plugins.ml2.drivers.ovn.mech_driver.ovsdb.extensions.qos [-] Starting OVNClientQosExtension
Jul 15 22:31:20.244025 np0000185483 devstack@neutron-api.service[101767]: INFO neutron.plugins.ml2.drivers.ovn.mech_driver.ovsdb.extensions.placement [-] Starting OVNClientPlacementExtension
Jul 15 22:31:20.258181 np0000185483 devstack@neutron-api.service[101770]: INFO neutron.plugins.ml2.managers [None req-64dffb7c-8e1b-41ab-9b82-07a0169dabc1 None None] Initializing driver for type 'local'
Jul 15 22:31:20.258423 np0000185483 devstack@neutron-api.service[101770]: INFO neutron.plugins.ml2.managers [None req-64dffb7c-8e1b-41ab-9b82-07a0169dabc1 None None] Initializing driver for type 'vlan'
Jul 15 22:31:20.269226 np0000185483 devstack@neutron-api.service[101768]: INFO neutron.plugins.ml2.managers [None req-456dc303-84d9-46f3-8f12-738501d1f19b None None] Initializing driver for type 'local'
Jul 15 22:31:20.269426 np0000185483 devstack@neutron-api.service[101768]: INFO neutron.plugins.ml2.managers [None req-456dc303-84d9-46f3-8f12-738501d1f19b None None] Initializing driver for type 'vlan'
Jul 15 22:31:20.278585 np0000185483 devstack@neutron-api.service[101767]: DEBUG oslo_concurrency.processutils [None req-1e1b3a3d-d3ea-4411-94e5-c4fe575b37d1 None None] CMD "ovsdb-client transact ssl:199.19.213.62:6641 --timeout 180 -p /opt/stack/data/CA/int-ca/private/devstack-cert.key -c /opt/stack/data/CA/int-ca/devstack-cert.crt -C /opt/stack/data/CA/int-ca/ca-chain.pem ["OVN_Northbound", {"op": "wait", "timeout": 0, "table": "Port_Group", "where": [["name", "==", "pvlan_pg_drop"]], "until": "==", "rows": []}, {"op": "insert", "table": "ACL", "row": {"action": "drop", "direction": "to-lport", "match": "outport == @pvlan_pg_drop && ip", "priority": 1010}, "uuid-name": "pvlandroptoport"}, {"op": "insert", "table": "ACL", "row": {"action": "drop", "direction": "from-lport", "match": "inport == @pvlan_pg_drop && ip", "priority": 1010}, "uuid-name": "pvlandropfromport"}, {"op": "insert", "table": "Port_Group", "row": {"name": "pvlan_pg_drop", "acls": ["set", [["named-uuid", "pvlandroptoport"], ["named-uuid", "pvlandropfromport"]]]}}]" returned: 0 in 0.044s {{(pid=101767) execute /opt/stack/data/venv/lib/python3.12/site-packages/oslo_concurrency/processutils.py:468}}
Jul 15 22:31:20.284096 np0000185483 devstack@neutron-api.service[101767]: WSGI app 0 (mountpoint='') ready in 7 seconds on interpreter 0x7da79bca4668 pid: 101767 (default app)
Jul 15 22:31:20.296657 np0000185483 devstack@neutron-api.service[101767]: DEBUG neutron.common.ovn.hash_ring_manager [-] Hash Ring loaded. 1 active nodes. 0 offline nodes {{(pid=101767) _load_hash_ring /opt/stack/neutron/neutron/common/ovn/hash_ring_manager.py:110}}
Jul 15 22:31:20.296850 np0000185483 devstack@neutron-api.service[101767]: DEBUG neutron.plugins.ml2.drivers.ovn.mech_driver.ovsdb.ovsdb_monitor [-] Hash Ring: Node a7d5c7603e74514d82831126f75c3c92 (host: np0000185483) handling event "create" for row bbc47e5e-9a85-4efe-9157-ed56a26262c6 (table: ACL) {{(pid=101767) notify /opt/stack/neutron/neutron/plugins/ml2/drivers/ovn/mech_driver/ovsdb/ovsdb_monitor.py:1009}}
Jul 15 22:31:20.307818 np0000185483 devstack@neutron-api.service[101767]: DEBUG neutron.common.ovn.hash_ring_manager [-] Hash Ring loaded. 1 active nodes. 0 offline nodes {{(pid=101767) _load_hash_ring /opt/stack/neutron/neutron/common/ovn/hash_ring_manager.py:110}}
Jul 15 22:31:20.307926 np0000185483 devstack@neutron-api.service[101767]: DEBUG neutron.plugins.ml2.drivers.ovn.mech_driver.ovsdb.ovsdb_monitor [-] Hash Ring: Node a7d5c7603e74514d82831126f75c3c92 (host: np0000185483) handling event "create" for row cff67762-cda1-4cef-b392-dafc43167139 (table: ACL) {{(pid=101767) notify /opt/stack/neutron/neutron/plugins/ml2/drivers/ovn/mech_driver/ovsdb/ovsdb_monitor.py:1009}}
Jul 15 22:31:20.315778 np0000185483 devstack@neutron-api.service[101767]: DEBUG neutron.common.ovn.hash_ring_manager [-] Hash Ring loaded. 1 active nodes. 0 offline nodes {{(pid=101767) _load_hash_ring /opt/stack/neutron/neutron/common/ovn/hash_ring_manager.py:110}}
Jul 15 22:31:20.315941 np0000185483 devstack@neutron-api.service[101767]: DEBUG neutron.plugins.ml2.drivers.ovn.mech_driver.ovsdb.ovsdb_monitor [-] Hash Ring: Node a7d5c7603e74514d82831126f75c3c92 (host: np0000185483) handling event "create" for row 71dfede6-2621-4057-9cf3-48b2c5fc8081 (table: Port_Group) {{(pid=101767) notify /opt/stack/neutron/neutron/plugins/ml2/drivers/ovn/mech_driver/ovsdb/ovsdb_monitor.py:1009}}
Jul 15 22:31:20.316960 np0000185483 devstack@neutron-api.service[101769]: INFO neutron.plugins.ml2.managers [None req-de597026-751c-4021-b192-96f6c56a2146 None None] Initializing driver for type 'local'
Jul 15 22:31:20.317192 np0000185483 devstack@neutron-api.service[101769]: INFO neutron.plugins.ml2.managers [None req-de597026-751c-4021-b192-96f6c56a2146 None None] Initializing driver for type 'vlan'
Jul 15 22:31:20.419907 np0000185483 devstack@neutron-api.service[101768]: INFO neutron.plugins.ml2.drivers.type_vlan [None req-456dc303-84d9-46f3-8f12-738501d1f19b None None] VlanTypeDriver initialization complete
Jul 15 22:31:20.420023 np0000185483 devstack@neutron-api.service[101768]: INFO neutron.plugins.ml2.managers [None req-456dc303-84d9-46f3-8f12-738501d1f19b None None] Initializing extension driver 'port_security'
Jul 15 22:31:20.420181 np0000185483 devstack@neutron-api.service[101768]: INFO neutron.plugins.ml2.extensions.port_security [None req-456dc303-84d9-46f3-8f12-738501d1f19b None None] PortSecurityExtensionDriver initialization complete
Jul 15 22:31:20.420260 np0000185483 devstack@neutron-api.service[101768]: INFO neutron.plugins.ml2.managers [None req-456dc303-84d9-46f3-8f12-738501d1f19b None None] Initializing extension driver 'qos'
Jul 15 22:31:20.420379 np0000185483 devstack@neutron-api.service[101768]: DEBUG neutron.plugins.ml2.extensions.qos [None req-456dc303-84d9-46f3-8f12-738501d1f19b None None] QosExtensionDriver initialization complete {{(pid=101768) initialize /opt/stack/neutron/neutron/plugins/ml2/extensions/qos.py:31}}
Jul 15 22:31:20.420444 np0000185483 devstack@neutron-api.service[101768]: INFO neutron.plugins.ml2.managers [None req-456dc303-84d9-46f3-8f12-738501d1f19b None None] Initializing mechanism driver 'ovn'
Jul 15 22:31:20.420530 np0000185483 devstack@neutron-api.service[101768]: INFO neutron.plugins.ml2.drivers.ovn.mech_driver.mech_driver [None req-456dc303-84d9-46f3-8f12-738501d1f19b None None] Starting OVNMechanismDriver
Jul 15 22:31:20.422386 np0000185483 devstack@neutron-api.service[101768]: DEBUG neutron_lib.callbacks.manager [None req-456dc303-84d9-46f3-8f12-738501d1f19b None None] Subscribe: > process before_spawn 55550000, False {{(pid=101768) subscribe /opt/stack/data/venv/lib/python3.12/site-packages/neutron_lib/callbacks/manager.py:52}}
Jul 15 22:31:20.422581 np0000185483 devstack@neutron-api.service[101768]: DEBUG neutron_lib.callbacks.manager [None req-456dc303-84d9-46f3-8f12-738501d1f19b None None] Subscribe: > process after_init 55550000, True {{(pid=101768) subscribe /opt/stack/data/venv/lib/python3.12/site-packages/neutron_lib/callbacks/manager.py:52}}
Jul 15 22:31:20.422670 np0000185483 devstack@neutron-api.service[101768]: DEBUG neutron_lib.callbacks.manager [None req-456dc303-84d9-46f3-8f12-738501d1f19b None None] Subscribe: > segment after_create 55550000, False {{(pid=101768) subscribe /opt/stack/data/venv/lib/python3.12/site-packages/neutron_lib/callbacks/manager.py:52}}
Jul 15 22:31:20.422759 np0000185483 devstack@neutron-api.service[101768]: DEBUG neutron_lib.callbacks.manager [None req-456dc303-84d9-46f3-8f12-738501d1f19b None None] Subscribe: > segment after_create 55550000, False {{(pid=101768) subscribe /opt/stack/data/venv/lib/python3.12/site-packages/neutron_lib/callbacks/manager.py:52}}
Jul 15 22:31:20.422826 np0000185483 devstack@neutron-api.service[101770]: INFO neutron.plugins.ml2.drivers.type_vlan [None req-64dffb7c-8e1b-41ab-9b82-07a0169dabc1 None None] VlanTypeDriver initialization complete
Jul 15 22:31:20.422870 np0000185483 devstack@neutron-api.service[101768]: DEBUG neutron_lib.callbacks.manager [None req-456dc303-84d9-46f3-8f12-738501d1f19b None None] Subscribe: > segment after_delete 55550000, False {{(pid=101768) subscribe /opt/stack/data/venv/lib/python3.12/site-packages/neutron_lib/callbacks/manager.py:52}}
Jul 15 22:31:20.423001 np0000185483 devstack@neutron-api.service[101768]: DEBUG neutron_lib.callbacks.manager [None req-456dc303-84d9-46f3-8f12-738501d1f19b None None] Subscribe: > allowed_address_pair before_create 55550000, False {{(pid=101768) subscribe /opt/stack/data/venv/lib/python3.12/site-packages/neutron_lib/callbacks/manager.py:52}}
Jul 15 22:31:20.423045 np0000185483 devstack@neutron-api.service[101770]: INFO neutron.plugins.ml2.managers [None req-64dffb7c-8e1b-41ab-9b82-07a0169dabc1 None None] Initializing extension driver 'port_security'
Jul 15 22:31:20.423083 np0000185483 devstack@neutron-api.service[101768]: DEBUG neutron_lib.callbacks.manager [None req-456dc303-84d9-46f3-8f12-738501d1f19b None None] Subscribe: > security_group precommit_create 55550000, False {{(pid=101768) subscribe /opt/stack/data/venv/lib/python3.12/site-packages/neutron_lib/callbacks/manager.py:52}}
Jul 15 22:31:20.423166 np0000185483 devstack@neutron-api.service[101770]: INFO neutron.plugins.ml2.extensions.port_security [None req-64dffb7c-8e1b-41ab-9b82-07a0169dabc1 None None] PortSecurityExtensionDriver initialization complete
Jul 15 22:31:20.423205 np0000185483 devstack@neutron-api.service[101768]: DEBUG neutron_lib.callbacks.manager [None req-456dc303-84d9-46f3-8f12-738501d1f19b None None] Subscribe: > security_group after_update 55550000, False {{(pid=101768) subscribe /opt/stack/data/venv/lib/python3.12/site-packages/neutron_lib/callbacks/manager.py:52}}
Jul 15 22:31:20.423289 np0000185483 devstack@neutron-api.service[101770]: INFO neutron.plugins.ml2.managers [None req-64dffb7c-8e1b-41ab-9b82-07a0169dabc1 None None] Initializing extension driver 'qos'
Jul 15 22:31:20.423369 np0000185483 devstack@neutron-api.service[101768]: DEBUG neutron_lib.callbacks.manager [None req-456dc303-84d9-46f3-8f12-738501d1f19b None None] Subscribe: > security_group after_create 55550000, False {{(pid=101768) subscribe /opt/stack/data/venv/lib/python3.12/site-packages/neutron_lib/callbacks/manager.py:52}}
Jul 15 22:31:20.423408 np0000185483 devstack@neutron-api.service[101770]: DEBUG neutron.plugins.ml2.extensions.qos [None req-64dffb7c-8e1b-41ab-9b82-07a0169dabc1 None None] QosExtensionDriver initialization complete {{(pid=101770) initialize /opt/stack/neutron/neutron/plugins/ml2/extensions/qos.py:31}}
Jul 15 22:31:20.423446 np0000185483 devstack@neutron-api.service[101768]: DEBUG neutron_lib.callbacks.manager [None req-456dc303-84d9-46f3-8f12-738501d1f19b None None] Subscribe: > security_group precommit_delete 55550000, False {{(pid=101768) subscribe /opt/stack/data/venv/lib/python3.12/site-packages/neutron_lib/callbacks/manager.py:52}}
Jul 15 22:31:20.423483 np0000185483 devstack@neutron-api.service[101770]: INFO neutron.plugins.ml2.managers [None req-64dffb7c-8e1b-41ab-9b82-07a0169dabc1 None None] Initializing mechanism driver 'ovn'
Jul 15 22:31:20.423526 np0000185483 devstack@neutron-api.service[101768]: DEBUG neutron_lib.callbacks.manager [None req-456dc303-84d9-46f3-8f12-738501d1f19b None None] Subscribe: > security_group after_delete 55550000, False {{(pid=101768) subscribe /opt/stack/data/venv/lib/python3.12/site-packages/neutron_lib/callbacks/manager.py:52}}
Jul 15 22:31:20.423721 np0000185483 devstack@neutron-api.service[101770]: INFO neutron.plugins.ml2.drivers.ovn.mech_driver.mech_driver [None req-64dffb7c-8e1b-41ab-9b82-07a0169dabc1 None None] Starting OVNMechanismDriver
Jul 15 22:31:20.423852 np0000185483 devstack@neutron-api.service[101768]: DEBUG neutron_lib.callbacks.manager [None req-456dc303-84d9-46f3-8f12-738501d1f19b None None] Subscribe: > security_group_rule precommit_create 55550000, False {{(pid=101768) subscribe /opt/stack/data/venv/lib/python3.12/site-packages/neutron_lib/callbacks/manager.py:52}}
Jul 15 22:31:20.423852 np0000185483 devstack@neutron-api.service[101768]: DEBUG neutron_lib.callbacks.manager [None req-456dc303-84d9-46f3-8f12-738501d1f19b None None] Subscribe: > security_group_rule after_create 55550000, False {{(pid=101768) subscribe /opt/stack/data/venv/lib/python3.12/site-packages/neutron_lib/callbacks/manager.py:52}}
Jul 15 22:31:20.423852 np0000185483 devstack@neutron-api.service[101768]: DEBUG neutron_lib.callbacks.manager [None req-456dc303-84d9-46f3-8f12-738501d1f19b None None] Subscribe: > security_group_rule before_delete 55550000, False {{(pid=101768) subscribe /opt/stack/data/venv/lib/python3.12/site-packages/neutron_lib/callbacks/manager.py:52}}
Jul 15 22:31:20.423852 np0000185483 devstack@neutron-api.service[101768]: DEBUG neutron_lib.callbacks.manager [None req-456dc303-84d9-46f3-8f12-738501d1f19b None None] Subscribe: > address_group after_create 55550000, False {{(pid=101768) subscribe /opt/stack/data/venv/lib/python3.12/site-packages/neutron_lib/callbacks/manager.py:52}}
Jul 15 22:31:20.424087 np0000185483 devstack@neutron-api.service[101768]: DEBUG neutron_lib.callbacks.manager [None req-456dc303-84d9-46f3-8f12-738501d1f19b None None] Subscribe: > address_group after_update 55550000, False {{(pid=101768) subscribe /opt/stack/data/venv/lib/python3.12/site-packages/neutron_lib/callbacks/manager.py:52}}
Jul 15 22:31:20.424087 np0000185483 devstack@neutron-api.service[101768]: DEBUG neutron_lib.callbacks.manager [None req-456dc303-84d9-46f3-8f12-738501d1f19b None None] Subscribe: > address_group after_delete 55550000, False {{(pid=101768) subscribe /opt/stack/data/venv/lib/python3.12/site-packages/neutron_lib/callbacks/manager.py:52}}
Jul 15 22:31:20.424251 np0000185483 devstack@neutron-api.service[101768]: DEBUG neutron_lib.callbacks.manager [None req-456dc303-84d9-46f3-8f12-738501d1f19b None None] Subscribe: > qos_plugin after_init 55550000, False {{(pid=101768) subscribe /opt/stack/data/venv/lib/python3.12/site-packages/neutron_lib/callbacks/manager.py:52}}
Jul 15 22:31:20.424387 np0000185483 devstack@neutron-api.service[101768]: DEBUG neutron_lib.callbacks.manager [None req-456dc303-84d9-46f3-8f12-738501d1f19b None None] Subscribe: > trunk_plugin after_init 55550000, False {{(pid=101768) subscribe /opt/stack/data/venv/lib/python3.12/site-packages/neutron_lib/callbacks/manager.py:52}}
Jul 15 22:31:20.424601 np0000185483 devstack@neutron-api.service[101768]: DEBUG neutron_lib.callbacks.manager [None req-456dc303-84d9-46f3-8f12-738501d1f19b None None] Subscribe: > logging-plugin after_init 55550000, False {{(pid=101768) subscribe /opt/stack/data/venv/lib/python3.12/site-packages/neutron_lib/callbacks/manager.py:52}}
Jul 15 22:31:20.425053 np0000185483 devstack@neutron-api.service[101770]: DEBUG neutron_lib.callbacks.manager [None req-64dffb7c-8e1b-41ab-9b82-07a0169dabc1 None None] Subscribe: > process before_spawn 55550000, False {{(pid=101770) subscribe /opt/stack/data/venv/lib/python3.12/site-packages/neutron_lib/callbacks/manager.py:52}}
Jul 15 22:31:20.425100 np0000185483 devstack@neutron-api.service[101768]: INFO neutron.services.logapi.drivers.ovn.driver [None req-456dc303-84d9-46f3-8f12-738501d1f19b None None] OVN logging driver registered
Jul 15 22:31:20.425148 np0000185483 devstack@neutron-api.service[101770]: DEBUG neutron_lib.callbacks.manager [None req-64dffb7c-8e1b-41ab-9b82-07a0169dabc1 None None] Subscribe: > process after_init 55550000, True {{(pid=101770) subscribe /opt/stack/data/venv/lib/python3.12/site-packages/neutron_lib/callbacks/manager.py:52}}
Jul 15 22:31:20.425229 np0000185483 devstack@neutron-api.service[101768]: DEBUG neutron_lib.callbacks.manager [None req-456dc303-84d9-46f3-8f12-738501d1f19b None None] Subscribe: ._register_pvlan_driver at 0x7da79351e660> pvlan_plugin before_spawn 55550000, False {{(pid=101768) subscribe /opt/stack/data/venv/lib/python3.12/site-packages/neutron_lib/callbacks/manager.py:52}}
Jul 15 22:31:20.425266 np0000185483 devstack@neutron-api.service[101770]: DEBUG neutron_lib.callbacks.manager [None req-64dffb7c-8e1b-41ab-9b82-07a0169dabc1 None None] Subscribe: > segment after_create 55550000, False {{(pid=101770) subscribe /opt/stack/data/venv/lib/python3.12/site-packages/neutron_lib/callbacks/manager.py:52}}
Jul 15 22:31:20.425310 np0000185483 devstack@neutron-api.service[101768]: DEBUG neutron_lib.callbacks.manager [None req-456dc303-84d9-46f3-8f12-738501d1f19b None None] Subscribe: process after_init 55550000, False {{(pid=101768) subscribe /opt/stack/data/venv/lib/python3.12/site-packages/neutron_lib/callbacks/manager.py:52}}
Jul 15 22:31:20.425357 np0000185483 devstack@neutron-api.service[101770]: DEBUG neutron_lib.callbacks.manager [None req-64dffb7c-8e1b-41ab-9b82-07a0169dabc1 None None] Subscribe: > segment after_create 55550000, False {{(pid=101770) subscribe /opt/stack/data/venv/lib/python3.12/site-packages/neutron_lib/callbacks/manager.py:52}}
Jul 15 22:31:20.425502 np0000185483 devstack@neutron-api.service[101770]: DEBUG neutron_lib.callbacks.manager [None req-64dffb7c-8e1b-41ab-9b82-07a0169dabc1 None None] Subscribe: > segment after_delete 55550000, False {{(pid=101770) subscribe /opt/stack/data/venv/lib/python3.12/site-packages/neutron_lib/callbacks/manager.py:52}}
Jul 15 22:31:20.425552 np0000185483 devstack@neutron-api.service[101770]: DEBUG neutron_lib.callbacks.manager [None req-64dffb7c-8e1b-41ab-9b82-07a0169dabc1 None None] Subscribe: > allowed_address_pair before_create 55550000, False {{(pid=101770) subscribe /opt/stack/data/venv/lib/python3.12/site-packages/neutron_lib/callbacks/manager.py:52}}
Jul 15 22:31:20.425691 np0000185483 devstack@neutron-api.service[101770]: DEBUG neutron_lib.callbacks.manager [None req-64dffb7c-8e1b-41ab-9b82-07a0169dabc1 None None] Subscribe: > security_group precommit_create 55550000, False {{(pid=101770) subscribe /opt/stack/data/venv/lib/python3.12/site-packages/neutron_lib/callbacks/manager.py:52}}
Jul 15 22:31:20.425782 np0000185483 devstack@neutron-api.service[101770]: DEBUG neutron_lib.callbacks.manager [None req-64dffb7c-8e1b-41ab-9b82-07a0169dabc1 None None] Subscribe: > security_group after_update 55550000, False {{(pid=101770) subscribe /opt/stack/data/venv/lib/python3.12/site-packages/neutron_lib/callbacks/manager.py:52}}
Jul 15 22:31:20.425886 np0000185483 devstack@neutron-api.service[101770]: DEBUG neutron_lib.callbacks.manager [None req-64dffb7c-8e1b-41ab-9b82-07a0169dabc1 None None] Subscribe: > security_group after_create 55550000, False {{(pid=101770) subscribe /opt/stack/data/venv/lib/python3.12/site-packages/neutron_lib/callbacks/manager.py:52}}
Jul 15 22:31:20.426033 np0000185483 devstack@neutron-api.service[101770]: DEBUG neutron_lib.callbacks.manager [None req-64dffb7c-8e1b-41ab-9b82-07a0169dabc1 None None] Subscribe: > security_group precommit_delete 55550000, False {{(pid=101770) subscribe /opt/stack/data/venv/lib/python3.12/site-packages/neutron_lib/callbacks/manager.py:52}}
Jul 15 22:31:20.426177 np0000185483 devstack@neutron-api.service[101770]: DEBUG neutron_lib.callbacks.manager [None req-64dffb7c-8e1b-41ab-9b82-07a0169dabc1 None None] Subscribe: > security_group after_delete 55550000, False {{(pid=101770) subscribe /opt/stack/data/venv/lib/python3.12/site-packages/neutron_lib/callbacks/manager.py:52}}
Jul 15 22:31:20.426272 np0000185483 devstack@neutron-api.service[101770]: DEBUG neutron_lib.callbacks.manager [None req-64dffb7c-8e1b-41ab-9b82-07a0169dabc1 None None] Subscribe: > security_group_rule precommit_create 55550000, False {{(pid=101770) subscribe /opt/stack/data/venv/lib/python3.12/site-packages/neutron_lib/callbacks/manager.py:52}}
Jul 15 22:31:20.426380 np0000185483 devstack@neutron-api.service[101770]: DEBUG neutron_lib.callbacks.manager [None req-64dffb7c-8e1b-41ab-9b82-07a0169dabc1 None None] Subscribe: > security_group_rule after_create 55550000, False {{(pid=101770) subscribe /opt/stack/data/venv/lib/python3.12/site-packages/neutron_lib/callbacks/manager.py:52}}
Jul 15 22:31:20.426482 np0000185483 devstack@neutron-api.service[101770]: DEBUG neutron_lib.callbacks.manager [None req-64dffb7c-8e1b-41ab-9b82-07a0169dabc1 None None] Subscribe: > security_group_rule before_delete 55550000, False {{(pid=101770) subscribe /opt/stack/data/venv/lib/python3.12/site-packages/neutron_lib/callbacks/manager.py:52}}
Jul 15 22:31:20.426601 np0000185483 devstack@neutron-api.service[101770]: DEBUG neutron_lib.callbacks.manager [None req-64dffb7c-8e1b-41ab-9b82-07a0169dabc1 None None] Subscribe: > address_group after_create 55550000, False {{(pid=101770) subscribe /opt/stack/data/venv/lib/python3.12/site-packages/neutron_lib/callbacks/manager.py:52}}
Jul 15 22:31:20.426713 np0000185483 devstack@neutron-api.service[101770]: DEBUG neutron_lib.callbacks.manager [None req-64dffb7c-8e1b-41ab-9b82-07a0169dabc1 None None] Subscribe: > address_group after_update 55550000, False {{(pid=101770) subscribe /opt/stack/data/venv/lib/python3.12/site-packages/neutron_lib/callbacks/manager.py:52}}
Jul 15 22:31:20.426816 np0000185483 devstack@neutron-api.service[101770]: DEBUG neutron_lib.callbacks.manager [None req-64dffb7c-8e1b-41ab-9b82-07a0169dabc1 None None] Subscribe: > address_group after_delete 55550000, False {{(pid=101770) subscribe /opt/stack/data/venv/lib/python3.12/site-packages/neutron_lib/callbacks/manager.py:52}}
Jul 15 22:31:20.426998 np0000185483 devstack@neutron-api.service[101770]: DEBUG neutron_lib.callbacks.manager [None req-64dffb7c-8e1b-41ab-9b82-07a0169dabc1 None None] Subscribe: > qos_plugin after_init 55550000, False {{(pid=101770) subscribe /opt/stack/data/venv/lib/python3.12/site-packages/neutron_lib/callbacks/manager.py:52}}
Jul 15 22:31:20.427049 np0000185483 devstack@neutron-api.service[101768]: DEBUG neutron.plugins.ml2.plugin [None req-456dc303-84d9-46f3-8f12-738501d1f19b None None] neutron.plugins.ml2.plugin.Ml2Plugin method _start_rpc_notifiers called with arguments () {} {{(pid=101768) wrapper /opt/stack/data/venv/lib/python3.12/site-packages/oslo_log/helpers.py:77}}
Jul 15 22:31:20.427501 np0000185483 devstack@neutron-api.service[101770]: DEBUG neutron_lib.callbacks.manager [None req-64dffb7c-8e1b-41ab-9b82-07a0169dabc1 None None] Subscribe: > trunk_plugin after_init 55550000, False {{(pid=101770) subscribe /opt/stack/data/venv/lib/python3.12/site-packages/neutron_lib/callbacks/manager.py:52}}
Jul 15 22:31:20.427542 np0000185483 devstack@neutron-api.service[101768]: DEBUG neutron_lib.callbacks.manager [None req-456dc303-84d9-46f3-8f12-738501d1f19b None None] Subscribe: > port after_create 55550000, False {{(pid=101768) subscribe /opt/stack/data/venv/lib/python3.12/site-packages/neutron_lib/callbacks/manager.py:52}}
Jul 15 22:31:20.427591 np0000185483 devstack@neutron-api.service[101770]: DEBUG neutron_lib.callbacks.manager [None req-64dffb7c-8e1b-41ab-9b82-07a0169dabc1 None None] Subscribe: > logging-plugin after_init 55550000, False {{(pid=101770) subscribe /opt/stack/data/venv/lib/python3.12/site-packages/neutron_lib/callbacks/manager.py:52}}
Jul 15 22:31:20.427689 np0000185483 devstack@neutron-api.service[101768]: DEBUG neutron_lib.callbacks.manager [None req-456dc303-84d9-46f3-8f12-738501d1f19b None None] Subscribe: > port after_update 55550000, False {{(pid=101768) subscribe /opt/stack/data/venv/lib/python3.12/site-packages/neutron_lib/callbacks/manager.py:52}}
Jul 15 22:31:20.427689 np0000185483 devstack@neutron-api.service[101768]: DEBUG neutron_lib.callbacks.manager [None req-456dc303-84d9-46f3-8f12-738501d1f19b None None] Subscribe: > port after_delete 55550000, False {{(pid=101768) subscribe /opt/stack/data/venv/lib/python3.12/site-packages/neutron_lib/callbacks/manager.py:52}}
Jul 15 22:31:20.427796 np0000185483 devstack@neutron-api.service[101768]: DEBUG neutron_lib.callbacks.manager [None req-456dc303-84d9-46f3-8f12-738501d1f19b None None] Subscribe: > subnet after_create 55550000, False {{(pid=101768) subscribe /opt/stack/data/venv/lib/python3.12/site-packages/neutron_lib/callbacks/manager.py:52}}
Jul 15 22:31:20.427835 np0000185483 devstack@neutron-api.service[101770]: INFO neutron.services.logapi.drivers.ovn.driver [None req-64dffb7c-8e1b-41ab-9b82-07a0169dabc1 None None] OVN logging driver registered
Jul 15 22:31:20.427913 np0000185483 devstack@neutron-api.service[101768]: DEBUG neutron_lib.callbacks.manager [None req-456dc303-84d9-46f3-8f12-738501d1f19b None None] Subscribe: > subnet after_update 55550000, False {{(pid=101768) subscribe /opt/stack/data/venv/lib/python3.12/site-packages/neutron_lib/callbacks/manager.py:52}}
Jul 15 22:31:20.427957 np0000185483 devstack@neutron-api.service[101770]: DEBUG neutron_lib.callbacks.manager [None req-64dffb7c-8e1b-41ab-9b82-07a0169dabc1 None None] Subscribe: ._register_pvlan_driver at 0x7da79338df80> pvlan_plugin before_spawn 55550000, False {{(pid=101770) subscribe /opt/stack/data/venv/lib/python3.12/site-packages/neutron_lib/callbacks/manager.py:52}}
Jul 15 22:31:20.428069 np0000185483 devstack@neutron-api.service[101768]: DEBUG neutron_lib.callbacks.manager [None req-456dc303-84d9-46f3-8f12-738501d1f19b None None] Subscribe: > subnet after_delete 55550000, False {{(pid=101768) subscribe /opt/stack/data/venv/lib/python3.12/site-packages/neutron_lib/callbacks/manager.py:52}}
Jul 15 22:31:20.428117 np0000185483 devstack@neutron-api.service[101770]: DEBUG neutron_lib.callbacks.manager [None req-64dffb7c-8e1b-41ab-9b82-07a0169dabc1 None None] Subscribe: process after_init 55550000, False {{(pid=101770) subscribe /opt/stack/data/venv/lib/python3.12/site-packages/neutron_lib/callbacks/manager.py:52}}
Jul 15 22:31:20.428155 np0000185483 devstack@neutron-api.service[101768]: DEBUG neutron_lib.callbacks.manager [None req-456dc303-84d9-46f3-8f12-738501d1f19b None None] Subscribe: > network after_create 55550000, False {{(pid=101768) subscribe /opt/stack/data/venv/lib/python3.12/site-packages/neutron_lib/callbacks/manager.py:52}}
Jul 15 22:31:20.428228 np0000185483 devstack@neutron-api.service[101768]: DEBUG neutron_lib.callbacks.manager [None req-456dc303-84d9-46f3-8f12-738501d1f19b None None] Subscribe: > network after_update 55550000, False {{(pid=101768) subscribe /opt/stack/data/venv/lib/python3.12/site-packages/neutron_lib/callbacks/manager.py:52}}
Jul 15 22:31:20.428329 np0000185483 devstack@neutron-api.service[101768]: DEBUG neutron_lib.callbacks.manager [None req-456dc303-84d9-46f3-8f12-738501d1f19b None None] Subscribe: > network after_delete 55550000, False {{(pid=101768) subscribe /opt/stack/data/venv/lib/python3.12/site-packages/neutron_lib/callbacks/manager.py:52}}
Jul 15 22:31:20.428428 np0000185483 devstack@neutron-api.service[101768]: DEBUG neutron_lib.callbacks.manager [None req-456dc303-84d9-46f3-8f12-738501d1f19b None None] Subscribe: > security_group after_create 55550000, False {{(pid=101768) subscribe /opt/stack/data/venv/lib/python3.12/site-packages/neutron_lib/callbacks/manager.py:52}}
Jul 15 22:31:20.428537 np0000185483 devstack@neutron-api.service[101768]: DEBUG neutron_lib.callbacks.manager [None req-456dc303-84d9-46f3-8f12-738501d1f19b None None] Subscribe: > security_group after_update 55550000, False {{(pid=101768) subscribe /opt/stack/data/venv/lib/python3.12/site-packages/neutron_lib/callbacks/manager.py:52}}
Jul 15 22:31:20.428647 np0000185483 devstack@neutron-api.service[101768]: DEBUG neutron_lib.callbacks.manager [None req-456dc303-84d9-46f3-8f12-738501d1f19b None None] Subscribe: > security_group after_delete 55550000, False {{(pid=101768) subscribe /opt/stack/data/venv/lib/python3.12/site-packages/neutron_lib/callbacks/manager.py:52}}
Jul 15 22:31:20.428754 np0000185483 devstack@neutron-api.service[101768]: DEBUG neutron_lib.callbacks.manager [None req-456dc303-84d9-46f3-8f12-738501d1f19b None None] Subscribe: > security_group_rule after_create 55550000, False {{(pid=101768) subscribe /opt/stack/data/venv/lib/python3.12/site-packages/neutron_lib/callbacks/manager.py:52}}
Jul 15 22:31:20.428886 np0000185483 devstack@neutron-api.service[101768]: DEBUG neutron_lib.callbacks.manager [None req-456dc303-84d9-46f3-8f12-738501d1f19b None None] Subscribe: > security_group_rule after_update 55550000, False {{(pid=101768) subscribe /opt/stack/data/venv/lib/python3.12/site-packages/neutron_lib/callbacks/manager.py:52}}
Jul 15 22:31:20.428949 np0000185483 devstack@neutron-api.service[101768]: DEBUG neutron_lib.callbacks.manager [None req-456dc303-84d9-46f3-8f12-738501d1f19b None None] Subscribe: > security_group_rule after_delete 55550000, False {{(pid=101768) subscribe /opt/stack/data/venv/lib/python3.12/site-packages/neutron_lib/callbacks/manager.py:52}}
Jul 15 22:31:20.429049 np0000185483 devstack@neutron-api.service[101768]: DEBUG neutron_lib.callbacks.manager [None req-456dc303-84d9-46f3-8f12-738501d1f19b None None] Subscribe: > address_group after_create 55550000, False {{(pid=101768) subscribe /opt/stack/data/venv/lib/python3.12/site-packages/neutron_lib/callbacks/manager.py:52}}
Jul 15 22:31:20.429147 np0000185483 devstack@neutron-api.service[101768]: DEBUG neutron_lib.callbacks.manager [None req-456dc303-84d9-46f3-8f12-738501d1f19b None None] Subscribe: > address_group after_update 55550000, False {{(pid=101768) subscribe /opt/stack/data/venv/lib/python3.12/site-packages/neutron_lib/callbacks/manager.py:52}}
Jul 15 22:31:20.429240 np0000185483 devstack@neutron-api.service[101768]: DEBUG neutron_lib.callbacks.manager [None req-456dc303-84d9-46f3-8f12-738501d1f19b None None] Subscribe: > address_group after_delete 55550000, False {{(pid=101768) subscribe /opt/stack/data/venv/lib/python3.12/site-packages/neutron_lib/callbacks/manager.py:52}}
Jul 15 22:31:20.429341 np0000185483 devstack@neutron-api.service[101768]: DEBUG neutron.plugins.ml2.ovo_rpc [None req-456dc303-84d9-46f3-8f12-738501d1f19b None None] ML2 OVO RPC backend initialized. {{(pid=101768) __init__ /opt/stack/neutron/neutron/plugins/ml2/ovo_rpc.py:117}}
Jul 15 22:31:20.429489 np0000185483 devstack@neutron-api.service[101770]: DEBUG neutron.plugins.ml2.plugin [None req-64dffb7c-8e1b-41ab-9b82-07a0169dabc1 None None] neutron.plugins.ml2.plugin.Ml2Plugin method _start_rpc_notifiers called with arguments () {} {{(pid=101770) wrapper /opt/stack/data/venv/lib/python3.12/site-packages/oslo_log/helpers.py:77}}
Jul 15 22:31:20.429837 np0000185483 devstack@neutron-api.service[101770]: DEBUG neutron_lib.callbacks.manager [None req-64dffb7c-8e1b-41ab-9b82-07a0169dabc1 None None] Subscribe: > port after_create 55550000, False {{(pid=101770) subscribe /opt/stack/data/venv/lib/python3.12/site-packages/neutron_lib/callbacks/manager.py:52}}
Jul 15 22:31:20.429883 np0000185483 devstack@neutron-api.service[101770]: DEBUG neutron_lib.callbacks.manager [None req-64dffb7c-8e1b-41ab-9b82-07a0169dabc1 None None] Subscribe: > port after_update 55550000, False {{(pid=101770) subscribe /opt/stack/data/venv/lib/python3.12/site-packages/neutron_lib/callbacks/manager.py:52}}
Jul 15 22:31:20.429985 np0000185483 devstack@neutron-api.service[101770]: DEBUG neutron_lib.callbacks.manager [None req-64dffb7c-8e1b-41ab-9b82-07a0169dabc1 None None] Subscribe: > port after_delete 55550000, False {{(pid=101770) subscribe /opt/stack/data/venv/lib/python3.12/site-packages/neutron_lib/callbacks/manager.py:52}}
Jul 15 22:31:20.430107 np0000185483 devstack@neutron-api.service[101770]: DEBUG neutron_lib.callbacks.manager [None req-64dffb7c-8e1b-41ab-9b82-07a0169dabc1 None None] Subscribe: > subnet after_create 55550000, False {{(pid=101770) subscribe /opt/stack/data/venv/lib/python3.12/site-packages/neutron_lib/callbacks/manager.py:52}}
Jul 15 22:31:20.430212 np0000185483 devstack@neutron-api.service[101770]: DEBUG neutron_lib.callbacks.manager [None req-64dffb7c-8e1b-41ab-9b82-07a0169dabc1 None None] Subscribe: > subnet after_update 55550000, False {{(pid=101770) subscribe /opt/stack/data/venv/lib/python3.12/site-packages/neutron_lib/callbacks/manager.py:52}}
Jul 15 22:31:20.430259 np0000185483 devstack@neutron-api.service[101768]: INFO neutron.quota [None req-456dc303-84d9-46f3-8f12-738501d1f19b None None] Loaded quota_driver: .
Jul 15 22:31:20.430325 np0000185483 devstack@neutron-api.service[101770]: DEBUG neutron_lib.callbacks.manager [None req-64dffb7c-8e1b-41ab-9b82-07a0169dabc1 None None] Subscribe: > subnet after_delete 55550000, False {{(pid=101770) subscribe /opt/stack/data/venv/lib/python3.12/site-packages/neutron_lib/callbacks/manager.py:52}}
Jul 15 22:31:20.430442 np0000185483 devstack@neutron-api.service[101768]: INFO neutron.plugins.ml2.plugin [None req-456dc303-84d9-46f3-8f12-738501d1f19b None None] Modular L2 Plugin initialization complete
Jul 15 22:31:20.430541 np0000185483 devstack@neutron-api.service[101770]: DEBUG neutron_lib.callbacks.manager [None req-64dffb7c-8e1b-41ab-9b82-07a0169dabc1 None None] Subscribe: > network after_create 55550000, False {{(pid=101770) subscribe /opt/stack/data/venv/lib/python3.12/site-packages/neutron_lib/callbacks/manager.py:52}}
