2026-05-21 16:49:31.290 8 INFO neutron.db.ovn_revision_numbers_db [None req-1603b899-44a8-4e80-83ce-bc1a2ad28d24 23883d532efe4daf8e9637e14733cca3 0204dd68afd94bfb96616ba881b142b5 - - default default] Successfully bumped revision number for resource 0c35120d-6623-4afb-a001-f501ee283898 (type: networks) to 1
2026-05-21 16:49:31.408 7 INFO neutron.db.ovn_revision_numbers_db [None req-7dd175b3-32a3-4ede-89e4-69cb05c8560e 3a0252c4176d4ba2b1950e32c68addd2 128b57515a314cd1bad3a5c7e563b7ea - - default default] Successfully bumped revision number for resource 535c369f-61a6-44df-91f7-f82aefb26603 (type: networks) to 1
2026-05-21 16:49:31.473 8 WARNING neutron.scheduler.dhcp_agent_scheduler [None req-1603b899-44a8-4e80-83ce-bc1a2ad28d24 23883d532efe4daf8e9637e14733cca3 0204dd68afd94bfb96616ba881b142b5 - - default default] No more DHCP agents
2026-05-21 16:49:31.475 8 WARNING neutron.api.rpc.agentnotifiers.dhcp_rpc_agent_api [None req-1603b899-44a8-4e80-83ce-bc1a2ad28d24 23883d532efe4daf8e9637e14733cca3 0204dd68afd94bfb96616ba881b142b5 - - default default] Unable to schedule network 0c35120d-6623-4afb-a001-f501ee283898: no agents available; will retry on subsequent port and subnet creation events.
2026-05-21 16:49:31.545 8 INFO neutron.plugins.ml2.drivers.ovn.mech_driver.mech_driver [None req-0cb4a28e-8fba-47fc-8055-59edeb43cab3 - - - - - -] OVN reports status down for port: be9b48bd-0314-48a0-a635-79d0cc99a477
2026-05-21 16:49:31.615 8 INFO neutron.db.ovn_revision_numbers_db [None req-1603b899-44a8-4e80-83ce-bc1a2ad28d24 23883d532efe4daf8e9637e14733cca3 0204dd68afd94bfb96616ba881b142b5 - - default default] Successfully bumped revision number for resource be9b48bd-0314-48a0-a635-79d0cc99a477 (type: ports) to 1
2026-05-21 16:49:31.642 7 WARNING neutron.scheduler.dhcp_agent_scheduler [None req-7dd175b3-32a3-4ede-89e4-69cb05c8560e 3a0252c4176d4ba2b1950e32c68addd2 128b57515a314cd1bad3a5c7e563b7ea - - default default] No more DHCP agents
2026-05-21 16:49:31.644 7 WARNING neutron.api.rpc.agentnotifiers.dhcp_rpc_agent_api [None req-7dd175b3-32a3-4ede-89e4-69cb05c8560e 3a0252c4176d4ba2b1950e32c68addd2 128b57515a314cd1bad3a5c7e563b7ea - - default default] Unable to schedule network 535c369f-61a6-44df-91f7-f82aefb26603: no agents available; will retry on subsequent port and subnet creation events. [pid: 8|app: 0|req: 1355/2946] 10.0.0.217 () {34 vars in 670 bytes} [Thu May 21 16:49:31 2026] POST /v2.0/networks => generated 638 bytes in 680 msecs (HTTP/1.1 201) 4 headers in 162 bytes (1 switches on core 0)
2026-05-21 16:49:31.761 8 INFO neutron.plugins.ml2.drivers.ovn.mech_driver.mech_driver [None req-0cb4a28e-8fba-47fc-8055-59edeb43cab3 - - - - - -] OVN reports status down for port: 7add5aaf-fa9c-4823-bd31-fe814f3e7135
2026-05-21 16:49:31.762 7 INFO neutron.db.ovn_revision_numbers_db [None req-7dd175b3-32a3-4ede-89e4-69cb05c8560e 3a0252c4176d4ba2b1950e32c68addd2 128b57515a314cd1bad3a5c7e563b7ea - - default default] Successfully bumped revision number for resource 7add5aaf-fa9c-4823-bd31-fe814f3e7135 (type: ports) to 1 [pid: 7|app: 0|req: 1592/2947] 10.0.0.217 () {34 vars in 670 bytes} [Thu May 21 16:49:31 2026] POST /v2.0/networks => generated 631 bytes in 629 msecs (HTTP/1.1 201) 4 headers in 162 bytes (1 switches on core 0)
2026-05-21 16:49:31.896 7 INFO neutron.db.segments_db [None req-11711a37-9672-4b98-8ee0-a5b2f19b97dd 3a0252c4176d4ba2b1950e32c68addd2 128b57515a314cd1bad3a5c7e563b7ea - - default default] Added segment 71057a25-9a70-48c2-bff9-e701c50dd9ec of type geneve for network 26197ac2-ecfc-42d2-94fa-4019cc7202f7
2026-05-21 16:49:31.980 8 WARNING neutron.scheduler.dhcp_agent_scheduler [None req-3eacef3b-1cbc-4813-99e0-ba7611100c8d 23883d532efe4daf8e9637e14733cca3 0204dd68afd94bfb96616ba881b142b5 - - default default] No more DHCP agents
2026-05-21 16:49:31.982 8 WARNING neutron.api.rpc.agentnotifiers.dhcp_rpc_agent_api [None req-3eacef3b-1cbc-4813-99e0-ba7611100c8d 23883d532efe4daf8e9637e14733cca3 0204dd68afd94bfb96616ba881b142b5 - - default default] Unable to schedule network 0c35120d-6623-4afb-a001-f501ee283898: no agents available; will retry on subsequent port and subnet creation events.
2026-05-21 16:49:32.034 7 INFO neutron.db.ovn_revision_numbers_db [None req-11711a37-9672-4b98-8ee0-a5b2f19b97dd 3a0252c4176d4ba2b1950e32c68addd2 128b57515a314cd1bad3a5c7e563b7ea - - default default] Successfully bumped revision number for resource 26197ac2-ecfc-42d2-94fa-4019cc7202f7 (type: networks) to 1
2026-05-21 16:49:32.230 7 WARNING neutron.scheduler.dhcp_agent_scheduler [None req-11711a37-9672-4b98-8ee0-a5b2f19b97dd 3a0252c4176d4ba2b1950e32c68addd2 128b57515a314cd1bad3a5c7e563b7ea - - default default] No more DHCP agents
2026-05-21 16:49:32.232 7 WARNING neutron.api.rpc.agentnotifiers.dhcp_rpc_agent_api [None req-11711a37-9672-4b98-8ee0-a5b2f19b97dd 3a0252c4176d4ba2b1950e32c68addd2 128b57515a314cd1bad3a5c7e563b7ea - - default default] Unable to schedule network 26197ac2-ecfc-42d2-94fa-4019cc7202f7: no agents available; will retry on subsequent port and subnet creation events.
2026-05-21 16:49:32.342 7 INFO neutron.db.ovn_revision_numbers_db [None req-11711a37-9672-4b98-8ee0-a5b2f19b97dd 3a0252c4176d4ba2b1950e32c68addd2 128b57515a314cd1bad3a5c7e563b7ea - - default default] Successfully bumped revision number for resource 9af8b6eb-498c-484c-9ae7-159a93d50f39 (type: ports) to 1
2026-05-21 16:49:32.346 8 INFO neutron.plugins.ml2.drivers.ovn.mech_driver.mech_driver [None req-0cb4a28e-8fba-47fc-8055-59edeb43cab3 - - - - - -] OVN reports status down for port: 9af8b6eb-498c-484c-9ae7-159a93d50f39 [pid: 7|app: 0|req: 1593/2948] 10.0.0.217 () {34 vars in 670 bytes} [Thu May 21 16:49:31 2026] POST /v2.0/networks => generated 632 bytes in 570 msecs (HTTP/1.1 201) 4 headers in 162 bytes (1 switches on core 0) [pid: 7|app: 0|req: 1594/2949] 10.0.0.217 () {34 vars in 753 bytes} [Thu May 21 16:49:32 2026] PUT /v2.0/networks/d4d572bd-e1e6-4bef-9cf6-de036debdbf8/tags => generated 17 bytes in 52 msecs (HTTP/1.1 200) 4 headers in 156 bytes (1 switches on core 0) [pid: 7|app: 0|req: 1595/2950] 10.0.0.217 () {34 vars in 753 bytes} [Thu May 21 16:49:32 2026] PUT /v2.0/networks/17bfb5c6-8e46-4e63-9a75-1dfcd9de32e6/tags => generated 25 bytes in 64 msecs (HTTP/1.1 200) 4 headers in 156 bytes (1 switches on core 0) [pid: 7|app: 0|req: 1596/2951] 10.0.0.217 () {34 vars in 753 bytes} [Thu May 21 16:49:32 2026] PUT /v2.0/networks/1d246470-f3e1-406e-a9ea-a6e3ad4cd255/tags => generated 34 bytes in 87 msecs (HTTP/1.1 200) 4 headers in 156 bytes (1 switches on core 0)
2026-05-21 16:49:32.617 8 INFO neutron.db.ovn_revision_numbers_db [None req-39c8c0ad-3c05-4e50-b735-2456cd53e47e - - - - - -] Successfully bumped revision number for resource be9b48bd-0314-48a0-a635-79d0cc99a477 (type: ports) to 2
2026-05-21 16:49:32.655 8 INFO neutron.db.ovn_revision_numbers_db [None req-39c8c0ad-3c05-4e50-b735-2456cd53e47e - - - - - -] Successfully bumped revision number for resource bd0dee81-818c-48c3-939d-59bdb35c6dc8 (type: subnets) to 0 [pid: 7|app: 0|req: 1597/2952] 10.0.0.217 () {34 vars in 753 bytes} [Thu May 21 16:49:32 2026] PUT /v2.0/networks/535c369f-61a6-44df-91f7-f82aefb26603/tags => generated 19 bytes in 66 msecs (HTTP/1.1 200) 4 headers in 156 bytes (1 switches on core 0) [pid: 8|app: 0|req: 1356/2953] 10.0.0.217 () {34 vars in 669 bytes} [Thu May 21 16:49:31 2026] POST /v2.0/subnets => generated 655 bytes in 991 msecs (HTTP/1.1 201) 4 headers in 162 bytes (1 switches on core 0) [pid: 7|app: 0|req: 1598/2954] 10.0.0.217 () {32 vars in 666 bytes} [Thu May 21 16:49:32 2026] GET /v2.0/networks?tags=red => generated 1873 bytes in 46 msecs (HTTP/1.1 200) 4 headers in 158 bytes (1 switches on core 0) [pid: 7|app: 0|req: 1599/2955] 10.0.0.217 () {32 vars in 680 bytes} [Thu May 21 16:49:32 2026] GET /v2.0/networks?tags=red%2Cblue => generated 1261 bytes in 46 msecs (HTTP/1.1 200) 4 headers in 158 bytes (1 switches on core 0) [pid: 7|app: 0|req: 1600/2956] 10.0.0.217 () {32 vars in 676 bytes} [Thu May 21 16:49:32 2026] GET /v2.0/networks?tags-any=blue => generated 1261 bytes in 49 msecs (HTTP/1.1 200) 4 headers in 158 bytes (1 switches on core 0) [pid: 7|app: 0|req: 1601/2957] 10.0.0.217 () {32 vars in 688 bytes} [Thu May 21 16:49:32 2026] GET /v2.0/networks?tags-any=red%2Cblue => generated 1873 bytes in 32 msecs (HTTP/1.1 200) 4 headers in 158 bytes (1 switches on core 0)
2026-05-21 16:49:32.881 8 WARNING neutron.scheduler.dhcp_agent_scheduler [None req-4a092252-a9da-4417-84d5-2b3cd816ade0 23883d532efe4daf8e9637e14733cca3 0204dd68afd94bfb96616ba881b142b5 - - default default] No more DHCP agents
2026-05-21 16:49:32.882 8 WARNING neutron.api.rpc.agentnotifiers.dhcp_rpc_agent_api [None req-4a092252-a9da-4417-84d5-2b3cd816ade0 23883d532efe4daf8e9637e14733cca3 0204dd68afd94bfb96616ba881b142b5 - - default default] Unable to schedule network 0c35120d-6623-4afb-a001-f501ee283898: no agents available; will retry on subsequent port and subnet creation events.
2026-05-21 16:49:32.930 8 INFO neutron.db.ovn_revision_numbers_db [None req-4a092252-a9da-4417-84d5-2b3cd816ade0 23883d532efe4daf8e9637e14733cca3 0204dd68afd94bfb96616ba881b142b5 - - default default] Successfully bumped revision number for resource c5ff969a-275b-44b5-acfc-a216edf58799 (type: subnets) to 0 [pid: 7|app: 0|req: 1602/2958] 10.0.0.217 () {32 vars in 674 bytes} [Thu May 21 16:49:32 2026] GET /v2.0/networks?not-tags=red => generated 1873 bytes in 80 msecs (HTTP/1.1 200) 4 headers in 158 bytes (1 switches on core 0) [pid: 8|app: 0|req: 1357/2959] 10.0.0.217 () {34 vars in 669 bytes} [Thu May 21 16:49:32 2026] POST /v2.0/subnets => generated 726 bytes in 272 msecs (HTTP/1.1 201) 4 headers in 162 bytes (1 switches on core 0) [pid: 7|app: 0|req: 1603/2960] 10.0.0.217 () {32 vars in 688 bytes} [Thu May 21 16:49:32 2026] GET /v2.0/networks?not-tags=red%2Cblue => generated 2485 bytes in 61 msecs (HTTP/1.1 200) 4 headers in 158 bytes (1 switches on core 0)
2026-05-21 16:49:33.048 8 INFO neutron.db.segments_db [None req-a94a30eb-73b8-4a38-adab-62f8f9b82e2c 23883d532efe4daf8e9637e14733cca3 0204dd68afd94bfb96616ba881b142b5 - - default default] Added segment b6297d66-7475-4d4f-9db8-919e91e59062 of type geneve for network 17ab9aca-1022-45a2-9335-b936d2a40b63 [pid: 7|app: 0|req: 1604/2961] 10.0.0.217 () {32 vars in 684 bytes} [Thu May 21 16:49:33 2026] GET /v2.0/networks?not-tags-any=blue => generated 2485 bytes in 73 msecs (HTTP/1.1 200) 4 headers in 158 bytes (1 switches on core 0)
2026-05-21 16:49:33.157 8 INFO neutron.db.ovn_revision_numbers_db [None req-a94a30eb-73b8-4a38-adab-62f8f9b82e2c 23883d532efe4daf8e9637e14733cca3 0204dd68afd94bfb96616ba881b142b5 - - default default] Successfully bumped revision number for resource 17ab9aca-1022-45a2-9335-b936d2a40b63 (type: networks) to 1 [pid: 7|app: 0|req: 1605/2962] 10.0.0.217 () {32 vars in 696 bytes} [Thu May 21 16:49:33 2026] GET /v2.0/networks?not-tags-any=red%2Cblue => generated 1873 bytes in 66 msecs (HTTP/1.1 200) 4 headers in 158 bytes (1 switches on core 0)
2026-05-21 16:49:33.290 7 INFO neutron_taas.services.taas.taas_plugin [None req-82b36fcb-5aa6-4666-804e-c3048a993ca2 3a0252c4176d4ba2b1950e32c68addd2 128b57515a314cd1bad3a5c7e563b7ea - - default default] TaaS: Handle Delete Port: 08688860-d5c2-444b-85b4-eca142b2bee4
2026-05-21 16:49:33.294 7 INFO neutron_taas.services.taas.tap_mirror_plugin [None req-82b36fcb-5aa6-4666-804e-c3048a993ca2 3a0252c4176d4ba2b1950e32c68addd2 128b57515a314cd1bad3a5c7e563b7ea - - default default] Tap Mirror: Handle Delete Port: 08688860-d5c2-444b-85b4-eca142b2bee4
2026-05-21 16:49:33.333 8 WARNING neutron.scheduler.dhcp_agent_scheduler [None req-a94a30eb-73b8-4a38-adab-62f8f9b82e2c 23883d532efe4daf8e9637e14733cca3 0204dd68afd94bfb96616ba881b142b5 - - default default] No more DHCP agents
2026-05-21 16:49:33.334 8 WARNING neutron.api.rpc.agentnotifiers.dhcp_rpc_agent_api [None req-a94a30eb-73b8-4a38-adab-62f8f9b82e2c 23883d532efe4daf8e9637e14733cca3 0204dd68afd94bfb96616ba881b142b5 - - default default] Unable to schedule network 17ab9aca-1022-45a2-9335-b936d2a40b63: no agents available; will retry on subsequent port and subnet creation events.
2026-05-21 16:49:33.402 8 INFO neutron.plugins.ml2.drivers.ovn.mech_driver.mech_driver [None req-0cb4a28e-8fba-47fc-8055-59edeb43cab3 - - - - - -] OVN reports status down for port: ee24160a-989e-4c55-8f5f-3a647d44620b
2026-05-21 16:49:33.495 8 INFO neutron.db.ovn_revision_numbers_db [None req-a94a30eb-73b8-4a38-adab-62f8f9b82e2c 23883d532efe4daf8e9637e14733cca3 0204dd68afd94bfb96616ba881b142b5 - - default default] Successfully bumped revision number for resource ee24160a-989e-4c55-8f5f-3a647d44620b (type: ports) to 1 [pid: 8|app: 0|req: 1358/2963] 10.0.0.217 () {34 vars in 670 bytes} [Thu May 21 16:49:32 2026] POST /v2.0/networks => generated 638 bytes in 588 msecs (HTTP/1.1 201) 4 headers in 162 bytes (1 switches on core 0)
2026-05-21 16:49:33.548 7 INFO neutron.services.segments.plugin [-] Segment 472ffe3e-f0a4-4aab-a8cf-fd308f591a6d resource provider aggregate not found
2026-05-21 16:49:33.551 7 INFO neutron.services.segments.plugin [-] Segment 472ffe3e-f0a4-4aab-a8cf-fd308f591a6d resource provider aggregate not found
2026-05-21 16:49:33.580 7 INFO neutron.services.segments.plugin [-] Segment 472ffe3e-f0a4-4aab-a8cf-fd308f591a6d resource provider not found; error: Placement Client Error (4xx): {"errors": [{"status": 404, "title": "Not Found", "detail": "The resource could not be found.\n\n No resource provider with uuid 472ffe3e-f0a4-4aab-a8cf-fd308f591a6d found for delete ", "request_id": "req-bf310735-d3be-461a-9f0f-515a1d42c114"}]}
2026-05-21 16:49:33.581 7 INFO neutron.services.segments.plugin [-] Segment 472ffe3e-f0a4-4aab-a8cf-fd308f591a6d resource provider not found; error: Placement Client Error (4xx): {"errors": [{"status": 404, "title": "Not Found", "detail": "The resource could not be found.\n\n No resource provider with uuid 472ffe3e-f0a4-4aab-a8cf-fd308f591a6d found for delete ", "request_id": "req-b18f9585-2292-4e56-86fc-0a093267c857"}]} [pid: 7|app: 0|req: 1606/2964] 10.0.0.217 () {32 vars in 726 bytes} [Thu May 21 16:49:33 2026] DELETE /v2.0/networks/d4d572bd-e1e6-4bef-9cf6-de036debdbf8 => generated 0 bytes in 455 msecs (HTTP/1.1 204) 3 headers in 131 bytes (1 switches on core 0)
2026-05-21 16:49:33.740 7 INFO neutron_taas.services.taas.taas_plugin [None req-3d5501bc-e3f1-4e41-9aae-e4158f3f4a76 3a0252c4176d4ba2b1950e32c68addd2 128b57515a314cd1bad3a5c7e563b7ea - - default default] TaaS: Handle Delete Port: b7829f5e-37bd-429b-ba9f-43c2b37cc31f
2026-05-21 16:49:33.742 7 INFO neutron_taas.services.taas.tap_mirror_plugin [None req-3d5501bc-e3f1-4e41-9aae-e4158f3f4a76 3a0252c4176d4ba2b1950e32c68addd2 128b57515a314cd1bad3a5c7e563b7ea - - default default] Tap Mirror: Handle Delete Port: b7829f5e-37bd-429b-ba9f-43c2b37cc31f
2026-05-21 16:49:33.783 8 WARNING neutron.scheduler.dhcp_agent_scheduler [None req-1c932bf7-37f3-4f8f-a283-9f8a3cf1cd2e 23883d532efe4daf8e9637e14733cca3 0204dd68afd94bfb96616ba881b142b5 - - default default] No more DHCP agents
2026-05-21 16:49:33.785 8 WARNING neutron.api.rpc.agentnotifiers.dhcp_rpc_agent_api [None req-1c932bf7-37f3-4f8f-a283-9f8a3cf1cd2e 23883d532efe4daf8e9637e14733cca3 0204dd68afd94bfb96616ba881b142b5 - - default default] Unable to schedule network 17ab9aca-1022-45a2-9335-b936d2a40b63: no agents available; will retry on subsequent port and subnet creation events. [pid: 7|app: 0|req: 1607/2965] 10.0.0.217 () {32 vars in 726 bytes} [Thu May 21 16:49:33 2026] DELETE /v2.0/networks/17bfb5c6-8e46-4e63-9a75-1dfcd9de32e6 => generated 0 bytes in 358 msecs (HTTP/1.1 204) 3 headers in 131 bytes (1 switches on core 0)
2026-05-21 16:49:34.101 7 INFO neutron_taas.services.taas.taas_plugin [None req-88f055ce-69f4-4bff-8bc6-e58ec37a74e2 3a0252c4176d4ba2b1950e32c68addd2 128b57515a314cd1bad3a5c7e563b7ea - - default default] TaaS: Handle Delete Port: 1388dd43-edb6-4be1-a5a6-b5c6684ed97a
2026-05-21 16:49:34.105 7 INFO neutron_taas.services.taas.tap_mirror_plugin [None req-88f055ce-69f4-4bff-8bc6-e58ec37a74e2 3a0252c4176d4ba2b1950e32c68addd2 128b57515a314cd1bad3a5c7e563b7ea - - default default] Tap Mirror: Handle Delete Port: 1388dd43-edb6-4be1-a5a6-b5c6684ed97a
2026-05-21 16:49:34.342 8 INFO neutron.db.ovn_revision_numbers_db [None req-75b79ec1-441a-47fe-99f5-794880725a28 - - - - - -] Successfully bumped revision number for resource ee24160a-989e-4c55-8f5f-3a647d44620b (type: ports) to 2
2026-05-21 16:49:34.386 8 INFO neutron.db.ovn_revision_numbers_db [None req-75b79ec1-441a-47fe-99f5-794880725a28 - - - - - -] Successfully bumped revision number for resource a491d3d5-e894-498c-9c0b-aaa2f5a5d054 (type: subnets) to 0 [pid: 7|app: 0|req: 1608/2966] 10.0.0.217 () {32 vars in 726 bytes} [Thu May 21 16:49:33 2026] DELETE /v2.0/networks/1d246470-f3e1-406e-a9ea-a6e3ad4cd255 => generated 0 bytes in 415 msecs (HTTP/1.1 204) 3 headers in 131 bytes (1 switches on core 0) [pid: 8|app: 0|req: 1359/2967] 10.0.0.217 () {34 vars in 669 bytes} [Thu May 21 16:49:33 2026] POST /v2.0/subnets => generated 654 bytes in 857 msecs (HTTP/1.1 201) 4 headers in 162 bytes (1 switches on core 0)
2026-05-21 16:49:34.554 7 INFO neutron_taas.services.taas.taas_plugin [None req-5136e563-f458-4cb9-9b22-0cb2ceddd3f6 3a0252c4176d4ba2b1950e32c68addd2 128b57515a314cd1bad3a5c7e563b7ea - - default default] TaaS: Handle Delete Port: 7add5aaf-fa9c-4823-bd31-fe814f3e7135
2026-05-21 16:49:34.556 7 INFO neutron_taas.services.taas.tap_mirror_plugin [None req-5136e563-f458-4cb9-9b22-0cb2ceddd3f6 3a0252c4176d4ba2b1950e32c68addd2 128b57515a314cd1bad3a5c7e563b7ea - - default default] Tap Mirror: Handle Delete Port: 7add5aaf-fa9c-4823-bd31-fe814f3e7135
2026-05-21 16:49:34.594 8 WARNING neutron.scheduler.dhcp_agent_scheduler [None req-7cc3752b-353c-4f45-b26e-6d7edaf1aae0 23883d532efe4daf8e9637e14733cca3 0204dd68afd94bfb96616ba881b142b5 - - default default] No more DHCP agents
2026-05-21 16:49:34.595 8 WARNING neutron.api.rpc.agentnotifiers.dhcp_rpc_agent_api [None req-7cc3752b-353c-4f45-b26e-6d7edaf1aae0 23883d532efe4daf8e9637e14733cca3 0204dd68afd94bfb96616ba881b142b5 - - default default] Unable to schedule network 17ab9aca-1022-45a2-9335-b936d2a40b63: no agents available; will retry on subsequent port and subnet creation events.
2026-05-21 16:49:34.635 8 INFO neutron.db.ovn_revision_numbers_db [None req-7cc3752b-353c-4f45-b26e-6d7edaf1aae0 23883d532efe4daf8e9637e14733cca3 0204dd68afd94bfb96616ba881b142b5 - - default default] Successfully bumped revision number for resource 257321e0-4bd1-4df6-b002-9d9ed8724666 (type: subnets) to 0 [pid: 8|app: 0|req: 1360/2968] 10.0.0.217 () {34 vars in 669 bytes} [Thu May 21 16:49:34 2026] POST /v2.0/subnets => generated 730 bytes in 241 msecs (HTTP/1.1 201) 4 headers in 162 bytes (1 switches on core 0) [pid: 7|app: 0|req: 1609/2971] 10.0.0.217 () {32 vars in 726 bytes} [Thu May 21 16:49:34 2026] DELETE /v2.0/networks/535c369f-61a6-44df-91f7-f82aefb26603 => generated 0 bytes in 401 msecs (HTTP/1.1 204) 3 headers in 131 bytes (1 switches on core 0)
2026-05-21 16:49:34.954 7 INFO neutron_taas.services.taas.taas_plugin [None req-6782cc3c-aa49-49c3-b3a7-a35fd432a087 3a0252c4176d4ba2b1950e32c68addd2 128b57515a314cd1bad3a5c7e563b7ea - - default default] TaaS: Handle Delete Port: 9af8b6eb-498c-484c-9ae7-159a93d50f39
2026-05-21 16:49:34.957 7 INFO neutron_taas.services.taas.tap_mirror_plugin [None req-6782cc3c-aa49-49c3-b3a7-a35fd432a087 3a0252c4176d4ba2b1950e32c68addd2 128b57515a314cd1bad3a5c7e563b7ea - - default default] Tap Mirror: Handle Delete Port: 9af8b6eb-498c-484c-9ae7-159a93d50f39 [pid: 7|app: 0|req: 1610/2972] 10.0.0.217 () {32 vars in 726 bytes} [Thu May 21 16:49:34 2026] DELETE /v2.0/networks/26197ac2-ecfc-42d2-94fa-4019cc7202f7 => generated 0 bytes in 418 msecs (HTTP/1.1 204) 3 headers in 131 bytes (1 switches on core 0)
2026-05-21 16:49:35.285 8 WARNING neutron.scheduler.dhcp_agent_scheduler [None req-a5dbbe3b-c776-493f-aabf-e1669ad6809f 23883d532efe4daf8e9637e14733cca3 0204dd68afd94bfb96616ba881b142b5 - - default default] No more DHCP agents
2026-05-21 16:49:35.286 8 WARNING neutron.api.rpc.agentnotifiers.dhcp_rpc_agent_api [None req-a5dbbe3b-c776-493f-aabf-e1669ad6809f 23883d532efe4daf8e9637e14733cca3 0204dd68afd94bfb96616ba881b142b5 - - default default] Unable to schedule network ec38554c-3f8d-4d29-bba0-83cd95147f1b: no agents available; will retry on subsequent port and subnet creation events.
2026-05-21 16:49:35.427 8 INFO neutron.plugins.ml2.drivers.ovn.mech_driver.mech_driver [None req-0cb4a28e-8fba-47fc-8055-59edeb43cab3 - - - - - -] OVN reports status down for port: a28fc6b4-0de5-4cf6-a8bc-a226ab8f8308
2026-05-21 16:49:35.497 8 INFO neutron.db.ovn_revision_numbers_db [None req-a5dbbe3b-c776-493f-aabf-e1669ad6809f 23883d532efe4daf8e9637e14733cca3 0204dd68afd94bfb96616ba881b142b5 - - default default] Successfully bumped revision number for resource a28fc6b4-0de5-4cf6-a8bc-a226ab8f8308 (type: ports) to 1
2026-05-21 16:49:35.600 7 INFO neutron.services.segments.plugin [-] Segment f57ea367-5e3e-4a10-9375-bc01fd199ed1 resource provider aggregate not found
2026-05-21 16:49:35.605 7 INFO neutron.services.segments.plugin [-] Segment f57ea367-5e3e-4a10-9375-bc01fd199ed1 resource provider aggregate not found
2026-05-21 16:49:35.618 7 INFO neutron.services.segments.plugin [-] Segment f57ea367-5e3e-4a10-9375-bc01fd199ed1 resource provider not found; error: Placement Client Error (4xx): {"errors": [{"status": 404, "title": "Not Found", "detail": "The resource could not be found.\n\n No resource provider with uuid f57ea367-5e3e-4a10-9375-bc01fd199ed1 found for delete ", "request_id": "req-5a04d2fd-aec1-4034-838b-a9b362190f4f"}]}
2026-05-21 16:49:35.622 7 INFO neutron.services.segments.plugin [-] Segment f57ea367-5e3e-4a10-9375-bc01fd199ed1 resource provider not found; error: Placement Client Error (4xx): {"errors": [{"status": 404, "title": "Not Found", "detail": "The resource could not be found.\n\n No resource provider with uuid f57ea367-5e3e-4a10-9375-bc01fd199ed1 found for delete ", "request_id": "req-4572186f-093c-49b0-ae0e-a2e112fe7ce5"}]}
2026-05-21 16:49:35.632 7 INFO neutron.services.segments.plugin [-] Segment 21eb32e1-bc48-46d3-8ecc-8803ce831186 resource provider aggregate not found
2026-05-21 16:49:35.636 7 INFO neutron.services.segments.plugin [-] Segment 21eb32e1-bc48-46d3-8ecc-8803ce831186 resource provider aggregate not found
2026-05-21 16:49:35.653 7 INFO neutron.services.segments.plugin [-] Segment 21eb32e1-bc48-46d3-8ecc-8803ce831186 resource provider not found; error: Placement Client Error (4xx): {"errors": [{"status": 404, "title": "Not Found", "detail": "The resource could not be found.\n\n No resource provider with uuid 21eb32e1-bc48-46d3-8ecc-8803ce831186 found for delete ", "request_id": "req-7048208f-99f0-4536-9cda-123ba1fff288"}]}
2026-05-21 16:49:35.658 7 INFO neutron.services.segments.plugin [-] Segment 21eb32e1-bc48-46d3-8ecc-8803ce831186 resource provider not found; error: Placement Client Error (4xx): {"errors": [{"status": 404, "title": "Not Found", "detail": "The resource could not be found.\n\n No resource provider with uuid 21eb32e1-bc48-46d3-8ecc-8803ce831186 found for delete ", "request_id": "req-664722b6-a3d8-47ac-93ec-2cfaf423977b"}]}
2026-05-21 16:49:35.673 7 INFO neutron.services.segments.plugin [-] Segment 21e91483-2427-4f1d-a5d1-c550160fb25a resource provider aggregate not found
2026-05-21 16:49:35.677 7 INFO neutron.services.segments.plugin [-] Segment 21e91483-2427-4f1d-a5d1-c550160fb25a resource provider aggregate not found
2026-05-21 16:49:35.691 7 INFO neutron.services.segments.plugin [-] Segment 21e91483-2427-4f1d-a5d1-c550160fb25a resource provider not found; error: Placement Client Error (4xx): {"errors": [{"status": 404, "title": "Not Found", "detail": "The resource could not be found.\n\n No resource provider with uuid 21e91483-2427-4f1d-a5d1-c550160fb25a found for delete ", "request_id": "req-fb578fa0-183a-49ca-9e72-13ea754fc8a6"}]}
2026-05-21 16:49:35.695 7 INFO neutron.services.segments.plugin [-] Segment 21e91483-2427-4f1d-a5d1-c550160fb25a resource provider not found; error: Placement Client Error (4xx): {"errors": [{"status": 404, "title": "Not Found", "detail": "The resource could not be found.\n\n No resource provider with uuid 21e91483-2427-4f1d-a5d1-c550160fb25a found for delete ", "request_id": "req-47315772-dcb5-47e9-bbf5-394d7addb898"}]}
2026-05-21 16:49:35.708 7 INFO neutron.services.segments.plugin [-] Segment 71057a25-9a70-48c2-bff9-e701c50dd9ec resource provider aggregate not found
2026-05-21 16:49:35.712 7 INFO neutron.services.segments.plugin [-] Segment 71057a25-9a70-48c2-bff9-e701c50dd9ec resource provider aggregate not found
2026-05-21 16:49:35.731 7 INFO neutron.services.segments.plugin [-] Segment 71057a25-9a70-48c2-bff9-e701c50dd9ec resource provider not found; error: Placement Client Error (4xx): {"errors": [{"status": 404, "title": "Not Found", "detail": "The resource could not be found.\n\n No resource provider with uuid 71057a25-9a70-48c2-bff9-e701c50dd9ec found for delete ", "request_id": "req-7e245a46-c723-4484-b46c-ceffb3e8bfab"}]}
2026-05-21 16:49:35.733 7 INFO neutron.services.segments.plugin [-] Segment 71057a25-9a70-48c2-bff9-e701c50dd9ec resource provider not found; error: Placement Client Error (4xx): {"errors": [{"status": 404, "title": "Not Found", "detail": "The resource could not be found.\n\n No resource provider with uuid 71057a25-9a70-48c2-bff9-e701c50dd9ec found for delete ", "request_id": "req-97f43805-70ca-4d99-916d-0d61c2db1994"}]}
2026-05-21 16:49:36.183 8 INFO neutron.plugins.ml2.drivers.ovn.mech_driver.ovsdb.commands [-] Schedule LRP lrp-a28fc6b4-0de5-4cf6-a8bc-a226ab8f8308 on gateway d655f7b6-e9ed-40aa-a00b-94fc896e084b with priority 1
2026-05-21 16:49:36.292 8 INFO neutron.plugins.ml2.drivers.ovn.mech_driver.ovsdb.ovsdb_monitor [None req-31e47d84-d807-47eb-a8b7-6815b31772dc - - - - - -] Router 07acc7d9-9ef7-4ee7-ad71-e1058fd1c006 is bound to host instance
2026-05-21 16:49:36.305 8 INFO neutron.plugins.ml2.drivers.ovn.mech_driver.mech_driver [None req-0cb4a28e-8fba-47fc-8055-59edeb43cab3 - - - - - -] OVN reports status up for port: a28fc6b4-0de5-4cf6-a8bc-a226ab8f8308 [pid: 7|app: 0|req: 1611/2973] 10.0.0.217 () {32 vars in 774 bytes} [Thu May 21 16:49:36 2026] GET /v2.0/security-groups?tenant_id=128b57515a314cd1bad3a5c7e563b7ea&name=default => generated 2929 bytes in 234 msecs (HTTP/1.1 200) 4 headers in 158 bytes (1 switches on core 0)
2026-05-21 16:49:36.374 8 INFO neutron.plugins.ml2.plugin [None req-0cb4a28e-8fba-47fc-8055-59edeb43cab3 - - - - - -] Attempt 1 to provision port a28fc6b4-0de5-4cf6-a8bc-a226ab8f8308
2026-05-21 16:49:36.422 8 INFO neutron.db.ovn_revision_numbers_db [None req-a5dbbe3b-c776-493f-aabf-e1669ad6809f 23883d532efe4daf8e9637e14733cca3 0204dd68afd94bfb96616ba881b142b5 - - default default] Successfully bumped revision number for resource a28fc6b4-0de5-4cf6-a8bc-a226ab8f8308 (type: router_ports) to 1 [pid: 7|app: 0|req: 1612/2974] 10.0.0.217 () {32 vars in 740 bytes} [Thu May 21 16:49:36 2026] DELETE /v2.0/security-groups/b838e2b7-141d-47fe-8b71-bd38bb013deb => generated 0 bytes in 285 msecs (HTTP/1.1 204) 2 headers in 112 bytes (1 switches on core 0)
2026-05-21 16:49:36.644 8 INFO neutron.db.ovn_revision_numbers_db [None req-a5dbbe3b-c776-493f-aabf-e1669ad6809f 23883d532efe4daf8e9637e14733cca3 0204dd68afd94bfb96616ba881b142b5 - - default default] Successfully bumped revision number for resource 07acc7d9-9ef7-4ee7-ad71-e1058fd1c006 (type: routers) to 2 [pid: 8|app: 0|req: 1363/2975] 10.0.0.217 () {34 vars in 669 bytes} [Thu May 21 16:49:34 2026] POST /v2.0/routers => generated 945 bytes in 2004 msecs (HTTP/1.1 201) 4 headers in 162 bytes (1 switches on core 0)
2026-05-21 16:49:37.084 8 INFO neutron.db.ovn_revision_numbers_db [None req-f9bb7bda-e2ce-4655-b770-a6c93fb5b1de 83560dcbc64245c88651a98a98c2595d a18ef6c7f44d4938a43478f10f1a70db - - default default] Successfully bumped revision number for resource b1de2cd0-c0a3-4d70-8307-9bda8326badf (type: security_groups) to 1
2026-05-21 16:49:37.107 8 INFO neutron.db.ovn_revision_numbers_db [None req-f9bb7bda-e2ce-4655-b770-a6c93fb5b1de 83560dcbc64245c88651a98a98c2595d a18ef6c7f44d4938a43478f10f1a70db - - default default] Successfully bumped revision number for resource 1f0cc254-984b-4206-b902-da547968d8be (type: security_group_rules) to 0
2026-05-21 16:49:37.130 8 INFO neutron.db.ovn_revision_numbers_db [None req-f9bb7bda-e2ce-4655-b770-a6c93fb5b1de 83560dcbc64245c88651a98a98c2595d a18ef6c7f44d4938a43478f10f1a70db - - default default] Successfully bumped revision number for resource aa3457fd-3ed7-48c2-8d52-213cca507126 (type: security_group_rules) to 0
2026-05-21 16:49:37.150 8 INFO neutron.db.ovn_revision_numbers_db [None req-f9bb7bda-e2ce-4655-b770-a6c93fb5b1de 83560dcbc64245c88651a98a98c2595d a18ef6c7f44d4938a43478f10f1a70db - - default default] Successfully bumped revision number for resource d695df82-edd6-4a69-a3f8-26e97e0021c1 (type: security_group_rules) to 0
2026-05-21 16:49:37.176 8 INFO neutron.db.ovn_revision_numbers_db [None req-f9bb7bda-e2ce-4655-b770-a6c93fb5b1de 83560dcbc64245c88651a98a98c2595d a18ef6c7f44d4938a43478f10f1a70db - - default default] Successfully bumped revision number for resource df63b9e6-63c9-4dfd-a064-944c1329e79b (type: security_group_rules) to 0
2026-05-21 16:49:37.198 7 WARNING neutron.scheduler.dhcp_agent_scheduler [None req-0ee7d45d-8514-4365-bc49-a65b3712bfb7 23883d532efe4daf8e9637e14733cca3 0204dd68afd94bfb96616ba881b142b5 - - default default] No more DHCP agents
2026-05-21 16:49:37.199 7 WARNING neutron.api.rpc.agentnotifiers.dhcp_rpc_agent_api [None req-0ee7d45d-8514-4365-bc49-a65b3712bfb7 23883d532efe4daf8e9637e14733cca3 0204dd68afd94bfb96616ba881b142b5 - - default default] Unable to schedule network 2c5e34c6-df9d-49b8-abfa-f8410bc77c63: no agents available; will retry on subsequent port and subnet creation events. [pid: 8|app: 0|req: 1364/2976] 10.0.0.217 () {32 vars in 774 bytes} [Thu May 21 16:49:36 2026] GET /v2.0/security-groups?tenant_id=55b63b52d12a467cb446ca9103e740db&name=default => generated 2929 bytes in 521 msecs (HTTP/1.1 200) 4 headers in 158 bytes (1 switches on core 0)
2026-05-21 16:49:37.384 7 INFO neutron.db.ovn_revision_numbers_db [None req-0ee7d45d-8514-4365-bc49-a65b3712bfb7 23883d532efe4daf8e9637e14733cca3 0204dd68afd94bfb96616ba881b142b5 - - default default] Successfully bumped revision number for resource 247b5fa3-fad6-4dee-8412-898ecec2b530 (type: ports) to 1 [pid: 8|app: 0|req: 1365/2977] 10.0.0.217 () {32 vars in 740 bytes} [Thu May 21 16:49:37 2026] DELETE /v2.0/security-groups/b1de2cd0-c0a3-4d70-8307-9bda8326badf => generated 0 bytes in 582 msecs (HTTP/1.1 204) 2 headers in 112 bytes (1 switches on core 0)
2026-05-21 16:49:37.939 8 INFO neutron.db.ovn_revision_numbers_db [None req-89f71d0b-26ac-433b-8c66-95141187d72f - - - - - -] Successfully bumped revision number for resource a28fc6b4-0de5-4cf6-a8bc-a226ab8f8308 (type: ports) to 4
2026-05-21 16:49:38.187 7 WARNING neutron.scheduler.dhcp_agent_scheduler [None req-0ee7d45d-8514-4365-bc49-a65b3712bfb7 23883d532efe4daf8e9637e14733cca3 0204dd68afd94bfb96616ba881b142b5 - - default default] No more DHCP agents
2026-05-21 16:49:38.188 7 WARNING neutron.api.rpc.agentnotifiers.dhcp_rpc_agent_api [None req-0ee7d45d-8514-4365-bc49-a65b3712bfb7 23883d532efe4daf8e9637e14733cca3 0204dd68afd94bfb96616ba881b142b5 - - default default] Unable to schedule network 2c5e34c6-df9d-49b8-abfa-f8410bc77c63: no agents available; will retry on subsequent port and subnet creation events.
2026-05-21 16:49:38.363 8 INFO neutron.db.ovn_revision_numbers_db [None req-576e7b3d-69c3-4f49-a840-c4c1afdd82cb 83560dcbc64245c88651a98a98c2595d a18ef6c7f44d4938a43478f10f1a70db - - default default] Successfully bumped revision number for resource 96760e31-b345-49b3-b21e-cd5a14991350 (type: security_groups) to 1
2026-05-21 16:49:38.385 8 INFO neutron.db.ovn_revision_numbers_db [None req-576e7b3d-69c3-4f49-a840-c4c1afdd82cb 83560dcbc64245c88651a98a98c2595d a18ef6c7f44d4938a43478f10f1a70db - - default default] Successfully bumped revision number for resource 2ee35ece-6718-4c1e-9c64-085fbc7ae6e9 (type: security_group_rules) to 0
2026-05-21 16:49:38.413 8 INFO neutron.db.ovn_revision_numbers_db [None req-576e7b3d-69c3-4f49-a840-c4c1afdd82cb 83560dcbc64245c88651a98a98c2595d a18ef6c7f44d4938a43478f10f1a70db - - default default] Successfully bumped revision number for resource 8b73cc30-40b1-44ec-b768-20759decdbbf (type: security_group_rules) to 0
2026-05-21 16:49:38.436 8 INFO neutron.db.ovn_revision_numbers_db [None req-576e7b3d-69c3-4f49-a840-c4c1afdd82cb 83560dcbc64245c88651a98a98c2595d a18ef6c7f44d4938a43478f10f1a70db - - default default] Successfully bumped revision number for resource e5bbe8c2-5082-426d-ac7a-7705dac917c4 (type: security_group_rules) to 0
2026-05-21 16:49:38.467 8 INFO neutron.db.ovn_revision_numbers_db [None req-576e7b3d-69c3-4f49-a840-c4c1afdd82cb 83560dcbc64245c88651a98a98c2595d a18ef6c7f44d4938a43478f10f1a70db - - default default] Successfully bumped revision number for resource fe05f51c-2515-49d7-87b3-508716611821 (type: security_group_rules) to 0 [pid: 8|app: 0|req: 1366/2978] 10.0.0.217 () {32 vars in 774 bytes} [Thu May 21 16:49:37 2026] GET /v2.0/security-groups?tenant_id=3379793b5925435797fe47f1e24419e3&name=default => generated 2929 bytes in 579 msecs (HTTP/1.1 200) 4 headers in 158 bytes (1 switches on core 0)
2026-05-21 16:49:38.665 8 INFO neutron.db.ovn_revision_numbers_db [None req-89f71d0b-26ac-433b-8c66-95141187d72f - - - - - -] Successfully bumped revision number for resource a28fc6b4-0de5-4cf6-a8bc-a226ab8f8308 (type: ports) to 5
2026-05-21 16:49:38.671 7 INFO neutron.db.ovn_revision_numbers_db [None req-0ee7d45d-8514-4365-bc49-a65b3712bfb7 23883d532efe4daf8e9637e14733cca3 0204dd68afd94bfb96616ba881b142b5 - - default default] Successfully bumped revision number for resource 247b5fa3-fad6-4dee-8412-898ecec2b530 (type: router_ports) to 1 [pid: 7|app: 0|req: 1613/2979] 10.0.0.217 () {34 vars in 783 bytes} [Thu May 21 16:49:36 2026] PUT /v2.0/routers/07acc7d9-9ef7-4ee7-ad71-e1058fd1c006/add_router_interface => generated 309 bytes in 2003 msecs (HTTP/1.1 200) 4 headers in 157 bytes (1 switches on core 0) [pid: 8|app: 0|req: 1367/2980] 10.0.0.217 () {32 vars in 740 bytes} [Thu May 21 16:49:38 2026] DELETE /v2.0/security-groups/96760e31-b345-49b3-b21e-cd5a14991350 => generated 0 bytes in 532 msecs (HTTP/1.1 204) 2 headers in 112 bytes (1 switches on core 0)
2026-05-21 16:49:39.276 7 WARNING neutron.scheduler.dhcp_agent_scheduler [None req-53dd4c2c-f885-4165-aa1e-bd996da7248f 23883d532efe4daf8e9637e14733cca3 0204dd68afd94bfb96616ba881b142b5 - - default default] No more DHCP agents
2026-05-21 16:49:39.278 7 WARNING neutron.api.rpc.agentnotifiers.dhcp_rpc_agent_api [None req-53dd4c2c-f885-4165-aa1e-bd996da7248f 23883d532efe4daf8e9637e14733cca3 0204dd68afd94bfb96616ba881b142b5 - - default default] Unable to schedule network 0c35120d-6623-4afb-a001-f501ee283898: no agents available; will retry on subsequent port and subnet creation events.
2026-05-21 16:49:39.302 8 INFO neutron.plugins.ml2.drivers.ovn.mech_driver.mech_driver [None req-0cb4a28e-8fba-47fc-8055-59edeb43cab3 - - - - - -] OVN reports status down for port: 247b5fa3-fad6-4dee-8412-898ecec2b530
2026-05-21 16:49:39.368 8 WARNING neutron.plugins.ml2.drivers.ovn.mech_driver.ovsdb.ovn_client [None req-0cb4a28e-8fba-47fc-8055-59edeb43cab3 - - - - - -] Logical_Switch_Port 247b5fa3-fad6-4dee-8412-898ecec2b530 host information not removed, the port state is up
2026-05-21 16:49:39.375 8 INFO neutron.plugins.ml2.drivers.ovn.mech_driver.mech_driver [None req-0cb4a28e-8fba-47fc-8055-59edeb43cab3 - - - - - -] OVN reports status up for port: 247b5fa3-fad6-4dee-8412-898ecec2b530
2026-05-21 16:49:39.432 8 INFO neutron.plugins.ml2.plugin [None req-0cb4a28e-8fba-47fc-8055-59edeb43cab3 - - - - - -] Attempt 1 to provision port 247b5fa3-fad6-4dee-8412-898ecec2b530
2026-05-21 16:49:39.456 7 INFO neutron.db.ovn_revision_numbers_db [None req-53dd4c2c-f885-4165-aa1e-bd996da7248f 23883d532efe4daf8e9637e14733cca3 0204dd68afd94bfb96616ba881b142b5 - - default default] Successfully bumped revision number for resource 594c4037-c826-4353-8636-7b18555bef6f (type: ports) to 1
2026-05-21 16:49:39.916 8 INFO neutron.db.ovn_revision_numbers_db [None req-0cb4a28e-8fba-47fc-8055-59edeb43cab3 - - - - - -] Successfully bumped revision number for resource 247b5fa3-fad6-4dee-8412-898ecec2b530 (type: ports) to 2
2026-05-21 16:49:40.315 7 WARNING neutron.scheduler.dhcp_agent_scheduler [None req-53dd4c2c-f885-4165-aa1e-bd996da7248f 23883d532efe4daf8e9637e14733cca3 0204dd68afd94bfb96616ba881b142b5 - - default default] No more DHCP agents
2026-05-21 16:49:40.316 7 WARNING neutron.api.rpc.agentnotifiers.dhcp_rpc_agent_api [None req-53dd4c2c-f885-4165-aa1e-bd996da7248f 23883d532efe4daf8e9637e14733cca3 0204dd68afd94bfb96616ba881b142b5 - - default default] Unable to schedule network 0c35120d-6623-4afb-a001-f501ee283898: no agents available; will retry on subsequent port and subnet creation events.
2026-05-21 16:49:40.692 7 INFO neutron.db.ovn_revision_numbers_db [None req-53dd4c2c-f885-4165-aa1e-bd996da7248f 23883d532efe4daf8e9637e14733cca3 0204dd68afd94bfb96616ba881b142b5 - - default default] Successfully bumped revision number for resource 594c4037-c826-4353-8636-7b18555bef6f (type: router_ports) to 1 [pid: 7|app: 0|req: 1614/2981] 10.0.0.217 () {34 vars in 783 bytes} [Thu May 21 16:49:38 2026] PUT /v2.0/routers/07acc7d9-9ef7-4ee7-ad71-e1058fd1c006/add_router_interface => generated 309 bytes in 2016 msecs (HTTP/1.1 200) 4 headers in 157 bytes (1 switches on core 0)
2026-05-21 16:49:41.230 8 WARNING neutron.scheduler.dhcp_agent_scheduler [None req-991fdae1-38a8-435e-8bf5-2bec4d7ee0da 23883d532efe4daf8e9637e14733cca3 0204dd68afd94bfb96616ba881b142b5 - - default default] No more DHCP agents
2026-05-21 16:49:41.232 8 WARNING neutron.api.rpc.agentnotifiers.dhcp_rpc_agent_api [None req-991fdae1-38a8-435e-8bf5-2bec4d7ee0da 23883d532efe4daf8e9637e14733cca3 0204dd68afd94bfb96616ba881b142b5 - - default default] Unable to schedule network 17ab9aca-1022-45a2-9335-b936d2a40b63: no agents available; will retry on subsequent port and subnet creation events.
2026-05-21 16:49:41.408 8 INFO neutron.db.ovn_revision_numbers_db [None req-991fdae1-38a8-435e-8bf5-2bec4d7ee0da 23883d532efe4daf8e9637e14733cca3 0204dd68afd94bfb96616ba881b142b5 - - default default] Successfully bumped revision number for resource 2859df71-a3a7-46f1-b31f-39be54e0d33a (type: ports) to 1
2026-05-21 16:49:42.232 8 WARNING neutron.scheduler.dhcp_agent_scheduler [None req-991fdae1-38a8-435e-8bf5-2bec4d7ee0da 23883d532efe4daf8e9637e14733cca3 0204dd68afd94bfb96616ba881b142b5 - - default default] No more DHCP agents
2026-05-21 16:49:42.234 8 WARNING neutron.api.rpc.agentnotifiers.dhcp_rpc_agent_api [None req-991fdae1-38a8-435e-8bf5-2bec4d7ee0da 23883d532efe4daf8e9637e14733cca3 0204dd68afd94bfb96616ba881b142b5 - - default default] Unable to schedule network 17ab9aca-1022-45a2-9335-b936d2a40b63: no agents available; will retry on subsequent port and subnet creation events.
2026-05-21 16:49:42.706 8 INFO neutron.db.ovn_revision_numbers_db [None req-991fdae1-38a8-435e-8bf5-2bec4d7ee0da 23883d532efe4daf8e9637e14733cca3 0204dd68afd94bfb96616ba881b142b5 - - default default] Successfully bumped revision number for resource 2859df71-a3a7-46f1-b31f-39be54e0d33a (type: router_ports) to 1 [pid: 8|app: 0|req: 1368/2982] 10.0.0.217 () {34 vars in 783 bytes} [Thu May 21 16:49:40 2026] PUT /v2.0/routers/07acc7d9-9ef7-4ee7-ad71-e1058fd1c006/add_router_interface => generated 309 bytes in 2011 msecs (HTTP/1.1 200) 4 headers in 157 bytes (1 switches on core 0)
2026-05-21 16:49:42.930 7 INFO neutron.db.ovn_revision_numbers_db [None req-f2e56b1c-9473-41a2-87d8-1cf85c975dbc 23883d532efe4daf8e9637e14733cca3 0204dd68afd94bfb96616ba881b142b5 - - default default] Successfully bumped revision number for resource 18711bdb-fec7-4ae6-a9e8-782a62d12e70 (type: security_groups) to 1
2026-05-21 16:49:42.945 7 INFO neutron.db.ovn_revision_numbers_db [None req-f2e56b1c-9473-41a2-87d8-1cf85c975dbc 23883d532efe4daf8e9637e14733cca3 0204dd68afd94bfb96616ba881b142b5 - - default default] Successfully bumped revision number for resource 206f8f9e-d2f7-4d48-b052-624b0ae7c6f1 (type: security_group_rules) to 0
2026-05-21 16:49:42.958 7 INFO neutron.db.ovn_revision_numbers_db [None req-f2e56b1c-9473-41a2-87d8-1cf85c975dbc 23883d532efe4daf8e9637e14733cca3 0204dd68afd94bfb96616ba881b142b5 - - default default] Successfully bumped revision number for resource cf873829-15a9-4939-ba83-cc8074e31ed1 (type: security_group_rules) to 0 [pid: 7|app: 0|req: 1615/2983] 10.0.0.217 () {34 vars in 684 bytes} [Thu May 21 16:49:42 2026] POST /v2.0/security-groups => generated 1629 bytes in 218 msecs (HTTP/1.1 201) 4 headers in 163 bytes (1 switches on core 0)
2026-05-21 16:49:43.154 7 INFO neutron.db.ovn_revision_numbers_db [None req-e3c323f7-1c7d-4370-8eab-7fba9c76329e 23883d532efe4daf8e9637e14733cca3 0204dd68afd94bfb96616ba881b142b5 - - default default] Successfully bumped revision number for resource 4d435515-8437-4dd2-a5fe-ccaa414895c3 (type: security_group_rules) to 0 [pid: 7|app: 0|req: 1616/2984] 10.0.0.217 () {34 vars in 695 bytes} [Thu May 21 16:49:43 2026] POST /v2.0/security-group-rules => generated 597 bytes in 188 msecs (HTTP/1.1 201) 4 headers in 162 bytes (1 switches on core 0)
2026-05-21 16:49:43.380 8 INFO neutron.db.ovn_revision_numbers_db [None req-27f635d6-de32-4227-968a-7928530c1f07 5e1cb23c19d9488b925b7124b024d9c8 e8008306b93a4ca3944e294d6de62577 - - default default] Successfully bumped revision number for resource 2350ea61-836c-497b-8630-e97b76419250 (type: security_groups) to 1
2026-05-21 16:49:43.388 7 INFO neutron.db.ovn_revision_numbers_db [None req-bce6522b-2ad9-4faa-b505-ced0cb7f6a6b 23883d532efe4daf8e9637e14733cca3 0204dd68afd94bfb96616ba881b142b5 - - default default] Successfully bumped revision number for resource 3603e962-e91b-4259-a336-24849d2c1018 (type: security_group_rules) to 0
2026-05-21 16:49:43.398 8 INFO neutron.db.ovn_revision_numbers_db [None req-27f635d6-de32-4227-968a-7928530c1f07 5e1cb23c19d9488b925b7124b024d9c8 e8008306b93a4ca3944e294d6de62577 - - default default] Successfully bumped revision number for resource 04ded337-41e6-4375-8512-c4106a93a476 (type: security_group_rules) to 0
2026-05-21 16:49:43.412 8 INFO neutron.db.ovn_revision_numbers_db [None req-27f635d6-de32-4227-968a-7928530c1f07 5e1cb23c19d9488b925b7124b024d9c8 e8008306b93a4ca3944e294d6de62577 - - default default] Successfully bumped revision number for resource 1c240d6f-858f-4ed8-abf3-4b2c89137c16 (type: security_group_rules) to 0 [pid: 7|app: 0|req: 1617/2985] 10.0.0.217 () {34 vars in 695 bytes} [Thu May 21 16:49:43 2026] POST /v2.0/security-group-rules => generated 597 bytes in 220 msecs (HTTP/1.1 201) 4 headers in 162 bytes (1 switches on core 0)
2026-05-21 16:49:43.424 8 INFO neutron.db.ovn_revision_numbers_db [None req-27f635d6-de32-4227-968a-7928530c1f07 5e1cb23c19d9488b925b7124b024d9c8 e8008306b93a4ca3944e294d6de62577 - - default default] Successfully bumped revision number for resource 46fefbe2-88c1-4565-ad11-b50aaf4642e7 (type: security_group_rules) to 0
2026-05-21 16:49:43.435 8 INFO neutron.db.ovn_revision_numbers_db [None req-27f635d6-de32-4227-968a-7928530c1f07 5e1cb23c19d9488b925b7124b024d9c8 e8008306b93a4ca3944e294d6de62577 - - default default] Successfully bumped revision number for resource 5410b38b-fd62-4e3e-aa4b-9f7d3cce60eb (type: security_group_rules) to 0
2026-05-21 16:49:43.519 8 INFO neutron.db.segments_db [None req-27f635d6-de32-4227-968a-7928530c1f07 5e1cb23c19d9488b925b7124b024d9c8 e8008306b93a4ca3944e294d6de62577 - - default default] Added segment ce9190a6-d82e-4131-b946-f77752624d01 of type geneve for network a7a9b100-dbd1-4085-ab08-e01e367e17b1
2026-05-21 16:49:43.572 7 INFO neutron.db.ovn_revision_numbers_db [None req-5c32ee97-46a4-4d6b-93bf-99846ba0fdcd 23883d532efe4daf8e9637e14733cca3 0204dd68afd94bfb96616ba881b142b5 - - default default] Successfully bumped revision number for resource 7e55f4ac-d03b-46b2-9d95-489ab3fa82c6 (type: security_group_rules) to 0 [pid: 7|app: 0|req: 1618/2986] 10.0.0.217 () {34 vars in 695 bytes} [Thu May 21 16:49:43 2026] POST /v2.0/security-group-rules => generated 599 bytes in 182 msecs (HTTP/1.1 201) 4 headers in 162 bytes (1 switches on core 0)
2026-05-21 16:49:43.682 8 INFO neutron.db.ovn_revision_numbers_db [None req-27f635d6-de32-4227-968a-7928530c1f07 5e1cb23c19d9488b925b7124b024d9c8 e8008306b93a4ca3944e294d6de62577 - - default default] Successfully bumped revision number for resource a7a9b100-dbd1-4085-ab08-e01e367e17b1 (type: networks) to 1
2026-05-21 16:49:43.774 7 INFO neutron.db.ovn_revision_numbers_db [None req-bb2e6620-b4b3-4e42-9b76-eac9d6eee09a 23883d532efe4daf8e9637e14733cca3 0204dd68afd94bfb96616ba881b142b5 - - default default] Successfully bumped revision number for resource 53d797a0-03d1-49a7-9ab6-f75f250ba477 (type: security_group_rules) to 0 [pid: 7|app: 0|req: 1619/2987] 10.0.0.217 () {34 vars in 695 bytes} [Thu May 21 16:49:43 2026] POST /v2.0/security-group-rules => generated 601 bytes in 196 msecs (HTTP/1.1 201) 4 headers in 162 bytes (1 switches on core 0)
2026-05-21 16:49:43.863 8 WARNING neutron.scheduler.dhcp_agent_scheduler [None req-27f635d6-de32-4227-968a-7928530c1f07 5e1cb23c19d9488b925b7124b024d9c8 e8008306b93a4ca3944e294d6de62577 - - default default] No more DHCP agents
2026-05-21 16:49:43.864 8 WARNING neutron.api.rpc.agentnotifiers.dhcp_rpc_agent_api [None req-27f635d6-de32-4227-968a-7928530c1f07 5e1cb23c19d9488b925b7124b024d9c8 e8008306b93a4ca3944e294d6de62577 - - default default] Unable to schedule network a7a9b100-dbd1-4085-ab08-e01e367e17b1: no agents available; will retry on subsequent port and subnet creation events.
2026-05-21 16:49:43.978 8 INFO neutron.db.ovn_revision_numbers_db [None req-27f635d6-de32-4227-968a-7928530c1f07 5e1cb23c19d9488b925b7124b024d9c8 e8008306b93a4ca3944e294d6de62577 - - default default] Successfully bumped revision number for resource 03f91d7b-c7bc-4e93-b903-355ee65f2659 (type: ports) to 1 [pid: 8|app: 0|req: 1369/2988] 10.0.0.217 () {34 vars in 670 bytes} [Thu May 21 16:49:42 2026] POST /v2.0/networks => generated 632 bytes in 1005 msecs (HTTP/1.1 201) 4 headers in 162 bytes (1 switches on core 0)
2026-05-21 16:49:44.037 7 INFO neutron.db.ovn_revision_numbers_db [None req-2dbe47a6-0549-45c5-ab49-8f44310942d4 23883d532efe4daf8e9637e14733cca3 0204dd68afd94bfb96616ba881b142b5 - - default default] Successfully bumped revision number for resource 99b755a6-cb1c-4e36-abf2-37e461ed48e5 (type: security_group_rules) to 0 [pid: 7|app: 0|req: 1620/2989] 10.0.0.217 () {34 vars in 695 bytes} [Thu May 21 16:49:43 2026] POST /v2.0/security-group-rules => generated 601 bytes in 258 msecs (HTTP/1.1 201) 4 headers in 162 bytes (1 switches on core 0)
2026-05-21 16:49:44.217 8 WARNING neutron.scheduler.dhcp_agent_scheduler [None req-b65c3bc6-273f-44f6-97f1-c30277581746 5e1cb23c19d9488b925b7124b024d9c8 e8008306b93a4ca3944e294d6de62577 - - default default] No more DHCP agents
2026-05-21 16:49:44.222 8 WARNING neutron.api.rpc.agentnotifiers.dhcp_rpc_agent_api [None req-b65c3bc6-273f-44f6-97f1-c30277581746 5e1cb23c19d9488b925b7124b024d9c8 e8008306b93a4ca3944e294d6de62577 - - default default] Unable to schedule network a7a9b100-dbd1-4085-ab08-e01e367e17b1: no agents available; will retry on subsequent port and subnet creation events.
2026-05-21 16:49:44.250 7 INFO neutron.db.ovn_revision_numbers_db [None req-55a87fff-7226-401b-ac6c-1a940e236c84 23883d532efe4daf8e9637e14733cca3 0204dd68afd94bfb96616ba881b142b5 - - default default] Successfully bumped revision number for resource 9f77451a-77b8-4f1f-b817-55434d00b132 (type: security_group_rules) to 0 [pid: 7|app: 0|req: 1621/2990] 10.0.0.217 () {34 vars in 695 bytes} [Thu May 21 16:49:44 2026] POST /v2.0/security-group-rules => generated 597 bytes in 208 msecs (HTTP/1.1 201) 4 headers in 162 bytes (1 switches on core 0)
2026-05-21 16:49:44.466 7 INFO neutron.db.ovn_revision_numbers_db [None req-7c4c965f-e6ee-41e5-a34c-1dcede1ca245 23883d532efe4daf8e9637e14733cca3 0204dd68afd94bfb96616ba881b142b5 - - default default] Successfully bumped revision number for resource 78fa2b02-cbd6-4eaf-8dde-600c102397d2 (type: security_group_rules) to 0 [pid: 7|app: 0|req: 1622/2991] 10.0.0.217 () {34 vars in 695 bytes} [Thu May 21 16:49:44 2026] POST /v2.0/security-group-rules => generated 597 bytes in 210 msecs (HTTP/1.1 201) 4 headers in 162 bytes (1 switches on core 0)
2026-05-21 16:49:44.675 7 INFO neutron.db.ovn_revision_numbers_db [None req-3e20ead7-b471-4686-a611-57073767265d 23883d532efe4daf8e9637e14733cca3 0204dd68afd94bfb96616ba881b142b5 - - default default] Successfully bumped revision number for resource 20f795a2-aa81-4eb4-a3e6-49f6f85a2a9f (type: security_group_rules) to 0 [pid: 7|app: 0|req: 1623/2992] 10.0.0.217 () {34 vars in 695 bytes} [Thu May 21 16:49:44 2026] POST /v2.0/security-group-rules => generated 597 bytes in 219 msecs (HTTP/1.1 201) 4 headers in 162 bytes (1 switches on core 0)
2026-05-21 16:49:44.774 8 WARNING neutron.plugins.ml2.drivers.ovn.mech_driver.ovsdb.ovn_client [None req-0b7698d0-d8d3-4f03-9c62-353e34be50c5 - - - - - -] No hosting information found for port 247b5fa3-fad6-4dee-8412-898ecec2b530: RuntimeError: No hosting information found for port 247b5fa3-fad6-4dee-8412-898ecec2b530
2026-05-21 16:49:44.777 8 INFO neutron.db.ovn_revision_numbers_db [None req-fa31bf05-20b3-4842-9e7a-101aa1121633 - - - - - -] Successfully bumped revision number for resource 03f91d7b-c7bc-4e93-b903-355ee65f2659 (type: ports) to 2
