2026-08-10 11:45:32.201 8 INFO neutron.db.ovn_revision_numbers_db [None req-ce8c3b2d-f596-418a-9cd2-7492d7115198 cd7bb533c14f41c88abacf520d105c59 698d0edeca8d40d9a99a49e5990a54e6 - - default default] Successfully bumped revision number for resource 309f577e-5e4d-49a6-8cb6-59dd6c61fddf (type: networks) to 1
2026-08-10 11:45:32.335 8 WARNING neutron.scheduler.dhcp_agent_scheduler [None req-ce8c3b2d-f596-418a-9cd2-7492d7115198 cd7bb533c14f41c88abacf520d105c59 698d0edeca8d40d9a99a49e5990a54e6 - - default default] No more DHCP agents
2026-08-10 11:45:32.336 8 WARNING neutron.api.rpc.agentnotifiers.dhcp_rpc_agent_api [None req-ce8c3b2d-f596-418a-9cd2-7492d7115198 cd7bb533c14f41c88abacf520d105c59 698d0edeca8d40d9a99a49e5990a54e6 - - default default] Unable to schedule network 309f577e-5e4d-49a6-8cb6-59dd6c61fddf: no agents available; will retry on subsequent port and subnet creation events.
2026-08-10 11:45:32.380 8 INFO neutron.plugins.ml2.drivers.ovn.mech_driver.mech_driver [None req-d1c1c59b-72f2-4f73-875b-b70b6e6e0871 - - - - - -] OVN reports status down for port: 310dacd7-33e0-46c7-a77b-6ba829bddbc3
2026-08-10 11:45:32.434 8 INFO neutron.db.ovn_revision_numbers_db [None req-ce8c3b2d-f596-418a-9cd2-7492d7115198 cd7bb533c14f41c88abacf520d105c59 698d0edeca8d40d9a99a49e5990a54e6 - - default default] Successfully bumped revision number for resource 310dacd7-33e0-46c7-a77b-6ba829bddbc3 (type: ports) to 1 [pid: 8|app: 0|req: 821/1633] 10.0.0.232 () {34 vars in 670 bytes} [Mon Aug 10 11:45:32 2026] POST /v2.0/networks => generated 670 bytes in 453 msecs (HTTP/1.1 201) 4 headers in 162 bytes (1 switches on core 0)
2026-08-10 11:45:32.503 7 INFO neutron.plugins.ml2.drivers.ovn.mech_driver.ovsdb.commands [None req-9c29be5f-54a6-4e34-a75d-b16302278bb3 - - - - - -] Schedule LRP lrp-2c8f95dd-c7ae-4590-9a41-02db7c253e80 on gateway 2f700483-9ec4-46a2-b292-f7f1e07e86f7 with priority 1
2026-08-10 11:45:32.522 7 INFO neutron.plugins.ml2.drivers.ovn.mech_driver.ovsdb.ovsdb_monitor [None req-a6e5d111-a535-454d-bd56-8eeb251dd5ef - - - - - -] Router 593ac446-0e52-411d-96b2-e2693b19ec6e is bound to host instance [pid: 8|app: 0|req: 822/1634] 10.0.0.232 () {32 vars in 732 bytes} [Mon Aug 10 11:45:32 2026] DELETE /v2.0/subnetpools/26075e93-9f6f-4193-ac37-5bce870b41ea => generated 0 bytes in 72 msecs (HTTP/1.1 204) 2 headers in 112 bytes (1 switches on core 0)
2026-08-10 11:45:32.554 7 INFO neutron.plugins.ml2.drivers.ovn.mech_driver.mech_driver [None req-334c2e54-4c6d-4c93-ab40-ec5fcee18659 - - - - - -] OVN reports status up for port: 2c8f95dd-c7ae-4590-9a41-02db7c253e80
2026-08-10 11:45:32.600 7 INFO neutron.plugins.ml2.plugin [None req-334c2e54-4c6d-4c93-ab40-ec5fcee18659 - - - - - -] Attempt 1 to provision port 2c8f95dd-c7ae-4590-9a41-02db7c253e80
2026-08-10 11:45:32.648 7 INFO neutron.db.ovn_revision_numbers_db [None req-4b2bef3b-5178-41b3-b10c-950462809086 13f6ea18abd44b398eed95c959f3030e 76e8fd8ea3cd4bc9b5f4eadb56f9665b - - default default] Successfully bumped revision number for resource 2c8f95dd-c7ae-4590-9a41-02db7c253e80 (type: router_ports) to 1
2026-08-10 11:45:32.769 8 WARNING neutron.scheduler.dhcp_agent_scheduler [None req-b2f57edb-58df-4d4b-86d4-e2f05394abef cd7bb533c14f41c88abacf520d105c59 698d0edeca8d40d9a99a49e5990a54e6 - - default default] No more DHCP agents
2026-08-10 11:45:32.772 8 WARNING neutron.api.rpc.agentnotifiers.dhcp_rpc_agent_api [None req-b2f57edb-58df-4d4b-86d4-e2f05394abef cd7bb533c14f41c88abacf520d105c59 698d0edeca8d40d9a99a49e5990a54e6 - - default default] Unable to schedule network 309f577e-5e4d-49a6-8cb6-59dd6c61fddf: no agents available; will retry on subsequent port and subnet creation events.
2026-08-10 11:45:32.892 7 INFO neutron.db.ovn_revision_numbers_db [None req-4b2bef3b-5178-41b3-b10c-950462809086 13f6ea18abd44b398eed95c959f3030e 76e8fd8ea3cd4bc9b5f4eadb56f9665b - - default default] Successfully bumped revision number for resource 593ac446-0e52-411d-96b2-e2693b19ec6e (type: routers) to 2 [pid: 7|app: 0|req: 813/1635] 10.0.0.232 () {34 vars in 669 bytes} [Mon Aug 10 11:45:30 2026] POST /v2.0/routers => generated 965 bytes in 2308 msecs (HTTP/1.1 201) 4 headers in 162 bytes (1 switches on core 0)
2026-08-10 11:45:32.943 7 INFO neutron.api.v2.resource [None req-3bdb1c2e-77be-47df-ac23-af2831dda05e 02990112d64d458192673631e3fb8f3c 7f7eb4d4e2314da6818f2483ca420371 - - default default] show failed (client error): The resource could not be found. [pid: 7|app: 0|req: 814/1636] 10.0.0.232 () {32 vars in 729 bytes} [Mon Aug 10 11:45:32 2026] GET /v2.0/subnetpools/26075e93-9f6f-4193-ac37-5bce870b41ea => generated 145 bytes in 17 msecs (HTTP/1.1 404) 4 headers in 164 bytes (1 switches on core 0)
2026-08-10 11:45:33.258 8 INFO neutron.db.ovn_revision_numbers_db [None req-1c81c762-09e5-4e4e-b92a-67dc8d3cf17e - - - - - -] Successfully bumped revision number for resource 310dacd7-33e0-46c7-a77b-6ba829bddbc3 (type: ports) to 2
2026-08-10 11:45:33.291 8 INFO neutron.db.ovn_revision_numbers_db [None req-1c81c762-09e5-4e4e-b92a-67dc8d3cf17e - - - - - -] Successfully bumped revision number for resource ebe48e41-3105-4e27-a5b6-4e2519b72ebc (type: subnets) to 0 [pid: 8|app: 0|req: 823/1637] 10.0.0.232 () {34 vars in 669 bytes} [Mon Aug 10 11:45:32 2026] POST /v2.0/subnets => generated 626 bytes in 755 msecs (HTTP/1.1 201) 4 headers in 162 bytes (1 switches on core 0)
2026-08-10 11:45:33.317 8 INFO neutron.api.v2.resource [None req-20cf0566-a1bf-4036-a101-5596f48e3ebd 02990112d64d458192673631e3fb8f3c 7f7eb4d4e2314da6818f2483ca420371 - - default default] delete failed (client error): The resource could not be found. [pid: 8|app: 0|req: 824/1638] 10.0.0.232 () {32 vars in 732 bytes} [Mon Aug 10 11:45:33 2026] DELETE /v2.0/subnetpools/26075e93-9f6f-4193-ac37-5bce870b41ea => generated 145 bytes in 9 msecs (HTTP/1.1 404) 4 headers in 164 bytes (1 switches on core 0)
2026-08-10 11:45:33.615 8 WARNING neutron.scheduler.dhcp_agent_scheduler [None req-9cb5a6b7-8794-4cac-b9cd-37fd06c0a9bc cd7bb533c14f41c88abacf520d105c59 698d0edeca8d40d9a99a49e5990a54e6 - - default default] No more DHCP agents
2026-08-10 11:45:33.617 8 WARNING neutron.api.rpc.agentnotifiers.dhcp_rpc_agent_api [None req-9cb5a6b7-8794-4cac-b9cd-37fd06c0a9bc cd7bb533c14f41c88abacf520d105c59 698d0edeca8d40d9a99a49e5990a54e6 - - default default] Unable to schedule network 309f577e-5e4d-49a6-8cb6-59dd6c61fddf: no agents available; will retry on subsequent port and subnet creation events.
2026-08-10 11:45:33.743 8 INFO neutron.plugins.ml2.drivers.ovn.mech_driver.mech_driver [None req-d1c1c59b-72f2-4f73-875b-b70b6e6e0871 - - - - - -] OVN reports status down for port: 3fe152eb-35a4-4dbb-b5a0-576222cf7532
2026-08-10 11:45:33.807 7 WARNING neutron.scheduler.dhcp_agent_scheduler [None req-a6d98081-3c49-49d2-b046-5b79f28082a2 13f6ea18abd44b398eed95c959f3030e 76e8fd8ea3cd4bc9b5f4eadb56f9665b - - default default] No more DHCP agents
2026-08-10 11:45:33.815 7 WARNING neutron.api.rpc.agentnotifiers.dhcp_rpc_agent_api [None req-a6d98081-3c49-49d2-b046-5b79f28082a2 13f6ea18abd44b398eed95c959f3030e 76e8fd8ea3cd4bc9b5f4eadb56f9665b - - default default] Unable to schedule network 8813cbe7-85ca-46f3-8100-7aadbbb811da: no agents available; will retry on subsequent port and subnet creation events.
2026-08-10 11:45:33.817 8 INFO neutron.db.ovn_revision_numbers_db [None req-9cb5a6b7-8794-4cac-b9cd-37fd06c0a9bc cd7bb533c14f41c88abacf520d105c59 698d0edeca8d40d9a99a49e5990a54e6 - - default default] Successfully bumped revision number for resource 3fe152eb-35a4-4dbb-b5a0-576222cf7532 (type: ports) to 1 [pid: 8|app: 0|req: 825/1639] 10.0.0.232 () {34 vars in 665 bytes} [Mon Aug 10 11:45:33 2026] POST /v2.0/ports => generated 949 bytes in 543 msecs (HTTP/1.1 201) 4 headers in 162 bytes (1 switches on core 0) /var/lib/openstack/lib/python3.12/site-packages/pycadf/identifier.py:70: UserWarning: Invalid uuid: neutron. To ensure interoperability, identifiers should be a valid uuid. warnings.warn(('Invalid uuid: %s. To ensure interoperability, '
2026-08-10 11:45:34.030 8 INFO neutron_taas.services.taas.taas_plugin [None req-b7b93fae-6844-43d3-88c4-93415f2b924f cd7bb533c14f41c88abacf520d105c59 698d0edeca8d40d9a99a49e5990a54e6 - - default default] TaaS: Handle Delete Port: 3fe152eb-35a4-4dbb-b5a0-576222cf7532
2026-08-10 11:45:34.034 8 INFO neutron_taas.services.taas.tap_mirror_plugin [None req-b7b93fae-6844-43d3-88c4-93415f2b924f cd7bb533c14f41c88abacf520d105c59 698d0edeca8d40d9a99a49e5990a54e6 - - default default] Tap Mirror: Handle Delete Port: 3fe152eb-35a4-4dbb-b5a0-576222cf7532
2026-08-10 11:45:34.126 7 INFO neutron.db.ovn_revision_numbers_db [None req-a6d98081-3c49-49d2-b046-5b79f28082a2 13f6ea18abd44b398eed95c959f3030e 76e8fd8ea3cd4bc9b5f4eadb56f9665b - - default default] Successfully bumped revision number for resource 4c5bb188-5c64-45c8-839c-806e698b5f23 (type: ports) to 1
2026-08-10 11:45:34.136 7 INFO neutron.db.ovn_revision_numbers_db [None req-14d8b85b-a2f7-42d3-a056-cfd052b1ddda - - - - - -] Successfully bumped revision number for resource 2c8f95dd-c7ae-4590-9a41-02db7c253e80 (type: ports) to 4 [pid: 8|app: 0|req: 826/1640] 10.0.0.232 () {32 vars in 720 bytes} [Mon Aug 10 11:45:33 2026] DELETE /v2.0/ports/3fe152eb-35a4-4dbb-b5a0-576222cf7532 => generated 0 bytes in 379 msecs (HTTP/1.1 204) 3 headers in 131 bytes (1 switches on core 0)
2026-08-10 11:45:34.671 8 INFO neutron.db.ovn_revision_numbers_db [None req-b4e7242e-fbc5-4939-82ed-347164605ad0 13f6ea18abd44b398eed95c959f3030e 76e8fd8ea3cd4bc9b5f4eadb56f9665b - - default default] Successfully bumped revision number for resource 02e5a989-c7fb-4f08-b8fe-6c0a7f93a202 (type: security_groups) to 1
2026-08-10 11:45:34.684 8 INFO neutron.db.ovn_revision_numbers_db [None req-b4e7242e-fbc5-4939-82ed-347164605ad0 13f6ea18abd44b398eed95c959f3030e 76e8fd8ea3cd4bc9b5f4eadb56f9665b - - default default] Successfully bumped revision number for resource 1adc36cc-cab7-4467-84e1-4b97885a39ed (type: security_group_rules) to 0
2026-08-10 11:45:34.698 8 INFO neutron.db.ovn_revision_numbers_db [None req-b4e7242e-fbc5-4939-82ed-347164605ad0 13f6ea18abd44b398eed95c959f3030e 76e8fd8ea3cd4bc9b5f4eadb56f9665b - - default default] Successfully bumped revision number for resource 28964795-b31f-44da-a249-d13bba7d7910 (type: security_group_rules) to 0
2026-08-10 11:45:34.725 8 INFO neutron.db.ovn_revision_numbers_db [None req-b4e7242e-fbc5-4939-82ed-347164605ad0 13f6ea18abd44b398eed95c959f3030e 76e8fd8ea3cd4bc9b5f4eadb56f9665b - - default default] Successfully bumped revision number for resource 8df63bfe-4059-4970-a0bb-bd32a652d9eb (type: security_group_rules) to 0
2026-08-10 11:45:34.745 8 INFO neutron.db.ovn_revision_numbers_db [None req-b4e7242e-fbc5-4939-82ed-347164605ad0 13f6ea18abd44b398eed95c959f3030e 76e8fd8ea3cd4bc9b5f4eadb56f9665b - - default default] Successfully bumped revision number for resource a177b0d6-023a-48fe-bf79-ff16b5f87f4d (type: security_group_rules) to 0 [pid: 8|app: 0|req: 827/1641] 10.0.0.232 () {32 vars in 774 bytes} [Mon Aug 10 11:45:34 2026] GET /v2.0/security-groups?tenant_id=7f7eb4d4e2314da6818f2483ca420371&name=default => generated 2925 bytes in 538 msecs (HTTP/1.1 200) 4 headers in 158 bytes (1 switches on core 0)
2026-08-10 11:45:34.799 8 INFO neutron.pecan_wsgi.hooks.translation [None req-e82df0d0-d614-4a99-83ff-49ef83bd08f4 cd7bb533c14f41c88abacf520d105c59 698d0edeca8d40d9a99a49e5990a54e6 - - default default] DELETE failed (client error): The resource could not be found. [pid: 8|app: 0|req: 828/1642] 10.0.0.232 () {32 vars in 720 bytes} [Mon Aug 10 11:45:34 2026] DELETE /v2.0/ports/3fe152eb-35a4-4dbb-b5a0-576222cf7532 => generated 132 bytes in 16 msecs (HTTP/1.1 404) 4 headers in 164 bytes (1 switches on core 0)
2026-08-10 11:45:34.902 7 INFO neutron.db.ovn_revision_numbers_db [None req-14d8b85b-a2f7-42d3-a056-cfd052b1ddda - - - - - -] Successfully bumped revision number for resource 2c8f95dd-c7ae-4590-9a41-02db7c253e80 (type: ports) to 5 [pid: 8|app: 0|req: 829/1643] 10.0.0.232 () {32 vars in 740 bytes} [Mon Aug 10 11:45:34 2026] DELETE /v2.0/security-groups/02e5a989-c7fb-4f08-b8fe-6c0a7f93a202 => generated 0 bytes in 223 msecs (HTTP/1.1 204) 2 headers in 112 bytes (1 switches on core 0)
2026-08-10 11:45:35.040 8 INFO neutron.pecan_wsgi.hooks.translation [None req-fc195f94-d908-4dc2-8f1b-e330bdde7b7f cd7bb533c14f41c88abacf520d105c59 698d0edeca8d40d9a99a49e5990a54e6 - - default default] GET failed (client error): The resource could not be found. [pid: 8|app: 0|req: 830/1644] 10.0.0.232 () {32 vars in 717 bytes} [Mon Aug 10 11:45:35 2026] GET /v2.0/ports/3fe152eb-35a4-4dbb-b5a0-576222cf7532 => generated 132 bytes in 16 msecs (HTTP/1.1 404) 4 headers in 164 bytes (1 switches on core 0)
2026-08-10 11:45:35.133 7 INFO neutron.plugins.ml2.drivers.ovn.mech_driver.mech_driver [None req-334c2e54-4c6d-4c93-ab40-ec5fcee18659 - - - - - -] OVN reports status down for port: 4c5bb188-5c64-45c8-839c-806e698b5f23 [pid: 8|app: 0|req: 831/1645] 10.0.0.232 () {32 vars in 724 bytes} [Mon Aug 10 11:45:35 2026] DELETE /v2.0/subnets/ebe48e41-3105-4e27-a5b6-4e2519b72ebc => generated 0 bytes in 176 msecs (HTTP/1.1 204) 3 headers in 131 bytes (1 switches on core 0)
2026-08-10 11:45:35.314 7 INFO neutron.plugins.ml2.drivers.ovn.mech_driver.mech_driver [None req-334c2e54-4c6d-4c93-ab40-ec5fcee18659 - - - - - -] OVN reports status up for port: 4c5bb188-5c64-45c8-839c-806e698b5f23
2026-08-10 11:45:35.344 7 INFO neutron.plugins.ml2.plugin [None req-334c2e54-4c6d-4c93-ab40-ec5fcee18659 - - - - - -] Attempt 1 to provision port 4c5bb188-5c64-45c8-839c-806e698b5f23
2026-08-10 11:45:35.371 8 INFO neutron_taas.services.taas.taas_plugin [None req-2be80d80-b736-40bf-bccb-bd57ed0ab943 cd7bb533c14f41c88abacf520d105c59 698d0edeca8d40d9a99a49e5990a54e6 - - default default] TaaS: Handle Delete Port: 310dacd7-33e0-46c7-a77b-6ba829bddbc3
2026-08-10 11:45:35.374 8 INFO neutron_taas.services.taas.tap_mirror_plugin [None req-2be80d80-b736-40bf-bccb-bd57ed0ab943 cd7bb533c14f41c88abacf520d105c59 698d0edeca8d40d9a99a49e5990a54e6 - - default default] Tap Mirror: Handle Delete Port: 310dacd7-33e0-46c7-a77b-6ba829bddbc3
2026-08-10 11:45:35.492 7 WARNING neutron.scheduler.dhcp_agent_scheduler [None req-a6d98081-3c49-49d2-b046-5b79f28082a2 13f6ea18abd44b398eed95c959f3030e 76e8fd8ea3cd4bc9b5f4eadb56f9665b - - default default] No more DHCP agents
2026-08-10 11:45:35.495 7 WARNING neutron.api.rpc.agentnotifiers.dhcp_rpc_agent_api [None req-a6d98081-3c49-49d2-b046-5b79f28082a2 13f6ea18abd44b398eed95c959f3030e 76e8fd8ea3cd4bc9b5f4eadb56f9665b - - default default] Unable to schedule network 8813cbe7-85ca-46f3-8100-7aadbbb811da: no agents available; will retry on subsequent port and subnet creation events.
2026-08-10 11:45:35.564 8 INFO neutron.services.segments.plugin [-] Segment 680d0555-1d84-45f1-af9b-f78271b49efe resource provider aggregate not found
2026-08-10 11:45:35.572 8 INFO neutron.services.segments.plugin [-] Segment 680d0555-1d84-45f1-af9b-f78271b49efe resource provider aggregate not found
2026-08-10 11:45:35.586 8 INFO neutron.services.segments.plugin [-] Client error retrieving segment 680d0555-1d84-45f1-af9b-f78271b49efe resource provider; error: Placement Client Error (4xx): {"errors": [{"status": 404, "title": "Not Found", "detail": "The resource could not be found.\n\n No resource provider with uuid 680d0555-1d84-45f1-af9b-f78271b49efe found for delete ", "request_id": "req-2de399d6-4da0-431e-b898-929cf853e71b"}]}
2026-08-10 11:45:35.589 8 INFO neutron.services.segments.plugin [-] Client error retrieving segment 680d0555-1d84-45f1-af9b-f78271b49efe resource provider; error: Placement Client Error (4xx): {"errors": [{"status": 404, "title": "Not Found", "detail": "The resource could not be found.\n\n No resource provider with uuid 680d0555-1d84-45f1-af9b-f78271b49efe found for delete ", "request_id": "req-9a50296e-ba3a-4256-ab83-05b894e72da4"}]} [pid: 8|app: 0|req: 832/1646] 10.0.0.232 () {32 vars in 726 bytes} [Mon Aug 10 11:45:35 2026] DELETE /v2.0/networks/309f577e-5e4d-49a6-8cb6-59dd6c61fddf => generated 0 bytes in 376 msecs (HTTP/1.1 204) 3 headers in 131 bytes (1 switches on core 0)
2026-08-10 11:45:35.715 8 INFO neutron.db.segments_db [None req-d77374d7-870e-4e6d-838b-0ee85402df19 cd7bb533c14f41c88abacf520d105c59 698d0edeca8d40d9a99a49e5990a54e6 - - default default] Added segment 4c76ddfe-a894-4082-b51c-26955659e1e6 of type geneve for network d3a3d5a5-395b-481d-a713-9e69627b8fbe
2026-08-10 11:45:35.831 8 INFO neutron.db.ovn_revision_numbers_db [None req-d77374d7-870e-4e6d-838b-0ee85402df19 cd7bb533c14f41c88abacf520d105c59 698d0edeca8d40d9a99a49e5990a54e6 - - default default] Successfully bumped revision number for resource d3a3d5a5-395b-481d-a713-9e69627b8fbe (type: networks) to 1
2026-08-10 11:45:35.990 8 WARNING neutron.scheduler.dhcp_agent_scheduler [None req-d77374d7-870e-4e6d-838b-0ee85402df19 cd7bb533c14f41c88abacf520d105c59 698d0edeca8d40d9a99a49e5990a54e6 - - default default] No more DHCP agents
2026-08-10 11:45:35.992 8 WARNING neutron.api.rpc.agentnotifiers.dhcp_rpc_agent_api [None req-d77374d7-870e-4e6d-838b-0ee85402df19 cd7bb533c14f41c88abacf520d105c59 698d0edeca8d40d9a99a49e5990a54e6 - - default default] Unable to schedule network d3a3d5a5-395b-481d-a713-9e69627b8fbe: no agents available; will retry on subsequent port and subnet creation events.
2026-08-10 11:45:36.042 8 INFO neutron.plugins.ml2.drivers.ovn.mech_driver.mech_driver [None req-d1c1c59b-72f2-4f73-875b-b70b6e6e0871 - - - - - -] OVN reports status down for port: c2e16367-972f-4748-bf7a-f7baa5b76f70
2026-08-10 11:45:36.101 8 INFO neutron.db.ovn_revision_numbers_db [None req-d77374d7-870e-4e6d-838b-0ee85402df19 cd7bb533c14f41c88abacf520d105c59 698d0edeca8d40d9a99a49e5990a54e6 - - default default] Successfully bumped revision number for resource c2e16367-972f-4748-bf7a-f7baa5b76f70 (type: ports) to 1
2026-08-10 11:45:36.129 7 INFO neutron.db.ovn_revision_numbers_db [None req-334c2e54-4c6d-4c93-ab40-ec5fcee18659 - - - - - -] Successfully bumped revision number for resource 4c5bb188-5c64-45c8-839c-806e698b5f23 (type: ports) to 2 [pid: 8|app: 0|req: 833/1647] 10.0.0.232 () {34 vars in 670 bytes} [Mon Aug 10 11:45:35 2026] POST /v2.0/networks => generated 668 bytes in 515 msecs (HTTP/1.1 201) 4 headers in 162 bytes (1 switches on core 0)
2026-08-10 11:45:36.379 7 INFO neutron.db.ovn_revision_numbers_db [None req-a6d98081-3c49-49d2-b046-5b79f28082a2 13f6ea18abd44b398eed95c959f3030e 76e8fd8ea3cd4bc9b5f4eadb56f9665b - - default default] Successfully bumped revision number for resource 4c5bb188-5c64-45c8-839c-806e698b5f23 (type: router_ports) to 1 [pid: 7|app: 0|req: 815/1648] 10.0.0.232 () {34 vars in 783 bytes} [Mon Aug 10 11:45:32 2026] PUT /v2.0/routers/593ac446-0e52-411d-96b2-e2693b19ec6e/add_router_interface => generated 309 bytes in 3446 msecs (HTTP/1.1 200) 4 headers in 157 bytes (1 switches on core 0)
2026-08-10 11:45:36.445 8 INFO neutron.db.ovn_revision_numbers_db [None req-923bfb13-bb84-457c-850f-a9fbf27d8699 8a46dc21e48c49938432556355d550c1 f40af65e7f2b4cc0bf9ec8cfcb7f7ea6 - - default default] Successfully bumped revision number for resource 81548373-2d3e-4057-b76e-c7234a4e2438 (type: security_groups) to 1
2026-08-10 11:45:36.452 7 INFO neutron.db.ovn_revision_numbers_db [None req-2d4fb79a-412d-48ac-b1c9-ecc0b6a8d72c - - - - - -] Successfully bumped revision number for resource 4c5bb188-5c64-45c8-839c-806e698b5f23 (type: router_ports) to 2
2026-08-10 11:45:36.457 8 INFO neutron.db.ovn_revision_numbers_db [None req-923bfb13-bb84-457c-850f-a9fbf27d8699 8a46dc21e48c49938432556355d550c1 f40af65e7f2b4cc0bf9ec8cfcb7f7ea6 - - default default] Successfully bumped revision number for resource 4a6f378f-6ae4-4a48-b7cb-a2ea6b7aa63c (type: security_group_rules) to 0
2026-08-10 11:45:36.470 8 INFO neutron.db.ovn_revision_numbers_db [None req-923bfb13-bb84-457c-850f-a9fbf27d8699 8a46dc21e48c49938432556355d550c1 f40af65e7f2b4cc0bf9ec8cfcb7f7ea6 - - default default] Successfully bumped revision number for resource 74050f7c-fa2d-45ca-8e0f-663eee3b4ffc (type: security_group_rules) to 0
2026-08-10 11:45:36.480 8 INFO neutron.db.ovn_revision_numbers_db [None req-923bfb13-bb84-457c-850f-a9fbf27d8699 8a46dc21e48c49938432556355d550c1 f40af65e7f2b4cc0bf9ec8cfcb7f7ea6 - - default default] Successfully bumped revision number for resource 805166a5-51da-46e7-becc-0380f51d19c6 (type: security_group_rules) to 0
2026-08-10 11:45:36.491 8 INFO neutron.db.ovn_revision_numbers_db [None req-923bfb13-bb84-457c-850f-a9fbf27d8699 8a46dc21e48c49938432556355d550c1 f40af65e7f2b4cc0bf9ec8cfcb7f7ea6 - - default default] Successfully bumped revision number for resource c4c1e3c9-0148-4164-ad37-4e2ccd2b2004 (type: security_group_rules) to 0
2026-08-10 11:45:36.568 8 INFO neutron.db.segments_db [None req-923bfb13-bb84-457c-850f-a9fbf27d8699 8a46dc21e48c49938432556355d550c1 f40af65e7f2b4cc0bf9ec8cfcb7f7ea6 - - default default] Added segment a766a145-fa52-45d7-8c5c-8aa8147c93de of type geneve for network 1b81cefc-5b5c-47a7-b84a-fc413543e61c
2026-08-10 11:45:36.577 7 WARNING neutron.scheduler.dhcp_agent_scheduler [None req-6b6b785b-de03-4a2b-bad8-39cde6612fae cd7bb533c14f41c88abacf520d105c59 698d0edeca8d40d9a99a49e5990a54e6 - - default default] No more DHCP agents
2026-08-10 11:45:36.579 7 WARNING neutron.api.rpc.agentnotifiers.dhcp_rpc_agent_api [None req-6b6b785b-de03-4a2b-bad8-39cde6612fae cd7bb533c14f41c88abacf520d105c59 698d0edeca8d40d9a99a49e5990a54e6 - - default default] Unable to schedule network d3a3d5a5-395b-481d-a713-9e69627b8fbe: no agents available; will retry on subsequent port and subnet creation events.
2026-08-10 11:45:36.686 8 INFO neutron.db.ovn_revision_numbers_db [None req-923bfb13-bb84-457c-850f-a9fbf27d8699 8a46dc21e48c49938432556355d550c1 f40af65e7f2b4cc0bf9ec8cfcb7f7ea6 - - default default] Successfully bumped revision number for resource 1b81cefc-5b5c-47a7-b84a-fc413543e61c (type: networks) to 1
2026-08-10 11:45:36.849 8 WARNING neutron.scheduler.dhcp_agent_scheduler [None req-923bfb13-bb84-457c-850f-a9fbf27d8699 8a46dc21e48c49938432556355d550c1 f40af65e7f2b4cc0bf9ec8cfcb7f7ea6 - - default default] No more DHCP agents
2026-08-10 11:45:36.851 8 WARNING neutron.api.rpc.agentnotifiers.dhcp_rpc_agent_api [None req-923bfb13-bb84-457c-850f-a9fbf27d8699 8a46dc21e48c49938432556355d550c1 f40af65e7f2b4cc0bf9ec8cfcb7f7ea6 - - default default] Unable to schedule network 1b81cefc-5b5c-47a7-b84a-fc413543e61c: no agents available; will retry on subsequent port and subnet creation events.
2026-08-10 11:45:36.909 7 INFO neutron.plugins.ml2.drivers.ovn.mech_driver.mech_driver [None req-2d4fb79a-412d-48ac-b1c9-ecc0b6a8d72c - - - - - -] OVN reports status down for port: d2001e7c-58b2-4f22-a37c-a98bc396a83a
2026-08-10 11:45:36.914 8 INFO neutron.db.ovn_revision_numbers_db [None req-923bfb13-bb84-457c-850f-a9fbf27d8699 8a46dc21e48c49938432556355d550c1 f40af65e7f2b4cc0bf9ec8cfcb7f7ea6 - - default default] Successfully bumped revision number for resource d2001e7c-58b2-4f22-a37c-a98bc396a83a (type: ports) to 1 [pid: 8|app: 0|req: 834/1649] 10.0.0.232 () {34 vars in 670 bytes} [Mon Aug 10 11:45:36 2026] POST /v2.0/networks => generated 768 bytes in 797 msecs (HTTP/1.1 201) 4 headers in 162 bytes (1 switches on core 0)
2026-08-10 11:45:37.137 7 INFO neutron.db.ovn_revision_numbers_db [None req-eec8771a-c37c-4e5a-9632-2d91e5101356 - - - - - -] Successfully bumped revision number for resource c2e16367-972f-4748-bf7a-f7baa5b76f70 (type: ports) to 2
2026-08-10 11:45:37.167 7 INFO neutron.db.ovn_revision_numbers_db [None req-eec8771a-c37c-4e5a-9632-2d91e5101356 - - - - - -] Successfully bumped revision number for resource f85b709e-12e1-424e-b6b8-c3bca01e649f (type: subnets) to 0 [pid: 7|app: 0|req: 816/1650] 10.0.0.232 () {34 vars in 669 bytes} [Mon Aug 10 11:45:36 2026] POST /v2.0/subnets => generated 626 bytes in 791 msecs (HTTP/1.1 201) 4 headers in 162 bytes (1 switches on core 0)
2026-08-10 11:45:37.238 8 INFO neutron.db.ovn_revision_numbers_db [None req-7250c1b4-290f-4f7b-be7e-ad37410c5a98 13f6ea18abd44b398eed95c959f3030e 76e8fd8ea3cd4bc9b5f4eadb56f9665b - - default default] Successfully bumped revision number for resource c2bf66a3-ff48-4197-9d54-dbbfcac02241 (type: security_groups) to 1
2026-08-10 11:45:37.249 8 INFO neutron.db.ovn_revision_numbers_db [None req-7250c1b4-290f-4f7b-be7e-ad37410c5a98 13f6ea18abd44b398eed95c959f3030e 76e8fd8ea3cd4bc9b5f4eadb56f9665b - - default default] Successfully bumped revision number for resource 7c5e18b7-41ab-4f5c-a361-d54dac1cb9e9 (type: security_group_rules) to 0
2026-08-10 11:45:37.263 8 INFO neutron.db.ovn_revision_numbers_db [None req-7250c1b4-290f-4f7b-be7e-ad37410c5a98 13f6ea18abd44b398eed95c959f3030e 76e8fd8ea3cd4bc9b5f4eadb56f9665b - - default default] Successfully bumped revision number for resource 8c435177-bd6b-41ec-981e-06347727a5c6 (type: security_group_rules) to 0
2026-08-10 11:45:37.274 8 INFO neutron.db.ovn_revision_numbers_db [None req-7250c1b4-290f-4f7b-be7e-ad37410c5a98 13f6ea18abd44b398eed95c959f3030e 76e8fd8ea3cd4bc9b5f4eadb56f9665b - - default default] Successfully bumped revision number for resource b51d08b1-a088-4453-9617-6e9282b8ed82 (type: security_group_rules) to 0
2026-08-10 11:45:37.284 8 INFO neutron.db.ovn_revision_numbers_db [None req-7250c1b4-290f-4f7b-be7e-ad37410c5a98 13f6ea18abd44b398eed95c959f3030e 76e8fd8ea3cd4bc9b5f4eadb56f9665b - - default default] Successfully bumped revision number for resource f3c95365-7a14-4cbe-ae55-820a8c757d05 (type: security_group_rules) to 0
2026-08-10 11:45:37.320 7 WARNING neutron.scheduler.dhcp_agent_scheduler [None req-904b53a4-b01c-43d4-a8c6-6c990d932a5d 8a46dc21e48c49938432556355d550c1 f40af65e7f2b4cc0bf9ec8cfcb7f7ea6 - - default default] No more DHCP agents
2026-08-10 11:45:37.321 7 WARNING neutron.api.rpc.agentnotifiers.dhcp_rpc_agent_api [None req-904b53a4-b01c-43d4-a8c6-6c990d932a5d 8a46dc21e48c49938432556355d550c1 f40af65e7f2b4cc0bf9ec8cfcb7f7ea6 - - default default] Unable to schedule network 1b81cefc-5b5c-47a7-b84a-fc413543e61c: no agents available; will retry on subsequent port and subnet creation events.
2026-08-10 11:45:37.363 8 INFO neutron.db.segments_db [None req-7250c1b4-290f-4f7b-be7e-ad37410c5a98 13f6ea18abd44b398eed95c959f3030e 76e8fd8ea3cd4bc9b5f4eadb56f9665b - - default default] Added segment 332e0231-2982-403b-8489-da8185e609ba of type geneve for network c2c77ac4-67ef-49d3-a5ff-1e0bb7888159
2026-08-10 11:45:37.464 8 INFO neutron.db.ovn_revision_numbers_db [None req-7250c1b4-290f-4f7b-be7e-ad37410c5a98 13f6ea18abd44b398eed95c959f3030e 76e8fd8ea3cd4bc9b5f4eadb56f9665b - - default default] Successfully bumped revision number for resource c2c77ac4-67ef-49d3-a5ff-1e0bb7888159 (type: networks) to 1
2026-08-10 11:45:37.610 8 WARNING neutron.scheduler.dhcp_agent_scheduler [None req-7250c1b4-290f-4f7b-be7e-ad37410c5a98 13f6ea18abd44b398eed95c959f3030e 76e8fd8ea3cd4bc9b5f4eadb56f9665b - - default default] No more DHCP agents
2026-08-10 11:45:37.612 8 WARNING neutron.api.rpc.agentnotifiers.dhcp_rpc_agent_api [None req-7250c1b4-290f-4f7b-be7e-ad37410c5a98 13f6ea18abd44b398eed95c959f3030e 76e8fd8ea3cd4bc9b5f4eadb56f9665b - - default default] Unable to schedule network c2c77ac4-67ef-49d3-a5ff-1e0bb7888159: no agents available; will retry on subsequent port and subnet creation events.
2026-08-10 11:45:37.666 8 INFO neutron.plugins.ml2.drivers.ovn.mech_driver.mech_driver [None req-d1c1c59b-72f2-4f73-875b-b70b6e6e0871 - - - - - -] OVN reports status down for port: 06507db8-7438-4e5e-ba1e-50635b45d4af
2026-08-10 11:45:37.763 8 INFO neutron.db.ovn_revision_numbers_db [None req-7250c1b4-290f-4f7b-be7e-ad37410c5a98 13f6ea18abd44b398eed95c959f3030e 76e8fd8ea3cd4bc9b5f4eadb56f9665b - - default default] Successfully bumped revision number for resource 06507db8-7438-4e5e-ba1e-50635b45d4af (type: ports) to 1
2026-08-10 11:45:37.773 7 INFO neutron.db.ovn_revision_numbers_db [None req-767a6689-1c0e-46bc-8eb1-09ed8cbe5006 - - - - - -] Successfully bumped revision number for resource d2001e7c-58b2-4f22-a37c-a98bc396a83a (type: ports) to 2 [pid: 8|app: 0|req: 835/1651] 10.0.0.232 () {34 vars in 671 bytes} [Mon Aug 10 11:45:36 2026] POST /v2.0/networks => generated 782 bytes in 873 msecs (HTTP/1.1 201) 4 headers in 162 bytes (1 switches on core 0)
2026-08-10 11:45:37.812 7 INFO neutron.db.ovn_revision_numbers_db [None req-767a6689-1c0e-46bc-8eb1-09ed8cbe5006 - - - - - -] Successfully bumped revision number for resource b03fc7b3-dbde-4513-8a13-77a970aab76b (type: subnets) to 0 [pid: 7|app: 0|req: 817/1652] 10.0.0.232 () {34 vars in 669 bytes} [Mon Aug 10 11:45:37 2026] POST /v2.0/subnets => generated 644 bytes in 648 msecs (HTTP/1.1 201) 4 headers in 162 bytes (1 switches on core 0)
2026-08-10 11:45:37.971 7 INFO neutron.db.ovn_revision_numbers_db [None req-fa1c3093-f87a-45a8-91af-090313489273 13f6ea18abd44b398eed95c959f3030e 76e8fd8ea3cd4bc9b5f4eadb56f9665b - - default default] Successfully bumped revision number for resource 9f431a51-982b-4fd2-b700-0b07fb4cab72 (type: security_groups) to 1
2026-08-10 11:45:37.983 7 INFO neutron.db.ovn_revision_numbers_db [None req-fa1c3093-f87a-45a8-91af-090313489273 13f6ea18abd44b398eed95c959f3030e 76e8fd8ea3cd4bc9b5f4eadb56f9665b - - default default] Successfully bumped revision number for resource 0db647da-1eb3-463a-9d5e-6a1ce4b06ca9 (type: security_group_rules) to 0
2026-08-10 11:45:37.995 7 INFO neutron.db.ovn_revision_numbers_db [None req-fa1c3093-f87a-45a8-91af-090313489273 13f6ea18abd44b398eed95c959f3030e 76e8fd8ea3cd4bc9b5f4eadb56f9665b - - default default] Successfully bumped revision number for resource 169de94a-3201-4222-b5ce-d0b23a373f56 (type: security_group_rules) to 0
2026-08-10 11:45:38.006 7 INFO neutron.db.ovn_revision_numbers_db [None req-fa1c3093-f87a-45a8-91af-090313489273 13f6ea18abd44b398eed95c959f3030e 76e8fd8ea3cd4bc9b5f4eadb56f9665b - - default default] Successfully bumped revision number for resource 4a79f08c-5628-4278-871d-9bf94093eb6e (type: security_group_rules) to 0
2026-08-10 11:45:38.018 7 INFO neutron.db.ovn_revision_numbers_db [None req-fa1c3093-f87a-45a8-91af-090313489273 13f6ea18abd44b398eed95c959f3030e 76e8fd8ea3cd4bc9b5f4eadb56f9665b - - default default] Successfully bumped revision number for resource 89f28095-c67d-44dd-b6c5-a13d2fcf3503 (type: security_group_rules) to 0
2026-08-10 11:45:38.057 8 WARNING neutron.scheduler.dhcp_agent_scheduler [None req-51737939-d422-41ac-b6d5-0f0b050b255c cd7bb533c14f41c88abacf520d105c59 698d0edeca8d40d9a99a49e5990a54e6 - - default default] No more DHCP agents
2026-08-10 11:45:38.058 8 WARNING neutron.api.rpc.agentnotifiers.dhcp_rpc_agent_api [None req-51737939-d422-41ac-b6d5-0f0b050b255c cd7bb533c14f41c88abacf520d105c59 698d0edeca8d40d9a99a49e5990a54e6 - - default default] Unable to schedule network d3a3d5a5-395b-481d-a713-9e69627b8fbe: no agents available; will retry on subsequent port and subnet creation events.
2026-08-10 11:45:38.093 7 INFO neutron.db.segments_db [None req-fa1c3093-f87a-45a8-91af-090313489273 13f6ea18abd44b398eed95c959f3030e 76e8fd8ea3cd4bc9b5f4eadb56f9665b - - default default] Added segment 7fca63aa-325f-427b-9398-666a9d2ab93c of type geneve for network 814e8693-bb5b-46e4-9d18-b5e35425e29e
2026-08-10 11:45:38.180 8 INFO neutron.db.ovn_revision_numbers_db [None req-51737939-d422-41ac-b6d5-0f0b050b255c cd7bb533c14f41c88abacf520d105c59 698d0edeca8d40d9a99a49e5990a54e6 - - default default] Successfully bumped revision number for resource 2e7211a1-ae40-4b47-a458-c8a16e722912 (type: ports) to 1
2026-08-10 11:45:38.188 7 INFO neutron.plugins.ml2.drivers.ovn.mech_driver.mech_driver [None req-2d4fb79a-412d-48ac-b1c9-ecc0b6a8d72c - - - - - -] OVN reports status down for port: 2e7211a1-ae40-4b47-a458-c8a16e722912 [pid: 8|app: 0|req: 836/1653] 10.0.0.232 () {34 vars in 665 bytes} [Mon Aug 10 11:45:37 2026] POST /v2.0/ports => generated 915 bytes in 428 msecs (HTTP/1.1 201) 4 headers in 162 bytes (1 switches on core 0)
2026-08-10 11:45:38.253 7 INFO neutron.db.ovn_revision_numbers_db [None req-fa1c3093-f87a-45a8-91af-090313489273 13f6ea18abd44b398eed95c959f3030e 76e8fd8ea3cd4bc9b5f4eadb56f9665b - - default default] Successfully bumped revision number for resource 814e8693-bb5b-46e4-9d18-b5e35425e29e (type: networks) to 1
2026-08-10 11:45:38.363 8 WARNING neutron.scheduler.dhcp_agent_scheduler [None req-7caf319e-0264-4a8f-97a1-15794c81a96a 13f6ea18abd44b398eed95c959f3030e 76e8fd8ea3cd4bc9b5f4eadb56f9665b - - default default] No more DHCP agents
2026-08-10 11:45:38.364 8 WARNING neutron.api.rpc.agentnotifiers.dhcp_rpc_agent_api [None req-7caf319e-0264-4a8f-97a1-15794c81a96a 13f6ea18abd44b398eed95c959f3030e 76e8fd8ea3cd4bc9b5f4eadb56f9665b - - default default] Unable to schedule network c2c77ac4-67ef-49d3-a5ff-1e0bb7888159: no agents available; will retry on subsequent port and subnet creation events.
2026-08-10 11:45:38.433 7 WARNING neutron.scheduler.dhcp_agent_scheduler [None req-fa1c3093-f87a-45a8-91af-090313489273 13f6ea18abd44b398eed95c959f3030e 76e8fd8ea3cd4bc9b5f4eadb56f9665b - - default default] No more DHCP agents
2026-08-10 11:45:38.434 7 WARNING neutron.api.rpc.agentnotifiers.dhcp_rpc_agent_api [None req-fa1c3093-f87a-45a8-91af-090313489273 13f6ea18abd44b398eed95c959f3030e 76e8fd8ea3cd4bc9b5f4eadb56f9665b - - default default] Unable to schedule network 814e8693-bb5b-46e4-9d18-b5e35425e29e: no agents available; will retry on subsequent port and subnet creation events.
2026-08-10 11:45:38.489 7 INFO neutron.plugins.ml2.drivers.ovn.mech_driver.mech_driver [None req-2d4fb79a-412d-48ac-b1c9-ecc0b6a8d72c - - - - - -] OVN reports status down for port: f1892868-40cc-49c7-b346-d8c905381be5
2026-08-10 11:45:38.544 7 INFO neutron.db.ovn_revision_numbers_db [None req-fa1c3093-f87a-45a8-91af-090313489273 13f6ea18abd44b398eed95c959f3030e 76e8fd8ea3cd4bc9b5f4eadb56f9665b - - default default] Successfully bumped revision number for resource f1892868-40cc-49c7-b346-d8c905381be5 (type: ports) to 1 [pid: 7|app: 0|req: 818/1654] 10.0.0.232 () {34 vars in 671 bytes} [Mon Aug 10 11:45:37 2026] POST /v2.0/networks => generated 781 bytes in 746 msecs (HTTP/1.1 201) 4 headers in 162 bytes (1 switches on core 0)
2026-08-10 11:45:38.588 7 WARNING neutron.api.v2.base [None req-32508b84-2b37-49da-a91a-1e752b4a71e4 8a46dc21e48c49938432556355d550c1 f40af65e7f2b4cc0bf9ec8cfcb7f7ea6 - - default default] An exception happened while processing the request body. The exception message is [Invalid input for target_tenant. Reason: 'None' is not a valid string.].: webob.exc.HTTPBadRequest: Invalid input for target_tenant. Reason: 'None' is not a valid string.
2026-08-10 11:45:38.589 7 INFO neutron.api.v2.resource [None req-32508b84-2b37-49da-a91a-1e752b4a71e4 8a46dc21e48c49938432556355d550c1 f40af65e7f2b4cc0bf9ec8cfcb7f7ea6 - - default default] create failed (client error): Invalid input for target_tenant. Reason: 'None' is not a valid string. [pid: 7|app: 0|req: 819/1655] 10.0.0.232 () {34 vars in 681 bytes} [Mon Aug 10 11:45:38 2026] POST /v2.0/rbac-policies => generated 143 bytes in 15 msecs (HTTP/1.1 400) 4 headers in 166 bytes (1 switches on core 0)
2026-08-10 11:45:38.730 7 INFO neutron_taas.services.taas.taas_plugin [None req-1b832c7d-8821-4c33-92c8-552f44709434 cd7bb533c14f41c88abacf520d105c59 698d0edeca8d40d9a99a49e5990a54e6 - - default default] TaaS: Handle Delete Port: 2e7211a1-ae40-4b47-a458-c8a16e722912
2026-08-10 11:45:38.732 7 INFO neutron_taas.services.taas.tap_mirror_plugin [None req-1b832c7d-8821-4c33-92c8-552f44709434 cd7bb533c14f41c88abacf520d105c59 698d0edeca8d40d9a99a49e5990a54e6 - - default default] Tap Mirror: Handle Delete Port: 2e7211a1-ae40-4b47-a458-c8a16e722912
2026-08-10 11:45:38.850 8 INFO neutron.db.ovn_revision_numbers_db [None req-2df501b4-f43e-4e76-87a1-6b0e9d39ed1c - - - - - -] Successfully bumped revision number for resource 06507db8-7438-4e5e-ba1e-50635b45d4af (type: ports) to 2
2026-08-10 11:45:38.887 8 INFO neutron.db.ovn_revision_numbers_db [None req-2df501b4-f43e-4e76-87a1-6b0e9d39ed1c - - - - - -] Successfully bumped revision number for resource e74350c3-65b4-47e4-ac2d-18221f7bd5bb (type: subnets) to 0 [pid: 8|app: 0|req: 837/1656] 10.0.0.232 () {34 vars in 669 bytes} [Mon Aug 10 11:45:38 2026] POST /v2.0/subnets => generated 688 bytes in 666 msecs (HTTP/1.1 201) 4 headers in 162 bytes (1 switches on core 0) [pid: 7|app: 0|req: 820/1657] 10.0.0.232 () {32 vars in 720 bytes} [Mon Aug 10 11:45:38 2026] DELETE /v2.0/ports/2e7211a1-ae40-4b47-a458-c8a16e722912 => generated 0 bytes in 351 msecs (HTTP/1.1 204) 3 headers in 131 bytes (1 switches on core 0)
2026-08-10 11:45:39.035 8 WARNING neutron.scheduler.dhcp_agent_scheduler [None req-a376f5a8-b4e4-47b4-8d5f-86872a1b6b74 13f6ea18abd44b398eed95c959f3030e 76e8fd8ea3cd4bc9b5f4eadb56f9665b - - default default] No more DHCP agents
2026-08-10 11:45:39.036 8 WARNING neutron.api.rpc.agentnotifiers.dhcp_rpc_agent_api [None req-a376f5a8-b4e4-47b4-8d5f-86872a1b6b74 13f6ea18abd44b398eed95c959f3030e 76e8fd8ea3cd4bc9b5f4eadb56f9665b - - default default] Unable to schedule network 814e8693-bb5b-46e4-9d18-b5e35425e29e: no agents available; will retry on subsequent port and subnet creation events.
2026-08-10 11:45:39.067 7 INFO neutron_taas.services.taas.taas_plugin [None req-95aafcce-be20-40d4-8c7b-9be0dfaa9cc9 8a46dc21e48c49938432556355d550c1 f40af65e7f2b4cc0bf9ec8cfcb7f7ea6 - - default default] TaaS: Handle Delete Port: d2001e7c-58b2-4f22-a37c-a98bc396a83a
2026-08-10 11:45:39.070 7 INFO neutron_taas.services.taas.tap_mirror_plugin [None req-95aafcce-be20-40d4-8c7b-9be0dfaa9cc9 8a46dc21e48c49938432556355d550c1 f40af65e7f2b4cc0bf9ec8cfcb7f7ea6 - - default default] Tap Mirror: Handle Delete Port: d2001e7c-58b2-4f22-a37c-a98bc396a83a
2026-08-10 11:45:39.355 7 INFO neutron.services.segments.plugin [-] Segment a766a145-fa52-45d7-8c5c-8aa8147c93de resource provider aggregate not found
2026-08-10 11:45:39.357 7 INFO neutron.services.segments.plugin [-] Segment a766a145-fa52-45d7-8c5c-8aa8147c93de resource provider aggregate not found
2026-08-10 11:45:39.372 7 INFO neutron.services.segments.plugin [-] Client error retrieving segment a766a145-fa52-45d7-8c5c-8aa8147c93de resource provider; error: Placement Client Error (4xx): {"errors": [{"status": 404, "title": "Not Found", "detail": "The resource could not be found.\n\n No resource provider with uuid a766a145-fa52-45d7-8c5c-8aa8147c93de found for delete ", "request_id": "req-3d9698f9-1ac5-4fe2-983a-46770e6faee7"}]}
2026-08-10 11:45:39.383 7 INFO neutron.services.segments.plugin [-] Client error retrieving segment a766a145-fa52-45d7-8c5c-8aa8147c93de resource provider; error: Placement Client Error (4xx): {"errors": [{"status": 404, "title": "Not Found", "detail": "The resource could not be found.\n\n No resource provider with uuid a766a145-fa52-45d7-8c5c-8aa8147c93de found for delete ", "request_id": "req-5b12df25-e27d-454a-8318-107f4b62304b"}]} [pid: 7|app: 0|req: 821/1658] 10.0.0.232 () {32 vars in 726 bytes} [Mon Aug 10 11:45:38 2026] DELETE /v2.0/networks/1b81cefc-5b5c-47a7-b84a-fc413543e61c => generated 0 bytes in 494 msecs (HTTP/1.1 204) 3 headers in 131 bytes (1 switches on core 0)
2026-08-10 11:45:39.452 8 INFO neutron.db.ovn_revision_numbers_db [None req-3028baf8-13dd-469b-b3f0-a55298385858 - - - - - -] Successfully bumped revision number for resource f1892868-40cc-49c7-b346-d8c905381be5 (type: ports) to 2
2026-08-10 11:45:39.482 8 INFO neutron.db.ovn_revision_numbers_db [None req-3028baf8-13dd-469b-b3f0-a55298385858 - - - - - -] Successfully bumped revision number for resource fb48fde7-ed20-4cf1-92c6-4fe18bde467c (type: subnets) to 0 [pid: 8|app: 0|req: 838/1659] 10.0.0.232 () {34 vars in 669 bytes} [Mon Aug 10 11:45:38 2026] POST /v2.0/subnets => generated 687 bytes in 596 msecs (HTTP/1.1 201) 4 headers in 162 bytes (1 switches on core 0)
2026-08-10 11:45:39.517 8 INFO neutron.pecan_wsgi.hooks.translation [None req-10d81345-9956-4df5-84d3-85a3fbbe0410 cd7bb533c14f41c88abacf520d105c59 698d0edeca8d40d9a99a49e5990a54e6 - - default default] GET failed (client error): The resource could not be found. [pid: 8|app: 0|req: 839/1660] 10.0.0.232 () {32 vars in 717 bytes} [Mon Aug 10 11:45:39 2026] GET /v2.0/ports/2e7211a1-ae40-4b47-a458-c8a16e722912 => generated 132 bytes in 18 msecs (HTTP/1.1 404) 4 headers in 164 bytes (1 switches on core 0)
2026-08-10 11:45:39.595 8 INFO neutron.db.segments_db [None req-4c447284-7c3e-49c6-bd6e-8439be3862c7 8a46dc21e48c49938432556355d550c1 f40af65e7f2b4cc0bf9ec8cfcb7f7ea6 - - default default] Added segment 84b39331-47f2-45ed-9aea-e9f954d230b2 of type geneve for network 2fe18134-659e-4cd2-b1fd-d58a8f22942b
2026-08-10 11:45:39.727 8 INFO neutron.db.ovn_revision_numbers_db [None req-4c447284-7c3e-49c6-bd6e-8439be3862c7 8a46dc21e48c49938432556355d550c1 f40af65e7f2b4cc0bf9ec8cfcb7f7ea6 - - default default] Successfully bumped revision number for resource 2fe18134-659e-4cd2-b1fd-d58a8f22942b (type: networks) to 1
2026-08-10 11:45:39.837 7 WARNING neutron.scheduler.dhcp_agent_scheduler [None req-e4fc18cd-a5c0-4c53-87c9-cfd557caac34 13f6ea18abd44b398eed95c959f3030e 76e8fd8ea3cd4bc9b5f4eadb56f9665b - - default default] No more DHCP agents
2026-08-10 11:45:39.838 7 WARNING neutron.api.rpc.agentnotifiers.dhcp_rpc_agent_api [None req-e4fc18cd-a5c0-4c53-87c9-cfd557caac34 13f6ea18abd44b398eed95c959f3030e 76e8fd8ea3cd4bc9b5f4eadb56f9665b - - default default] Unable to schedule network c58c2cd0-ddee-457e-b790-4c8afffb8de1: no agents available; will retry on subsequent port and subnet creation events.
2026-08-10 11:45:39.889 8 WARNING neutron.scheduler.dhcp_agent_scheduler [None req-4c447284-7c3e-49c6-bd6e-8439be3862c7 8a46dc21e48c49938432556355d550c1 f40af65e7f2b4cc0bf9ec8cfcb7f7ea6 - - default default] No more DHCP agents
2026-08-10 11:45:39.891 8 WARNING neutron.api.rpc.agentnotifiers.dhcp_rpc_agent_api [None req-4c447284-7c3e-49c6-bd6e-8439be3862c7 8a46dc21e48c49938432556355d550c1 f40af65e7f2b4cc0bf9ec8cfcb7f7ea6 - - default default] Unable to schedule network 2fe18134-659e-4cd2-b1fd-d58a8f22942b: no agents available; will retry on subsequent port and subnet creation events.
2026-08-10 11:45:39.951 7 INFO neutron.plugins.ml2.drivers.ovn.mech_driver.mech_driver [None req-2d4fb79a-412d-48ac-b1c9-ecc0b6a8d72c - - - - - -] OVN reports status down for port: 4e0757d5-fbbe-4db3-bf47-1eb50048ca88
2026-08-10 11:45:39.980 8 INFO neutron.db.ovn_revision_numbers_db [None req-4c447284-7c3e-49c6-bd6e-8439be3862c7 8a46dc21e48c49938432556355d550c1 f40af65e7f2b4cc0bf9ec8cfcb7f7ea6 - - default default] Successfully bumped revision number for resource 4e0757d5-fbbe-4db3-bf47-1eb50048ca88 (type: ports) to 1
2026-08-10 11:45:39.987 8 INFO neutron.plugins.ml2.drivers.ovn.mech_driver.mech_driver [None req-d1c1c59b-72f2-4f73-875b-b70b6e6e0871 - - - - - -] OVN reports status down for port: 9e7af18b-2e99-4f55-8478-2b001dacb4aa [pid: 8|app: 0|req: 840/1661] 10.0.0.232 () {34 vars in 670 bytes} [Mon Aug 10 11:45:39 2026] POST /v2.0/networks => generated 766 bytes in 508 msecs (HTTP/1.1 201) 4 headers in 162 bytes (1 switches on core 0)
2026-08-10 11:45:40.044 7 INFO neutron.db.ovn_revision_numbers_db [None req-e4fc18cd-a5c0-4c53-87c9-cfd557caac34 13f6ea18abd44b398eed95c959f3030e 76e8fd8ea3cd4bc9b5f4eadb56f9665b - - default default] Successfully bumped revision number for resource 9e7af18b-2e99-4f55-8478-2b001dacb4aa (type: ports) to 1
2026-08-10 11:45:40.441 8 WARNING neutron.scheduler.dhcp_agent_scheduler [None req-f73302f4-274a-48ec-99be-825b37b2fa8c 13f6ea18abd44b398eed95c959f3030e 76e8fd8ea3cd4bc9b5f4eadb56f9665b - - default default] No more DHCP agents
2026-08-10 11:45:40.443 8 WARNING neutron.api.rpc.agentnotifiers.dhcp_rpc_agent_api [None req-f73302f4-274a-48ec-99be-825b37b2fa8c 13f6ea18abd44b398eed95c959f3030e 76e8fd8ea3cd4bc9b5f4eadb56f9665b - - default default] Unable to schedule network c58c2cd0-ddee-457e-b790-4c8afffb8de1: no agents available; will retry on subsequent port and subnet creation events.
2026-08-10 11:45:40.567 8 INFO neutron.db.ovn_revision_numbers_db [None req-f73302f4-274a-48ec-99be-825b37b2fa8c 13f6ea18abd44b398eed95c959f3030e 76e8fd8ea3cd4bc9b5f4eadb56f9665b - - default default] Successfully bumped revision number for resource b1a86d3a-8843-4ff7-a78f-711e15371285 (type: ports) to 1
2026-08-10 11:45:40.570 7 INFO neutron.plugins.ml2.drivers.ovn.mech_driver.mech_driver [None req-2d4fb79a-412d-48ac-b1c9-ecc0b6a8d72c - - - - - -] OVN reports status down for port: b1a86d3a-8843-4ff7-a78f-711e15371285
2026-08-10 11:45:40.732 7 INFO neutron.plugins.ml2.drivers.ovn.mech_driver.ovsdb.commands [None req-9c29be5f-54a6-4e34-a75d-b16302278bb3 - - - - - -] Schedule LRP lrp-9e7af18b-2e99-4f55-8478-2b001dacb4aa on gateway 2f700483-9ec4-46a2-b292-f7f1e07e86f7 with priority 1
2026-08-10 11:45:40.801 7 INFO neutron.db.ovn_revision_numbers_db [None req-e4fc18cd-a5c0-4c53-87c9-cfd557caac34 13f6ea18abd44b398eed95c959f3030e 76e8fd8ea3cd4bc9b5f4eadb56f9665b - - default default] Successfully bumped revision number for resource 9e7af18b-2e99-4f55-8478-2b001dacb4aa (type: router_ports) to 1
2026-08-10 11:45:40.826 8 INFO neutron.plugins.ml2.drivers.ovn.mech_driver.ovsdb.ovsdb_monitor [None req-f5a96ddf-3e22-48b6-baab-b2361fdfa4db - - - - - -] Router 560f2378-e028-4da0-b275-553e9eac226b is bound to host instance
2026-08-10 11:45:40.831 8 INFO neutron.plugins.ml2.drivers.ovn.mech_driver.mech_driver [None req-d1c1c59b-72f2-4f73-875b-b70b6e6e0871 - - - - - -] OVN reports status up for port: 9e7af18b-2e99-4f55-8478-2b001dacb4aa
2026-08-10 11:45:40.867 7 INFO neutron.db.ovn_revision_numbers_db [None req-e4fc18cd-a5c0-4c53-87c9-cfd557caac34 13f6ea18abd44b398eed95c959f3030e 76e8fd8ea3cd4bc9b5f4eadb56f9665b - - default default] Successfully bumped revision number for resource 560f2378-e028-4da0-b275-553e9eac226b (type: routers) to 2
2026-08-10 11:45:40.876 8 INFO neutron.plugins.ml2.plugin [None req-d1c1c59b-72f2-4f73-875b-b70b6e6e0871 - - - - - -] Attempt 1 to provision port 9e7af18b-2e99-4f55-8478-2b001dacb4aa [pid: 7|app: 0|req: 822/1662] 10.0.0.232 () {34 vars in 669 bytes} [Mon Aug 10 11:45:39 2026] POST /v2.0/routers => generated 966 bytes in 1450 msecs (HTTP/1.1 201) 4 headers in 162 bytes (1 switches on core 0) [pid: 7|app: 0|req: 823/1663] 10.0.0.232 () {32 vars in 724 bytes} [Mon Aug 10 11:45:40 2026] DELETE /v2.0/subnets/f85b709e-12e1-424e-b6b8-c3bca01e649f => generated 0 bytes in 176 msecs (HTTP/1.1 204) 3 headers in 131 bytes (1 switches on core 0)
2026-08-10 11:45:41.193 7 WARNING neutron.scheduler.dhcp_agent_scheduler [None req-42651bcd-898a-498b-b10f-d989f9f83091 8a46dc21e48c49938432556355d550c1 f40af65e7f2b4cc0bf9ec8cfcb7f7ea6 - - default default] No more DHCP agents
2026-08-10 11:45:41.194 7 WARNING neutron.api.rpc.agentnotifiers.dhcp_rpc_agent_api [None req-42651bcd-898a-498b-b10f-d989f9f83091 8a46dc21e48c49938432556355d550c1 f40af65e7f2b4cc0bf9ec8cfcb7f7ea6 - - default default] Unable to schedule network 2fe18134-659e-4cd2-b1fd-d58a8f22942b: no agents available; will retry on subsequent port and subnet creation events.
2026-08-10 11:45:41.583 7 INFO neutron.db.ovn_revision_numbers_db [None req-aebe7869-56aa-4638-81cb-523934db846b - - - - - -] Successfully bumped revision number for resource 4e0757d5-fbbe-4db3-bf47-1eb50048ca88 (type: ports) to 2
2026-08-10 11:45:41.590 8 INFO neutron.plugins.ml2.drivers.ovn.mech_driver.ovsdb.commands [None req-4b7f3ecb-bff2-4db5-9637-7edc0eaa8138 - - - - - -] Schedule LRP lrp-b1a86d3a-8843-4ff7-a78f-711e15371285 on gateway 2f700483-9ec4-46a2-b292-f7f1e07e86f7 with priority 1
2026-08-10 11:45:41.648 7 INFO neutron.plugins.ml2.drivers.ovn.mech_driver.mech_driver [None req-2d4fb79a-412d-48ac-b1c9-ecc0b6a8d72c - - - - - -] OVN reports status up for port: b1a86d3a-8843-4ff7-a78f-711e15371285
2026-08-10 11:45:41.654 7 INFO neutron.db.ovn_revision_numbers_db [None req-aebe7869-56aa-4638-81cb-523934db846b - - - - - -] Successfully bumped revision number for resource 4fb95638-8f09-412a-9821-00cc1fc03c01 (type: subnets) to 0
2026-08-10 11:45:41.670 7 INFO neutron.plugins.ml2.plugin [None req-2d4fb79a-412d-48ac-b1c9-ecc0b6a8d72c - - - - - -] Attempt 1 to provision port b1a86d3a-8843-4ff7-a78f-711e15371285 [pid: 7|app: 0|req: 824/1664] 10.0.0.232 () {34 vars in 669 bytes} [Mon Aug 10 11:45:41 2026] POST /v2.0/subnets => generated 647 bytes in 627 msecs (HTTP/1.1 201) 4 headers in 162 bytes (1 switches on core 0)
2026-08-10 11:45:41.715 8 INFO neutron.db.ovn_revision_numbers_db [None req-f73302f4-274a-48ec-99be-825b37b2fa8c 13f6ea18abd44b398eed95c959f3030e 76e8fd8ea3cd4bc9b5f4eadb56f9665b - - default default] Successfully bumped revision number for resource b1a86d3a-8843-4ff7-a78f-711e15371285 (type: router_ports) to 1
2026-08-10 11:45:41.824 8 INFO neutron.db.ovn_revision_numbers_db [None req-f73302f4-274a-48ec-99be-825b37b2fa8c 13f6ea18abd44b398eed95c959f3030e 76e8fd8ea3cd4bc9b5f4eadb56f9665b - - default default] Successfully bumped revision number for resource 5794d607-4688-467c-a8cd-2132da4cbd48 (type: routers) to 2 [pid: 8|app: 0|req: 841/1665] 10.0.0.232 () {34 vars in 669 bytes} [Mon Aug 10 11:45:40 2026] POST /v2.0/routers => generated 965 bytes in 1824 msecs (HTTP/1.1 201) 4 headers in 162 bytes (1 switches on core 0)
2026-08-10 11:45:42.055 8 INFO neutron_taas.services.taas.taas_plugin [None req-bdb9164b-b21c-4c81-abbd-12195412753d cd7bb533c14f41c88abacf520d105c59 698d0edeca8d40d9a99a49e5990a54e6 - - default default] TaaS: Handle Delete Port: c2e16367-972f-4748-bf7a-f7baa5b76f70
2026-08-10 11:45:42.059 8 INFO neutron_taas.services.taas.tap_mirror_plugin [None req-bdb9164b-b21c-4c81-abbd-12195412753d cd7bb533c14f41c88abacf520d105c59 698d0edeca8d40d9a99a49e5990a54e6 - - default default] Tap Mirror: Handle Delete Port: c2e16367-972f-4748-bf7a-f7baa5b76f70
2026-08-10 11:45:42.169 7 WARNING neutron.scheduler.dhcp_agent_scheduler [None req-92af6d1e-e438-4fe3-8a23-7478f6ec3d2a 13f6ea18abd44b398eed95c959f3030e 76e8fd8ea3cd4bc9b5f4eadb56f9665b - - default default] No more DHCP agents
