Aug 12 00:57:16.141336 np0000188801 devstack@neutron-api.service[102079]: DEBUG neutron.api.extensions [None req-a2adbade-f123-4afd-b7c2-57ba52d1ac31 None None] get_extension_paths = OrderedDict({'/opt/stack/neutron/neutron/extensions': 1}) {{(pid=102079) get_extensions_path /opt/stack/neutron/neutron/api/extensions.py:640}}
Aug 12 00:57:16.141336 np0000188801 devstack@neutron-api.service[102079]: INFO neutron.api.extensions [None req-a2adbade-f123-4afd-b7c2-57ba52d1ac31 None None] Initializing extension manager.
Aug 12 00:57:16.145048 np0000188801 devstack@neutron-api.service[102079]: DEBUG neutron.api.extensions [None req-a2adbade-f123-4afd-b7c2-57ba52d1ac31 None None] Loading extension file: __init__.py {{(pid=102079) _load_all_extensions_from_path /opt/stack/neutron/neutron/api/extensions.py:449}}
Aug 12 00:57:16.145048 np0000188801 devstack@neutron-api.service[102079]: DEBUG neutron.api.extensions [None req-a2adbade-f123-4afd-b7c2-57ba52d1ac31 None None] Loading extension file: __pycache__ {{(pid=102079) _load_all_extensions_from_path /opt/stack/neutron/neutron/api/extensions.py:449}}
Aug 12 00:57:16.145048 np0000188801 devstack@neutron-api.service[102079]: DEBUG neutron.api.extensions [None req-a2adbade-f123-4afd-b7c2-57ba52d1ac31 None None] Loading extension file: aap_reject_multicast.py {{(pid=102079) _load_all_extensions_from_path /opt/stack/neutron/neutron/api/extensions.py:449}}
Aug 12 00:57:16.145048 np0000188801 devstack@neutron-api.service[102079]: DEBUG neutron.api.extensions [None req-a2adbade-f123-4afd-b7c2-57ba52d1ac31 None None] Ext name="Allowed address pairs reject multicast extension" alias="aap-reject-multicast" description="Reject multicast addresses in Allowed Address Pairs" updated="2026-04-01T00:00:00-00:00" {{(pid=102079) _check_extension /opt/stack/neutron/neutron/api/extensions.py:415}}
Aug 12 00:57:16.145048 np0000188801 devstack@neutron-api.service[102079]: INFO neutron.api.extensions [None req-a2adbade-f123-4afd-b7c2-57ba52d1ac31 None None] Extension aap-reject-multicast not supported by any of loaded plugins
Aug 12 00:57:16.145048 np0000188801 devstack@neutron-api.service[102079]: DEBUG neutron.api.extensions [None req-a2adbade-f123-4afd-b7c2-57ba52d1ac31 None None] Loading extension file: address_group.py {{(pid=102079) _load_all_extensions_from_path /opt/stack/neutron/neutron/api/extensions.py:449}}
Aug 12 00:57:16.145048 np0000188801 devstack@neutron-api.service[102079]: DEBUG neutron.api.extensions [None req-a2adbade-f123-4afd-b7c2-57ba52d1ac31 None None] Ext name="Address group" alias="address-group" description="Support address group" updated="2020-07-15T10:00:00-00:00" {{(pid=102079) _check_extension /opt/stack/neutron/neutron/api/extensions.py:415}}
Aug 12 00:57:16.145794 np0000188801 devstack@neutron-api.service[102079]: INFO neutron.api.extensions [None req-a2adbade-f123-4afd-b7c2-57ba52d1ac31 None None] Loaded extension: address-group
Aug 12 00:57:16.145794 np0000188801 devstack@neutron-api.service[102079]: DEBUG neutron.api.extensions [None req-a2adbade-f123-4afd-b7c2-57ba52d1ac31 None None] Loading extension file: address_scope.py {{(pid=102079) _load_all_extensions_from_path /opt/stack/neutron/neutron/api/extensions.py:449}}
Aug 12 00:57:16.145794 np0000188801 devstack@neutron-api.service[102079]: DEBUG neutron.api.extensions [None req-a2adbade-f123-4afd-b7c2-57ba52d1ac31 None None] Ext name="Address scope" alias="address-scope" description="Address scopes extension." updated="2015-07-26T10:00:00-00:00" {{(pid=102079) _check_extension /opt/stack/neutron/neutron/api/extensions.py:415}}
Aug 12 00:57:16.145794 np0000188801 devstack@neutron-api.service[102079]: INFO neutron.api.extensions [None req-a2adbade-f123-4afd-b7c2-57ba52d1ac31 None None] Loaded extension: address-scope
Aug 12 00:57:16.145794 np0000188801 devstack@neutron-api.service[102079]: DEBUG neutron.api.extensions [None req-a2adbade-f123-4afd-b7c2-57ba52d1ac31 None None] Loading extension file: admin_state_down_before_update.py {{(pid=102079) _load_all_extensions_from_path /opt/stack/neutron/neutron/api/extensions.py:449}}
Aug 12 00:57:16.145794 np0000188801 devstack@neutron-api.service[102079]: DEBUG neutron.api.extensions [None req-a2adbade-f123-4afd-b7c2-57ba52d1ac31 None None] Ext name="Enforce Router's Admin State Down Before Update Extension" alias="router-admin-state-down-before-update" description="Ensure that the admin state of a router is DOWN (admin_state_up=False) before updating the distributed attribute" updated="2019-07-02T15:56:00" {{(pid=102079) _check_extension /opt/stack/neutron/neutron/api/extensions.py:415}}
Aug 12 00:57:16.145794 np0000188801 devstack@neutron-api.service[102079]: INFO neutron.api.extensions [None req-a2adbade-f123-4afd-b7c2-57ba52d1ac31 None None] Extension router-admin-state-down-before-update not supported by any of loaded plugins
Aug 12 00:57:16.146668 np0000188801 devstack@neutron-api.service[102077]: DEBUG neutron.services.provider_configuration [None req-a6288ee6-5301-411b-bef7-48c07840f5ba None None] Service providers = [] {{(pid=102077) parse_service_provider_opt /opt/stack/neutron/neutron/services/provider_configuration.py:170}}
Aug 12 00:57:16.147254 np0000188801 devstack@neutron-api.service[102079]: DEBUG neutron.api.extensions [None req-a2adbade-f123-4afd-b7c2-57ba52d1ac31 None None] Loading extension file: agent.py {{(pid=102079) _load_all_extensions_from_path /opt/stack/neutron/neutron/api/extensions.py:449}}
Aug 12 00:57:16.147813 np0000188801 devstack@neutron-api.service[102077]: DEBUG neutron.db.servicetype_db [None req-a6288ee6-5301-411b-bef7-48c07840f5ba None None] Adding provider configuration for service L3_ROUTER_NAT {{(pid=102077) add_provider_configuration /opt/stack/neutron/neutron/db/servicetype_db.py:45}}
Aug 12 00:57:16.148227 np0000188801 devstack@neutron-api.service[102079]: DEBUG neutron.api.extensions [None req-a2adbade-f123-4afd-b7c2-57ba52d1ac31 None None] Ext name="agent" alias="agent" description="The agent management extension." updated="2013-02-03T10:00:00-00:00" {{(pid=102079) _check_extension /opt/stack/neutron/neutron/api/extensions.py:415}}
Aug 12 00:57:16.148227 np0000188801 devstack@neutron-api.service[102079]: INFO neutron.api.extensions [None req-a2adbade-f123-4afd-b7c2-57ba52d1ac31 None None] Loaded extension: agent
Aug 12 00:57:16.148227 np0000188801 devstack@neutron-api.service[102079]: DEBUG neutron.api.extensions [None req-a2adbade-f123-4afd-b7c2-57ba52d1ac31 None None] Loading extension file: agent_resources_synced.py {{(pid=102079) _load_all_extensions_from_path /opt/stack/neutron/neutron/api/extensions.py:449}}
Aug 12 00:57:16.148227 np0000188801 devstack@neutron-api.service[102079]: DEBUG neutron.api.extensions [None req-a2adbade-f123-4afd-b7c2-57ba52d1ac31 None None] Ext name="Agent's Resource View Synced to Placement" alias="agent-resources-synced" description="Stores success/failure of last sync to Placement" updated="2018-12-19T00:00:00-00:00" {{(pid=102079) _check_extension /opt/stack/neutron/neutron/api/extensions.py:415}}
Aug 12 00:57:16.148227 np0000188801 devstack@neutron-api.service[102079]: INFO neutron.api.extensions [None req-a2adbade-f123-4afd-b7c2-57ba52d1ac31 None None] Extension agent-resources-synced not supported by any of loaded plugins
Aug 12 00:57:16.148227 np0000188801 devstack@neutron-api.service[102079]: DEBUG neutron.api.extensions [None req-a2adbade-f123-4afd-b7c2-57ba52d1ac31 None None] Loading extension file: agent_sort_key.py {{(pid=102079) _load_all_extensions_from_path /opt/stack/neutron/neutron/api/extensions.py:449}}
Aug 12 00:57:16.148227 np0000188801 devstack@neutron-api.service[102079]: DEBUG neutron.api.extensions [None req-a2adbade-f123-4afd-b7c2-57ba52d1ac31 None None] Ext name="Agents Sort Key" alias="agent_sort_key" description="Enabling the keyword sort_key for sorting in agents." updated="2013-02-03T10:00:00-00:00" {{(pid=102079) _check_extension /opt/stack/neutron/neutron/api/extensions.py:415}}
Aug 12 00:57:16.148687 np0000188801 devstack@neutron-api.service[102079]: INFO neutron.api.extensions [None req-a2adbade-f123-4afd-b7c2-57ba52d1ac31 None None] Extension agent_sort_key not supported by any of loaded plugins
Aug 12 00:57:16.148687 np0000188801 devstack@neutron-api.service[102079]: DEBUG neutron.api.extensions [None req-a2adbade-f123-4afd-b7c2-57ba52d1ac31 None None] Loading extension file: allowedaddresspairs.py {{(pid=102079) _load_all_extensions_from_path /opt/stack/neutron/neutron/api/extensions.py:449}}
Aug 12 00:57:16.148956 np0000188801 devstack@neutron-api.service[102078]: DEBUG neutron_lib.callbacks.manager [None req-f7498a6f-7082-4d77-8dd0-8cf6f5b75c52 None None] Subscribe: > router before_delete 55550000, False {{(pid=102078) subscribe /opt/stack/data/venv/lib/python3.12/site-packages/neutron_lib/callbacks/manager.py:52}}
Aug 12 00:57:16.148956 np0000188801 devstack@neutron-api.service[102078]: DEBUG neutron_lib.callbacks.manager [None req-f7498a6f-7082-4d77-8dd0-8cf6f5b75c52 None None] Subscribe: port before_update 55550000, False {{(pid=102078) subscribe /opt/stack/data/venv/lib/python3.12/site-packages/neutron_lib/callbacks/manager.py:52}}
Aug 12 00:57:16.148956 np0000188801 devstack@neutron-api.service[102078]: DEBUG neutron_lib.callbacks.manager [None req-f7498a6f-7082-4d77-8dd0-8cf6f5b75c52 None None] Subscribe: port after_update 55550000, False {{(pid=102078) subscribe /opt/stack/data/venv/lib/python3.12/site-packages/neutron_lib/callbacks/manager.py:52}}
Aug 12 00:57:16.149367 np0000188801 devstack@neutron-api.service[102077]: DEBUG neutron_lib.callbacks.manager [None req-a6288ee6-5301-411b-bef7-48c07840f5ba None None] Subscribe: > router precommit_create 55549900, False {{(pid=102077) subscribe /opt/stack/data/venv/lib/python3.12/site-packages/neutron_lib/callbacks/manager.py:52}}
Aug 12 00:57:16.149500 np0000188801 devstack@neutron-api.service[102078]: DEBUG neutron_lib.callbacks.manager [None req-f7498a6f-7082-4d77-8dd0-8cf6f5b75c52 None None] Subscribe: > port precommit_delete 55550000, False {{(pid=102078) subscribe /opt/stack/data/venv/lib/python3.12/site-packages/neutron_lib/callbacks/manager.py:52}}
Aug 12 00:57:16.149500 np0000188801 devstack@neutron-api.service[102078]: DEBUG neutron_lib.callbacks.manager [None req-f7498a6f-7082-4d77-8dd0-8cf6f5b75c52 None None] Subscribe: port before_update 55550000, False {{(pid=102078) subscribe /opt/stack/data/venv/lib/python3.12/site-packages/neutron_lib/callbacks/manager.py:52}}
Aug 12 00:57:16.149645 np0000188801 devstack@neutron-api.service[102077]: DEBUG neutron_lib.callbacks.manager [None req-a6288ee6-5301-411b-bef7-48c07840f5ba None None] Subscribe: > router_interface after_create 55550000, False {{(pid=102077) subscribe /opt/stack/data/venv/lib/python3.12/site-packages/neutron_lib/callbacks/manager.py:52}}
Aug 12 00:57:16.149756 np0000188801 devstack@neutron-api.service[102078]: DEBUG neutron_lib.callbacks.manager [None req-f7498a6f-7082-4d77-8dd0-8cf6f5b75c52 None None] Subscribe: port before_delete 55550000, False {{(pid=102078) subscribe /opt/stack/data/venv/lib/python3.12/site-packages/neutron_lib/callbacks/manager.py:52}}
Aug 12 00:57:16.149857 np0000188801 devstack@neutron-api.service[102079]: DEBUG neutron.api.extensions [None req-a2adbade-f123-4afd-b7c2-57ba52d1ac31 None None] Ext name="Allowed Address Pairs" alias="allowed-address-pairs" description="Provides allowed address pairs" updated="2013-07-23T10:00:00-00:00" {{(pid=102079) _check_extension /opt/stack/neutron/neutron/api/extensions.py:415}}
Aug 12 00:57:16.150014 np0000188801 devstack@neutron-api.service[102078]: DEBUG neutron_lib.callbacks.manager [None req-f7498a6f-7082-4d77-8dd0-8cf6f5b75c52 None None] Subscribe: > router precommit_create 55550000, False {{(pid=102078) subscribe /opt/stack/data/venv/lib/python3.12/site-packages/neutron_lib/callbacks/manager.py:52}}
Aug 12 00:57:16.150114 np0000188801 devstack@neutron-api.service[102077]: DEBUG neutron_lib.callbacks.manager [None req-a6288ee6-5301-411b-bef7-48c07840f5ba None None] Subscribe: > floatingip after_create 55550000, False {{(pid=102077) subscribe /opt/stack/data/venv/lib/python3.12/site-packages/neutron_lib/callbacks/manager.py:52}}
Aug 12 00:57:16.150212 np0000188801 devstack@neutron-api.service[102078]: DEBUG neutron_lib.callbacks.manager [None req-f7498a6f-7082-4d77-8dd0-8cf6f5b75c52 None None] Subscribe: > router precommit_create 55550000, False {{(pid=102078) subscribe /opt/stack/data/venv/lib/python3.12/site-packages/neutron_lib/callbacks/manager.py:52}}
Aug 12 00:57:16.150310 np0000188801 devstack@neutron-api.service[102079]: INFO neutron.api.extensions [None req-a2adbade-f123-4afd-b7c2-57ba52d1ac31 None None] Loaded extension: allowed-address-pairs
Aug 12 00:57:16.150411 np0000188801 devstack@neutron-api.service[102077]: DEBUG neutron_lib.callbacks.manager [None req-a6288ee6-5301-411b-bef7-48c07840f5ba None None] Subscribe: > floatingip precommit_create 55550000, False {{(pid=102077) subscribe /opt/stack/data/venv/lib/python3.12/site-packages/neutron_lib/callbacks/manager.py:52}}
Aug 12 00:57:16.150506 np0000188801 devstack@neutron-api.service[102079]: DEBUG neutron.api.extensions [None req-a2adbade-f123-4afd-b7c2-57ba52d1ac31 None None] Loading extension file: auto_allocated_topology.py {{(pid=102079) _load_all_extensions_from_path /opt/stack/neutron/neutron/api/extensions.py:449}}
Aug 12 00:57:16.152113 np0000188801 devstack@neutron-api.service[102078]: DEBUG neutron_lib.callbacks.manager [None req-f7498a6f-7082-4d77-8dd0-8cf6f5b75c52 None None] Subscribe: > router precommit_update 55550000, False {{(pid=102078) subscribe /opt/stack/data/venv/lib/python3.12/site-packages/neutron_lib/callbacks/manager.py:52}}
Aug 12 00:57:16.152113 np0000188801 devstack@neutron-api.service[102078]: DEBUG neutron_lib.callbacks.manager [None req-f7498a6f-7082-4d77-8dd0-8cf6f5b75c52 None None] Subscribe: subnet after_update 55550000, False {{(pid=102078) subscribe /opt/stack/data/venv/lib/python3.12/site-packages/neutron_lib/callbacks/manager.py:52}}
Aug 12 00:57:16.152232 np0000188801 devstack@neutron-api.service[102077]: DEBUG neutron_lib.callbacks.manager [None req-a6288ee6-5301-411b-bef7-48c07840f5ba None None] Subscribe: > floatingip precommit_update 55550000, False {{(pid=102077) subscribe /opt/stack/data/venv/lib/python3.12/site-packages/neutron_lib/callbacks/manager.py:52}}
Aug 12 00:57:16.152355 np0000188801 devstack@neutron-api.service[102079]: DEBUG neutron.api.extensions [None req-a2adbade-f123-4afd-b7c2-57ba52d1ac31 None None] Ext name="Auto Allocated Topology Services" alias="auto-allocated-topology" description="Auto Allocated Topology Services." updated="2016-01-01T00:00:00-00:00" {{(pid=102079) _check_extension /opt/stack/neutron/neutron/api/extensions.py:415}}
Aug 12 00:57:16.152448 np0000188801 devstack@neutron-api.service[102077]: DEBUG neutron_lib.callbacks.manager [None req-a6288ee6-5301-411b-bef7-48c07840f5ba None None] Subscribe: > floatingip after_delete 55550000, False {{(pid=102077) subscribe /opt/stack/data/venv/lib/python3.12/site-packages/neutron_lib/callbacks/manager.py:52}}
Aug 12 00:57:16.152553 np0000188801 devstack@neutron-api.service[102078]: DEBUG neutron.quota.resource_registry [None req-f7498a6f-7082-4d77-8dd0-8cf6f5b75c52 None None] Tracking information for resource: router configured {{(pid=102078) set_tracked_resource /opt/stack/neutron/neutron/quota/resource_registry.py:203}}
Aug 12 00:57:16.152553 np0000188801 devstack@neutron-api.service[102078]: DEBUG neutron.quota.resource_registry [None req-f7498a6f-7082-4d77-8dd0-8cf6f5b75c52 None None] Tracking information for resource: floatingip configured {{(pid=102078) set_tracked_resource /opt/stack/neutron/neutron/quota/resource_registry.py:203}}
Aug 12 00:57:16.152693 np0000188801 devstack@neutron-api.service[102079]: INFO neutron.api.extensions [None req-a2adbade-f123-4afd-b7c2-57ba52d1ac31 None None] Loaded extension: auto-allocated-topology
Aug 12 00:57:16.152845 np0000188801 devstack@neutron-api.service[102077]: DEBUG neutron_lib.callbacks.manager [None req-a6288ee6-5301-411b-bef7-48c07840f5ba None None] Subscribe: > floatingip after_status_update 55550000, False {{(pid=102077) subscribe /opt/stack/data/venv/lib/python3.12/site-packages/neutron_lib/callbacks/manager.py:52}}
Aug 12 00:57:16.152947 np0000188801 devstack@neutron-api.service[102078]: INFO neutron.services.ovn_l3.plugin [None req-f7498a6f-7082-4d77-8dd0-8cf6f5b75c52 None None] Starting OVNL3RouterPlugin
Aug 12 00:57:16.153044 np0000188801 devstack@neutron-api.service[102079]: DEBUG neutron.api.extensions [None req-a2adbade-f123-4afd-b7c2-57ba52d1ac31 None None] Loading extension file: availability_zone.py {{(pid=102079) _load_all_extensions_from_path /opt/stack/neutron/neutron/api/extensions.py:449}}
Aug 12 00:57:16.153140 np0000188801 devstack@neutron-api.service[102077]: DEBUG neutron_lib.callbacks.manager [None req-a6288ee6-5301-411b-bef7-48c07840f5ba None None] Subscribe: > floatingip after_update 55550000, False {{(pid=102077) subscribe /opt/stack/data/venv/lib/python3.12/site-packages/neutron_lib/callbacks/manager.py:52}}
Aug 12 00:57:16.153228 np0000188801 devstack@neutron-api.service[102078]: DEBUG neutron_lib.callbacks.manager [None req-f7498a6f-7082-4d77-8dd0-8cf6f5b75c52 None None] Subscribe: > port_forwarding_plugin after_init 55550000, False {{(pid=102078) subscribe /opt/stack/data/venv/lib/python3.12/site-packages/neutron_lib/callbacks/manager.py:52}}
Aug 12 00:57:16.153325 np0000188801 devstack@neutron-api.service[102077]: DEBUG neutron_lib.callbacks.manager [None req-a6288ee6-5301-411b-bef7-48c07840f5ba None None] Subscribe: > port_forwarding after_create 55550000, False {{(pid=102077) subscribe /opt/stack/data/venv/lib/python3.12/site-packages/neutron_lib/callbacks/manager.py:52}}
Aug 12 00:57:16.153412 np0000188801 devstack@neutron-api.service[102079]: DEBUG neutron.api.extensions [None req-a2adbade-f123-4afd-b7c2-57ba52d1ac31 None None] Ext name="Availability Zone" alias="availability_zone" description="The availability zone extension." updated="2015-01-01T10:00:00-00:00" {{(pid=102079) _check_extension /opt/stack/neutron/neutron/api/extensions.py:415}}
Aug 12 00:57:16.153471 np0000188801 devstack@neutron-api.service[102077]: DEBUG neutron_lib.callbacks.manager [None req-a6288ee6-5301-411b-bef7-48c07840f5ba None None] Subscribe: > router_interface after_delete 55550000, False {{(pid=102077) subscribe /opt/stack/data/venv/lib/python3.12/site-packages/neutron_lib/callbacks/manager.py:52}}
Aug 12 00:57:16.153529 np0000188801 devstack@neutron-api.service[102078]: DEBUG neutron_lib.callbacks.manager [None req-f7498a6f-7082-4d77-8dd0-8cf6f5b75c52 None None] Subscribe: > router before_create 55550100, False {{(pid=102078) subscribe /opt/stack/data/venv/lib/python3.12/site-packages/neutron_lib/callbacks/manager.py:52}}
Aug 12 00:57:16.153637 np0000188801 devstack@neutron-api.service[102079]: INFO neutron.api.extensions [None req-a2adbade-f123-4afd-b7c2-57ba52d1ac31 None None] Loaded extension: availability_zone
Aug 12 00:57:16.153637 np0000188801 devstack@neutron-api.service[102079]: DEBUG neutron.api.extensions [None req-a2adbade-f123-4afd-b7c2-57ba52d1ac31 None None] Loading extension file: availability_zone_filter.py {{(pid=102079) _load_all_extensions_from_path /opt/stack/neutron/neutron/api/extensions.py:449}}
Aug 12 00:57:16.153707 np0000188801 devstack@neutron-api.service[102077]: DEBUG neutron_lib.callbacks.manager [None req-a6288ee6-5301-411b-bef7-48c07840f5ba None None] Subscribe: > router after_create 55550000, False {{(pid=102077) subscribe /opt/stack/data/venv/lib/python3.12/site-packages/neutron_lib/callbacks/manager.py:52}}
Aug 12 00:57:16.153756 np0000188801 devstack@neutron-api.service[102078]: DEBUG neutron_lib.callbacks.manager [None req-f7498a6f-7082-4d77-8dd0-8cf6f5b75c52 None None] Subscribe: > router precommit_delete 55550100, False {{(pid=102078) subscribe /opt/stack/data/venv/lib/python3.12/site-packages/neutron_lib/callbacks/manager.py:52}}
Aug 12 00:57:16.153756 np0000188801 devstack@neutron-api.service[102078]: DEBUG neutron_lib.callbacks.manager [None req-f7498a6f-7082-4d77-8dd0-8cf6f5b75c52 None None] Subscribe: > router precommit_create 55550100, False {{(pid=102078) subscribe /opt/stack/data/venv/lib/python3.12/site-packages/neutron_lib/callbacks/manager.py:52}}
Aug 12 00:57:16.153836 np0000188801 devstack@neutron-api.service[102077]: DEBUG neutron_lib.callbacks.manager [None req-a6288ee6-5301-411b-bef7-48c07840f5ba None None] Subscribe: > router precommit_create 55550000, False {{(pid=102077) subscribe /opt/stack/data/venv/lib/python3.12/site-packages/neutron_lib/callbacks/manager.py:52}}
Aug 12 00:57:16.153887 np0000188801 devstack@neutron-api.service[102078]: DEBUG neutron_lib.callbacks.manager [None req-f7498a6f-7082-4d77-8dd0-8cf6f5b75c52 None None] Subscribe: > router precommit_update 55550100, False {{(pid=102078) subscribe /opt/stack/data/venv/lib/python3.12/site-packages/neutron_lib/callbacks/manager.py:52}}
Aug 12 00:57:16.153968 np0000188801 devstack@neutron-api.service[102077]: DEBUG neutron_lib.callbacks.manager [None req-a6288ee6-5301-411b-bef7-48c07840f5ba None None] Subscribe: > router after_delete 55550000, False {{(pid=102077) subscribe /opt/stack/data/venv/lib/python3.12/site-packages/neutron_lib/callbacks/manager.py:52}}
Aug 12 00:57:16.154039 np0000188801 devstack@neutron-api.service[102079]: DEBUG neutron.api.extensions [None req-a2adbade-f123-4afd-b7c2-57ba52d1ac31 None None] Ext name="Availability Zone Filter Extension" alias="availability_zone_filter" description="Add filter parameters to AvailabilityZone resource" updated="2018-06-22T10:00:00-00:00" {{(pid=102079) _check_extension /opt/stack/neutron/neutron/api/extensions.py:415}}
Aug 12 00:57:16.154090 np0000188801 devstack@neutron-api.service[102077]: DEBUG neutron_lib.callbacks.manager [None req-a6288ee6-5301-411b-bef7-48c07840f5ba None None] Subscribe: > router after_update 55550000, False {{(pid=102077) subscribe /opt/stack/data/venv/lib/python3.12/site-packages/neutron_lib/callbacks/manager.py:52}}
Aug 12 00:57:16.154139 np0000188801 devstack@neutron-api.service[102079]: INFO neutron.api.extensions [None req-a2adbade-f123-4afd-b7c2-57ba52d1ac31 None None] Extension availability_zone_filter not supported by any of loaded plugins
Aug 12 00:57:16.154139 np0000188801 devstack@neutron-api.service[102079]: DEBUG neutron.api.extensions [None req-a2adbade-f123-4afd-b7c2-57ba52d1ac31 None None] Loading extension file: data_plane_status.py {{(pid=102079) _load_all_extensions_from_path /opt/stack/neutron/neutron/api/extensions.py:449}}
Aug 12 00:57:16.154227 np0000188801 devstack@neutron-api.service[102077]: DEBUG neutron.services.service_base [None req-a6288ee6-5301-411b-bef7-48c07840f5ba None None] Loaded 'neutron.services.ovn_l3.service_providers.ovn.OvnDriver' provider for service L3_ROUTER_NAT {{(pid=102077) load_drivers /opt/stack/neutron/neutron/services/service_base.py:49}}
Aug 12 00:57:16.154227 np0000188801 devstack@neutron-api.service[102077]: DEBUG neutron_lib.callbacks.manager [None req-a6288ee6-5301-411b-bef7-48c07840f5ba None None] Subscribe: > process after_init 55550001, True {{(pid=102077) subscribe /opt/stack/data/venv/lib/python3.12/site-packages/neutron_lib/callbacks/manager.py:52}}
Aug 12 00:57:16.154301 np0000188801 devstack@neutron-api.service[102079]: DEBUG neutron.api.extensions [None req-a2adbade-f123-4afd-b7c2-57ba52d1ac31 None None] Ext name="Port data plane status extension" alias="data-plane-status" description="Expose status of underlying data plane" updated="2017-01-24T10:00:00-00:00" {{(pid=102079) _check_extension /opt/stack/neutron/neutron/api/extensions.py:415}}
Aug 12 00:57:16.154301 np0000188801 devstack@neutron-api.service[102079]: INFO neutron.api.extensions [None req-a2adbade-f123-4afd-b7c2-57ba52d1ac31 None None] Extension data-plane-status not supported by any of loaded plugins
Aug 12 00:57:16.154378 np0000188801 devstack@neutron-api.service[102077]: DEBUG neutron.manager [None req-a6288ee6-5301-411b-bef7-48c07840f5ba None None] Successfully loaded L3_ROUTER_NAT plugin. Description: L3 Router Service Plugin for basic L3 forwarding using OVN {{(pid=102077) _create_and_add_service_plugin /opt/stack/neutron/neutron/manager.py:236}}
Aug 12 00:57:16.154429 np0000188801 devstack@neutron-api.service[102079]: DEBUG neutron.api.extensions [None req-a2adbade-f123-4afd-b7c2-57ba52d1ac31 None None] Loading extension file: default_subnetpools.py {{(pid=102079) _load_all_extensions_from_path /opt/stack/neutron/neutron/api/extensions.py:449}}
Aug 12 00:57:16.154484 np0000188801 devstack@neutron-api.service[102077]: INFO neutron.manager [None req-a6288ee6-5301-411b-bef7-48c07840f5ba None None] Loading Plugin: auto_allocate
Aug 12 00:57:16.154531 np0000188801 devstack@neutron-api.service[102079]: DEBUG neutron.api.extensions [None req-a2adbade-f123-4afd-b7c2-57ba52d1ac31 None None] Ext name="Default Subnetpools" alias="default-subnetpools" description="Provides ability to mark and use a subnetpool as the default." updated="2016-02-18T18:00:00-00:00" {{(pid=102079) _check_extension /opt/stack/neutron/neutron/api/extensions.py:415}}
Aug 12 00:57:16.154531 np0000188801 devstack@neutron-api.service[102079]: INFO neutron.api.extensions [None req-a2adbade-f123-4afd-b7c2-57ba52d1ac31 None None] Loaded extension: default-subnetpools
Aug 12 00:57:16.154531 np0000188801 devstack@neutron-api.service[102079]: DEBUG neutron.api.extensions [None req-a2adbade-f123-4afd-b7c2-57ba52d1ac31 None None] Loading extension file: dhcpagentscheduler.py {{(pid=102079) _load_all_extensions_from_path /opt/stack/neutron/neutron/api/extensions.py:449}}
Aug 12 00:57:16.154531 np0000188801 devstack@neutron-api.service[102079]: DEBUG neutron.api.extensions [None req-a2adbade-f123-4afd-b7c2-57ba52d1ac31 None None] Ext name="DHCP Agent Scheduler" alias="dhcp_agent_scheduler" description="Schedule networks among dhcp agents" updated="2013-02-07T10:00:00-00:00" {{(pid=102079) _check_extension /opt/stack/neutron/neutron/api/extensions.py:415}}
Aug 12 00:57:16.154531 np0000188801 devstack@neutron-api.service[102079]: INFO neutron.api.extensions [None req-a2adbade-f123-4afd-b7c2-57ba52d1ac31 None None] Loaded extension: dhcp_agent_scheduler
Aug 12 00:57:16.154531 np0000188801 devstack@neutron-api.service[102079]: DEBUG neutron.api.extensions [None req-a2adbade-f123-4afd-b7c2-57ba52d1ac31 None None] Loading extension file: dns.py {{(pid=102079) _load_all_extensions_from_path /opt/stack/neutron/neutron/api/extensions.py:449}}
Aug 12 00:57:16.154531 np0000188801 devstack@neutron-api.service[102079]: DEBUG neutron.api.extensions [None req-a2adbade-f123-4afd-b7c2-57ba52d1ac31 None None] Ext name="DNS Integration" alias="dns-integration" description="Provides integration with DNS." updated="2015-08-15T18:00:00-00:00" {{(pid=102079) _check_extension /opt/stack/neutron/neutron/api/extensions.py:415}}
Aug 12 00:57:16.154721 np0000188801 devstack@neutron-api.service[102077]: DEBUG neutron_lib.callbacks.manager [None req-a6288ee6-5301-411b-bef7-48c07840f5ba None None] Subscribe: network precommit_update 55550000, False {{(pid=102077) subscribe /opt/stack/data/venv/lib/python3.12/site-packages/neutron_lib/callbacks/manager.py:52}}
Aug 12 00:57:16.154849 np0000188801 devstack@neutron-api.service[102079]: INFO neutron.api.extensions [None req-a2adbade-f123-4afd-b7c2-57ba52d1ac31 None None] Loaded extension: dns-integration
Aug 12 00:57:16.154849 np0000188801 devstack@neutron-api.service[102079]: DEBUG neutron.api.extensions [None req-a2adbade-f123-4afd-b7c2-57ba52d1ac31 None None] Loading extension file: dns_domain_ports.py {{(pid=102079) _load_all_extensions_from_path /opt/stack/neutron/neutron/api/extensions.py:449}}
Aug 12 00:57:16.154939 np0000188801 devstack@neutron-api.service[102077]: DEBUG neutron_lib.callbacks.manager [None req-a6288ee6-5301-411b-bef7-48c07840f5ba None None] Subscribe: network precommit_create 55550000, False {{(pid=102077) subscribe /opt/stack/data/venv/lib/python3.12/site-packages/neutron_lib/callbacks/manager.py:52}}
Aug 12 00:57:16.155060 np0000188801 devstack@neutron-api.service[102079]: DEBUG neutron.api.extensions [None req-a2adbade-f123-4afd-b7c2-57ba52d1ac31 None None] Ext name="dns_domain for ports" alias="dns-domain-ports" description="Allows the DNS domain to be specified for a network port." updated="2017-04-24T10:00:00-00:00" {{(pid=102079) _check_extension /opt/stack/neutron/neutron/api/extensions.py:415}}
Aug 12 00:57:16.155157 np0000188801 devstack@neutron-api.service[102077]: DEBUG neutron.manager [None req-a6288ee6-5301-411b-bef7-48c07840f5ba None None] Successfully loaded auto-allocated-topology plugin. Description: Auto Allocated Topology - aka get me a network. {{(pid=102077) _create_and_add_service_plugin /opt/stack/neutron/neutron/manager.py:236}}
Aug 12 00:57:16.155248 np0000188801 devstack@neutron-api.service[102079]: INFO neutron.api.extensions [None req-a2adbade-f123-4afd-b7c2-57ba52d1ac31 None None] Loaded extension: dns-domain-ports
Aug 12 00:57:16.155248 np0000188801 devstack@neutron-api.service[102079]: DEBUG neutron.api.extensions [None req-a2adbade-f123-4afd-b7c2-57ba52d1ac31 None None] Loading extension file: dns_integration_domain_keywords.py {{(pid=102079) _load_all_extensions_from_path /opt/stack/neutron/neutron/api/extensions.py:449}}
Aug 12 00:57:16.155360 np0000188801 devstack@neutron-api.service[102077]: INFO neutron.manager [None req-a6288ee6-5301-411b-bef7-48c07840f5ba None None] Loading Plugin: tag
Aug 12 00:57:16.155475 np0000188801 devstack@neutron-api.service[102079]: DEBUG neutron.api.extensions [None req-a2adbade-f123-4afd-b7c2-57ba52d1ac31 None None] Ext name="DNS domain names with keywords allowed" alias="dns-integration-domain-keywords" description="Allows to use keywords like , , and as DNS domain name" updated="2020-06-15T18:00:00-00:00" {{(pid=102079) _check_extension /opt/stack/neutron/neutron/api/extensions.py:415}}
Aug 12 00:57:16.155475 np0000188801 devstack@neutron-api.service[102079]: INFO neutron.api.extensions [None req-a2adbade-f123-4afd-b7c2-57ba52d1ac31 None None] Loaded extension: dns-integration-domain-keywords
Aug 12 00:57:16.155475 np0000188801 devstack@neutron-api.service[102079]: DEBUG neutron.api.extensions [None req-a2adbade-f123-4afd-b7c2-57ba52d1ac31 None None] Loading extension file: dvr.py {{(pid=102079) _load_all_extensions_from_path /opt/stack/neutron/neutron/api/extensions.py:449}}
Aug 12 00:57:16.155475 np0000188801 devstack@neutron-api.service[102079]: DEBUG neutron.api.extensions [None req-a2adbade-f123-4afd-b7c2-57ba52d1ac31 None None] Ext name="Distributed Virtual Router" alias="dvr" description="Enables configuration of Distributed Virtual Routers." updated="2014-06-1T10:00:00-00:00" {{(pid=102079) _check_extension /opt/stack/neutron/neutron/api/extensions.py:415}}
Aug 12 00:57:16.155475 np0000188801 devstack@neutron-api.service[102079]: INFO neutron.api.extensions [None req-a2adbade-f123-4afd-b7c2-57ba52d1ac31 None None] Extension dvr not supported by any of loaded plugins
Aug 12 00:57:16.155475 np0000188801 devstack@neutron-api.service[102079]: DEBUG neutron.api.extensions [None req-a2adbade-f123-4afd-b7c2-57ba52d1ac31 None None] Loading extension file: ecmp_routes.py {{(pid=102079) _load_all_extensions_from_path /opt/stack/neutron/neutron/api/extensions.py:449}}
Aug 12 00:57:16.155847 np0000188801 devstack@neutron-api.service[102078]: DEBUG neutron.services.provider_configuration [None req-f7498a6f-7082-4d77-8dd0-8cf6f5b75c52 None None] Service providers = [] {{(pid=102078) parse_service_provider_opt /opt/stack/neutron/neutron/services/provider_configuration.py:170}}
Aug 12 00:57:16.155847 np0000188801 devstack@neutron-api.service[102078]: DEBUG neutron.db.servicetype_db [None req-f7498a6f-7082-4d77-8dd0-8cf6f5b75c52 None None] Adding provider configuration for service L3_ROUTER_NAT {{(pid=102078) add_provider_configuration /opt/stack/neutron/neutron/db/servicetype_db.py:45}}
Aug 12 00:57:16.155972 np0000188801 devstack@neutron-api.service[102079]: DEBUG neutron.api.extensions [None req-a2adbade-f123-4afd-b7c2-57ba52d1ac31 None None] Ext name="Equal Cost Multipath Routing" alias="ecmp_routes" description="Allows traffic to reach thesame destination via multiple different links " updated="2020-11-26T18:00:00-00:00" {{(pid=102079) _check_extension /opt/stack/neutron/neutron/api/extensions.py:415}}
Aug 12 00:57:16.155972 np0000188801 devstack@neutron-api.service[102079]: INFO neutron.api.extensions [None req-a2adbade-f123-4afd-b7c2-57ba52d1ac31 None None] Extension ecmp_routes not supported by any of loaded plugins
Aug 12 00:57:16.155972 np0000188801 devstack@neutron-api.service[102079]: DEBUG neutron.api.extensions [None req-a2adbade-f123-4afd-b7c2-57ba52d1ac31 None None] Loading extension file: empty_string_filtering.py {{(pid=102079) _load_all_extensions_from_path /opt/stack/neutron/neutron/api/extensions.py:449}}
Aug 12 00:57:16.155972 np0000188801 devstack@neutron-api.service[102079]: DEBUG neutron.api.extensions [None req-a2adbade-f123-4afd-b7c2-57ba52d1ac31 None None] Ext name="Empty String Filtering Extension" alias="empty-string-filtering" description="Allow filtering by attributes with empty string value" updated="2018-05-01T10:00:00-00:00" {{(pid=102079) _check_extension /opt/stack/neutron/neutron/api/extensions.py:415}}
Aug 12 00:57:16.155972 np0000188801 devstack@neutron-api.service[102079]: INFO neutron.api.extensions [None req-a2adbade-f123-4afd-b7c2-57ba52d1ac31 None None] Loaded extension: empty-string-filtering
Aug 12 00:57:16.155972 np0000188801 devstack@neutron-api.service[102079]: DEBUG neutron.api.extensions [None req-a2adbade-f123-4afd-b7c2-57ba52d1ac31 None None] Loading extension file: evpn.py {{(pid=102079) _load_all_extensions_from_path /opt/stack/neutron/neutron/api/extensions.py:449}}
Aug 12 00:57:16.155972 np0000188801 devstack@neutron-api.service[102079]: DEBUG neutron.api.extensions [None req-a2adbade-f123-4afd-b7c2-57ba52d1ac31 None None] Ext name="EVPN" alias="evpn" description="Router extension to support EVPN Type-5 route advertisement" updated="2026-04-28T00:00:00-00:00" {{(pid=102079) _check_extension /opt/stack/neutron/neutron/api/extensions.py:415}}
Aug 12 00:57:16.156213 np0000188801 devstack@neutron-api.service[102079]: INFO neutron.api.extensions [None req-a2adbade-f123-4afd-b7c2-57ba52d1ac31 None None] Extension evpn not supported by any of loaded plugins
Aug 12 00:57:16.156213 np0000188801 devstack@neutron-api.service[102079]: DEBUG neutron.api.extensions [None req-a2adbade-f123-4afd-b7c2-57ba52d1ac31 None None] Loading extension file: expose_l3_conntrack_helper.py {{(pid=102079) _load_all_extensions_from_path /opt/stack/neutron/neutron/api/extensions.py:449}}
Aug 12 00:57:16.156296 np0000188801 devstack@neutron-api.service[102078]: DEBUG neutron_lib.callbacks.manager [None req-f7498a6f-7082-4d77-8dd0-8cf6f5b75c52 None None] Subscribe: > router precommit_create 55549900, False {{(pid=102078) subscribe /opt/stack/data/venv/lib/python3.12/site-packages/neutron_lib/callbacks/manager.py:52}}
Aug 12 00:57:16.156296 np0000188801 devstack@neutron-api.service[102078]: DEBUG neutron_lib.callbacks.manager [None req-f7498a6f-7082-4d77-8dd0-8cf6f5b75c52 None None] Subscribe: > router_interface after_create 55550000, False {{(pid=102078) subscribe /opt/stack/data/venv/lib/python3.12/site-packages/neutron_lib/callbacks/manager.py:52}}
Aug 12 00:57:16.156369 np0000188801 devstack@neutron-api.service[102079]: DEBUG neutron.api.extensions [None req-a2adbade-f123-4afd-b7c2-57ba52d1ac31 None None] Ext name="Expose CT target rules for conntrack helper" alias="expose-l3-conntrack-helper" description="Expose allow adding CT target rules for conntrack helper" updated="2019-04-04T10:00:00-00:00" {{(pid=102079) _check_extension /opt/stack/neutron/neutron/api/extensions.py:415}}
Aug 12 00:57:16.156423 np0000188801 devstack@neutron-api.service[102078]: DEBUG neutron_lib.callbacks.manager [None req-f7498a6f-7082-4d77-8dd0-8cf6f5b75c52 None None] Subscribe: > floatingip after_create 55550000, False {{(pid=102078) subscribe /opt/stack/data/venv/lib/python3.12/site-packages/neutron_lib/callbacks/manager.py:52}}
Aug 12 00:57:16.156423 np0000188801 devstack@neutron-api.service[102078]: DEBUG neutron_lib.callbacks.manager [None req-f7498a6f-7082-4d77-8dd0-8cf6f5b75c52 None None] Subscribe: > floatingip precommit_create 55550000, False {{(pid=102078) subscribe /opt/stack/data/venv/lib/python3.12/site-packages/neutron_lib/callbacks/manager.py:52}}
Aug 12 00:57:16.156528 np0000188801 devstack@neutron-api.service[102079]: INFO neutron.api.extensions [None req-a2adbade-f123-4afd-b7c2-57ba52d1ac31 None None] Extension expose-l3-conntrack-helper not supported by any of loaded plugins
Aug 12 00:57:16.156621 np0000188801 devstack@neutron-api.service[102078]: DEBUG neutron_lib.callbacks.manager [None req-f7498a6f-7082-4d77-8dd0-8cf6f5b75c52 None None] Subscribe: > floatingip precommit_update 55550000, False {{(pid=102078) subscribe /opt/stack/data/venv/lib/python3.12/site-packages/neutron_lib/callbacks/manager.py:52}}
Aug 12 00:57:16.156713 np0000188801 devstack@neutron-api.service[102079]: DEBUG neutron.api.extensions [None req-a2adbade-f123-4afd-b7c2-57ba52d1ac31 None None] Loading extension file: expose_port_forwarding_in_fip.py {{(pid=102079) _load_all_extensions_from_path /opt/stack/neutron/neutron/api/extensions.py:449}}
Aug 12 00:57:16.156800 np0000188801 devstack@neutron-api.service[102078]: DEBUG neutron_lib.callbacks.manager [None req-f7498a6f-7082-4d77-8dd0-8cf6f5b75c52 None None] Subscribe: > floatingip after_delete 55550000, False {{(pid=102078) subscribe /opt/stack/data/venv/lib/python3.12/site-packages/neutron_lib/callbacks/manager.py:52}}
Aug 12 00:57:16.156800 np0000188801 devstack@neutron-api.service[102078]: DEBUG neutron_lib.callbacks.manager [None req-f7498a6f-7082-4d77-8dd0-8cf6f5b75c52 None None] Subscribe: > floatingip after_status_update 55550000, False {{(pid=102078) subscribe /opt/stack/data/venv/lib/python3.12/site-packages/neutron_lib/callbacks/manager.py:52}}
Aug 12 00:57:16.156909 np0000188801 devstack@neutron-api.service[102079]: DEBUG neutron.api.extensions [None req-a2adbade-f123-4afd-b7c2-57ba52d1ac31 None None] Ext name="Expose Floating IP port forwardings" alias="expose-port-forwarding-in-fip" description="Expose port forwarding fields in floating IP response" updated="2018-06-28T16:00:00-00:00" {{(pid=102079) _check_extension /opt/stack/neutron/neutron/api/extensions.py:415}}
Aug 12 00:57:16.156995 np0000188801 devstack@neutron-api.service[102078]: DEBUG neutron_lib.callbacks.manager [None req-f7498a6f-7082-4d77-8dd0-8cf6f5b75c52 None None] Subscribe: > floatingip after_update 55550000, False {{(pid=102078) subscribe /opt/stack/data/venv/lib/python3.12/site-packages/neutron_lib/callbacks/manager.py:52}}
Aug 12 00:57:16.156995 np0000188801 devstack@neutron-api.service[102078]: DEBUG neutron_lib.callbacks.manager [None req-f7498a6f-7082-4d77-8dd0-8cf6f5b75c52 None None] Subscribe: > port_forwarding after_create 55550000, False {{(pid=102078) subscribe /opt/stack/data/venv/lib/python3.12/site-packages/neutron_lib/callbacks/manager.py:52}}
Aug 12 00:57:16.157076 np0000188801 devstack@neutron-api.service[102079]: INFO neutron.api.extensions [None req-a2adbade-f123-4afd-b7c2-57ba52d1ac31 None None] Extension expose-port-forwarding-in-fip not supported by any of loaded plugins
Aug 12 00:57:16.157076 np0000188801 devstack@neutron-api.service[102079]: DEBUG neutron.api.extensions [None req-a2adbade-f123-4afd-b7c2-57ba52d1ac31 None None] Loading extension file: external_net.py {{(pid=102079) _load_all_extensions_from_path /opt/stack/neutron/neutron/api/extensions.py:449}}
Aug 12 00:57:16.157185 np0000188801 devstack@neutron-api.service[102078]: DEBUG neutron_lib.callbacks.manager [None req-f7498a6f-7082-4d77-8dd0-8cf6f5b75c52 None None] Subscribe: > router_interface after_delete 55550000, False {{(pid=102078) subscribe /opt/stack/data/venv/lib/python3.12/site-packages/neutron_lib/callbacks/manager.py:52}}
Aug 12 00:57:16.157185 np0000188801 devstack@neutron-api.service[102078]: DEBUG neutron_lib.callbacks.manager [None req-f7498a6f-7082-4d77-8dd0-8cf6f5b75c52 None None] Subscribe: > router after_create 55550000, False {{(pid=102078) subscribe /opt/stack/data/venv/lib/python3.12/site-packages/neutron_lib/callbacks/manager.py:52}}
Aug 12 00:57:16.157185 np0000188801 devstack@neutron-api.service[102078]: DEBUG neutron_lib.callbacks.manager [None req-f7498a6f-7082-4d77-8dd0-8cf6f5b75c52 None None] Subscribe: > router precommit_create 55550000, False {{(pid=102078) subscribe /opt/stack/data/venv/lib/python3.12/site-packages/neutron_lib/callbacks/manager.py:52}}
Aug 12 00:57:16.157325 np0000188801 devstack@neutron-api.service[102079]: DEBUG neutron.api.extensions [None req-a2adbade-f123-4afd-b7c2-57ba52d1ac31 None None] Ext name="Neutron external network" alias="external-net" description="Adds external network attribute to network resource." updated="2013-01-14T10:00:00-00:00" {{(pid=102079) _check_extension /opt/stack/neutron/neutron/api/extensions.py:415}}
Aug 12 00:57:16.157404 np0000188801 devstack@neutron-api.service[102078]: DEBUG neutron_lib.callbacks.manager [None req-f7498a6f-7082-4d77-8dd0-8cf6f5b75c52 None None] Subscribe: > router after_delete 55550000, False {{(pid=102078) subscribe /opt/stack/data/venv/lib/python3.12/site-packages/neutron_lib/callbacks/manager.py:52}}
Aug 12 00:57:16.157462 np0000188801 devstack@neutron-api.service[102079]: INFO neutron.api.extensions [None req-a2adbade-f123-4afd-b7c2-57ba52d1ac31 None None] Loaded extension: external-net
Aug 12 00:57:16.157558 np0000188801 devstack@neutron-api.service[102078]: DEBUG neutron_lib.callbacks.manager [None req-f7498a6f-7082-4d77-8dd0-8cf6f5b75c52 None None] Subscribe: > router after_update 55550000, False {{(pid=102078) subscribe /opt/stack/data/venv/lib/python3.12/site-packages/neutron_lib/callbacks/manager.py:52}}
Aug 12 00:57:16.157648 np0000188801 devstack@neutron-api.service[102079]: DEBUG neutron.api.extensions [None req-a2adbade-f123-4afd-b7c2-57ba52d1ac31 None None] Loading extension file: extra_dhcp_opt.py {{(pid=102079) _load_all_extensions_from_path /opt/stack/neutron/neutron/api/extensions.py:449}}
Aug 12 00:57:16.157732 np0000188801 devstack@neutron-api.service[102078]: DEBUG neutron.services.service_base [None req-f7498a6f-7082-4d77-8dd0-8cf6f5b75c52 None None] Loaded 'neutron.services.ovn_l3.service_providers.ovn.OvnDriver' provider for service L3_ROUTER_NAT {{(pid=102078) load_drivers /opt/stack/neutron/neutron/services/service_base.py:49}}
Aug 12 00:57:16.157732 np0000188801 devstack@neutron-api.service[102078]: DEBUG neutron_lib.callbacks.manager [None req-f7498a6f-7082-4d77-8dd0-8cf6f5b75c52 None None] Subscribe: > process after_init 55550001, True {{(pid=102078) subscribe /opt/stack/data/venv/lib/python3.12/site-packages/neutron_lib/callbacks/manager.py:52}}
Aug 12 00:57:16.157854 np0000188801 devstack@neutron-api.service[102079]: DEBUG neutron.api.extensions [None req-a2adbade-f123-4afd-b7c2-57ba52d1ac31 None None] Ext name="Neutron Extra DHCP options" alias="extra_dhcp_opt" description="Extra options configuration for DHCP. For example PXE boot options to DHCP clients can be specified (e.g. tftp-server, server-ip-address, bootfile-name)" updated="2013-03-17T12:00:00-00:00" {{(pid=102079) _check_extension /opt/stack/neutron/neutron/api/extensions.py:415}}
Aug 12 00:57:16.157936 np0000188801 devstack@neutron-api.service[102078]: DEBUG neutron.manager [None req-f7498a6f-7082-4d77-8dd0-8cf6f5b75c52 None None] Successfully loaded L3_ROUTER_NAT plugin. Description: L3 Router Service Plugin for basic L3 forwarding using OVN {{(pid=102078) _create_and_add_service_plugin /opt/stack/neutron/neutron/manager.py:236}}
Aug 12 00:57:16.157936 np0000188801 devstack@neutron-api.service[102078]: INFO neutron.manager [None req-f7498a6f-7082-4d77-8dd0-8cf6f5b75c52 None None] Loading Plugin: auto_allocate
Aug 12 00:57:16.158038 np0000188801 devstack@neutron-api.service[102079]: INFO neutron.api.extensions [None req-a2adbade-f123-4afd-b7c2-57ba52d1ac31 None None] Loaded extension: extra_dhcp_opt
Aug 12 00:57:16.158038 np0000188801 devstack@neutron-api.service[102079]: DEBUG neutron.api.extensions [None req-a2adbade-f123-4afd-b7c2-57ba52d1ac31 None None] Loading extension file: extraroute.py {{(pid=102079) _load_all_extensions_from_path /opt/stack/neutron/neutron/api/extensions.py:449}}
Aug 12 00:57:16.158038 np0000188801 devstack@neutron-api.service[102079]: DEBUG neutron.api.extensions [None req-a2adbade-f123-4afd-b7c2-57ba52d1ac31 None None] Ext name="Neutron Extra Route" alias="extraroute" description="Extra routes configuration for L3 router" updated="2013-02-01T10:00:00-00:00" {{(pid=102079) _check_extension /opt/stack/neutron/neutron/api/extensions.py:415}}
Aug 12 00:57:16.158038 np0000188801 devstack@neutron-api.service[102079]: INFO neutron.api.extensions [None req-a2adbade-f123-4afd-b7c2-57ba52d1ac31 None None] Loaded extension: extraroute
Aug 12 00:57:16.158038 np0000188801 devstack@neutron-api.service[102079]: DEBUG neutron.api.extensions [None req-a2adbade-f123-4afd-b7c2-57ba52d1ac31 None None] Loading extension file: extraroute_atomic.py {{(pid=102079) _load_all_extensions_from_path /opt/stack/neutron/neutron/api/extensions.py:449}}
Aug 12 00:57:16.158223 np0000188801 devstack@neutron-api.service[102077]: DEBUG neutron.manager [None req-a6288ee6-5301-411b-bef7-48c07840f5ba None None] Successfully loaded TAG plugin. Description: Tag support {{(pid=102077) _create_and_add_service_plugin /opt/stack/neutron/neutron/manager.py:236}}
Aug 12 00:57:16.158635 np0000188801 devstack@neutron-api.service[102079]: DEBUG neutron.api.extensions [None req-a2adbade-f123-4afd-b7c2-57ba52d1ac31 None None] Ext name="Atomically add/remove extra routes" alias="extraroute-atomic" description="Edit extra routes of a router on server side by atomically adding/removing extra routes" updated="2019-07-10T00:00:00+00:00" {{(pid=102079) _check_extension /opt/stack/neutron/neutron/api/extensions.py:415}}
Aug 12 00:57:16.158915 np0000188801 devstack@neutron-api.service[102078]: DEBUG neutron_lib.callbacks.manager [None req-f7498a6f-7082-4d77-8dd0-8cf6f5b75c52 None None] Subscribe: network precommit_update 55550000, False {{(pid=102078) subscribe /opt/stack/data/venv/lib/python3.12/site-packages/neutron_lib/callbacks/manager.py:52}}
Aug 12 00:57:16.159178 np0000188801 devstack@neutron-api.service[102077]: INFO neutron.manager [None req-a6288ee6-5301-411b-bef7-48c07840f5ba None None] Loading Plugin: timestamp
Aug 12 00:57:16.159574 np0000188801 devstack@neutron-api.service[102079]: INFO neutron.api.extensions [None req-a2adbade-f123-4afd-b7c2-57ba52d1ac31 None None] Loaded extension: extraroute-atomic
Aug 12 00:57:16.159914 np0000188801 devstack@neutron-api.service[102078]: DEBUG neutron_lib.callbacks.manager [None req-f7498a6f-7082-4d77-8dd0-8cf6f5b75c52 None None] Subscribe: network precommit_create 55550000, False {{(pid=102078) subscribe /opt/stack/data/venv/lib/python3.12/site-packages/neutron_lib/callbacks/manager.py:52}}
Aug 12 00:57:16.160281 np0000188801 devstack@neutron-api.service[102079]: DEBUG neutron.api.extensions [None req-a2adbade-f123-4afd-b7c2-57ba52d1ac31 None None] Loading extension file: filter_validation.py {{(pid=102079) _load_all_extensions_from_path /opt/stack/neutron/neutron/api/extensions.py:449}}
Aug 12 00:57:16.160658 np0000188801 devstack@neutron-api.service[102078]: DEBUG neutron.manager [None req-f7498a6f-7082-4d77-8dd0-8cf6f5b75c52 None None] Successfully loaded auto-allocated-topology plugin. Description: Auto Allocated Topology - aka get me a network. {{(pid=102078) _create_and_add_service_plugin /opt/stack/neutron/neutron/manager.py:236}}
Aug 12 00:57:16.160658 np0000188801 devstack@neutron-api.service[102078]: INFO neutron.manager [None req-f7498a6f-7082-4d77-8dd0-8cf6f5b75c52 None None] Loading Plugin: tag
Aug 12 00:57:16.161060 np0000188801 devstack@neutron-api.service[102079]: DEBUG neutron.api.extensions [None req-a2adbade-f123-4afd-b7c2-57ba52d1ac31 None None] Ext name="Filter parameters validation" alias="filter-validation" description="Provides validation on filter parameters." updated="2018-07-04T10:00:00-00:00" {{(pid=102079) _check_extension /opt/stack/neutron/neutron/api/extensions.py:415}}
Aug 12 00:57:16.161060 np0000188801 devstack@neutron-api.service[102079]: INFO neutron.api.extensions [None req-a2adbade-f123-4afd-b7c2-57ba52d1ac31 None None] Loaded extension: filter-validation
Aug 12 00:57:16.161060 np0000188801 devstack@neutron-api.service[102079]: DEBUG neutron.api.extensions [None req-a2adbade-f123-4afd-b7c2-57ba52d1ac31 None None] Loading extension file: fip_pf_description.py {{(pid=102079) _load_all_extensions_from_path /opt/stack/neutron/neutron/api/extensions.py:449}}
Aug 12 00:57:16.161060 np0000188801 devstack@neutron-api.service[102079]: DEBUG neutron.api.extensions [None req-a2adbade-f123-4afd-b7c2-57ba52d1ac31 None None] Ext name="Floating IP Port Forwarding new attribute description" alias="floating-ip-port-forwarding-description" description="Add a description field to Port Forwarding rules" updated="2019-11-01T10:00:00-00:00" {{(pid=102079) _check_extension /opt/stack/neutron/neutron/api/extensions.py:415}}
Aug 12 00:57:16.161060 np0000188801 devstack@neutron-api.service[102079]: INFO neutron.api.extensions [None req-a2adbade-f123-4afd-b7c2-57ba52d1ac31 None None] Extension floating-ip-port-forwarding-description not supported by any of loaded plugins
