+ COMMAND=start + start + for KEYSTONE_WSGI_SCRIPT in keystone-wsgi-public ++ type -p keystone-wsgi-public + cp -a /var/lib/openstack/bin/keystone-wsgi-public /var/www/cgi-bin/keystone/ + '[' -f /etc/apache2/envvars ']' + source /etc/apache2/envvars ++ unset HOME ++ '[' '' '!=' '' ']' ++ SUFFIX= ++ export APACHE_RUN_USER=www-data ++ APACHE_RUN_USER=www-data ++ export APACHE_RUN_GROUP=www-data ++ APACHE_RUN_GROUP=www-data ++ export APACHE_PID_FILE=/var/run/apache2/apache2.pid ++ APACHE_PID_FILE=/var/run/apache2/apache2.pid ++ export APACHE_RUN_DIR=/var/run/apache2 ++ APACHE_RUN_DIR=/var/run/apache2 ++ export APACHE_LOCK_DIR=/var/lock/apache2 ++ APACHE_LOCK_DIR=/var/lock/apache2 ++ export APACHE_LOG_DIR=/var/log/apache2 ++ APACHE_LOG_DIR=/var/log/apache2 ++ export LANG=C ++ LANG=C ++ export LANG + '[' -f /var/run/apache2/apache2.pid ']' + exec apache2 -DFOREGROUND AH00558: apache2: Could not reliably determine the server's fully qualified domain name, using 10.0.0.79. Set the 'ServerName' directive globally to suppress this message AH00558: apache2: Could not reliably determine the server's fully qualified domain name, using 10.0.0.79. Set the 'ServerName' directive globally to suppress this message
[Wed Aug 12 01:17:02.036652 2026] [mpm_event:notice] [pid 1:tid 140253660407680] AH00489: Apache/2.4.58 (Ubuntu) mod_wsgi/5.0.0 Python/3.12 configured -- resuming normal operations
[Wed Aug 12 01:17:02.036839 2026] [core:notice] [pid 1:tid 140253660407680] AH00094: Command line: 'apache2 -D FOREGROUND'
[Wed Aug 12 01:18:00.822852 2026] [wsgi:error] [pid 9:tid 140253022586560] /var/lib/openstack/lib/python3.12/site-packages/oslo_utils/importutils.py:77: EventletDeprecationWarning:
[Wed Aug 12 01:18:00.822909 2026] [wsgi:error] [pid 9:tid 140253022586560] Eventlet is deprecated. It is currently being maintained in bugfix mode, and
[Wed Aug 12 01:18:00.822911 2026] [wsgi:error] [pid 9:tid 140253022586560] we strongly recommend against using it for new projects.
[Wed Aug 12 01:18:00.822912 2026] [wsgi:error] [pid 9:tid 140253022586560]
[Wed Aug 12 01:18:00.822913 2026] [wsgi:error] [pid 9:tid 140253022586560] If you are already using Eventlet, we recommend migrating to a different
[Wed Aug 12 01:18:00.822915 2026] [wsgi:error] [pid 9:tid 140253022586560] framework. For more detail see
[Wed Aug 12 01:18:00.822916 2026] [wsgi:error] [pid 9:tid 140253022586560] https://eventlet.readthedocs.io/en/latest/asyncio/migration.html
[Wed Aug 12 01:18:00.822917 2026] [wsgi:error] [pid 9:tid 140253022586560]
[Wed Aug 12 01:18:00.822918 2026] [wsgi:error] [pid 9:tid 140253022586560] __import__(import_str)
[Wed Aug 12 01:18:00.829956 2026] [wsgi:error] [pid 10:tid 140253022586560] /var/lib/openstack/lib/python3.12/site-packages/oslo_utils/importutils.py:77: EventletDeprecationWarning:
[Wed Aug 12 01:18:00.830008 2026] [wsgi:error] [pid 10:tid 140253022586560] Eventlet is deprecated. It is currently being maintained in bugfix mode, and
[Wed Aug 12 01:18:00.830009 2026] [wsgi:error] [pid 10:tid 140253022586560] we strongly recommend against using it for new projects.
[Wed Aug 12 01:18:00.830011 2026] [wsgi:error] [pid 10:tid 140253022586560]
[Wed Aug 12 01:18:00.830012 2026] [wsgi:error] [pid 10:tid 140253022586560] If you are already using Eventlet, we recommend migrating to a different
[Wed Aug 12 01:18:00.830013 2026] [wsgi:error] [pid 10:tid 140253022586560] framework. For more detail see
[Wed Aug 12 01:18:00.830014 2026] [wsgi:error] [pid 10:tid 140253022586560] https://eventlet.readthedocs.io/en/latest/asyncio/migration.html
[Wed Aug 12 01:18:00.830015 2026] [wsgi:error] [pid 10:tid 140253022586560]
[Wed Aug 12 01:18:00.830016 2026] [wsgi:error] [pid 10:tid 140253022586560] __import__(import_str) 10.0.0.253 - - [12/Aug/2026:01:17:59 +0000] "GET /v3/ HTTP/1.1" 200 249 10.0.0.253 - - [12/Aug/2026:01:17:59 +0000] "GET /v3/ HTTP/1.1" 200 249
[Wed Aug 12 01:18:14.317261 2026] [wsgi:error] [pid 11:tid 140253022586560] /var/lib/openstack/lib/python3.12/site-packages/oslo_utils/importutils.py:77: EventletDeprecationWarning:
[Wed Aug 12 01:18:14.317322 2026] [wsgi:error] [pid 11:tid 140253022586560] Eventlet is deprecated. It is currently being maintained in bugfix mode, and
[Wed Aug 12 01:18:14.317324 2026] [wsgi:error] [pid 11:tid 140253022586560] we strongly recommend against using it for new projects.
[Wed Aug 12 01:18:14.317326 2026] [wsgi:error] [pid 11:tid 140253022586560]
[Wed Aug 12 01:18:14.317327 2026] [wsgi:error] [pid 11:tid 140253022586560] If you are already using Eventlet, we recommend migrating to a different
[Wed Aug 12 01:18:14.317328 2026] [wsgi:error] [pid 11:tid 140253022586560] framework. For more detail see
[Wed Aug 12 01:18:14.317330 2026] [wsgi:error] [pid 11:tid 140253022586560] https://eventlet.readthedocs.io/en/latest/asyncio/migration.html
[Wed Aug 12 01:18:14.317331 2026] [wsgi:error] [pid 11:tid 140253022586560]
[Wed Aug 12 01:18:14.317332 2026] [wsgi:error] [pid 11:tid 140253022586560] __import__(import_str) 10.0.0.171 - - [12/Aug/2026:01:18:13 +0000] "GET / HTTP/1.1" 300 295
[Wed Aug 12 01:18:20.066822 2026] [wsgi:error] [pid 12:tid 140253022586560] /var/lib/openstack/lib/python3.12/site-packages/oslo_utils/importutils.py:77: EventletDeprecationWarning:
[Wed Aug 12 01:18:20.066950 2026] [wsgi:error] [pid 12:tid 140253022586560] Eventlet is deprecated. It is currently being maintained in bugfix mode, and
[Wed Aug 12 01:18:20.066964 2026] [wsgi:error] [pid 12:tid 140253022586560] we strongly recommend against using it for new projects.
[Wed Aug 12 01:18:20.066975 2026] [wsgi:error] [pid 12:tid 140253022586560]
[Wed Aug 12 01:18:20.067026 2026] [wsgi:error] [pid 12:tid 140253022586560] If you are already using Eventlet, we recommend migrating to a different
[Wed Aug 12 01:18:20.067039 2026] [wsgi:error] [pid 12:tid 140253022586560] framework. For more detail see
[Wed Aug 12 01:18:20.067052 2026] [wsgi:error] [pid 12:tid 140253022586560] https://eventlet.readthedocs.io/en/latest/asyncio/migration.html
[Wed Aug 12 01:18:20.067062 2026] [wsgi:error] [pid 12:tid 140253022586560]
[Wed Aug 12 01:18:20.067071 2026] [wsgi:error] [pid 12:tid 140253022586560] __import__(import_str)
[Wed Aug 12 01:18:25.016949 2026] [wsgi:error] [pid 12:tid 140253022586560] [remote 10.0.0.171:38408] 2026-08-12 01:18:25.013 12 WARNING keystone.identity.core [None req-efd8e8cf-8285-40b0-8737-b6aa71066883 - - - - - -] Invalid domain name (atmosphere) found in config file name: keystone.exception.DomainNotFound: Could not find domain: atmosphere.
[Wed Aug 12 01:18:25.082182 2026] [wsgi:error] [pid 12:tid 140253022586560] [remote 10.0.0.171:38408] 2026-08-12 01:18:25.081 12 WARNING keystone.common.password_hashing [None req-efd8e8cf-8285-40b0-8737-b6aa71066883 - - - - - -] Truncating password to algorithm specific maximum length 72 characters.
[Wed Aug 12 01:18:25.372195 2026] [wsgi:error] [pid 12:tid 140253022586560] [remote 10.0.0.171:38408] 2026-08-12 01:18:25.371 12 WARNING keystone.common.fernet_utils [None req-efd8e8cf-8285-40b0-8737-b6aa71066883 - - - - - -] key_repository is world readable: /etc/keystone/fernet-keys/ 10.0.0.171 - - [12/Aug/2026:01:18:19 +0000] "POST /v3/auth/tokens HTTP/1.1" 201 1360
[Wed Aug 12 01:18:25.765557 2026] [wsgi:error] [pid 10:tid 140253022586560] [remote 10.0.0.171:38408] 2026-08-12 01:18:25.761 10 WARNING keystone.identity.core [None req-c3bd10a5-722d-413c-adcf-120b5fdcbb59 - - - - - -] Invalid domain name (atmosphere) found in config file name: keystone.exception.DomainNotFound: Could not find domain: atmosphere. 10.0.0.171 - - [12/Aug/2026:01:18:25 +0000] "POST /v3/domains HTTP/1.1" 201 261 10.0.0.245 - - [12/Aug/2026:01:18:37 +0000] "GET / HTTP/1.1" 300 295
[Wed Aug 12 01:18:37.985802 2026] [wsgi:error] [pid 11:tid 140253022586560] [remote 10.0.0.245:45438] 2026-08-12 01:18:37.985 11 WARNING keystone.common.password_hashing [None req-36910a74-84ca-4892-8369-0dab88266d31 - - - - - -] Truncating password to algorithm specific maximum length 72 characters.
[Wed Aug 12 01:18:38.261142 2026] [wsgi:error] [pid 11:tid 140253022586560] [remote 10.0.0.245:45438] 2026-08-12 01:18:38.260 11 WARNING keystone.common.fernet_utils [None req-36910a74-84ca-4892-8369-0dab88266d31 - - - - - -] key_repository is world readable: /etc/keystone/fernet-keys/ 10.0.0.245 - - [12/Aug/2026:01:18:37 +0000] "POST /v3/auth/tokens HTTP/1.1" 201 1360 10.0.0.245 - - [12/Aug/2026:01:18:38 +0000] "GET /v3/roles/admin HTTP/1.1" 404 83
[Wed Aug 12 01:18:38.515652 2026] [wsgi:error] [pid 10:tid 140253022586560] [remote 10.0.0.245:45438] 2026-08-12 01:18:38.515 10 WARNING keystone.common.rbac_enforcer.enforcer [None req-94748834-df61-425b-9016-4e326aad9ae8 cde72c80130a456c9b43a347f25a8045 eff356e654e54ab9ade5a6eaa1fa53d1 - - default default] Deprecated policy rules found. Use oslopolicy-policy-generator and oslopolicy-policy-upgrade to detect and resolve deprecated policies in your configuration. 10.0.0.245 - - [12/Aug/2026:01:18:38 +0000] "GET /v3/roles?name=admin HTTP/1.1" 200 389
[Wed Aug 12 01:18:39.064180 2026] [wsgi:error] [pid 9:tid 140253022586560] [remote 10.0.0.245:45438] 2026-08-12 01:18:39.063 9 WARNING keystone.common.rbac_enforcer.enforcer [None req-de8d0390-0ca2-4728-bcfa-6ccdd1f3508a cde72c80130a456c9b43a347f25a8045 eff356e654e54ab9ade5a6eaa1fa53d1 - - default default] Deprecated policy rules found. Use oslopolicy-policy-generator and oslopolicy-policy-upgrade to detect and resolve deprecated policies in your configuration. 10.0.0.245 - - [12/Aug/2026:01:18:38 +0000] "GET /v3/users/admin-RegionOne HTTP/1.1" 404 93
[Wed Aug 12 01:18:39.267938 2026] [wsgi:error] [pid 11:tid 140253022586560] [remote 10.0.0.245:45438] 2026-08-12 01:18:39.267 11 WARNING keystone.common.rbac_enforcer.enforcer [None req-8fddc9f6-e460-4193-95e8-ec9076187d70 cde72c80130a456c9b43a347f25a8045 eff356e654e54ab9ade5a6eaa1fa53d1 - - default default] Deprecated policy rules found. Use oslopolicy-policy-generator and oslopolicy-policy-upgrade to detect and resolve deprecated policies in your configuration. 10.0.0.245 - - [12/Aug/2026:01:18:39 +0000] "GET /v3/users?name=admin-RegionOne HTTP/1.1" 200 422
[Wed Aug 12 01:18:39.528569 2026] [wsgi:error] [pid 12:tid 140253022586560] [remote 10.0.0.245:45438] 2026-08-12 01:18:39.528 12 WARNING keystone.common.rbac_enforcer.enforcer [None req-19c3a9f8-15de-45b4-820a-cd294cd69674 cde72c80130a456c9b43a347f25a8045 eff356e654e54ab9ade5a6eaa1fa53d1 - - default default] Deprecated policy rules found. Use oslopolicy-policy-generator and oslopolicy-policy-upgrade to detect and resolve deprecated policies in your configuration. 10.0.0.245 - - [12/Aug/2026:01:18:39 +0000] "GET /v3/domains/default HTTP/1.1" 200 224 10.0.0.245 - - [12/Aug/2026:01:18:39 +0000] "PUT /v3/domains/default/users/cde72c80130a456c9b43a347f25a8045/roles/fa962ae86fd24a3f915720a7716df30b HTTP/1.1" 204 - 10.0.0.253 - - [12/Aug/2026:01:18:49 +0000] "GET / HTTP/1.1" 300 281 10.0.0.253 - - [12/Aug/2026:01:18:51 +0000] "GET /v3 HTTP/1.1" 200 266
[Wed Aug 12 01:18:51.401056 2026] [wsgi:error] [pid 12:tid 140253022586560] [remote 10.0.0.253:59976] 2026-08-12 01:18:51.400 12 WARNING keystone.common.password_hashing [None req-f3bb87ea-3013-422f-be28-77c7fd7ead5d - - - - - -] Truncating password to algorithm specific maximum length 72 characters.
[Wed Aug 12 01:18:51.689957 2026] [wsgi:error] [pid 12:tid 140253022586560] [remote 10.0.0.253:59976] 2026-08-12 01:18:51.689 12 WARNING keystone.common.fernet_utils [None req-f3bb87ea-3013-422f-be28-77c7fd7ead5d - - - - - -] key_repository is world readable: /etc/keystone/fernet-keys/ 10.0.0.253 - - [12/Aug/2026:01:18:51 +0000] "POST /v3/auth/tokens HTTP/1.1" 201 1360 10.0.0.253 - - [12/Aug/2026:01:18:51 +0000] "GET / HTTP/1.1" 300 281 10.0.0.253 - - [12/Aug/2026:01:18:51 +0000] "GET /v3/domains/atmosphere HTTP/1.1" 404 90 10.0.0.253 - - [12/Aug/2026:01:18:51 +0000] "GET /v3/domains?name=atmosphere HTTP/1.1" 200 370 10.0.0.253 - - [12/Aug/2026:01:18:51 +0000] "GET /v3/domains/dc3bff6183f04bae95af8936ddb5dcd3 HTTP/1.1" 200 247 10.0.0.253 - - [12/Aug/2026:01:18:52 +0000] "GET /v3 HTTP/1.1" 200 266
[Wed Aug 12 01:18:52.915157 2026] [wsgi:error] [pid 9:tid 140253022586560] [remote 10.0.0.253:59972] 2026-08-12 01:18:52.914 9 WARNING keystone.common.password_hashing [None req-a4d11800-7da3-4dbb-be4f-9fd25fda11ef - - - - - -] Truncating password to algorithm specific maximum length 72 characters.
[Wed Aug 12 01:18:53.195277 2026] [wsgi:error] [pid 9:tid 140253022586560] [remote 10.0.0.253:59972] 2026-08-12 01:18:53.195 9 WARNING keystone.common.fernet_utils [None req-a4d11800-7da3-4dbb-be4f-9fd25fda11ef - - - - - -] key_repository is world readable: /etc/keystone/fernet-keys/ 10.0.0.253 - - [12/Aug/2026:01:18:52 +0000] "POST /v3/auth/tokens HTTP/1.1" 201 1360 10.0.0.253 - - [12/Aug/2026:01:18:53 +0000] "GET / HTTP/1.1" 300 281 10.0.0.253 - - [12/Aug/2026:01:18:53 +0000] "GET /v3/OS-FEDERATION/identity_providers/atmosphere HTTP/1.1" 404 101 10.0.0.253 - - [12/Aug/2026:01:18:53 +0000] "GET /v3/OS-FEDERATION/identity_providers HTTP/1.1" 200 156 10.0.0.253 - - [12/Aug/2026:01:18:53 +0000] "PUT /v3/OS-FEDERATION/identity_providers/atmosphere HTTP/1.1" 201 342 10.0.0.253 - - [12/Aug/2026:01:18:54 +0000] "GET /v3 HTTP/1.1" 200 266
[Wed Aug 12 01:18:54.110725 2026] [wsgi:error] [pid 12:tid 140253022586560] [remote 10.0.0.253:59976] 2026-08-12 01:18:54.110 12 WARNING keystone.common.password_hashing [None req-902f1176-6cc4-4186-bb97-e19876b8ea06 - - - - - -] Truncating password to algorithm specific maximum length 72 characters.
[Wed Aug 12 01:18:54.398261 2026] [wsgi:error] [pid 12:tid 140253022586560] [remote 10.0.0.253:59976] 2026-08-12 01:18:54.398 12 WARNING keystone.common.fernet_utils [None req-902f1176-6cc4-4186-bb97-e19876b8ea06 - - - - - -] key_repository is world readable: /etc/keystone/fernet-keys/ 10.0.0.253 - - [12/Aug/2026:01:18:54 +0000] "POST /v3/auth/tokens HTTP/1.1" 201 1360 10.0.0.253 - - [12/Aug/2026:01:18:54 +0000] "GET / HTTP/1.1" 300 281 10.0.0.253 - - [12/Aug/2026:01:18:54 +0000] "GET /v3/OS-FEDERATION/mappings/atmosphere-openid HTTP/1.1" 404 98 10.0.0.253 - - [12/Aug/2026:01:18:54 +0000] "GET /v3/OS-FEDERATION/mappings HTTP/1.1" 200 136 10.0.0.253 - - [12/Aug/2026:01:18:54 +0000] "PUT /v3/OS-FEDERATION/mappings/atmosphere-openid HTTP/1.1" 201 357 10.0.0.253 - - [12/Aug/2026:01:18:55 +0000] "GET /v3 HTTP/1.1" 200 266
[Wed Aug 12 01:18:57.901741 2026] [wsgi:error] [pid 9:tid 140253022586560] [remote 10.0.0.253:59972] 2026-08-12 01:18:57.901 9 WARNING keystone.common.password_hashing [None req-d050b4e3-c80b-49dd-928a-2b8d3cba498c - - - - - -] Truncating password to algorithm specific maximum length 72 characters.
[Wed Aug 12 01:18:58.175437 2026] [wsgi:error] [pid 9:tid 140253022586560] [remote 10.0.0.253:59972] 2026-08-12 01:18:58.175 9 WARNING keystone.common.fernet_utils [None req-d050b4e3-c80b-49dd-928a-2b8d3cba498c - - - - - -] key_repository is world readable: /etc/keystone/fernet-keys/ 10.0.0.253 - - [12/Aug/2026:01:18:55 +0000] "POST /v3/auth/tokens HTTP/1.1" 201 1360 10.0.0.253 - - [12/Aug/2026:01:18:58 +0000] "GET / HTTP/1.1" 300 281
[Wed Aug 12 01:18:58.291420 2026] [wsgi:error] [pid 12:tid 140253022586560] [remote 10.0.0.253:59972] 2026-08-12 01:18:58.291 12 WARNING keystone.common.fernet_utils [None req-e65a1352-f29e-4c1e-b767-2805e926d82d cde72c80130a456c9b43a347f25a8045 eff356e654e54ab9ade5a6eaa1fa53d1 - - default default] key_repository is world readable: /etc/keystone/fernet-keys/ 10.0.0.253 - - [12/Aug/2026:01:18:58 +0000] "GET /v3/OS-FEDERATION/identity_providers/atmosphere/protocols/openid?idp_id=atmosphere HTTP/1.1" 404 131 10.0.0.253 - - [12/Aug/2026:01:18:58 +0000] "GET /v3/OS-FEDERATION/identity_providers/atmosphere/protocols HTTP/1.1" 200 168 10.0.0.253 - - [12/Aug/2026:01:18:58 +0000] "PUT /v3/OS-FEDERATION/identity_providers/atmosphere/protocols/openid HTTP/1.1" 201 224 10.0.0.253 - - [12/Aug/2026:01:18:59 +0000] "GET /v3/ HTTP/1.1" 200 249 10.0.0.253 - - [12/Aug/2026:01:18:59 +0000] "GET /v3/ HTTP/1.1" 200 249 10.0.0.253 - - [12/Aug/2026:01:19:59 +0000] "GET /v3/ HTTP/1.1" 200 249 10.0.0.253 - - [12/Aug/2026:01:19:59 +0000] "GET /v3/ HTTP/1.1" 200 249 10.0.0.92 - - [12/Aug/2026:01:20:25 +0000] "GET / HTTP/1.1" 300 295
[Wed Aug 12 01:20:25.533993 2026] [wsgi:error] [pid 12:tid 140253022586560] [remote 10.0.0.92:40050] 2026-08-12 01:20:25.533 12 WARNING keystone.common.password_hashing [None req-7a371f2e-d0d7-4406-a5d0-dd6de417b845 - - - - - -] Truncating password to algorithm specific maximum length 72 characters.
[Wed Aug 12 01:20:25.814578 2026] [wsgi:error] [pid 12:tid 140253022586560] [remote 10.0.0.92:40050] 2026-08-12 01:20:25.814 12 WARNING keystone.common.fernet_utils [None req-7a371f2e-d0d7-4406-a5d0-dd6de417b845 - - - - - -] key_repository is world readable: /etc/keystone/fernet-keys/ 10.0.0.92 - - [12/Aug/2026:01:20:25 +0000] "POST /v3/auth/tokens HTTP/1.1" 201 1360
[Wed Aug 12 01:20:25.938032 2026] [wsgi:error] [pid 9:tid 140253022586560] [remote 10.0.0.92:40050] 2026-08-12 01:20:25.937 9 WARNING keystone.common.fernet_utils [None req-436d13fa-7844-4770-a3b6-feacb269ecfa - - - - - -] key_repository is world readable: /etc/keystone/fernet-keys/ 10.0.0.92 - - [12/Aug/2026:01:20:25 +0000] "GET /v3/services HTTP/1.1" 200 355 10.0.0.92 - - [12/Aug/2026:01:20:29 +0000] "GET / HTTP/1.1" 300 295
[Wed Aug 12 01:20:29.769704 2026] [wsgi:error] [pid 11:tid 140253022586560] [remote 10.0.0.92:40052] 2026-08-12 01:20:29.769 11 WARNING keystone.common.password_hashing [None req-fd9453c4-1f92-4700-9b36-002b1f71c3ab - - - - - -] Truncating password to algorithm specific maximum length 72 characters.
[Wed Aug 12 01:20:30.068830 2026] [wsgi:error] [pid 11:tid 140253022586560] [remote 10.0.0.92:40052] 2026-08-12 01:20:30.068 11 WARNING keystone.common.fernet_utils [None req-fd9453c4-1f92-4700-9b36-002b1f71c3ab - - - - - -] key_repository is world readable: /etc/keystone/fernet-keys/ 10.0.0.92 - - [12/Aug/2026:01:20:29 +0000] "POST /v3/auth/tokens HTTP/1.1" 201 1360 10.0.0.92 - - [12/Aug/2026:01:20:30 +0000] "GET /v3/services HTTP/1.1" 200 355 10.0.0.92 - - [12/Aug/2026:01:20:33 +0000] "GET / HTTP/1.1" 300 295
[Wed Aug 12 01:20:33.766999 2026] [wsgi:error] [pid 10:tid 140253022586560] [remote 10.0.0.92:40642] 2026-08-12 01:20:33.766 10 WARNING keystone.common.password_hashing [None req-dc3dc6f4-6a9c-4fe9-8ce3-f25a0749c9f5 - - - - - -] Truncating password to algorithm specific maximum length 72 characters.
[Wed Aug 12 01:20:34.041822 2026] [wsgi:error] [pid 10:tid 140253022586560] [remote 10.0.0.92:40642] 2026-08-12 01:20:34.041 10 WARNING keystone.common.fernet_utils [None req-dc3dc6f4-6a9c-4fe9-8ce3-f25a0749c9f5 - - - - - -] key_repository is world readable: /etc/keystone/fernet-keys/ 10.0.0.92 - - [12/Aug/2026:01:20:33 +0000] "POST /v3/auth/tokens HTTP/1.1" 201 1360 10.0.0.92 - - [12/Aug/2026:01:20:34 +0000] "GET /v3/services HTTP/1.1" 200 355 10.0.0.92 - - [12/Aug/2026:01:20:37 +0000] "GET / HTTP/1.1" 300 295
[Wed Aug 12 01:20:37.737304 2026] [wsgi:error] [pid 9:tid 140253022586560] [remote 10.0.0.92:40654] 2026-08-12 01:20:37.736 9 WARNING keystone.common.password_hashing [None req-fa4ba177-2e1d-4280-baef-0a2128951ce1 - - - - - -] Truncating password to algorithm specific maximum length 72 characters.
[Wed Aug 12 01:20:38.024108 2026] [wsgi:error] [pid 9:tid 140253022586560] [remote 10.0.0.92:40654] 2026-08-12 01:20:38.023 9 WARNING keystone.common.fernet_utils [None req-fa4ba177-2e1d-4280-baef-0a2128951ce1 - - - - - -] key_repository is world readable: /etc/keystone/fernet-keys/ 10.0.0.92 - - [12/Aug/2026:01:20:37 +0000] "POST /v3/auth/tokens HTTP/1.1" 201 1360
[Wed Aug 12 01:20:38.201376 2026] [wsgi:error] [pid 10:tid 140253022586560] [remote 10.0.0.92:40654] 2026-08-12 01:20:38.201 10 WARNING keystone.common.fernet_utils [None req-dc3dc6f4-6a9c-4fe9-8ce3-f25a0749c9f5 - - - - - -] key_repository is world readable: /etc/keystone/fernet-keys/ 10.0.0.92 - - [12/Aug/2026:01:20:38 +0000] "POST /v3/services HTTP/1.1" 201 296 10.0.0.37 - - [12/Aug/2026:01:20:50 +0000] "GET / HTTP/1.1" 300 295
[Wed Aug 12 01:20:50.615937 2026] [wsgi:error] [pid 12:tid 140253022586560] [remote 10.0.0.37:47786] 2026-08-12 01:20:50.615 12 WARNING keystone.common.password_hashing [None req-73fb094a-454f-4154-a8d3-70eb0c9017c4 - - - - - -] Truncating password to algorithm specific maximum length 72 characters. 10.0.0.37 - - [12/Aug/2026:01:20:50 +0000] "GET / HTTP/1.1" 300 295
[Wed Aug 12 01:20:50.647590 2026] [wsgi:error] [pid 10:tid 140253022586560] [remote 10.0.0.37:47796] 2026-08-12 01:20:50.647 10 WARNING keystone.common.password_hashing [None req-b2265b5e-2b60-49da-a526-e7f030e18d9d - - - - - -] Truncating password to algorithm specific maximum length 72 characters. 10.0.0.37 - - [12/Aug/2026:01:20:50 +0000] "GET / HTTP/1.1" 300 295
[Wed Aug 12 01:20:50.834696 2026] [wsgi:error] [pid 9:tid 140253022586560] [remote 10.0.0.37:47800] 2026-08-12 01:20:50.834 9 WARNING keystone.common.password_hashing [None req-d84f3c3f-c76b-495d-815d-eacec6bfee14 - - - - - -] Truncating password to algorithm specific maximum length 72 characters.
[Wed Aug 12 01:20:50.900925 2026] [wsgi:error] [pid 12:tid 140253022586560] [remote 10.0.0.37:47786] 2026-08-12 01:20:50.900 12 WARNING keystone.common.fernet_utils [None req-73fb094a-454f-4154-a8d3-70eb0c9017c4 - - - - - -] key_repository is world readable: /etc/keystone/fernet-keys/ 10.0.0.37 - - [12/Aug/2026:01:20:50 +0000] "POST /v3/auth/tokens HTTP/1.1" 201 1464
[Wed Aug 12 01:20:50.929928 2026] [wsgi:error] [pid 10:tid 140253022586560] [remote 10.0.0.37:47796] 2026-08-12 01:20:50.929 10 WARNING keystone.common.fernet_utils [None req-b2265b5e-2b60-49da-a526-e7f030e18d9d - - - - - -] key_repository is world readable: /etc/keystone/fernet-keys/ 10.0.0.37 - - [12/Aug/2026:01:20:50 +0000] "POST /v3/auth/tokens HTTP/1.1" 201 1464 10.0.0.37 - - [12/Aug/2026:01:20:51 +0000] "GET /v3/services HTTP/1.1" 200 639 10.0.0.37 - - [12/Aug/2026:01:20:51 +0000] "GET /v3/services HTTP/1.1" 200 639
[Wed Aug 12 01:20:51.136731 2026] [wsgi:error] [pid 9:tid 140253022586560] [remote 10.0.0.37:47800] 2026-08-12 01:20:51.136 9 WARNING keystone.common.fernet_utils [None req-d84f3c3f-c76b-495d-815d-eacec6bfee14 - - - - - -] key_repository is world readable: /etc/keystone/fernet-keys/ 10.0.0.37 - - [12/Aug/2026:01:20:50 +0000] "POST /v3/auth/tokens HTTP/1.1" 201 1464
[Wed Aug 12 01:20:51.324310 2026] [wsgi:error] [pid 10:tid 140253022586560] [remote 10.0.0.37:47800] 2026-08-12 01:20:51.324 10 WARNING keystone.common.fernet_utils [None req-b2265b5e-2b60-49da-a526-e7f030e18d9d - - - - - -] key_repository is world readable: /etc/keystone/fernet-keys/ 10.0.0.37 - - [12/Aug/2026:01:20:51 +0000] "GET /v3/services HTTP/1.1" 200 639 10.0.0.37 - - [12/Aug/2026:01:20:52 +0000] "GET / HTTP/1.1" 300 295
[Wed Aug 12 01:20:52.807342 2026] [wsgi:error] [pid 12:tid 140253022586560] [remote 10.0.0.37:46388] 2026-08-12 01:20:52.807 12 WARNING keystone.common.password_hashing [None req-585ebd16-577c-4d87-9921-8f1c85ea3614 - - - - - -] Truncating password to algorithm specific maximum length 72 characters. 10.0.0.37 - - [12/Aug/2026:01:20:52 +0000] "GET / HTTP/1.1" 300 295
[Wed Aug 12 01:20:52.899969 2026] [wsgi:error] [pid 10:tid 140253022586560] [remote 10.0.0.37:46396] 2026-08-12 01:20:52.899 10 WARNING keystone.common.password_hashing [None req-711c7881-6d06-4aaa-a6c2-cdf39ea09102 - - - - - -] Truncating password to algorithm specific maximum length 72 characters.
[Wed Aug 12 01:20:53.088810 2026] [wsgi:error] [pid 12:tid 140253022586560] [remote 10.0.0.37:46388] 2026-08-12 01:20:53.088 12 WARNING keystone.common.fernet_utils [None req-585ebd16-577c-4d87-9921-8f1c85ea3614 - - - - - -] key_repository is world readable: /etc/keystone/fernet-keys/ 10.0.0.37 - - [12/Aug/2026:01:20:52 +0000] "POST /v3/auth/tokens HTTP/1.1" 201 1464 10.0.0.37 - - [12/Aug/2026:01:20:53 +0000] "GET / HTTP/1.1" 300 295
[Wed Aug 12 01:20:53.174117 2026] [wsgi:error] [pid 10:tid 140253022586560] [remote 10.0.0.37:46396] 2026-08-12 01:20:53.173 10 WARNING keystone.common.fernet_utils [None req-711c7881-6d06-4aaa-a6c2-cdf39ea09102 - - - - - -] key_repository is world readable: /etc/keystone/fernet-keys/ 10.0.0.37 - - [12/Aug/2026:01:20:52 +0000] "POST /v3/auth/tokens HTTP/1.1" 201 1464
[Wed Aug 12 01:20:53.201393 2026] [wsgi:error] [pid 9:tid 140253022586560] [remote 10.0.0.37:46410] 2026-08-12 01:20:53.201 9 WARNING keystone.common.password_hashing [None req-7e2628b0-c894-4257-8c32-5bb0d999dcec - - - - - -] Truncating password to algorithm specific maximum length 72 characters. 10.0.0.37 - - [12/Aug/2026:01:20:53 +0000] "GET /v3/endpoints HTTP/1.1" 200 1227 10.0.0.37 - - [12/Aug/2026:01:20:53 +0000] "GET /v3/services/524fb25a34f144439653b580cffb4f75 HTTP/1.1" 200 233 10.0.0.37 - - [12/Aug/2026:01:20:53 +0000] "GET /v3/services/524fb25a34f144439653b580cffb4f75 HTTP/1.1" 200 233 10.0.0.37 - - [12/Aug/2026:01:20:53 +0000] "GET /v3/endpoints HTTP/1.1" 200 1227 10.0.0.37 - - [12/Aug/2026:01:20:53 +0000] "GET /v3/services/524fb25a34f144439653b580cffb4f75 HTTP/1.1" 200 233 10.0.0.37 - - [12/Aug/2026:01:20:53 +0000] "GET /v3/services/524fb25a34f144439653b580cffb4f75 HTTP/1.1" 200 233 10.0.0.37 - - [12/Aug/2026:01:20:53 +0000] "GET /v3/services/524fb25a34f144439653b580cffb4f75 HTTP/1.1" 200 233 10.0.0.37 - - [12/Aug/2026:01:20:53 +0000] "GET /v3/services/524fb25a34f144439653b580cffb4f75 HTTP/1.1" 200 233
[Wed Aug 12 01:20:53.524233 2026] [wsgi:error] [pid 9:tid 140253022586560] [remote 10.0.0.37:46410] 2026-08-12 01:20:53.524 9 WARNING keystone.common.fernet_utils [None req-7e2628b0-c894-4257-8c32-5bb0d999dcec - - - - - -] key_repository is world readable: /etc/keystone/fernet-keys/ 10.0.0.37 - - [12/Aug/2026:01:20:53 +0000] "POST /v3/auth/tokens HTTP/1.1" 201 1464
[Wed Aug 12 01:20:53.716503 2026] [wsgi:error] [pid 10:tid 140253022586560] [remote 10.0.0.37:46410] 2026-08-12 01:20:53.715 10 WARNING keystone.common.fernet_utils [None req-e7e765fa-1533-41f9-9c5e-6eb5c9a29b10 cde72c80130a456c9b43a347f25a8045 eff356e654e54ab9ade5a6eaa1fa53d1 - - default default] key_repository is world readable: /etc/keystone/fernet-keys/ 10.0.0.37 - - [12/Aug/2026:01:20:53 +0000] "GET /v3/endpoints HTTP/1.1" 200 1227 10.0.0.37 - - [12/Aug/2026:01:20:53 +0000] "GET /v3/services/524fb25a34f144439653b580cffb4f75 HTTP/1.1" 200 233 10.0.0.37 - - [12/Aug/2026:01:20:53 +0000] "GET /v3/services/524fb25a34f144439653b580cffb4f75 HTTP/1.1" 200 233 10.0.0.37 - - [12/Aug/2026:01:20:53 +0000] "GET /v3/services/524fb25a34f144439653b580cffb4f75 HTTP/1.1" 200 233 10.0.0.37 - - [12/Aug/2026:01:20:55 +0000] "GET / HTTP/1.1" 300 295 10.0.0.37 - - [12/Aug/2026:01:20:55 +0000] "GET / HTTP/1.1" 300 295
[Wed Aug 12 01:20:55.161523 2026] [wsgi:error] [pid 11:tid 140253022586560] [remote 10.0.0.37:46434] 2026-08-12 01:20:55.161 11 WARNING keystone.common.password_hashing [None req-6fc5623e-d590-4c1e-bd8c-3e1a3897914f - - - - - -] Truncating password to algorithm specific maximum length 72 characters.
[Wed Aug 12 01:20:55.221231 2026] [wsgi:error] [pid 9:tid 140253022586560] [remote 10.0.0.37:46420] 2026-08-12 01:20:55.220 9 WARNING keystone.common.password_hashing [None req-cbafa145-0875-4cb4-9f55-cfb9921eaa8e - - - - - -] Truncating password to algorithm specific maximum length 72 characters.
[Wed Aug 12 01:20:55.445898 2026] [wsgi:error] [pid 11:tid 140253022586560] [remote 10.0.0.37:46434] 2026-08-12 01:20:55.445 11 WARNING keystone.common.fernet_utils [None req-6fc5623e-d590-4c1e-bd8c-3e1a3897914f - - - - - -] key_repository is world readable: /etc/keystone/fernet-keys/ 10.0.0.37 - - [12/Aug/2026:01:20:55 +0000] "POST /v3/auth/tokens HTTP/1.1" 201 1464
[Wed Aug 12 01:20:55.516327 2026] [wsgi:error] [pid 9:tid 140253022586560] [remote 10.0.0.37:46420] 2026-08-12 01:20:55.516 9 WARNING keystone.common.fernet_utils [None req-cbafa145-0875-4cb4-9f55-cfb9921eaa8e - - - - - -] key_repository is world readable: /etc/keystone/fernet-keys/ 10.0.0.37 - - [12/Aug/2026:01:20:55 +0000] "GET / HTTP/1.1" 300 295 10.0.0.37 - - [12/Aug/2026:01:20:55 +0000] "GET /v3/services/8137272ab1ce41b79e2125d270e5ac35 HTTP/1.1" 200 296
[Wed Aug 12 01:20:55.598995 2026] [wsgi:error] [pid 11:tid 140253022586560] [remote 10.0.0.37:46438] 2026-08-12 01:20:55.598 11 WARNING keystone.common.password_hashing [None req-ced48345-a710-45b8-9467-ab0f43ed8480 - - - - - -] Truncating password to algorithm specific maximum length 72 characters. 10.0.0.37 - - [12/Aug/2026:01:20:55 +0000] "POST /v3/auth/tokens HTTP/1.1" 201 1464 10.0.0.37 - - [12/Aug/2026:01:20:55 +0000] "GET /v3/regions/RegionOne HTTP/1.1" 200 173 10.0.0.37 - - [12/Aug/2026:01:20:55 +0000] "POST /v3/endpoints HTTP/1.1" 201 383 10.0.0.37 - - [12/Aug/2026:01:20:55 +0000] "GET /v3/services/8137272ab1ce41b79e2125d270e5ac35 HTTP/1.1" 200 296
[Wed Aug 12 01:20:55.860331 2026] [wsgi:error] [pid 12:tid 140253022586560] [remote 10.0.0.37:46420] 2026-08-12 01:20:55.860 12 WARNING keystone.common.fernet_utils [None req-d3b7b709-548f-4a8f-a233-ff14aa009e9b cde72c80130a456c9b43a347f25a8045 eff356e654e54ab9ade5a6eaa1fa53d1 - - default default] key_repository is world readable: /etc/keystone/fernet-keys/
[Wed Aug 12 01:20:55.871288 2026] [wsgi:error] [pid 11:tid 140253022586560] [remote 10.0.0.37:46438] 2026-08-12 01:20:55.871 11 WARNING keystone.common.fernet_utils [None req-ced48345-a710-45b8-9467-ab0f43ed8480 - - - - - -] key_repository is world readable: /etc/keystone/fernet-keys/ 10.0.0.37 - - [12/Aug/2026:01:20:55 +0000] "POST /v3/auth/tokens HTTP/1.1" 201 1644 10.0.0.37 - - [12/Aug/2026:01:20:55 +0000] "GET /v3/regions/RegionOne HTTP/1.1" 200 173 10.0.0.37 - - [12/Aug/2026:01:20:55 +0000] "POST /v3/endpoints HTTP/1.1" 201 380
[Wed Aug 12 01:20:55.993540 2026] [wsgi:error] [pid 9:tid 140253022586560] [remote 10.0.0.37:46438] 2026-08-12 01:20:55.993 9 WARNING keystone.common.fernet_utils [None req-db2555b5-b66d-4323-8afd-e809a0e0e932 cde72c80130a456c9b43a347f25a8045 eff356e654e54ab9ade5a6eaa1fa53d1 - - default default] key_repository is world readable: /etc/keystone/fernet-keys/ 10.0.0.37 - - [12/Aug/2026:01:20:55 +0000] "GET /v3/services/8137272ab1ce41b79e2125d270e5ac35 HTTP/1.1" 200 296 10.0.0.37 - - [12/Aug/2026:01:20:56 +0000] "GET /v3/regions/RegionOne HTTP/1.1" 200 173 10.0.0.37 - - [12/Aug/2026:01:20:56 +0000] "POST /v3/endpoints HTTP/1.1" 201 370 10.0.0.37 - - [12/Aug/2026:01:20:57 +0000] "GET / HTTP/1.1" 300 295
[Wed Aug 12 01:20:57.499373 2026] [wsgi:error] [pid 9:tid 140253022586560] [remote 10.0.0.37:46450] 2026-08-12 01:20:57.499 9 WARNING keystone.common.password_hashing [None req-498e82c2-8ba4-4cc8-8650-ec76b71dcdc6 - - - - - -] Truncating password to algorithm specific maximum length 72 characters. 10.0.0.37 - - [12/Aug/2026:01:20:57 +0000] "GET / HTTP/1.1" 300 295
[Wed Aug 12 01:20:57.602554 2026] [wsgi:error] [pid 12:tid 140253022586560] [remote 10.0.0.37:46466] 2026-08-12 01:20:57.602 12 WARNING keystone.common.password_hashing [None req-ca402773-4ce0-45ba-b697-dbccf6cdffb1 - - - - - -] Truncating password to algorithm specific maximum length 72 characters.
[Wed Aug 12 01:20:57.799241 2026] [wsgi:error] [pid 9:tid 140253022586560] [remote 10.0.0.37:46450] 2026-08-12 01:20:57.799 9 WARNING keystone.common.fernet_utils [None req-498e82c2-8ba4-4cc8-8650-ec76b71dcdc6 - - - - - -] key_repository is world readable: /etc/keystone/fernet-keys/
[Wed Aug 12 01:20:57.891595 2026] [wsgi:error] [pid 12:tid 140253022586560] [remote 10.0.0.37:46466] 2026-08-12 01:20:57.891 12 WARNING keystone.common.fernet_utils [None req-ca402773-4ce0-45ba-b697-dbccf6cdffb1 - - - - - -] key_repository is world readable: /etc/keystone/fernet-keys/ 10.0.0.37 - - [12/Aug/2026:01:20:57 +0000] "POST /v3/auth/tokens HTTP/1.1" 201 1992 10.0.0.37 - - [12/Aug/2026:01:20:57 +0000] "POST /v3/auth/tokens HTTP/1.1" 201 1992
[Wed Aug 12 01:20:57.998903 2026] [wsgi:error] [pid 10:tid 140253022586560] [remote 10.0.0.37:46450] 2026-08-12 01:20:57.998 10 WARNING keystone.common.fernet_utils [None req-33964af3-9ff3-402a-859f-bc8f6a107267 - - - - - -] key_repository is world readable: /etc/keystone/fernet-keys/ 10.0.0.37 - - [12/Aug/2026:01:20:57 +0000] "GET /v3/endpoints/430517bcfc7d4b65a6db7dcdb6d3c30c HTTP/1.1" 200 383 10.0.0.37 - - [12/Aug/2026:01:20:58 +0000] "GET /v3/endpoints/bfcc79bec5554b1ca8ef9d2e360e8094 HTTP/1.1" 200 380 10.0.0.37 - - [12/Aug/2026:01:20:58 +0000] "GET /v3/services/8137272ab1ce41b79e2125d270e5ac35 HTTP/1.1" 200 296 10.0.0.37 - - [12/Aug/2026:01:20:58 +0000] "GET / HTTP/1.1" 300 295 10.0.0.37 - - [12/Aug/2026:01:20:58 +0000] "GET /v3/services/8137272ab1ce41b79e2125d270e5ac35 HTTP/1.1" 200 296
[Wed Aug 12 01:20:58.133422 2026] [wsgi:error] [pid 11:tid 140253022586560] [remote 10.0.0.37:46470] 2026-08-12 01:20:58.133 11 WARNING keystone.common.password_hashing [None req-35716630-57ef-402e-95f1-3c29a0c78c59 - - - - - -] Truncating password to algorithm specific maximum length 72 characters.
[Wed Aug 12 01:20:58.418428 2026] [wsgi:error] [pid 11:tid 140253022586560] [remote 10.0.0.37:46470] 2026-08-12 01:20:58.418 11 WARNING keystone.common.fernet_utils [None req-35716630-57ef-402e-95f1-3c29a0c78c59 - - - - - -] key_repository is world readable: /etc/keystone/fernet-keys/ 10.0.0.37 - - [12/Aug/2026:01:20:58 +0000] "POST /v3/auth/tokens HTTP/1.1" 201 1992 10.0.0.37 - - [12/Aug/2026:01:20:58 +0000] "GET /v3/endpoints/e4d730108a314216ba9fa4ad32b055d8 HTTP/1.1" 200 370 10.0.0.37 - - [12/Aug/2026:01:20:58 +0000] "GET /v3/services/8137272ab1ce41b79e2125d270e5ac35 HTTP/1.1" 200 296 10.0.0.253 - - [12/Aug/2026:01:20:59 +0000] "GET /v3/ HTTP/1.1" 200 249 10.0.0.253 - - [12/Aug/2026:01:20:59 +0000] "GET /v3/ HTTP/1.1" 200 249 10.0.0.97 - - [12/Aug/2026:01:21:09 +0000] "GET / HTTP/1.1" 300 295
[Wed Aug 12 01:21:09.532846 2026] [wsgi:error] [pid 10:tid 140253022586560] [remote 10.0.0.97:43866] 2026-08-12 01:21:09.532 10 WARNING keystone.common.password_hashing [None req-c23597b9-6398-493c-a901-ef404039bbcf - - - - - -] Truncating password to algorithm specific maximum length 72 characters.
[Wed Aug 12 01:21:09.830168 2026] [wsgi:error] [pid 10:tid 140253022586560] [remote 10.0.0.97:43866] 2026-08-12 01:21:09.829 10 WARNING keystone.common.fernet_utils [None req-c23597b9-6398-493c-a901-ef404039bbcf - - - - - -] key_repository is world readable: /etc/keystone/fernet-keys/ 10.0.0.97 - - [12/Aug/2026:01:21:09 +0000] "POST /v3/auth/tokens HTTP/1.1" 201 1992
[Wed Aug 12 01:21:09.959455 2026] [wsgi:error] [pid 9:tid 140253022586560] [remote 10.0.0.97:43866] 2026-08-12 01:21:09.959 9 WARNING keystone.common.fernet_utils [None req-749deeae-3fb9-4bb3-950d-3e4fe000b75c - - - - - -] key_repository is world readable: /etc/keystone/fernet-keys/ 10.0.0.97 - - [12/Aug/2026:01:21:09 +0000] "POST /v3/domains HTTP/1.1" 201 284 10.0.0.97 - - [12/Aug/2026:01:21:12 +0000] "GET / HTTP/1.1" 300 295
[Wed Aug 12 01:21:12.324089 2026] [wsgi:error] [pid 12:tid 140253022586560] [remote 10.0.0.97:51988] 2026-08-12 01:21:12.323 12 WARNING keystone.common.password_hashing [None req-41077984-2818-4f55-b9a5-96b62cac2567 - - - - - -] Truncating password to algorithm specific maximum length 72 characters.
[Wed Aug 12 01:21:12.628752 2026] [wsgi:error] [pid 12:tid 140253022586560] [remote 10.0.0.97:51988] 2026-08-12 01:21:12.628 12 WARNING keystone.common.fernet_utils [None req-41077984-2818-4f55-b9a5-96b62cac2567 - - - - - -] key_repository is world readable: /etc/keystone/fernet-keys/ 10.0.0.97 - - [12/Aug/2026:01:21:12 +0000] "POST /v3/auth/tokens HTTP/1.1" 201 1992
[Wed Aug 12 01:21:12.774149 2026] [wsgi:error] [pid 10:tid 140253022586560] [remote 10.0.0.97:51988] 2026-08-12 01:21:12.761 10 ERROR keystone.server.flask.application [None req-6e6b7dd4-70a1-4af6-baa9-3e24f3755031 cde72c80130a456c9b43a347f25a8045 eff356e654e54ab9ade5a6eaa1fa53d1 - - default default] Conflict occurred attempting to store project - it is not permitted to have two projects acting as domains with the same name: service.: keystone.exception.Conflict: Conflict occurred attempting to store project - it is not permitted to have two projects acting as domains with the same name: service.
[Wed Aug 12 01:21:12.774181 2026] [wsgi:error] [pid 10:tid 140253022586560] [remote 10.0.0.97:51988] 2026-08-12 01:21:12.761 10 ERROR keystone.server.flask.application
Traceback (most recent call last):
[Wed Aug 12 01:21:12.774183 2026] [wsgi:error] [pid 10:tid 140253022586560] [remote 10.0.0.97:51988] 2026-08-12 01:21:12.761 10 ERROR keystone.server.flask.application
File "/var/lib/openstack/lib/python3.12/site-packages/sqlalchemy/engine/base.py", line 1969, in _exec_single_context
[Wed Aug 12 01:21:12.774184 2026] [wsgi:error] [pid 10:tid 140253022586560] [remote 10.0.0.97:51988] 2026-08-12 01:21:12.761 10 ERROR keystone.server.flask.application self.dialect.do_execute(
[Wed Aug 12 01:21:12.774186 2026] [wsgi:error] [pid 10:tid 140253022586560] [remote 10.0.0.97:51988] 2026-08-12 01:21:12.761 10 ERROR keystone.server.flask.application
File "/var/lib/openstack/lib/python3.12/site-packages/sqlalchemy/engine/default.py", line 952, in do_execute
[Wed Aug 12 01:21:12.774188 2026] [wsgi:error] [pid 10:tid 140253022586560] [remote 10.0.0.97:51988] 2026-08-12 01:21:12.761 10 ERROR keystone.server.flask.application cursor.execute(statement, parameters)
[Wed Aug 12 01:21:12.774189 2026] [wsgi:error] [pid 10:tid 140253022586560] [remote 10.0.0.97:51988] 2026-08-12 01:21:12.761 10 ERROR keystone.server.flask.application
File "/var/lib/openstack/lib/python3.12/site-packages/pymysql/cursors.py", line 159, in execute
[Wed Aug 12 01:21:12.774191 2026] [wsgi:error] [pid 10:tid 140253022586560] [remote 10.0.0.97:51988] 2026-08-12 01:21:12.761 10 ERROR keystone.server.flask.application result = self._query(query)
[Wed Aug 12 01:21:12.774192 2026] [wsgi:error] [pid 10:tid 140253022586560] [remote 10.0.0.97:51988] 2026-08-12 01:21:12.761 10 ERROR keystone.server.flask.application ^^^^^^^^^^^^^^^^^^
[Wed Aug 12 01:21:12.774193 2026] [wsgi:error] [pid 10:tid 140253022586560] [remote 10.0.0.97:51988] 2026-08-12 01:21:12.761 10 ERROR keystone.server.flask.application
File "/var/lib/openstack/lib/python3.12/site-packages/pymysql/cursors.py", line 330, in _query
[Wed Aug 12 01:21:12.774195 2026] [wsgi:error] [pid 10:tid 140253022586560] [remote 10.0.0.97:51988] 2026-08-12 01:21:12.761 10 ERROR keystone.server.flask.application conn.query(q)
[Wed Aug 12 01:21:12.774196 2026] [wsgi:error] [pid 10:tid 140253022586560] [remote 10.0.0.97:51988] 2026-08-12 01:21:12.761 10 ERROR keystone.server.flask.application
File "/var/lib/openstack/lib/python3.12/site-packages/pymysql/connections.py", line 582, in query
[Wed Aug 12 01:21:12.774198 2026] [wsgi:error] [pid 10:tid 140253022586560] [remote 10.0.0.97:51988] 2026-08-12 01:21:12.761 10 ERROR keystone.server.flask.application self._affected_rows = self._read_query_result(unbuffered=unbuffered)
[Wed Aug 12 01:21:12.774199 2026] [wsgi:error] [pid 10:tid 140253022586560] [remote 10.0.0.97:51988] 2026-08-12 01:21:12.761 10 ERROR keystone.server.flask.application ^^^^^^^^^^^^^^^^^^^^^^^^^^^^^^^^^^^^^^^^^^^^^^
[Wed Aug 12 01:21:12.774200 2026] [wsgi:error] [pid 10:tid 140253022586560] [remote 10.0.0.97:51988] 2026-08-12 01:21:12.761 10 ERROR keystone.server.flask.application
File "/var/lib/openstack/lib/python3.12/site-packages/pymysql/connections.py", line 847, in _read_query_result
[Wed Aug 12 01:21:12.774202 2026] [wsgi:error] [pid 10:tid 140253022586560] [remote 10.0.0.97:51988] 2026-08-12 01:21:12.761 10 ERROR keystone.server.flask.application result.read()
[Wed Aug 12 01:21:12.774205 2026] [wsgi:error] [pid 10:tid 140253022586560] [remote 10.0.0.97:51988] 2026-08-12 01:21:12.761 10 ERROR keystone.server.flask.application
File "/var/lib/openstack/lib/python3.12/site-packages/pymysql/connections.py", line 1245, in read
[Wed Aug 12 01:21:12.774207 2026] [wsgi:error] [pid 10:tid 140253022586560] [remote 10.0.0.97:51988] 2026-08-12 01:21:12.761 10 ERROR keystone.server.flask.application first_packet = self.connection._read_packet()
[Wed Aug 12 01:21:12.774208 2026] [wsgi:error] [pid 10:tid 140253022586560] [remote 10.0.0.97:51988] 2026-08-12 01:21:12.761 10 ERROR keystone.server.flask.application ^^^^^^^^^^^^^^^^^^^^^^^^^^^^^^
[Wed Aug 12 01:21:12.774210 2026] [wsgi:error] [pid 10:tid 140253022586560] [remote 10.0.0.97:51988] 2026-08-12 01:21:12.761 10 ERROR keystone.server.flask.application
File "/var/lib/openstack/lib/python3.12/site-packages/pymysql/connections.py", line 803, in _read_packet
[Wed Aug 12 01:21:12.774211 2026] [wsgi:error] [pid 10:tid 140253022586560] [remote 10.0.0.97:51988] 2026-08-12 01:21:12.761 10 ERROR keystone.server.flask.application packet.raise_for_error()
[Wed Aug 12 01:21:12.774212 2026] [wsgi:error] [pid 10:tid 140253022586560] [remote 10.0.0.97:51988] 2026-08-12 01:21:12.761 10 ERROR keystone.server.flask.application
File "/var/lib/openstack/lib/python3.12/site-packages/pymysql/protocol.py", line 219, in raise_for_error
[Wed Aug 12 01:21:12.774214 2026] [wsgi:error] [pid 10:tid 140253022586560] [remote 10.0.0.97:51988] 2026-08-12 01:21:12.761 10 ERROR keystone.server.flask.application err.raise_mysql_exception(self._data)
[Wed Aug 12 01:21:12.774215 2026] [wsgi:error] [pid 10:tid 140253022586560] [remote 10.0.0.97:51988] 2026-08-12 01:21:12.761 10 ERROR keystone.server.flask.application
File "/var/lib/openstack/lib/python3.12/site-packages/pymysql/err.py", line 154, in raise_mysql_exception
[Wed Aug 12 01:21:12.774217 2026] [wsgi:error] [pid 10:tid 140253022586560] [remote 10.0.0.97:51988] 2026-08-12 01:21:12.761 10 ERROR keystone.server.flask.application raise errorclass(errno, errval, sqlstate=sqlstate)
[Wed Aug 12 01:21:12.774218 2026] [wsgi:error] [pid 10:tid 140253022586560] [remote 10.0.0.97:51988] 2026-08-12 01:21:12.761 10 ERROR keystone.server.flask.application pymysql.err.IntegrityError: (1062, "Duplicate entry '<>-service' for key 'project.ixu_project_name_domain_id'")
[Wed Aug 12 01:21:12.774220 2026] [wsgi:error] [pid 10:tid 140253022586560] [remote 10.0.0.97:51988] 2026-08-12 01:21:12.761 10 ERROR keystone.server.flask.application
[Wed Aug 12 01:21:12.774221 2026] [wsgi:error] [pid 10:tid 140253022586560] [remote 10.0.0.97:51988] 2026-08-12 01:21:12.761 10 ERROR keystone.server.flask.application The above exception was the direct cause of the following exception:
[Wed Aug 12 01:21:12.774223 2026] [wsgi:error] [pid 10:tid 140253022586560] [remote 10.0.0.97:51988] 2026-08-12 01:21:12.761 10 ERROR keystone.server.flask.application
[Wed Aug 12 01:21:12.774224 2026] [wsgi:error] [pid 10:tid 140253022586560] [remote 10.0.0.97:51988] 2026-08-12 01:21:12.761 10 ERROR keystone.server.flask.application
Traceback (most recent call last):
[Wed Aug 12 01:21:12.774225 2026] [wsgi:error] [pid 10:tid 140253022586560] [remote 10.0.0.97:51988] 2026-08-12 01:21:12.761 10 ERROR keystone.server.flask.application
File "/var/lib/openstack/lib/python3.12/site-packages/keystone/common/sql/core.py", line 575, in wrapper
[Wed Aug 12 01:21:12.774227 2026] [wsgi:error] [pid 10:tid 140253022586560] [remote 10.0.0.97:51988] 2026-08-12 01:21:12.761 10 ERROR keystone.server.flask.application return method(*args, **kwargs)
[Wed Aug 12 01:21:12.774228 2026] [wsgi:error] [pid 10:tid 140253022586560] [remote 10.0.0.97:51988] 2026-08-12 01:21:12.761 10 ERROR keystone.server.flask.application ^^^^^^^^^^^^^^^^^^^^^^^
[Wed Aug 12 01:21:12.774230 2026] [wsgi:error] [pid 10:tid 140253022586560] [remote 10.0.0.97:51988] 2026-08-12 01:21:12.761 10 ERROR keystone.server.flask.application
File "/var/lib/openstack/lib/python3.12/site-packages/keystone/resource/backends/sql.py", line 278, in create_project
[Wed Aug 12 01:21:12.774232 2026] [wsgi:error] [pid 10:tid 140253022586560] [remote 10.0.0.97:51988] 2026-08-12 01:21:12.761 10 ERROR keystone.server.flask.application with sql.session_for_write() as session:
[Wed Aug 12 01:21:12.774233 2026] [wsgi:error] [pid 10:tid 140253022586560] [remote 10.0.0.97:51988] 2026-08-12 01:21:12.761 10 ERROR keystone.server.flask.application
File "/usr/lib/python3.12/contextlib.py", line 144, in __exit__
[Wed Aug 12 01:21:12.774234 2026] [wsgi:error] [pid 10:tid 140253022586560] [remote 10.0.0.97:51988] 2026-08-12 01:21:12.761 10 ERROR keystone.server.flask.application next(self.gen)
[Wed Aug 12 01:21:12.774236 2026] [wsgi:error] [pid 10:tid 140253022586560] [remote 10.0.0.97:51988] 2026-08-12 01:21:12.761 10 ERROR keystone.server.flask.application
File "/var/lib/openstack/lib/python3.12/site-packages/oslo_db/sqlalchemy/enginefacade.py", line 1175, in _transaction_scope
[Wed Aug 12 01:21:12.774237 2026] [wsgi:error] [pid 10:tid 140253022586560] [remote 10.0.0.97:51988] 2026-08-12 01:21:12.761 10 ERROR keystone.server.flask.application with current._produce_block(
[Wed Aug 12 01:21:12.774238 2026] [wsgi:error] [pid 10:tid 140253022586560] [remote 10.0.0.97:51988] 2026-08-12 01:21:12.761 10 ERROR keystone.server.flask.application
File "/usr/lib/python3.12/contextlib.py", line 144, in __exit__
[Wed Aug 12 01:21:12.774240 2026] [wsgi:error] [pid 10:tid 140253022586560] [remote 10.0.0.97:51988] 2026-08-12 01:21:12.761 10 ERROR keystone.server.flask.application next(self.gen)
[Wed Aug 12 01:21:12.774241 2026] [wsgi:error] [pid 10:tid 140253022586560] [remote 10.0.0.97:51988] 2026-08-12 01:21:12.761 10 ERROR keystone.server.flask.application
File "/var/lib/openstack/lib/python3.12/site-packages/oslo_db/sqlalchemy/enginefacade.py", line 837, in _session
[Wed Aug 12 01:21:12.774243 2026] [wsgi:error] [pid 10:tid 140253022586560] [remote 10.0.0.97:51988] 2026-08-12 01:21:12.761 10 ERROR keystone.server.flask.application with excutils.save_and_reraise_exception():
[Wed Aug 12 01:21:12.774244 2026] [wsgi:error] [pid 10:tid 140253022586560] [remote 10.0.0.97:51988] 2026-08-12 01:21:12.761 10 ERROR keystone.server.flask.application
File "/var/lib/openstack/lib/python3.12/site-packages/oslo_utils/excutils.py", line 266, in __exit__
[Wed Aug 12 01:21:12.774245 2026] [wsgi:error] [pid 10:tid 140253022586560] [remote 10.0.0.97:51988] 2026-08-12 01:21:12.761 10 ERROR keystone.server.flask.application self.force_reraise()
[Wed Aug 12 01:21:12.774247 2026] [wsgi:error] [pid 10:tid 140253022586560] [remote 10.0.0.97:51988] 2026-08-12 01:21:12.761 10 ERROR keystone.server.flask.application
File "/var/lib/openstack/lib/python3.12/site-packages/oslo_utils/excutils.py", line 232, in force_reraise
[Wed Aug 12 01:21:12.774257 2026] [wsgi:error] [pid 10:tid 140253022586560] [remote 10.0.0.97:51988] 2026-08-12 01:21:12.761 10 ERROR keystone.server.flask.application raise self.value
[Wed Aug 12 01:21:12.774258 2026] [wsgi:error] [pid 10:tid 140253022586560] [remote 10.0.0.97:51988] 2026-08-12 01:21:12.761 10 ERROR keystone.server.flask.application
File "/var/lib/openstack/lib/python3.12/site-packages/oslo_db/sqlalchemy/enginefacade.py", line 835, in _session
[Wed Aug 12 01:21:12.774260 2026] [wsgi:error] [pid 10:tid 140253022586560] [remote 10.0.0.97:51988] 2026-08-12 01:21:12.761 10 ERROR keystone.server.flask.application self._end_session_transaction(self.session)
[Wed Aug 12 01:21:12.774261 2026] [wsgi:error] [pid 10:tid 140253022586560] [remote 10.0.0.97:51988] 2026-08-12 01:21:12.761 10 ERROR keystone.server.flask.application
File "/var/lib/openstack/lib/python3.12/site-packages/oslo_db/sqlalchemy/enginefacade.py", line 748, in _end_session_transaction
[Wed Aug 12 01:21:12.774262 2026] [wsgi:error] [pid 10:tid 140253022586560] [remote 10.0.0.97:51988] 2026-08-12 01:21:12.761 10 ERROR keystone.server.flask.application session.commit()
[Wed Aug 12 01:21:12.774264 2026] [wsgi:error] [pid 10:tid 140253022586560] [remote 10.0.0.97:51988] 2026-08-12 01:21:12.761 10 ERROR keystone.server.flask.application
File "/var/lib/openstack/lib/python3.12/site-packages/sqlalchemy/orm/session.py", line 2034, in commit
[Wed Aug 12 01:21:12.774265 2026] [wsgi:error] [pid 10:tid 140253022586560] [remote 10.0.0.97:51988] 2026-08-12 01:21:12.761 10 ERROR keystone.server.flask.application trans.commit(_to_root=True)
[Wed Aug 12 01:21:12.774266 2026] [wsgi:error] [pid 10:tid 140253022586560] [remote 10.0.0.97:51988] 2026-08-12 01:21:12.761 10 ERROR keystone.server.flask.application File "", line 2, in commit
[Wed Aug 12 01:21:12.774268 2026] [wsgi:error] [pid 10:tid 140253022586560] [remote 10.0.0.97:51988] 2026-08-12 01:21:12.761 10 ERROR keystone.server.flask.application
File "/var/lib/openstack/lib/python3.12/site-packages/sqlalchemy/orm/state_changes.py", line 137, in _go
[Wed Aug 12 01:21:12.774269 2026] [wsgi:error] [pid 10:tid 140253022586560] [remote 10.0.0.97:51988] 2026-08-12 01:21:12.761 10 ERROR keystone.server.flask.application ret_value = fn(self, *arg, **kw)
[Wed Aug 12 01:21:12.774271 2026] [wsgi:error] [pid 10:tid 140253022586560] [remote 10.0.0.97:51988] 2026-08-12 01:21:12.761 10 ERROR keystone.server.flask.application ^^^^^^^^^^^^^^^^^^^^
[Wed Aug 12 01:21:12.774272 2026] [wsgi:error] [pid 10:tid 140253022586560] [remote 10.0.0.97:51988] 2026-08-12 01:21:12.761 10 ERROR keystone.server.flask.application
File "/var/lib/openstack/lib/python3.12/site-packages/sqlalchemy/orm/session.py", line 1315, in commit
[Wed Aug 12 01:21:12.774273 2026] [wsgi:error] [pid 10:tid 140253022586560] [remote 10.0.0.97:51988] 2026-08-12 01:21:12.761 10 ERROR keystone.server.flask.application self._prepare_impl()
[Wed Aug 12 01:21:12.774275 2026] [wsgi:error] [pid 10:tid 140253022586560] [remote 10.0.0.97:51988] 2026-08-12 01:21:12.761 10 ERROR keystone.server.flask.application File "", line 2, in _prepare_impl
[Wed Aug 12 01:21:12.774276 2026] [wsgi:error] [pid 10:tid 140253022586560] [remote 10.0.0.97:51988] 2026-08-12 01:21:12.761 10 ERROR keystone.server.flask.application
File "/var/lib/openstack/lib/python3.12/site-packages/sqlalchemy/orm/state_changes.py", line 137, in _go
