May 21 23:21:02.265676 np0000176086 nova-scheduler[108493]: DEBUG cotyledon.oslo_config_glue [-] workarounds.disable_libvirt_livesnapshot = False {{(pid=108493) log_opt_values /opt/stack/data/venv/lib/python3.12/site-packages/oslo_config/cfg.py:3256}}
May 21 23:21:02.265676 np0000176086 nova-scheduler[108493]: DEBUG cotyledon.oslo_config_glue [-] workarounds.disable_rootwrap = False {{(pid=108493) log_opt_values /opt/stack/data/venv/lib/python3.12/site-packages/oslo_config/cfg.py:3256}}
May 21 23:21:02.265676 np0000176086 nova-scheduler[108493]: DEBUG cotyledon.oslo_config_glue [-] workarounds.enable_numa_live_migration = False {{(pid=108493) log_opt_values /opt/stack/data/venv/lib/python3.12/site-packages/oslo_config/cfg.py:3256}}
May 21 23:21:02.265676 np0000176086 nova-scheduler[108493]: DEBUG cotyledon.oslo_config_glue [-] workarounds.enable_qemu_monitor_announce_self = False {{(pid=108493) log_opt_values /opt/stack/data/venv/lib/python3.12/site-packages/oslo_config/cfg.py:3256}}
May 21 23:21:02.265676 np0000176086 nova-scheduler[108493]: DEBUG cotyledon.oslo_config_glue [-] workarounds.ensure_libvirt_rbd_instance_dir_cleanup = False {{(pid=108493) log_opt_values /opt/stack/data/venv/lib/python3.12/site-packages/oslo_config/cfg.py:3256}}
May 21 23:21:02.266069 np0000176086 nova-scheduler[108493]: DEBUG cotyledon.oslo_config_glue [-] workarounds.handle_virt_lifecycle_events = True {{(pid=108493) log_opt_values /opt/stack/data/venv/lib/python3.12/site-packages/oslo_config/cfg.py:3256}}
May 21 23:21:02.266069 np0000176086 nova-scheduler[108493]: DEBUG cotyledon.oslo_config_glue [-] workarounds.libvirt_disable_apic = False {{(pid=108493) log_opt_values /opt/stack/data/venv/lib/python3.12/site-packages/oslo_config/cfg.py:3256}}
May 21 23:21:02.266069 np0000176086 nova-scheduler[108493]: DEBUG cotyledon.oslo_config_glue [-] workarounds.never_download_image_if_on_rbd = False {{(pid=108493) log_opt_values /opt/stack/data/venv/lib/python3.12/site-packages/oslo_config/cfg.py:3256}}
May 21 23:21:02.266069 np0000176086 nova-scheduler[108493]: DEBUG cotyledon.oslo_config_glue [-] workarounds.qemu_monitor_announce_self_count = 3 {{(pid=108493) log_opt_values /opt/stack/data/venv/lib/python3.12/site-packages/oslo_config/cfg.py:3256}}
May 21 23:21:02.266069 np0000176086 nova-scheduler[108493]: DEBUG cotyledon.oslo_config_glue [-] workarounds.qemu_monitor_announce_self_interval = 1 {{(pid=108493) log_opt_values /opt/stack/data/venv/lib/python3.12/site-packages/oslo_config/cfg.py:3256}}
May 21 23:21:02.266069 np0000176086 nova-scheduler[108493]: DEBUG cotyledon.oslo_config_glue [-] workarounds.reserve_disk_resource_for_image_cache = False {{(pid=108493) log_opt_values /opt/stack/data/venv/lib/python3.12/site-packages/oslo_config/cfg.py:3256}}
May 21 23:21:02.266069 np0000176086 nova-scheduler[108493]: DEBUG cotyledon.oslo_config_glue [-] workarounds.skip_cpu_compare_at_startup = False {{(pid=108493) log_opt_values /opt/stack/data/venv/lib/python3.12/site-packages/oslo_config/cfg.py:3256}}
May 21 23:21:02.266069 np0000176086 nova-scheduler[108493]: DEBUG cotyledon.oslo_config_glue [-] workarounds.skip_cpu_compare_on_dest = False {{(pid=108493) log_opt_values /opt/stack/data/venv/lib/python3.12/site-packages/oslo_config/cfg.py:3256}}
May 21 23:21:02.266344 np0000176086 nova-scheduler[108509]: INFO nova.service [-] Starting scheduler node (version 33.1.0)
May 21 23:21:02.266390 np0000176086 nova-scheduler[108493]: DEBUG cotyledon.oslo_config_glue [-] workarounds.skip_hypervisor_version_check_on_lm = False {{(pid=108493) log_opt_values /opt/stack/data/venv/lib/python3.12/site-packages/oslo_config/cfg.py:3256}}
May 21 23:21:02.266390 np0000176086 nova-scheduler[108493]: DEBUG cotyledon.oslo_config_glue [-] workarounds.skip_reserve_in_use_ironic_nodes = False {{(pid=108493) log_opt_values /opt/stack/data/venv/lib/python3.12/site-packages/oslo_config/cfg.py:3256}}
May 21 23:21:02.266390 np0000176086 nova-scheduler[108493]: DEBUG cotyledon.oslo_config_glue [-] workarounds.unified_limits_count_pcpu_as_vcpu = False {{(pid=108493) log_opt_values /opt/stack/data/venv/lib/python3.12/site-packages/oslo_config/cfg.py:3256}}
May 21 23:21:02.266390 np0000176086 nova-scheduler[108493]: DEBUG cotyledon.oslo_config_glue [-] workarounds.wait_for_vif_plugged_event_during_hard_reboot = [] {{(pid=108493) log_opt_values /opt/stack/data/venv/lib/python3.12/site-packages/oslo_config/cfg.py:3256}}
May 21 23:21:02.266390 np0000176086 nova-scheduler[108493]: DEBUG cotyledon.oslo_config_glue [-] wsgi.api_paste_config = /etc/nova/api-paste.ini {{(pid=108493) log_opt_values /opt/stack/data/venv/lib/python3.12/site-packages/oslo_config/cfg.py:3256}}
May 21 23:21:02.266390 np0000176086 nova-scheduler[108493]: DEBUG cotyledon.oslo_config_glue [-] wsgi.secure_proxy_ssl_header = None {{(pid=108493) log_opt_values /opt/stack/data/venv/lib/python3.12/site-packages/oslo_config/cfg.py:3256}}
May 21 23:21:02.266390 np0000176086 nova-scheduler[108493]: DEBUG cotyledon.oslo_config_glue [-] zvm.ca_file = None {{(pid=108493) log_opt_values /opt/stack/data/venv/lib/python3.12/site-packages/oslo_config/cfg.py:3256}}
May 21 23:21:02.266390 np0000176086 nova-scheduler[108493]: DEBUG cotyledon.oslo_config_glue [-] zvm.cloud_connector_url = None {{(pid=108493) log_opt_values /opt/stack/data/venv/lib/python3.12/site-packages/oslo_config/cfg.py:3256}}
May 21 23:21:02.266390 np0000176086 nova-scheduler[108493]: DEBUG cotyledon.oslo_config_glue [-] zvm.image_tmp_path = /opt/stack/data/nova/images {{(pid=108493) log_opt_values /opt/stack/data/venv/lib/python3.12/site-packages/oslo_config/cfg.py:3256}}
May 21 23:21:02.266742 np0000176086 nova-scheduler[108493]: DEBUG cotyledon.oslo_config_glue [-] zvm.reachable_timeout = 300 {{(pid=108493) log_opt_values /opt/stack/data/venv/lib/python3.12/site-packages/oslo_config/cfg.py:3256}}
May 21 23:21:02.266742 np0000176086 nova-scheduler[108493]: DEBUG cotyledon.oslo_config_glue [-] oslo_versionedobjects.fatal_exception_format_errors = False {{(pid=108493) log_opt_values /opt/stack/data/venv/lib/python3.12/site-packages/oslo_config/cfg.py:3256}}
May 21 23:21:02.266742 np0000176086 nova-scheduler[108493]: DEBUG cotyledon.oslo_config_glue [-] oslo_middleware.http_basic_auth_user_file = /etc/htpasswd {{(pid=108493) log_opt_values /opt/stack/data/venv/lib/python3.12/site-packages/oslo_config/cfg.py:3256}}
May 21 23:21:02.266742 np0000176086 nova-scheduler[108493]: DEBUG cotyledon.oslo_config_glue [-] oslo_messaging_metrics.metrics_buffer_size = 1000 {{(pid=108493) log_opt_values /opt/stack/data/venv/lib/python3.12/site-packages/oslo_config/cfg.py:3256}}
May 21 23:21:02.266742 np0000176086 nova-scheduler[108493]: DEBUG cotyledon.oslo_config_glue [-] oslo_messaging_metrics.metrics_enabled = False {{(pid=108493) log_opt_values /opt/stack/data/venv/lib/python3.12/site-packages/oslo_config/cfg.py:3256}}
May 21 23:21:02.266742 np0000176086 nova-scheduler[108493]: DEBUG cotyledon.oslo_config_glue [-] oslo_messaging_metrics.metrics_process_name = {{(pid=108493) log_opt_values /opt/stack/data/venv/lib/python3.12/site-packages/oslo_config/cfg.py:3256}}
May 21 23:21:02.266742 np0000176086 nova-scheduler[108493]: DEBUG cotyledon.oslo_config_glue [-] oslo_messaging_metrics.metrics_socket_file = /var/tmp/metrics_collector.sock {{(pid=108493) log_opt_values /opt/stack/data/venv/lib/python3.12/site-packages/oslo_config/cfg.py:3256}}
May 21 23:21:02.266742 np0000176086 nova-scheduler[108493]: DEBUG cotyledon.oslo_config_glue [-] oslo_messaging_metrics.metrics_thread_stop_timeout = 10 {{(pid=108493) log_opt_values /opt/stack/data/venv/lib/python3.12/site-packages/oslo_config/cfg.py:3256}}
May 21 23:21:02.267033 np0000176086 nova-scheduler[108493]: DEBUG cotyledon.oslo_config_glue [-] profiler.connection_string = messaging:// {{(pid=108493) log_opt_values /opt/stack/data/venv/lib/python3.12/site-packages/oslo_config/cfg.py:3256}}
May 21 23:21:02.267033 np0000176086 nova-scheduler[108493]: DEBUG cotyledon.oslo_config_glue [-] profiler.enabled = False {{(pid=108493) log_opt_values /opt/stack/data/venv/lib/python3.12/site-packages/oslo_config/cfg.py:3256}}
May 21 23:21:02.267033 np0000176086 nova-scheduler[108493]: DEBUG cotyledon.oslo_config_glue [-] profiler.es_doc_type = notification {{(pid=108493) log_opt_values /opt/stack/data/venv/lib/python3.12/site-packages/oslo_config/cfg.py:3256}}
May 21 23:21:02.267033 np0000176086 nova-scheduler[108493]: DEBUG cotyledon.oslo_config_glue [-] profiler.es_scroll_size = 10000 {{(pid=108493) log_opt_values /opt/stack/data/venv/lib/python3.12/site-packages/oslo_config/cfg.py:3256}}
May 21 23:21:02.267033 np0000176086 nova-scheduler[108493]: DEBUG cotyledon.oslo_config_glue [-] profiler.es_scroll_time = 2m {{(pid=108493) log_opt_values /opt/stack/data/venv/lib/python3.12/site-packages/oslo_config/cfg.py:3256}}
May 21 23:21:02.267033 np0000176086 nova-scheduler[108493]: DEBUG cotyledon.oslo_config_glue [-] profiler.filter_error_trace = False {{(pid=108493) log_opt_values /opt/stack/data/venv/lib/python3.12/site-packages/oslo_config/cfg.py:3256}}
May 21 23:21:02.267033 np0000176086 nova-scheduler[108493]: DEBUG cotyledon.oslo_config_glue [-] profiler.hmac_keys = **** {{(pid=108493) log_opt_values /opt/stack/data/venv/lib/python3.12/site-packages/oslo_config/cfg.py:3256}}
May 21 23:21:02.267033 np0000176086 nova-scheduler[108493]: DEBUG cotyledon.oslo_config_glue [-] profiler.sentinel_service_name = mymaster {{(pid=108493) log_opt_values /opt/stack/data/venv/lib/python3.12/site-packages/oslo_config/cfg.py:3256}}
May 21 23:21:02.267033 np0000176086 nova-scheduler[108493]: DEBUG cotyledon.oslo_config_glue [-] profiler.socket_timeout = 0.1 {{(pid=108493) log_opt_values /opt/stack/data/venv/lib/python3.12/site-packages/oslo_config/cfg.py:3256}}
May 21 23:21:02.267429 np0000176086 nova-scheduler[108493]: DEBUG cotyledon.oslo_config_glue [-] profiler.trace_requests = False {{(pid=108493) log_opt_values /opt/stack/data/venv/lib/python3.12/site-packages/oslo_config/cfg.py:3256}}
May 21 23:21:02.267429 np0000176086 nova-scheduler[108493]: DEBUG cotyledon.oslo_config_glue [-] profiler.trace_sqlalchemy = False {{(pid=108493) log_opt_values /opt/stack/data/venv/lib/python3.12/site-packages/oslo_config/cfg.py:3256}}
May 21 23:21:02.267429 np0000176086 nova-scheduler[108493]: DEBUG cotyledon.oslo_config_glue [-] profiler_jaeger.process_tags = {} {{(pid=108493) log_opt_values /opt/stack/data/venv/lib/python3.12/site-packages/oslo_config/cfg.py:3256}}
May 21 23:21:02.267429 np0000176086 nova-scheduler[108493]: DEBUG cotyledon.oslo_config_glue [-] profiler_jaeger.service_name_prefix = None {{(pid=108493) log_opt_values /opt/stack/data/venv/lib/python3.12/site-packages/oslo_config/cfg.py:3256}}
May 21 23:21:02.267429 np0000176086 nova-scheduler[108493]: DEBUG cotyledon.oslo_config_glue [-] profiler_otlp.service_name_prefix = None {{(pid=108493) log_opt_values /opt/stack/data/venv/lib/python3.12/site-packages/oslo_config/cfg.py:3256}}
May 21 23:21:02.267429 np0000176086 nova-scheduler[108493]: DEBUG cotyledon.oslo_config_glue [-] oslo_messaging_rabbit.amqp_auto_delete = False {{(pid=108493) log_opt_values /opt/stack/data/venv/lib/python3.12/site-packages/oslo_config/cfg.py:3256}}
May 21 23:21:02.267429 np0000176086 nova-scheduler[108493]: DEBUG cotyledon.oslo_config_glue [-] oslo_messaging_rabbit.amqp_durable_queues = False {{(pid=108493) log_opt_values /opt/stack/data/venv/lib/python3.12/site-packages/oslo_config/cfg.py:3256}}
May 21 23:21:02.267429 np0000176086 nova-scheduler[108493]: DEBUG cotyledon.oslo_config_glue [-] oslo_messaging_rabbit.conn_pool_min_size = 2 {{(pid=108493) log_opt_values /opt/stack/data/venv/lib/python3.12/site-packages/oslo_config/cfg.py:3256}}
May 21 23:21:02.267429 np0000176086 nova-scheduler[108493]: DEBUG cotyledon.oslo_config_glue [-] oslo_messaging_rabbit.conn_pool_ttl = 1200 {{(pid=108493) log_opt_values /opt/stack/data/venv/lib/python3.12/site-packages/oslo_config/cfg.py:3256}}
May 21 23:21:02.267757 np0000176086 nova-scheduler[108493]: DEBUG cotyledon.oslo_config_glue [-] oslo_messaging_rabbit.direct_mandatory_flag = True {{(pid=108493) log_opt_values /opt/stack/data/venv/lib/python3.12/site-packages/oslo_config/cfg.py:3256}}
May 21 23:21:02.267757 np0000176086 nova-scheduler[108493]: DEBUG cotyledon.oslo_config_glue [-] oslo_messaging_rabbit.enable_cancel_on_failover = False {{(pid=108493) log_opt_values /opt/stack/data/venv/lib/python3.12/site-packages/oslo_config/cfg.py:3256}}
May 21 23:21:02.267757 np0000176086 nova-scheduler[108493]: DEBUG cotyledon.oslo_config_glue [-] oslo_messaging_rabbit.heartbeat_rate = 3 {{(pid=108493) log_opt_values /opt/stack/data/venv/lib/python3.12/site-packages/oslo_config/cfg.py:3256}}
May 21 23:21:02.267757 np0000176086 nova-scheduler[108493]: DEBUG cotyledon.oslo_config_glue [-] oslo_messaging_rabbit.heartbeat_timeout_threshold = 60 {{(pid=108493) log_opt_values /opt/stack/data/venv/lib/python3.12/site-packages/oslo_config/cfg.py:3256}}
May 21 23:21:02.267757 np0000176086 nova-scheduler[108493]: DEBUG cotyledon.oslo_config_glue [-] oslo_messaging_rabbit.hostname = np0000176086 {{(pid=108493) log_opt_values /opt/stack/data/venv/lib/python3.12/site-packages/oslo_config/cfg.py:3256}}
May 21 23:21:02.267757 np0000176086 nova-scheduler[108493]: DEBUG cotyledon.oslo_config_glue [-] oslo_messaging_rabbit.kombu_compression = None {{(pid=108493) log_opt_values /opt/stack/data/venv/lib/python3.12/site-packages/oslo_config/cfg.py:3256}}
May 21 23:21:02.267757 np0000176086 nova-scheduler[108493]: DEBUG cotyledon.oslo_config_glue [-] oslo_messaging_rabbit.kombu_failover_strategy = round-robin {{(pid=108493) log_opt_values /opt/stack/data/venv/lib/python3.12/site-packages/oslo_config/cfg.py:3256}}
May 21 23:21:02.267757 np0000176086 nova-scheduler[108493]: DEBUG cotyledon.oslo_config_glue [-] oslo_messaging_rabbit.kombu_missing_consumer_retry_timeout = 60 {{(pid=108493) log_opt_values /opt/stack/data/venv/lib/python3.12/site-packages/oslo_config/cfg.py:3256}}
May 21 23:21:02.268048 np0000176086 nova-scheduler[108493]: DEBUG cotyledon.oslo_config_glue [-] oslo_messaging_rabbit.kombu_reconnect_delay = 1.0 {{(pid=108493) log_opt_values /opt/stack/data/venv/lib/python3.12/site-packages/oslo_config/cfg.py:3256}}
May 21 23:21:02.268048 np0000176086 nova-scheduler[108493]: DEBUG cotyledon.oslo_config_glue [-] oslo_messaging_rabbit.kombu_reconnect_splay = 0.0 {{(pid=108493) log_opt_values /opt/stack/data/venv/lib/python3.12/site-packages/oslo_config/cfg.py:3256}}
May 21 23:21:02.268048 np0000176086 nova-scheduler[108493]: DEBUG cotyledon.oslo_config_glue [-] oslo_messaging_rabbit.processname = nova-scheduler {{(pid=108493) log_opt_values /opt/stack/data/venv/lib/python3.12/site-packages/oslo_config/cfg.py:3256}}
May 21 23:21:02.268048 np0000176086 nova-scheduler[108493]: DEBUG cotyledon.oslo_config_glue [-] oslo_messaging_rabbit.rabbit_ha_queues = False {{(pid=108493) log_opt_values /opt/stack/data/venv/lib/python3.12/site-packages/oslo_config/cfg.py:3256}}
May 21 23:21:02.268048 np0000176086 nova-scheduler[108493]: DEBUG cotyledon.oslo_config_glue [-] oslo_messaging_rabbit.rabbit_interval_max = 30 {{(pid=108493) log_opt_values /opt/stack/data/venv/lib/python3.12/site-packages/oslo_config/cfg.py:3256}}
May 21 23:21:02.268048 np0000176086 nova-scheduler[108493]: DEBUG cotyledon.oslo_config_glue [-] oslo_messaging_rabbit.rabbit_login_method = AMQPLAIN {{(pid=108493) log_opt_values /opt/stack/data/venv/lib/python3.12/site-packages/oslo_config/cfg.py:3256}}
May 21 23:21:02.268048 np0000176086 nova-scheduler[108493]: DEBUG cotyledon.oslo_config_glue [-] oslo_messaging_rabbit.rabbit_qos_prefetch_count = 0 {{(pid=108493) log_opt_values /opt/stack/data/venv/lib/python3.12/site-packages/oslo_config/cfg.py:3256}}
May 21 23:21:02.268048 np0000176086 nova-scheduler[108493]: DEBUG cotyledon.oslo_config_glue [-] oslo_messaging_rabbit.rabbit_quorum_delivery_limit = 0 {{(pid=108493) log_opt_values /opt/stack/data/venv/lib/python3.12/site-packages/oslo_config/cfg.py:3256}}
May 21 23:21:02.268048 np0000176086 nova-scheduler[108493]: DEBUG cotyledon.oslo_config_glue [-] oslo_messaging_rabbit.rabbit_quorum_max_memory_bytes = 0 {{(pid=108493) log_opt_values /opt/stack/data/venv/lib/python3.12/site-packages/oslo_config/cfg.py:3256}}
May 21 23:21:02.268354 np0000176086 nova-scheduler[108493]: DEBUG cotyledon.oslo_config_glue [-] oslo_messaging_rabbit.rabbit_quorum_max_memory_length = 0 {{(pid=108493) log_opt_values /opt/stack/data/venv/lib/python3.12/site-packages/oslo_config/cfg.py:3256}}
May 21 23:21:02.268354 np0000176086 nova-scheduler[108493]: DEBUG cotyledon.oslo_config_glue [-] oslo_messaging_rabbit.rabbit_quorum_queue = False {{(pid=108493) log_opt_values /opt/stack/data/venv/lib/python3.12/site-packages/oslo_config/cfg.py:3256}}
May 21 23:21:02.268354 np0000176086 nova-scheduler[108493]: DEBUG cotyledon.oslo_config_glue [-] oslo_messaging_rabbit.rabbit_retry_backoff = 2 {{(pid=108493) log_opt_values /opt/stack/data/venv/lib/python3.12/site-packages/oslo_config/cfg.py:3256}}
May 21 23:21:02.268354 np0000176086 nova-scheduler[108493]: DEBUG cotyledon.oslo_config_glue [-] oslo_messaging_rabbit.rabbit_retry_interval = 1 {{(pid=108493) log_opt_values /opt/stack/data/venv/lib/python3.12/site-packages/oslo_config/cfg.py:3256}}
May 21 23:21:02.268354 np0000176086 nova-scheduler[108493]: DEBUG cotyledon.oslo_config_glue [-] oslo_messaging_rabbit.rabbit_stream_fanout = False {{(pid=108493) log_opt_values /opt/stack/data/venv/lib/python3.12/site-packages/oslo_config/cfg.py:3256}}
May 21 23:21:02.268548 np0000176086 nova-scheduler[108497]: INFO dbcounter [None req-7cd5ec0d-d5a8-4392-9d20-9fcfc6cb1e61 None None] Registered counter for database nova_cell0
May 21 23:21:02.268589 np0000176086 nova-scheduler[108493]: DEBUG cotyledon.oslo_config_glue [-] oslo_messaging_rabbit.rabbit_transient_queues_ttl = 1800 {{(pid=108493) log_opt_values /opt/stack/data/venv/lib/python3.12/site-packages/oslo_config/cfg.py:3256}}
May 21 23:21:02.268589 np0000176086 nova-scheduler[108493]: DEBUG cotyledon.oslo_config_glue [-] oslo_messaging_rabbit.rabbit_transient_quorum_queue = False {{(pid=108493) log_opt_values /opt/stack/data/venv/lib/python3.12/site-packages/oslo_config/cfg.py:3256}}
May 21 23:21:02.268589 np0000176086 nova-scheduler[108493]: DEBUG cotyledon.oslo_config_glue [-] oslo_messaging_rabbit.rpc_conn_pool_size = 30 {{(pid=108493) log_opt_values /opt/stack/data/venv/lib/python3.12/site-packages/oslo_config/cfg.py:3256}}
May 21 23:21:02.268589 np0000176086 nova-scheduler[108493]: DEBUG cotyledon.oslo_config_glue [-] oslo_messaging_rabbit.ssl = False {{(pid=108493) log_opt_values /opt/stack/data/venv/lib/python3.12/site-packages/oslo_config/cfg.py:3256}}
May 21 23:21:02.268589 np0000176086 nova-scheduler[108493]: DEBUG cotyledon.oslo_config_glue [-] oslo_messaging_rabbit.ssl_ca_file = {{(pid=108493) log_opt_values /opt/stack/data/venv/lib/python3.12/site-packages/oslo_config/cfg.py:3256}}
May 21 23:21:02.268589 np0000176086 nova-scheduler[108493]: DEBUG cotyledon.oslo_config_glue [-] oslo_messaging_rabbit.ssl_cert_file = {{(pid=108493) log_opt_values /opt/stack/data/venv/lib/python3.12/site-packages/oslo_config/cfg.py:3256}}
May 21 23:21:02.268589 np0000176086 nova-scheduler[108493]: DEBUG cotyledon.oslo_config_glue [-] oslo_messaging_rabbit.ssl_enforce_fips_mode = False {{(pid=108493) log_opt_values /opt/stack/data/venv/lib/python3.12/site-packages/oslo_config/cfg.py:3256}}
May 21 23:21:02.268589 np0000176086 nova-scheduler[108493]: DEBUG cotyledon.oslo_config_glue [-] oslo_messaging_rabbit.ssl_enforce_hostname_verification = True {{(pid=108493) log_opt_values /opt/stack/data/venv/lib/python3.12/site-packages/oslo_config/cfg.py:3256}}
May 21 23:21:02.268589 np0000176086 nova-scheduler[108493]: DEBUG cotyledon.oslo_config_glue [-] oslo_messaging_rabbit.ssl_key_file = {{(pid=108493) log_opt_values /opt/stack/data/venv/lib/python3.12/site-packages/oslo_config/cfg.py:3256}}
May 21 23:21:02.268884 np0000176086 nova-scheduler[108493]: DEBUG cotyledon.oslo_config_glue [-] oslo_messaging_rabbit.ssl_version = {{(pid=108493) log_opt_values /opt/stack/data/venv/lib/python3.12/site-packages/oslo_config/cfg.py:3256}}
May 21 23:21:02.268884 np0000176086 nova-scheduler[108493]: DEBUG cotyledon.oslo_config_glue [-] oslo_messaging_rabbit.use_queue_manager = False {{(pid=108493) log_opt_values /opt/stack/data/venv/lib/python3.12/site-packages/oslo_config/cfg.py:3256}}
May 21 23:21:02.268884 np0000176086 nova-scheduler[108493]: DEBUG cotyledon.oslo_config_glue [-] oslo_messaging_notifications.driver = ['messagingv2'] {{(pid=108493) log_opt_values /opt/stack/data/venv/lib/python3.12/site-packages/oslo_config/cfg.py:3256}}
May 21 23:21:02.268884 np0000176086 nova-scheduler[108493]: DEBUG cotyledon.oslo_config_glue [-] oslo_messaging_notifications.retry = -1 {{(pid=108493) log_opt_values /opt/stack/data/venv/lib/python3.12/site-packages/oslo_config/cfg.py:3256}}
May 21 23:21:02.268884 np0000176086 nova-scheduler[108493]: DEBUG cotyledon.oslo_config_glue [-] oslo_messaging_notifications.topics = ['notifications'] {{(pid=108493) log_opt_values /opt/stack/data/venv/lib/python3.12/site-packages/oslo_config/cfg.py:3256}}
May 21 23:21:02.268884 np0000176086 nova-scheduler[108493]: DEBUG cotyledon.oslo_config_glue [-] oslo_messaging_notifications.transport_url = **** {{(pid=108493) log_opt_values /opt/stack/data/venv/lib/python3.12/site-packages/oslo_config/cfg.py:3256}}
May 21 23:21:02.268884 np0000176086 nova-scheduler[108493]: DEBUG cotyledon.oslo_config_glue [-] oslo_limit.auth_section = None {{(pid=108493) log_opt_values /opt/stack/data/venv/lib/python3.12/site-packages/oslo_config/cfg.py:3256}}
May 21 23:21:02.268884 np0000176086 nova-scheduler[108493]: DEBUG cotyledon.oslo_config_glue [-] oslo_limit.auth_type = None {{(pid=108493) log_opt_values /opt/stack/data/venv/lib/python3.12/site-packages/oslo_config/cfg.py:3256}}
May 21 23:21:02.268884 np0000176086 nova-scheduler[108493]: DEBUG cotyledon.oslo_config_glue [-] oslo_limit.cafile = None {{(pid=108493) log_opt_values /opt/stack/data/venv/lib/python3.12/site-packages/oslo_config/cfg.py:3256}}
May 21 23:21:02.269181 np0000176086 nova-scheduler[108493]: DEBUG cotyledon.oslo_config_glue [-] oslo_limit.certfile = None {{(pid=108493) log_opt_values /opt/stack/data/venv/lib/python3.12/site-packages/oslo_config/cfg.py:3256}}
May 21 23:21:02.269181 np0000176086 nova-scheduler[108493]: DEBUG cotyledon.oslo_config_glue [-] oslo_limit.collect_timing = False {{(pid=108493) log_opt_values /opt/stack/data/venv/lib/python3.12/site-packages/oslo_config/cfg.py:3256}}
May 21 23:21:02.269181 np0000176086 nova-scheduler[108493]: DEBUG cotyledon.oslo_config_glue [-] oslo_limit.connect_retries = None {{(pid=108493) log_opt_values /opt/stack/data/venv/lib/python3.12/site-packages/oslo_config/cfg.py:3256}}
May 21 23:21:02.269181 np0000176086 nova-scheduler[108493]: DEBUG cotyledon.oslo_config_glue [-] oslo_limit.connect_retry_delay = None {{(pid=108493) log_opt_values /opt/stack/data/venv/lib/python3.12/site-packages/oslo_config/cfg.py:3256}}
May 21 23:21:02.269181 np0000176086 nova-scheduler[108493]: DEBUG cotyledon.oslo_config_glue [-] oslo_limit.endpoint_id = None {{(pid=108493) log_opt_values /opt/stack/data/venv/lib/python3.12/site-packages/oslo_config/cfg.py:3256}}
May 21 23:21:02.269181 np0000176086 nova-scheduler[108493]: DEBUG cotyledon.oslo_config_glue [-] oslo_limit.endpoint_interface = public {{(pid=108493) log_opt_values /opt/stack/data/venv/lib/python3.12/site-packages/oslo_config/cfg.py:3256}}
May 21 23:21:02.269181 np0000176086 nova-scheduler[108493]: DEBUG cotyledon.oslo_config_glue [-] oslo_limit.endpoint_override = None {{(pid=108493) log_opt_values /opt/stack/data/venv/lib/python3.12/site-packages/oslo_config/cfg.py:3256}}
May 21 23:21:02.269181 np0000176086 nova-scheduler[108493]: DEBUG cotyledon.oslo_config_glue [-] oslo_limit.endpoint_region_name = None {{(pid=108493) log_opt_values /opt/stack/data/venv/lib/python3.12/site-packages/oslo_config/cfg.py:3256}}
May 21 23:21:02.269181 np0000176086 nova-scheduler[108493]: DEBUG cotyledon.oslo_config_glue [-] oslo_limit.endpoint_service_name = None {{(pid=108493) log_opt_values /opt/stack/data/venv/lib/python3.12/site-packages/oslo_config/cfg.py:3256}}
May 21 23:21:02.269424 np0000176086 nova-scheduler[108493]: DEBUG cotyledon.oslo_config_glue [-] oslo_limit.endpoint_service_type = None {{(pid=108493) log_opt_values /opt/stack/data/venv/lib/python3.12/site-packages/oslo_config/cfg.py:3256}}
May 21 23:21:02.269424 np0000176086 nova-scheduler[108493]: DEBUG cotyledon.oslo_config_glue [-] oslo_limit.insecure = False {{(pid=108493) log_opt_values /opt/stack/data/venv/lib/python3.12/site-packages/oslo_config/cfg.py:3256}}
May 21 23:21:02.269424 np0000176086 nova-scheduler[108493]: DEBUG cotyledon.oslo_config_glue [-] oslo_limit.keyfile = None {{(pid=108493) log_opt_values /opt/stack/data/venv/lib/python3.12/site-packages/oslo_config/cfg.py:3256}}
May 21 23:21:02.269424 np0000176086 nova-scheduler[108493]: DEBUG cotyledon.oslo_config_glue [-] oslo_limit.max_version = None {{(pid=108493) log_opt_values /opt/stack/data/venv/lib/python3.12/site-packages/oslo_config/cfg.py:3256}}
May 21 23:21:02.269424 np0000176086 nova-scheduler[108493]: DEBUG cotyledon.oslo_config_glue [-] oslo_limit.min_version = None {{(pid=108493) log_opt_values /opt/stack/data/venv/lib/python3.12/site-packages/oslo_config/cfg.py:3256}}
May 21 23:21:02.269424 np0000176086 nova-scheduler[108493]: DEBUG cotyledon.oslo_config_glue [-] oslo_limit.region_name = None {{(pid=108493) log_opt_values /opt/stack/data/venv/lib/python3.12/site-packages/oslo_config/cfg.py:3256}}
May 21 23:21:02.269424 np0000176086 nova-scheduler[108493]: DEBUG cotyledon.oslo_config_glue [-] oslo_limit.retriable_status_codes = None {{(pid=108493) log_opt_values /opt/stack/data/venv/lib/python3.12/site-packages/oslo_config/cfg.py:3256}}
May 21 23:21:02.269424 np0000176086 nova-scheduler[108493]: DEBUG cotyledon.oslo_config_glue [-] oslo_limit.service_name = None {{(pid=108493) log_opt_values /opt/stack/data/venv/lib/python3.12/site-packages/oslo_config/cfg.py:3256}}
May 21 23:21:02.269424 np0000176086 nova-scheduler[108493]: DEBUG cotyledon.oslo_config_glue [-] oslo_limit.service_type = None {{(pid=108493) log_opt_values /opt/stack/data/venv/lib/python3.12/site-packages/oslo_config/cfg.py:3256}}
May 21 23:21:02.269744 np0000176086 nova-scheduler[108493]: DEBUG cotyledon.oslo_config_glue [-] oslo_limit.split_loggers = False {{(pid=108493) log_opt_values /opt/stack/data/venv/lib/python3.12/site-packages/oslo_config/cfg.py:3256}}
May 21 23:21:02.269744 np0000176086 nova-scheduler[108493]: DEBUG cotyledon.oslo_config_glue [-] oslo_limit.status_code_retries = None {{(pid=108493) log_opt_values /opt/stack/data/venv/lib/python3.12/site-packages/oslo_config/cfg.py:3256}}
May 21 23:21:02.269744 np0000176086 nova-scheduler[108493]: DEBUG cotyledon.oslo_config_glue [-] oslo_limit.status_code_retry_delay = None {{(pid=108493) log_opt_values /opt/stack/data/venv/lib/python3.12/site-packages/oslo_config/cfg.py:3256}}
May 21 23:21:02.269744 np0000176086 nova-scheduler[108493]: DEBUG cotyledon.oslo_config_glue [-] oslo_limit.timeout = None {{(pid=108493) log_opt_values /opt/stack/data/venv/lib/python3.12/site-packages/oslo_config/cfg.py:3256}}
May 21 23:21:02.269744 np0000176086 nova-scheduler[108493]: DEBUG cotyledon.oslo_config_glue [-] oslo_limit.valid_interfaces = None {{(pid=108493) log_opt_values /opt/stack/data/venv/lib/python3.12/site-packages/oslo_config/cfg.py:3256}}
May 21 23:21:02.269744 np0000176086 nova-scheduler[108493]: DEBUG cotyledon.oslo_config_glue [-] oslo_limit.version = None {{(pid=108493) log_opt_values /opt/stack/data/venv/lib/python3.12/site-packages/oslo_config/cfg.py:3256}}
May 21 23:21:02.269744 np0000176086 nova-scheduler[108493]: DEBUG cotyledon.oslo_config_glue [-] oslo_reports.file_event_handler = None {{(pid=108493) log_opt_values /opt/stack/data/venv/lib/python3.12/site-packages/oslo_config/cfg.py:3256}}
May 21 23:21:02.269744 np0000176086 nova-scheduler[108493]: DEBUG cotyledon.oslo_config_glue [-] oslo_reports.file_event_handler_interval = 1 {{(pid=108493) log_opt_values /opt/stack/data/venv/lib/python3.12/site-packages/oslo_config/cfg.py:3256}}
May 21 23:21:02.269744 np0000176086 nova-scheduler[108493]: DEBUG cotyledon.oslo_config_glue [-] oslo_reports.log_dir = None {{(pid=108493) log_opt_values /opt/stack/data/venv/lib/python3.12/site-packages/oslo_config/cfg.py:3256}}
May 21 23:21:02.270051 np0000176086 nova-scheduler[108493]: DEBUG cotyledon.oslo_config_glue [-] ******************************************************************************** {{(pid=108493) log_opt_values /opt/stack/data/venv/lib/python3.12/site-packages/oslo_config/cfg.py:3263}}
May 21 23:21:02.270051 np0000176086 nova-scheduler[108493]: DEBUG cotyledon._service_worker [-] Run service ServiceWrapper(1) [108493] {{(pid=108493) wait_forever /opt/stack/data/venv/lib/python3.12/site-packages/cotyledon/_service_worker.py:218}}
May 21 23:21:02.270126 np0000176086 nova-scheduler[108489]: DEBUG dbcounter [-] [108489] Writer thread running {{(pid=108489) stat_writer /opt/stack/data/venv/lib/python3.12/site-packages/dbcounter.py:102}}
May 21 23:21:02.270174 np0000176086 nova-scheduler[108493]: INFO nova.service [-] Starting scheduler node (version 33.1.0)
May 21 23:21:02.270213 np0000176086 nova-scheduler[108509]: INFO dbcounter [None req-9006941b-ed2a-42cb-b292-76ca4dedb197 None None] Registered counter for database nova_cell0
May 21 23:21:02.270256 np0000176086 nova-scheduler[108493]: INFO dbcounter [None req-d32762e9-ccf1-4731-b085-058ab560dcba None None] Registered counter for database nova_cell0
May 21 23:21:02.270290 np0000176086 nova-scheduler[108497]: DEBUG oslo_db.sqlalchemy.engines [None req-7cd5ec0d-d5a8-4392-9d20-9fcfc6cb1e61 None None] MySQL server mode set to STRICT_TRANS_TABLES,STRICT_ALL_TABLES,NO_ZERO_IN_DATE,NO_ZERO_DATE,ERROR_FOR_DIVISION_BY_ZERO,TRADITIONAL,NO_ENGINE_SUBSTITUTION {{(pid=108497) _check_effective_sql_mode /opt/stack/data/venv/lib/python3.12/site-packages/oslo_db/sqlalchemy/engines.py:325}}
May 21 23:21:02.270328 np0000176086 nova-scheduler[108509]: DEBUG oslo_db.sqlalchemy.engines [None req-9006941b-ed2a-42cb-b292-76ca4dedb197 None None] MySQL server mode set to STRICT_TRANS_TABLES,STRICT_ALL_TABLES,NO_ZERO_IN_DATE,NO_ZERO_DATE,ERROR_FOR_DIVISION_BY_ZERO,TRADITIONAL,NO_ENGINE_SUBSTITUTION {{(pid=108509) _check_effective_sql_mode /opt/stack/data/venv/lib/python3.12/site-packages/oslo_db/sqlalchemy/engines.py:325}}
May 21 23:21:02.270366 np0000176086 nova-scheduler[108497]: DEBUG dbcounter [-] [108497] Writer thread running {{(pid=108497) stat_writer /opt/stack/data/venv/lib/python3.12/site-packages/dbcounter.py:102}}
May 21 23:21:02.270400 np0000176086 nova-scheduler[108493]: DEBUG oslo_db.sqlalchemy.engines [None req-d32762e9-ccf1-4731-b085-058ab560dcba None None] MySQL server mode set to STRICT_TRANS_TABLES,STRICT_ALL_TABLES,NO_ZERO_IN_DATE,NO_ZERO_DATE,ERROR_FOR_DIVISION_BY_ZERO,TRADITIONAL,NO_ENGINE_SUBSTITUTION {{(pid=108493) _check_effective_sql_mode /opt/stack/data/venv/lib/python3.12/site-packages/oslo_db/sqlalchemy/engines.py:325}}
May 21 23:21:02.270434 np0000176086 nova-scheduler[108489]: DEBUG nova.service [None req-f005be02-5b0e-4568-ab11-e452335d2d5b None None] Creating RPC server for service: nova-scheduler on topic: scheduler {{(pid=108489) start /opt/stack/nova/nova/service.py:195}}
May 21 23:21:02.270494 np0000176086 nova-scheduler[108497]: DEBUG nova.service [None req-7cd5ec0d-d5a8-4392-9d20-9fcfc6cb1e61 None None] Creating RPC server for service: nova-scheduler on topic: scheduler {{(pid=108497) start /opt/stack/nova/nova/service.py:195}}
May 21 23:21:02.273546 np0000176086 nova-scheduler[108509]: DEBUG dbcounter [-] [108509] Writer thread running {{(pid=108509) stat_writer /opt/stack/data/venv/lib/python3.12/site-packages/dbcounter.py:102}}
May 21 23:21:02.274728 np0000176086 nova-scheduler[108493]: DEBUG dbcounter [-] [108493] Writer thread running {{(pid=108493) stat_writer /opt/stack/data/venv/lib/python3.12/site-packages/dbcounter.py:102}}
May 21 23:21:02.277108 np0000176086 nova-scheduler[108509]: DEBUG nova.service [None req-9006941b-ed2a-42cb-b292-76ca4dedb197 None None] Creating RPC server for service: nova-scheduler on topic: scheduler {{(pid=108509) start /opt/stack/nova/nova/service.py:195}}
May 21 23:21:02.279596 np0000176086 nova-scheduler[108493]: DEBUG nova.service [None req-d32762e9-ccf1-4731-b085-058ab560dcba None None] Creating RPC server for service: nova-scheduler on topic: scheduler {{(pid=108493) start /opt/stack/nova/nova/service.py:195}}
May 21 23:21:02.296338 np0000176086 nova-scheduler[108497]: DEBUG nova.service [None req-7cd5ec0d-d5a8-4392-9d20-9fcfc6cb1e61 None None] Join ServiceGroup membership for this service scheduler {{(pid=108497) start /opt/stack/nova/nova/service.py:221}}
May 21 23:21:02.296534 np0000176086 nova-scheduler[108489]: DEBUG nova.service [None req-f005be02-5b0e-4568-ab11-e452335d2d5b None None] Join ServiceGroup membership for this service scheduler {{(pid=108489) start /opt/stack/nova/nova/service.py:221}}
May 21 23:21:02.297070 np0000176086 nova-scheduler[108489]: DEBUG nova.servicegroup.drivers.db [None req-f005be02-5b0e-4568-ab11-e452335d2d5b None None] DB_Driver: join new ServiceGroup member np0000176086 to the scheduler group, service = {{(pid=108489) join /opt/stack/nova/nova/servicegroup/drivers/db.py:44}}
May 21 23:21:02.299246 np0000176086 nova-scheduler[108497]: DEBUG nova.servicegroup.drivers.db [None req-7cd5ec0d-d5a8-4392-9d20-9fcfc6cb1e61 None None] DB_Driver: join new ServiceGroup member np0000176086 to the scheduler group, service = {{(pid=108497) join /opt/stack/nova/nova/servicegroup/drivers/db.py:44}}
May 21 23:21:02.300736 np0000176086 nova-scheduler[108509]: DEBUG nova.service [None req-9006941b-ed2a-42cb-b292-76ca4dedb197 None None] Join ServiceGroup membership for this service scheduler {{(pid=108509) start /opt/stack/nova/nova/service.py:221}}
May 21 23:21:02.300991 np0000176086 nova-scheduler[108509]: DEBUG nova.servicegroup.drivers.db [None req-9006941b-ed2a-42cb-b292-76ca4dedb197 None None] DB_Driver: join new ServiceGroup member np0000176086 to the scheduler group, service = {{(pid=108509) join /opt/stack/nova/nova/servicegroup/drivers/db.py:44}}
May 21 23:21:02.301743 np0000176086 nova-scheduler[108493]: DEBUG nova.service [None req-d32762e9-ccf1-4731-b085-058ab560dcba None None] Join ServiceGroup membership for this service scheduler {{(pid=108493) start /opt/stack/nova/nova/service.py:221}}
May 21 23:21:02.301982 np0000176086 nova-scheduler[108493]: DEBUG nova.servicegroup.drivers.db [None req-d32762e9-ccf1-4731-b085-058ab560dcba None None] DB_Driver: join new ServiceGroup member np0000176086 to the scheduler group, service = {{(pid=108493) join /opt/stack/nova/nova/servicegroup/drivers/db.py:44}}
May 21 23:21:07.320873 np0000176086 nova-scheduler[108489]: DEBUG oslo.service.backend._threading.loopingcall [-] Fixed interval looping call 'nova.servicegroup.drivers.db.DbDriver._report_state' sleeping for 119.98 seconds {{(pid=108489) _run_loop /opt/stack/data/venv/lib/python3.12/site-packages/oslo_service/backend/_threading/loopingcall.py:125}}
May 21 23:21:07.322026 np0000176086 nova-scheduler[108497]: DEBUG oslo.service.backend._threading.loopingcall [-] Fixed interval looping call 'nova.servicegroup.drivers.db.DbDriver._report_state' sleeping for 119.98 seconds {{(pid=108497) _run_loop /opt/stack/data/venv/lib/python3.12/site-packages/oslo_service/backend/_threading/loopingcall.py:125}}
May 21 23:21:07.322453 np0000176086 nova-scheduler[108493]: DEBUG oslo.service.backend._threading.loopingcall [-] Fixed interval looping call 'nova.servicegroup.drivers.db.DbDriver._report_state' sleeping for 119.98 seconds {{(pid=108493) _run_loop /opt/stack/data/venv/lib/python3.12/site-packages/oslo_service/backend/_threading/loopingcall.py:125}}
May 21 23:21:07.323241 np0000176086 nova-scheduler[108509]: DEBUG oslo.service.backend._threading.loopingcall [-] Fixed interval looping call 'nova.servicegroup.drivers.db.DbDriver._report_state' sleeping for 119.98 seconds {{(pid=108509) _run_loop /opt/stack/data/venv/lib/python3.12/site-packages/oslo_service/backend/_threading/loopingcall.py:125}}
May 21 23:21:08.305313 np0000176086 nova-scheduler[108493]: DEBUG oslo.service.backend._threading.loopingcall [None req-a6e75cba-da84-4453-ba6a-d826b15d3c5e None None] Dynamic interval looping call 'nova.service.Service.periodic_tasks' sleeping for 60.00 seconds {{(pid=108493) _run_loop /opt/stack/data/venv/lib/python3.12/site-packages/oslo_service/backend/_threading/loopingcall.py:125}}
May 21 23:21:10.857424 np0000176086 nova-scheduler[107586]: DEBUG dbcounter [-] [107586] Writing DB stats nova_api:SELECT=3 {{(pid=107586) stat_writer /opt/stack/data/venv/lib/python3.12/site-packages/dbcounter.py:115}}
May 21 23:21:10.984554 np0000176086 nova-scheduler[107586]: DEBUG dbcounter [-] [107586] Writing DB stats nova_cell0:SELECT=1 {{(pid=107586) stat_writer /opt/stack/data/venv/lib/python3.12/site-packages/dbcounter.py:115}}
May 21 23:21:10.985141 np0000176086 nova-scheduler[107586]: DEBUG dbcounter [-] [107586] Writing DB stats nova_cell1:SELECT=1 {{(pid=107586) stat_writer /opt/stack/data/venv/lib/python3.12/site-packages/dbcounter.py:115}}
May 21 23:21:17.314724 np0000176086 nova-scheduler[108489]: DEBUG dbcounter [-] [108489] Writing DB stats nova_cell0:SELECT=4,nova_cell0:INSERT=1,nova_cell0:UPDATE=1 {{(pid=108489) stat_writer /opt/stack/data/venv/lib/python3.12/site-packages/dbcounter.py:115}}
May 21 23:21:17.316645 np0000176086 nova-scheduler[108497]: DEBUG dbcounter [-] [108497] Writing DB stats nova_cell0:SELECT=3,nova_cell0:UPDATE=1 {{(pid=108497) stat_writer /opt/stack/data/venv/lib/python3.12/site-packages/dbcounter.py:115}}
May 21 23:21:17.317945 np0000176086 nova-scheduler[108493]: DEBUG dbcounter [-] [108493] Writing DB stats nova_cell0:SELECT=3,nova_cell0:UPDATE=1 {{(pid=108493) stat_writer /opt/stack/data/venv/lib/python3.12/site-packages/dbcounter.py:115}}
May 21 23:21:17.318399 np0000176086 nova-scheduler[108509]: DEBUG dbcounter [-] [108509] Writing DB stats nova_cell0:SELECT=3,nova_cell0:UPDATE=1 {{(pid=108509) stat_writer /opt/stack/data/venv/lib/python3.12/site-packages/dbcounter.py:115}}
May 21 23:21:29.302124 np0000176086 nova-scheduler[108497]: DEBUG oslo.service.backend._threading.loopingcall [None req-2b432865-a464-4f5a-a22e-e2f214bda28a None None] Dynamic interval looping call 'nova.service.Service.periodic_tasks' sleeping for 60.00 seconds {{(pid=108497) _run_loop /opt/stack/data/venv/lib/python3.12/site-packages/oslo_service/backend/_threading/loopingcall.py:125}}
May 21 23:21:32.301014 np0000176086 nova-scheduler[108489]: DEBUG oslo.service.backend._threading.loopingcall [None req-cb3d692d-360a-4bc4-b316-157873c8fc0c None None] Dynamic interval looping call 'nova.service.Service.periodic_tasks' sleeping for 60.00 seconds {{(pid=108489) _run_loop /opt/stack/data/venv/lib/python3.12/site-packages/oslo_service/backend/_threading/loopingcall.py:125}}
May 21 23:21:49.304024 np0000176086 nova-scheduler[108509]: DEBUG oslo.service.backend._threading.loopingcall [None req-6b7950df-089f-4f26-8233-4849145daed5 None None] Dynamic interval looping call 'nova.service.Service.periodic_tasks' sleeping for 60.00 seconds {{(pid=108509) _run_loop /opt/stack/data/venv/lib/python3.12/site-packages/oslo_service/backend/_threading/loopingcall.py:125}}
May 21 23:22:08.306132 np0000176086 nova-scheduler[108493]: DEBUG oslo.service.backend._threading.loopingcall [None req-a6e75cba-da84-4453-ba6a-d826b15d3c5e None None] Dynamic interval looping call 'nova.service.Service.periodic_tasks' sleeping for 60.00 seconds {{(pid=108493) _run_loop /opt/stack/data/venv/lib/python3.12/site-packages/oslo_service/backend/_threading/loopingcall.py:125}}