Apr 02 10:45:49.574640 np0000162868 nova-scheduler[108491]: DEBUG cotyledon.oslo_config_glue [-] vnc.novncproxy_port = 6080 {{(pid=108491) log_opt_values /opt/stack/data/venv/lib/python3.12/site-packages/oslo_config/cfg.py:3006}}
Apr 02 10:45:49.574674 np0000162868 nova-scheduler[108491]: DEBUG cotyledon.oslo_config_glue [-] vnc.server_listen = 127.0.0.1 {{(pid=108491) log_opt_values /opt/stack/data/venv/lib/python3.12/site-packages/oslo_config/cfg.py:3006}}
Apr 02 10:45:49.574701 np0000162868 nova-scheduler[108491]: DEBUG cotyledon.oslo_config_glue [-] vnc.server_proxyclient_address = 127.0.0.1 {{(pid=108491) log_opt_values /opt/stack/data/venv/lib/python3.12/site-packages/oslo_config/cfg.py:3006}}
Apr 02 10:45:49.574728 np0000162868 nova-scheduler[108491]: DEBUG cotyledon.oslo_config_glue [-] vnc.vencrypt_ca_certs = None {{(pid=108491) log_opt_values /opt/stack/data/venv/lib/python3.12/site-packages/oslo_config/cfg.py:3006}}
Apr 02 10:45:49.574762 np0000162868 nova-scheduler[108491]: DEBUG cotyledon.oslo_config_glue [-] vnc.vencrypt_client_cert = None {{(pid=108491) log_opt_values /opt/stack/data/venv/lib/python3.12/site-packages/oslo_config/cfg.py:3006}}
Apr 02 10:45:49.574804 np0000162868 nova-scheduler[108491]: DEBUG cotyledon.oslo_config_glue [-] vnc.vencrypt_client_key = None {{(pid=108491) log_opt_values /opt/stack/data/venv/lib/python3.12/site-packages/oslo_config/cfg.py:3006}}
Apr 02 10:45:49.574848 np0000162868 nova-scheduler[108491]: DEBUG cotyledon.oslo_config_glue [-] workarounds.disable_compute_service_check_for_ffu = False {{(pid=108491) log_opt_values /opt/stack/data/venv/lib/python3.12/site-packages/oslo_config/cfg.py:3006}}
Apr 02 10:45:49.574893 np0000162868 nova-scheduler[108491]: DEBUG cotyledon.oslo_config_glue [-] workarounds.disable_deep_image_inspection = False {{(pid=108491) log_opt_values /opt/stack/data/venv/lib/python3.12/site-packages/oslo_config/cfg.py:3006}}
Apr 02 10:45:49.574922 np0000162868 nova-scheduler[108491]: DEBUG cotyledon.oslo_config_glue [-] workarounds.disable_fallback_pcpu_query = False {{(pid=108491) log_opt_values /opt/stack/data/venv/lib/python3.12/site-packages/oslo_config/cfg.py:3006}}
Apr 02 10:45:49.574964 np0000162868 nova-scheduler[108491]: DEBUG cotyledon.oslo_config_glue [-] workarounds.disable_group_policy_check_upcall = False {{(pid=108491) log_opt_values /opt/stack/data/venv/lib/python3.12/site-packages/oslo_config/cfg.py:3006}}
Apr 02 10:45:49.575012 np0000162868 nova-scheduler[108491]: DEBUG cotyledon.oslo_config_glue [-] workarounds.disable_libvirt_livesnapshot = False {{(pid=108491) log_opt_values /opt/stack/data/venv/lib/python3.12/site-packages/oslo_config/cfg.py:3006}}
Apr 02 10:45:49.575044 np0000162868 nova-scheduler[108491]: DEBUG cotyledon.oslo_config_glue [-] workarounds.disable_rootwrap = False {{(pid=108491) log_opt_values /opt/stack/data/venv/lib/python3.12/site-packages/oslo_config/cfg.py:3006}}
Apr 02 10:45:49.575074 np0000162868 nova-scheduler[108491]: DEBUG cotyledon.oslo_config_glue [-] workarounds.enable_numa_live_migration = False {{(pid=108491) log_opt_values /opt/stack/data/venv/lib/python3.12/site-packages/oslo_config/cfg.py:3006}}
Apr 02 10:45:49.575110 np0000162868 nova-scheduler[108491]: DEBUG cotyledon.oslo_config_glue [-] workarounds.enable_qemu_monitor_announce_self = False {{(pid=108491) log_opt_values /opt/stack/data/venv/lib/python3.12/site-packages/oslo_config/cfg.py:3006}}
Apr 02 10:45:49.575142 np0000162868 nova-scheduler[108491]: DEBUG cotyledon.oslo_config_glue [-] workarounds.ensure_libvirt_rbd_instance_dir_cleanup = False {{(pid=108491) log_opt_values /opt/stack/data/venv/lib/python3.12/site-packages/oslo_config/cfg.py:3006}}
Apr 02 10:45:49.575173 np0000162868 nova-scheduler[108491]: DEBUG cotyledon.oslo_config_glue [-] workarounds.handle_virt_lifecycle_events = True {{(pid=108491) log_opt_values /opt/stack/data/venv/lib/python3.12/site-packages/oslo_config/cfg.py:3006}}
Apr 02 10:45:49.575204 np0000162868 nova-scheduler[108491]: DEBUG cotyledon.oslo_config_glue [-] workarounds.libvirt_disable_apic = False {{(pid=108491) log_opt_values /opt/stack/data/venv/lib/python3.12/site-packages/oslo_config/cfg.py:3006}}
Apr 02 10:45:49.575251 np0000162868 nova-scheduler[108491]: DEBUG cotyledon.oslo_config_glue [-] workarounds.never_download_image_if_on_rbd = False {{(pid=108491) log_opt_values /opt/stack/data/venv/lib/python3.12/site-packages/oslo_config/cfg.py:3006}}
Apr 02 10:45:49.575283 np0000162868 nova-scheduler[108491]: DEBUG cotyledon.oslo_config_glue [-] workarounds.qemu_monitor_announce_self_count = 3 {{(pid=108491) log_opt_values /opt/stack/data/venv/lib/python3.12/site-packages/oslo_config/cfg.py:3006}}
Apr 02 10:45:49.575313 np0000162868 nova-scheduler[108491]: DEBUG cotyledon.oslo_config_glue [-] workarounds.qemu_monitor_announce_self_interval = 1 {{(pid=108491) log_opt_values /opt/stack/data/venv/lib/python3.12/site-packages/oslo_config/cfg.py:3006}}
Apr 02 10:45:49.575345 np0000162868 nova-scheduler[108491]: DEBUG cotyledon.oslo_config_glue [-] workarounds.reserve_disk_resource_for_image_cache = False {{(pid=108491) log_opt_values /opt/stack/data/venv/lib/python3.12/site-packages/oslo_config/cfg.py:3006}}
Apr 02 10:45:49.575409 np0000162868 nova-scheduler[108491]: DEBUG cotyledon.oslo_config_glue [-] workarounds.skip_cpu_compare_at_startup = False {{(pid=108491) log_opt_values /opt/stack/data/venv/lib/python3.12/site-packages/oslo_config/cfg.py:3006}}
Apr 02 10:45:49.575445 np0000162868 nova-scheduler[108491]: DEBUG cotyledon.oslo_config_glue [-] workarounds.skip_cpu_compare_on_dest = False {{(pid=108491) log_opt_values /opt/stack/data/venv/lib/python3.12/site-packages/oslo_config/cfg.py:3006}}
Apr 02 10:45:49.575476 np0000162868 nova-scheduler[108491]: DEBUG cotyledon.oslo_config_glue [-] workarounds.skip_hypervisor_version_check_on_lm = False {{(pid=108491) log_opt_values /opt/stack/data/venv/lib/python3.12/site-packages/oslo_config/cfg.py:3006}}
Apr 02 10:45:49.575507 np0000162868 nova-scheduler[108491]: DEBUG cotyledon.oslo_config_glue [-] workarounds.skip_reserve_in_use_ironic_nodes = False {{(pid=108491) log_opt_values /opt/stack/data/venv/lib/python3.12/site-packages/oslo_config/cfg.py:3006}}
Apr 02 10:45:49.575540 np0000162868 nova-scheduler[108491]: DEBUG cotyledon.oslo_config_glue [-] workarounds.unified_limits_count_pcpu_as_vcpu = False {{(pid=108491) log_opt_values /opt/stack/data/venv/lib/python3.12/site-packages/oslo_config/cfg.py:3006}}
Apr 02 10:45:49.575572 np0000162868 nova-scheduler[108491]: DEBUG cotyledon.oslo_config_glue [-] workarounds.wait_for_vif_plugged_event_during_hard_reboot = [] {{(pid=108491) log_opt_values /opt/stack/data/venv/lib/python3.12/site-packages/oslo_config/cfg.py:3006}}
Apr 02 10:45:49.575631 np0000162868 nova-scheduler[108491]: DEBUG cotyledon.oslo_config_glue [-] wsgi.api_paste_config = /etc/nova/api-paste.ini {{(pid=108491) log_opt_values /opt/stack/data/venv/lib/python3.12/site-packages/oslo_config/cfg.py:3006}}
Apr 02 10:45:49.575665 np0000162868 nova-scheduler[108491]: DEBUG cotyledon.oslo_config_glue [-] wsgi.secure_proxy_ssl_header = None {{(pid=108491) log_opt_values /opt/stack/data/venv/lib/python3.12/site-packages/oslo_config/cfg.py:3006}}
Apr 02 10:45:49.575707 np0000162868 nova-scheduler[108491]: DEBUG cotyledon.oslo_config_glue [-] zvm.ca_file = None {{(pid=108491) log_opt_values /opt/stack/data/venv/lib/python3.12/site-packages/oslo_config/cfg.py:3006}}
Apr 02 10:45:49.575745 np0000162868 nova-scheduler[108491]: DEBUG cotyledon.oslo_config_glue [-] zvm.cloud_connector_url = None {{(pid=108491) log_opt_values /opt/stack/data/venv/lib/python3.12/site-packages/oslo_config/cfg.py:3006}}
Apr 02 10:45:49.575784 np0000162868 nova-scheduler[108491]: DEBUG cotyledon.oslo_config_glue [-] zvm.image_tmp_path = /opt/stack/data/nova/images {{(pid=108491) log_opt_values /opt/stack/data/venv/lib/python3.12/site-packages/oslo_config/cfg.py:3006}}
Apr 02 10:45:49.575819 np0000162868 nova-scheduler[108491]: DEBUG cotyledon.oslo_config_glue [-] zvm.reachable_timeout = 300 {{(pid=108491) log_opt_values /opt/stack/data/venv/lib/python3.12/site-packages/oslo_config/cfg.py:3006}}
Apr 02 10:45:49.575879 np0000162868 nova-scheduler[108491]: DEBUG cotyledon.oslo_config_glue [-] oslo_versionedobjects.fatal_exception_format_errors = False {{(pid=108491) log_opt_values /opt/stack/data/venv/lib/python3.12/site-packages/oslo_config/cfg.py:3006}}
Apr 02 10:45:49.575942 np0000162868 nova-scheduler[108491]: DEBUG cotyledon.oslo_config_glue [-] oslo_middleware.http_basic_auth_user_file = /etc/htpasswd {{(pid=108491) log_opt_values /opt/stack/data/venv/lib/python3.12/site-packages/oslo_config/cfg.py:3006}}
Apr 02 10:45:49.575989 np0000162868 nova-scheduler[108491]: DEBUG cotyledon.oslo_config_glue [-] oslo_messaging_metrics.metrics_buffer_size = 1000 {{(pid=108491) log_opt_values /opt/stack/data/venv/lib/python3.12/site-packages/oslo_config/cfg.py:3006}}
Apr 02 10:45:49.576043 np0000162868 nova-scheduler[108491]: DEBUG cotyledon.oslo_config_glue [-] oslo_messaging_metrics.metrics_enabled = False {{(pid=108491) log_opt_values /opt/stack/data/venv/lib/python3.12/site-packages/oslo_config/cfg.py:3006}}
Apr 02 10:45:49.576099 np0000162868 nova-scheduler[108491]: DEBUG cotyledon.oslo_config_glue [-] oslo_messaging_metrics.metrics_process_name = {{(pid=108491) log_opt_values /opt/stack/data/venv/lib/python3.12/site-packages/oslo_config/cfg.py:3006}}
Apr 02 10:45:49.576141 np0000162868 nova-scheduler[108491]: DEBUG cotyledon.oslo_config_glue [-] oslo_messaging_metrics.metrics_socket_file = /var/tmp/metrics_collector.sock {{(pid=108491) log_opt_values /opt/stack/data/venv/lib/python3.12/site-packages/oslo_config/cfg.py:3006}}
Apr 02 10:45:49.576141 np0000162868 nova-scheduler[108491]: DEBUG cotyledon.oslo_config_glue [-] oslo_messaging_metrics.metrics_thread_stop_timeout = 10 {{(pid=108491) log_opt_values /opt/stack/data/venv/lib/python3.12/site-packages/oslo_config/cfg.py:3006}}
Apr 02 10:45:49.576227 np0000162868 nova-scheduler[108491]: DEBUG cotyledon.oslo_config_glue [-] profiler.connection_string = messaging:// {{(pid=108491) log_opt_values /opt/stack/data/venv/lib/python3.12/site-packages/oslo_config/cfg.py:3006}}
Apr 02 10:45:49.576261 np0000162868 nova-scheduler[108491]: DEBUG cotyledon.oslo_config_glue [-] profiler.enabled = False {{(pid=108491) log_opt_values /opt/stack/data/venv/lib/python3.12/site-packages/oslo_config/cfg.py:3006}}
Apr 02 10:45:49.576303 np0000162868 nova-scheduler[108491]: DEBUG cotyledon.oslo_config_glue [-] profiler.es_doc_type = notification {{(pid=108491) log_opt_values /opt/stack/data/venv/lib/python3.12/site-packages/oslo_config/cfg.py:3006}}
Apr 02 10:45:49.576303 np0000162868 nova-scheduler[108491]: DEBUG cotyledon.oslo_config_glue [-] profiler.es_scroll_size = 10000 {{(pid=108491) log_opt_values /opt/stack/data/venv/lib/python3.12/site-packages/oslo_config/cfg.py:3006}}
Apr 02 10:45:49.576400 np0000162868 nova-scheduler[108491]: DEBUG cotyledon.oslo_config_glue [-] profiler.es_scroll_time = 2m {{(pid=108491) log_opt_values /opt/stack/data/venv/lib/python3.12/site-packages/oslo_config/cfg.py:3006}}
Apr 02 10:45:49.576400 np0000162868 nova-scheduler[108491]: DEBUG cotyledon.oslo_config_glue [-] profiler.filter_error_trace = False {{(pid=108491) log_opt_values /opt/stack/data/venv/lib/python3.12/site-packages/oslo_config/cfg.py:3006}}
Apr 02 10:45:49.576472 np0000162868 nova-scheduler[108491]: DEBUG cotyledon.oslo_config_glue [-] profiler.hmac_keys = **** {{(pid=108491) log_opt_values /opt/stack/data/venv/lib/python3.12/site-packages/oslo_config/cfg.py:3006}}
Apr 02 10:45:49.576472 np0000162868 nova-scheduler[108491]: DEBUG cotyledon.oslo_config_glue [-] profiler.sentinel_service_name = mymaster {{(pid=108491) log_opt_values /opt/stack/data/venv/lib/python3.12/site-packages/oslo_config/cfg.py:3006}}
Apr 02 10:45:49.576628 np0000162868 nova-scheduler[108491]: DEBUG cotyledon.oslo_config_glue [-] profiler.socket_timeout = 0.1 {{(pid=108491) log_opt_values /opt/stack/data/venv/lib/python3.12/site-packages/oslo_config/cfg.py:3006}}
Apr 02 10:45:49.576628 np0000162868 nova-scheduler[108491]: DEBUG cotyledon.oslo_config_glue [-] profiler.trace_requests = False {{(pid=108491) log_opt_values /opt/stack/data/venv/lib/python3.12/site-packages/oslo_config/cfg.py:3006}}
Apr 02 10:45:49.576628 np0000162868 nova-scheduler[108491]: DEBUG cotyledon.oslo_config_glue [-] profiler.trace_sqlalchemy = False {{(pid=108491) log_opt_values /opt/stack/data/venv/lib/python3.12/site-packages/oslo_config/cfg.py:3006}}
Apr 02 10:45:49.576628 np0000162868 nova-scheduler[108491]: DEBUG cotyledon.oslo_config_glue [-] profiler_jaeger.process_tags = {} {{(pid=108491) log_opt_values /opt/stack/data/venv/lib/python3.12/site-packages/oslo_config/cfg.py:3006}}
Apr 02 10:45:49.576768 np0000162868 nova-scheduler[108491]: DEBUG cotyledon.oslo_config_glue [-] profiler_jaeger.service_name_prefix = None {{(pid=108491) log_opt_values /opt/stack/data/venv/lib/python3.12/site-packages/oslo_config/cfg.py:3006}}
Apr 02 10:45:49.576768 np0000162868 nova-scheduler[108491]: DEBUG cotyledon.oslo_config_glue [-] profiler_otlp.service_name_prefix = None {{(pid=108491) log_opt_values /opt/stack/data/venv/lib/python3.12/site-packages/oslo_config/cfg.py:3006}}
Apr 02 10:45:49.576829 np0000162868 nova-scheduler[108491]: DEBUG cotyledon.oslo_config_glue [-] oslo_messaging_rabbit.amqp_auto_delete = False {{(pid=108491) log_opt_values /opt/stack/data/venv/lib/python3.12/site-packages/oslo_config/cfg.py:3006}}
Apr 02 10:45:49.576829 np0000162868 nova-scheduler[108491]: DEBUG cotyledon.oslo_config_glue [-] oslo_messaging_rabbit.amqp_durable_queues = False {{(pid=108491) log_opt_values /opt/stack/data/venv/lib/python3.12/site-packages/oslo_config/cfg.py:3006}}
Apr 02 10:45:49.576889 np0000162868 nova-scheduler[108491]: DEBUG cotyledon.oslo_config_glue [-] oslo_messaging_rabbit.conn_pool_min_size = 2 {{(pid=108491) log_opt_values /opt/stack/data/venv/lib/python3.12/site-packages/oslo_config/cfg.py:3006}}
Apr 02 10:45:49.576931 np0000162868 nova-scheduler[108491]: DEBUG cotyledon.oslo_config_glue [-] oslo_messaging_rabbit.conn_pool_ttl = 1200 {{(pid=108491) log_opt_values /opt/stack/data/venv/lib/python3.12/site-packages/oslo_config/cfg.py:3006}}
Apr 02 10:45:49.576972 np0000162868 nova-scheduler[108491]: DEBUG cotyledon.oslo_config_glue [-] oslo_messaging_rabbit.direct_mandatory_flag = True {{(pid=108491) log_opt_values /opt/stack/data/venv/lib/python3.12/site-packages/oslo_config/cfg.py:3006}}
Apr 02 10:45:49.577011 np0000162868 nova-scheduler[108491]: DEBUG cotyledon.oslo_config_glue [-] oslo_messaging_rabbit.enable_cancel_on_failover = False {{(pid=108491) log_opt_values /opt/stack/data/venv/lib/python3.12/site-packages/oslo_config/cfg.py:3006}}
Apr 02 10:45:49.577055 np0000162868 nova-scheduler[108491]: DEBUG cotyledon.oslo_config_glue [-] oslo_messaging_rabbit.heartbeat_in_pthread = False {{(pid=108491) log_opt_values /opt/stack/data/venv/lib/python3.12/site-packages/oslo_config/cfg.py:3006}}
Apr 02 10:45:49.577091 np0000162868 nova-scheduler[108491]: DEBUG cotyledon.oslo_config_glue [-] oslo_messaging_rabbit.heartbeat_rate = 3 {{(pid=108491) log_opt_values /opt/stack/data/venv/lib/python3.12/site-packages/oslo_config/cfg.py:3006}}
Apr 02 10:45:49.577123 np0000162868 nova-scheduler[108491]: DEBUG cotyledon.oslo_config_glue [-] oslo_messaging_rabbit.heartbeat_timeout_threshold = 60 {{(pid=108491) log_opt_values /opt/stack/data/venv/lib/python3.12/site-packages/oslo_config/cfg.py:3006}}
Apr 02 10:45:49.577179 np0000162868 nova-scheduler[108491]: DEBUG cotyledon.oslo_config_glue [-] oslo_messaging_rabbit.hostname = np0000162868 {{(pid=108491) log_opt_values /opt/stack/data/venv/lib/python3.12/site-packages/oslo_config/cfg.py:3006}}
Apr 02 10:45:49.577213 np0000162868 nova-scheduler[108491]: DEBUG cotyledon.oslo_config_glue [-] oslo_messaging_rabbit.kombu_compression = None {{(pid=108491) log_opt_values /opt/stack/data/venv/lib/python3.12/site-packages/oslo_config/cfg.py:3006}}
Apr 02 10:45:49.577245 np0000162868 nova-scheduler[108491]: DEBUG cotyledon.oslo_config_glue [-] oslo_messaging_rabbit.kombu_failover_strategy = round-robin {{(pid=108491) log_opt_values /opt/stack/data/venv/lib/python3.12/site-packages/oslo_config/cfg.py:3006}}
Apr 02 10:45:49.577300 np0000162868 nova-scheduler[108491]: DEBUG cotyledon.oslo_config_glue [-] oslo_messaging_rabbit.kombu_missing_consumer_retry_timeout = 60 {{(pid=108491) log_opt_values /opt/stack/data/venv/lib/python3.12/site-packages/oslo_config/cfg.py:3006}}
Apr 02 10:45:49.577389 np0000162868 nova-scheduler[108491]: DEBUG cotyledon.oslo_config_glue [-] oslo_messaging_rabbit.kombu_reconnect_delay = 1.0 {{(pid=108491) log_opt_values /opt/stack/data/venv/lib/python3.12/site-packages/oslo_config/cfg.py:3006}}
Apr 02 10:45:49.577389 np0000162868 nova-scheduler[108491]: DEBUG cotyledon.oslo_config_glue [-] oslo_messaging_rabbit.kombu_reconnect_splay = 0.0 {{(pid=108491) log_opt_values /opt/stack/data/venv/lib/python3.12/site-packages/oslo_config/cfg.py:3006}}
Apr 02 10:45:49.577482 np0000162868 nova-scheduler[108491]: DEBUG cotyledon.oslo_config_glue [-] oslo_messaging_rabbit.processname = nova-scheduler {{(pid=108491) log_opt_values /opt/stack/data/venv/lib/python3.12/site-packages/oslo_config/cfg.py:3006}}
Apr 02 10:45:49.577482 np0000162868 nova-scheduler[108491]: DEBUG cotyledon.oslo_config_glue [-] oslo_messaging_rabbit.rabbit_ha_queues = False {{(pid=108491) log_opt_values /opt/stack/data/venv/lib/python3.12/site-packages/oslo_config/cfg.py:3006}}
Apr 02 10:45:49.577482 np0000162868 nova-scheduler[108491]: DEBUG cotyledon.oslo_config_glue [-] oslo_messaging_rabbit.rabbit_interval_max = 30 {{(pid=108491) log_opt_values /opt/stack/data/venv/lib/python3.12/site-packages/oslo_config/cfg.py:3006}}
Apr 02 10:45:49.577569 np0000162868 nova-scheduler[108491]: DEBUG cotyledon.oslo_config_glue [-] oslo_messaging_rabbit.rabbit_login_method = AMQPLAIN {{(pid=108491) log_opt_values /opt/stack/data/venv/lib/python3.12/site-packages/oslo_config/cfg.py:3006}}
Apr 02 10:45:49.577569 np0000162868 nova-scheduler[108491]: DEBUG cotyledon.oslo_config_glue [-] oslo_messaging_rabbit.rabbit_qos_prefetch_count = 0 {{(pid=108491) log_opt_values /opt/stack/data/venv/lib/python3.12/site-packages/oslo_config/cfg.py:3006}}
Apr 02 10:45:49.577629 np0000162868 nova-scheduler[108491]: DEBUG cotyledon.oslo_config_glue [-] oslo_messaging_rabbit.rabbit_quorum_delivery_limit = 0 {{(pid=108491) log_opt_values /opt/stack/data/venv/lib/python3.12/site-packages/oslo_config/cfg.py:3006}}
Apr 02 10:45:49.577629 np0000162868 nova-scheduler[108491]: DEBUG cotyledon.oslo_config_glue [-] oslo_messaging_rabbit.rabbit_quorum_max_memory_bytes = 0 {{(pid=108491) log_opt_values /opt/stack/data/venv/lib/python3.12/site-packages/oslo_config/cfg.py:3006}}
Apr 02 10:45:49.577692 np0000162868 nova-scheduler[108491]: DEBUG cotyledon.oslo_config_glue [-] oslo_messaging_rabbit.rabbit_quorum_max_memory_length = 0 {{(pid=108491) log_opt_values /opt/stack/data/venv/lib/python3.12/site-packages/oslo_config/cfg.py:3006}}
Apr 02 10:45:49.577692 np0000162868 nova-scheduler[108491]: DEBUG cotyledon.oslo_config_glue [-] oslo_messaging_rabbit.rabbit_quorum_queue = False {{(pid=108491) log_opt_values /opt/stack/data/venv/lib/python3.12/site-packages/oslo_config/cfg.py:3006}}
Apr 02 10:45:49.577753 np0000162868 nova-scheduler[108491]: DEBUG cotyledon.oslo_config_glue [-] oslo_messaging_rabbit.rabbit_retry_backoff = 2 {{(pid=108491) log_opt_values /opt/stack/data/venv/lib/python3.12/site-packages/oslo_config/cfg.py:3006}}
Apr 02 10:45:49.577781 np0000162868 nova-scheduler[108491]: DEBUG cotyledon.oslo_config_glue [-] oslo_messaging_rabbit.rabbit_retry_interval = 1 {{(pid=108491) log_opt_values /opt/stack/data/venv/lib/python3.12/site-packages/oslo_config/cfg.py:3006}}
Apr 02 10:45:49.577812 np0000162868 nova-scheduler[108491]: DEBUG cotyledon.oslo_config_glue [-] oslo_messaging_rabbit.rabbit_stream_fanout = False {{(pid=108491) log_opt_values /opt/stack/data/venv/lib/python3.12/site-packages/oslo_config/cfg.py:3006}}
Apr 02 10:45:49.577837 np0000162868 nova-scheduler[108491]: DEBUG cotyledon.oslo_config_glue [-] oslo_messaging_rabbit.rabbit_transient_queues_ttl = 1800 {{(pid=108491) log_opt_values /opt/stack/data/venv/lib/python3.12/site-packages/oslo_config/cfg.py:3006}}
Apr 02 10:45:49.577878 np0000162868 nova-scheduler[108491]: DEBUG cotyledon.oslo_config_glue [-] oslo_messaging_rabbit.rabbit_transient_quorum_queue = False {{(pid=108491) log_opt_values /opt/stack/data/venv/lib/python3.12/site-packages/oslo_config/cfg.py:3006}}
Apr 02 10:45:49.577906 np0000162868 nova-scheduler[108491]: DEBUG cotyledon.oslo_config_glue [-] oslo_messaging_rabbit.rpc_conn_pool_size = 30 {{(pid=108491) log_opt_values /opt/stack/data/venv/lib/python3.12/site-packages/oslo_config/cfg.py:3006}}
Apr 02 10:45:49.577949 np0000162868 nova-scheduler[108491]: DEBUG cotyledon.oslo_config_glue [-] oslo_messaging_rabbit.ssl = False {{(pid=108491) log_opt_values /opt/stack/data/venv/lib/python3.12/site-packages/oslo_config/cfg.py:3006}}
Apr 02 10:45:49.577985 np0000162868 nova-scheduler[108491]: DEBUG cotyledon.oslo_config_glue [-] oslo_messaging_rabbit.ssl_ca_file = {{(pid=108491) log_opt_values /opt/stack/data/venv/lib/python3.12/site-packages/oslo_config/cfg.py:3006}}
Apr 02 10:45:49.578082 np0000162868 nova-scheduler[108491]: DEBUG cotyledon.oslo_config_glue [-] oslo_messaging_rabbit.ssl_cert_file = {{(pid=108491) log_opt_values /opt/stack/data/venv/lib/python3.12/site-packages/oslo_config/cfg.py:3006}}
Apr 02 10:45:49.578124 np0000162868 nova-scheduler[108491]: DEBUG cotyledon.oslo_config_glue [-] oslo_messaging_rabbit.ssl_enforce_fips_mode = False {{(pid=108491) log_opt_values /opt/stack/data/venv/lib/python3.12/site-packages/oslo_config/cfg.py:3006}}
Apr 02 10:45:49.578153 np0000162868 nova-scheduler[108491]: DEBUG cotyledon.oslo_config_glue [-] oslo_messaging_rabbit.ssl_key_file = {{(pid=108491) log_opt_values /opt/stack/data/venv/lib/python3.12/site-packages/oslo_config/cfg.py:3006}}
Apr 02 10:45:49.578204 np0000162868 nova-scheduler[108491]: DEBUG cotyledon.oslo_config_glue [-] oslo_messaging_rabbit.ssl_version = {{(pid=108491) log_opt_values /opt/stack/data/venv/lib/python3.12/site-packages/oslo_config/cfg.py:3006}}
Apr 02 10:45:49.578233 np0000162868 nova-scheduler[108491]: DEBUG cotyledon.oslo_config_glue [-] oslo_messaging_rabbit.use_queue_manager = False {{(pid=108491) log_opt_values /opt/stack/data/venv/lib/python3.12/site-packages/oslo_config/cfg.py:3006}}
Apr 02 10:45:49.578308 np0000162868 nova-scheduler[108491]: DEBUG cotyledon.oslo_config_glue [-] oslo_messaging_notifications.driver = ['messagingv2'] {{(pid=108491) log_opt_values /opt/stack/data/venv/lib/python3.12/site-packages/oslo_config/cfg.py:3006}}
Apr 02 10:45:49.578361 np0000162868 nova-scheduler[108491]: DEBUG cotyledon.oslo_config_glue [-] oslo_messaging_notifications.retry = -1 {{(pid=108491) log_opt_values /opt/stack/data/venv/lib/python3.12/site-packages/oslo_config/cfg.py:3006}}
Apr 02 10:45:49.578431 np0000162868 nova-scheduler[108491]: DEBUG cotyledon.oslo_config_glue [-] oslo_messaging_notifications.topics = ['notifications'] {{(pid=108491) log_opt_values /opt/stack/data/venv/lib/python3.12/site-packages/oslo_config/cfg.py:3006}}
Apr 02 10:45:49.578488 np0000162868 nova-scheduler[108491]: DEBUG cotyledon.oslo_config_glue [-] oslo_messaging_notifications.transport_url = **** {{(pid=108491) log_opt_values /opt/stack/data/venv/lib/python3.12/site-packages/oslo_config/cfg.py:3006}}
Apr 02 10:45:49.578598 np0000162868 nova-scheduler[108491]: DEBUG cotyledon.oslo_config_glue [-] oslo_limit.auth_section = None {{(pid=108491) log_opt_values /opt/stack/data/venv/lib/python3.12/site-packages/oslo_config/cfg.py:3006}}
Apr 02 10:45:49.578626 np0000162868 nova-scheduler[108491]: DEBUG cotyledon.oslo_config_glue [-] oslo_limit.auth_type = None {{(pid=108491) log_opt_values /opt/stack/data/venv/lib/python3.12/site-packages/oslo_config/cfg.py:3006}}
Apr 02 10:45:49.578655 np0000162868 nova-scheduler[108491]: DEBUG cotyledon.oslo_config_glue [-] oslo_limit.cafile = None {{(pid=108491) log_opt_values /opt/stack/data/venv/lib/python3.12/site-packages/oslo_config/cfg.py:3006}}
Apr 02 10:45:49.578694 np0000162868 nova-scheduler[108491]: DEBUG cotyledon.oslo_config_glue [-] oslo_limit.certfile = None {{(pid=108491) log_opt_values /opt/stack/data/venv/lib/python3.12/site-packages/oslo_config/cfg.py:3006}}
Apr 02 10:45:49.578733 np0000162868 nova-scheduler[108491]: DEBUG cotyledon.oslo_config_glue [-] oslo_limit.collect_timing = False {{(pid=108491) log_opt_values /opt/stack/data/venv/lib/python3.12/site-packages/oslo_config/cfg.py:3006}}
Apr 02 10:45:49.578771 np0000162868 nova-scheduler[108491]: DEBUG cotyledon.oslo_config_glue [-] oslo_limit.connect_retries = None {{(pid=108491) log_opt_values /opt/stack/data/venv/lib/python3.12/site-packages/oslo_config/cfg.py:3006}}
Apr 02 10:45:49.578809 np0000162868 nova-scheduler[108491]: DEBUG cotyledon.oslo_config_glue [-] oslo_limit.connect_retry_delay = None {{(pid=108491) log_opt_values /opt/stack/data/venv/lib/python3.12/site-packages/oslo_config/cfg.py:3006}}
Apr 02 10:45:49.578856 np0000162868 nova-scheduler[108491]: DEBUG cotyledon.oslo_config_glue [-] oslo_limit.endpoint_id = None {{(pid=108491) log_opt_values /opt/stack/data/venv/lib/python3.12/site-packages/oslo_config/cfg.py:3006}}
Apr 02 10:45:49.578893 np0000162868 nova-scheduler[108491]: DEBUG cotyledon.oslo_config_glue [-] oslo_limit.endpoint_interface = public {{(pid=108491) log_opt_values /opt/stack/data/venv/lib/python3.12/site-packages/oslo_config/cfg.py:3006}}
Apr 02 10:45:49.578931 np0000162868 nova-scheduler[108491]: DEBUG cotyledon.oslo_config_glue [-] oslo_limit.endpoint_override = None {{(pid=108491) log_opt_values /opt/stack/data/venv/lib/python3.12/site-packages/oslo_config/cfg.py:3006}}
Apr 02 10:45:49.578969 np0000162868 nova-scheduler[108491]: DEBUG cotyledon.oslo_config_glue [-] oslo_limit.endpoint_region_name = None {{(pid=108491) log_opt_values /opt/stack/data/venv/lib/python3.12/site-packages/oslo_config/cfg.py:3006}}
Apr 02 10:45:49.579014 np0000162868 nova-scheduler[108491]: DEBUG cotyledon.oslo_config_glue [-] oslo_limit.endpoint_service_name = None {{(pid=108491) log_opt_values /opt/stack/data/venv/lib/python3.12/site-packages/oslo_config/cfg.py:3006}}
Apr 02 10:45:49.579051 np0000162868 nova-scheduler[108491]: DEBUG cotyledon.oslo_config_glue [-] oslo_limit.endpoint_service_type = None {{(pid=108491) log_opt_values /opt/stack/data/venv/lib/python3.12/site-packages/oslo_config/cfg.py:3006}}
Apr 02 10:45:49.579099 np0000162868 nova-scheduler[108491]: DEBUG cotyledon.oslo_config_glue [-] oslo_limit.insecure = False {{(pid=108491) log_opt_values /opt/stack/data/venv/lib/python3.12/site-packages/oslo_config/cfg.py:3006}}
Apr 02 10:45:49.579125 np0000162868 nova-scheduler[108491]: DEBUG cotyledon.oslo_config_glue [-] oslo_limit.keyfile = None {{(pid=108491) log_opt_values /opt/stack/data/venv/lib/python3.12/site-packages/oslo_config/cfg.py:3006}}
Apr 02 10:45:49.579157 np0000162868 nova-scheduler[108491]: DEBUG cotyledon.oslo_config_glue [-] oslo_limit.max_version = None {{(pid=108491) log_opt_values /opt/stack/data/venv/lib/python3.12/site-packages/oslo_config/cfg.py:3006}}
Apr 02 10:45:49.579193 np0000162868 nova-scheduler[108491]: DEBUG cotyledon.oslo_config_glue [-] oslo_limit.min_version = None {{(pid=108491) log_opt_values /opt/stack/data/venv/lib/python3.12/site-packages/oslo_config/cfg.py:3006}}
Apr 02 10:45:49.579241 np0000162868 nova-scheduler[108491]: DEBUG cotyledon.oslo_config_glue [-] oslo_limit.region_name = None {{(pid=108491) log_opt_values /opt/stack/data/venv/lib/python3.12/site-packages/oslo_config/cfg.py:3006}}
Apr 02 10:45:49.579278 np0000162868 nova-scheduler[108491]: DEBUG cotyledon.oslo_config_glue [-] oslo_limit.retriable_status_codes = None {{(pid=108491) log_opt_values /opt/stack/data/venv/lib/python3.12/site-packages/oslo_config/cfg.py:3006}}
Apr 02 10:45:49.579312 np0000162868 nova-scheduler[108491]: DEBUG cotyledon.oslo_config_glue [-] oslo_limit.service_name = None {{(pid=108491) log_opt_values /opt/stack/data/venv/lib/python3.12/site-packages/oslo_config/cfg.py:3006}}
Apr 02 10:45:49.579357 np0000162868 nova-scheduler[108491]: DEBUG cotyledon.oslo_config_glue [-] oslo_limit.service_type = None {{(pid=108491) log_opt_values /opt/stack/data/venv/lib/python3.12/site-packages/oslo_config/cfg.py:3006}}
Apr 02 10:45:49.579425 np0000162868 nova-scheduler[108491]: DEBUG cotyledon.oslo_config_glue [-] oslo_limit.split_loggers = False {{(pid=108491) log_opt_values /opt/stack/data/venv/lib/python3.12/site-packages/oslo_config/cfg.py:3006}}
Apr 02 10:45:49.579458 np0000162868 nova-scheduler[108491]: DEBUG cotyledon.oslo_config_glue [-] oslo_limit.status_code_retries = None {{(pid=108491) log_opt_values /opt/stack/data/venv/lib/python3.12/site-packages/oslo_config/cfg.py:3006}}
Apr 02 10:45:49.579491 np0000162868 nova-scheduler[108491]: DEBUG cotyledon.oslo_config_glue [-] oslo_limit.status_code_retry_delay = None {{(pid=108491) log_opt_values /opt/stack/data/venv/lib/python3.12/site-packages/oslo_config/cfg.py:3006}}
Apr 02 10:45:49.579540 np0000162868 nova-scheduler[108491]: DEBUG cotyledon.oslo_config_glue [-] oslo_limit.timeout = None {{(pid=108491) log_opt_values /opt/stack/data/venv/lib/python3.12/site-packages/oslo_config/cfg.py:3006}}
Apr 02 10:45:49.579645 np0000162868 nova-scheduler[108491]: DEBUG cotyledon.oslo_config_glue [-] oslo_limit.valid_interfaces = None {{(pid=108491) log_opt_values /opt/stack/data/venv/lib/python3.12/site-packages/oslo_config/cfg.py:3006}}
Apr 02 10:45:49.579645 np0000162868 nova-scheduler[108491]: DEBUG cotyledon.oslo_config_glue [-] oslo_limit.version = None {{(pid=108491) log_opt_values /opt/stack/data/venv/lib/python3.12/site-packages/oslo_config/cfg.py:3006}}
Apr 02 10:45:49.579694 np0000162868 nova-scheduler[108491]: DEBUG cotyledon.oslo_config_glue [-] oslo_reports.file_event_handler = None {{(pid=108491) log_opt_values /opt/stack/data/venv/lib/python3.12/site-packages/oslo_config/cfg.py:3006}}
Apr 02 10:45:49.579694 np0000162868 nova-scheduler[108491]: DEBUG cotyledon.oslo_config_glue [-] oslo_reports.file_event_handler_interval = 1 {{(pid=108491) log_opt_values /opt/stack/data/venv/lib/python3.12/site-packages/oslo_config/cfg.py:3006}}
Apr 02 10:45:49.579749 np0000162868 nova-scheduler[108491]: DEBUG cotyledon.oslo_config_glue [-] oslo_reports.log_dir = None {{(pid=108491) log_opt_values /opt/stack/data/venv/lib/python3.12/site-packages/oslo_config/cfg.py:3006}}
Apr 02 10:45:49.579772 np0000162868 nova-scheduler[108491]: DEBUG cotyledon.oslo_config_glue [-] ******************************************************************************** {{(pid=108491) log_opt_values /opt/stack/data/venv/lib/python3.12/site-packages/oslo_config/cfg.py:3013}}
Apr 02 10:45:49.579929 np0000162868 nova-scheduler[108491]: DEBUG cotyledon._service_worker [-] Run service ServiceWrapper(2) [108491] {{(pid=108491) wait_forever /opt/stack/data/venv/lib/python3.12/site-packages/cotyledon/_service_worker.py:218}}
Apr 02 10:45:49.581199 np0000162868 nova-scheduler[108491]: INFO nova.service [-] Starting scheduler node (version 33.1.0)
Apr 02 10:45:49.586396 np0000162868 nova-scheduler[108491]: INFO dbcounter [None req-89c7709f-13f4-4ec1-8897-521baf942aae None None] Registered counter for database nova_cell0
Apr 02 10:45:49.588464 np0000162868 nova-scheduler[108498]: DEBUG dbcounter [-] [108498] Writer thread running {{(pid=108498) stat_writer /opt/stack/data/venv/lib/python3.12/site-packages/dbcounter.py:102}}
Apr 02 10:45:49.589230 np0000162868 nova-scheduler[108483]: DEBUG nova.service [None req-b6eb7be9-d48e-4562-960b-147c31a602fb None None] Join ServiceGroup membership for this service scheduler {{(pid=108483) start /opt/stack/nova/nova/service.py:221}}
Apr 02 10:45:49.589230 np0000162868 nova-scheduler[108483]: DEBUG nova.servicegroup.drivers.db [None req-b6eb7be9-d48e-4562-960b-147c31a602fb None None] DB_Driver: join new ServiceGroup member np0000162868 to the scheduler group, service = {{(pid=108483) join /opt/stack/nova/nova/servicegroup/drivers/db.py:44}}
Apr 02 10:45:49.592026 np0000162868 nova-scheduler[108498]: DEBUG nova.service [None req-72090ccb-ff2c-4ae7-9554-3dfee90eb566 None None] Creating RPC server for service: nova-scheduler on topic: scheduler {{(pid=108498) start /opt/stack/nova/nova/service.py:195}}
Apr 02 10:45:49.592302 np0000162868 nova-scheduler[108475]: DEBUG nova.service [None req-0c1e03d0-ad89-455e-b329-8fee2459c1e2 None None] Join ServiceGroup membership for this service scheduler {{(pid=108475) start /opt/stack/nova/nova/service.py:221}}
Apr 02 10:45:49.592591 np0000162868 nova-scheduler[108475]: DEBUG nova.servicegroup.drivers.db [None req-0c1e03d0-ad89-455e-b329-8fee2459c1e2 None None] DB_Driver: join new ServiceGroup member np0000162868 to the scheduler group, service = {{(pid=108475) join /opt/stack/nova/nova/servicegroup/drivers/db.py:44}}
Apr 02 10:45:49.596598 np0000162868 nova-scheduler[108491]: DEBUG oslo_db.sqlalchemy.engines [None req-89c7709f-13f4-4ec1-8897-521baf942aae None None] MySQL server mode set to STRICT_TRANS_TABLES,STRICT_ALL_TABLES,NO_ZERO_IN_DATE,NO_ZERO_DATE,ERROR_FOR_DIVISION_BY_ZERO,TRADITIONAL,NO_ENGINE_SUBSTITUTION {{(pid=108491) _check_effective_sql_mode /opt/stack/data/venv/lib/python3.12/site-packages/oslo_db/sqlalchemy/engines.py:325}}
Apr 02 10:45:49.607815 np0000162868 nova-scheduler[108491]: DEBUG dbcounter [-] [108491] Writer thread running {{(pid=108491) stat_writer /opt/stack/data/venv/lib/python3.12/site-packages/dbcounter.py:102}}
Apr 02 10:45:49.611589 np0000162868 nova-scheduler[108491]: DEBUG nova.service [None req-89c7709f-13f4-4ec1-8897-521baf942aae None None] Creating RPC server for service: nova-scheduler on topic: scheduler {{(pid=108491) start /opt/stack/nova/nova/service.py:195}}
Apr 02 10:45:49.614084 np0000162868 nova-scheduler[108498]: DEBUG nova.service [None req-72090ccb-ff2c-4ae7-9554-3dfee90eb566 None None] Join ServiceGroup membership for this service scheduler {{(pid=108498) start /opt/stack/nova/nova/service.py:221}}
Apr 02 10:45:49.614358 np0000162868 nova-scheduler[108498]: DEBUG nova.servicegroup.drivers.db [None req-72090ccb-ff2c-4ae7-9554-3dfee90eb566 None None] DB_Driver: join new ServiceGroup member np0000162868 to the scheduler group, service = {{(pid=108498) join /opt/stack/nova/nova/servicegroup/drivers/db.py:44}}
Apr 02 10:45:49.634799 np0000162868 nova-scheduler[108491]: DEBUG nova.service [None req-89c7709f-13f4-4ec1-8897-521baf942aae None None] Join ServiceGroup membership for this service scheduler {{(pid=108491) start /opt/stack/nova/nova/service.py:221}}
Apr 02 10:45:49.635099 np0000162868 nova-scheduler[108491]: DEBUG nova.servicegroup.drivers.db [None req-89c7709f-13f4-4ec1-8897-521baf942aae None None] DB_Driver: join new ServiceGroup member np0000162868 to the scheduler group, service = {{(pid=108491) join /opt/stack/nova/nova/servicegroup/drivers/db.py:44}}
Apr 02 10:45:52.617701 np0000162868 nova-scheduler[108498]: DEBUG oslo.service.backend._threading.loopingcall [None req-735baa89-bfcd-4ed5-b80a-a7d1b7b638a1 None None] Dynamic interval looping call 'nova.service.Service.periodic_tasks' sleeping for 60.00 seconds {{(pid=108498) _run_loop /opt/stack/data/venv/lib/python3.12/site-packages/oslo_service/backend/_threading/loopingcall.py:125}}
Apr 02 10:45:54.597460 np0000162868 nova-scheduler[108475]: DEBUG oslo.service.backend._threading.loopingcall [None req-d1312b8b-b94a-4ecd-99be-2fda2528784c None None] Dynamic interval looping call 'nova.service.Service.periodic_tasks' sleeping for 60.00 seconds {{(pid=108475) _run_loop /opt/stack/data/venv/lib/python3.12/site-packages/oslo_service/backend/_threading/loopingcall.py:125}}
Apr 02 10:45:54.612352 np0000162868 nova-scheduler[108483]: DEBUG oslo.service.backend._threading.loopingcall [-] Fixed interval looping call 'nova.servicegroup.drivers.db.DbDriver._report_state' sleeping for 119.98 seconds {{(pid=108483) _run_loop /opt/stack/data/venv/lib/python3.12/site-packages/oslo_service/backend/_threading/loopingcall.py:125}}
Apr 02 10:45:54.613283 np0000162868 nova-scheduler[108475]: DEBUG oslo.service.backend._threading.loopingcall [-] Fixed interval looping call 'nova.servicegroup.drivers.db.DbDriver._report_state' sleeping for 119.98 seconds {{(pid=108475) _run_loop /opt/stack/data/venv/lib/python3.12/site-packages/oslo_service/backend/_threading/loopingcall.py:125}}
Apr 02 10:45:54.628482 np0000162868 nova-scheduler[108498]: DEBUG oslo.service.backend._threading.loopingcall [-] Fixed interval looping call 'nova.servicegroup.drivers.db.DbDriver._report_state' sleeping for 119.99 seconds {{(pid=108498) _run_loop /opt/stack/data/venv/lib/python3.12/site-packages/oslo_service/backend/_threading/loopingcall.py:125}}
Apr 02 10:45:54.649309 np0000162868 nova-scheduler[108491]: DEBUG oslo.service.backend._threading.loopingcall [-] Fixed interval looping call 'nova.servicegroup.drivers.db.DbDriver._report_state' sleeping for 119.99 seconds {{(pid=108491) _run_loop /opt/stack/data/venv/lib/python3.12/site-packages/oslo_service/backend/_threading/loopingcall.py:125}}
Apr 02 10:45:57.638259 np0000162868 nova-scheduler[108491]: DEBUG oslo.service.backend._threading.loopingcall [None req-14e35d31-ac9a-4ac2-ae0a-680059408381 None None] Dynamic interval looping call 'nova.service.Service.periodic_tasks' sleeping for 60.00 seconds {{(pid=108491) _run_loop /opt/stack/data/venv/lib/python3.12/site-packages/oslo_service/backend/_threading/loopingcall.py:125}}
Apr 02 10:45:58.197800 np0000162868 nova-scheduler[107811]: DEBUG dbcounter [-] [107811] Writing DB stats nova_api:SELECT=3 {{(pid=107811) stat_writer /opt/stack/data/venv/lib/python3.12/site-packages/dbcounter.py:115}}
Apr 02 10:45:58.305273 np0000162868 nova-scheduler[107811]: DEBUG dbcounter [-] [107811] Writing DB stats nova_cell0:SELECT=1 {{(pid=107811) stat_writer /opt/stack/data/venv/lib/python3.12/site-packages/dbcounter.py:115}}
Apr 02 10:45:58.311573 np0000162868 nova-scheduler[107811]: DEBUG dbcounter [-] [107811] Writing DB stats nova_cell1:SELECT=1 {{(pid=107811) stat_writer /opt/stack/data/venv/lib/python3.12/site-packages/dbcounter.py:115}}
Apr 02 10:46:04.604837 np0000162868 nova-scheduler[108483]: DEBUG dbcounter [-] [108483] Writing DB stats nova_cell0:SELECT=3,nova_cell0:UPDATE=1 {{(pid=108483) stat_writer /opt/stack/data/venv/lib/python3.12/site-packages/dbcounter.py:115}}
Apr 02 10:46:04.610060 np0000162868 nova-scheduler[108475]: DEBUG dbcounter [-] [108475] Writing DB stats nova_cell0:SELECT=4,nova_cell0:INSERT=1,nova_cell0:UPDATE=1 {{(pid=108475) stat_writer /opt/stack/data/venv/lib/python3.12/site-packages/dbcounter.py:115}}
Apr 02 10:46:04.625579 np0000162868 nova-scheduler[108498]: DEBUG dbcounter [-] [108498] Writing DB stats nova_cell0:SELECT=3 {{(pid=108498) stat_writer /opt/stack/data/venv/lib/python3.12/site-packages/dbcounter.py:115}}
Apr 02 10:46:04.646701 np0000162868 nova-scheduler[108491]: DEBUG dbcounter [-] [108491] Writing DB stats nova_cell0:SELECT=3 {{(pid=108491) stat_writer /opt/stack/data/venv/lib/python3.12/site-packages/dbcounter.py:115}}
Apr 02 10:46:18.592866 np0000162868 nova-scheduler[108483]: DEBUG oslo.service.backend._threading.loopingcall [None req-779c06c1-93cb-4145-b1fe-7618aa9ad5ad None None] Dynamic interval looping call 'nova.service.Service.periodic_tasks' sleeping for 60.00 seconds {{(pid=108483) _run_loop /opt/stack/data/venv/lib/python3.12/site-packages/oslo_service/backend/_threading/loopingcall.py:125}}
Apr 02 10:46:52.619094 np0000162868 nova-scheduler[108498]: DEBUG oslo.service.backend._threading.loopingcall [None req-735baa89-bfcd-4ed5-b80a-a7d1b7b638a1 None None] Dynamic interval looping call 'nova.service.Service.periodic_tasks' sleeping for 60.00 seconds {{(pid=108498) _run_loop /opt/stack/data/venv/lib/python3.12/site-packages/oslo_service/backend/_threading/loopingcall.py:125}}
Apr 02 10:46:54.598461 np0000162868 nova-scheduler[108475]: DEBUG oslo.service.backend._threading.loopingcall [None req-d1312b8b-b94a-4ecd-99be-2fda2528784c None None] Dynamic interval looping call 'nova.service.Service.periodic_tasks' sleeping for 60.00 seconds {{(pid=108475) _run_loop /opt/stack/data/venv/lib/python3.12/site-packages/oslo_service/backend/_threading/loopingcall.py:125}}
Apr 02 10:46:57.639330 np0000162868 nova-scheduler[108491]: DEBUG oslo.service.backend._threading.loopingcall [None req-14e35d31-ac9a-4ac2-ae0a-680059408381 None None] Dynamic interval looping call 'nova.service.Service.periodic_tasks' sleeping for 60.00 seconds {{(pid=108491) _run_loop /opt/stack/data/venv/lib/python3.12/site-packages/oslo_service/backend/_threading/loopingcall.py:125}}
Apr 02 10:47:18.593883 np0000162868 nova-scheduler[108483]: DEBUG oslo.service.backend._threading.loopingcall [None req-779c06c1-93cb-4145-b1fe-7618aa9ad5ad None None] Dynamic interval looping call 'nova.service.Service.periodic_tasks' sleeping for 60.00 seconds {{(pid=108483) _run_loop /opt/stack/data/venv/lib/python3.12/site-packages/oslo_service/backend/_threading/loopingcall.py:125}}
Apr 02 10:47:52.619935 np0000162868 nova-scheduler[108498]: DEBUG oslo.service.backend._threading.loopingcall [None req-735baa89-bfcd-4ed5-b80a-a7d1b7b638a1 None None] Dynamic interval looping call 'nova.service.Service.periodic_tasks' sleeping for 60.00 seconds {{(pid=108498) _run_loop /opt/stack/data/venv/lib/python3.12/site-packages/oslo_service/backend/_threading/loopingcall.py:125}}
Apr 02 10:47:54.600321 np0000162868 nova-scheduler[108475]: DEBUG oslo.service.backend._threading.loopingcall [None req-d1312b8b-b94a-4ecd-99be-2fda2528784c None None] Dynamic interval looping call 'nova.service.Service.periodic_tasks' sleeping for 60.00 seconds {{(pid=108475) _run_loop /opt/stack/data/venv/lib/python3.12/site-packages/oslo_service/backend/_threading/loopingcall.py:125}}
Apr 02 10:47:54.604002 np0000162868 nova-scheduler[108475]: DEBUG oslo.service.backend._threading.loopingcall [-] Fixed interval looping call 'nova.servicegroup.drivers.db.DbDriver._report_state' sleeping for 119.99 seconds {{(pid=108475) _run_loop /opt/stack/data/venv/lib/python3.12/site-packages/oslo_service/backend/_threading/loopingcall.py:125}}
Apr 02 10:47:54.604602 np0000162868 nova-scheduler[108483]: DEBUG oslo.service.backend._threading.loopingcall [-] Fixed interval looping call 'nova.servicegroup.drivers.db.DbDriver._report_state' sleeping for 119.99 seconds {{(pid=108483) _run_loop /opt/stack/data/venv/lib/python3.12/site-packages/oslo_service/backend/_threading/loopingcall.py:125}}
Apr 02 10:47:54.624664 np0000162868 nova-scheduler[108498]: DEBUG oslo.service.backend._threading.loopingcall [-] Fixed interval looping call 'nova.servicegroup.drivers.db.DbDriver._report_state' sleeping for 119.99 seconds {{(pid=108498) _run_loop /opt/stack/data/venv/lib/python3.12/site-packages/oslo_service/backend/_threading/loopingcall.py:125}}
Apr 02 10:47:54.646891 np0000162868 nova-scheduler[108491]: DEBUG oslo.service.backend._threading.loopingcall [-] Fixed interval looping call 'nova.servicegroup.drivers.db.DbDriver._report_state' sleeping for 119.99 seconds {{(pid=108491) _run_loop /opt/stack/data/venv/lib/python3.12/site-packages/oslo_service/backend/_threading/loopingcall.py:125}}
Apr 02 10:47:57.640179 np0000162868 nova-scheduler[108491]: DEBUG oslo.service.backend._threading.loopingcall [None req-14e35d31-ac9a-4ac2-ae0a-680059408381 None None] Dynamic interval looping call 'nova.service.Service.periodic_tasks' sleeping for 60.00 seconds {{(pid=108491) _run_loop /opt/stack/data/venv/lib/python3.12/site-packages/oslo_service/backend/_threading/loopingcall.py:125}}
Apr 02 10:48:04.598405 np0000162868 nova-scheduler[108475]: DEBUG dbcounter [-] [108475] Writing DB stats nova_cell0:SELECT=1,nova_cell0:UPDATE=1 {{(pid=108475) stat_writer /opt/stack/data/venv/lib/python3.12/site-packages/dbcounter.py:115}}
Apr 02 10:48:04.599198 np0000162868 nova-scheduler[108483]: DEBUG dbcounter [-] [108483] Writing DB stats nova_cell0:SELECT=1,nova_cell0:UPDATE=1 {{(pid=108483) stat_writer /opt/stack/data/venv/lib/python3.12/site-packages/dbcounter.py:115}}
Apr 02 10:48:04.622211 np0000162868 nova-scheduler[108498]: DEBUG dbcounter [-] [108498] Writing DB stats nova_cell0:SELECT=1 {{(pid=108498) stat_writer /opt/stack/data/venv/lib/python3.12/site-packages/dbcounter.py:115}}
Apr 02 10:48:04.643742 np0000162868 nova-scheduler[108491]: DEBUG dbcounter [-] [108491] Writing DB stats nova_cell0:SELECT=1 {{(pid=108491) stat_writer /opt/stack/data/venv/lib/python3.12/site-packages/dbcounter.py:115}}
Apr 02 10:48:18.594940 np0000162868 nova-scheduler[108483]: DEBUG oslo.service.backend._threading.loopingcall [None req-779c06c1-93cb-4145-b1fe-7618aa9ad5ad None None] Dynamic interval looping call 'nova.service.Service.periodic_tasks' sleeping for 60.00 seconds {{(pid=108483) _run_loop /opt/stack/data/venv/lib/python3.12/site-packages/oslo_service/backend/_threading/loopingcall.py:125}}
Apr 02 10:48:52.620920 np0000162868 nova-scheduler[108498]: DEBUG oslo.service.backend._threading.loopingcall [None req-735baa89-bfcd-4ed5-b80a-a7d1b7b638a1 None None] Dynamic interval looping call 'nova.service.Service.periodic_tasks' sleeping for 60.00 seconds {{(pid=108498) _run_loop /opt/stack/data/venv/lib/python3.12/site-packages/oslo_service/backend/_threading/loopingcall.py:125}}
Apr 02 10:48:54.601097 np0000162868 nova-scheduler[108475]: DEBUG oslo.service.backend._threading.loopingcall [None req-d1312b8b-b94a-4ecd-99be-2fda2528784c None None] Dynamic interval looping call 'nova.service.Service.periodic_tasks' sleeping for 60.00 seconds {{(pid=108475) _run_loop /opt/stack/data/venv/lib/python3.12/site-packages/oslo_service/backend/_threading/loopingcall.py:125}}
Apr 02 10:48:57.641089 np0000162868 nova-scheduler[108491]: DEBUG oslo.service.backend._threading.loopingcall [None req-14e35d31-ac9a-4ac2-ae0a-680059408381 None None] Dynamic interval looping call 'nova.service.Service.periodic_tasks' sleeping for 60.00 seconds {{(pid=108491) _run_loop /opt/stack/data/venv/lib/python3.12/site-packages/oslo_service/backend/_threading/loopingcall.py:125}}
Apr 02 10:49:18.596070 np0000162868 nova-scheduler[108483]: DEBUG oslo.service.backend._threading.loopingcall [None req-779c06c1-93cb-4145-b1fe-7618aa9ad5ad None None] Dynamic interval looping call 'nova.service.Service.periodic_tasks' sleeping for 60.00 seconds {{(pid=108483) _run_loop /opt/stack/data/venv/lib/python3.12/site-packages/oslo_service/backend/_threading/loopingcall.py:125}}
Apr 02 10:49:52.622495 np0000162868 nova-scheduler[108498]: DEBUG oslo.service.backend._threading.loopingcall [None req-735baa89-bfcd-4ed5-b80a-a7d1b7b638a1 None None] Dynamic interval looping call 'nova.service.Service.periodic_tasks' sleeping for 60.00 seconds {{(pid=108498) _run_loop /opt/stack/data/venv/lib/python3.12/site-packages/oslo_service/backend/_threading/loopingcall.py:125}}
Apr 02 10:49:54.602287 np0000162868 nova-scheduler[108475]: DEBUG oslo.service.backend._threading.loopingcall [None req-d1312b8b-b94a-4ecd-99be-2fda2528784c None None] Dynamic interval looping call 'nova.service.Service.periodic_tasks' sleeping for 60.00 seconds {{(pid=108475) _run_loop /opt/stack/data/venv/lib/python3.12/site-packages/oslo_service/backend/_threading/loopingcall.py:125}}
Apr 02 10:49:54.609117 np0000162868 nova-scheduler[108475]: DEBUG oslo.service.backend._threading.loopingcall [-] Fixed interval looping call 'nova.servicegroup.drivers.db.DbDriver._report_state' sleeping for 119.99 seconds {{(pid=108475) _run_loop /opt/stack/data/venv/lib/python3.12/site-packages/oslo_service/backend/_threading/loopingcall.py:125}}
Apr 02 10:49:54.610318 np0000162868 nova-scheduler[108483]: DEBUG oslo.service.backend._threading.loopingcall [-] Fixed interval looping call 'nova.servicegroup.drivers.db.DbDriver._report_state' sleeping for 119.98 seconds {{(pid=108483) _run_loop /opt/stack/data/venv/lib/python3.12/site-packages/oslo_service/backend/_threading/loopingcall.py:125}}
Apr 02 10:49:54.620618 np0000162868 nova-scheduler[108498]: DEBUG oslo.service.backend._threading.loopingcall [-] Fixed interval looping call 'nova.servicegroup.drivers.db.DbDriver._report_state' sleeping for 119.99 seconds {{(pid=108498) _run_loop /opt/stack/data/venv/lib/python3.12/site-packages/oslo_service/backend/_threading/loopingcall.py:125}}
Apr 02 10:49:54.644797 np0000162868 nova-scheduler[108491]: DEBUG oslo.service.backend._threading.loopingcall [-] Fixed interval looping call 'nova.servicegroup.drivers.db.DbDriver._report_state' sleeping for 119.99 seconds {{(pid=108491) _run_loop /opt/stack/data/venv/lib/python3.12/site-packages/oslo_service/backend/_threading/loopingcall.py:125}}
Apr 02 10:49:57.642162 np0000162868 nova-scheduler[108491]: DEBUG oslo.service.backend._threading.loopingcall [None req-14e35d31-ac9a-4ac2-ae0a-680059408381 None None] Dynamic interval looping call 'nova.service.Service.periodic_tasks' sleeping for 60.00 seconds {{(pid=108491) _run_loop /opt/stack/data/venv/lib/python3.12/site-packages/oslo_service/backend/_threading/loopingcall.py:125}}
Apr 02 10:50:04.602761 np0000162868 nova-scheduler[108483]: DEBUG dbcounter [-] [108483] Writing DB stats nova_cell0:SELECT=1,nova_cell0:UPDATE=1 {{(pid=108483) stat_writer /opt/stack/data/venv/lib/python3.12/site-packages/dbcounter.py:115}}
Apr 02 10:50:04.603682 np0000162868 nova-scheduler[108475]: DEBUG dbcounter [-] [108475] Writing DB stats nova_cell0:SELECT=1,nova_cell0:UPDATE=1 {{(pid=108475) stat_writer /opt/stack/data/venv/lib/python3.12/site-packages/dbcounter.py:115}}
